142.147.142.52 - - [22/Jul/2026:06:38:45 +0800] "GET /wp-content/uploads/2025/07/1753453127-%E4%BD%99%E5%8D%B7product_Single600%C3%97284.webp HTTP/1.1" 200 18744 "-" "Mozilla/5.0 (compatible; crawler)"
36.133.115.36 - - [22/Jul/2026:06:41:38 +0800] "POST /wp-cron.php?doing_wp_cron=1784673698.3645179271697998046875 HTTP/1.1" 200 31 "-" "WordPress/7.0; http://cqqizhou.com"
119.84.246.117 - - [22/Jul/2026:06:41:38 +0800] "GET / HTTP/1.1" 301 5 "-" "Mozilla/5.0 (Windows NT 6.1; WOW64) AppleWebKit/535.19 (KHTML, like Gecko) Chrome/18.0.1025.168 Safari/535.19 QIHU 360EE"
119.84.246.117 - - [22/Jul/2026:06:41:41 +0800] "GET / HTTP/1.1" 200 159661 "-" "Mozilla/5.0 (Windows NT 6.1; WOW64) AppleWebKit/535.19 (KHTML, like Gecko) Chrome/18.0.1025.168 Safari/535.19 QIHU 360EE"
119.84.246.117 - - [22/Jul/2026:06:41:43 +0800] "GET / HTTP/1.1" 301 5 "-" "Mozilla/5.0 (Windows NT 6.1; WOW64) AppleWebKit/535.11 (KHTML, like Gecko) Chrome/17.0.963.84 Safari/535.11 SE 2.X MetaSr 1.0"
119.84.246.117 - - [22/Jul/2026:06:41:43 +0800] "GET / HTTP/1.1" 200 159680 "-" "Mozilla/5.0 (Windows NT 6.1; WOW64) AppleWebKit/535.11 (KHTML, like Gecko) Chrome/17.0.963.84 Safari/535.11 SE 2.X MetaSr 1.0"
119.84.246.117 - - [22/Jul/2026:06:41:44 +0800] "GET / HTTP/1.1" 301 5 "-" "Mozilla/5.0 (Windows NT 6.1; WOW64; rv:14.0) Gecko/20100101 Firefox/14.0.1"
119.84.246.117 - - [22/Jul/2026:06:41:44 +0800] "GET / HTTP/1.1" 200 159688 "-" "Mozilla/5.0 (Windows NT 6.1; WOW64; rv:14.0) Gecko/20100101 Firefox/14.0.1"
87.56.1.142 - - [22/Jul/2026:07:00:29 +0800] "GET /wp-content/uploads/2025/07/1751425283-qizhou.kf_.qq_.com_.webp HTTP/1.1" 200 16864 "-" "Mozilla/5.0 (compatible; crawler)"
36.133.115.36 - - [22/Jul/2026:07:05:38 +0800] "POST /wp-cron.php?doing_wp_cron=1784675138.2058370113372802734375 HTTP/1.1" 200 31 "-" "WordPress/7.0; http://cqqizhou.com"
43.157.188.74 - - [22/Jul/2026:07:05:38 +0800] "GET / HTTP/1.1" 200 35073 "-" "Mozilla/5.0 (iPhone; CPU iPhone OS 13_2_3 like Mac OS X) AppleWebKit/605.1.15 (KHTML, like Gecko) Version/13.0.3 Mobile/15E148 Safari/604.1"
36.133.115.36 - - [22/Jul/2026:07:07:32 +0800] "POST /wp-cron.php?doing_wp_cron=1784675252.6802110671997070312500 HTTP/1.1" 200 31 "-" "WordPress/7.0; http://cqqizhou.com"
220.181.108.103 - - [22/Jul/2026:07:07:32 +0800] "GET /wp-json/oembed/1.0/embed?url=http%3A%2F%2Fcqqizhou.com%2Fnews%2Fportfolio%2Fduplex-stainless-steel HTTP/1.1" 200 1200 "-" "Mozilla/5.0 (compatible; Baiduspider/2.0; +http://www.baidu.com/search/spider.html)"
36.133.115.36 - - [22/Jul/2026:07:13:39 +0800] "POST /wp-cron.php?doing_wp_cron=1784675619.7400090694427490234375 HTTP/1.1" 200 31 "-" "WordPress/7.0; http://cqqizhou.com"
37.19.223.117 - - [22/Jul/2026:07:13:39 +0800] "GET / HTTP/1.1" 301 5 "-" "Mozilla/5.0 (Windows NT 10.0; Win64; x64; rv:128.0) Gecko/20100101 Firefox/128.0"
37.19.223.117 - - [22/Jul/2026:07:13:41 +0800] "GET / HTTP/1.1" 200 159680 "-" "Mozilla/5.0 (Windows NT 10.0; Win64; x64; rv:128.0) Gecko/20100101 Firefox/128.0"
36.133.115.36 - - [22/Jul/2026:07:17:52 +0800] "POST /wp-cron.php?doing_wp_cron=1784675872.8071019649505615234375 HTTP/1.1" 200 31 "-" "WordPress/7.0; http://cqqizhou.com"
121.43.118.205 - - [22/Jul/2026:07:17:52 +0800] "GET / HTTP/1.0" 301 0 "-" "-"
121.43.118.205 - - [22/Jul/2026:07:18:04 +0800] "GET /nmaplowercheck1784675875 HTTP/1.1" 404 32862 "-" "Mozilla/5.0 (compatible; Nmap Scripting Engine; https://nmap.org/book/nse.html)"
121.43.118.205 - - [22/Jul/2026:07:18:05 +0800] "GET / HTTP/1.0" 301 0 "-" "-"
121.43.118.205 - - [22/Jul/2026:07:18:05 +0800] "POST /sdk HTTP/1.1" 404 32862 "-" "Mozilla/5.0 (compatible; Nmap Scripting Engine; https://nmap.org/book/nse.html)"
121.43.118.205 - - [22/Jul/2026:07:18:06 +0800] "GET /HNAP1 HTTP/1.1" 404 32862 "-" "Mozilla/5.0 (compatible; Nmap Scripting Engine; https://nmap.org/book/nse.html)"
121.43.118.205 - - [22/Jul/2026:07:18:06 +0800] "GET /evox/about HTTP/1.1" 404 32862 "-" "Mozilla/5.0 (compatible; Nmap Scripting Engine; https://nmap.org/book/nse.html)"
36.133.115.36 - - [22/Jul/2026:07:18:24 +0800] "POST /wp-cron.php?doing_wp_cron=1784675904.1227159500122070312500 HTTP/1.1" 200 31 "-" "WordPress/7.0; http://cqqizhou.com"
121.43.118.205 - - [22/Jul/2026:07:18:24 +0800] "GET / HTTP/1.0" 301 0 "-" "-"
121.43.118.205 - - [22/Jul/2026:07:18:25 +0800] "GET / HTTP/1.1" 301 5 "-" "-"
154.222.142.51 - - [22/Jul/2026:07:23:02 +0800] "GET http://cqqizhou.com/wp-content/uploads/2025/12/1766388804-Article_images_202507241-768x432.webp HTTP/1.1" 200 46504 "-" "Mozilla/5.0 (compatible; crawler)"
36.133.115.36 - - [22/Jul/2026:07:34:10 +0800] "POST /wp-cron.php?doing_wp_cron=1784676850.1563780307769775390625 HTTP/1.1" 200 31 "-" "WordPress/7.0; http://cqqizhou.com"
103.91.194.58 - - [22/Jul/2026:07:34:10 +0800] "GET /contacts HTTP/1.1" 200 22265 "-" "Mozilla/5.0 (Windows NT 10.0; Win64; x64) AppleWebKit/537.36 (KHTML, like Gecko) Chrome/114.0.0.0 Safari/537.36 Vivaldi/5.3.2679.68"
103.91.194.58 - - [22/Jul/2026:07:34:21 +0800] "POST /wp-json/contact-form-7/v1/contact-forms/158/feedback HTTP/1.1" 200 219 "http://cqqizhou.com/contacts" "Mozilla/5.0 (Windows NT 10.0; Win64; x64) AppleWebKit/537.36 (KHTML, like Gecko) Chrome/114.0.0.0 Safari/537.36 Vivaldi/5.3.2679.68"
85.11.167.5 - - [22/Jul/2026:07:35:43 +0800] "GET / HTTP/1.1" 200 35520 "-" "Mozilla/5.0 (Macintosh; Intel Mac OS X 10_15_7) AppleWebKit/537.36 (KHTML, like Gecko) Chrome/120.0.0.0 Safari/537.36"
36.133.115.36 - - [22/Jul/2026:07:35:46 +0800] "POST /wp-cron.php?doing_wp_cron=1784676946.0204670429229736328125 HTTP/1.1" 200 31 "-" "WordPress/7.0; http://cqqizhou.com"
85.11.167.5 - - [22/Jul/2026:07:35:46 +0800] "POST /wp-json/batch/v1 HTTP/1.1" 207 27 "-" "wp2shell"
85.11.167.5 - - [22/Jul/2026:07:35:48 +0800] "POST /?rest_route=/batch/v1 HTTP/1.1" 207 27 "-" "wp2shell"
85.11.167.5 - - [22/Jul/2026:07:36:02 +0800] "POST /?rest_route=/batch/v1 HTTP/1.1" 207 1700299 "-" "wp2shell"
85.11.167.5 - - [22/Jul/2026:07:36:07 +0800] "POST /?rest_route=/batch/v1 HTTP/1.1" 207 1700487 "-" "wp2shell"
36.133.115.36 - - [22/Jul/2026:07:36:11 +0800] "POST /wp-cron.php?doing_wp_cron=1784676971.5127959251403808593750 HTTP/1.1" 200 31 "-" "WordPress/7.0; http://cqqizhou.com"
85.11.167.5 - - [22/Jul/2026:07:36:13 +0800] "POST /?rest_route=/batch/v1 HTTP/1.1" 207 1700536 "-" "wp2shell"
85.11.167.5 - - [22/Jul/2026:07:36:14 +0800] "GET /?rest_route=%2Fwp%2Fv2%2Fposts&per_page=1&_fields=link HTTP/1.1" 200 57 "-" "wp2shell"
85.11.167.5 - - [22/Jul/2026:07:36:16 +0800] "POST /?rest_route=/batch/v1 HTTP/1.1" 207 926 "-" "wp2shell"
85.11.167.5 - - [22/Jul/2026:07:36:22 +0800] "POST /?rest_route=/batch/v1 HTTP/1.1" 207 1700485 "-" "wp2shell"
85.11.167.5 - - [22/Jul/2026:07:36:28 +0800] "POST /?rest_route=/batch/v1 HTTP/1.1" 207 1700485 "-" "wp2shell"
85.11.167.5 - - [22/Jul/2026:07:36:34 +0800] "POST /?rest_route=/batch/v1 HTTP/1.1" 207 1700485 "-" "wp2shell"
85.11.167.5 - - [22/Jul/2026:07:36:36 +0800] "POST /?rest_route=/batch/v1 HTTP/1.1" 207 3740 "-" "wp2shell"
36.133.115.36 - - [22/Jul/2026:07:43:04 +0800] "POST /wp-cron.php?doing_wp_cron=1784677384.1035780906677246093750 HTTP/1.1" 200 31 "-" "WordPress/7.0; http://cqqizhou.com"
149.102.142.63 - - [22/Jul/2026:07:43:04 +0800] "GET /?rest_route=/ HTTP/1.1" 200 109518 "-" "cve-2026-63030/1.0"
36.133.115.36 - - [22/Jul/2026:07:43:08 +0800] "POST /wp-cron.php?doing_wp_cron=1784677388.3989200592041015625000 HTTP/1.1" 200 31 "-" "WordPress/7.0; http://cqqizhou.com"
149.102.142.63 - - [22/Jul/2026:07:43:14 +0800] "POST /?rest_route=/batch/v1 HTTP/1.1" 207 1700290 "-" "cve-2026-63030/1.0"
149.102.142.63 - - [22/Jul/2026:07:43:16 +0800] "GET /?rest_route=%2Fwp%2Fv2%2Fposts&per_page=1&_fields=link HTTP/1.1" 200 57 "-" "cve-2026-63030/1.0"
149.102.142.63 - - [22/Jul/2026:07:43:18 +0800] "POST /?rest_route=/batch/v1 HTTP/1.1" 207 926 "-" "cve-2026-63030/1.0"
149.102.142.63 - - [22/Jul/2026:07:43:28 +0800] "POST /?rest_route=/batch/v1 HTTP/1.1" 207 1700478 "-" "cve-2026-63030/1.0"
149.102.142.63 - - [22/Jul/2026:07:43:37 +0800] "POST /?rest_route=/batch/v1 HTTP/1.1" 207 1700527 "-" "cve-2026-63030/1.0"
149.102.142.63 - - [22/Jul/2026:07:43:46 +0800] "POST /?rest_route=/batch/v1 HTTP/1.1" 207 1700476 "-" "cve-2026-63030/1.0"
149.102.142.63 - - [22/Jul/2026:07:43:54 +0800] "POST /?rest_route=/batch/v1 HTTP/1.1" 207 1700476 "-" "cve-2026-63030/1.0"
149.102.142.63 - - [22/Jul/2026:07:44:04 +0800] "POST /?rest_route=/batch/v1 HTTP/1.1" 207 1700476 "-" "cve-2026-63030/1.0"
149.102.142.63 - - [22/Jul/2026:07:44:06 +0800] "POST /?rest_route=/batch/v1 HTTP/1.1" 207 3707 "-" "cve-2026-63030/1.0"
36.133.115.36 - - [22/Jul/2026:07:44:08 +0800] "POST /wp-cron.php?doing_wp_cron=1784677448.3470320701599121093750 HTTP/1.1" 200 31 "-" "WordPress/7.0; http://cqqizhou.com"
149.102.142.63 - - [22/Jul/2026:07:44:08 +0800] "GET /wp-login.php HTTP/1.1" 200 8377 "-" "cve-2026-63030/1.0"
149.102.142.63 - - [22/Jul/2026:07:44:10 +0800] "POST /wp-login.php HTTP/1.1" 302 5 "-" "cve-2026-63030/1.0"
149.102.142.63 - - [22/Jul/2026:07:44:14 +0800] "GET /wp-admin/ HTTP/1.1" 200 392872 "-" "cve-2026-63030/1.0"
149.102.142.63 - - [22/Jul/2026:07:44:18 +0800] "GET /wp-admin/plugin-install.php?tab=upload HTTP/1.1" 200 342728 "-" "cve-2026-63030/1.0"
149.102.142.63 - - [22/Jul/2026:07:44:31 +0800] "POST /wp-admin/update.php?action=upload-plugin HTTP/1.1" 200 328097 "-" "cve-2026-63030/1.0"
149.102.142.63 - - [22/Jul/2026:07:44:35 +0800] "GET /wp-content/plugins/lab_wp2_cmd_b96e1814/lab_wp2_cmd_b96e1814.php?t=b8836ff6b6a9a84736c6ba6e2f136ea5 HTTP/1.1" 200 9398 "-" "cve-2026-63030/1.0"
149.102.142.63 - - [22/Jul/2026:07:44:37 +0800] "GET /wp-content/plugins/lab_wp2_cmd_b96e1814/lab_wp2_cmd_b96e1814.php?t=b8836ff6b6a9a84736c6ba6e2f136ea5&delete_user=wp2_5ce1e6b9b1eb&reassign=1 HTTP/1.1" 200 30 "-" "cve-2026-63030/1.0"
149.102.142.63 - - [22/Jul/2026:07:44:38 +0800] "GET /wp-content/plugins/lab_wp2_cmd_b96e1814/lab_wp2_cmd_b96e1814.php?t=b8836ff6b6a9a84736c6ba6e2f136ea5&cleanup=1 HTTP/1.1" 200 25 "-" "cve-2026-63030/1.0"
36.133.115.36 - - [22/Jul/2026:07:45:52 +0800] "POST /wp-cron.php?doing_wp_cron=1784677552.5693380832672119140625 HTTP/1.1" 200 31 "-" "WordPress/7.0; http://cqqizhou.com"
85.11.167.5 - - [22/Jul/2026:07:45:52 +0800] "GET /wp-login.php HTTP/1.1" 200 2821 "www.google.com" "Mozilla/5.0 (Windows NT 10.0; Win64; x64) AppleWebKit/537.36 (KHTML, like Gecko) Chrome/91.0.4472.124 Safari/537.36"
85.11.167.5 - - [22/Jul/2026:07:45:54 +0800] "POST /wp-login.php HTTP/1.1" 302 5 "http://cqqizhou.com/wp-admin/" "Mozilla/5.0 (Windows NT 10.0; Win64; x64) AppleWebKit/537.36 (KHTML, like Gecko) Chrome/91.0.4472.124 Safari/537.36"
85.11.167.5 - - [22/Jul/2026:07:46:02 +0800] "GET /wp-admin/ HTTP/1.1" 200 89905 "http://cqqizhou.com/wp-admin/" "Mozilla/5.0 (Windows NT 10.0; Win64; x64) AppleWebKit/537.36 (KHTML, like Gecko) Chrome/91.0.4472.124 Safari/537.36"
36.133.115.36 - - [22/Jul/2026:07:46:12 +0800] "POST /wp-cron.php?doing_wp_cron=1784677571.9794600009918212890625 HTTP/1.1" 200 31 "-" "WordPress/7.0; http://cqqizhou.com"
85.11.167.5 - - [22/Jul/2026:07:46:12 +0800] "GET /wp-admin/ HTTP/1.1" 200 89919 "www.google.com" "Mozilla/5.0 (Windows NT 10.0; Win64; x64) AppleWebKit/537.36 (KHTML, like Gecko) Chrome/91.0.4472.124 Safari/537.36"
85.11.167.5 - - [22/Jul/2026:07:46:16 +0800] "GET /wp-admin/plugin-install.php?tab=upload HTTP/1.1" 200 79030 "www.google.com" "Mozilla/5.0 (Windows NT 10.0; Win64; x64) AppleWebKit/537.36 (KHTML, like Gecko) Chrome/91.0.4472.124 Safari/537.36"
85.11.167.5 - - [22/Jul/2026:07:46:26 +0800] "POST /wp-admin/update.php?action=upload-plugin HTTP/1.1" 200 75316 "www.google.com" "Mozilla/5.0 (Windows NT 10.0; Win64; x64) AppleWebKit/537.36 (KHTML, like Gecko) Chrome/91.0.4472.124 Safari/537.36"
85.11.167.5 - - [22/Jul/2026:07:46:28 +0800] "GET /wp-content/plugins/ftfsvqi/index.php HTTP/1.1" 404 47 "www.google.com" "Mozilla/5.0 (Windows NT 10.0; Win64; x64) AppleWebKit/537.36 (KHTML, like Gecko) Chrome/91.0.4472.124 Safari/537.36"
85.11.167.5 - - [22/Jul/2026:07:46:32 +0800] "GET /wp-admin/plugin-install.php?s=File+Manager&tab=search&type=term HTTP/1.1" 200 88494 "www.google.com" "Mozilla/5.0 (Windows NT 10.0; Win64; x64) AppleWebKit/537.36 (KHTML, like Gecko) Chrome/91.0.4472.124 Safari/537.36"
85.11.167.5 - - [22/Jul/2026:07:46:44 +0800] "GET /wp-admin/update.php?action=install-plugin&plugin=wp-file-manager&_wpnonce=819b2b494b HTTP/1.1" 200 75399 "www.google.com" "Mozilla/5.0 (Windows NT 10.0; Win64; x64) AppleWebKit/537.36 (KHTML, like Gecko) Chrome/91.0.4472.124 Safari/537.36"
85.11.167.5 - - [22/Jul/2026:07:46:48 +0800] "GET /wp-admin/plugins.php?action=activate&plugin=wp-file-manager/file_folder_manager.php&_wpnonce=1c91819117 HTTP/1.1" 302 5 "www.google.com" "Mozilla/5.0 (Windows NT 10.0; Win64; x64) AppleWebKit/537.36 (KHTML, like Gecko) Chrome/91.0.4472.124 Safari/537.36"
85.11.167.5 - - [22/Jul/2026:07:46:51 +0800] "GET /wp-admin/plugins.php?activate=true&plugin_status=all&paged=1&s= HTTP/1.1" 200 103214 "www.google.com" "Mozilla/5.0 (Windows NT 10.0; Win64; x64) AppleWebKit/537.36 (KHTML, like Gecko) Chrome/91.0.4472.124 Safari/537.36"
85.11.167.5 - - [22/Jul/2026:07:46:54 +0800] "GET /wp-admin/admin.php?page=wp_file_manager HTTP/1.1" 200 78690 "www.google.com" "Mozilla/5.0 (Windows NT 10.0; Win64; x64) AppleWebKit/537.36 (KHTML, like Gecko) Chrome/91.0.4472.124 Safari/537.36"
85.11.167.5 - - [22/Jul/2026:07:46:57 +0800] "POST /wp-admin/admin-ajax.php HTTP/1.1" 500 199 "www.google.com" "Mozilla/5.0 (Windows NT 10.0; Win64; x64) AppleWebKit/537.36 (KHTML, like Gecko) Chrome/91.0.4472.124 Safari/537.36"
85.11.167.5 - - [22/Jul/2026:07:46:57 +0800] "GET /pcyvpbdj.php HTTP/1.1" 404 47 "www.google.com" "Mozilla/5.0 (Windows NT 10.0; Win64; x64) AppleWebKit/537.36 (KHTML, like Gecko) Chrome/91.0.4472.124 Safari/537.36"
85.11.167.5 - - [22/Jul/2026:07:47:00 +0800] "GET /wp-admin/theme-install.php?tab=upload HTTP/1.1" 200 82389 "www.google.com" "Mozilla/5.0 (Windows NT 10.0; Win64; x64) AppleWebKit/537.36 (KHTML, like Gecko) Chrome/91.0.4472.124 Safari/537.36"
36.133.115.36 - - [22/Jul/2026:07:47:12 +0800] "POST /wp-cron.php?doing_wp_cron=1784677632.9022049903869628906250 HTTP/1.1" 200 31 "-" "WordPress/7.0; http://cqqizhou.com"
85.11.167.5 - - [22/Jul/2026:07:47:12 +0800] "POST /wp-admin/update.php?action=upload-theme HTTP/1.1" 200 75894 "www.google.com" "Mozilla/5.0 (Windows NT 10.0; Win64; x64) AppleWebKit/537.36 (KHTML, like Gecko) Chrome/91.0.4472.124 Safari/537.36"
85.11.167.5 - - [22/Jul/2026:07:47:13 +0800] "GET /wp-content/themes/buktzpv/about.php HTTP/1.1" 404 47 "www.google.com" "Mozilla/5.0 (Windows NT 10.0; Win64; x64) AppleWebKit/537.36 (KHTML, like Gecko) Chrome/91.0.4472.124 Safari/537.36"
85.11.167.5 - - [22/Jul/2026:07:47:16 +0800] "GET /wp-admin/theme-editor.php?file=404.php HTTP/1.1" 200 84081 "www.google.com" "Mozilla/5.0 (Windows NT 10.0; Win64; x64) AppleWebKit/537.36 (KHTML, like Gecko) Chrome/91.0.4472.124 Safari/537.36"
85.11.167.5 - - [22/Jul/2026:07:47:20 +0800] "GET /wp-admin/plugin-install.php?tab=upload HTTP/1.1" 200 79509 "www.google.com" "Mozilla/5.0 (Windows NT 10.0; Win64; x64) AppleWebKit/537.36 (KHTML, like Gecko) Chrome/91.0.4472.124 Safari/537.36"
85.11.167.5 - - [22/Jul/2026:07:47:22 +0800] "POST /wp-admin/update.php?action=upload-plugin HTTP/1.1" 500 2568 "www.google.com" "Mozilla/5.0 (Windows NT 10.0; Win64; x64) AppleWebKit/537.36 (KHTML, like Gecko) Chrome/91.0.4472.124 Safari/537.36"
85.11.167.5 - - [22/Jul/2026:07:47:23 +0800] "GET /wp-content/uploads/2026/07/uuquyxmc.php HTTP/1.1" 404 47 "www.google.com" "Mozilla/5.0 (Windows NT 10.0; Win64; x64) AppleWebKit/537.36 (KHTML, like Gecko) Chrome/91.0.4472.124 Safari/537.36"
85.11.167.5 - - [22/Jul/2026:07:47:23 +0800] "GET /wp-content/uploads/2026/uuquyxmc.php HTTP/1.1" 404 47 "www.google.com" "Mozilla/5.0 (Windows NT 10.0; Win64; x64) AppleWebKit/537.36 (KHTML, like Gecko) Chrome/91.0.4472.124 Safari/537.36"
85.11.167.5 - - [22/Jul/2026:07:47:24 +0800] "GET /wp-content/uploads/uuquyxmc.php HTTP/1.1" 404 47 "www.google.com" "Mozilla/5.0 (Windows NT 10.0; Win64; x64) AppleWebKit/537.36 (KHTML, like Gecko) Chrome/91.0.4472.124 Safari/537.36"
85.11.167.5 - - [22/Jul/2026:07:47:24 +0800] "GET /wp-content/uuquyxmc.php HTTP/1.1" 404 47 "www.google.com" "Mozilla/5.0 (Windows NT 10.0; Win64; x64) AppleWebKit/537.36 (KHTML, like Gecko) Chrome/91.0.4472.124 Safari/537.36"
85.11.167.5 - - [22/Jul/2026:07:47:25 +0800] "GET /uuquyxmc.php HTTP/1.1" 404 47 "www.google.com" "Mozilla/5.0 (Windows NT 10.0; Win64; x64) AppleWebKit/537.36 (KHTML, like Gecko) Chrome/91.0.4472.124 Safari/537.36"
85.11.167.5 - - [22/Jul/2026:07:47:28 +0800] "GET /wp-admin/theme-editor.php?file=404.php HTTP/1.1" 200 84080 "www.google.com" "Mozilla/5.0 (Windows NT 10.0; Win64; x64) AppleWebKit/537.36 (KHTML, like Gecko) Chrome/91.0.4472.124 Safari/537.36"
36.133.115.36 - - [22/Jul/2026:07:48:58 +0800] "POST /wp-cron.php?doing_wp_cron=1784677738.2237091064453125000000 HTTP/1.1" 200 31 "-" "WordPress/7.0; http://cqqizhou.com"
129.226.193.111 - - [22/Jul/2026:07:48:58 +0800] "GET / HTTP/1.1" 301 5 "-" "Mozilla/5.0 (iPhone; CPU iPhone OS 13_2_3 like Mac OS X) AppleWebKit/605.1.15 (KHTML, like Gecko) Version/13.0.3 Mobile/15E148 Safari/604.1"
129.226.193.111 - - [22/Jul/2026:07:49:03 +0800] "GET / HTTP/1.1" 200 35072 "http://www.cqqizhou.com" "Mozilla/5.0 (iPhone; CPU iPhone OS 13_2_3 like Mac OS X) AppleWebKit/605.1.15 (KHTML, like Gecko) Version/13.0.3 Mobile/15E148 Safari/604.1"
36.133.115.36 - - [22/Jul/2026:08:02:28 +0800] "POST /wp-cron.php?doing_wp_cron=1784678548.3290390968322753906250 HTTP/1.1" 200 31 "-" "WordPress/7.0; http://cqqizhou.com"
45.198.224.54 - - [22/Jul/2026:08:02:28 +0800] "GET / HTTP/1.1" 200 109842 "-" "-"
36.133.115.36 - - [22/Jul/2026:08:09:05 +0800] "POST /wp-cron.php?doing_wp_cron=1784678945.8181819915771484375000 HTTP/1.1" 200 31 "-" "WordPress/7.0; http://cqqizhou.com"
85.11.167.5 - - [22/Jul/2026:08:09:05 +0800] "GET /wp-login.php HTTP/1.1" 200 2820 "www.google.com" "Mozilla/5.0 (Windows NT 10.0; Win64; x64) AppleWebKit/537.36 (KHTML, like Gecko) Chrome/91.0.4472.124 Safari/537.36"
85.11.167.5 - - [22/Jul/2026:08:09:07 +0800] "POST /wp-login.php HTTP/1.1" 302 5 "http://cqqizhou.com/wp-admin/" "Mozilla/5.0 (Windows NT 10.0; Win64; x64) AppleWebKit/537.36 (KHTML, like Gecko) Chrome/91.0.4472.124 Safari/537.36"
36.133.115.36 - - [22/Jul/2026:08:09:10 +0800] "POST /wp-cron.php?doing_wp_cron=1784678950.7948610782623291015625 HTTP/1.1" 200 31 "-" "WordPress/7.0; http://cqqizhou.com"
85.11.167.5 - - [22/Jul/2026:08:09:10 +0800] "GET /wp-admin/ HTTP/1.1" 200 90414 "http://cqqizhou.com/wp-admin/" "Mozilla/5.0 (Windows NT 10.0; Win64; x64) AppleWebKit/537.36 (KHTML, like Gecko) Chrome/91.0.4472.124 Safari/537.36"
85.11.167.5 - - [22/Jul/2026:08:09:13 +0800] "GET /wp-admin/ HTTP/1.1" 200 90430 "www.google.com" "Mozilla/5.0 (Windows NT 10.0; Win64; x64) AppleWebKit/537.36 (KHTML, like Gecko) Chrome/91.0.4472.124 Safari/537.36"
85.11.167.5 - - [22/Jul/2026:08:09:17 +0800] "GET /wp-admin/plugin-install.php?tab=upload HTTP/1.1" 200 79504 "www.google.com" "Mozilla/5.0 (Windows NT 10.0; Win64; x64) AppleWebKit/537.36 (KHTML, like Gecko) Chrome/91.0.4472.124 Safari/537.36"
85.11.167.5 - - [22/Jul/2026:08:09:25 +0800] "POST /wp-admin/update.php?action=upload-plugin HTTP/1.1" 200 75701 "www.google.com" "Mozilla/5.0 (Windows NT 10.0; Win64; x64) AppleWebKit/537.36 (KHTML, like Gecko) Chrome/91.0.4472.124 Safari/537.36"
85.11.167.5 - - [22/Jul/2026:08:09:26 +0800] "GET /wp-content/plugins/qfjijmx/index.php HTTP/1.1" 404 47 "www.google.com" "Mozilla/5.0 (Windows NT 10.0; Win64; x64) AppleWebKit/537.36 (KHTML, like Gecko) Chrome/91.0.4472.124 Safari/537.36"
85.11.167.5 - - [22/Jul/2026:08:09:30 +0800] "GET /wp-admin/plugin-install.php?s=File+Manager&tab=search&type=term HTTP/1.1" 200 88844 "www.google.com" "Mozilla/5.0 (Windows NT 10.0; Win64; x64) AppleWebKit/537.36 (KHTML, like Gecko) Chrome/91.0.4472.124 Safari/537.36"
85.11.167.5 - - [22/Jul/2026:08:09:34 +0800] "GET /wp-admin/admin.php?page=wp_file_manager HTTP/1.1" 200 78594 "www.google.com" "Mozilla/5.0 (Windows NT 10.0; Win64; x64) AppleWebKit/537.36 (KHTML, like Gecko) Chrome/91.0.4472.124 Safari/537.36"
85.11.167.5 - - [22/Jul/2026:08:09:36 +0800] "POST /wp-admin/admin-ajax.php HTTP/1.1" 500 199 "www.google.com" "Mozilla/5.0 (Windows NT 10.0; Win64; x64) AppleWebKit/537.36 (KHTML, like Gecko) Chrome/91.0.4472.124 Safari/537.36"
85.11.167.5 - - [22/Jul/2026:08:09:37 +0800] "GET /juccrufh.php HTTP/1.1" 404 47 "www.google.com" "Mozilla/5.0 (Windows NT 10.0; Win64; x64) AppleWebKit/537.36 (KHTML, like Gecko) Chrome/91.0.4472.124 Safari/537.36"
85.11.167.5 - - [22/Jul/2026:08:09:39 +0800] "GET /wp-admin/theme-install.php?tab=upload HTTP/1.1" 200 82323 "www.google.com" "Mozilla/5.0 (Windows NT 10.0; Win64; x64) AppleWebKit/537.36 (KHTML, like Gecko) Chrome/91.0.4472.124 Safari/537.36"
85.11.167.5 - - [22/Jul/2026:08:09:58 +0800] "POST /wp-admin/update.php?action=upload-theme HTTP/1.1" 200 75821 "www.google.com" "Mozilla/5.0 (Windows NT 10.0; Win64; x64) AppleWebKit/537.36 (KHTML, like Gecko) Chrome/91.0.4472.124 Safari/537.36"
85.11.167.5 - - [22/Jul/2026:08:09:59 +0800] "GET /wp-content/themes/flegsmb/about.php HTTP/1.1" 404 47 "www.google.com" "Mozilla/5.0 (Windows NT 10.0; Win64; x64) AppleWebKit/537.36 (KHTML, like Gecko) Chrome/91.0.4472.124 Safari/537.36"
85.11.167.5 - - [22/Jul/2026:08:10:02 +0800] "GET /wp-admin/theme-editor.php?file=404.php HTTP/1.1" 200 84089 "www.google.com" "Mozilla/5.0 (Windows NT 10.0; Win64; x64) AppleWebKit/537.36 (KHTML, like Gecko) Chrome/91.0.4472.124 Safari/537.36"
85.11.167.5 - - [22/Jul/2026:08:10:05 +0800] "GET /wp-admin/plugin-install.php?tab=upload HTTP/1.1" 200 79502 "www.google.com" "Mozilla/5.0 (Windows NT 10.0; Win64; x64) AppleWebKit/537.36 (KHTML, like Gecko) Chrome/91.0.4472.124 Safari/537.36"
85.11.167.5 - - [22/Jul/2026:08:10:07 +0800] "POST /wp-admin/update.php?action=upload-plugin HTTP/1.1" 500 2568 "www.google.com" "Mozilla/5.0 (Windows NT 10.0; Win64; x64) AppleWebKit/537.36 (KHTML, like Gecko) Chrome/91.0.4472.124 Safari/537.36"
85.11.167.5 - - [22/Jul/2026:08:10:08 +0800] "GET /wp-content/uploads/2026/07/owamfzgo.php HTTP/1.1" 404 47 "www.google.com" "Mozilla/5.0 (Windows NT 10.0; Win64; x64) AppleWebKit/537.36 (KHTML, like Gecko) Chrome/91.0.4472.124 Safari/537.36"
85.11.167.5 - - [22/Jul/2026:08:10:08 +0800] "GET /wp-content/uploads/2026/owamfzgo.php HTTP/1.1" 404 47 "www.google.com" "Mozilla/5.0 (Windows NT 10.0; Win64; x64) AppleWebKit/537.36 (KHTML, like Gecko) Chrome/91.0.4472.124 Safari/537.36"
85.11.167.5 - - [22/Jul/2026:08:10:09 +0800] "GET /wp-content/uploads/owamfzgo.php HTTP/1.1" 404 47 "www.google.com" "Mozilla/5.0 (Windows NT 10.0; Win64; x64) AppleWebKit/537.36 (KHTML, like Gecko) Chrome/91.0.4472.124 Safari/537.36"
85.11.167.5 - - [22/Jul/2026:08:10:09 +0800] "GET /wp-content/owamfzgo.php HTTP/1.1" 404 47 "www.google.com" "Mozilla/5.0 (Windows NT 10.0; Win64; x64) AppleWebKit/537.36 (KHTML, like Gecko) Chrome/91.0.4472.124 Safari/537.36"
85.11.167.5 - - [22/Jul/2026:08:10:10 +0800] "GET /owamfzgo.php HTTP/1.1" 404 47 "www.google.com" "Mozilla/5.0 (Windows NT 10.0; Win64; x64) AppleWebKit/537.36 (KHTML, like Gecko) Chrome/91.0.4472.124 Safari/537.36"
36.133.115.36 - - [22/Jul/2026:08:10:13 +0800] "POST /wp-cron.php?doing_wp_cron=1784679013.0007150173187255859375 HTTP/1.1" 200 31 "-" "WordPress/7.0; http://cqqizhou.com"
85.11.167.5 - - [22/Jul/2026:08:10:13 +0800] "GET /wp-admin/theme-editor.php?file=404.php HTTP/1.1" 200 84090 "www.google.com" "Mozilla/5.0 (Windows NT 10.0; Win64; x64) AppleWebKit/537.36 (KHTML, like Gecko) Chrome/91.0.4472.124 Safari/537.36"
52.152.150.151 - - [22/Jul/2026:08:15:14 +0800] "GET /wp-content/plugins/hellopress/wp_filemanager.php HTTP/1.1" 404 27 "-" "-"
52.152.150.151 - - [22/Jul/2026:08:15:14 +0800] "GET /this_is_a_new_hello_world.php HTTP/1.1" 404 27 "-" "-"
52.152.150.151 - - [22/Jul/2026:08:15:14 +0800] "GET /wp-admin/images/wp-login.php HTTP/1.1" 404 27 "-" "-"
52.152.150.151 - - [22/Jul/2026:08:15:15 +0800] "GET /wp-content/themes/astra/inc/network.php HTTP/1.1" 404 27 "-" "-"
52.152.150.151 - - [22/Jul/2026:08:15:15 +0800] "GET /shell.php HTTP/1.1" 404 27 "-" "-"
52.152.150.151 - - [22/Jul/2026:08:15:15 +0800] "GET /wp-admin/includes/wp-conflg.php HTTP/1.1" 404 27 "-" "-"
52.152.150.151 - - [22/Jul/2026:08:15:15 +0800] "GET /wp-admin/js/wp-conflg.php HTTP/1.1" 404 27 "-" "-"
52.152.150.151 - - [22/Jul/2026:08:15:16 +0800] "GET /.well-knownold/inputs.php HTTP/1.1" 404 27 "-" "-"
52.152.150.151 - - [22/Jul/2026:08:15:16 +0800] "GET /wp-content/plugins/seoplugins/mar.php HTTP/1.1" 404 27 "-" "-"
52.152.150.151 - - [22/Jul/2026:08:15:16 +0800] "GET /wp-includes/random_compat/chosen.php HTTP/1.1" 404 27 "-" "-"
52.152.150.151 - - [22/Jul/2026:08:15:17 +0800] "GET /assets/images/about.php HTTP/1.1" 404 27 "-" "-"
52.152.150.151 - - [22/Jul/2026:08:15:17 +0800] "GET /wp-content/uploads/json.php HTTP/1.1" 404 27 "-" "-"
52.152.150.151 - - [22/Jul/2026:08:15:17 +0800] "GET /admin/uploads/lv.php HTTP/1.1" 404 27 "-" "-"
52.152.150.151 - - [22/Jul/2026:08:15:17 +0800] "GET /wp-includes/wp-includes/about.php HTTP/1.1" 404 27 "-" "-"
52.152.150.151 - - [22/Jul/2026:08:15:18 +0800] "GET /wp-content/themes/wp-pridmag/lock.php HTTP/1.1" 404 27 "-" "-"
52.152.150.151 - - [22/Jul/2026:08:15:18 +0800] "GET /wp-admin/js/about.php HTTP/1.1" 404 27 "-" "-"
52.152.150.151 - - [22/Jul/2026:08:15:18 +0800] "GET /admin/uploads/media.php HTTP/1.1" 404 27 "-" "-"
52.152.150.151 - - [22/Jul/2026:08:15:18 +0800] "GET /wp-admin/images/index.php HTTP/1.1" 404 27 "-" "-"
52.152.150.151 - - [22/Jul/2026:08:15:19 +0800] "GET /wp-admin/css/colors/coffee/about.php HTTP/1.1" 404 27 "-" "-"
52.152.150.151 - - [22/Jul/2026:08:15:19 +0800] "GET /browse.php HTTP/1.1" 404 27 "-" "-"
52.152.150.151 - - [22/Jul/2026:08:15:19 +0800] "GET /shell20211028.php HTTP/1.1" 404 27 "-" "-"
52.152.150.151 - - [22/Jul/2026:08:15:20 +0800] "GET /wp-content/themes/twenty/twenty.php HTTP/1.1" 404 27 "-" "-"
52.152.150.151 - - [22/Jul/2026:08:15:20 +0800] "GET /wp-content/themes/twentytwentytwo/alfa-rex.php HTTP/1.1" 404 27 "-" "-"
52.152.150.151 - - [22/Jul/2026:08:15:20 +0800] "GET /index/lock.php HTTP/1.1" 404 27 "-" "-"
52.152.150.151 - - [22/Jul/2026:08:15:20 +0800] "GET /wp-includes/style-engine/about.php HTTP/1.1" 404 27 "-" "-"
52.152.150.151 - - [22/Jul/2026:08:15:21 +0800] "GET /wp-includes/theme-compat/chosen.php HTTP/1.1" 404 27 "-" "-"
52.152.150.151 - - [22/Jul/2026:08:15:21 +0800] "GET /wp-content/config.php HTTP/1.1" 404 27 "-" "-"
52.152.150.151 - - [22/Jul/2026:08:15:21 +0800] "GET /moon.php HTTP/1.1" 404 27 "-" "-"
52.152.150.151 - - [22/Jul/2026:08:15:21 +0800] "GET /wp-includes/ID3/index.php HTTP/1.1" 404 27 "-" "-"
52.152.150.151 - - [22/Jul/2026:08:15:22 +0800] "GET /wp-admin/css/wp-conflg.php HTTP/1.1" 404 27 "-" "-"
52.152.150.151 - - [22/Jul/2026:08:15:22 +0800] "GET /wp-admin/css/colors/index.php HTTP/1.1" 404 27 "-" "-"
52.152.150.151 - - [22/Jul/2026:08:15:22 +0800] "GET /css/chosen.php HTTP/1.1" 404 27 "-" "-"
52.152.150.151 - - [22/Jul/2026:08:15:23 +0800] "GET /wp-includes/Requests/Utility/cc.php HTTP/1.1" 404 27 "-" "-"
52.152.150.151 - - [22/Jul/2026:08:15:23 +0800] "GET /wp-includes/Text/index.php HTTP/1.1" 404 27 "-" "-"
52.152.150.151 - - [22/Jul/2026:08:15:23 +0800] "GET /packed.php HTTP/1.1" 404 27 "-" "-"
36.133.115.36 - - [22/Jul/2026:08:15:24 +0800] "POST /wp-cron.php?doing_wp_cron=1784679324.8773341178894042968750 HTTP/1.1" 200 31 "-" "WordPress/7.0; http://cqqizhou.com"
52.152.150.151 - - [22/Jul/2026:08:15:24 +0800] "GET /wp-admin/update.php HTTP/1.1" 302 5 "-" "-"
52.152.150.151 - - [22/Jul/2026:08:15:26 +0800] "GET /wp-login.php?redirect_to=http%3A%2F%2Fcqqizhou.com%2Fwp-admin%2Fupdate.php&reauth=1 HTTP/1.1" 200 8387 "-" "-"
52.152.150.151 - - [22/Jul/2026:08:15:26 +0800] "GET /wp-content/themes/astra/inc/fm.php HTTP/1.1" 404 27 "-" "-"
52.152.150.151 - - [22/Jul/2026:08:15:26 +0800] "GET /link.php HTTP/1.1" 404 27 "-" "-"
52.152.150.151 - - [22/Jul/2026:08:15:27 +0800] "GET /wp-content/mu-plugins/gecko.php HTTP/1.1" 404 27 "-" "-"
52.152.150.151 - - [22/Jul/2026:08:15:27 +0800] "GET /footer.php HTTP/1.1" 404 27 "-" "-"
52.152.150.151 - - [22/Jul/2026:08:15:27 +0800] "GET /wp-includes/js/codemirror/index.php HTTP/1.1" 404 27 "-" "-"
52.152.150.151 - - [22/Jul/2026:08:15:28 +0800] "GET /config.php HTTP/1.1" 404 27 "-" "-"
52.152.150.151 - - [22/Jul/2026:08:15:28 +0800] "GET /fw.php HTTP/1.1" 404 27 "-" "-"
52.152.150.151 - - [22/Jul/2026:08:15:28 +0800] "GET /post.php HTTP/1.1" 404 27 "-" "-"
52.152.150.151 - - [22/Jul/2026:08:15:28 +0800] "GET /ALFA_DATA/index.php HTTP/1.1" 404 27 "-" "-"
52.152.150.151 - - [22/Jul/2026:08:15:29 +0800] "GET /wp-admin/css/colors/blue/moon.php HTTP/1.1" 404 27 "-" "-"
52.152.150.151 - - [22/Jul/2026:08:15:29 +0800] "GET /wp-content/themes/wp-pridmag/up.php HTTP/1.1" 404 27 "-" "-"
52.152.150.151 - - [22/Jul/2026:08:15:29 +0800] "GET /wp-includes/html-api/alfa-rex.php HTTP/1.1" 404 27 "-" "-"
52.152.150.151 - - [22/Jul/2026:08:15:30 +0800] "GET /wp-content/upgrade-temp-backup/about.php HTTP/1.1" 404 27 "-" "-"
52.152.150.151 - - [22/Jul/2026:08:15:30 +0800] "GET /wp-admin/includes/m.php HTTP/1.1" 404 27 "-" "-"
52.152.150.151 - - [22/Jul/2026:08:15:30 +0800] "GET /images/admin.php HTTP/1.1" 404 27 "-" "-"
52.152.150.151 - - [22/Jul/2026:08:15:30 +0800] "GET /admin/fckeditor/editor/filemanager/alfanew.php HTTP/1.1" 404 27 "-" "-"
52.152.150.151 - - [22/Jul/2026:08:15:32 +0800] "GET /wp-admin/user/admin.php HTTP/1.1" 302 5 "-" "-"
52.152.150.151 - - [22/Jul/2026:08:15:33 +0800] "GET /wp-login.php?redirect_to=http%3A%2F%2Fcqqizhou.com%2Fwp-admin%2Fuser%2Fadmin.php&reauth=1 HTTP/1.1" 200 8391 "-" "-"
52.152.150.151 - - [22/Jul/2026:08:15:34 +0800] "GET /wp-includes/IXR/shell.php HTTP/1.1" 404 27 "-" "-"
52.152.150.151 - - [22/Jul/2026:08:15:35 +0800] "GET /wp-trackback.php HTTP/1.1" 404 140 "-" "-"
52.152.150.151 - - [22/Jul/2026:08:15:35 +0800] "GET /wp-content/content.php HTTP/1.1" 404 27 "-" "-"
52.152.150.151 - - [22/Jul/2026:08:15:35 +0800] "GET /wp-admin/wp-conflg.php HTTP/1.1" 404 27 "-" "-"
52.152.150.151 - - [22/Jul/2026:08:15:36 +0800] "GET /wp-includes/Requests/Utility/alfa-rex.php HTTP/1.1" 404 27 "-" "-"
52.152.150.151 - - [22/Jul/2026:08:15:36 +0800] "GET /wp-content/upgrade-temp-backup/ty.php HTTP/1.1" 404 27 "-" "-"
52.152.150.151 - - [22/Jul/2026:08:15:36 +0800] "GET /.well-known/content.php HTTP/1.1" 404 27 "-" "-"
52.152.150.151 - - [22/Jul/2026:08:15:37 +0800] "GET /index/index.php HTTP/1.1" 404 27 "-" "-"
52.152.150.151 - - [22/Jul/2026:08:15:37 +0800] "GET /wp-includes/autoload_classmap.php HTTP/1.1" 404 27 "-" "-"
52.152.150.151 - - [22/Jul/2026:08:15:37 +0800] "GET /include/wp-configs.php HTTP/1.1" 404 27 "-" "-"
52.152.150.151 - - [22/Jul/2026:08:15:37 +0800] "GET /wp-admin/js/chosen.php HTTP/1.1" 404 27 "-" "-"
52.152.150.151 - - [22/Jul/2026:08:15:38 +0800] "GET /wp-admin/maint/about.php HTTP/1.1" 404 27 "-" "-"
52.152.150.151 - - [22/Jul/2026:08:15:38 +0800] "GET /wp-includes/sodium_compat/alfa-rex.php HTTP/1.1" 404 27 "-" "-"
52.152.150.151 - - [22/Jul/2026:08:15:38 +0800] "GET /bg/xmrlpc.php HTTP/1.1" 404 27 "-" "-"
52.152.150.151 - - [22/Jul/2026:08:15:38 +0800] "GET /wp-content/plugins/core-plugin/file-manager.php HTTP/1.1" 404 27 "-" "-"
52.152.150.151 - - [22/Jul/2026:08:15:39 +0800] "GET /wp-content/uploads/423_index.php HTTP/1.1" 404 27 "-" "-"
52.152.150.151 - - [22/Jul/2026:08:15:39 +0800] "GET /wp-admin/network/wp-conflg.php HTTP/1.1" 404 27 "-" "-"
52.152.150.151 - - [22/Jul/2026:08:15:39 +0800] "GET /wp-admin/css/colors/blue/atomlib.php HTTP/1.1" 404 27 "-" "-"
52.152.150.151 - - [22/Jul/2026:08:15:40 +0800] "GET /wp-admin/byp.php HTTP/1.1" 404 27 "-" "-"
52.152.150.151 - - [22/Jul/2026:08:15:40 +0800] "GET /wp-includes/theme-compat/index.php HTTP/1.1" 404 27 "-" "-"
52.152.150.151 - - [22/Jul/2026:08:15:40 +0800] "GET /wp-content/wp-login.php HTTP/1.1" 404 27 "-" "-"
52.152.150.151 - - [22/Jul/2026:08:15:40 +0800] "GET /admin/editor/engine.php HTTP/1.1" 404 27 "-" "-"
52.152.150.151 - - [22/Jul/2026:08:15:41 +0800] "GET /chosen.php HTTP/1.1" 404 27 "-" "-"
52.152.150.151 - - [22/Jul/2026:08:15:41 +0800] "GET /wp-includes/images/smilies/index.php HTTP/1.1" 404 27 "-" "-"
52.152.150.151 - - [22/Jul/2026:08:15:41 +0800] "GET /wp-content/themes/aahana/json.php HTTP/1.1" 404 27 "-" "-"
52.152.150.151 - - [22/Jul/2026:08:15:41 +0800] "GET /wp-includes/html-api/about.php HTTP/1.1" 404 27 "-" "-"
52.152.150.151 - - [22/Jul/2026:08:15:42 +0800] "GET /wp-content/uploads/index.php HTTP/1.1" 404 27 "-" "-"
52.152.150.151 - - [22/Jul/2026:08:15:42 +0800] "GET /wp-includes/images/smilies/about.php HTTP/1.1" 404 27 "-" "-"
52.152.150.151 - - [22/Jul/2026:08:15:42 +0800] "GET /assets/plugins/jquery-file-upload/server/php/include.php HTTP/1.1" 404 27 "-" "-"
52.152.150.151 - - [22/Jul/2026:08:15:43 +0800] "GET /images/lmfi2.php HTTP/1.1" 404 27 "-" "-"
52.152.150.151 - - [22/Jul/2026:08:15:43 +0800] "GET /wp-admin/function.php HTTP/1.1" 404 27 "-" "-"
52.152.150.151 - - [22/Jul/2026:08:15:43 +0800] "GET /wp-includes/Text/Diff/alfa-rex.php HTTP/1.1" 404 27 "-" "-"
52.152.150.151 - - [22/Jul/2026:08:15:43 +0800] "GET /images/chosen.php HTTP/1.1" 404 27 "-" "-"
52.152.150.151 - - [22/Jul/2026:08:15:44 +0800] "GET /mah.php HTTP/1.1" 404 27 "-" "-"
52.152.150.151 - - [22/Jul/2026:08:15:44 +0800] "GET /wp-content/json.php HTTP/1.1" 404 27 "-" "-"
52.152.150.151 - - [22/Jul/2026:08:15:44 +0800] "GET /wp-includes/fonts/index.php HTTP/1.1" 404 27 "-" "-"
52.152.150.151 - - [22/Jul/2026:08:15:45 +0800] "GET /wp-includes/Requests/file.php HTTP/1.1" 404 27 "-" "-"
52.152.150.151 - - [22/Jul/2026:08:15:45 +0800] "GET /wp-content/themes/seotheme/classwithtostring.php HTTP/1.1" 404 27 "-" "-"
52.152.150.151 - - [22/Jul/2026:08:15:45 +0800] "GET /wp-includes/widgets/parx.php HTTP/1.1" 404 27 "-" "-"
52.152.150.151 - - [22/Jul/2026:08:15:45 +0800] "GET /wp-content/plugins/Cache/footer.php HTTP/1.1" 404 27 "-" "-"
52.152.150.151 - - [22/Jul/2026:08:15:46 +0800] "GET /content.php HTTP/1.1" 404 27 "-" "-"
52.152.150.151 - - [22/Jul/2026:08:15:46 +0800] "GET /wp-includes/css/wp-conflg.php HTTP/1.1" 404 27 "-" "-"
52.152.150.151 - - [22/Jul/2026:08:15:47 +0800] "GET /wp-admin/admin-post.php HTTP/1.1" 200 5 "-" "-"
52.152.150.151 - - [22/Jul/2026:08:15:48 +0800] "GET /wp-includes/html-api/chosen.php HTTP/1.1" 404 27 "-" "-"
52.152.150.151 - - [22/Jul/2026:08:15:48 +0800] "GET /wp-admin/includes/cong.php HTTP/1.1" 404 27 "-" "-"
52.152.150.151 - - [22/Jul/2026:08:15:48 +0800] "GET /wp-admin/network/shell.php HTTP/1.1" 404 27 "-" "-"
52.152.150.151 - - [22/Jul/2026:08:15:49 +0800] "GET /cgi-bin/upfile.php HTTP/1.1" 404 27 "-" "-"
52.152.150.151 - - [22/Jul/2026:08:15:49 +0800] "GET /wp-includes/images/smilies/wp-login.php HTTP/1.1" 404 27 "-" "-"
52.152.150.151 - - [22/Jul/2026:08:15:49 +0800] "GET /cong.php HTTP/1.1" 404 27 "-" "-"
52.152.150.151 - - [22/Jul/2026:08:15:51 +0800] "GET /wp-login.php HTTP/1.1" 200 8377 "-" "-"
52.152.150.151 - - [22/Jul/2026:08:15:51 +0800] "GET /makeasmtp.php HTTP/1.1" 404 27 "-" "-"
52.152.150.151 - - [22/Jul/2026:08:15:51 +0800] "GET /wp-admin/css/colors/blue/lock.php HTTP/1.1" 404 27 "-" "-"
52.152.150.151 - - [22/Jul/2026:08:15:51 +0800] "GET /wp-content/plugins/pwnd/classwithtostring.php HTTP/1.1" 404 27 "-" "-"
52.152.150.151 - - [22/Jul/2026:08:15:52 +0800] "GET /wp-includes/Text/Diff/Renderer/about.php HTTP/1.1" 404 27 "-" "-"
52.152.150.151 - - [22/Jul/2026:08:15:52 +0800] "GET /13.php HTTP/1.1" 404 27 "-" "-"
52.152.150.151 - - [22/Jul/2026:08:15:52 +0800] "GET /wp-includes/sodium_compat/index.php HTTP/1.1" 404 27 "-" "-"
52.152.150.151 - - [22/Jul/2026:08:15:53 +0800] "GET /.well-known/cache-compat.php HTTP/1.1" 404 27 "-" "-"
52.152.150.151 - - [22/Jul/2026:08:15:54 +0800] "GET /wp-mail.php/wp-includes/ID3/rnEPv9.php HTTP/1.1" 403 2568 "-" "-"
52.152.150.151 - - [22/Jul/2026:08:15:54 +0800] "GET /wp-includes/php-compat/content.php HTTP/1.1" 404 27 "-" "-"
52.152.150.151 - - [22/Jul/2026:08:15:55 +0800] "GET /admin/function.php HTTP/1.1" 404 27 "-" "-"
52.152.150.151 - - [22/Jul/2026:08:15:55 +0800] "GET /wp-includes/fonts/admin.php HTTP/1.1" 404 27 "-" "-"
52.152.150.151 - - [22/Jul/2026:08:15:55 +0800] "GET /doc.php HTTP/1.1" 404 27 "-" "-"
52.152.150.151 - - [22/Jul/2026:08:15:55 +0800] "GET /wp-includes/block-patterns/autoload_classmap.php HTTP/1.1" 404 27 "-" "-"
52.152.150.151 - - [22/Jul/2026:08:15:56 +0800] "GET /wp-includes/images/autoload_classmap.php HTTP/1.1" 404 27 "-" "-"
52.152.150.151 - - [22/Jul/2026:08:15:56 +0800] "GET /wp-includes/certificates/index.php HTTP/1.1" 404 27 "-" "-"
52.152.150.151 - - [22/Jul/2026:08:15:56 +0800] "GET /.well-known/pki-validation/wp-login.php HTTP/1.1" 404 27 "-" "-"
52.152.150.151 - - [22/Jul/2026:08:15:56 +0800] "GET /css/install.php HTTP/1.1" 404 27 "-" "-"
52.152.150.151 - - [22/Jul/2026:08:15:57 +0800] "GET /wp-includes/theme-compat/wp-conflg.php/wp-content/plugins/google-seo-rank/index.php HTTP/1.1" 404 27 "-" "-"
52.152.150.151 - - [22/Jul/2026:08:15:57 +0800] "GET /xmrlpc.php HTTP/1.1" 404 27 "-" "-"
52.152.150.151 - - [22/Jul/2026:08:15:57 +0800] "GET /wp-admin/css/colors/classwithtostring.php HTTP/1.1" 404 27 "-" "-"
52.152.150.151 - - [22/Jul/2026:08:15:58 +0800] "GET /wp-includes/index.php HTTP/1.1" 404 27 "-" "-"
52.152.150.151 - - [22/Jul/2026:08:15:58 +0800] "GET /wp-includes/fonts/install.php HTTP/1.1" 404 27 "-" "-"
52.152.150.151 - - [22/Jul/2026:08:15:58 +0800] "GET /assets/edit.php HTTP/1.1" 404 27 "-" "-"
52.152.150.151 - - [22/Jul/2026:08:15:58 +0800] "GET /file.php HTTP/1.1" 404 27 "-" "-"
52.152.150.151 - - [22/Jul/2026:08:16:00 +0800] "GET /wp-admin/index.php HTTP/1.1" 302 5 "-" "-"
52.152.150.151 - - [22/Jul/2026:08:16:01 +0800] "GET /wp-login.php?redirect_to=http%3A%2F%2Fcqqizhou.com%2Fwp-admin%2Findex.php&reauth=1 HTTP/1.1" 200 8386 "-" "-"
52.152.150.151 - - [22/Jul/2026:08:16:01 +0800] "GET /wp-includes/Text/Diff/Engine/wp-login.php HTTP/1.1" 404 27 "-" "-"
52.152.150.151 - - [22/Jul/2026:08:16:02 +0800] "GET /wp-admin/user/chosen.php HTTP/1.1" 404 27 "-" "-"
52.152.150.151 - - [22/Jul/2026:08:16:02 +0800] "GET /wp-content/uploads/wp-conflg.php HTTP/1.1" 404 27 "-" "-"
52.152.150.151 - - [22/Jul/2026:08:16:02 +0800] "GET /ok.php HTTP/1.1" 404 27 "-" "-"
52.152.150.151 - - [22/Jul/2026:08:16:03 +0800] "GET /wp-includes/IXR/alfa-rex.php HTTP/1.1" 404 27 "-" "-"
52.152.150.151 - - [22/Jul/2026:08:16:03 +0800] "GET /wp-admin/autoload_classmap.php HTTP/1.1" 404 27 "-" "-"
52.152.150.151 - - [22/Jul/2026:08:16:03 +0800] "GET /wp-includes/sodium_compat/src/index.php HTTP/1.1" 404 27 "-" "-"
52.152.150.151 - - [22/Jul/2026:08:16:03 +0800] "GET /wp-includes/block-patterns/about.php HTTP/1.1" 404 27 "-" "-"
52.152.150.151 - - [22/Jul/2026:08:16:04 +0800] "GET /wp-includes/css/alfa-rex.php HTTP/1.1" 404 27 "-" "-"
52.152.150.151 - - [22/Jul/2026:08:16:04 +0800] "GET /images/stories/admin-post.php HTTP/1.1" 404 27 "-" "-"
36.133.115.36 - - [22/Jul/2026:08:28:21 +0800] "POST /wp-cron.php?doing_wp_cron=1784680101.7096090316772460937500 HTTP/1.1" 200 31 "-" "WordPress/7.0; http://cqqizhou.com"
47.83.121.205 - - [22/Jul/2026:08:28:21 +0800] "GET / HTTP/1.1" 301 5 "-" "Mozilla/5.0 (Windows NT 6.1; WOW64; rv:53.0) Gecko/20100101 Firefox/53.0"
47.83.121.205 - - [22/Jul/2026:08:28:26 +0800] "GET / HTTP/1.1" 200 35500 "-" "Mozilla/5.0 (Windows NT 6.1; WOW64; rv:53.0) Gecko/20100101 Firefox/53.0"
9.151.193.139 - - [22/Jul/2026:08:35:41 +0800] "GET /wp-content/uploads/2026/05/1779925245-Article_images_W900px.webp HTTP/1.1" 200 27996 "-" "Mozilla/5.0 (compatible; crawler)"
36.133.115.36 - - [22/Jul/2026:09:10:12 +0800] "POST /wp-cron.php?doing_wp_cron=1784682611.9847550392150878906250 HTTP/1.1" 200 31 "-" "WordPress/7.0; http://cqqizhou.com"
156.225.1.47 - - [22/Jul/2026:09:10:12 +0800] "GET /version HTTP/1.1" 301 5 "-" "-"
156.225.1.47 - - [22/Jul/2026:09:10:14 +0800] "GET / HTTP/1.1" 200 158029 "-" "-"
156.225.1.47 - - [22/Jul/2026:09:10:16 +0800] "GET / HTTP/1.1" 200 158021 "-" "-"
156.225.1.47 - - [22/Jul/2026:09:10:17 +0800] "GET /v1 HTTP/1.1" 301 5 "-" "-"
156.225.1.47 - - [22/Jul/2026:09:10:19 +0800] "GET / HTTP/1.1" 200 158029 "-" "-"
88.151.195.101 - - [22/Jul/2026:09:12:05 +0800] "GET /wp-content/uploads/logistics/Conatiner-5.webp HTTP/1.1" 200 63396 "-" "Mozilla/5.0 (Windows NT 10.0; Win64; x64) AppleWebKit/537.36 (KHTML, like Gecko) Chrome/120.0.0.0 Safari/537.36"
36.133.115.36 - - [22/Jul/2026:09:26:51 +0800] "POST /wp-cron.php?doing_wp_cron=1784683611.0309669971466064453125 HTTP/1.1" 200 31 "-" "WordPress/7.0; http://cqqizhou.com"
85.11.167.5 - - [22/Jul/2026:09:26:51 +0800] "GET /wp-login.php HTTP/1.1" 200 2820 "www.google.com" "Mozilla/5.0 (Windows NT 10.0; Win64; x64) AppleWebKit/537.36 (KHTML, like Gecko) Chrome/91.0.4472.124 Safari/537.36"
85.11.167.5 - - [22/Jul/2026:09:26:52 +0800] "POST /wp-login.php HTTP/1.1" 302 5 "http://cqqizhou.com/wp-admin/" "Mozilla/5.0 (Windows NT 10.0; Win64; x64) AppleWebKit/537.36 (KHTML, like Gecko) Chrome/91.0.4472.124 Safari/537.36"
85.11.167.5 - - [22/Jul/2026:09:26:55 +0800] "GET /wp-admin/ HTTP/1.1" 200 90412 "http://cqqizhou.com/wp-admin/" "Mozilla/5.0 (Windows NT 10.0; Win64; x64) AppleWebKit/537.36 (KHTML, like Gecko) Chrome/91.0.4472.124 Safari/537.36"
85.11.167.5 - - [22/Jul/2026:09:26:58 +0800] "GET /wp-admin/ HTTP/1.1" 200 90429 "www.google.com" "Mozilla/5.0 (Windows NT 10.0; Win64; x64) AppleWebKit/537.36 (KHTML, like Gecko) Chrome/91.0.4472.124 Safari/537.36"
85.11.167.5 - - [22/Jul/2026:09:27:01 +0800] "GET /wp-admin/plugin-install.php?tab=upload HTTP/1.1" 200 79506 "www.google.com" "Mozilla/5.0 (Windows NT 10.0; Win64; x64) AppleWebKit/537.36 (KHTML, like Gecko) Chrome/91.0.4472.124 Safari/537.36"
36.133.115.36 - - [22/Jul/2026:09:27:12 +0800] "POST /wp-cron.php?doing_wp_cron=1784683632.9404869079589843750000 HTTP/1.1" 200 31 "-" "WordPress/7.0; http://cqqizhou.com"
85.11.167.5 - - [22/Jul/2026:09:27:12 +0800] "POST /wp-admin/update.php?action=upload-plugin HTTP/1.1" 200 75706 "www.google.com" "Mozilla/5.0 (Windows NT 10.0; Win64; x64) AppleWebKit/537.36 (KHTML, like Gecko) Chrome/91.0.4472.124 Safari/537.36"
85.11.167.5 - - [22/Jul/2026:09:27:13 +0800] "GET /wp-content/plugins/peymrze/index.php HTTP/1.1" 404 47 "www.google.com" "Mozilla/5.0 (Windows NT 10.0; Win64; x64) AppleWebKit/537.36 (KHTML, like Gecko) Chrome/91.0.4472.124 Safari/537.36"
85.11.167.5 - - [22/Jul/2026:09:27:18 +0800] "GET /wp-admin/plugin-install.php?s=File+Manager&tab=search&type=term HTTP/1.1" 200 88834 "www.google.com" "Mozilla/5.0 (Windows NT 10.0; Win64; x64) AppleWebKit/537.36 (KHTML, like Gecko) Chrome/91.0.4472.124 Safari/537.36"
85.11.167.5 - - [22/Jul/2026:09:27:21 +0800] "GET /wp-admin/admin.php?page=wp_file_manager HTTP/1.1" 200 78596 "www.google.com" "Mozilla/5.0 (Windows NT 10.0; Win64; x64) AppleWebKit/537.36 (KHTML, like Gecko) Chrome/91.0.4472.124 Safari/537.36"
85.11.167.5 - - [22/Jul/2026:09:27:23 +0800] "POST /wp-admin/admin-ajax.php HTTP/1.1" 500 199 "www.google.com" "Mozilla/5.0 (Windows NT 10.0; Win64; x64) AppleWebKit/537.36 (KHTML, like Gecko) Chrome/91.0.4472.124 Safari/537.36"
85.11.167.5 - - [22/Jul/2026:09:27:24 +0800] "GET /jtlmfddx.php HTTP/1.1" 404 47 "www.google.com" "Mozilla/5.0 (Windows NT 10.0; Win64; x64) AppleWebKit/537.36 (KHTML, like Gecko) Chrome/91.0.4472.124 Safari/537.36"
85.11.167.5 - - [22/Jul/2026:09:27:28 +0800] "GET /wp-admin/theme-install.php?tab=upload HTTP/1.1" 200 82338 "www.google.com" "Mozilla/5.0 (Windows NT 10.0; Win64; x64) AppleWebKit/537.36 (KHTML, like Gecko) Chrome/91.0.4472.124 Safari/537.36"
85.11.167.5 - - [22/Jul/2026:09:27:35 +0800] "POST /wp-admin/update.php?action=upload-theme HTTP/1.1" 200 75822 "www.google.com" "Mozilla/5.0 (Windows NT 10.0; Win64; x64) AppleWebKit/537.36 (KHTML, like Gecko) Chrome/91.0.4472.124 Safari/537.36"
85.11.167.5 - - [22/Jul/2026:09:27:36 +0800] "GET /wp-content/themes/vroapbg/about.php HTTP/1.1" 404 47 "www.google.com" "Mozilla/5.0 (Windows NT 10.0; Win64; x64) AppleWebKit/537.36 (KHTML, like Gecko) Chrome/91.0.4472.124 Safari/537.36"
85.11.167.5 - - [22/Jul/2026:09:27:39 +0800] "GET /wp-admin/theme-editor.php?file=404.php HTTP/1.1" 200 84110 "www.google.com" "Mozilla/5.0 (Windows NT 10.0; Win64; x64) AppleWebKit/537.36 (KHTML, like Gecko) Chrome/91.0.4472.124 Safari/537.36"
85.11.167.5 - - [22/Jul/2026:09:27:42 +0800] "GET /wp-admin/plugin-install.php?tab=upload HTTP/1.1" 200 79510 "www.google.com" "Mozilla/5.0 (Windows NT 10.0; Win64; x64) AppleWebKit/537.36 (KHTML, like Gecko) Chrome/91.0.4472.124 Safari/537.36"
85.11.167.5 - - [22/Jul/2026:09:27:45 +0800] "POST /wp-admin/update.php?action=upload-plugin HTTP/1.1" 500 2568 "www.google.com" "Mozilla/5.0 (Windows NT 10.0; Win64; x64) AppleWebKit/537.36 (KHTML, like Gecko) Chrome/91.0.4472.124 Safari/537.36"
85.11.167.5 - - [22/Jul/2026:09:27:45 +0800] "GET /wp-content/uploads/2026/07/bdmmylxj.php HTTP/1.1" 404 47 "www.google.com" "Mozilla/5.0 (Windows NT 10.0; Win64; x64) AppleWebKit/537.36 (KHTML, like Gecko) Chrome/91.0.4472.124 Safari/537.36"
85.11.167.5 - - [22/Jul/2026:09:27:46 +0800] "GET /wp-content/uploads/2026/bdmmylxj.php HTTP/1.1" 404 47 "www.google.com" "Mozilla/5.0 (Windows NT 10.0; Win64; x64) AppleWebKit/537.36 (KHTML, like Gecko) Chrome/91.0.4472.124 Safari/537.36"
85.11.167.5 - - [22/Jul/2026:09:27:46 +0800] "GET /wp-content/uploads/bdmmylxj.php HTTP/1.1" 404 47 "www.google.com" "Mozilla/5.0 (Windows NT 10.0; Win64; x64) AppleWebKit/537.36 (KHTML, like Gecko) Chrome/91.0.4472.124 Safari/537.36"
85.11.167.5 - - [22/Jul/2026:09:27:47 +0800] "GET /wp-content/bdmmylxj.php HTTP/1.1" 404 47 "www.google.com" "Mozilla/5.0 (Windows NT 10.0; Win64; x64) AppleWebKit/537.36 (KHTML, like Gecko) Chrome/91.0.4472.124 Safari/537.36"
85.11.167.5 - - [22/Jul/2026:09:27:47 +0800] "GET /bdmmylxj.php HTTP/1.1" 404 47 "www.google.com" "Mozilla/5.0 (Windows NT 10.0; Win64; x64) AppleWebKit/537.36 (KHTML, like Gecko) Chrome/91.0.4472.124 Safari/537.36"
85.11.167.5 - - [22/Jul/2026:09:27:50 +0800] "GET /wp-admin/theme-editor.php?file=404.php HTTP/1.1" 200 84110 "www.google.com" "Mozilla/5.0 (Windows NT 10.0; Win64; x64) AppleWebKit/537.36 (KHTML, like Gecko) Chrome/91.0.4472.124 Safari/537.36"
36.133.115.36 - - [22/Jul/2026:09:28:59 +0800] "POST /wp-cron.php?doing_wp_cron=1784683739.5403890609741210937500 HTTP/1.1" 200 31 "-" "WordPress/7.0; http://cqqizhou.com"
47.103.148.210 - - [22/Jul/2026:09:28:59 +0800] "GET / HTTP/1.1" 301 5 "-" "Mozilla/5.0 (iPhone; CPU iPhone OS 13_2_3 like Mac OS X) AppleWebKit/605.1.15 (KHTML, like Gecko) Version/13.0.3 Mobile/15E148 Safari/604.1"
47.103.148.210 - - [22/Jul/2026:09:29:04 +0800] "GET / HTTP/1.1" 200 35070 "http://www.cqqizhou.com" "Mozilla/5.0 (iPhone; CPU iPhone OS 13_2_3 like Mac OS X) AppleWebKit/605.1.15 (KHTML, like Gecko) Version/13.0.3 Mobile/15E148 Safari/604.1"
61.147.227.196 - - [22/Jul/2026:09:33:18 +0800] "GET /wp-content/uploads/revslider/slider-1/1750861156-logistics_Slider_3840%C3%972160_20250625191356-scaled.webp HTTP/1.1" 304 0 "-" "Mozilla/5.0 (Macintosh; Intel Mac OS X 10_15_7) AppleWebKit/537.36 (KHTML, like Gecko) Chrome/120.0.0.0 Safari/537.36"
36.133.115.36 - - [22/Jul/2026:09:33:51 +0800] "POST /wp-cron.php?doing_wp_cron=1784684031.7430419921875000000000 HTTP/1.1" 200 31 "-" "WordPress/7.0; http://cqqizhou.com"
180.97.39.181 - - [22/Jul/2026:09:33:51 +0800] "GET /news/tag/%C3%A5%C2%AE%C2%89%C3%A5%C2%85%C2%A8%C3%A7%C2%94%C2%9F%C3%A4%C2%BA%C2%A7%C3%A6%C2%9C%C2%88 HTTP/1.1" 404 9497 "http://m.baidu.com/s?wd=plusgfa" "pc"
36.133.115.36 - - [22/Jul/2026:09:38:20 +0800] "POST /wp-cron.php?doing_wp_cron=1784684300.4335379600524902343750 HTTP/1.1" 200 31 "-" "WordPress/7.0; http://cqqizhou.com"
160.119.71.9 - - [22/Jul/2026:09:38:20 +0800] "GET / HTTP/1.1" 200 109837 "-" "Mozilla/5.0 (X11; Linux x86_64; rv:144.0) Gecko/20100101 Firefox/144.0"
195.182.16.23 - - [22/Jul/2026:09:38:52 +0800] "GET /SDK/webLanguage HTTP/1.1" 301 5 "-" "Mozilla/5.0 (Windows NT 10.0; Win64; x64) AppleWebKit/537.36 (KHTML, like Gecko) Chrome/90.0.4430.85 Safari/537.36 Edg/90.0.818.46"
36.133.115.36 - - [22/Jul/2026:09:47:09 +0800] "POST /wp-cron.php?doing_wp_cron=1784684829.6748809814453125000000 HTTP/1.1" 200 31 "-" "WordPress/7.0; http://cqqizhou.com"
85.11.167.5 - - [22/Jul/2026:09:47:09 +0800] "GET /wp-login.php HTTP/1.1" 200 2820 "www.google.com" "Mozilla/5.0 (Windows NT 10.0; Win64; x64) AppleWebKit/537.36 (KHTML, like Gecko) Chrome/91.0.4472.124 Safari/537.36"
85.11.167.5 - - [22/Jul/2026:09:47:11 +0800] "POST /wp-login.php HTTP/1.1" 302 5 "http://cqqizhou.com/wp-admin/" "Mozilla/5.0 (Windows NT 10.0; Win64; x64) AppleWebKit/537.36 (KHTML, like Gecko) Chrome/91.0.4472.124 Safari/537.36"
85.11.167.5 - - [22/Jul/2026:09:47:13 +0800] "GET /wp-admin/ HTTP/1.1" 200 90416 "http://cqqizhou.com/wp-admin/" "Mozilla/5.0 (Windows NT 10.0; Win64; x64) AppleWebKit/537.36 (KHTML, like Gecko) Chrome/91.0.4472.124 Safari/537.36"
85.11.167.5 - - [22/Jul/2026:09:47:17 +0800] "GET /wp-admin/ HTTP/1.1" 200 90431 "www.google.com" "Mozilla/5.0 (Windows NT 10.0; Win64; x64) AppleWebKit/537.36 (KHTML, like Gecko) Chrome/91.0.4472.124 Safari/537.36"
85.11.167.5 - - [22/Jul/2026:09:47:20 +0800] "GET /wp-admin/plugin-install.php?tab=upload HTTP/1.1" 200 79509 "www.google.com" "Mozilla/5.0 (Windows NT 10.0; Win64; x64) AppleWebKit/537.36 (KHTML, like Gecko) Chrome/91.0.4472.124 Safari/537.36"
85.11.167.5 - - [22/Jul/2026:09:47:30 +0800] "POST /wp-admin/update.php?action=upload-plugin HTTP/1.1" 200 75700 "www.google.com" "Mozilla/5.0 (Windows NT 10.0; Win64; x64) AppleWebKit/537.36 (KHTML, like Gecko) Chrome/91.0.4472.124 Safari/537.36"
