File: /home/logs/cqqizhou_access_2026-07-22.log
36.133.115.36 - - [22/Jul/2026:00:16:24 +0800] "POST /wp-cron.php?doing_wp_cron=1784650584.0497729778289794921875 HTTP/1.1" 200 31 "-" "WordPress/7.0; http://cqqizhou.com"
43.135.148.92 - - [22/Jul/2026:00:16:24 +0800] "GET / HTTP/1.1" 200 35072 "-" "Mozilla/5.0 (iPhone; CPU iPhone OS 13_2_3 like Mac OS X) AppleWebKit/605.1.15 (KHTML, like Gecko) Version/13.0.3 Mobile/15E148 Safari/604.1"
36.133.115.36 - - [22/Jul/2026:00:39:01 +0800] "POST /wp-cron.php?doing_wp_cron=1784651941.1546659469604492187500 HTTP/1.1" 200 31 "-" "WordPress/7.0; http://cqqizhou.com"
220.181.108.101 - - [22/Jul/2026:00:39:01 +0800] "GET /news/tag/%E5%AE%89%E5%85%A8%E7%94%9F%E4%BA%A7%E6%9C%88 HTTP/1.1" 200 22887 "-" "Mozilla/5.0 (compatible; Baiduspider/2.0; +http://www.baidu.com/search/spider.html)"
36.133.115.36 - - [22/Jul/2026:00:57:10 +0800] "POST /wp-cron.php?doing_wp_cron=1784653030.6156699657440185546875 HTTP/1.1" 200 31 "-" "WordPress/7.0; http://cqqizhou.com"
123.98.37.129 - - [22/Jul/2026:00:57:10 +0800] "GET /news/2486 HTTP/1.1" 200 24653 "-" "Mozilla/5.0 (Windows NT 10.0; Win64; x64) AppleWebKit/537.36 (KHTML, like Gecko) Chrome/149.0.0.0 Safari/537.36 Edg/149.0.0.0"
43.161.233.190 - - [22/Jul/2026:00:57:15 +0800] "GET / HTTP/1.1" 301 5 "-" "Mozilla/5.0 (iPhone; CPU iPhone OS 13_2_3 like Mac OS X) AppleWebKit/605.1.15 (KHTML, like Gecko) Version/13.0.3 Mobile/15E148 Safari/604.1"
43.161.233.190 - - [22/Jul/2026:00:57:17 +0800] "GET / HTTP/1.1" 200 35074 "http://www.cqqizhou.com" "Mozilla/5.0 (iPhone; CPU iPhone OS 13_2_3 like Mac OS X) AppleWebKit/605.1.15 (KHTML, like Gecko) Version/13.0.3 Mobile/15E148 Safari/604.1"
36.133.115.36 - - [22/Jul/2026:01:20:52 +0800] "POST /wp-cron.php?doing_wp_cron=1784654452.7351920604705810546875 HTTP/1.1" 200 31 "-" "WordPress/7.0; http://cqqizhou.com"
110.249.202.238 - - [22/Jul/2026:01:20:52 +0800] "GET /news/2418 HTTP/1.1" 200 23833 "-" "Mozilla/5.0 (Linux; Android 5.0) AppleWebKit/537.36 (KHTML, like Gecko) Mobile Safari/537.36 (compatible; Bytespider; https://zhanzhang.toutiao.com/)"
110.249.202.238 - - [22/Jul/2026:01:20:53 +0800] "GET /wp-content/uploads/2026/06/1782708718-1Article_images_W900px-768x432.webp HTTP/1.1" 206 500 "http://cqqizhou.com/news/2418" "Mozilla/5.0 (Linux; Android 5.0) AppleWebKit/537.36 (KHTML, like Gecko) Mobile Safari/537.36 (compatible; Bytespider; https://zhanzhang.toutiao.com/)"
110.249.202.28 - - [22/Jul/2026:01:20:53 +0800] "GET /wp-content/uploads/2025/07/1751425283-qizhou.kf_.qq_.com_.webp HTTP/1.1" 206 500 "http://cqqizhou.com/news/2418" "Mozilla/5.0 (Linux; Android 5.0) AppleWebKit/537.36 (KHTML, like Gecko) Mobile Safari/537.36 (compatible; Bytespider; https://zhanzhang.toutiao.com/)"
110.249.202.86 - - [22/Jul/2026:01:20:53 +0800] "GET /wp-content/uploads/revslider/slider-1/1750861156-logistics_Slider_3840%C3%972160_20250625191356-scaled-768x432.webp HTTP/1.1" 206 500 "http://cqqizhou.com/news/2418" "Mozilla/5.0 (Linux; Android 5.0) AppleWebKit/537.36 (KHTML, like Gecko) Mobile Safari/537.36 (compatible; Bytespider; https://zhanzhang.toutiao.com/)"
110.249.202.81 - - [22/Jul/2026:01:20:53 +0800] "GET /wp-content/uploads/2026/06/1782392245-Article_images_W900px-768x432.webp HTTP/1.1" 206 500 "http://cqqizhou.com/news/2418" "Mozilla/5.0 (Linux; Android 5.0) AppleWebKit/537.36 (KHTML, like Gecko) Mobile Safari/537.36 (compatible; Bytespider; https://zhanzhang.toutiao.com/)"
110.249.202.81 - - [22/Jul/2026:01:20:53 +0800] "GET /wp-content/uploads/2025/07/1753410289-News2000%C3%97400_202571.webp HTTP/1.1" 206 500 "http://cqqizhou.com/news/2418" "Mozilla/5.0 (Linux; Android 5.0) AppleWebKit/537.36 (KHTML, like Gecko) Mobile Safari/537.36 (compatible; Bytespider; https://zhanzhang.toutiao.com/)"
36.133.115.36 - - [22/Jul/2026:01:29:00 +0800] "POST /wp-cron.php?doing_wp_cron=1784654940.3043038845062255859375 HTTP/1.1" 200 31 "-" "WordPress/7.0; http://cqqizhou.com"
44.220.233.148 - - [22/Jul/2026:01:29:00 +0800] "GET / HTTP/1.1" 301 5 "-" "Mozilla/5.0 (Windows NT 10.0; Win64; x64) AppleWebKit/537.36 (KHTML, like Gecko) Chrome/136.0.0.0 Safari/537.36 Edg/136.0.0.0"
3.219.86.171 - - [22/Jul/2026:01:29:01 +0800] "GET / HTTP/1.1" 200 35515 "-" "Mozilla/5.0 (Windows NT 10.0; Win64; x64) AppleWebKit/537.36 (KHTML, like Gecko) Chrome/136.0.0.0 Safari/537.36 Edg/136.0.0.0"
36.133.115.36 - - [22/Jul/2026:01:31:26 +0800] "POST /wp-cron.php?doing_wp_cron=1784655085.9986400604248046875000 HTTP/1.1" 200 31 "-" "WordPress/7.0; http://cqqizhou.com"
115.159.33.43 - - [22/Jul/2026:01:31:26 +0800] "GET / HTTP/1.1" 301 5 "-" "Mozilla/5.0 (Windows NT 10.0; Win64; x64) AppleWebKit/537.36 (KHTML, like Gecko) Chrome/79.0.3945.117 Safari/537.36"
110.249.201.159 - - [22/Jul/2026:01:45:59 +0800] "GET /wp-content/uploads/2026/06/1782708718-1Article_images_W900px-768x432.webp HTTP/1.1" 200 59352 "http://cqqizhou.com/news/2418" "Mozilla/5.0 (Linux; Android 5.0) AppleWebKit/537.36 (KHTML, like Gecko) Mobile Safari/537.36 (compatible; Bytespider; https://zhanzhang.toutiao.com/)"
36.133.115.36 - - [22/Jul/2026:01:54:08 +0800] "POST /wp-cron.php?doing_wp_cron=1784656448.4462559223175048828125 HTTP/1.1" 200 31 "-" "WordPress/7.0; http://cqqizhou.com"
122.8.46.188 - - [22/Jul/2026:01:54:08 +0800] "GET /news/2575 HTTP/1.1" 200 25496 "-" "Mozilla/5.0 (Windows NT 10.0; Win64; x64) AppleWebKit/537.36 (KHTML, like Gecko) Chrome/149.0.0.0 Safari/537.36 Edg/149.0.0.0"
34.48.7.140 - - [22/Jul/2026:01:54:12 +0800] "HEAD /wp/ HTTP/1.1" 404 0 "-" "Mozilla/5.0 (Linux; Android 13; Infinix X688B) AppleWebKit/537.36 (KHTML, like Gecko) Chrome/124.0.6367.48 Mobile Safari/537.36"
34.48.7.140 - - [22/Jul/2026:01:54:13 +0800] "HEAD /new/ HTTP/1.1" 301 0 "-" "Mozilla/5.0 (Linux; Android 13; Pixel 7a) AppleWebKit/537.36 (KHTML, like Gecko) Chrome/124.0.6367.82 Mobile Safari/537.36"
34.48.7.140 - - [22/Jul/2026:01:54:14 +0800] "HEAD /news HTTP/1.1" 200 0 "http://cqqizhou.com/new/" "Mozilla/5.0 (Linux; Android 13; Pixel 7a) AppleWebKit/537.36 (KHTML, like Gecko) Chrome/124.0.6367.82 Mobile Safari/537.36"
34.48.7.140 - - [22/Jul/2026:01:54:15 +0800] "HEAD /wordpress/ HTTP/1.1" 404 0 "-" "Mozilla/5.0 (Linux; Android 12; Redmi Note 11) AppleWebKit/537.36 (KHTML, like Gecko) Chrome/123.0.6312.112 Mobile Safari/537.36"
34.48.7.140 - - [22/Jul/2026:01:54:16 +0800] "HEAD /blog/ HTTP/1.1" 404 0 "-" "Mozilla/5.0 (Linux; Android 10; vivo 1904) AppleWebKit/537.36 (KHTML, like Gecko) Chrome/117.0.5938.60 Mobile Safari/537.36"
34.48.7.140 - - [22/Jul/2026:01:54:17 +0800] "HEAD /backup/ HTTP/1.1" 404 0 "-" "Mozilla/5.0 (X11; Linux x86_64) AppleWebKit/537.36 (KHTML, like Gecko) Chrome/125.0.6422.76 Safari/537.36"
34.48.7.140 - - [22/Jul/2026:01:54:18 +0800] "HEAD /old/ HTTP/1.1" 404 0 "-" "Mozilla/5.0 (Linux; Android 10; vivo 1904) AppleWebKit/537.36 (KHTML, like Gecko) Chrome/117.0.5938.60 Mobile Safari/537.36"
34.48.7.140 - - [22/Jul/2026:01:54:19 +0800] "HEAD / HTTP/1.1" 200 0 "-" "Mozilla/5.0 (Linux; Android 12; TECNO CK6n) AppleWebKit/537.36 (KHTML, like Gecko) Chrome/125.0.6422.50 Mobile Safari/537.36"
36.133.115.36 - - [22/Jul/2026:01:56:08 +0800] "POST /wp-cron.php?doing_wp_cron=1784656568.1358520984649658203125 HTTP/1.1" 200 31 "-" "WordPress/7.0; http://cqqizhou.com"
5.61.209.43 - - [22/Jul/2026:01:56:08 +0800] "GET /SDK/webLanguage HTTP/1.1" 301 5 "-" "Mozilla/5.0 (Windows NT 10.0; Win64; x64) AppleWebKit/537.36 (KHTML, like Gecko) Chrome/90.0.4430.85 Safari/537.36 Edg/90.0.818.46"
36.133.115.36 - - [22/Jul/2026:02:01:39 +0800] "POST /wp-cron.php?doing_wp_cron=1784656899.0466470718383789062500 HTTP/1.1" 200 31 "-" "WordPress/7.0; http://cqqizhou.com"
110.249.201.240 - - [22/Jul/2026:02:01:39 +0800] "GET /news/2418 HTTP/1.1" 200 23831 "-" "Mozilla/5.0 (Linux; Android 5.0) AppleWebKit/537.36 (KHTML, like Gecko) Mobile Safari/537.36 (compatible; Bytespider; https://zhanzhang.toutiao.com/)"
36.133.115.36 - - [22/Jul/2026:02:07:56 +0800] "POST /wp-cron.php?doing_wp_cron=1784657276.5920069217681884765625 HTTP/1.1" 200 31 "-" "WordPress/7.0; http://cqqizhou.com"
64.23.212.161 - - [22/Jul/2026:02:07:56 +0800] "GET / HTTP/1.1" 301 5 "-" "Mozilla/5.0 (X11; Linux x86_64) AppleWebKit/537.36 (KHTML, like Gecko) Chrome/142.0.0.0 Safari/537.36"
36.133.115.36 - - [22/Jul/2026:02:32:10 +0800] "POST /wp-cron.php?doing_wp_cron=1784658730.8986480236053466796875 HTTP/1.1" 200 31 "-" "WordPress/7.0; http://cqqizhou.com"
106.54.205.121 - - [22/Jul/2026:02:32:10 +0800] "GET / HTTP/1.1" 301 5 "-" "Mozilla/5.0 (compatible; Baiduspider/2.0; +http://www.baidu.com/search/spider.html)"
106.54.205.121 - - [22/Jul/2026:02:32:11 +0800] "GET / HTTP/1.1" 200 35515 "http://123.cqqizhou.com" "Mozilla/5.0 (compatible; Baiduspider/2.0; +http://www.baidu.com/search/spider.html)"
151.246.221.50 - - [22/Jul/2026:02:34:20 +0800] "GET /wp-content/uploads/2026/06/1782708718-1Article_images_W900px-768x432.webp HTTP/1.1" 200 59352 "http://cqqizhou.com/news/2418" "Mozilla/5.0 (Macintosh; Intel Mac OS X 10_15_7) AppleWebKit/537.36 (KHTML, like Gecko) Chrome/130.0.0.0 Safari/537.36"
36.133.115.36 - - [22/Jul/2026:02:39:41 +0800] "POST /wp-cron.php?doing_wp_cron=1784659181.4550170898437500000000 HTTP/1.1" 200 31 "-" "WordPress/7.0; http://cqqizhou.com"
114.119.138.179 - - [22/Jul/2026:02:39:41 +0800] "GET /services/ HTTP/1.1" 301 5 "http://cqqizhou.com/services/" "Mozilla/5.0 (Linux; Android 7.0;) AppleWebKit/537.36 (HTML, like Gecko) Mobile Safari/537.36 (compatible; PetalBot;+https://webmaster.petalsearch.com/site/petalbot)"
114.119.138.179 - - [22/Jul/2026:02:39:43 +0800] "GET /services HTTP/1.1" 200 26395 "http://cqqizhou.com/services/" "Mozilla/5.0 (Linux; Android 7.0;) AppleWebKit/537.36 (HTML, like Gecko) Mobile Safari/537.36 (compatible; PetalBot;+https://webmaster.petalsearch.com/site/petalbot)"
88.151.195.101 - - [22/Jul/2026:02:48:29 +0800] "GET /wp-content/uploads/2026/04/1775195056-2Article_images_W900px.webp HTTP/1.1" 200 29660 "-" "Mozilla/5.0 (Windows NT 10.0; Win64; x64) AppleWebKit/537.36 (KHTML, like Gecko) Chrome/120.0.0.0 Safari/537.36"
36.133.115.36 - - [22/Jul/2026:02:57:16 +0800] "POST /wp-cron.php?doing_wp_cron=1784660236.6515080928802490234375 HTTP/1.1" 200 31 "-" "WordPress/7.0; http://cqqizhou.com"
198.244.183.121 - - [22/Jul/2026:02:57:16 +0800] "GET /robots.txt HTTP/1.1" 200 190 "-" "Mozilla/5.0 (compatible; AhrefsBot/7.0; +http://ahrefs.com/robot/)"
54.38.147.37 - - [22/Jul/2026:02:57:19 +0800] "GET /portfolio-tag/pangang/ HTTP/1.1" 404 9498 "-" "Mozilla/5.0 (compatible; AhrefsBot/7.0; +http://ahrefs.com/robot/)"
156.59.198.135 - - [22/Jul/2026:02:58:10 +0800] "GET /wp-content/uploads/2026/06/1782708718-1Article_images_W900px-768x432.webp HTTP/1.1" 200 59352 "http://cqqizhou.com/news/2418" "Mozilla/5.0 (Linux; Android 5.0) AppleWebKit/537.36 (KHTML, like Gecko) Mobile Safari/537.36 (compatible; Bytespider; spider-feedback@bytedance.com)"
36.133.115.36 - - [22/Jul/2026:02:59:24 +0800] "POST /wp-cron.php?doing_wp_cron=1784660363.9882218837738037109375 HTTP/1.1" 200 31 "-" "WordPress/7.0; http://cqqizhou.com"
43.155.195.141 - - [22/Jul/2026:02:59:24 +0800] "GET / HTTP/1.1" 200 35072 "-" "Mozilla/5.0 (iPhone; CPU iPhone OS 13_2_3 like Mac OS X) AppleWebKit/605.1.15 (KHTML, like Gecko) Version/13.0.3 Mobile/15E148 Safari/604.1"
36.133.115.36 - - [22/Jul/2026:03:00:32 +0800] "POST /wp-cron.php?doing_wp_cron=1784660432.3224871158599853515625 HTTP/1.1" 200 31 "-" "WordPress/7.0; http://cqqizhou.com"
114.119.132.85 - - [22/Jul/2026:03:00:32 +0800] "GET /services HTTP/1.1" 200 26398 "http://cqqizhou.com/services" "Mozilla/5.0 (Linux; Android 7.0;) AppleWebKit/537.36 (HTML, like Gecko) Mobile Safari/537.36 (compatible; PetalBot;+https://webmaster.petalsearch.com/site/petalbot)"
36.133.115.36 - - [22/Jul/2026:03:12:53 +0800] "POST /wp-cron.php?doing_wp_cron=1784661173.7221000194549560546875 HTTP/1.1" 200 31 "-" "WordPress/7.0; http://cqqizhou.com"
82.156.34.74 - - [22/Jul/2026:03:12:53 +0800] "GET / HTTP/1.1" 200 35072 "-" "Mozilla/5.0 (iPhone; CPU iPhone OS 13_2_3 like Mac OS X) AppleWebKit/605.1.15 (KHTML, like Gecko) Version/13.0.3 Mobile/15E148 Safari/604.1"
36.133.115.36 - - [22/Jul/2026:03:29:27 +0800] "POST /wp-cron.php?doing_wp_cron=1784662167.2188119888305664062500 HTTP/1.1" 200 31 "-" "WordPress/7.0; http://cqqizhou.com"
195.182.16.23 - - [22/Jul/2026:03:29:27 +0800] "GET /SDK/webLanguage HTTP/1.1" 301 5 "-" "Mozilla/5.0 (Windows NT 10.0; Win64; x64) AppleWebKit/537.36 (KHTML, like Gecko) Chrome/90.0.4430.85 Safari/537.36 Edg/90.0.818.46"
36.133.115.36 - - [22/Jul/2026:03:36:21 +0800] "POST /wp-cron.php?doing_wp_cron=1784662581.6394090652465820312500 HTTP/1.1" 200 31 "-" "WordPress/7.0; http://cqqizhou.com"
149.102.142.63 - - [22/Jul/2026:03:36:22 +0800] "GET /?rest_route=/ HTTP/1.1" 200 109518 "-" "cve-2026-63030/1.0"
114.119.135.202 - - [22/Jul/2026:03:36:27 +0800] "GET /media/ HTTP/1.1" 301 5 "http://cqqizhou.com/media/" "Mozilla/5.0 (Linux; Android 7.0;) AppleWebKit/537.36 (HTML, like Gecko) Mobile Safari/537.36 (compatible; PetalBot;+https://webmaster.petalsearch.com/site/petalbot)"
114.119.135.202 - - [22/Jul/2026:03:36:29 +0800] "GET /media HTTP/1.1" 200 26496 "http://cqqizhou.com/media/" "Mozilla/5.0 (Linux; Android 7.0;) AppleWebKit/537.36 (HTML, like Gecko) Mobile Safari/537.36 (compatible; PetalBot;+https://webmaster.petalsearch.com/site/petalbot)"
149.102.142.63 - - [22/Jul/2026:03:36:32 +0800] "POST /?rest_route=/batch/v1 HTTP/1.1" 207 1700290 "-" "cve-2026-63030/1.0"
149.102.142.63 - - [22/Jul/2026:03:36:34 +0800] "GET /?rest_route=%2Fwp%2Fv2%2Fposts&per_page=1&_fields=link HTTP/1.1" 200 57 "-" "cve-2026-63030/1.0"
149.102.142.63 - - [22/Jul/2026:03:36:36 +0800] "POST /?rest_route=/batch/v1 HTTP/1.1" 207 926 "-" "cve-2026-63030/1.0"
149.102.142.63 - - [22/Jul/2026:03:36:44 +0800] "POST /?rest_route=/batch/v1 HTTP/1.1" 207 1700478 "-" "cve-2026-63030/1.0"
149.102.142.63 - - [22/Jul/2026:03:36:51 +0800] "POST /?rest_route=/batch/v1 HTTP/1.1" 207 1700527 "-" "cve-2026-63030/1.0"
149.102.142.63 - - [22/Jul/2026:03:36:57 +0800] "POST /?rest_route=/batch/v1 HTTP/1.1" 207 1700476 "-" "cve-2026-63030/1.0"
149.102.142.63 - - [22/Jul/2026:03:37:04 +0800] "POST /?rest_route=/batch/v1 HTTP/1.1" 207 1700476 "-" "cve-2026-63030/1.0"
36.133.115.36 - - [22/Jul/2026:03:37:08 +0800] "POST /wp-cron.php?doing_wp_cron=1784662628.0981559753417968750000 HTTP/1.1" 200 31 "-" "WordPress/7.0; http://cqqizhou.com"
149.102.142.63 - - [22/Jul/2026:03:37:10 +0800] "POST /?rest_route=/batch/v1 HTTP/1.1" 207 1700476 "-" "cve-2026-63030/1.0"
149.102.142.63 - - [22/Jul/2026:03:37:12 +0800] "POST /?rest_route=/batch/v1 HTTP/1.1" 207 3707 "-" "cve-2026-63030/1.0"
149.102.142.63 - - [22/Jul/2026:03:37:14 +0800] "GET /wp-login.php HTTP/1.1" 200 8377 "-" "cve-2026-63030/1.0"
149.102.142.63 - - [22/Jul/2026:03:37:16 +0800] "POST /wp-login.php HTTP/1.1" 302 5 "-" "cve-2026-63030/1.0"
149.102.142.63 - - [22/Jul/2026:03:37:20 +0800] "GET /wp-admin/ HTTP/1.1" 302 5 "-" "cve-2026-63030/1.0"
149.102.142.63 - - [22/Jul/2026:03:37:22 +0800] "GET /wp-login.php?redirect_to=http%3A%2F%2Fcqqizhou.com%2Fwp-admin%2F&reauth=1 HTTP/1.1" 200 8377 "-" "cve-2026-63030/1.0"
149.102.142.63 - - [22/Jul/2026:03:37:30 +0800] "GET /wp-admin/plugin-install.php?tab=upload HTTP/1.1" 200 342604 "-" "cve-2026-63030/1.0"
149.102.142.63 - - [22/Jul/2026:03:37:43 +0800] "POST /wp-admin/update.php?action=upload-plugin HTTP/1.1" 200 328098 "-" "cve-2026-63030/1.0"
149.102.142.63 - - [22/Jul/2026:03:37:58 +0800] "GET /wp-content/plugins/lab_wp2_cmd_0710b8cc/lab_wp2_cmd_0710b8cc.php?t=9072e09626da62094f9691ac437dae06 HTTP/1.1" 499 0 "-" "cve-2026-63030/1.0"
149.102.142.63 - - [22/Jul/2026:03:38:00 +0800] "GET /wp-content/plugins/lab_wp2_cmd_0710b8cc/lab_wp2_cmd_0710b8cc.php?t=9072e09626da62094f9691ac437dae06&delete_user=wp2_f0bcfc130b26&reassign=1 HTTP/1.1" 200 30 "-" "cve-2026-63030/1.0"
149.102.142.63 - - [22/Jul/2026:03:38:01 +0800] "GET /wp-content/plugins/lab_wp2_cmd_0710b8cc/lab_wp2_cmd_0710b8cc.php?t=9072e09626da62094f9691ac437dae06&cleanup=1 HTTP/1.1" 200 25 "-" "cve-2026-63030/1.0"
149.102.142.63 - - [22/Jul/2026:03:38:03 +0800] "GET /?rest_route=/ HTTP/1.1" 200 109518 "-" "cve-2026-63030/1.0"
36.133.115.36 - - [22/Jul/2026:03:38:13 +0800] "POST /wp-cron.php?doing_wp_cron=1784662693.0981791019439697265625 HTTP/1.1" 200 31 "-" "WordPress/7.0; http://cqqizhou.com"
149.102.142.63 - - [22/Jul/2026:03:38:15 +0800] "POST /?rest_route=/batch/v1 HTTP/1.1" 207 1700290 "-" "cve-2026-63030/1.0"
149.102.142.63 - - [22/Jul/2026:03:38:16 +0800] "GET /?rest_route=%2Fwp%2Fv2%2Fposts&per_page=1&_fields=link HTTP/1.1" 200 57 "-" "cve-2026-63030/1.0"
149.102.142.63 - - [22/Jul/2026:03:38:19 +0800] "POST /?rest_route=/batch/v1 HTTP/1.1" 207 926 "-" "cve-2026-63030/1.0"
36.133.115.36 - - [22/Jul/2026:03:38:22 +0800] "POST /wp-cron.php?doing_wp_cron=1784662702.8677990436553955078125 HTTP/1.1" 200 31 "-" "WordPress/7.0; http://cqqizhou.com"
149.102.142.63 - - [22/Jul/2026:03:38:25 +0800] "POST /?rest_route=/batch/v1 HTTP/1.1" 207 1700478 "-" "cve-2026-63030/1.0"
149.102.142.63 - - [22/Jul/2026:03:38:32 +0800] "POST /?rest_route=/batch/v1 HTTP/1.1" 207 1700527 "-" "cve-2026-63030/1.0"
149.102.142.63 - - [22/Jul/2026:03:38:38 +0800] "POST /?rest_route=/batch/v1 HTTP/1.1" 207 1700476 "-" "cve-2026-63030/1.0"
149.102.142.63 - - [22/Jul/2026:03:38:45 +0800] "POST /?rest_route=/batch/v1 HTTP/1.1" 207 1700476 "-" "cve-2026-63030/1.0"
149.102.142.63 - - [22/Jul/2026:03:38:53 +0800] "POST /?rest_route=/batch/v1 HTTP/1.1" 207 1700476 "-" "cve-2026-63030/1.0"
149.102.142.63 - - [22/Jul/2026:03:38:55 +0800] "POST /?rest_route=/batch/v1 HTTP/1.1" 207 3707 "-" "cve-2026-63030/1.0"
149.102.142.63 - - [22/Jul/2026:03:38:57 +0800] "GET /wp-login.php HTTP/1.1" 200 8377 "-" "cve-2026-63030/1.0"
149.102.142.63 - - [22/Jul/2026:03:38:59 +0800] "POST /wp-login.php HTTP/1.1" 302 5 "-" "cve-2026-63030/1.0"
149.102.142.63 - - [22/Jul/2026:03:39:01 +0800] "GET /wp-admin/ HTTP/1.1" 302 5 "-" "cve-2026-63030/1.0"
149.102.142.63 - - [22/Jul/2026:03:39:03 +0800] "GET /wp-login.php?redirect_to=http%3A%2F%2Fcqqizhou.com%2Fwp-admin%2F&reauth=1 HTTP/1.1" 200 8377 "-" "cve-2026-63030/1.0"
149.102.142.63 - - [22/Jul/2026:03:39:07 +0800] "GET /wp-admin/plugin-install.php?tab=upload HTTP/1.1" 200 342603 "-" "cve-2026-63030/1.0"
36.133.115.36 - - [22/Jul/2026:03:39:12 +0800] "POST /wp-cron.php?doing_wp_cron=1784662752.7290670871734619140625 HTTP/1.1" 200 31 "-" "WordPress/7.0; http://cqqizhou.com"
180.153.236.211 - - [22/Jul/2026:03:39:12 +0800] "GET / HTTP/1.1" 200 35501 "-" "Mozilla/5.0 (Windows NT 10.0; Win64; x64) AppleWebKit/537.36 (KHTML, like Gecko) Chrome/140.0.0.0 Safari/537.36 Edg/140.0.0.0; 360Spider"
36.133.115.36 - - [22/Jul/2026:03:39:16 +0800] "POST /wp-cron.php?doing_wp_cron=1784662756.1501860618591308593750 HTTP/1.1" 200 31 "-" "WordPress/7.0; http://cqqizhou.com"
149.102.142.63 - - [22/Jul/2026:03:39:17 +0800] "POST /wp-admin/update.php?action=upload-plugin HTTP/1.1" 200 328098 "-" "cve-2026-63030/1.0"
149.102.142.63 - - [22/Jul/2026:03:39:21 +0800] "GET /wp-content/plugins/lab_wp2_cmd_64260555/lab_wp2_cmd_64260555.php?t=e17edc7c004b4eff5855be87788628bf HTTP/1.1" 200 9398 "-" "cve-2026-63030/1.0"
149.102.142.63 - - [22/Jul/2026:03:39:23 +0800] "GET /wp-content/plugins/lab_wp2_cmd_64260555/lab_wp2_cmd_64260555.php?t=e17edc7c004b4eff5855be87788628bf&delete_user=wp2_61b7a91b055b&reassign=1 HTTP/1.1" 200 30 "-" "cve-2026-63030/1.0"
149.102.142.63 - - [22/Jul/2026:03:39:24 +0800] "GET /wp-content/plugins/lab_wp2_cmd_64260555/lab_wp2_cmd_64260555.php?t=e17edc7c004b4eff5855be87788628bf&cleanup=1 HTTP/1.1" 200 25 "-" "cve-2026-63030/1.0"
36.133.115.36 - - [22/Jul/2026:03:46:12 +0800] "POST /wp-cron.php?doing_wp_cron=1784663172.1364049911499023437500 HTTP/1.1" 200 31 "-" "WordPress/7.0; http://cqqizhou.com"
140.206.236.29 - - [22/Jul/2026:03:46:12 +0800] "GET /robots.txt HTTP/1.1" 200 190 "http://cqqizhou.com/robots.txt" "Mozilla/5.0 (Windows NT 10.0; Win64; x64) AppleWebKit/537.36 (KHTML, like Gecko) Chrome/101.0.4951.64 Safari/537.36 Edg/101.0.1210.47"
36.133.115.36 - - [22/Jul/2026:03:58:02 +0800] "POST /wp-cron.php?doing_wp_cron=1784663882.9504389762878417968750 HTTP/1.1" 200 31 "-" "WordPress/7.0; http://cqqizhou.com"
36.133.108.119 - - [22/Jul/2026:03:58:03 +0800] "GET /qz/editor-app/configuration/properties/condition-expression-popup.html?version=1784249900858 HTTP/1.1" 301 5 "-" "Scrapy/2.8.0 (+https://scrapy.org)"
36.133.108.119 - - [22/Jul/2026:03:58:04 +0800] "GET /qz/editor-app/configuration/properties/condition-expression-popup.html?version=1784249900858 HTTP/1.1" 404 9498 "-" "Scrapy/2.8.0 (+https://scrapy.org)"
36.133.115.36 - - [22/Jul/2026:03:59:28 +0800] "POST /wp-cron.php?doing_wp_cron=1784663968.7412269115447998046875 HTTP/1.1" 200 31 "-" "WordPress/7.0; http://cqqizhou.com"
34.44.196.215 - - [22/Jul/2026:03:59:28 +0800] "HEAD /news/2373 HTTP/1.1" 200 0 "-" "Mozilla/5.0 AppleWebKit/537.36 (KHTML, like Gecko); compatible; ShapBot/0.1.0"
34.44.196.215 - - [22/Jul/2026:03:59:33 +0800] "GET /news/2373 HTTP/1.1" 200 95166 "-" "Mozilla/5.0 AppleWebKit/537.36 (KHTML, like Gecko); compatible; ShapBot/0.1.0"
36.133.115.36 - - [22/Jul/2026:04:10:43 +0800] "POST /wp-cron.php?doing_wp_cron=1784664643.7979500293731689453125 HTTP/1.1" 200 31 "-" "WordPress/7.0; http://cqqizhou.com"
34.7.208.87 - - [22/Jul/2026:04:10:43 +0800] "GET /.env HTTP/1.1" 301 5 "-" "internal-scan/1.0"
36.133.115.36 - - [22/Jul/2026:04:11:22 +0800] "POST /wp-cron.php?doing_wp_cron=1784664682.4116740226745605468750 HTTP/1.1" 200 31 "-" "WordPress/7.0; http://cqqizhou.com"
111.225.148.51 - - [22/Jul/2026:04:11:22 +0800] "GET /robots.txt HTTP/1.1" 200 190 "-" "Mozilla/5.0 (Linux; Android 5.0) AppleWebKit/537.36 (KHTML, like Gecko) Mobile Safari/537.36 (compatible; Bytespider; https://zhanzhang.toutiao.com/)"
36.133.115.36 - - [22/Jul/2026:04:25:39 +0800] "POST /wp-cron.php?doing_wp_cron=1784665539.5312459468841552734375 HTTP/1.1" 200 31 "-" "WordPress/7.0; http://cqqizhou.com"
124.156.206.145 - - [22/Jul/2026:04:25:39 +0800] "GET / HTTP/1.1" 301 5 "-" "Mozilla/5.0 (iPhone; CPU iPhone OS 13_2_3 like Mac OS X) AppleWebKit/605.1.15 (KHTML, like Gecko) Version/13.0.3 Mobile/15E148 Safari/604.1"
124.156.206.145 - - [22/Jul/2026:04:25:44 +0800] "GET / HTTP/1.1" 200 35076 "http://36.133.115.36" "Mozilla/5.0 (iPhone; CPU iPhone OS 13_2_3 like Mac OS X) AppleWebKit/605.1.15 (KHTML, like Gecko) Version/13.0.3 Mobile/15E148 Safari/604.1"
49.51.245.241 - - [22/Jul/2026:04:26:04 +0800] "GET / HTTP/1.1" 301 5 "-" "Mozilla/5.0 (iPhone; CPU iPhone OS 13_2_3 like Mac OS X) AppleWebKit/605.1.15 (KHTML, like Gecko) Version/13.0.3 Mobile/15E148 Safari/604.1"
49.51.245.241 - - [22/Jul/2026:04:26:07 +0800] "GET / HTTP/1.1" 200 35077 "http://www.cqqizhou.com" "Mozilla/5.0 (iPhone; CPU iPhone OS 13_2_3 like Mac OS X) AppleWebKit/605.1.15 (KHTML, like Gecko) Version/13.0.3 Mobile/15E148 Safari/604.1"
36.133.108.121 - - [22/Jul/2026:04:32:01 +0800] "HEAD /?rest_route=/batch/v1 HTTP/1.1" 499 0 "-" "Mozilla/5.0 (Windows NT 6.2; WOW64) AppleWebKit/537.36 (KHTML, like Gecko) Chrome/30.0.1599.17 Safari/537.36"
36.133.115.36 - - [22/Jul/2026:04:32:01 +0800] "POST /wp-cron.php?doing_wp_cron=1784665920.9781839847564697265625 HTTP/1.1" 200 31 "-" "WordPress/7.0; http://cqqizhou.com"
163.5.220.199 - - [22/Jul/2026:05:06:47 +0800] "GET http://cqqizhou.com/wp-content/uploads/2025/12/1766388810-Article_images_202507248-768x432.webp HTTP/1.1" 200 70594 "-" "Mozilla/5.0 (compatible; crawler)"
36.133.115.36 - - [22/Jul/2026:05:08:58 +0800] "POST /wp-cron.php?doing_wp_cron=1784668138.6149320602416992187500 HTTP/1.1" 200 31 "-" "WordPress/7.0; http://cqqizhou.com"
111.68.9.162 - - [22/Jul/2026:05:08:58 +0800] "GET /admin-api/system/auth/get-permission-info HTTP/1.1" 404 9498 "-" "Mozilla/5.0 (Windows NT 10.0; WOW64; rv:48.0) Gecko/20100101 Firefox/48.0"
36.133.115.36 - - [22/Jul/2026:05:38:04 +0800] "POST /wp-cron.php?doing_wp_cron=1784669884.4260430335998535156250 HTTP/1.1" 200 31 "-" "WordPress/7.0; http://cqqizhou.com"
182.16.91.106 - - [22/Jul/2026:05:38:04 +0800] "GET / HTTP/1.1" 301 5 "-" "Mozilla/5.0 (Windows NT 10.0; WOW64; rv:48.0) Gecko/20100101 Firefox/48.0"
36.133.115.36 - - [22/Jul/2026:05:38:08 +0800] "POST /wp-cron.php?doing_wp_cron=1784669888.8574030399322509765625 HTTP/1.1" 200 31 "-" "WordPress/7.0; http://cqqizhou.com"
182.16.91.106 - - [22/Jul/2026:05:38:08 +0800] "GET / HTTP/1.1" 200 35510 "-" "Mozilla/5.0 (Windows NT 10.0; WOW64; rv:48.0) Gecko/20100101 Firefox/48.0"
182.16.91.106 - - [22/Jul/2026:05:38:14 +0800] "GET / HTTP/1.1" 301 5 "-" "Mozilla/5.0 (Windows NT 10.0; WOW64; rv:48.0) Gecko/20100101 Firefox/48.0"
182.16.91.106 - - [22/Jul/2026:05:38:15 +0800] "GET / HTTP/1.1" 200 35524 "-" "Mozilla/5.0 (Windows NT 10.0; WOW64; rv:48.0) Gecko/20100101 Firefox/48.0"
47.92.251.132 - - [22/Jul/2026:05:43:30 +0800] "GET / HTTP/1.1" 499 0 "-" "curl/7.78.0"
36.133.115.36 - - [22/Jul/2026:05:43:30 +0800] "POST /wp-cron.php?doing_wp_cron=1784670210.8002119064331054687500 HTTP/1.1" 200 31 "-" "WordPress/7.0; http://cqqizhou.com"
36.133.115.36 - - [22/Jul/2026:05:44:49 +0800] "POST /wp-cron.php?doing_wp_cron=1784670289.6565721035003662109375 HTTP/1.1" 200 31 "-" "WordPress/7.0; http://cqqizhou.com"
39.98.95.25 - - [22/Jul/2026:05:44:49 +0800] "GET / HTTP/1.1" 301 5 "-" "Mozilla/5.0 (Windows NT 6.1; WOW64; rv:53.0) Gecko/20100101 Firefox/53.0"
39.98.95.25 - - [22/Jul/2026:05:44:49 +0800] "GET / HTTP/1.1" 200 35524 "-" "Mozilla/5.0 (Windows NT 6.1; WOW64; rv:53.0) Gecko/20100101 Firefox/53.0"
36.133.115.36 - - [22/Jul/2026:06:04:44 +0800] "POST /wp-cron.php?doing_wp_cron=1784671484.0482659339904785156250 HTTP/1.1" 200 31 "-" "WordPress/7.0; http://cqqizhou.com"
202.141.52.106 - - [22/Jul/2026:06:04:45 +0800] "POST /?rest_route=/batch/v1 HTTP/1.1" 207 1700263 "-" "Mozilla/5.0 (X11; Linux x86_64) AppleWebKit/537.36 (KHTML, like Gecko) Chrome/126.0.0.0 Safari/537.36"
202.141.52.106 - - [22/Jul/2026:06:04:46 +0800] "POST /?rest_route=/batch/v1 HTTP/1.1" 207 822 "-" "Mozilla/5.0 (X11; Linux x86_64) AppleWebKit/537.36 (KHTML, like Gecko) Chrome/126.0.0.0 Safari/537.36"
202.141.52.106 - - [22/Jul/2026:06:04:47 +0800] "GET /?rest_route=%2Fwp%2Fv2%2Fposts&per_page=1&_fields=link HTTP/1.1" 200 57 "-" "Mozilla/5.0 (X11; Linux x86_64) AppleWebKit/537.36 (KHTML, like Gecko) Chrome/126.0.0.0 Safari/537.36"
202.141.52.106 - - [22/Jul/2026:06:04:49 +0800] "POST /?rest_route=/batch/v1 HTTP/1.1" 207 6329 "-" "Mozilla/5.0 (X11; Linux x86_64) AppleWebKit/537.36 (KHTML, like Gecko) Chrome/126.0.0.0 Safari/537.36"
202.141.52.106 - - [22/Jul/2026:06:04:51 +0800] "POST /?rest_route=/batch/v1 HTTP/1.1" 207 1033 "-" "Mozilla/5.0 (X11; Linux x86_64) AppleWebKit/537.36 (KHTML, like Gecko) Chrome/126.0.0.0 Safari/537.36"
202.141.52.106 - - [22/Jul/2026:06:04:52 +0800] "POST /?rest_route=/batch/v1 HTTP/1.1" 207 1033 "-" "Mozilla/5.0 (X11; Linux x86_64) AppleWebKit/537.36 (KHTML, like Gecko) Chrome/126.0.0.0 Safari/537.36"
202.141.52.106 - - [22/Jul/2026:06:04:54 +0800] "POST /?rest_route=/batch/v1 HTTP/1.1" 207 1033 "-" "Mozilla/5.0 (X11; Linux x86_64) AppleWebKit/537.36 (KHTML, like Gecko) Chrome/126.0.0.0 Safari/537.36"
202.141.52.106 - - [22/Jul/2026:06:04:56 +0800] "POST /?rest_route=/batch/v1 HTTP/1.1" 207 1033 "-" "Mozilla/5.0 (X11; Linux x86_64) AppleWebKit/537.36 (KHTML, like Gecko) Chrome/126.0.0.0 Safari/537.36"
202.141.52.106 - - [22/Jul/2026:06:04:57 +0800] "POST /?rest_route=/batch/v1 HTTP/1.1" 207 1033 "-" "Mozilla/5.0 (X11; Linux x86_64) AppleWebKit/537.36 (KHTML, like Gecko) Chrome/126.0.0.0 Safari/537.36"
202.141.52.106 - - [22/Jul/2026:06:04:58 +0800] "POST /?rest_route=/batch/v1 HTTP/1.1" 207 1034 "-" "Mozilla/5.0 (X11; Linux x86_64) AppleWebKit/537.36 (KHTML, like Gecko) Chrome/126.0.0.0 Safari/537.36"
202.141.52.106 - - [22/Jul/2026:06:05:00 +0800] "POST /?rest_route=/batch/v1 HTTP/1.1" 207 1034 "-" "Mozilla/5.0 (X11; Linux x86_64) AppleWebKit/537.36 (KHTML, like Gecko) Chrome/126.0.0.0 Safari/537.36"
202.141.52.106 - - [22/Jul/2026:06:05:01 +0800] "POST /?rest_route=/batch/v1 HTTP/1.1" 207 1034 "-" "Mozilla/5.0 (X11; Linux x86_64) AppleWebKit/537.36 (KHTML, like Gecko) Chrome/126.0.0.0 Safari/537.36"
202.141.52.106 - - [22/Jul/2026:06:05:03 +0800] "POST /?rest_route=/batch/v1 HTTP/1.1" 207 1035 "-" "Mozilla/5.0 (X11; Linux x86_64) AppleWebKit/537.36 (KHTML, like Gecko) Chrome/126.0.0.0 Safari/537.36"
202.141.52.106 - - [22/Jul/2026:06:05:04 +0800] "POST /?rest_route=/batch/v1 HTTP/1.1" 207 1035 "-" "Mozilla/5.0 (X11; Linux x86_64) AppleWebKit/537.36 (KHTML, like Gecko) Chrome/126.0.0.0 Safari/537.36"
202.141.52.106 - - [22/Jul/2026:06:05:06 +0800] "POST /?rest_route=/batch/v1 HTTP/1.1" 207 1035 "-" "Mozilla/5.0 (X11; Linux x86_64) AppleWebKit/537.36 (KHTML, like Gecko) Chrome/126.0.0.0 Safari/537.36"
36.133.115.36 - - [22/Jul/2026:06:05:08 +0800] "POST /wp-cron.php?doing_wp_cron=1784671508.5284318923950195312500 HTTP/1.1" 200 31 "-" "WordPress/7.0; http://cqqizhou.com"
202.141.52.106 - - [22/Jul/2026:06:05:08 +0800] "POST /?rest_route=/batch/v1 HTTP/1.1" 207 1036 "-" "Mozilla/5.0 (X11; Linux x86_64) AppleWebKit/537.36 (KHTML, like Gecko) Chrome/126.0.0.0 Safari/537.36"
202.141.52.106 - - [22/Jul/2026:06:05:10 +0800] "POST /?rest_route=/batch/v1 HTTP/1.1" 207 1036 "-" "Mozilla/5.0 (X11; Linux x86_64) AppleWebKit/537.36 (KHTML, like Gecko) Chrome/126.0.0.0 Safari/537.36"
202.141.52.106 - - [22/Jul/2026:06:05:12 +0800] "POST /?rest_route=/batch/v1 HTTP/1.1" 207 822 "-" "Mozilla/5.0 (X11; Linux x86_64) AppleWebKit/537.36 (KHTML, like Gecko) Chrome/126.0.0.0 Safari/537.36"
202.141.52.106 - - [22/Jul/2026:06:05:13 +0800] "POST /?rest_route=/batch/v1 HTTP/1.1" 207 822 "-" "Mozilla/5.0 (X11; Linux x86_64) AppleWebKit/537.36 (KHTML, like Gecko) Chrome/126.0.0.0 Safari/537.36"
202.141.52.106 - - [22/Jul/2026:06:05:14 +0800] "POST /?rest_route=/batch/v1 HTTP/1.1" 207 1036 "-" "Mozilla/5.0 (X11; Linux x86_64) AppleWebKit/537.36 (KHTML, like Gecko) Chrome/126.0.0.0 Safari/537.36"
202.141.52.106 - - [22/Jul/2026:06:05:16 +0800] "POST /?rest_route=/batch/v1 HTTP/1.1" 207 822 "-" "Mozilla/5.0 (X11; Linux x86_64) AppleWebKit/537.36 (KHTML, like Gecko) Chrome/126.0.0.0 Safari/537.36"
202.141.52.106 - - [22/Jul/2026:06:05:18 +0800] "POST /?rest_route=/batch/v1 HTTP/1.1" 207 822 "-" "Mozilla/5.0 (X11; Linux x86_64) AppleWebKit/537.36 (KHTML, like Gecko) Chrome/126.0.0.0 Safari/537.36"
202.141.52.106 - - [22/Jul/2026:06:05:19 +0800] "POST /?rest_route=/batch/v1 HTTP/1.1" 207 822 "-" "Mozilla/5.0 (X11; Linux x86_64) AppleWebKit/537.36 (KHTML, like Gecko) Chrome/126.0.0.0 Safari/537.36"
202.141.52.106 - - [22/Jul/2026:06:05:21 +0800] "POST /?rest_route=/batch/v1 HTTP/1.1" 207 1036 "-" "Mozilla/5.0 (X11; Linux x86_64) AppleWebKit/537.36 (KHTML, like Gecko) Chrome/126.0.0.0 Safari/537.36"
202.141.52.106 - - [22/Jul/2026:06:05:22 +0800] "POST /?rest_route=/batch/v1 HTTP/1.1" 207 1036 "-" "Mozilla/5.0 (X11; Linux x86_64) AppleWebKit/537.36 (KHTML, like Gecko) Chrome/126.0.0.0 Safari/537.36"
202.141.52.106 - - [22/Jul/2026:06:05:24 +0800] "POST /?rest_route=/batch/v1 HTTP/1.1" 207 822 "-" "Mozilla/5.0 (X11; Linux x86_64) AppleWebKit/537.36 (KHTML, like Gecko) Chrome/126.0.0.0 Safari/537.36"
202.141.52.106 - - [22/Jul/2026:06:05:25 +0800] "POST /?rest_route=/batch/v1 HTTP/1.1" 207 822 "-" "Mozilla/5.0 (X11; Linux x86_64) AppleWebKit/537.36 (KHTML, like Gecko) Chrome/126.0.0.0 Safari/537.36"
202.141.52.106 - - [22/Jul/2026:06:05:27 +0800] "POST /?rest_route=/batch/v1 HTTP/1.1" 207 1036 "-" "Mozilla/5.0 (X11; Linux x86_64) AppleWebKit/537.36 (KHTML, like Gecko) Chrome/126.0.0.0 Safari/537.36"
202.141.52.106 - - [22/Jul/2026:06:05:29 +0800] "POST /?rest_route=/batch/v1 HTTP/1.1" 207 1036 "-" "Mozilla/5.0 (X11; Linux x86_64) AppleWebKit/537.36 (KHTML, like Gecko) Chrome/126.0.0.0 Safari/537.36"
202.141.52.106 - - [22/Jul/2026:06:05:30 +0800] "POST /?rest_route=/batch/v1 HTTP/1.1" 207 1182 "-" "Mozilla/5.0 (X11; Linux x86_64) AppleWebKit/537.36 (KHTML, like Gecko) Chrome/126.0.0.0 Safari/537.36"
202.141.52.106 - - [22/Jul/2026:06:05:31 +0800] "POST /?rest_route=/batch/v1 HTTP/1.1" 207 822 "-" "Mozilla/5.0 (X11; Linux x86_64) AppleWebKit/537.36 (KHTML, like Gecko) Chrome/126.0.0.0 Safari/537.36"
202.141.52.106 - - [22/Jul/2026:06:05:33 +0800] "POST /?rest_route=/batch/v1 HTTP/1.1" 207 1133 "-" "Mozilla/5.0 (X11; Linux x86_64) AppleWebKit/537.36 (KHTML, like Gecko) Chrome/126.0.0.0 Safari/537.36"
202.141.52.106 - - [22/Jul/2026:06:05:34 +0800] "POST /?rest_route=/batch/v1 HTTP/1.1" 207 1133 "-" "Mozilla/5.0 (X11; Linux x86_64) AppleWebKit/537.36 (KHTML, like Gecko) Chrome/126.0.0.0 Safari/537.36"
202.141.52.106 - - [22/Jul/2026:06:05:36 +0800] "POST /?rest_route=/batch/v1 HTTP/1.1" 207 1133 "-" "Mozilla/5.0 (X11; Linux x86_64) AppleWebKit/537.36 (KHTML, like Gecko) Chrome/126.0.0.0 Safari/537.36"
202.141.52.106 - - [22/Jul/2026:06:05:37 +0800] "POST /?rest_route=/batch/v1 HTTP/1.1" 207 1133 "-" "Mozilla/5.0 (X11; Linux x86_64) AppleWebKit/537.36 (KHTML, like Gecko) Chrome/126.0.0.0 Safari/537.36"
202.141.52.106 - - [22/Jul/2026:06:05:39 +0800] "POST /?rest_route=/batch/v1 HTTP/1.1" 207 1133 "-" "Mozilla/5.0 (X11; Linux x86_64) AppleWebKit/537.36 (KHTML, like Gecko) Chrome/126.0.0.0 Safari/537.36"
202.141.52.106 - - [22/Jul/2026:06:05:40 +0800] "POST /?rest_route=/batch/v1 HTTP/1.1" 207 1134 "-" "Mozilla/5.0 (X11; Linux x86_64) AppleWebKit/537.36 (KHTML, like Gecko) Chrome/126.0.0.0 Safari/537.36"
202.141.52.106 - - [22/Jul/2026:06:05:41 +0800] "POST /?rest_route=/batch/v1 HTTP/1.1" 207 1134 "-" "Mozilla/5.0 (X11; Linux x86_64) AppleWebKit/537.36 (KHTML, like Gecko) Chrome/126.0.0.0 Safari/537.36"
202.141.52.106 - - [22/Jul/2026:06:05:43 +0800] "POST /?rest_route=/batch/v1 HTTP/1.1" 207 1134 "-" "Mozilla/5.0 (X11; Linux x86_64) AppleWebKit/537.36 (KHTML, like Gecko) Chrome/126.0.0.0 Safari/537.36"
202.141.52.106 - - [22/Jul/2026:06:05:44 +0800] "POST /?rest_route=/batch/v1 HTTP/1.1" 207 1135 "-" "Mozilla/5.0 (X11; Linux x86_64) AppleWebKit/537.36 (KHTML, like Gecko) Chrome/126.0.0.0 Safari/537.36"
202.141.52.106 - - [22/Jul/2026:06:05:46 +0800] "POST /?rest_route=/batch/v1 HTTP/1.1" 207 1135 "-" "Mozilla/5.0 (X11; Linux x86_64) AppleWebKit/537.36 (KHTML, like Gecko) Chrome/126.0.0.0 Safari/537.36"
202.141.52.106 - - [22/Jul/2026:06:05:47 +0800] "POST /?rest_route=/batch/v1 HTTP/1.1" 207 1135 "-" "Mozilla/5.0 (X11; Linux x86_64) AppleWebKit/537.36 (KHTML, like Gecko) Chrome/126.0.0.0 Safari/537.36"
202.141.52.106 - - [22/Jul/2026:06:05:49 +0800] "POST /?rest_route=/batch/v1 HTTP/1.1" 207 1136 "-" "Mozilla/5.0 (X11; Linux x86_64) AppleWebKit/537.36 (KHTML, like Gecko) Chrome/126.0.0.0 Safari/537.36"
202.141.52.106 - - [22/Jul/2026:06:05:50 +0800] "POST /?rest_route=/batch/v1 HTTP/1.1" 207 1136 "-" "Mozilla/5.0 (X11; Linux x86_64) AppleWebKit/537.36 (KHTML, like Gecko) Chrome/126.0.0.0 Safari/537.36"
202.141.52.106 - - [22/Jul/2026:06:05:52 +0800] "POST /?rest_route=/batch/v1 HTTP/1.1" 207 822 "-" "Mozilla/5.0 (X11; Linux x86_64) AppleWebKit/537.36 (KHTML, like Gecko) Chrome/126.0.0.0 Safari/537.36"
202.141.52.106 - - [22/Jul/2026:06:05:53 +0800] "POST /?rest_route=/batch/v1 HTTP/1.1" 207 822 "-" "Mozilla/5.0 (X11; Linux x86_64) AppleWebKit/537.36 (KHTML, like Gecko) Chrome/126.0.0.0 Safari/537.36"
202.141.52.106 - - [22/Jul/2026:06:05:55 +0800] "POST /?rest_route=/batch/v1 HTTP/1.1" 207 1136 "-" "Mozilla/5.0 (X11; Linux x86_64) AppleWebKit/537.36 (KHTML, like Gecko) Chrome/126.0.0.0 Safari/537.36"
202.141.52.106 - - [22/Jul/2026:06:05:56 +0800] "POST /?rest_route=/batch/v1 HTTP/1.1" 207 822 "-" "Mozilla/5.0 (X11; Linux x86_64) AppleWebKit/537.36 (KHTML, like Gecko) Chrome/126.0.0.0 Safari/537.36"
202.141.52.106 - - [22/Jul/2026:06:05:57 +0800] "POST /?rest_route=/batch/v1 HTTP/1.1" 207 822 "-" "Mozilla/5.0 (X11; Linux x86_64) AppleWebKit/537.36 (KHTML, like Gecko) Chrome/126.0.0.0 Safari/537.36"
202.141.52.106 - - [22/Jul/2026:06:06:00 +0800] "POST /?rest_route=/batch/v1 HTTP/1.1" 207 1136 "-" "Mozilla/5.0 (X11; Linux x86_64) AppleWebKit/537.36 (KHTML, like Gecko) Chrome/126.0.0.0 Safari/537.36"
202.141.52.106 - - [22/Jul/2026:06:06:01 +0800] "POST /?rest_route=/batch/v1 HTTP/1.1" 207 822 "-" "Mozilla/5.0 (X11; Linux x86_64) AppleWebKit/537.36 (KHTML, like Gecko) Chrome/126.0.0.0 Safari/537.36"
202.141.52.106 - - [22/Jul/2026:06:06:03 +0800] "POST /?rest_route=/batch/v1 HTTP/1.1" 207 1136 "-" "Mozilla/5.0 (X11; Linux x86_64) AppleWebKit/537.36 (KHTML, like Gecko) Chrome/126.0.0.0 Safari/537.36"
202.141.52.106 - - [22/Jul/2026:06:06:05 +0800] "POST /?rest_route=/batch/v1 HTTP/1.1" 207 822 "-" "Mozilla/5.0 (X11; Linux x86_64) AppleWebKit/537.36 (KHTML, like Gecko) Chrome/126.0.0.0 Safari/537.36"
202.141.52.106 - - [22/Jul/2026:06:06:06 +0800] "POST /?rest_route=/batch/v1 HTTP/1.1" 207 1136 "-" "Mozilla/5.0 (X11; Linux x86_64) AppleWebKit/537.36 (KHTML, like Gecko) Chrome/126.0.0.0 Safari/537.36"
202.141.52.106 - - [22/Jul/2026:06:06:08 +0800] "POST /?rest_route=/batch/v1 HTTP/1.1" 207 1136 "-" "Mozilla/5.0 (X11; Linux x86_64) AppleWebKit/537.36 (KHTML, like Gecko) Chrome/126.0.0.0 Safari/537.36"
36.133.115.36 - - [22/Jul/2026:06:06:09 +0800] "POST /wp-cron.php?doing_wp_cron=1784671569.3134129047393798828125 HTTP/1.1" 200 31 "-" "WordPress/7.0; http://cqqizhou.com"
202.141.52.106 - - [22/Jul/2026:06:06:09 +0800] "POST /?rest_route=/batch/v1 HTTP/1.1" 207 822 "-" "Mozilla/5.0 (X11; Linux x86_64) AppleWebKit/537.36 (KHTML, like Gecko) Chrome/126.0.0.0 Safari/537.36"
202.141.52.106 - - [22/Jul/2026:06:06:11 +0800] "POST /?rest_route=/batch/v1 HTTP/1.1" 207 1133 "-" "Mozilla/5.0 (X11; Linux x86_64) AppleWebKit/537.36 (KHTML, like Gecko) Chrome/126.0.0.0 Safari/537.36"
202.141.52.106 - - [22/Jul/2026:06:06:12 +0800] "POST /?rest_route=/batch/v1 HTTP/1.1" 207 1133 "-" "Mozilla/5.0 (X11; Linux x86_64) AppleWebKit/537.36 (KHTML, like Gecko) Chrome/126.0.0.0 Safari/537.36"
202.141.52.106 - - [22/Jul/2026:06:06:13 +0800] "POST /?rest_route=/batch/v1 HTTP/1.1" 207 1133 "-" "Mozilla/5.0 (X11; Linux x86_64) AppleWebKit/537.36 (KHTML, like Gecko) Chrome/126.0.0.0 Safari/537.36"
202.141.52.106 - - [22/Jul/2026:06:06:15 +0800] "POST /?rest_route=/batch/v1 HTTP/1.1" 207 1133 "-" "Mozilla/5.0 (X11; Linux x86_64) AppleWebKit/537.36 (KHTML, like Gecko) Chrome/126.0.0.0 Safari/537.36"
202.141.52.106 - - [22/Jul/2026:06:06:16 +0800] "POST /?rest_route=/batch/v1 HTTP/1.1" 207 1133 "-" "Mozilla/5.0 (X11; Linux x86_64) AppleWebKit/537.36 (KHTML, like Gecko) Chrome/126.0.0.0 Safari/537.36"
202.141.52.106 - - [22/Jul/2026:06:06:18 +0800] "POST /?rest_route=/batch/v1 HTTP/1.1" 207 1134 "-" "Mozilla/5.0 (X11; Linux x86_64) AppleWebKit/537.36 (KHTML, like Gecko) Chrome/126.0.0.0 Safari/537.36"
202.141.52.106 - - [22/Jul/2026:06:06:19 +0800] "POST /?rest_route=/batch/v1 HTTP/1.1" 207 1134 "-" "Mozilla/5.0 (X11; Linux x86_64) AppleWebKit/537.36 (KHTML, like Gecko) Chrome/126.0.0.0 Safari/537.36"
202.141.52.106 - - [22/Jul/2026:06:06:20 +0800] "POST /?rest_route=/batch/v1 HTTP/1.1" 207 1134 "-" "Mozilla/5.0 (X11; Linux x86_64) AppleWebKit/537.36 (KHTML, like Gecko) Chrome/126.0.0.0 Safari/537.36"
202.141.52.106 - - [22/Jul/2026:06:06:22 +0800] "POST /?rest_route=/batch/v1 HTTP/1.1" 207 1135 "-" "Mozilla/5.0 (X11; Linux x86_64) AppleWebKit/537.36 (KHTML, like Gecko) Chrome/126.0.0.0 Safari/537.36"
202.141.52.106 - - [22/Jul/2026:06:06:23 +0800] "POST /?rest_route=/batch/v1 HTTP/1.1" 207 1135 "-" "Mozilla/5.0 (X11; Linux x86_64) AppleWebKit/537.36 (KHTML, like Gecko) Chrome/126.0.0.0 Safari/537.36"
202.141.52.106 - - [22/Jul/2026:06:06:25 +0800] "POST /?rest_route=/batch/v1 HTTP/1.1" 207 1135 "-" "Mozilla/5.0 (X11; Linux x86_64) AppleWebKit/537.36 (KHTML, like Gecko) Chrome/126.0.0.0 Safari/537.36"
202.141.52.106 - - [22/Jul/2026:06:06:26 +0800] "POST /?rest_route=/batch/v1 HTTP/1.1" 207 1136 "-" "Mozilla/5.0 (X11; Linux x86_64) AppleWebKit/537.36 (KHTML, like Gecko) Chrome/126.0.0.0 Safari/537.36"
202.141.52.106 - - [22/Jul/2026:06:06:28 +0800] "POST /?rest_route=/batch/v1 HTTP/1.1" 207 1136 "-" "Mozilla/5.0 (X11; Linux x86_64) AppleWebKit/537.36 (KHTML, like Gecko) Chrome/126.0.0.0 Safari/537.36"
202.141.52.106 - - [22/Jul/2026:06:06:29 +0800] "POST /?rest_route=/batch/v1 HTTP/1.1" 207 822 "-" "Mozilla/5.0 (X11; Linux x86_64) AppleWebKit/537.36 (KHTML, like Gecko) Chrome/126.0.0.0 Safari/537.36"
202.141.52.106 - - [22/Jul/2026:06:06:30 +0800] "POST /?rest_route=/batch/v1 HTTP/1.1" 207 822 "-" "Mozilla/5.0 (X11; Linux x86_64) AppleWebKit/537.36 (KHTML, like Gecko) Chrome/126.0.0.0 Safari/537.36"
202.141.52.106 - - [22/Jul/2026:06:06:32 +0800] "POST /?rest_route=/batch/v1 HTTP/1.1" 207 1136 "-" "Mozilla/5.0 (X11; Linux x86_64) AppleWebKit/537.36 (KHTML, like Gecko) Chrome/126.0.0.0 Safari/537.36"
202.141.52.106 - - [22/Jul/2026:06:06:33 +0800] "POST /?rest_route=/batch/v1 HTTP/1.1" 207 822 "-" "Mozilla/5.0 (X11; Linux x86_64) AppleWebKit/537.36 (KHTML, like Gecko) Chrome/126.0.0.0 Safari/537.36"
202.141.52.106 - - [22/Jul/2026:06:06:35 +0800] "POST /?rest_route=/batch/v1 HTTP/1.1" 207 822 "-" "Mozilla/5.0 (X11; Linux x86_64) AppleWebKit/537.36 (KHTML, like Gecko) Chrome/126.0.0.0 Safari/537.36"
202.141.52.106 - - [22/Jul/2026:06:06:36 +0800] "POST /?rest_route=/batch/v1 HTTP/1.1" 207 1136 "-" "Mozilla/5.0 (X11; Linux x86_64) AppleWebKit/537.36 (KHTML, like Gecko) Chrome/126.0.0.0 Safari/537.36"
202.141.52.106 - - [22/Jul/2026:06:06:37 +0800] "POST /?rest_route=/batch/v1 HTTP/1.1" 207 822 "-" "Mozilla/5.0 (X11; Linux x86_64) AppleWebKit/537.36 (KHTML, like Gecko) Chrome/126.0.0.0 Safari/537.36"
202.141.52.106 - - [22/Jul/2026:06:06:39 +0800] "POST /?rest_route=/batch/v1 HTTP/1.1" 207 1136 "-" "Mozilla/5.0 (X11; Linux x86_64) AppleWebKit/537.36 (KHTML, like Gecko) Chrome/126.0.0.0 Safari/537.36"
202.141.52.106 - - [22/Jul/2026:06:06:40 +0800] "POST /?rest_route=/batch/v1 HTTP/1.1" 207 822 "-" "Mozilla/5.0 (X11; Linux x86_64) AppleWebKit/537.36 (KHTML, like Gecko) Chrome/126.0.0.0 Safari/537.36"
202.141.52.106 - - [22/Jul/2026:06:06:42 +0800] "POST /?rest_route=/batch/v1 HTTP/1.1" 207 1136 "-" "Mozilla/5.0 (X11; Linux x86_64) AppleWebKit/537.36 (KHTML, like Gecko) Chrome/126.0.0.0 Safari/537.36"
202.141.52.106 - - [22/Jul/2026:06:06:43 +0800] "POST /?rest_route=/batch/v1 HTTP/1.1" 207 1136 "-" "Mozilla/5.0 (X11; Linux x86_64) AppleWebKit/537.36 (KHTML, like Gecko) Chrome/126.0.0.0 Safari/537.36"
202.141.52.106 - - [22/Jul/2026:06:06:45 +0800] "POST /?rest_route=/batch/v1 HTTP/1.1" 207 1136 "-" "Mozilla/5.0 (X11; Linux x86_64) AppleWebKit/537.36 (KHTML, like Gecko) Chrome/126.0.0.0 Safari/537.36"
202.141.52.106 - - [22/Jul/2026:06:06:46 +0800] "POST /?rest_route=/batch/v1 HTTP/1.1" 207 1133 "-" "Mozilla/5.0 (X11; Linux x86_64) AppleWebKit/537.36 (KHTML, like Gecko) Chrome/126.0.0.0 Safari/537.36"
202.141.52.106 - - [22/Jul/2026:06:06:47 +0800] "POST /?rest_route=/batch/v1 HTTP/1.1" 207 1133 "-" "Mozilla/5.0 (X11; Linux x86_64) AppleWebKit/537.36 (KHTML, like Gecko) Chrome/126.0.0.0 Safari/537.36"
202.141.52.106 - - [22/Jul/2026:06:06:49 +0800] "POST /?rest_route=/batch/v1 HTTP/1.1" 207 1133 "-" "Mozilla/5.0 (X11; Linux x86_64) AppleWebKit/537.36 (KHTML, like Gecko) Chrome/126.0.0.0 Safari/537.36"
202.141.52.106 - - [22/Jul/2026:06:06:50 +0800] "POST /?rest_route=/batch/v1 HTTP/1.1" 207 1133 "-" "Mozilla/5.0 (X11; Linux x86_64) AppleWebKit/537.36 (KHTML, like Gecko) Chrome/126.0.0.0 Safari/537.36"
202.141.52.106 - - [22/Jul/2026:06:06:52 +0800] "POST /?rest_route=/batch/v1 HTTP/1.1" 207 1133 "-" "Mozilla/5.0 (X11; Linux x86_64) AppleWebKit/537.36 (KHTML, like Gecko) Chrome/126.0.0.0 Safari/537.36"
202.141.52.106 - - [22/Jul/2026:06:06:53 +0800] "POST /?rest_route=/batch/v1 HTTP/1.1" 207 1134 "-" "Mozilla/5.0 (X11; Linux x86_64) AppleWebKit/537.36 (KHTML, like Gecko) Chrome/126.0.0.0 Safari/537.36"
202.141.52.106 - - [22/Jul/2026:06:06:55 +0800] "POST /?rest_route=/batch/v1 HTTP/1.1" 207 1134 "-" "Mozilla/5.0 (X11; Linux x86_64) AppleWebKit/537.36 (KHTML, like Gecko) Chrome/126.0.0.0 Safari/537.36"
202.141.52.106 - - [22/Jul/2026:06:06:56 +0800] "POST /?rest_route=/batch/v1 HTTP/1.1" 207 1134 "-" "Mozilla/5.0 (X11; Linux x86_64) AppleWebKit/537.36 (KHTML, like Gecko) Chrome/126.0.0.0 Safari/537.36"
202.141.52.106 - - [22/Jul/2026:06:06:57 +0800] "POST /?rest_route=/batch/v1 HTTP/1.1" 207 1135 "-" "Mozilla/5.0 (X11; Linux x86_64) AppleWebKit/537.36 (KHTML, like Gecko) Chrome/126.0.0.0 Safari/537.36"
202.141.52.106 - - [22/Jul/2026:06:06:59 +0800] "POST /?rest_route=/batch/v1 HTTP/1.1" 207 1135 "-" "Mozilla/5.0 (X11; Linux x86_64) AppleWebKit/537.36 (KHTML, like Gecko) Chrome/126.0.0.0 Safari/537.36"
202.141.52.106 - - [22/Jul/2026:06:07:00 +0800] "POST /?rest_route=/batch/v1 HTTP/1.1" 207 1135 "-" "Mozilla/5.0 (X11; Linux x86_64) AppleWebKit/537.36 (KHTML, like Gecko) Chrome/126.0.0.0 Safari/537.36"
202.141.52.106 - - [22/Jul/2026:06:07:02 +0800] "POST /?rest_route=/batch/v1 HTTP/1.1" 207 1136 "-" "Mozilla/5.0 (X11; Linux x86_64) AppleWebKit/537.36 (KHTML, like Gecko) Chrome/126.0.0.0 Safari/537.36"
202.141.52.106 - - [22/Jul/2026:06:07:03 +0800] "POST /?rest_route=/batch/v1 HTTP/1.1" 207 1136 "-" "Mozilla/5.0 (X11; Linux x86_64) AppleWebKit/537.36 (KHTML, like Gecko) Chrome/126.0.0.0 Safari/537.36"
202.141.52.106 - - [22/Jul/2026:06:07:05 +0800] "POST /?rest_route=/batch/v1 HTTP/1.1" 207 822 "-" "Mozilla/5.0 (X11; Linux x86_64) AppleWebKit/537.36 (KHTML, like Gecko) Chrome/126.0.0.0 Safari/537.36"
202.141.52.106 - - [22/Jul/2026:06:07:06 +0800] "POST /?rest_route=/batch/v1 HTTP/1.1" 207 822 "-" "Mozilla/5.0 (X11; Linux x86_64) AppleWebKit/537.36 (KHTML, like Gecko) Chrome/126.0.0.0 Safari/537.36"
36.133.115.36 - - [22/Jul/2026:06:07:08 +0800] "POST /wp-cron.php?doing_wp_cron=1784671628.3613328933715820312500 HTTP/1.1" 200 31 "-" "WordPress/7.0; http://cqqizhou.com"
202.141.52.106 - - [22/Jul/2026:06:07:08 +0800] "POST /?rest_route=/batch/v1 HTTP/1.1" 207 1136 "-" "Mozilla/5.0 (X11; Linux x86_64) AppleWebKit/537.36 (KHTML, like Gecko) Chrome/126.0.0.0 Safari/537.36"
202.141.52.106 - - [22/Jul/2026:06:07:10 +0800] "POST /?rest_route=/batch/v1 HTTP/1.1" 207 822 "-" "Mozilla/5.0 (X11; Linux x86_64) AppleWebKit/537.36 (KHTML, like Gecko) Chrome/126.0.0.0 Safari/537.36"
202.141.52.106 - - [22/Jul/2026:06:07:11 +0800] "POST /?rest_route=/batch/v1 HTTP/1.1" 207 822 "-" "Mozilla/5.0 (X11; Linux x86_64) AppleWebKit/537.36 (KHTML, like Gecko) Chrome/126.0.0.0 Safari/537.36"
202.141.52.106 - - [22/Jul/2026:06:07:13 +0800] "POST /?rest_route=/batch/v1 HTTP/1.1" 207 1136 "-" "Mozilla/5.0 (X11; Linux x86_64) AppleWebKit/537.36 (KHTML, like Gecko) Chrome/126.0.0.0 Safari/537.36"
202.141.52.106 - - [22/Jul/2026:06:07:14 +0800] "POST /?rest_route=/batch/v1 HTTP/1.1" 207 822 "-" "Mozilla/5.0 (X11; Linux x86_64) AppleWebKit/537.36 (KHTML, like Gecko) Chrome/126.0.0.0 Safari/537.36"
202.141.52.106 - - [22/Jul/2026:06:07:15 +0800] "POST /?rest_route=/batch/v1 HTTP/1.1" 207 1136 "-" "Mozilla/5.0 (X11; Linux x86_64) AppleWebKit/537.36 (KHTML, like Gecko) Chrome/126.0.0.0 Safari/537.36"
202.141.52.106 - - [22/Jul/2026:06:07:17 +0800] "POST /?rest_route=/batch/v1 HTTP/1.1" 207 1136 "-" "Mozilla/5.0 (X11; Linux x86_64) AppleWebKit/537.36 (KHTML, like Gecko) Chrome/126.0.0.0 Safari/537.36"
202.141.52.106 - - [22/Jul/2026:06:07:18 +0800] "POST /?rest_route=/batch/v1 HTTP/1.1" 207 822 "-" "Mozilla/5.0 (X11; Linux x86_64) AppleWebKit/537.36 (KHTML, like Gecko) Chrome/126.0.0.0 Safari/537.36"
202.141.52.106 - - [22/Jul/2026:06:07:20 +0800] "POST /?rest_route=/batch/v1 HTTP/1.1" 207 822 "-" "Mozilla/5.0 (X11; Linux x86_64) AppleWebKit/537.36 (KHTML, like Gecko) Chrome/126.0.0.0 Safari/537.36"
202.141.52.106 - - [22/Jul/2026:06:07:21 +0800] "POST /?rest_route=/batch/v1 HTTP/1.1" 207 822 "-" "Mozilla/5.0 (X11; Linux x86_64) AppleWebKit/537.36 (KHTML, like Gecko) Chrome/126.0.0.0 Safari/537.36"
202.141.52.106 - - [22/Jul/2026:06:07:23 +0800] "POST /?rest_route=/batch/v1 HTTP/1.1" 207 3659 "-" "Mozilla/5.0 (X11; Linux x86_64) AppleWebKit/537.36 (KHTML, like Gecko) Chrome/126.0.0.0 Safari/537.36"
202.141.52.106 - - [22/Jul/2026:06:07:24 +0800] "GET /wp-login.php HTTP/1.1" 200 8377 "-" "Mozilla/5.0 (X11; Linux x86_64) AppleWebKit/537.36 (KHTML, like Gecko) Chrome/126.0.0.0 Safari/537.36"
202.141.52.106 - - [22/Jul/2026:06:07:26 +0800] "POST /wp-login.php HTTP/1.1" 302 5 "-" "Mozilla/5.0 (X11; Linux x86_64) AppleWebKit/537.36 (KHTML, like Gecko) Chrome/126.0.0.0 Safari/537.36"
202.141.52.106 - - [22/Jul/2026:06:07:31 +0800] "GET /wp-admin/ HTTP/1.1" 200 392937 "-" "Mozilla/5.0 (X11; Linux x86_64) AppleWebKit/537.36 (KHTML, like Gecko) Chrome/126.0.0.0 Safari/537.36"
202.141.52.106 - - [22/Jul/2026:06:07:34 +0800] "GET /wp-admin/plugin-install.php?tab=upload HTTP/1.1" 200 342793 "-" "Mozilla/5.0 (X11; Linux x86_64) AppleWebKit/537.36 (KHTML, like Gecko) Chrome/126.0.0.0 Safari/537.36"
202.141.52.106 - - [22/Jul/2026:06:07:45 +0800] "POST /wp-admin/update.php?action=upload-plugin HTTP/1.1" 200 328153 "-" "Mozilla/5.0 (X11; Linux x86_64) AppleWebKit/537.36 (KHTML, like Gecko) Chrome/126.0.0.0 Safari/537.36"
202.141.52.106 - - [22/Jul/2026:06:07:45 +0800] "GET /wp-content/plugins/wp2shell_5d9eaf68/manager.php HTTP/1.1" 200 325 "-" "Mozilla/5.0 (X11; Linux x86_64) AppleWebKit/537.36 (KHTML, like Gecko) Chrome/126.0.0.0 Safari/537.36"
142.147.139.116 - - [22/Jul/2026:06:22:45 +0800] "GET /wp-content/uploads/2025/12/1766388806-Article_images_202507243-768x432.webp HTTP/1.1" 200 37722 "-" "Mozilla/5.0 (compatible; crawler)"
36.133.115.36 - - [22/Jul/2026:06:27:59 +0800] "POST /wp-cron.php?doing_wp_cron=1784672879.0490570068359375000000 HTTP/1.1" 200 31 "-" "WordPress/7.0; http://cqqizhou.com"
160.119.71.9 - - [22/Jul/2026:06:27:59 +0800] "GET / HTTP/1.1" 200 109837 "-" "Mozilla/5.0 (X11; Linux x86_64; rv:144.0) Gecko/20100101 Firefox/144.0"
