85.11.167.5 - - [22/Jul/2026:09:47:31 +0800] "GET /wp-content/plugins/mgphric/index.php HTTP/1.1" 404 47 "www.google.com" "Mozilla/5.0 (Windows NT 10.0; Win64; x64) AppleWebKit/537.36 (KHTML, like Gecko) Chrome/91.0.4472.124 Safari/537.36"
220.181.108.105 - - [22/Jul/2026:09:47:33 +0800] "GET /wp-json/oembed/1.0/embed?url=http%3A%2F%2Fcqqizhou.com%2Fnews%2F2606 HTTP/1.1" 200 1277 "-" "Mozilla/5.0 (compatible; Baiduspider/2.0; +http://www.baidu.com/search/spider.html)"
116.179.32.18 - - [22/Jul/2026:09:47:34 +0800] "GET /news/2582 HTTP/1.1" 200 24253 "-" "Mozilla/5.0 (compatible; Baiduspider/2.0; +http://www.baidu.com/search/spider.html)"
220.181.108.176 - - [22/Jul/2026:09:47:35 +0800] "GET /news/2361 HTTP/1.1" 200 25421 "-" "Mozilla/5.0 (compatible; Baiduspider/2.0; +http://www.baidu.com/search/spider.html)"
116.179.37.47 - - [22/Jul/2026:09:47:35 +0800] "GET /wp-content/uploads/2025/12/1766064723-Article_images_20251218212625.webp HTTP/1.1" 200 35132 "http://cqqizhou.com/news/2361" "Mozilla/5.0 (compatible; Baiduspider-render/2.0; +http://www.baidu.com/search/spider.html)"
116.179.37.125 - - [22/Jul/2026:09:47:35 +0800] "GET /wp-content/uploads/2025/12/1766373833-Article_images_20251219.webp HTTP/1.1" 200 79910 "http://cqqizhou.com/news/2361" "Mozilla/5.0 (compatible; Baiduspider-render/2.0; +http://www.baidu.com/search/spider.html)"
85.11.167.5 - - [22/Jul/2026:09:47:36 +0800] "GET /wp-admin/plugin-install.php?s=File+Manager&tab=search&type=term HTTP/1.1" 200 88833 "www.google.com" "Mozilla/5.0 (Windows NT 10.0; Win64; x64) AppleWebKit/537.36 (KHTML, like Gecko) Chrome/91.0.4472.124 Safari/537.36"
85.11.167.5 - - [22/Jul/2026:09:47:39 +0800] "GET /wp-admin/admin.php?page=wp_file_manager HTTP/1.1" 200 78597 "www.google.com" "Mozilla/5.0 (Windows NT 10.0; Win64; x64) AppleWebKit/537.36 (KHTML, like Gecko) Chrome/91.0.4472.124 Safari/537.36"
85.11.167.5 - - [22/Jul/2026:09:47:42 +0800] "POST /wp-admin/admin-ajax.php HTTP/1.1" 500 199 "www.google.com" "Mozilla/5.0 (Windows NT 10.0; Win64; x64) AppleWebKit/537.36 (KHTML, like Gecko) Chrome/91.0.4472.124 Safari/537.36"
85.11.167.5 - - [22/Jul/2026:09:47:42 +0800] "GET /erhgnrrm.php HTTP/1.1" 404 47 "www.google.com" "Mozilla/5.0 (Windows NT 10.0; Win64; x64) AppleWebKit/537.36 (KHTML, like Gecko) Chrome/91.0.4472.124 Safari/537.36"
85.11.167.5 - - [22/Jul/2026:09:47:46 +0800] "GET /wp-admin/theme-install.php?tab=upload HTTP/1.1" 200 82350 "www.google.com" "Mozilla/5.0 (Windows NT 10.0; Win64; x64) AppleWebKit/537.36 (KHTML, like Gecko) Chrome/91.0.4472.124 Safari/537.36"
85.11.167.5 - - [22/Jul/2026:09:47:57 +0800] "POST /wp-admin/update.php?action=upload-theme HTTP/1.1" 200 75820 "www.google.com" "Mozilla/5.0 (Windows NT 10.0; Win64; x64) AppleWebKit/537.36 (KHTML, like Gecko) Chrome/91.0.4472.124 Safari/537.36"
85.11.167.5 - - [22/Jul/2026:09:47:59 +0800] "GET /wp-content/themes/ltptlkx/about.php HTTP/1.1" 404 47 "www.google.com" "Mozilla/5.0 (Windows NT 10.0; Win64; x64) AppleWebKit/537.36 (KHTML, like Gecko) Chrome/91.0.4472.124 Safari/537.36"
85.11.167.5 - - [22/Jul/2026:09:48:01 +0800] "GET /wp-admin/theme-editor.php?file=404.php HTTP/1.1" 200 84119 "www.google.com" "Mozilla/5.0 (Windows NT 10.0; Win64; x64) AppleWebKit/537.36 (KHTML, like Gecko) Chrome/91.0.4472.124 Safari/537.36"
85.11.167.5 - - [22/Jul/2026:09:48:04 +0800] "GET /wp-admin/plugin-install.php?tab=upload HTTP/1.1" 200 79509 "www.google.com" "Mozilla/5.0 (Windows NT 10.0; Win64; x64) AppleWebKit/537.36 (KHTML, like Gecko) Chrome/91.0.4472.124 Safari/537.36"
85.11.167.5 - - [22/Jul/2026:09:48:07 +0800] "POST /wp-admin/update.php?action=upload-plugin HTTP/1.1" 500 2568 "www.google.com" "Mozilla/5.0 (Windows NT 10.0; Win64; x64) AppleWebKit/537.36 (KHTML, like Gecko) Chrome/91.0.4472.124 Safari/537.36"
85.11.167.5 - - [22/Jul/2026:09:48:08 +0800] "GET /wp-content/uploads/2026/07/xbjeymyy.php HTTP/1.1" 404 47 "www.google.com" "Mozilla/5.0 (Windows NT 10.0; Win64; x64) AppleWebKit/537.36 (KHTML, like Gecko) Chrome/91.0.4472.124 Safari/537.36"
85.11.167.5 - - [22/Jul/2026:09:48:08 +0800] "GET /wp-content/uploads/2026/xbjeymyy.php HTTP/1.1" 404 47 "www.google.com" "Mozilla/5.0 (Windows NT 10.0; Win64; x64) AppleWebKit/537.36 (KHTML, like Gecko) Chrome/91.0.4472.124 Safari/537.36"
85.11.167.5 - - [22/Jul/2026:09:48:09 +0800] "GET /wp-content/uploads/xbjeymyy.php HTTP/1.1" 404 47 "www.google.com" "Mozilla/5.0 (Windows NT 10.0; Win64; x64) AppleWebKit/537.36 (KHTML, like Gecko) Chrome/91.0.4472.124 Safari/537.36"
85.11.167.5 - - [22/Jul/2026:09:48:09 +0800] "GET /wp-content/xbjeymyy.php HTTP/1.1" 404 47 "www.google.com" "Mozilla/5.0 (Windows NT 10.0; Win64; x64) AppleWebKit/537.36 (KHTML, like Gecko) Chrome/91.0.4472.124 Safari/537.36"
85.11.167.5 - - [22/Jul/2026:09:48:10 +0800] "GET /xbjeymyy.php HTTP/1.1" 404 47 "www.google.com" "Mozilla/5.0 (Windows NT 10.0; Win64; x64) AppleWebKit/537.36 (KHTML, like Gecko) Chrome/91.0.4472.124 Safari/537.36"
36.133.115.36 - - [22/Jul/2026:09:48:13 +0800] "POST /wp-cron.php?doing_wp_cron=1784684893.1069319248199462890625 HTTP/1.1" 200 31 "-" "WordPress/7.0; http://cqqizhou.com"
85.11.167.5 - - [22/Jul/2026:09:48:13 +0800] "GET /wp-admin/theme-editor.php?file=404.php HTTP/1.1" 200 84120 "www.google.com" "Mozilla/5.0 (Windows NT 10.0; Win64; x64) AppleWebKit/537.36 (KHTML, like Gecko) Chrome/91.0.4472.124 Safari/537.36"
189.104.196.73 - - [22/Jul/2026:09:50:01 +0800] "GET /wp-content/uploads/2025/07/1753456723-%E5%8F%8C%E7%9B%B8%E9%92%A2roduct_Single600.webp HTTP/1.1" 200 22790 "-" "Mozilla/5.0 (compatible; crawler)"
36.133.115.36 - - [22/Jul/2026:10:02:35 +0800] "POST /wp-cron.php?doing_wp_cron=1784685754.9844710826873779296875 HTTP/1.1" 200 31 "-" "WordPress/7.0; http://cqqizhou.com"
110.249.202.102 - - [22/Jul/2026:10:02:35 +0800] "GET /news/2361 HTTP/1.1" 200 21442 "-" "Mozilla/5.0 (Linux; Android 5.0) AppleWebKit/537.36 (KHTML, like Gecko) Mobile Safari/537.36 (compatible; Bytespider; https://zhanzhang.toutiao.com/)"
110.249.202.102 - - [22/Jul/2026:10:02:35 +0800] "GET /wp-content/uploads/2025/12/1766064671-Article_images_20251218212624-768x576.webp HTTP/1.1" 206 500 "http://cqqizhou.com/news/2361" "Mozilla/5.0 (Linux; Android 5.0) AppleWebKit/537.36 (KHTML, like Gecko) Mobile Safari/537.36 (compatible; Bytespider; https://zhanzhang.toutiao.com/)"
110.249.202.53 - - [22/Jul/2026:10:02:35 +0800] "GET /wp-content/uploads/2025/12/1766064629-Article_images_20251218212623-768x427.webp HTTP/1.1" 206 500 "http://cqqizhou.com/news/2361" "Mozilla/5.0 (Linux; Android 5.0) AppleWebKit/537.36 (KHTML, like Gecko) Mobile Safari/537.36 (compatible; Bytespider; https://zhanzhang.toutiao.com/)"
110.249.202.190 - - [22/Jul/2026:10:02:35 +0800] "GET /wp-content/uploads/2025/12/1766064723-Article_images_20251218212625-768x576.webp HTTP/1.1" 206 500 "http://cqqizhou.com/news/2361" "Mozilla/5.0 (Linux; Android 5.0) AppleWebKit/537.36 (KHTML, like Gecko) Mobile Safari/537.36 (compatible; Bytespider; https://zhanzhang.toutiao.com/)"
110.249.202.53 - - [22/Jul/2026:10:02:35 +0800] "GET /wp-content/uploads/2025/12/1766373840-Article_images_20251220-768x576.webp HTTP/1.1" 206 500 "http://cqqizhou.com/news/2361" "Mozilla/5.0 (Linux; Android 5.0) AppleWebKit/537.36 (KHTML, like Gecko) Mobile Safari/537.36 (compatible; Bytespider; https://zhanzhang.toutiao.com/)"
110.249.202.190 - - [22/Jul/2026:10:02:35 +0800] "GET /wp-content/uploads/2025/12/1766373833-Article_images_20251219-768x576.webp HTTP/1.1" 206 500 "http://cqqizhou.com/news/2361" "Mozilla/5.0 (Linux; Android 5.0) AppleWebKit/537.36 (KHTML, like Gecko) Mobile Safari/537.36 (compatible; Bytespider; https://zhanzhang.toutiao.com/)"
36.133.115.36 - - [22/Jul/2026:10:03:29 +0800] "POST /wp-cron.php?doing_wp_cron=1784685809.5146410465240478515625 HTTP/1.1" 200 31 "-" "WordPress/7.0; http://cqqizhou.com"
43.133.220.37 - - [22/Jul/2026:10:03:29 +0800] "GET / HTTP/1.1" 200 35075 "-" "Mozilla/5.0 (iPhone; CPU iPhone OS 13_2_3 like Mac OS X) AppleWebKit/605.1.15 (KHTML, like Gecko) Version/13.0.3 Mobile/15E148 Safari/604.1"
36.133.115.36 - - [22/Jul/2026:10:08:50 +0800] "POST /wp-cron.php?doing_wp_cron=1784686130.3279969692230224609375 HTTP/1.1" 200 31 "-" "WordPress/7.0; http://cqqizhou.com"
27.124.44.163 - - [22/Jul/2026:10:08:50 +0800] "GET /cqqizhou.rar HTTP/1.1" 404 9497 "-" "Python/3.14 aiohttp/3.13.5"
27.124.44.163 - - [22/Jul/2026:10:08:50 +0800] "GET /123.rar HTTP/1.1" 404 9497 "-" "Python/3.14 aiohttp/3.13.5"
27.124.44.163 - - [22/Jul/2026:10:08:50 +0800] "GET /123.tar.gz HTTP/1.1" 404 9497 "-" "Python/3.14 aiohttp/3.13.5"
27.124.44.163 - - [22/Jul/2026:10:08:51 +0800] "GET /cqqizhou.zip HTTP/1.1" 404 9497 "-" "Python/3.14 aiohttp/3.13.5"
27.124.44.163 - - [22/Jul/2026:10:08:51 +0800] "GET /wwwroot.rar HTTP/1.1" 404 9497 "-" "Python/3.14 aiohttp/3.13.5"
27.124.44.163 - - [22/Jul/2026:10:08:51 +0800] "GET /web.tar.gz HTTP/1.1" 404 9497 "-" "Python/3.14 aiohttp/3.13.5"
27.124.44.163 - - [22/Jul/2026:10:08:51 +0800] "GET /cqqizhou.com.tar.gz HTTP/1.1" 404 9497 "-" "Python/3.14 aiohttp/3.13.5"
27.124.44.163 - - [22/Jul/2026:10:08:51 +0800] "GET /web.zip HTTP/1.1" 404 9497 "-" "Python/3.14 aiohttp/3.13.5"
27.124.44.163 - - [22/Jul/2026:10:08:51 +0800] "GET /123.zip HTTP/1.1" 404 9497 "-" "Python/3.14 aiohttp/3.13.5"
27.124.44.163 - - [22/Jul/2026:10:08:51 +0800] "GET /cqqizhou.tar.gz HTTP/1.1" 404 9497 "-" "Python/3.14 aiohttp/3.13.5"
27.124.44.163 - - [22/Jul/2026:10:08:51 +0800] "GET /wwwroot.tar.gz HTTP/1.1" 404 9497 "-" "Python/3.14 aiohttp/3.13.5"
27.124.44.163 - - [22/Jul/2026:10:08:51 +0800] "GET /cqqizhoucom.zip HTTP/1.1" 404 9497 "-" "Python/3.14 aiohttp/3.13.5"
27.124.44.163 - - [22/Jul/2026:10:08:51 +0800] "GET /wwwroot.zip HTTP/1.1" 404 9497 "-" "Python/3.14 aiohttp/3.13.5"
27.124.44.163 - - [22/Jul/2026:10:08:51 +0800] "GET /cqqizhou.com.zip HTTP/1.1" 404 9497 "-" "Python/3.14 aiohttp/3.13.5"
27.124.44.163 - - [22/Jul/2026:10:08:51 +0800] "GET /1.zip HTTP/1.1" 404 9497 "-" "Python/3.14 aiohttp/3.13.5"
27.124.44.163 - - [22/Jul/2026:10:08:51 +0800] "GET /cqqizhoucom.tar.gz HTTP/1.1" 404 9497 "-" "Python/3.14 aiohttp/3.13.5"
27.124.44.163 - - [22/Jul/2026:10:08:51 +0800] "GET /cqqizhoucom.rar HTTP/1.1" 404 9497 "-" "Python/3.14 aiohttp/3.13.5"
27.124.44.163 - - [22/Jul/2026:10:08:51 +0800] "GET /1.tar.gz HTTP/1.1" 404 9497 "-" "Python/3.14 aiohttp/3.13.5"
27.124.44.163 - - [22/Jul/2026:10:08:51 +0800] "GET /1.rar HTTP/1.1" 404 9497 "-" "Python/3.14 aiohttp/3.13.5"
27.124.44.163 - - [22/Jul/2026:10:08:51 +0800] "GET /web.rar HTTP/1.1" 404 9497 "-" "Python/3.14 aiohttp/3.13.5"
27.124.44.163 - - [22/Jul/2026:10:08:52 +0800] "GET /cqqizhou.com.rar HTTP/1.1" 404 9497 "-" "Python/3.14 aiohttp/3.13.5"
36.133.115.36 - - [22/Jul/2026:10:15:55 +0800] "POST /wp-cron.php?doing_wp_cron=1784686555.9068329334259033203125 HTTP/1.1" 200 31 "-" "WordPress/7.0; http://cqqizhou.com"
110.249.202.145 - - [22/Jul/2026:10:15:55 +0800] "GET /robots.txt HTTP/1.1" 200 190 "-" "Mozilla/5.0 (Linux; Android 5.0) AppleWebKit/537.36 (KHTML, like Gecko) Mobile Safari/537.36 (compatible; Bytespider; https://zhanzhang.toutiao.com/)"
36.133.115.36 - - [22/Jul/2026:10:23:59 +0800] "POST /wp-cron.php?doing_wp_cron=1784687038.9524779319763183593750 HTTP/1.1" 200 31 "-" "WordPress/7.0; http://cqqizhou.com"
116.179.32.110 - - [22/Jul/2026:10:23:59 +0800] "GET /news/2420 HTTP/1.1" 200 23975 "-" "Mozilla/5.0 (compatible; Baiduspider/2.0; +http://www.baidu.com/search/spider.html)"
36.133.115.36 - - [22/Jul/2026:10:24:31 +0800] "POST /wp-cron.php?doing_wp_cron=1784687071.8057079315185546875000 HTTP/1.1" 200 31 "-" "WordPress/7.0; http://cqqizhou.com"
14.29.109.16 - - [22/Jul/2026:10:24:31 +0800] "GET /2418/ HTTP/1.1" 301 5 "-" "Mozilla/5.0 (Windows NT 10.0; Win64; x64) AppleWebKit/537.36 (KHTML, like Gecko) Chrome/133.0.0.0 Safari/537.36"
14.29.109.16 - - [22/Jul/2026:10:24:34 +0800] "GET /news/2418 HTTP/1.1" 200 27845 "http://cqqizhou.com/2418/" "Mozilla/5.0 (Windows NT 10.0; Win64; x64) AppleWebKit/537.36 (KHTML, like Gecko) Chrome/133.0.0.0 Safari/537.36"
112.90.2.240 - - [22/Jul/2026:10:24:36 +0800] "GET /2418/ HTTP/1.1" 301 5 "-" "Mozilla/5.0 (Windows NT 10.0; Win64; x64) AppleWebKit/537.36 (KHTML, like Gecko) Chrome/111.0.0.0 Safari/537.36"
220.181.108.105 - - [22/Jul/2026:10:24:36 +0800] "GET /news/2420 HTTP/1.1" 200 23993 "-" "Mozilla/5.0 (compatible; Baiduspider/2.0; +http://www.baidu.com/search/spider.html)"
36.133.108.125 - - [22/Jul/2026:10:35:05 +0800] "HEAD / HTTP/1.1" 499 0 "-" "Mozilla/5.0 (Macintosh; U; Intel Mac OS X 10_6_6; fr-ch) AppleWebKit/533.19.4 (KHTML, like Gecko) Version/5.0.3 Safari/533.19.4"
36.133.115.36 - - [22/Jul/2026:10:35:05 +0800] "POST /wp-cron.php?doing_wp_cron=1784687705.2397599220275878906250 HTTP/1.1" 200 31 "-" "WordPress/7.0; http://cqqizhou.com"
36.133.115.36 - - [22/Jul/2026:10:45:06 +0800] "POST /wp-cron.php?doing_wp_cron=1784688306.5484430789947509765625 HTTP/1.1" 200 31 "-" "WordPress/7.0; http://cqqizhou.com"
45.77.44.27 - - [22/Jul/2026:10:45:07 +0800] "HEAD / HTTP/1.1" 200 0 "-" "Mozilla/5.0 (X11; Linux x86_64) AppleWebKit/537.36 (KHTML, like Gecko) Chrome/131.0.0.0 Safari/537.36"
45.77.44.27 - - [22/Jul/2026:10:45:10 +0800] "POST /?rest_route=/batch/v1 HTTP/1.1" 207 183833 "-" "Mozilla/5.0 (Windows NT 10.0; Win64; x64; rv:133.0) Gecko/20100101 Firefox/133.0"
36.133.115.36 - - [22/Jul/2026:10:55:05 +0800] "POST /wp-cron.php?doing_wp_cron=1784688905.8569118976593017578125 HTTP/1.1" 200 31 "-" "WordPress/7.0; http://cqqizhou.com"
112.86.225.49 - - [22/Jul/2026:10:55:05 +0800] "GET / HTTP/1.1" 200 35515 "-" "Sogou web spider/4.0(+http://www.sogou.com/docs/help/webmasters.htm#07)"
154.193.12.181 - - [22/Jul/2026:11:14:25 +0800] "GET http://cqqizhou.com/wp-content/uploads/2025/12/1766388811-Article_images_202507249-768x346.webp HTTP/1.1" 200 50030 "-" "Mozilla/5.0 (compatible; crawler)"
36.133.115.36 - - [22/Jul/2026:11:21:14 +0800] "POST /wp-cron.php?doing_wp_cron=1784690474.2128849029541015625000 HTTP/1.1" 200 31 "-" "WordPress/7.0; http://cqqizhou.com"
110.249.202.104 - - [22/Jul/2026:11:21:14 +0800] "GET / HTTP/1.1" 200 35080 "-" "Mozilla/5.0 (Linux; Android 5.0) AppleWebKit/537.36 (KHTML, like Gecko) Mobile Safari/537.36 (compatible; Bytespider; https://zhanzhang.toutiao.com/)"
36.133.115.36 - - [22/Jul/2026:11:26:06 +0800] "POST /wp-cron.php?doing_wp_cron=1784690766.7675681114196777343750 HTTP/1.1" 200 31 "-" "WordPress/7.0; http://cqqizhou.com"
43.157.179.227 - - [22/Jul/2026:11:26:06 +0800] "GET / HTTP/1.1" 301 5 "-" "Mozilla/5.0 (iPhone; CPU iPhone OS 13_2_3 like Mac OS X) AppleWebKit/605.1.15 (KHTML, like Gecko) Version/13.0.3 Mobile/15E148 Safari/604.1"
36.133.115.36 - - [22/Jul/2026:11:26:10 +0800] "POST /wp-cron.php?doing_wp_cron=1784690770.1351890563964843750000 HTTP/1.1" 200 31 "-" "WordPress/7.0; http://cqqizhou.com"
43.157.179.227 - - [22/Jul/2026:11:26:10 +0800] "GET / HTTP/1.1" 200 35080 "http://36.133.115.36" "Mozilla/5.0 (iPhone; CPU iPhone OS 13_2_3 like Mac OS X) AppleWebKit/605.1.15 (KHTML, like Gecko) Version/13.0.3 Mobile/15E148 Safari/604.1"
36.133.115.36 - - [22/Jul/2026:11:30:26 +0800] "POST /wp-cron.php?doing_wp_cron=1784691026.6390750408172607421875 HTTP/1.1" 200 31 "-" "WordPress/7.0; http://cqqizhou.com"
43.156.37.91 - - [22/Jul/2026:11:30:26 +0800] "GET / HTTP/1.1" 301 5 "-" "Mozilla/5.0 (iPhone; CPU iPhone OS 13_2_3 like Mac OS X) AppleWebKit/605.1.15 (KHTML, like Gecko) Version/13.0.3 Mobile/15E148 Safari/604.1"
43.156.37.91 - - [22/Jul/2026:11:30:28 +0800] "GET / HTTP/1.1" 200 35080 "http://www.cqqizhou.com" "Mozilla/5.0 (iPhone; CPU iPhone OS 13_2_3 like Mac OS X) AppleWebKit/605.1.15 (KHTML, like Gecko) Version/13.0.3 Mobile/15E148 Safari/604.1"
36.133.115.36 - - [22/Jul/2026:11:57:31 +0800] "POST /wp-cron.php?doing_wp_cron=1784692651.0067260265350341796875 HTTP/1.1" 200 31 "-" "WordPress/7.0; http://cqqizhou.com"
119.84.246.117 - - [22/Jul/2026:11:57:31 +0800] "GET / HTTP/1.1" 301 5 "-" "-"
119.84.246.117 - - [22/Jul/2026:11:57:31 +0800] "GET / HTTP/1.1" 200 159680 "-" "-"
119.84.246.117 - - [22/Jul/2026:11:57:33 +0800] "GET / HTTP/1.1" 301 5 "-" "Mozilla/5.0 (Windows NT 6.1; WOW64) AppleWebKit/535.11 (KHTML, like Gecko) Chrome/17.0.963.84 Safari/535.11 SE 2.X MetaSr 1.0"
119.84.246.117 - - [22/Jul/2026:11:57:33 +0800] "GET / HTTP/1.1" 200 35530 "-" "Mozilla/5.0 (Windows NT 6.1; WOW64) AppleWebKit/535.11 (KHTML, like Gecko) Chrome/17.0.963.84 Safari/535.11 SE 2.X MetaSr 1.0"
119.84.246.117 - - [22/Jul/2026:11:57:33 +0800] "GET /wp-content/uploads/2025/07/1753456723-%E5%8F%8C%E7%9B%B8%E9%92%A2roduct_Single600.webp HTTP/1.1" 200 22790 "http://cqqizhou.com/" "Mozilla/5.0 (Windows NT 6.1; WOW64) AppleWebKit/535.11 (KHTML, like Gecko) Chrome/17.0.963.84 Safari/535.11 SE 2.X MetaSr 1.0"
119.84.246.117 - - [22/Jul/2026:11:57:33 +0800] "GET /wp-content/uploads/2025/07/1753453096-%E5%8F%8C%E7%9B%B8%E9%92%A2product_Single600%C3%97284.webp HTTP/1.1" 200 14562 "http://cqqizhou.com/" "Mozilla/5.0 (Windows NT 6.1; WOW64) AppleWebKit/535.11 (KHTML, like Gecko) Chrome/17.0.963.84 Safari/535.11 SE 2.X MetaSr 1.0"
119.84.246.117 - - [22/Jul/2026:11:57:33 +0800] "GET /wp-content/uploads/2025/07/1751425283-qizhou.kf_.qq_.com_.webp HTTP/1.1" 200 16864 "http://cqqizhou.com/" "Mozilla/5.0 (Windows NT 6.1; WOW64) AppleWebKit/535.11 (KHTML, like Gecko) Chrome/17.0.963.84 Safari/535.11 SE 2.X MetaSr 1.0"
119.84.246.117 - - [22/Jul/2026:11:57:33 +0800] "GET /wp-content/uploads/2025/07/1753456770-%E7%83%AD%E9%95%80%E9%94%8C%E5%8D%B7product_Single600.webp HTTP/1.1" 200 27502 "http://cqqizhou.com/" "Mozilla/5.0 (Windows NT 6.1; WOW64) AppleWebKit/535.11 (KHTML, like Gecko) Chrome/17.0.963.84 Safari/535.11 SE 2.X MetaSr 1.0"
119.84.246.117 - - [22/Jul/2026:11:57:33 +0800] "GET /wp-content/uploads/2025/07/1753453127-%E4%BD%99%E5%8D%B7product_Single600%C3%97284.webp HTTP/1.1" 200 18744 "http://cqqizhou.com/" "Mozilla/5.0 (Windows NT 6.1; WOW64) AppleWebKit/535.11 (KHTML, like Gecko) Chrome/17.0.963.84 Safari/535.11 SE 2.X MetaSr 1.0"
119.84.246.117 - - [22/Jul/2026:11:57:33 +0800] "GET /wp-content/uploads/2026/06/1782708718-1Article_images_W900px.webp HTTP/1.1" 200 54948 "http://cqqizhou.com/" "Mozilla/5.0 (Windows NT 6.1; WOW64) AppleWebKit/535.11 (KHTML, like Gecko) Chrome/17.0.963.84 Safari/535.11 SE 2.X MetaSr 1.0"
119.84.246.117 - - [22/Jul/2026:11:57:33 +0800] "GET /wp-content/uploads/2026/06/1782392245-Article_images_W900px.webp HTTP/1.1" 200 62046 "http://cqqizhou.com/" "Mozilla/5.0 (Windows NT 6.1; WOW64) AppleWebKit/535.11 (KHTML, like Gecko) Chrome/17.0.963.84 Safari/535.11 SE 2.X MetaSr 1.0"
119.84.246.117 - - [22/Jul/2026:11:57:33 +0800] "GET /wp-content/uploads/2026/06/1782182572-Article_images_W900px.webp HTTP/1.1" 200 24314 "http://cqqizhou.com/" "Mozilla/5.0 (Windows NT 6.1; WOW64) AppleWebKit/535.11 (KHTML, like Gecko) Chrome/17.0.963.84 Safari/535.11 SE 2.X MetaSr 1.0"
119.84.246.117 - - [22/Jul/2026:11:57:33 +0800] "GET /wp-content/uploads/2026/06/1781880807-Article_images_W900px.webp HTTP/1.1" 200 25354 "http://cqqizhou.com/" "Mozilla/5.0 (Windows NT 6.1; WOW64) AppleWebKit/535.11 (KHTML, like Gecko) Chrome/17.0.963.84 Safari/535.11 SE 2.X MetaSr 1.0"
119.84.246.117 - - [22/Jul/2026:11:57:33 +0800] "GET /wp-content/uploads/2026/06/1780363378-1Article_images_W900px.webp HTTP/1.1" 200 62100 "http://cqqizhou.com/" "Mozilla/5.0 (Windows NT 6.1; WOW64) AppleWebKit/535.11 (KHTML, like Gecko) Chrome/17.0.963.84 Safari/535.11 SE 2.X MetaSr 1.0"
36.133.115.36 - - [22/Jul/2026:12:18:51 +0800] "POST /wp-cron.php?doing_wp_cron=1784693931.5884358882904052734375 HTTP/1.1" 200 31 "-" "WordPress/7.0; http://cqqizhou.com"
15.235.98.120 - - [22/Jul/2026:12:18:51 +0800] "GET /robots.txt HTTP/1.1" 200 190 "-" "Mozilla/5.0 (compatible; AhrefsBot/7.0; +http://ahrefs.com/robot/)"
51.195.183.2 - - [22/Jul/2026:12:18:54 +0800] "GET /news/2496 HTTP/1.1" 200 28579 "-" "Mozilla/5.0 (compatible; AhrefsBot/7.0; +http://ahrefs.com/robot/)"
112.86.225.53 - - [22/Jul/2026:12:25:53 +0800] "GET / HTTP/1.1" 200 35530 "-" "Sogou web spider/4.0(+http://www.sogou.com/docs/help/webmasters.htm#07)"
36.133.115.36 - - [22/Jul/2026:12:32:19 +0800] "POST /wp-cron.php?doing_wp_cron=1784694739.4684720039367675781250 HTTP/1.1" 200 31 "-" "WordPress/7.0; http://cqqizhou.com"
160.119.71.9 - - [22/Jul/2026:12:32:19 +0800] "GET / HTTP/1.1" 200 109837 "-" "Mozilla/5.0 (X11; Linux x86_64; rv:144.0) Gecko/20100101 Firefox/144.0"
120.227.232.184 - - [22/Jul/2026:12:43:17 +0800] "GET http://cqqizhou.com/wp-content/uploads/2026/02/1770617948-Article_images_W900%C3%97500px-300x169.webp HTTP/1.1" 200 12198 "http://cqqizhou.com/" "Mozilla/5.0 (Windows NT 10.0; Win64; x64) AppleWebKit/537.36 (KHTML, like Gecko) Chrome/116.0.0.0 Safari/537.36"
124.220.29.71 - - [22/Jul/2026:12:43:32 +0800] "GET /wp-content/uploads/2026/02/1770617948-Article_images_W900%C3%97500px-300x169.webp HTTP/1.1" 200 12198 "http://cqqizhou.com/" "Mozilla/5.0 (Windows NT 10.0; Win64; x64) AppleWebKit/537.36 (KHTML, like Gecko) Chrome/116.0.0.0 Safari/537.36"
116.179.32.205 - - [22/Jul/2026:12:44:09 +0800] "GET /news/2603 HTTP/1.1" 200 21332 "-" "Mozilla/5.0 (compatible; Baiduspider/2.0; +http://www.baidu.com/search/spider.html)"
36.133.115.36 - - [22/Jul/2026:12:52:00 +0800] "POST /wp-cron.php?doing_wp_cron=1784695920.1924190521240234375000 HTTP/1.1" 200 31 "-" "WordPress/7.0; http://cqqizhou.com"
104.237.145.228 - - [22/Jul/2026:12:52:00 +0800] "GET / HTTP/1.1" 301 5 "-" "Mozilla/5.0 (Macintosh; Intel Mac OS X 13_1) AppleWebKit/537.36 (KHTML, like Gecko) Chrome/108.0.0.0 Safari/537.36"
104.237.145.228 - - [22/Jul/2026:12:52:01 +0800] "GET / HTTP/1.1" 200 35530 "http://36.133.115.36/" "Mozilla/5.0 (Macintosh; Intel Mac OS X 13_1) AppleWebKit/537.36 (KHTML, like Gecko) Chrome/108.0.0.0 Safari/537.36"
189.81.226.187 - - [22/Jul/2026:13:13:40 +0800] "GET /wp-content/uploads/2025/12/1766388809-Article_images_202507247-768x432.webp HTTP/1.1" 200 59572 "-" "Mozilla/5.0 (compatible; crawler)"
36.133.115.36 - - [22/Jul/2026:13:41:55 +0800] "POST /wp-cron.php?doing_wp_cron=1784698915.4562311172485351562500 HTTP/1.1" 200 31 "-" "WordPress/7.0; http://cqqizhou.com"
43.165.7.135 - - [22/Jul/2026:13:41:55 +0800] "GET / HTTP/1.1" 200 35079 "-" "Mozilla/5.0 (iPhone; CPU iPhone OS 13_2_3 like Mac OS X) AppleWebKit/605.1.15 (KHTML, like Gecko) Version/13.0.3 Mobile/15E148 Safari/604.1"
36.133.115.36 - - [22/Jul/2026:14:16:19 +0800] "POST /wp-cron.php?doing_wp_cron=1784700979.3844110965728759765625 HTTP/1.1" 200 31 "-" "WordPress/7.0; http://cqqizhou.com"
158.173.75.27 - - [22/Jul/2026:14:16:19 +0800] "GET /contacts HTTP/1.0" 200 79818 "http://cqqizhou.com/contacts" "Mozilla/5.0 (Windows NT 6.1) AppleWebKit/537.36 (KHTML, like Gecko) Chrome/103.0.5060.114 Safari/537.36"
158.173.75.27 - - [22/Jul/2026:14:16:23 +0800] "POST /contacts HTTP/1.0" 200 72527 "http://cqqizhou.com/contacts" "Mozilla/5.0 (Windows NT 6.1) AppleWebKit/537.36 (KHTML, like Gecko) Chrome/103.0.5060.114 Safari/537.36"
142.111.173.205 - - [22/Jul/2026:14:16:31 +0800] "GET /wp-content/uploads/2025/12/1766064671-Article_images_20251218212624.webp HTTP/1.1" 200 40874 "-" "Mozilla/5.0 (Windows NT 10.0; Win64; x64) AppleWebKit/537.36 (KHTML, like Gecko) Chrome/120.0.0.0 Safari/537.36"
114.119.140.169 - - [22/Jul/2026:14:17:07 +0800] "GET /robots.txt HTTP/1.1" 200 190 "http://cqqizhou.com/robots.txt" "Mozilla/5.0 (compatible;PetalBot;+https://webmaster.petalsearch.com/site/petalbot)"
112.86.225.95 - - [22/Jul/2026:14:19:03 +0800] "GET / HTTP/1.1" 200 35530 "-" "Sogou web spider/4.0(+http://www.sogou.com/docs/help/webmasters.htm#07)"
36.133.115.36 - - [22/Jul/2026:14:25:56 +0800] "POST /wp-cron.php?doing_wp_cron=1784701556.6485528945922851562500 HTTP/1.1" 200 31 "-" "WordPress/7.0; http://cqqizhou.com"
43.164.196.47 - - [22/Jul/2026:14:25:56 +0800] "GET / HTTP/1.1" 200 35080 "-" "Mozilla/5.0 (iPhone; CPU iPhone OS 13_2_3 like Mac OS X) AppleWebKit/605.1.15 (KHTML, like Gecko) Version/13.0.3 Mobile/15E148 Safari/604.1"
36.133.115.36 - - [22/Jul/2026:14:36:19 +0800] "POST /wp-cron.php?doing_wp_cron=1784702179.8498699665069580078125 HTTP/1.1" 200 31 "-" "WordPress/7.0; http://cqqizhou.com"
1.14.127.153 - - [22/Jul/2026:14:36:19 +0800] "POST /?rest_route=/batch/v1 HTTP/1.1" 207 771 "-" "wp2shell-scan"
1.14.127.153 - - [22/Jul/2026:14:36:31 +0800] "POST /?rest_route=/batch/v1 HTTP/1.1" 207 1700299 "-" "wp2shell-scan"
1.14.127.153 - - [22/Jul/2026:14:36:32 +0800] "GET /?rest_route=%2Fwp%2Fv2%2Fposts&per_page=1&_fields=link HTTP/1.1" 200 57 "-" "wp2shell-scan"
1.14.127.153 - - [22/Jul/2026:14:36:33 +0800] "POST /?rest_route=/batch/v1 HTTP/1.1" 207 6315 "-" "wp2shell-scan"
1.14.127.153 - - [22/Jul/2026:14:36:38 +0800] "POST /?rest_route=/batch/v1 HTTP/1.1" 207 1700487 "-" "wp2shell-scan"
1.14.127.153 - - [22/Jul/2026:14:36:42 +0800] "POST /?rest_route=/batch/v1 HTTP/1.1" 207 1700536 "-" "wp2shell-scan"
1.14.127.153 - - [22/Jul/2026:14:36:46 +0800] "POST /?rest_route=/batch/v1 HTTP/1.1" 207 1700485 "-" "wp2shell-scan"
1.14.127.153 - - [22/Jul/2026:14:36:50 +0800] "POST /?rest_route=/batch/v1 HTTP/1.1" 207 1700485 "-" "wp2shell-scan"
1.14.127.153 - - [22/Jul/2026:14:36:55 +0800] "POST /?rest_route=/batch/v1 HTTP/1.1" 207 1700485 "-" "wp2shell-scan"
1.14.127.153 - - [22/Jul/2026:14:36:57 +0800] "POST /?rest_route=/batch/v1 HTTP/1.1" 207 3701 "-" "wp2shell-scan"
1.14.127.153 - - [22/Jul/2026:14:36:57 +0800] "GET /wp-login.php HTTP/1.1" 200 8377 "-" "wp2shell-scan"
1.14.127.153 - - [22/Jul/2026:14:36:58 +0800] "POST /wp-login.php HTTP/1.1" 302 5 "-" "wp2shell-scan"
1.14.127.153 - - [22/Jul/2026:14:37:00 +0800] "GET /wp-admin/ HTTP/1.1" 302 5 "-" "wp2shell-scan"
1.14.127.153 - - [22/Jul/2026:14:37:01 +0800] "GET /wp-login.php?redirect_to=http%3A%2F%2Fcqqizhou.com%2Fwp-admin%2F&reauth=1 HTTP/1.1" 200 8377 "-" "wp2shell-scan"
1.14.127.153 - - [22/Jul/2026:14:37:04 +0800] "GET /wp-admin/plugin-install.php?tab=upload HTTP/1.1" 200 346235 "-" "wp2shell-scan"
36.133.115.36 - - [22/Jul/2026:14:37:18 +0800] "POST /wp-cron.php?doing_wp_cron=1784702238.0452680587768554687500 HTTP/1.1" 200 31 "-" "WordPress/7.0; http://cqqizhou.com"
1.14.127.153 - - [22/Jul/2026:14:37:18 +0800] "POST /wp-admin/update.php?action=upload-plugin HTTP/1.1" 200 330865 "-" "wp2shell-scan"
36.133.115.36 - - [22/Jul/2026:14:39:46 +0800] "POST /wp-cron.php?doing_wp_cron=1784702386.0428700447082519531250 HTTP/1.1" 200 31 "-" "WordPress/7.0; http://cqqizhou.com"
195.182.16.23 - - [22/Jul/2026:14:39:46 +0800] "GET /SDK/webLanguage HTTP/1.1" 301 5 "-" "Mozilla/5.0 (Windows NT 10.0; Win64; x64) AppleWebKit/537.36 (KHTML, like Gecko) Chrome/90.0.4430.85 Safari/537.36 Edg/90.0.818.46"
36.133.115.36 - - [22/Jul/2026:15:01:29 +0800] "POST /wp-cron.php?doing_wp_cron=1784703689.2398469448089599609375 HTTP/1.1" 200 31 "-" "WordPress/7.0; http://cqqizhou.com"
129.226.174.80 - - [22/Jul/2026:15:01:29 +0800] "GET / HTTP/1.1" 301 5 "-" "Mozilla/5.0 (iPhone; CPU iPhone OS 13_2_3 like Mac OS X) AppleWebKit/605.1.15 (KHTML, like Gecko) Version/13.0.3 Mobile/15E148 Safari/604.1"
129.226.174.80 - - [22/Jul/2026:15:01:33 +0800] "GET / HTTP/1.1" 200 35066 "http://36.133.115.36" "Mozilla/5.0 (iPhone; CPU iPhone OS 13_2_3 like Mac OS X) AppleWebKit/605.1.15 (KHTML, like Gecko) Version/13.0.3 Mobile/15E148 Safari/604.1"
36.133.115.36 - - [22/Jul/2026:15:05:47 +0800] "POST /wp-cron.php?doing_wp_cron=1784703947.5760350227355957031250 HTTP/1.1" 200 31 "-" "WordPress/7.0; http://cqqizhou.com"
43.165.65.117 - - [22/Jul/2026:15:05:47 +0800] "GET / HTTP/1.1" 301 5 "-" "Mozilla/5.0 (iPhone; CPU iPhone OS 13_2_3 like Mac OS X) AppleWebKit/605.1.15 (KHTML, like Gecko) Version/13.0.3 Mobile/15E148 Safari/604.1"
43.165.65.117 - - [22/Jul/2026:15:05:50 +0800] "GET / HTTP/1.1" 200 35069 "http://www.cqqizhou.com" "Mozilla/5.0 (iPhone; CPU iPhone OS 13_2_3 like Mac OS X) AppleWebKit/605.1.15 (KHTML, like Gecko) Version/13.0.3 Mobile/15E148 Safari/604.1"
220.181.108.93 - - [22/Jul/2026:15:06:25 +0800] "GET /wp-content/uploads/2026/01/1767691467-Article_images_W900%C3%97500px202601062.webp HTTP/1.1" 200 49670 "-" "Mozilla/5.0 (compatible; Baiduspider/2.0; +http://www.baidu.com/search/spider.html)"
36.133.115.36 - - [22/Jul/2026:15:11:32 +0800] "POST /wp-cron.php?doing_wp_cron=1784704292.5262079238891601562500 HTTP/1.1" 200 31 "-" "WordPress/7.0; http://cqqizhou.com"
116.179.32.201 - - [22/Jul/2026:15:11:32 +0800] "GET /logistics/ HTTP/1.1" 301 5 "-" "Mozilla/5.0 (compatible; Baiduspider/2.0; +http://www.baidu.com/search/spider.html)"
116.179.32.234 - - [22/Jul/2026:15:11:36 +0800] "GET /logistics HTTP/1.1" 200 31715 "-" "Mozilla/5.0 (compatible; Baiduspider/2.0; +http://www.baidu.com/search/spider.html)"
116.179.37.23 - - [22/Jul/2026:15:11:41 +0800] "GET /wp-content/uploads/2025/11/1762864381-QZ_Photo-7.webp HTTP/1.1" 200 129922 "http://cqqizhou.com/logistics" "Mozilla/5.0 (compatible; Baiduspider-render/2.0; +http://www.baidu.com/search/spider.html)"
36.133.115.36 - - [22/Jul/2026:15:24:09 +0800] "POST /wp-cron.php?doing_wp_cron=1784705049.5922539234161376953125 HTTP/1.1" 200 31 "-" "WordPress/7.0; http://cqqizhou.com"
160.119.71.9 - - [22/Jul/2026:15:24:09 +0800] "GET / HTTP/1.1" 200 109837 "-" "Mozilla/5.0 (X11; Linux x86_64; rv:144.0) Gecko/20100101 Firefox/144.0"
36.133.108.121 - - [22/Jul/2026:15:31:06 +0800] "HEAD /SDK/webLanguage HTTP/1.1" 499 0 "-" "Mozilla/5.0 (X11; Linux x86_64) AppleWebKit/537.36 (KHTML, like Gecko) Chrome/34.0.1847.137 Safari/4E423F"
36.133.115.36 - - [22/Jul/2026:15:31:07 +0800] "POST /wp-cron.php?doing_wp_cron=1784705467.6849999427795410156250 HTTP/1.1" 200 31 "-" "WordPress/7.0; http://cqqizhou.com"
36.133.115.36 - - [22/Jul/2026:15:47:30 +0800] "POST /wp-cron.php?doing_wp_cron=1784706450.5388560295104980468750 HTTP/1.1" 200 31 "-" "WordPress/7.0; http://cqqizhou.com"
183.200.134.15 - - [22/Jul/2026:15:47:30 +0800] "GET / HTTP/1.1" 200 35505 "-" "Mozilla/5.0 (Macintosh; Intel Mac OS X 10_15_7) AppleWebKit/537.36 (KHTML, like Gecko) Chrome/106.0.0.0 Safari/537.36"
36.133.115.36 - - [22/Jul/2026:15:52:28 +0800] "POST /wp-cron.php?doing_wp_cron=1784706748.8165450096130371093750 HTTP/1.1" 200 31 "-" "WordPress/7.0; http://cqqizhou.com"
34.22.158.15 - - [22/Jul/2026:15:52:28 +0800] "GET / HTTP/1.1" 200 35070 "-" "Mozilla/5.0 (Windows NT 10.0; Win64; x64) AppleWebKit/537.36 (KHTML, like Gecko) Chrome/127.0.0.0 Safari/537.36"
36.133.115.36 - - [22/Jul/2026:16:00:18 +0800] "POST /wp-cron.php?doing_wp_cron=1784707217.3712038993835449218750 HTTP/1.1" 200 31 "-" "WordPress/7.0; http://cqqizhou.com"
66.249.79.7 - - [22/Jul/2026:16:00:18 +0800] "GET /robots.txt HTTP/1.1" 200 190 "-" "Mozilla/5.0 (compatible; Googlebot/2.1; +http://www.google.com/bot.html)"
175.178.110.121 - - [22/Jul/2026:16:00:47 +0800] "GET / HTTP/1.1" 200 35070 "-" "Mozilla/5.0 (iPhone; CPU iPhone OS 13_2_3 like Mac OS X) AppleWebKit/605.1.15 (KHTML, like Gecko) Version/13.0.3 Mobile/15E148 Safari/604.1"
36.133.115.36 - - [22/Jul/2026:16:14:01 +0800] "POST /wp-cron.php?doing_wp_cron=1784708040.9857499599456787109375 HTTP/1.1" 200 31 "-" "WordPress/7.0; http://cqqizhou.com"
121.199.162.135 - - [22/Jul/2026:16:14:01 +0800] "GET / HTTP/1.1" 301 5 "-" "Mozilla/5.0 (Windows NT 10.0; Win64; x64) AppleWebKit/537.36 (KHTML, like Gecko) Chrome/59.0.3071.115 Safari/537.36"
36.133.115.36 - - [22/Jul/2026:16:16:34 +0800] "POST /wp-cron.php?doing_wp_cron=1784708194.2686429023742675781250 HTTP/1.1" 200 31 "-" "WordPress/7.0; http://cqqizhou.com"
38.242.224.227 - - [22/Jul/2026:16:16:34 +0800] "GET /robots.txt HTTP/1.1" 200 390 "-" "Mozilla/5.0 (compatible; MJ12bot/v1.4.8; http://mj12bot.com/)"
38.242.224.227 - - [22/Jul/2026:16:16:38 +0800] "GET /portfolio-tag/%E9%9E%8D%E9%92%A2%E8%92%82%E6%A3%AE/ HTTP/1.1" 404 9498 "-" "Mozilla/5.0 (compatible; MJ12bot/v1.4.8; http://mj12bot.com/)"
36.133.115.36 - - [22/Jul/2026:16:19:40 +0800] "POST /wp-cron.php?doing_wp_cron=1784708380.2802379131317138671875 HTTP/1.1" 200 31 "-" "WordPress/7.0; http://cqqizhou.com"
110.249.201.99 - - [22/Jul/2026:16:19:40 +0800] "GET /news/2483 HTTP/1.1" 200 20728 "-" "Mozilla/5.0 (Linux; Android 5.0) AppleWebKit/537.36 (KHTML, like Gecko) Mobile Safari/537.36 (compatible; Bytespider; https://zhanzhang.toutiao.com/)"
110.249.201.99 - - [22/Jul/2026:16:19:40 +0800] "GET /wp-content/uploads/2026/02/1770617948-Article_images_W900%C3%97500px-768x432.webp HTTP/1.1" 206 500 "http://cqqizhou.com/news/2483" "Mozilla/5.0 (Linux; Android 5.0) AppleWebKit/537.36 (KHTML, like Gecko) Mobile Safari/537.36 (compatible; Bytespider; https://zhanzhang.toutiao.com/)"
110.249.201.85 - - [22/Jul/2026:16:19:40 +0800] "GET /wp-content/uploads/2026/02/1770617977-Article_images_W900px-768x576.webp HTTP/1.1" 206 500 "http://cqqizhou.com/news/2483" "Mozilla/5.0 (Linux; Android 5.0) AppleWebKit/537.36 (KHTML, like Gecko) Mobile Safari/537.36 (compatible; Bytespider; https://zhanzhang.toutiao.com/)"
36.133.115.36 - - [22/Jul/2026:16:33:59 +0800] "POST /wp-cron.php?doing_wp_cron=1784709239.8715620040893554687500 HTTP/1.1" 200 31 "-" "WordPress/7.0; http://cqqizhou.com"
45.198.224.54 - - [22/Jul/2026:16:34:00 +0800] "GET / HTTP/1.1" 200 109842 "-" "-"
36.133.115.36 - - [22/Jul/2026:16:34:31 +0800] "POST /wp-cron.php?doing_wp_cron=1784709271.5193181037902832031250 HTTP/1.1" 200 31 "-" "WordPress/7.0; http://cqqizhou.com"
134.122.68.238 - - [22/Jul/2026:16:34:31 +0800] "GET / HTTP/1.1" 301 5 "-" "Mozilla/5.0 (compatible; Odin; https://docs.getodin.com/)"
134.122.68.238 - - [22/Jul/2026:16:34:32 +0800] "GET / HTTP/1.1" 200 35519 "http://36.133.115.36" "Mozilla/5.0 (compatible; Odin; https://docs.getodin.com/)"
167.172.171.41 - - [22/Jul/2026:16:34:35 +0800] "GET / HTTP/1.1" 200 35069 "-" "Go-http-client/1.1"
36.133.115.36 - - [22/Jul/2026:16:47:39 +0800] "POST /wp-cron.php?doing_wp_cron=1784710059.7844090461730957031250 HTTP/1.1" 200 31 "-" "WordPress/7.0; http://cqqizhou.com"
222.187.115.202 - - [22/Jul/2026:16:47:39 +0800] "POST /hello.world?%ADd+allow_url_include%3d1+%ADd+auto_prepend_file%3dphp://input HTTP/1.1" 404 32862 "-" "libredtail-http"
222.187.115.202 - - [22/Jul/2026:16:47:42 +0800] "POST /?%ADd+allow_url_include%3d1+%ADd+auto_prepend_file%3dphp://input HTTP/1.1" 200 158029 "-" "libredtail-http"
222.187.115.202 - - [22/Jul/2026:16:47:42 +0800] "GET /vendor/phpunit/phpunit/src/Util/PHP/eval-stdin.php HTTP/1.1" 404 27 "-" "libredtail-http"
222.187.115.202 - - [22/Jul/2026:16:47:43 +0800] "GET /vendor/phpunit/phpunit/Util/PHP/eval-stdin.php HTTP/1.1" 404 27 "-" "libredtail-http"
222.187.115.202 - - [22/Jul/2026:16:47:43 +0800] "GET /vendor/phpunit/src/Util/PHP/eval-stdin.php HTTP/1.1" 404 27 "-" "libredtail-http"
222.187.115.202 - - [22/Jul/2026:16:47:43 +0800] "GET /vendor/phpunit/Util/PHP/eval-stdin.php HTTP/1.1" 404 27 "-" "libredtail-http"
222.187.115.202 - - [22/Jul/2026:16:47:43 +0800] "GET /vendor/phpunit/phpunit/LICENSE/eval-stdin.php HTTP/1.1" 404 27 "-" "libredtail-http"
222.187.115.202 - - [22/Jul/2026:16:47:44 +0800] "GET /vendor/vendor/phpunit/phpunit/src/Util/PHP/eval-stdin.php HTTP/1.1" 404 27 "-" "libredtail-http"
222.187.115.202 - - [22/Jul/2026:16:47:44 +0800] "GET /phpunit/phpunit/src/Util/PHP/eval-stdin.php HTTP/1.1" 404 27 "-" "libredtail-http"
222.187.115.202 - - [22/Jul/2026:16:47:44 +0800] "GET /phpunit/phpunit/Util/PHP/eval-stdin.php HTTP/1.1" 404 27 "-" "libredtail-http"
222.187.115.202 - - [22/Jul/2026:16:47:45 +0800] "GET /phpunit/src/Util/PHP/eval-stdin.php HTTP/1.1" 404 27 "-" "libredtail-http"
222.187.115.202 - - [22/Jul/2026:16:47:45 +0800] "GET /phpunit/Util/PHP/eval-stdin.php HTTP/1.1" 404 27 "-" "libredtail-http"
222.187.115.202 - - [22/Jul/2026:16:47:45 +0800] "GET /lib/phpunit/phpunit/src/Util/PHP/eval-stdin.php HTTP/1.1" 404 27 "-" "libredtail-http"
222.187.115.202 - - [22/Jul/2026:16:47:46 +0800] "GET /lib/phpunit/phpunit/Util/PHP/eval-stdin.php HTTP/1.1" 404 27 "-" "libredtail-http"
222.187.115.202 - - [22/Jul/2026:16:47:47 +0800] "GET /lib/phpunit/src/Util/PHP/eval-stdin.php HTTP/1.1" 404 27 "-" "libredtail-http"
222.187.115.202 - - [22/Jul/2026:16:47:47 +0800] "GET /lib/phpunit/Util/PHP/eval-stdin.php HTTP/1.1" 404 27 "-" "libredtail-http"
222.187.115.202 - - [22/Jul/2026:16:47:47 +0800] "GET /lib/vendor/phpunit/phpunit/src/Util/PHP/eval-stdin.php HTTP/1.1" 404 27 "-" "libredtail-http"
222.187.115.202 - - [22/Jul/2026:16:47:47 +0800] "GET /laravel/vendor/phpunit/phpunit/src/Util/PHP/eval-stdin.php HTTP/1.1" 404 27 "-" "libredtail-http"
222.187.115.202 - - [22/Jul/2026:16:47:48 +0800] "GET /www/vendor/phpunit/phpunit/src/Util/PHP/eval-stdin.php HTTP/1.1" 404 27 "-" "libredtail-http"
222.187.115.202 - - [22/Jul/2026:16:47:48 +0800] "GET /ws/vendor/phpunit/phpunit/src/Util/PHP/eval-stdin.php HTTP/1.1" 404 27 "-" "libredtail-http"
222.187.115.202 - - [22/Jul/2026:16:47:49 +0800] "GET /yii/vendor/phpunit/phpunit/src/Util/PHP/eval-stdin.php HTTP/1.1" 404 27 "-" "libredtail-http"
222.187.115.202 - - [22/Jul/2026:16:47:49 +0800] "GET /zend/vendor/phpunit/phpunit/src/Util/PHP/eval-stdin.php HTTP/1.1" 404 27 "-" "libredtail-http"
222.187.115.202 - - [22/Jul/2026:16:47:50 +0800] "GET /ws/ec/vendor/phpunit/phpunit/src/Util/PHP/eval-stdin.php HTTP/1.1" 404 27 "-" "libredtail-http"
222.187.115.202 - - [22/Jul/2026:16:47:50 +0800] "GET /V2/vendor/phpunit/phpunit/src/Util/PHP/eval-stdin.php HTTP/1.1" 404 27 "-" "libredtail-http"
222.187.115.202 - - [22/Jul/2026:16:47:50 +0800] "GET /tests/vendor/phpunit/phpunit/src/Util/PHP/eval-stdin.php HTTP/1.1" 404 27 "-" "libredtail-http"
222.187.115.202 - - [22/Jul/2026:16:47:50 +0800] "GET /test/vendor/phpunit/phpunit/src/Util/PHP/eval-stdin.php HTTP/1.1" 404 27 "-" "libredtail-http"
222.187.115.202 - - [22/Jul/2026:16:47:51 +0800] "GET /testing/vendor/phpunit/phpunit/src/Util/PHP/eval-stdin.php HTTP/1.1" 404 27 "-" "libredtail-http"
222.187.115.202 - - [22/Jul/2026:16:47:51 +0800] "GET /api/vendor/phpunit/phpunit/src/Util/PHP/eval-stdin.php HTTP/1.1" 404 27 "-" "libredtail-http"
222.187.115.202 - - [22/Jul/2026:16:47:52 +0800] "GET /demo/vendor/phpunit/phpunit/src/Util/PHP/eval-stdin.php HTTP/1.1" 404 27 "-" "libredtail-http"
222.187.115.202 - - [22/Jul/2026:16:47:52 +0800] "GET /cms/vendor/phpunit/phpunit/src/Util/PHP/eval-stdin.php HTTP/1.1" 404 27 "-" "libredtail-http"
222.187.115.202 - - [22/Jul/2026:16:47:52 +0800] "GET /crm/vendor/phpunit/phpunit/src/Util/PHP/eval-stdin.php HTTP/1.1" 404 27 "-" "libredtail-http"
222.187.115.202 - - [22/Jul/2026:16:47:53 +0800] "GET /admin/vendor/phpunit/phpunit/src/Util/PHP/eval-stdin.php HTTP/1.1" 404 27 "-" "libredtail-http"
222.187.115.202 - - [22/Jul/2026:16:47:53 +0800] "GET /backup/vendor/phpunit/phpunit/src/Util/PHP/eval-stdin.php HTTP/1.1" 404 27 "-" "libredtail-http"
222.187.115.202 - - [22/Jul/2026:16:47:53 +0800] "GET /blog/vendor/phpunit/phpunit/src/Util/PHP/eval-stdin.php HTTP/1.1" 404 27 "-" "libredtail-http"
222.187.115.202 - - [22/Jul/2026:16:47:54 +0800] "GET /workspace/drupal/vendor/phpunit/phpunit/src/Util/PHP/eval-stdin.php HTTP/1.1" 404 27 "-" "libredtail-http"
222.187.115.202 - - [22/Jul/2026:16:47:54 +0800] "GET /panel/vendor/phpunit/phpunit/src/Util/PHP/eval-stdin.php HTTP/1.1" 404 27 "-" "libredtail-http"
222.187.115.202 - - [22/Jul/2026:16:47:55 +0800] "GET /public/vendor/phpunit/phpunit/src/Util/PHP/eval-stdin.php HTTP/1.1" 404 27 "-" "libredtail-http"
222.187.115.202 - - [22/Jul/2026:16:47:55 +0800] "GET /apps/vendor/phpunit/phpunit/src/Util/PHP/eval-stdin.php HTTP/1.1" 404 27 "-" "libredtail-http"
222.187.115.202 - - [22/Jul/2026:16:47:55 +0800] "GET /app/vendor/phpunit/phpunit/src/Util/PHP/eval-stdin.php HTTP/1.1" 404 27 "-" "libredtail-http"
222.187.115.202 - - [22/Jul/2026:16:47:57 +0800] "GET /index.php?s=/index/\x5Cthink\x5Capp/invokefunction&function=call_user_func_array&vars[0]=md5&vars[1][]=Hello HTTP/1.1" 200 66923 "-" "libredtail-http"
222.187.115.202 - - [22/Jul/2026:16:47:59 +0800] "GET /public/index.php?s=/index/\x5Cthink\x5Capp/invokefunction&function=call_user_func_array&vars[0]=md5&vars[1][]=Hello HTTP/1.1" 404 27 "-" "libredtail-http"
222.187.115.202 - - [22/Jul/2026:16:48:01 +0800] "GET /index.php?lang=../../../../../../../../usr/local/lib/php/pearcmd&+config-create+/&/<?echo(md5(\x22hi\x22));?>+/tmp/index1.php HTTP/1.1" 200 158021 "-" "libredtail-http"
222.187.115.202 - - [22/Jul/2026:16:48:04 +0800] "GET /index.php?lang=../../../../../../../../tmp/index1 HTTP/1.1" 200 158029 "-" "libredtail-http"
36.133.115.36 - - [22/Jul/2026:16:48:09 +0800] "POST /wp-cron.php?doing_wp_cron=1784710088.8198370933532714843750 HTTP/1.1" 200 31 "-" "WordPress/7.0; http://cqqizhou.com"
222.187.115.202 - - [22/Jul/2026:16:48:09 +0800] "GET /containers/json HTTP/1.1" 301 5 "-" "libredtail-http"
222.187.115.202 - - [22/Jul/2026:16:48:11 +0800] "GET /containers/json HTTP/1.1" 301 5 "-" "libredtail-http"
36.133.115.36 - - [22/Jul/2026:17:13:08 +0800] "POST /wp-cron.php?doing_wp_cron=1784711588.6403939723968505859375 HTTP/1.1" 200 31 "-" "WordPress/7.0; http://cqqizhou.com"
123.131.162.213 - - [22/Jul/2026:17:13:08 +0800] "GET / HTTP/1.1" 301 5 "-" "Mozilla/5.0 (Windows NT 6.1) AppleWebKit/537.36 (KHTML, like Gecko) Chrome/71.0.3578.33"
123.131.162.213 - - [22/Jul/2026:17:13:08 +0800] "GET http://cqqizhou.com/ HTTP/1.1" 200 35519 "-" "Mozilla/5.0 (Windows NT 6.1) AppleWebKit/537.36 (KHTML, like Gecko) Chrome/71.0.3578.33"
112.49.172.121 - - [22/Jul/2026:17:13:13 +0800] "GET / HTTP/1.1" 200 35519 "-" "Mozilla/5.0 (Windows NT 10.0) AppleWebKit/537.36 (KHTML, like Gecko) Chrome/76.0.3809.12"
54.38.147.62 - - [22/Jul/2026:17:16:28 +0800] "GET / HTTP/1.1" 200 35519 "-" "Mozilla/5.0 (compatible; AhrefsBot/7.0; +http://ahrefs.com/robot/)"
36.133.115.36 - - [22/Jul/2026:17:33:33 +0800] "POST /wp-cron.php?doing_wp_cron=1784712813.5576360225677490234375 HTTP/1.1" 200 31 "-" "WordPress/7.0; http://cqqizhou.com"
198.244.242.151 - - [22/Jul/2026:17:33:33 +0800] "GET /company-news HTTP/1.1" 200 26420 "-" "Mozilla/5.0 (compatible; AhrefsBot/7.0; +http://ahrefs.com/robot/)"
198.244.183.140 - - [22/Jul/2026:17:36:28 +0800] "GET /wp-content/uploads/2026/03/1773722869-1Article_images_W900px.webp HTTP/1.1" 200 28566 "-" "Mozilla/5.0 (compatible; AhrefsBot/7.0; +http://ahrefs.com/robot/)"
54.38.147.250 - - [22/Jul/2026:17:36:30 +0800] "GET /wp-content/uploads/2026/05/1779059685-1Article_images_W900px.webp HTTP/1.1" 200 50738 "-" "Mozilla/5.0 (compatible; AhrefsBot/7.0; +http://ahrefs.com/robot/)"
198.244.183.245 - - [22/Jul/2026:17:36:32 +0800] "GET /wp-content/uploads/2026/03/1772790791-%E5%B0%81%E9%9D%A2%E5%A4%B4%E5%9B%BEArticle_images_W900%C3%97500px2026.webp HTTP/1.1" 200 52968 "-" "Mozilla/5.0 (compatible; AhrefsBot/7.0; +http://ahrefs.com/robot/)"
36.133.115.36 - - [22/Jul/2026:17:36:55 +0800] "POST /wp-cron.php?doing_wp_cron=1784713015.2489728927612304687500 HTTP/1.1" 200 31 "-" "WordPress/7.0; http://cqqizhou.com"
42.51.34.92 - - [22/Jul/2026:17:36:55 +0800] "GET /?and HTTP/1.1" 200 35071 "http://cqqizhou.com/?and" "Mozilla/5.0 (compatible; Baiduspider/2.0; +http://www.baidu.com/search/spider.html)"
36.133.115.36 - - [22/Jul/2026:17:45:25 +0800] "POST /wp-cron.php?doing_wp_cron=1784713525.3776040077209472656250 HTTP/1.1" 200 31 "-" "WordPress/7.0; http://cqqizhou.com"
103.233.10.2 - - [22/Jul/2026:17:45:25 +0800] "GET / HTTP/1.1" 301 5 "-" "Mozilla/5.0 (Windows NT 10.0; Win64; x64) AppleWebKit/537.36 (KHTML, like Gecko) Chrome/107.0.0.0 Safari/537.36"
103.233.10.2 - - [22/Jul/2026:17:45:25 +0800] "GET / HTTP/1.1" 200 35519 "-" "Mozilla/5.0 (Windows NT 10.0; Win64; x64) AppleWebKit/537.36 (KHTML, like Gecko) Chrome/107.0.0.0 Safari/537.36"
103.233.10.2 - - [22/Jul/2026:17:45:26 +0800] "GET /wp-content/uploads/2025/07/1751425283-qizhou.kf_.qq_.com_.webp HTTP/1.1" 200 16864 "http://cqqizhou.com/" "Mozilla/5.0 (Windows NT 10.0; Win64; x64) AppleWebKit/537.36 (KHTML, like Gecko) Chrome/109.0.0.0 Safari/537.36"
103.233.10.2 - - [22/Jul/2026:17:46:02 +0800] "GET /wp-content/plugins/wp2shell_84908442/hello.php HTTP/1.1" 200 31 "-" "Mozilla/5.0 (Windows NT 10.0; Win64; x64) AppleWebKit/537.36 (KHTML, like Gecko) Chrome/107.0.0.0 Safari/537.36"
36.133.115.36 - - [22/Jul/2026:17:56:11 +0800] "POST /wp-cron.php?doing_wp_cron=1784714171.4739079475402832031250 HTTP/1.1" 200 31 "-" "WordPress/7.0; http://cqqizhou.com"
43.157.67.70 - - [22/Jul/2026:17:56:11 +0800] "GET / HTTP/1.1" 200 35070 "-" "Mozilla/5.0 (iPhone; CPU iPhone OS 13_2_3 like Mac OS X) AppleWebKit/605.1.15 (KHTML, like Gecko) Version/13.0.3 Mobile/15E148 Safari/604.1"
180.153.236.39 - - [22/Jul/2026:18:16:35 +0800] "GET / HTTP/1.1" 200 35519 "http://cqqizhou.com/" "Mozilla/5.0 (Windows NT 10.0; Win64; x64) AppleWebKit/537.36 (KHTML, like Gecko) Chrome/140.0.0.0 Safari/537.36 Edg/140.0.0.0; 360Spider"
36.133.115.36 - - [22/Jul/2026:18:24:59 +0800] "POST /wp-cron.php?doing_wp_cron=1784715899.8828430175781250000000 HTTP/1.1" 200 31 "-" "WordPress/7.0; http://cqqizhou.com"
198.11.177.243 - - [22/Jul/2026:18:24:59 +0800] "GET / HTTP/1.1" 301 5 "-" "Mozilla/5.0 (iPhone; CPU iPhone OS 13_2_3 like Mac OS X) AppleWebKit/605.1.15 (KHTML, like Gecko) Version/13.0.3 Mobile/15E148 Safari/604.1"
198.11.177.243 - - [22/Jul/2026:18:25:04 +0800] "GET / HTTP/1.1" 200 35071 "http://36.133.115.36" "Mozilla/5.0 (iPhone; CPU iPhone OS 13_2_3 like Mac OS X) AppleWebKit/605.1.15 (KHTML, like Gecko) Version/13.0.3 Mobile/15E148 Safari/604.1"
36.133.115.36 - - [22/Jul/2026:18:32:46 +0800] "POST /wp-cron.php?doing_wp_cron=1784716366.7044489383697509765625 HTTP/1.1" 200 31 "-" "WordPress/7.0; http://cqqizhou.com"
172.212.224.40 - - [22/Jul/2026:18:32:46 +0800] "GET /ReportServer HTTP/1.1" 404 9498 "-" "Mozilla/5.0 zgrab/0.x"
36.133.115.36 - - [22/Jul/2026:18:36:50 +0800] "POST /wp-cron.php?doing_wp_cron=1784716610.6638820171356201171875 HTTP/1.1" 200 31 "-" "WordPress/7.0; http://cqqizhou.com"
43.163.86.65 - - [22/Jul/2026:18:36:50 +0800] "GET / HTTP/1.1" 301 5 "-" "Mozilla/5.0 (iPhone; CPU iPhone OS 13_2_3 like Mac OS X) AppleWebKit/605.1.15 (KHTML, like Gecko) Version/13.0.3 Mobile/15E148 Safari/604.1"
43.163.86.65 - - [22/Jul/2026:18:36:53 +0800] "GET / HTTP/1.1" 200 35070 "http://www.cqqizhou.com" "Mozilla/5.0 (iPhone; CPU iPhone OS 13_2_3 like Mac OS X) AppleWebKit/605.1.15 (KHTML, like Gecko) Version/13.0.3 Mobile/15E148 Safari/604.1"
36.133.115.36 - - [22/Jul/2026:18:53:32 +0800] "POST /wp-cron.php?doing_wp_cron=1784717612.6053919792175292968750 HTTP/1.1" 200 31 "-" "WordPress/7.0; http://cqqizhou.com"
160.119.71.9 - - [22/Jul/2026:18:53:32 +0800] "GET / HTTP/1.1" 200 109837 "-" "Mozilla/5.0 (X11; Linux x86_64; rv:144.0) Gecko/20100101 Firefox/144.0"
174.129.85.195 - - [22/Jul/2026:19:03:14 +0800] "GET / HTTP/1.1" 200 35519 "-" "Mozilla/5.0 (X11; Linux x86_64) AppleWebKit/537.36 (KHTML, like Gecko) Chrome/131.0.0.0 Safari/537.36"
36.133.115.36 - - [22/Jul/2026:19:15:45 +0800] "POST /wp-cron.php?doing_wp_cron=1784718945.3451199531555175781250 HTTP/1.1" 200 31 "-" "WordPress/7.0; http://cqqizhou.com"
158.158.53.196 - - [22/Jul/2026:19:15:45 +0800] "GET /json/version HTTP/1.1" 404 9497 "-" "-"
36.133.115.36 - - [22/Jul/2026:19:25:35 +0800] "POST /wp-cron.php?doing_wp_cron=1784719535.9332609176635742187500 HTTP/1.1" 200 31 "-" "WordPress/7.0; http://cqqizhou.com"
123.164.142.1 - - [22/Jul/2026:19:25:35 +0800] "GET /news/2160 HTTP/1.1" 200 30211 "-" "Mozilla/5.0 (Macintosh; Intel Mac OS X 10_15_7) AppleWebKit/537.36 (KHTML, like Gecko) Chrome/139.0.0.0 Safari/537.36"
36.133.115.36 - - [22/Jul/2026:19:31:09 +0800] "POST /wp-cron.php?doing_wp_cron=1784719869.7163839340209960937500 HTTP/1.1" 200 31 "-" "WordPress/7.0; http://cqqizhou.com"
39.163.2.6 - - [22/Jul/2026:19:31:09 +0800] "GET /news/portfolio/%E5%86%B7%E8%BD%A7%E6%9D%BF HTTP/1.1" 200 22713 "-" "Mozilla/5.0 (Windows NT 10.0; Win64; x64) AppleWebKit/537.36 (KHTML, like Gecko) Chrome/111.0.0.0 Safari/537.36"
20.102.66.195 - - [22/Jul/2026:19:37:03 +0800] "GET / HTTP/1.1" 200 35519 "-" "Mozilla/5.0 (Windows NT 10.0; Win64; x64) AppleWebKit/537.36 (KHTML, like Gecko; compatible; BuiltWith/1.4; rb.gy/xprgqj) Chrome/124.0.0.0 Safari/537.36"
36.133.115.36 - - [22/Jul/2026:19:54:01 +0800] "POST /wp-cron.php?doing_wp_cron=1784721241.4912939071655273437500 HTTP/1.1" 200 31 "-" "WordPress/7.0; http://cqqizhou.com"
120.241.127.196 - - [22/Jul/2026:19:54:01 +0800] "GET /services HTTP/1.1" 200 32217 "-" "Mozilla/5.0 (Windows NT 10.0; Win64; x64) AppleWebKit/537.36 (KHTML, like Gecko) Chrome/116.0.0.0 Safari/537.36"
36.133.115.36 - - [22/Jul/2026:20:13:52 +0800] "POST /wp-cron.php?doing_wp_cron=1784722432.3212239742279052734375 HTTP/1.1" 200 31 "-" "WordPress/7.0; http://cqqizhou.com"
110.249.201.95 - - [22/Jul/2026:20:13:52 +0800] "GET /news/2502 HTTP/1.1" 200 21264 "-" "Mozilla/5.0 (Linux; Android 5.0) AppleWebKit/537.36 (KHTML, like Gecko) Mobile Safari/537.36 (compatible; Bytespider; https://zhanzhang.toutiao.com/)"
110.249.201.95 - - [22/Jul/2026:20:13:53 +0800] "GET /wp-content/uploads/2025/07/1753454299-Article_images_W900px-768x432.webp HTTP/1.1" 206 500 "http://cqqizhou.com/news/2502" "Mozilla/5.0 (Linux; Android 5.0) AppleWebKit/537.36 (KHTML, like Gecko) Mobile Safari/537.36 (compatible; Bytespider; https://zhanzhang.toutiao.com/)"
110.249.201.183 - - [22/Jul/2026:20:13:53 +0800] "GET /wp-content/uploads/2025/07/1750656103-Visionr2000x800_20250623131702.webp HTTP/1.1" 206 500 "http://cqqizhou.com/news/2502" "Mozilla/5.0 (Linux; Android 5.0) AppleWebKit/537.36 (KHTML, like Gecko) Mobile Safari/537.36 (compatible; Bytespider; https://zhanzhang.toutiao.com/)"
110.249.201.222 - - [22/Jul/2026:20:13:53 +0800] "GET /wp-content/uploads/2026/05/1779957408-1Article_images_W900px-768x432.webp HTTP/1.1" 206 500 "http://cqqizhou.com/news/2502" "Mozilla/5.0 (Linux; Android 5.0) AppleWebKit/537.36 (KHTML, like Gecko) Mobile Safari/537.36 (compatible; Bytespider; https://zhanzhang.toutiao.com/)"
