183.0.98.43 - - [27/Jun/2026:13:27:31 +0800] "GET /wp-content/uploads/2026/06/1780363378-1Article_images_W900px.webp HTTP/1.1" 200 62100 "http://cqqizhou.com/" "Mozilla/5.0 (Windows NT 10.0; Win64; x64) AppleWebKit/537.36 (KHTML, like Gecko) Chrome/112.0.0.0 Safari/537.36"
183.0.98.43 - - [27/Jun/2026:13:27:31 +0800] "GET /wp-content/uploads/2026/04/1775195054-1Article_images_W900px.webp HTTP/1.1" 200 25562 "http://cqqizhou.com/" "Mozilla/5.0 (Windows NT 10.0; Win64; x64) AppleWebKit/537.36 (KHTML, like Gecko) Chrome/112.0.0.0 Safari/537.36"
183.0.98.43 - - [27/Jun/2026:13:27:31 +0800] "GET /wp-content/uploads/2026/06/1781880807-Article_images_W900px.webp HTTP/1.1" 200 25354 "http://cqqizhou.com/" "Mozilla/5.0 (Windows NT 10.0; Win64; x64) AppleWebKit/537.36 (KHTML, like Gecko) Chrome/112.0.0.0 Safari/537.36"
183.0.98.43 - - [27/Jun/2026:13:27:32 +0800] "GET /wp-content/uploads/2026/04/1775698332-Article_images_W900px.webp HTTP/1.1" 200 49852 "http://cqqizhou.com/" "Mozilla/5.0 (Windows NT 10.0; Win64; x64) AppleWebKit/537.36 (KHTML, like Gecko) Chrome/112.0.0.0 Safari/537.36"
36.133.115.36 - - [27/Jun/2026:13:45:17 +0800] "POST /wp-cron.php?doing_wp_cron=1782539117.1075799465179443359375 HTTP/1.1" 200 31 "-" "WordPress/7.0; http://cqqizhou.com"
39.100.65.189 - - [27/Jun/2026:13:45:17 +0800] "GET / HTTP/1.1" 301 5 "-" "Mozilla/5.0 (Windows NT 10.0; Win64; x64) AppleWebKit/537.36 (KHTML, like Gecko) Chrome/59.0.3071.115 Safari/537.36"
112.90.2.205 - - [27/Jun/2026:13:59:19 +0800] "GET /news/2535 HTTP/1.1" 200 24061 "-" "Mozilla/5.0 (Windows NT 10.0; Win64; x64) AppleWebKit/537.36 (KHTML, like Gecko) Chrome/120.0.0.0 Safari/537.36"
36.133.115.36 - - [27/Jun/2026:14:15:42 +0800] "POST /wp-cron.php?doing_wp_cron=1782540942.6184110641479492187500 HTTP/1.1" 200 31 "-" "WordPress/7.0; http://cqqizhou.com"
136.243.220.214 - - [27/Jun/2026:14:15:42 +0800] "GET /robots.txt HTTP/1.1" 200 190 "-" "Mozilla/5.0 (compatible; DataForSeoBot/1.0; +https://dataforseo.com/dataforseo-bot)"
36.133.115.36 - - [27/Jun/2026:14:17:25 +0800] "POST /wp-cron.php?doing_wp_cron=1782541045.0162639617919921875000 HTTP/1.1" 200 31 "-" "WordPress/7.0; http://cqqizhou.com"
116.31.164.159 - - [27/Jun/2026:14:17:25 +0800] "GET /services/qzgyl@cq-qizhou.com HTTP/1.1" 404 9497 "-" "Mozilla/5.0 (Macintosh; Intel Mac OS X 10_15_7) AppleWebKit/537.36 (KHTML, like Gecko) Chrome/135.0.0.0 Safari/537.36 Edg/135.0.0.0"
36.133.115.36 - - [27/Jun/2026:14:24:28 +0800] "POST /wp-cron.php?doing_wp_cron=1782541468.0379059314727783203125 HTTP/1.1" 200 31 "-" "WordPress/7.0; http://cqqizhou.com"
36.133.108.119 - - [27/Jun/2026:14:24:28 +0800] "HEAD /wp-content/upgrade/UserFile HTTP/1.1" 404 0 "-" "Mozilla/5.0 (compatible; MSIE 8.0; Windows NT 5.1; Trident/4.0; .NET CLR 1.1.4322; .NET CLR 2.0.50727)"
223.109.211.64 - - [27/Jun/2026:14:26:09 +0800] "GET /wp-content/uploads/2025/12/1766647830-Article_images_202512252.webp HTTP/1.1" 200 84832 "http://cqqizhou.com" "Mozilla/5.0 (Windows NT 10.0; Win64; x64) AppleWebKit/537.36 (KHTML, like Gecko) Chrome/120.0.0.0 Safari/537.36"
223.109.211.97 - - [27/Jun/2026:14:26:09 +0800] "GET /wp-content/uploads/2025/12/1766647829-Article_images_202512251.webp HTTP/1.1" 200 53246 "http://cqqizhou.com" "Mozilla/5.0 (Windows NT 10.0; Win64; x64) AppleWebKit/537.36 (KHTML, like Gecko) Chrome/120.0.0.0 Safari/537.36"
223.109.211.64 - - [27/Jun/2026:14:26:09 +0800] "GET /wp-content/uploads/2025/12/1766647832-Article_images_W900%C3%97500px20251225.webp HTTP/1.1" 200 44582 "http://cqqizhou.com" "Mozilla/5.0 (Windows NT 10.0; Win64; x64) AppleWebKit/537.36 (KHTML, like Gecko) Chrome/120.0.0.0 Safari/537.36"
223.109.211.64 - - [27/Jun/2026:14:26:09 +0800] "GET /wp-content/uploads/2025/12/1766647831-Article_images_202512254.webp HTTP/1.1" 200 55610 "http://cqqizhou.com" "Mozilla/5.0 (Windows NT 10.0; Win64; x64) AppleWebKit/537.36 (KHTML, like Gecko) Chrome/120.0.0.0 Safari/537.36"
223.109.211.114 - - [27/Jun/2026:14:26:09 +0800] "GET /wp-content/uploads/2025/12/1766647831-Article_images_202512253.webp HTTP/1.1" 200 115480 "http://cqqizhou.com" "Mozilla/5.0 (Windows NT 10.0; Win64; x64) AppleWebKit/537.36 (KHTML, like Gecko) Chrome/120.0.0.0 Safari/537.36"
36.133.115.36 - - [27/Jun/2026:14:41:11 +0800] "POST /wp-cron.php?doing_wp_cron=1782542471.6102340221405029296875 HTTP/1.1" 200 31 "-" "WordPress/7.0; http://cqqizhou.com"
220.181.108.146 - - [27/Jun/2026:14:41:11 +0800] "GET /news/ HTTP/1.1" 301 5 "-" "Mozilla/5.0 (compatible; Baiduspider/2.0; +http://www.baidu.com/search/spider.html)"
220.181.108.156 - - [27/Jun/2026:14:41:11 +0800] "GET /news HTTP/1.1" 200 26031 "-" "Mozilla/5.0 (compatible; Baiduspider/2.0; +http://www.baidu.com/search/spider.html)"
36.133.115.36 - - [27/Jun/2026:14:41:18 +0800] "POST /wp-cron.php HTTP/1.1" 200 31 "-" "WordPress/7.0; http://cqqizhou.com"
36.133.115.36 - - [27/Jun/2026:14:41:18 +0800] "GET / HTTP/1.1" 200 41028 "-" "WordPress/7.0; http://cqqizhou.com"
36.133.115.36 - - [27/Jun/2026:14:41:18 +0800] "GET / HTTP/1.1" 200 41028 "-" "WordPress/7.0; http://cqqizhou.com"
36.133.115.36 - - [27/Jun/2026:14:41:18 +0800] "GET / HTTP/1.1" 200 41028 "-" "WordPress/7.0; http://cqqizhou.com"
36.133.108.121 - - [27/Jun/2026:14:41:22 +0800] "HEAD /wp-includes/fonts/player HTTP/1.1" 404 0 "-" "Mozilla/5.0 (Macintosh; U; Intel Mac OS X 10_6_6; sv-se) AppleWebKit/533.20.25 (KHTML, like Gecko) Version/5.0.4 Safari/533.20.27"
36.133.115.36 - - [27/Jun/2026:14:44:48 +0800] "POST /wp-cron.php?doing_wp_cron=1782542688.9159109592437744140625 HTTP/1.1" 200 31 "-" "WordPress/7.0; http://cqqizhou.com"
216.244.66.245 - - [27/Jun/2026:14:44:48 +0800] "GET /robots.txt HTTP/1.1" 200 390 "-" "Mozilla/5.0 (compatible; DotBot/1.2; +https://opensiteexplorer.org/dotbot; help@moz.com)"
36.133.115.36 - - [27/Jun/2026:14:51:01 +0800] "POST /wp-cron.php?doing_wp_cron=1782543061.7232921123504638671875 HTTP/1.1" 200 31 "-" "WordPress/7.0; http://cqqizhou.com"
223.78.67.239 - - [27/Jun/2026:14:51:01 +0800] "GET /index.php HTTP/1.1" 200 158011 "-" "Mozilla/5.0"
223.78.67.239 - - [27/Jun/2026:14:51:03 +0800] "POST /index.php HTTP/1.1" 200 158011 "-" "Mozilla/5.0"
36.133.115.36 - - [27/Jun/2026:14:55:25 +0800] "POST /wp-cron.php?doing_wp_cron=1782543325.2649180889129638671875 HTTP/1.1" 200 31 "-" "WordPress/7.0; http://cqqizhou.com"
216.244.66.245 - - [27/Jun/2026:14:55:25 +0800] "GET /company-news/page/1 HTTP/1.1" 301 5 "-" "Mozilla/5.0 (compatible; DotBot/1.2; +https://opensiteexplorer.org/dotbot; help@moz.com)"
36.133.115.36 - - [27/Jun/2026:15:10:40 +0800] "POST /wp-cron.php?doing_wp_cron=1782544240.4045429229736328125000 HTTP/1.1" 200 31 "-" "WordPress/7.0; http://cqqizhou.com"
43.164.190.124 - - [27/Jun/2026:15:10:40 +0800] "GET / HTTP/1.1" 301 5 "-" "Mozilla/5.0 (iPhone; CPU iPhone OS 13_2_3 like Mac OS X) AppleWebKit/605.1.15 (KHTML, like Gecko) Version/13.0.3 Mobile/15E148 Safari/604.1"
43.164.190.124 - - [27/Jun/2026:15:10:42 +0800] "GET / HTTP/1.1" 200 35133 "http://www.cqqizhou.com" "Mozilla/5.0 (iPhone; CPU iPhone OS 13_2_3 like Mac OS X) AppleWebKit/605.1.15 (KHTML, like Gecko) Version/13.0.3 Mobile/15E148 Safari/604.1"
36.133.115.36 - - [27/Jun/2026:15:18:49 +0800] "POST /wp-cron.php?doing_wp_cron=1782544729.5032129287719726562500 HTTP/1.1" 200 31 "-" "WordPress/7.0; http://cqqizhou.com"
222.76.193.250 - - [27/Jun/2026:15:18:49 +0800] "GET http://cqqizhou.com/news/2383 HTTP/1.1" 301 5 "http://cqqizhou.com/" "Mozilla/5.0 (Windows NT 10.0; Win64; x64) AppleWebKit/537.36 (KHTML, like Gecko) Chrome/112.0.0.0 Safari/537.36"
162.14.119.182 - - [27/Jun/2026:15:18:50 +0800] "GET /news/2383 HTTP/1.1" 301 5 "http://cqqizhou.com/" "Mozilla/5.0 (Windows NT 10.0; Win64; x64) AppleWebKit/537.36 (KHTML, like Gecko) Chrome/112.0.0.0 Safari/537.36"
162.14.119.182 - - [27/Jun/2026:15:18:51 +0800] "GET /news/2373/1766388812-article_images_2025072410 HTTP/1.1" 301 5 "http://cqqizhou.com/" "Mozilla/5.0 (Windows NT 10.0; Win64; x64) AppleWebKit/537.36 (KHTML, like Gecko) Chrome/112.0.0.0 Safari/537.36"
162.14.119.182 - - [27/Jun/2026:15:18:51 +0800] "GET /wp-content/uploads/2025/12/1766388812-Article_images_2025072410.webp HTTP/1.1" 200 51320 "http://cqqizhou.com/" "Mozilla/5.0 (Windows NT 10.0; Win64; x64) AppleWebKit/537.36 (KHTML, like Gecko) Chrome/112.0.0.0 Safari/537.36"
36.133.115.36 - - [27/Jun/2026:15:21:13 +0800] "POST /wp-cron.php?doing_wp_cron=1782544873.4682819843292236328125 HTTP/1.1" 200 31 "-" "WordPress/7.0; http://cqqizhou.com"
176.65.139.66 - - [27/Jun/2026:15:21:13 +0800] "GET / HTTP/1.0" 301 0 "-" "Shodan-Pull/1.0"
36.133.115.36 - - [27/Jun/2026:15:28:05 +0800] "POST /wp-cron.php?doing_wp_cron=1782545285.0699179172515869140625 HTTP/1.1" 200 31 "-" "WordPress/7.0; http://cqqizhou.com"
137.184.46.218 - - [27/Jun/2026:15:28:05 +0800] "POST /xmlrpc.php HTTP/1.1" 200 217 "-" "Mozilla/5.0 (Windows NT 10.0) AppleWebKit/537.36 (KHTML, like Gecko) Chrome/139.0.0.0 Safari/537.36"
36.133.115.36 - - [27/Jun/2026:15:32:00 +0800] "POST /wp-cron.php?doing_wp_cron=1782545519.9604029655456542968750 HTTP/1.1" 200 31 "-" "WordPress/7.0; http://cqqizhou.com"
82.156.116.86 - - [27/Jun/2026:15:32:00 +0800] "GET / HTTP/1.1" 200 35133 "-" "Mozilla/5.0 (iPhone; CPU iPhone OS 13_2_3 like Mac OS X) AppleWebKit/605.1.15 (KHTML, like Gecko) Version/13.0.3 Mobile/15E148 Safari/604.1"
36.133.115.36 - - [27/Jun/2026:15:33:37 +0800] "POST /wp-cron.php?doing_wp_cron=1782545617.0603270530700683593750 HTTP/1.1" 200 31 "-" "WordPress/7.0; http://cqqizhou.com"
120.228.239.211 - - [27/Jun/2026:15:33:37 +0800] "GET /wp-content/plugins/breeze/readme.txt HTTP/1.1" 404 9498 "http://cqqizhou.com/wp-content/plugins/breeze/readme.txt" "Mozilla/5.0 (Windows NT 6.1; WOW64) AppleWebKit/537.11 (KHTML, like Gecko) Chrome/23.0.1271.97 Safari/537.11"
36.133.115.36 - - [27/Jun/2026:15:40:42 +0800] "POST /wp-cron.php?doing_wp_cron=1782546042.3497788906097412109375 HTTP/1.1" 200 31 "-" "WordPress/7.0; http://cqqizhou.com"
43.128.156.124 - - [27/Jun/2026:15:40:42 +0800] "GET / HTTP/1.1" 200 35133 "-" "Mozilla/5.0 (iPhone; CPU iPhone OS 13_2_3 like Mac OS X) AppleWebKit/605.1.15 (KHTML, like Gecko) Version/13.0.3 Mobile/15E148 Safari/604.1"
36.133.115.36 - - [27/Jun/2026:15:50:20 +0800] "POST /wp-cron.php?doing_wp_cron=1782546620.0913760662078857421875 HTTP/1.1" 200 31 "-" "WordPress/7.0; http://cqqizhou.com"
110.249.201.66 - - [27/Jun/2026:15:50:20 +0800] "GET /robots.txt HTTP/1.1" 200 190 "-" "Mozilla/5.0 (Linux; Android 5.0) AppleWebKit/537.36 (KHTML, like Gecko) Mobile Safari/537.36 (compatible; Bytespider; https://zhanzhang.toutiao.com/)"
36.133.115.36 - - [27/Jun/2026:16:01:27 +0800] "POST /wp-cron.php?doing_wp_cron=1782547287.8765399456024169921875 HTTP/1.1" 200 31 "-" "WordPress/7.0; http://cqqizhou.com"
207.180.251.165 - - [27/Jun/2026:16:01:27 +0800] "POST /xmlrpc.php HTTP/1.1" 200 217 "-" "Mozilla/5.0 (Windows NT 10.0; Win64; x64) AppleWebKit/537.36 (KHTML, like Gecko) Chrome/142.0.0.0 Safari/537.36"
36.133.115.36 - - [27/Jun/2026:16:12:38 +0800] "POST /wp-cron.php?doing_wp_cron=1782547958.5309989452362060546875 HTTP/1.1" 200 31 "-" "WordPress/7.0; http://cqqizhou.com"
115.239.249.20 - - [27/Jun/2026:16:12:38 +0800] "GET /industry/ HTTP/1.1" 301 5 "-" "Mozilla/5.0 (Windows NT 10.0; Win64; x64) AppleWebKit/537.36 (KHTML, like Gecko) Chrome/142.0.0.0 Safari/537.36"
115.239.249.20 - - [27/Jun/2026:16:12:38 +0800] "GET /industry HTTP/1.1" 200 20164 "-" "Mozilla/5.0 (Windows NT 10.0; Win64; x64) AppleWebKit/537.36 (KHTML, like Gecko) Chrome/142.0.0.0 Safari/537.36"
36.133.115.36 - - [27/Jun/2026:16:13:59 +0800] "POST /wp-cron.php?doing_wp_cron=1782548039.3534209728240966796875 HTTP/1.1" 200 31 "-" "WordPress/7.0; http://cqqizhou.com"
43.165.186.188 - - [27/Jun/2026:16:13:59 +0800] "GET / HTTP/1.1" 200 35135 "-" "Mozilla/5.0 (iPhone; CPU iPhone OS 13_2_3 like Mac OS X) AppleWebKit/605.1.15 (KHTML, like Gecko) Version/13.0.3 Mobile/15E148 Safari/604.1"
36.133.115.36 - - [27/Jun/2026:16:15:09 +0800] "POST /wp-cron.php?doing_wp_cron=1782548108.9901590347290039062500 HTTP/1.1" 200 31 "-" "WordPress/7.0; http://cqqizhou.com"
18.189.200.231 - - [27/Jun/2026:16:15:09 +0800] "POST /xmlrpc.php HTTP/1.1" 200 217 "-" "Mozilla/5.0 (Windows NT 10.0; Win64; x64) AppleWebKit/537.36 (KHTML, like Gecko) Chrome/139.0.0.0 Safari/537.36 Edg/139.0.0.0"
36.133.115.36 - - [27/Jun/2026:16:18:41 +0800] "POST /wp-cron.php?doing_wp_cron=1782548321.2112429141998291015625 HTTP/1.1" 200 31 "-" "WordPress/7.0; http://cqqizhou.com"
162.62.132.25 - - [27/Jun/2026:16:18:41 +0800] "GET /services HTTP/1.1" 301 5 "-" "Mozilla/5.0 (iPhone; CPU iPhone OS 13_2_3 like Mac OS X) AppleWebKit/605.1.15 (KHTML, like Gecko) Version/13.0.3 Mobile/15E148 Safari/604.1"
162.62.132.25 - - [27/Jun/2026:16:18:44 +0800] "GET /services HTTP/1.1" 200 26400 "http://36.133.115.36:80/services" "Mozilla/5.0 (iPhone; CPU iPhone OS 13_2_3 like Mac OS X) AppleWebKit/605.1.15 (KHTML, like Gecko) Version/13.0.3 Mobile/15E148 Safari/604.1"
36.133.115.36 - - [27/Jun/2026:16:22:52 +0800] "POST /wp-cron.php?doing_wp_cron=1782548572.3506729602813720703125 HTTP/1.1" 200 31 "-" "WordPress/7.0; http://cqqizhou.com"
195.184.76.131 - - [27/Jun/2026:16:22:52 +0800] "GET / HTTP/1.1" 301 5 "-" "Mozilla/5.0 (X11; Ubuntu; Linux x86_64; rv:134.0) Gecko/20100101 Firefox/134.0"
205.169.39.3 - - [27/Jun/2026:16:33:06 +0800] "GET / HTTP/1.1" 200 41028 "-" "Mozilla/5.0 (Windows NT 10.0; Win64; x64) AppleWebKit/537.36 (KHTML, like Gecko) Chrome/117.0.5938.132 Safari/537.36"
205.169.39.3 - - [27/Jun/2026:16:33:09 +0800] "GET /wp-content/uploads/2025/07/1751425283-qizhou.kf_.qq_.com_.webp HTTP/1.1" 200 16864 "http://cqqizhou.com/" "Mozilla/5.0 (Windows NT 10.0; Win64; x64) AppleWebKit/537.36 (KHTML, like Gecko) Chrome/117.0.5938.132 Safari/537.36"
205.169.39.3 - - [27/Jun/2026:16:33:10 +0800] "GET /wp-content/uploads/2025/07/1750174127-Marketing1920x800_3.webp HTTP/1.1" 200 52790 "http://cqqizhou.com/wp-content/uploads/elementor/css/post-1666.css?ver=1778295900" "Mozilla/5.0 (Windows NT 10.0; Win64; x64) AppleWebKit/537.36 (KHTML, like Gecko) Chrome/117.0.5938.132 Safari/537.36"
205.169.39.3 - - [27/Jun/2026:16:33:10 +0800] "GET /wp-content/uploads/2025/07/1753456723-%E5%8F%8C%E7%9B%B8%E9%92%A2roduct_Single600.webp HTTP/1.1" 200 22790 "http://cqqizhou.com/" "Mozilla/5.0 (Windows NT 10.0; Win64; x64) AppleWebKit/537.36 (KHTML, like Gecko) Chrome/117.0.5938.132 Safari/537.36"
205.169.39.3 - - [27/Jun/2026:16:33:10 +0800] "GET /wp-content/uploads/2025/07/1753453096-%E5%8F%8C%E7%9B%B8%E9%92%A2product_Single600%C3%97284.webp HTTP/1.1" 200 14562 "http://cqqizhou.com/" "Mozilla/5.0 (Windows NT 10.0; Win64; x64) AppleWebKit/537.36 (KHTML, like Gecko) Chrome/117.0.5938.132 Safari/537.36"
205.169.39.3 - - [27/Jun/2026:16:33:10 +0800] "GET /wp-content/uploads/2025/07/1753456770-%E7%83%AD%E9%95%80%E9%94%8C%E5%8D%B7product_Single600.webp HTTP/1.1" 200 27502 "http://cqqizhou.com/" "Mozilla/5.0 (Windows NT 10.0; Win64; x64) AppleWebKit/537.36 (KHTML, like Gecko) Chrome/117.0.5938.132 Safari/537.36"
205.169.39.3 - - [27/Jun/2026:16:33:10 +0800] "GET /wp-content/uploads/2025/07/1753453127-%E4%BD%99%E5%8D%B7product_Single600%C3%97284.webp HTTP/1.1" 200 18744 "http://cqqizhou.com/" "Mozilla/5.0 (Windows NT 10.0; Win64; x64) AppleWebKit/537.36 (KHTML, like Gecko) Chrome/117.0.5938.132 Safari/537.36"
36.133.115.36 - - [27/Jun/2026:16:33:12 +0800] "POST /wp-cron.php?doing_wp_cron=1782549192.3429780006408691406250 HTTP/1.1" 200 31 "-" "WordPress/7.0; http://cqqizhou.com"
205.169.39.3 - - [27/Jun/2026:16:33:12 +0800] "POST /wp-admin/admin-ajax.php HTTP/1.1" 403 33 "http://cqqizhou.com/" "Mozilla/5.0 (Windows NT 10.0; Win64; x64) AppleWebKit/537.36 (KHTML, like Gecko) Chrome/117.0.5938.132 Safari/537.36"
205.169.39.3 - - [27/Jun/2026:16:33:12 +0800] "GET /wp-content/uploads/2025/12/1765268955-qizhou_Slider1_3840%C3%972160_20251210-scaled.webp HTTP/1.1" 200 152162 "http://cqqizhou.com/" "Mozilla/5.0 (Windows NT 10.0; Win64; x64) AppleWebKit/537.36 (KHTML, like Gecko) Chrome/117.0.5938.132 Safari/537.36"
205.169.39.3 - - [27/Jun/2026:16:33:13 +0800] "GET /wp-content/uploads/2026/01/1768276119-qizhoujiagong_Slider_3840%C3%972160_20260113-scaled-50x100.webp HTTP/1.1" 200 976 "http://cqqizhou.com/" "Mozilla/5.0 (Windows NT 10.0; Win64; x64) AppleWebKit/537.36 (KHTML, like Gecko) Chrome/117.0.5938.132 Safari/537.36"
205.169.39.3 - - [27/Jun/2026:16:33:13 +0800] "GET /wp-content/uploads/revslider/slider-1/1750861156-logistics_Slider_3840%C3%972160_20250625191356-scaled-50x100.webp HTTP/1.1" 200 1416 "http://cqqizhou.com/" "Mozilla/5.0 (Windows NT 10.0; Win64; x64) AppleWebKit/537.36 (KHTML, like Gecko) Chrome/117.0.5938.132 Safari/537.36"
205.169.39.3 - - [27/Jun/2026:16:33:13 +0800] "GET /wp-content/uploads/2026/01/1768276119-qizhoujiagong_Slider_3840%C3%972160_20260113-scaled-50x100.webp HTTP/1.1" 200 976 "http://cqqizhou.com/" "Mozilla/5.0 (Windows NT 10.0; Win64; x64) AppleWebKit/537.36 (KHTML, like Gecko) Chrome/117.0.5938.132 Safari/537.36"
205.169.39.3 - - [27/Jun/2026:16:33:13 +0800] "GET /wp-content/uploads/revslider/slider-1/1750861156-logistics_Slider_3840%C3%972160_20250625191356-scaled-50x100.webp HTTP/1.1" 200 1416 "http://cqqizhou.com/" "Mozilla/5.0 (Windows NT 10.0; Win64; x64) AppleWebKit/537.36 (KHTML, like Gecko) Chrome/117.0.5938.132 Safari/537.36"
205.169.39.3 - - [27/Jun/2026:16:33:13 +0800] "GET /wp-json/sliderrevolution/sliders/1?srengine=7&slideid=2 HTTP/1.1" 200 2000 "http://cqqizhou.com/" "Mozilla/5.0 (Windows NT 10.0; Win64; x64) AppleWebKit/537.36 (KHTML, like Gecko) Chrome/117.0.5938.132 Safari/537.36"
205.169.39.3 - - [27/Jun/2026:16:33:14 +0800] "GET /wp-json/sliderrevolution/sliders/1?srengine=7&slideid=4 HTTP/1.1" 200 2580 "http://cqqizhou.com/" "Mozilla/5.0 (Windows NT 10.0; Win64; x64) AppleWebKit/537.36 (KHTML, like Gecko) Chrome/117.0.5938.132 Safari/537.36"
205.169.39.3 - - [27/Jun/2026:16:33:14 +0800] "GET /wp-content/uploads/revslider/slider-1/1750861156-logistics_Slider_3840%C3%972160_20250625191356-scaled.webp HTTP/1.1" 200 197360 "http://cqqizhou.com/" "Mozilla/5.0 (Windows NT 10.0; Win64; x64) AppleWebKit/537.36 (KHTML, like Gecko) Chrome/117.0.5938.132 Safari/537.36"
205.169.39.3 - - [27/Jun/2026:16:33:15 +0800] "GET /wp-content/uploads/2026/01/1768276119-qizhoujiagong_Slider_3840%C3%972160_20260113-scaled.webp HTTP/1.1" 200 131696 "http://cqqizhou.com/" "Mozilla/5.0 (Windows NT 10.0; Win64; x64) AppleWebKit/537.36 (KHTML, like Gecko) Chrome/117.0.5938.132 Safari/537.36"
36.133.115.36 - - [27/Jun/2026:16:37:55 +0800] "POST /wp-cron.php?doing_wp_cron=1782549475.4429929256439208984375 HTTP/1.1" 200 31 "-" "WordPress/7.0; http://cqqizhou.com"
43.166.255.102 - - [27/Jun/2026:16:37:55 +0800] "GET /logistics HTTP/1.1" 301 5 "-" "Mozilla/5.0 (iPhone; CPU iPhone OS 13_2_3 like Mac OS X) AppleWebKit/605.1.15 (KHTML, like Gecko) Version/13.0.3 Mobile/15E148 Safari/604.1"
43.166.255.102 - - [27/Jun/2026:16:37:59 +0800] "GET /logistics HTTP/1.1" 200 25838 "http://36.133.115.36:80/logistics" "Mozilla/5.0 (iPhone; CPU iPhone OS 13_2_3 like Mac OS X) AppleWebKit/605.1.15 (KHTML, like Gecko) Version/13.0.3 Mobile/15E148 Safari/604.1"
36.133.115.36 - - [27/Jun/2026:16:39:59 +0800] "POST /wp-cron.php?doing_wp_cron=1782549599.2294199466705322265625 HTTP/1.1" 200 31 "-" "WordPress/7.0; http://cqqizhou.com"
82.65.178.212 - - [27/Jun/2026:16:39:59 +0800] "POST /xmlrpc.php HTTP/1.1" 200 217 "-" "Mozilla/5.0 (Windows NT 10.0; WOW64) AppleWebKit/537.43 (KHTML, like Gecko) Chrome/134.0.0.0 Safari/537.36 OPR/119.0.0.0"
36.133.115.36 - - [27/Jun/2026:16:48:16 +0800] "POST /wp-cron.php?doing_wp_cron=1782550096.6518120765686035156250 HTTP/1.1" 200 31 "-" "WordPress/7.0; http://cqqizhou.com"
223.86.190.175 - - [27/Jun/2026:16:48:16 +0800] "GET / HTTP/1.1" 301 5 "-" "Mozilla/5.0 (Macintosh; Intel Mac OS X 10_15_7) AppleWebKit/537.36 (KHTML, like Gecko) Chrome/140.0.0.0 Safari/537.36"
222.138.46.234 - - [27/Jun/2026:16:48:17 +0800] "GET / HTTP/1.1" 200 41028 "http://www.cqqizhou.com" "Mozilla/5.0 (Macintosh; Intel Mac OS X 10_15_7) AppleWebKit/537.36 (KHTML, like Gecko) Chrome/140.0.0.0 Safari/537.36"
36.133.115.36 - - [27/Jun/2026:16:49:32 +0800] "POST /wp-cron.php?doing_wp_cron=1782550172.4290020465850830078125 HTTP/1.1" 200 31 "-" "WordPress/7.0; http://cqqizhou.com"
43.166.246.180 - - [27/Jun/2026:16:49:32 +0800] "GET /bug HTTP/1.1" 200 12205 "-" "Mozilla/5.0 (iPhone; CPU iPhone OS 13_2_3 like Mac OS X) AppleWebKit/605.1.15 (KHTML, like Gecko) Version/13.0.3 Mobile/15E148 Safari/604.1"
36.133.115.36 - - [27/Jun/2026:16:51:55 +0800] "POST /wp-cron.php?doing_wp_cron=1782550315.5632588863372802734375 HTTP/1.1" 200 31 "-" "WordPress/7.0; http://cqqizhou.com"
54.39.210.116 - - [27/Jun/2026:16:51:55 +0800] "GET /robots.txt HTTP/1.1" 200 190 "-" "Mozilla/5.0 (compatible; AhrefsBot/7.0; +http://ahrefs.com/robot/)"
198.244.226.250 - - [27/Jun/2026:16:52:32 +0800] "GET /news/2601 HTTP/1.1" 200 24387 "-" "Mozilla/5.0 (compatible; AhrefsBot/7.0; +http://ahrefs.com/robot/)"
43.157.95.131 - - [27/Jun/2026:16:54:25 +0800] "GET /wp-content/uploads/2025/12/1764853157-ISO3-214x300.webp HTTP/1.1" 200 13896 "-" "Mozilla/5.0 (iPhone; CPU iPhone OS 13_2_3 like Mac OS X) AppleWebKit/605.1.15 (KHTML, like Gecko) Version/13.0.3 Mobile/15E148 Safari/604.1"
36.133.115.36 - - [27/Jun/2026:16:58:45 +0800] "POST /wp-cron.php?doing_wp_cron=1782550725.4943840503692626953125 HTTP/1.1" 200 31 "-" "WordPress/7.0; http://cqqizhou.com"
43.166.255.122 - - [27/Jun/2026:16:58:45 +0800] "GET /process/processing HTTP/1.1" 404 9497 "-" "Mozilla/5.0 (iPhone; CPU iPhone OS 13_2_3 like Mac OS X) AppleWebKit/605.1.15 (KHTML, like Gecko) Version/13.0.3 Mobile/15E148 Safari/604.1"
20.226.81.217 - - [27/Jun/2026:17:07:14 +0800] "GET /wp-content/plugins/hellopress/wp_filemanager.php HTTP/1.1" 404 27 "-" "-"
20.226.81.217 - - [27/Jun/2026:17:07:14 +0800] "GET /this_is_a_new_hello_world.php HTTP/1.1" 404 27 "-" "-"
20.226.81.217 - - [27/Jun/2026:17:07:15 +0800] "GET /xyn.php HTTP/1.1" 404 27 "-" "-"
20.226.81.217 - - [27/Jun/2026:17:07:15 +0800] "GET /5.php HTTP/1.1" 404 27 "-" "-"
20.226.81.217 - - [27/Jun/2026:17:07:15 +0800] "GET /joomla.php HTTP/1.1" 404 27 "-" "-"
20.226.81.217 - - [27/Jun/2026:17:07:16 +0800] "GET /w.php HTTP/1.1" 404 27 "-" "-"
20.226.81.217 - - [27/Jun/2026:17:07:16 +0800] "GET /anisogamete.php HTTP/1.1" 404 27 "-" "-"
20.226.81.217 - - [27/Jun/2026:17:07:17 +0800] "GET /as.php HTTP/1.1" 404 27 "-" "-"
20.226.81.217 - - [27/Jun/2026:17:07:17 +0800] "GET /000.php HTTP/1.1" 404 27 "-" "-"
20.226.81.217 - - [27/Jun/2026:17:07:17 +0800] "GET /hplfuns.php HTTP/1.1" 404 27 "-" "-"
20.226.81.217 - - [27/Jun/2026:17:07:18 +0800] "GET /wp-includes/css/dist/ HTTP/1.1" 403 146 "-" "-"
20.226.81.217 - - [27/Jun/2026:17:07:18 +0800] "GET /edit.php HTTP/1.1" 404 27 "-" "-"
20.226.81.217 - - [27/Jun/2026:17:07:19 +0800] "GET /classwithtostring.php HTTP/1.1" 404 27 "-" "-"
20.226.81.217 - - [27/Jun/2026:17:07:19 +0800] "GET /get.php HTTP/1.1" 404 27 "-" "-"
20.226.81.217 - - [27/Jun/2026:17:07:19 +0800] "GET /class.php HTTP/1.1" 404 27 "-" "-"
20.226.81.217 - - [27/Jun/2026:17:07:20 +0800] "GET /term.php HTTP/1.1" 404 27 "-" "-"
20.226.81.217 - - [27/Jun/2026:17:07:20 +0800] "GET /wp-admin/js/ HTTP/1.1" 403 146 "-" "-"
20.226.81.217 - - [27/Jun/2026:17:07:21 +0800] "GET /x.php HTTP/1.1" 404 27 "-" "-"
20.226.81.217 - - [27/Jun/2026:17:07:21 +0800] "GET /122.php HTTP/1.1" 404 27 "-" "-"
20.226.81.217 - - [27/Jun/2026:17:07:21 +0800] "GET /jp.php HTTP/1.1" 404 27 "-" "-"
20.226.81.217 - - [27/Jun/2026:17:07:22 +0800] "GET /wss.php HTTP/1.1" 404 27 "-" "-"
20.226.81.217 - - [27/Jun/2026:17:07:22 +0800] "GET /miru1.php HTTP/1.1" 404 27 "-" "-"
20.226.81.217 - - [27/Jun/2026:17:07:23 +0800] "GET /bthil.php HTTP/1.1" 404 27 "-" "-"
20.226.81.217 - - [27/Jun/2026:17:07:23 +0800] "GET /.well-known/about.php HTTP/1.1" 404 27 "-" "-"
20.226.81.217 - - [27/Jun/2026:17:07:23 +0800] "GET /geforce.php HTTP/1.1" 404 27 "-" "-"
20.226.81.217 - - [27/Jun/2026:17:07:24 +0800] "GET /aaa.php HTTP/1.1" 404 27 "-" "-"
20.226.81.217 - - [27/Jun/2026:17:07:24 +0800] "GET /wp-content/admin.php HTTP/1.1" 404 27 "-" "-"
20.226.81.217 - - [27/Jun/2026:17:07:25 +0800] "GET /wk/index.php HTTP/1.1" 404 27 "-" "-"
20.226.81.217 - - [27/Jun/2026:17:07:25 +0800] "GET /BDKR28WP.php HTTP/1.1" 404 27 "-" "-"
20.226.81.217 - - [27/Jun/2026:17:07:25 +0800] "GET /i.php HTTP/1.1" 404 27 "-" "-"
20.226.81.217 - - [27/Jun/2026:17:07:26 +0800] "GET /eee.php HTTP/1.1" 404 27 "-" "-"
20.226.81.217 - - [27/Jun/2026:17:07:26 +0800] "GET /wp-content/uploads/ HTTP/1.1" 403 146 "-" "-"
20.226.81.217 - - [27/Jun/2026:17:07:26 +0800] "GET /file5.php HTTP/1.1" 404 27 "-" "-"
20.226.81.217 - - [27/Jun/2026:17:07:27 +0800] "GET /one.php HTTP/1.1" 404 27 "-" "-"
36.133.115.36 - - [27/Jun/2026:17:07:28 +0800] "POST /wp-cron.php?doing_wp_cron=1782551248.3149790763854980468750 HTTP/1.1" 200 31 "-" "WordPress/7.0; http://cqqizhou.com"
20.226.81.217 - - [27/Jun/2026:17:07:28 +0800] "GET /wp-load.php HTTP/1.1" 200 5 "-" "-"
20.226.81.217 - - [27/Jun/2026:17:07:28 +0800] "GET /test.php HTTP/1.1" 404 27 "-" "-"
20.226.81.217 - - [27/Jun/2026:17:07:29 +0800] "GET /bdroot.php HTTP/1.1" 404 27 "-" "-"
20.226.81.217 - - [27/Jun/2026:17:07:29 +0800] "GET /155.php HTTP/1.1" 404 27 "-" "-"
20.226.81.217 - - [27/Jun/2026:17:07:29 +0800] "GET /wp-p2r3q9c8k4.php HTTP/1.1" 404 27 "-" "-"
20.226.81.217 - - [27/Jun/2026:17:07:30 +0800] "GET /wp-blog.php HTTP/1.1" 404 27 "-" "-"
20.226.81.217 - - [27/Jun/2026:17:07:30 +0800] "GET /poke.php HTTP/1.1" 404 27 "-" "-"
20.226.81.217 - - [27/Jun/2026:17:07:30 +0800] "GET /themes.php HTTP/1.1" 404 27 "-" "-"
20.226.81.217 - - [27/Jun/2026:17:07:31 +0800] "GET /ops.php HTTP/1.1" 404 27 "-" "-"
20.226.81.217 - - [27/Jun/2026:17:07:31 +0800] "GET /222.php HTTP/1.1" 404 27 "-" "-"
20.226.81.217 - - [27/Jun/2026:17:07:32 +0800] "GET /166.php HTTP/1.1" 404 27 "-" "-"
20.226.81.217 - - [27/Jun/2026:17:07:32 +0800] "GET /wp-includes/blocks/audio/ HTTP/1.1" 403 146 "-" "-"
20.226.81.217 - - [27/Jun/2026:17:07:32 +0800] "GET /ioxi-o.php HTTP/1.1" 404 27 "-" "-"
20.226.81.217 - - [27/Jun/2026:17:07:33 +0800] "GET /t.php HTTP/1.1" 404 27 "-" "-"
20.226.81.217 - - [27/Jun/2026:17:07:33 +0800] "GET /heat1.php HTTP/1.1" 404 27 "-" "-"
20.226.81.217 - - [27/Jun/2026:17:07:34 +0800] "GET /cream1.php HTTP/1.1" 404 27 "-" "-"
20.226.81.217 - - [27/Jun/2026:17:07:34 +0800] "GET /wp-access.php HTTP/1.1" 404 27 "-" "-"
20.226.81.217 - - [27/Jun/2026:17:07:34 +0800] "GET /sky.php HTTP/1.1" 404 27 "-" "-"
20.226.81.217 - - [27/Jun/2026:17:07:35 +0800] "GET /wp-includes/blocks/details/ HTTP/1.1" 403 146 "-" "-"
20.226.81.217 - - [27/Jun/2026:17:07:35 +0800] "GET /15ef5.php HTTP/1.1" 404 27 "-" "-"
20.226.81.217 - - [27/Jun/2026:17:07:36 +0800] "GET /ggb.php HTTP/1.1" 404 27 "-" "-"
20.226.81.217 - - [27/Jun/2026:17:07:36 +0800] "GET /dex.php HTTP/1.1" 404 27 "-" "-"
20.226.81.217 - - [27/Jun/2026:17:07:36 +0800] "GET /403.php HTTP/1.1" 404 27 "-" "-"
20.226.81.217 - - [27/Jun/2026:17:07:37 +0800] "GET /cc.php HTTP/1.1" 404 27 "-" "-"
20.226.81.217 - - [27/Jun/2026:17:07:37 +0800] "GET /100.php HTTP/1.1" 404 27 "-" "-"
20.226.81.217 - - [27/Jun/2026:17:07:37 +0800] "GET /insc.php HTTP/1.1" 404 27 "-" "-"
20.226.81.217 - - [27/Jun/2026:17:07:38 +0800] "GET /av.php HTTP/1.1" 404 27 "-" "-"
20.226.81.217 - - [27/Jun/2026:17:07:38 +0800] "GET /wp-file.php HTTP/1.1" 404 27 "-" "-"
20.226.81.217 - - [27/Jun/2026:17:07:39 +0800] "GET /hosty.php HTTP/1.1" 404 27 "-" "-"
20.226.81.217 - - [27/Jun/2026:17:07:39 +0800] "GET /jj.php HTTP/1.1" 404 27 "-" "-"
20.226.81.217 - - [27/Jun/2026:17:07:39 +0800] "GET /v55.php HTTP/1.1" 404 27 "-" "-"
20.226.81.217 - - [27/Jun/2026:17:07:40 +0800] "GET /like.php HTTP/1.1" 404 27 "-" "-"
20.226.81.217 - - [27/Jun/2026:17:07:40 +0800] "GET /joomla.php HTTP/1.1" 404 27 "-" "-"
20.226.81.217 - - [27/Jun/2026:17:07:41 +0800] "GET /admin.php HTTP/1.1" 404 27 "-" "-"
20.226.81.217 - - [27/Jun/2026:17:07:41 +0800] "GET /wp-includes/Text/ HTTP/1.1" 403 146 "-" "-"
20.226.81.217 - - [27/Jun/2026:17:07:41 +0800] "GET /4PJcpMFsD8B.php HTTP/1.1" 404 27 "-" "-"
20.226.81.217 - - [27/Jun/2026:17:07:42 +0800] "GET /144.php HTTP/1.1" 404 27 "-" "-"
20.226.81.217 - - [27/Jun/2026:17:07:42 +0800] "GET /wp-includes/sodium_compat/ HTTP/1.1" 403 146 "-" "-"
20.226.81.217 - - [27/Jun/2026:17:07:42 +0800] "GET /bgymj.php HTTP/1.1" 404 27 "-" "-"
20.226.81.217 - - [27/Jun/2026:17:07:43 +0800] "GET /z60.php HTTP/1.1" 404 27 "-" "-"
20.226.81.217 - - [27/Jun/2026:17:07:43 +0800] "GET /alfa.php HTTP/1.1" 404 27 "-" "-"
20.226.81.217 - - [27/Jun/2026:17:07:44 +0800] "GET /kj.php HTTP/1.1" 404 27 "-" "-"
20.226.81.217 - - [27/Jun/2026:17:07:44 +0800] "GET /mg.php HTTP/1.1" 404 27 "-" "-"
20.226.81.217 - - [27/Jun/2026:17:07:44 +0800] "GET /disagrsxr.php HTTP/1.1" 404 27 "-" "-"
20.226.81.217 - - [27/Jun/2026:17:07:45 +0800] "GET /wp-includes/assets/ HTTP/1.1" 403 146 "-" "-"
20.226.81.217 - - [27/Jun/2026:17:07:45 +0800] "GET /wen.php HTTP/1.1" 404 27 "-" "-"
20.226.81.217 - - [27/Jun/2026:17:07:45 +0800] "GET /dx.php HTTP/1.1" 404 27 "-" "-"
20.226.81.217 - - [27/Jun/2026:17:07:46 +0800] "GET /u.php HTTP/1.1" 404 27 "-" "-"
20.226.81.217 - - [27/Jun/2026:17:07:46 +0800] "GET /thoms.php HTTP/1.1" 404 27 "-" "-"
20.226.81.217 - - [27/Jun/2026:17:07:47 +0800] "GET /co.php HTTP/1.1" 404 27 "-" "-"
20.226.81.217 - - [27/Jun/2026:17:07:47 +0800] "GET /cgi-bin/index.php HTTP/1.1" 404 27 "-" "-"
20.226.81.217 - - [27/Jun/2026:17:07:47 +0800] "GET /php8.php HTTP/1.1" 404 27 "-" "-"
20.226.81.217 - - [27/Jun/2026:17:07:49 +0800] "GET /wordpress/wp-admin/maint/ HTTP/1.1" 404 32862 "-" "-"
20.226.81.217 - - [27/Jun/2026:17:07:49 +0800] "GET /wp-includes/js/jquery/ HTTP/1.1" 403 146 "-" "-"
20.226.81.217 - - [27/Jun/2026:17:07:50 +0800] "GET /solo1.php HTTP/1.1" 404 27 "-" "-"
20.226.81.217 - - [27/Jun/2026:17:07:50 +0800] "GET /0.php HTTP/1.1" 404 27 "-" "-"
20.226.81.217 - - [27/Jun/2026:17:07:51 +0800] "GET /ms-edit.php HTTP/1.1" 404 27 "-" "-"
20.226.81.217 - - [27/Jun/2026:17:07:51 +0800] "GET /sss.php HTTP/1.1" 404 27 "-" "-"
20.226.81.217 - - [27/Jun/2026:17:07:51 +0800] "GET /k.php HTTP/1.1" 404 27 "-" "-"
20.226.81.217 - - [27/Jun/2026:17:07:52 +0800] "GET /wp-includes/blocks/post-comments-form/ HTTP/1.1" 403 146 "-" "-"
20.226.81.217 - - [27/Jun/2026:17:07:52 +0800] "GET /file.php HTTP/1.1" 404 27 "-" "-"
20.226.81.217 - - [27/Jun/2026:17:07:53 +0800] "GET /wp.php HTTP/1.1" 404 27 "-" "-"
20.226.81.217 - - [27/Jun/2026:17:07:54 +0800] "GET /wp-blog-header.php HTTP/1.1" 404 5 "-" "-"
20.226.81.217 - - [27/Jun/2026:17:07:54 +0800] "GET /mini.php HTTP/1.1" 404 27 "-" "-"
20.226.81.217 - - [27/Jun/2026:17:07:54 +0800] "GET /wefile.php HTTP/1.1" 404 27 "-" "-"
20.226.81.217 - - [27/Jun/2026:17:07:55 +0800] "GET /doc.php HTTP/1.1" 404 27 "-" "-"
20.226.81.217 - - [27/Jun/2026:17:07:57 +0800] "GET /pp.php HTTP/1.1" 404 27 "-" "-"
20.226.81.217 - - [27/Jun/2026:17:07:57 +0800] "GET /11.php HTTP/1.1" 404 27 "-" "-"
20.226.81.217 - - [27/Jun/2026:17:07:58 +0800] "GET /bolt.php HTTP/1.1" 404 27 "-" "-"
20.226.81.217 - - [27/Jun/2026:17:07:58 +0800] "GET /cron.php HTTP/1.1" 404 27 "-" "-"
20.226.81.217 - - [27/Jun/2026:17:07:58 +0800] "GET /wp-wp.php HTTP/1.1" 404 27 "-" "-"
20.226.81.217 - - [27/Jun/2026:17:07:59 +0800] "GET /8.php HTTP/1.1" 404 27 "-" "-"
20.226.81.217 - - [27/Jun/2026:17:07:59 +0800] "GET /wp-the.php HTTP/1.1" 404 27 "-" "-"
20.226.81.217 - - [27/Jun/2026:17:08:00 +0800] "GET /e.php HTTP/1.1" 404 27 "-" "-"
20.226.81.217 - - [27/Jun/2026:17:08:00 +0800] "GET /mjq.php HTTP/1.1" 404 27 "-" "-"
20.226.81.217 - - [27/Jun/2026:17:08:00 +0800] "GET /lala.php HTTP/1.1" 404 27 "-" "-"
20.226.81.217 - - [27/Jun/2026:17:08:01 +0800] "GET /SrHD3odefault.php HTTP/1.1" 404 27 "-" "-"
20.226.81.217 - - [27/Jun/2026:17:08:01 +0800] "GET /dao.php HTTP/1.1" 404 27 "-" "-"
20.226.81.217 - - [27/Jun/2026:17:08:02 +0800] "GET /abc.php HTTP/1.1" 404 27 "-" "-"
20.226.81.217 - - [27/Jun/2026:17:08:02 +0800] "GET /crgio.php HTTP/1.1" 404 27 "-" "-"
20.226.81.217 - - [27/Jun/2026:17:08:02 +0800] "GET /xa.php HTTP/1.1" 404 27 "-" "-"
20.226.81.217 - - [27/Jun/2026:17:08:03 +0800] "GET /mh.php HTTP/1.1" 404 27 "-" "-"
20.226.81.217 - - [27/Jun/2026:17:08:03 +0800] "GET /pn.php HTTP/1.1" 404 27 "-" "-"
20.226.81.217 - - [27/Jun/2026:17:08:04 +0800] "GET /wp-content/themes/index.php HTTP/1.1" 200 5 "-" "-"
20.226.81.217 - - [27/Jun/2026:17:08:04 +0800] "GET /wp-includes/js/jquery/ HTTP/1.1" 403 146 "-" "-"
20.226.81.217 - - [27/Jun/2026:17:08:04 +0800] "GET /nwflm.php HTTP/1.1" 404 27 "-" "-"
20.226.81.217 - - [27/Jun/2026:17:08:05 +0800] "GET /tiny.php HTTP/1.1" 404 27 "-" "-"
20.226.81.217 - - [27/Jun/2026:17:08:05 +0800] "GET /wp-content/plugins/hellopress/wp_filemanager.php HTTP/1.1" 404 27 "-" "-"
20.226.81.217 - - [27/Jun/2026:17:08:05 +0800] "GET /gg.php HTTP/1.1" 404 27 "-" "-"
20.226.81.217 - - [27/Jun/2026:17:08:06 +0800] "GET /dd.php HTTP/1.1" 404 27 "-" "-"
20.226.81.217 - - [27/Jun/2026:17:08:06 +0800] "GET /xml.php HTTP/1.1" 404 27 "-" "-"
20.226.81.217 - - [27/Jun/2026:17:08:07 +0800] "GET /buds1.php HTTP/1.1" 404 27 "-" "-"
20.226.81.217 - - [27/Jun/2026:17:08:07 +0800] "GET /aa.php HTTP/1.1" 404 27 "-" "-"
20.226.81.217 - - [27/Jun/2026:17:08:07 +0800] "GET /v2.php HTTP/1.1" 404 27 "-" "-"
20.226.81.217 - - [27/Jun/2026:17:08:08 +0800] "GET /a.php HTTP/1.1" 404 27 "-" "-"
20.226.81.217 - - [27/Jun/2026:17:08:08 +0800] "GET /1.php HTTP/1.1" 404 27 "-" "-"
20.226.81.217 - - [27/Jun/2026:17:08:09 +0800] "GET /themes.php HTTP/1.1" 404 27 "-" "-"
20.226.81.217 - - [27/Jun/2026:17:08:09 +0800] "GET /tfm.php HTTP/1.1" 404 27 "-" "-"
20.226.81.217 - - [27/Jun/2026:17:08:09 +0800] "GET /fs.php HTTP/1.1" 404 27 "-" "-"
20.226.81.217 - - [27/Jun/2026:17:08:10 +0800] "GET /a4.php HTTP/1.1" 404 27 "-" "-"
20.226.81.217 - - [27/Jun/2026:17:08:10 +0800] "GET /2026w.php HTTP/1.1" 404 27 "-" "-"
20.226.81.217 - - [27/Jun/2026:17:08:10 +0800] "GET /s.php HTTP/1.1" 404 27 "-" "-"
20.226.81.217 - - [27/Jun/2026:17:08:11 +0800] "GET /3.php HTTP/1.1" 404 27 "-" "-"
20.226.81.217 - - [27/Jun/2026:17:08:11 +0800] "GET /ot.php HTTP/1.1" 404 27 "-" "-"
20.226.81.217 - - [27/Jun/2026:17:08:12 +0800] "GET /petx.php HTTP/1.1" 404 27 "-" "-"
36.133.115.36 - - [27/Jun/2026:17:08:12 +0800] "POST /wp-cron.php?doing_wp_cron=1782551292.0882909297943115234375 HTTP/1.1" 200 31 "-" "WordPress/7.0; http://cqqizhou.com"
43.157.67.70 - - [27/Jun/2026:17:08:12 +0800] "GET /2388/ HTTP/1.1" 404 9498 "-" "Mozilla/5.0 (iPhone; CPU iPhone OS 13_2_3 like Mac OS X) AppleWebKit/605.1.15 (KHTML, like Gecko) Version/13.0.3 Mobile/15E148 Safari/604.1"
20.226.81.217 - - [27/Jun/2026:17:08:12 +0800] "GET /heat3.php HTTP/1.1" 404 27 "-" "-"
20.226.81.217 - - [27/Jun/2026:17:08:12 +0800] "GET /cream3.php HTTP/1.1" 404 27 "-" "-"
20.226.81.217 - - [27/Jun/2026:17:08:13 +0800] "GET /daerl1.php HTTP/1.1" 404 27 "-" "-"
20.226.81.217 - - [27/Jun/2026:17:08:13 +0800] "GET /buds1.php HTTP/1.1" 404 27 "-" "-"
20.226.81.217 - - [27/Jun/2026:17:08:13 +0800] "GET /heat1.php HTTP/1.1" 404 27 "-" "-"
20.226.81.217 - - [27/Jun/2026:17:08:14 +0800] "GET /taff.php HTTP/1.1" 404 27 "-" "-"
20.226.81.217 - - [27/Jun/2026:17:08:14 +0800] "GET /xnxx.php HTTP/1.1" 404 27 "-" "-"
20.226.81.217 - - [27/Jun/2026:17:08:15 +0800] "GET /file18.php HTTP/1.1" 404 27 "-" "-"
20.226.81.217 - - [27/Jun/2026:17:08:15 +0800] "GET /wp-blink.php HTTP/1.1" 404 27 "-" "-"
20.226.81.217 - - [27/Jun/2026:17:08:15 +0800] "GET /miru.php HTTP/1.1" 404 27 "-" "-"
20.226.81.217 - - [27/Jun/2026:17:08:16 +0800] "GET /ccc.php HTTP/1.1" 404 27 "-" "-"
36.133.115.36 - - [27/Jun/2026:17:11:12 +0800] "POST /wp-cron.php?doing_wp_cron=1782551472.5109760761260986328125 HTTP/1.1" 200 31 "-" "WordPress/7.0; http://cqqizhou.com"
36.151.149.215 - - [27/Jun/2026:17:11:12 +0800] "GET / HTTP/1.1" 301 5 "-" "Opera/9.99 (X11; U; sk)"
36.151.149.215 - - [27/Jun/2026:17:11:13 +0800] "GET / HTTP/1.1" 200 41028 "-" "Opera/9.99 (X11; U; sk)"
36.151.149.215 - - [27/Jun/2026:17:11:39 +0800] "GET /login.rsp HTTP/1.1" 404 9498 "-" "Opera/9.99 (X11; U; sk)"
36.133.115.36 - - [27/Jun/2026:17:18:53 +0800] "POST /wp-cron.php?doing_wp_cron=1782551933.8300418853759765625000 HTTP/1.1" 200 31 "-" "WordPress/7.0; http://cqqizhou.com"
43.153.87.54 - - [27/Jun/2026:17:18:53 +0800] "GET /contacts/ HTTP/1.1" 301 5 "-" "Mozilla/5.0 (iPhone; CPU iPhone OS 13_2_3 like Mac OS X) AppleWebKit/605.1.15 (KHTML, like Gecko) Version/13.0.3 Mobile/15E148 Safari/604.1"
43.153.87.54 - - [27/Jun/2026:17:18:57 +0800] "GET /contacts HTTP/1.1" 200 19120 "http://36.133.115.36/contacts/" "Mozilla/5.0 (iPhone; CPU iPhone OS 13_2_3 like Mac OS X) AppleWebKit/605.1.15 (KHTML, like Gecko) Version/13.0.3 Mobile/15E148 Safari/604.1"
43.157.179.227 - - [27/Jun/2026:17:22:41 +0800] "GET /wp-content/uploads/2025/12/1764853155-ISO2-1096x1536.webp HTTP/1.1" 200 169234 "-" "Mozilla/5.0 (iPhone; CPU iPhone OS 13_2_3 like Mac OS X) AppleWebKit/605.1.15 (KHTML, like Gecko) Version/13.0.3 Mobile/15E148 Safari/604.1"
36.133.115.36 - - [27/Jun/2026:17:27:43 +0800] "POST /wp-cron.php?doing_wp_cron=1782552463.8093140125274658203125 HTTP/1.1" 200 31 "-" "WordPress/7.0; http://cqqizhou.com"
43.134.56.214 - - [27/Jun/2026:17:27:43 +0800] "GET /logistics HTTP/1.1" 200 25837 "-" "Mozilla/5.0 (iPhone; CPU iPhone OS 13_2_3 like Mac OS X) AppleWebKit/605.1.15 (KHTML, like Gecko) Version/13.0.3 Mobile/15E148 Safari/604.1"
36.133.115.36 - - [27/Jun/2026:17:45:22 +0800] "POST /wp-cron.php?doing_wp_cron=1782553522.1529610157012939453125 HTTP/1.1" 200 31 "-" "WordPress/7.0; http://cqqizhou.com"
119.84.246.117 - - [27/Jun/2026:17:45:22 +0800] "GET / HTTP/1.1" 301 5 "-" "-"
119.84.246.117 - - [27/Jun/2026:17:45:22 +0800] "GET / HTTP/1.1" 200 171937 "-" "-"
119.84.246.117 - - [27/Jun/2026:17:45:24 +0800] "GET / HTTP/1.1" 301 5 "-" "Mozilla/5.0 (Windows; U; Windows NT 6.1; zh_CN) AppleWebKit/534.7 (KHTML, like Gecko) Chrome/18.0 BIDUBrowser/2.6 Safari/534.7"
119.84.246.117 - - [27/Jun/2026:17:45:24 +0800] "GET / HTTP/1.1" 200 41028 "-" "Mozilla/5.0 (Windows; U; Windows NT 6.1; zh_CN) AppleWebKit/534.7 (KHTML, like Gecko) Chrome/18.0 BIDUBrowser/2.6 Safari/534.7"
119.84.246.117 - - [27/Jun/2026:17:45:24 +0800] "GET /wp-content/uploads/2025/07/1751425283-qizhou.kf_.qq_.com_.webp HTTP/1.1" 200 16864 "http://cqqizhou.com/" "Mozilla/5.0 (Windows; U; Windows NT 6.1; zh_CN) AppleWebKit/534.7 (KHTML, like Gecko) Chrome/18.0 BIDUBrowser/2.6 Safari/534.7"
119.84.246.117 - - [27/Jun/2026:17:45:24 +0800] "GET /wp-content/uploads/2025/07/1753456723-%E5%8F%8C%E7%9B%B8%E9%92%A2roduct_Single600.webp HTTP/1.1" 200 22790 "http://cqqizhou.com/" "Mozilla/5.0 (Windows; U; Windows NT 6.1; zh_CN) AppleWebKit/534.7 (KHTML, like Gecko) Chrome/18.0 BIDUBrowser/2.6 Safari/534.7"
119.84.246.117 - - [27/Jun/2026:17:45:24 +0800] "GET /wp-content/uploads/2025/07/1753453096-%E5%8F%8C%E7%9B%B8%E9%92%A2product_Single600%C3%97284.webp HTTP/1.1" 200 14562 "http://cqqizhou.com/" "Mozilla/5.0 (Windows; U; Windows NT 6.1; zh_CN) AppleWebKit/534.7 (KHTML, like Gecko) Chrome/18.0 BIDUBrowser/2.6 Safari/534.7"
119.84.246.117 - - [27/Jun/2026:17:45:24 +0800] "GET /wp-content/uploads/2025/07/1753456770-%E7%83%AD%E9%95%80%E9%94%8C%E5%8D%B7product_Single600.webp HTTP/1.1" 200 27502 "http://cqqizhou.com/" "Mozilla/5.0 (Windows; U; Windows NT 6.1; zh_CN) AppleWebKit/534.7 (KHTML, like Gecko) Chrome/18.0 BIDUBrowser/2.6 Safari/534.7"
119.84.246.117 - - [27/Jun/2026:17:45:24 +0800] "GET /wp-content/uploads/2026/06/1782392245-Article_images_W900px.webp HTTP/1.1" 200 62046 "http://cqqizhou.com/" "Mozilla/5.0 (Windows; U; Windows NT 6.1; zh_CN) AppleWebKit/534.7 (KHTML, like Gecko) Chrome/18.0 BIDUBrowser/2.6 Safari/534.7"
119.84.246.117 - - [27/Jun/2026:17:45:24 +0800] "GET /wp-content/uploads/2026/06/1782182572-Article_images_W900px.webp HTTP/1.1" 200 24314 "http://cqqizhou.com/" "Mozilla/5.0 (Windows; U; Windows NT 6.1; zh_CN) AppleWebKit/534.7 (KHTML, like Gecko) Chrome/18.0 BIDUBrowser/2.6 Safari/534.7"
119.84.246.117 - - [27/Jun/2026:17:45:24 +0800] "GET /wp-content/uploads/2025/07/1753453127-%E4%BD%99%E5%8D%B7product_Single600%C3%97284.webp HTTP/1.1" 200 18744 "http://cqqizhou.com/" "Mozilla/5.0 (Windows; U; Windows NT 6.1; zh_CN) AppleWebKit/534.7 (KHTML, like Gecko) Chrome/18.0 BIDUBrowser/2.6 Safari/534.7"
119.84.246.117 - - [27/Jun/2026:17:45:24 +0800] "GET /wp-content/uploads/2026/06/1781880807-Article_images_W900px.webp HTTP/1.1" 200 25354 "http://cqqizhou.com/" "Mozilla/5.0 (Windows; U; Windows NT 6.1; zh_CN) AppleWebKit/534.7 (KHTML, like Gecko) Chrome/18.0 BIDUBrowser/2.6 Safari/534.7"
119.84.246.117 - - [27/Jun/2026:17:45:24 +0800] "GET /wp-content/uploads/2026/06/1780363378-1Article_images_W900px.webp HTTP/1.1" 200 62100 "http://cqqizhou.com/" "Mozilla/5.0 (Windows; U; Windows NT 6.1; zh_CN) AppleWebKit/534.7 (KHTML, like Gecko) Chrome/18.0 BIDUBrowser/2.6 Safari/534.7"
119.84.246.117 - - [27/Jun/2026:17:45:24 +0800] "GET /wp-content/uploads/2026/06/1780362799-1Article_images_W900px.webp HTTP/1.1" 200 61690 "http://cqqizhou.com/" "Mozilla/5.0 (Windows; U; Windows NT 6.1; zh_CN) AppleWebKit/534.7 (KHTML, like Gecko) Chrome/18.0 BIDUBrowser/2.6 Safari/534.7"
36.133.115.36 - - [27/Jun/2026:17:48:00 +0800] "POST /wp-cron.php?doing_wp_cron=1782553680.1332709789276123046875 HTTP/1.1" 200 31 "-" "WordPress/7.0; http://cqqizhou.com"
43.134.54.246 - - [27/Jun/2026:17:48:00 +0800] "GET /2354/ HTTP/1.1" 404 9497 "-" "Mozilla/5.0 (iPhone; CPU iPhone OS 13_2_3 like Mac OS X) AppleWebKit/605.1.15 (KHTML, like Gecko) Version/13.0.3 Mobile/15E148 Safari/604.1"
150.109.119.38 - - [27/Jun/2026:17:54:03 +0800] "GET /wp-content/uploads/2025/12/1764853157-ISO3.webp HTTP/1.1" 200 225894 "-" "Mozilla/5.0 (iPhone; CPU iPhone OS 13_2_3 like Mac OS X) AppleWebKit/605.1.15 (KHTML, like Gecko) Version/13.0.3 Mobile/15E148 Safari/604.1"
36.133.115.36 - - [27/Jun/2026:18:01:12 +0800] "POST /wp-cron.php?doing_wp_cron=1782554472.0960609912872314453125 HTTP/1.1" 200 31 "-" "WordPress/7.0; http://cqqizhou.com"
116.179.32.115 - - [27/Jun/2026:18:01:12 +0800] "GET /portfolio/%E5%86%B7%E8%BD%A7%E6%9D%BF/ HTTP/1.1" 301 5 "-" "Mozilla/5.0 (compatible; Baiduspider/2.0; +http://www.baidu.com/search/spider.html)"
116.179.32.114 - - [27/Jun/2026:18:01:13 +0800] "GET /news/portfolio/%E5%86%B7%E8%BD%A7%E6%9D%BF HTTP/1.1" 200 22692 "-" "Mozilla/5.0 (compatible; Baiduspider/2.0; +http://www.baidu.com/search/spider.html)"
43.159.149.216 - - [27/Jun/2026:18:03:01 +0800] "GET /wp-content/uploads/2025/12/1764853157-ISO3-768x1076.webp HTTP/1.1" 200 114618 "-" "Mozilla/5.0 (iPhone; CPU iPhone OS 13_2_3 like Mac OS X) AppleWebKit/605.1.15 (KHTML, like Gecko) Version/13.0.3 Mobile/15E148 Safari/604.1"
161.35.200.65 - - [27/Jun/2026:18:04:18 +0800] "GET / HTTP/1.1" 200 41028 "-" "Go-http-client/1.1"
161.35.200.65 - - [27/Jun/2026:18:04:18 +0800] "GET / HTTP/1.1" 200 41028 "-" "Mozilla/5.0 (Windows NT 10.0; Win64; x64) AppleWebKit/538.36"
36.133.115.36 - - [27/Jun/2026:18:04:20 +0800] "POST /wp-cron.php?doing_wp_cron=1782554660.0393030643463134765625 HTTP/1.1" 200 31 "-" "WordPress/7.0; http://cqqizhou.com"
161.35.200.65 - - [27/Jun/2026:18:04:20 +0800] "GET /wp-json HTTP/1.1" 200 20707 "-" "Mozilla/5.0 (Windows NT 10.0; Win64; x64) AppleWebKit/538.36"
161.35.200.65 - - [27/Jun/2026:18:04:21 +0800] "GET /wp-json/wp/v2/pages?per_page=100 HTTP/1.1" 200 62569 "-" "Mozilla/5.0 (Windows NT 10.0; Win64; x64) AppleWebKit/538.36"
161.35.200.65 - - [27/Jun/2026:18:04:23 +0800] "GET /wp-admin/setup-config.php?step=1&language=en HTTP/1.1" 409 2707 "-" "Mozilla/5.0 (Windows NT 10.0; Win64; x64) AppleWebKit/538.36"
43.134.91.35 - - [27/Jun/2026:18:11:44 +0800] "GET /wp-content/uploads/2025/12/1764853155-ISO2-1461x2048.webp HTTP/1.1" 200 83308 "-" "Mozilla/5.0 (iPhone; CPU iPhone OS 13_2_3 like Mac OS X) AppleWebKit/605.1.15 (KHTML, like Gecko) Version/13.0.3 Mobile/15E148 Safari/604.1"
36.133.115.36 - - [27/Jun/2026:18:17:45 +0800] "POST /wp-cron.php?doing_wp_cron=1782555465.0525369644165039062500 HTTP/1.1" 200 31 "-" "WordPress/7.0; http://cqqizhou.com"
95.38.148.226 - - [27/Jun/2026:18:17:45 +0800] "GET / HTTP/1.0" 301 0 "-" "-"
36.133.115.36 - - [27/Jun/2026:18:22:11 +0800] "POST /wp-cron.php?doing_wp_cron=1782555731.0557029247283935546875 HTTP/1.1" 200 31 "-" "WordPress/7.0; http://cqqizhou.com"
123.245.85.119 - - [27/Jun/2026:18:22:11 +0800] "GET / HTTP/1.1" 200 158011 "-" "-"
220.167.232.82 - - [27/Jun/2026:18:22:12 +0800] "GET / HTTP/1.1" 200 158011 "-" "-"
123.178.210.43 - - [27/Jun/2026:18:22:45 +0800] "GET / HTTP/1.1" 301 5 "-" "Mozilla/5.0 (Windows NT 6.1) AppleWebKit/537.36 (KHTML, like Gecko) Chrome/49.0.2623.112 Safari/537.36"
54.38.248.204 - - [27/Jun/2026:18:22:52 +0800] "HEAD / HTTP/1.1" 200 0 "-" "Mozilla/5.0 (compatible; DomainScores/2.1; +https://www.domainscores.net/headers)"
170.106.110.146 - - [27/Jun/2026:18:23:40 +0800] "GET /wp-content/uploads/2025/12/1764853157-ISO3-731x1024.webp HTTP/1.1" 200 105856 "-" "Mozilla/5.0 (iPhone; CPU iPhone OS 13_2_3 like Mac OS X) AppleWebKit/605.1.15 (KHTML, like Gecko) Version/13.0.3 Mobile/15E148 Safari/604.1"
36.133.115.36 - - [27/Jun/2026:18:28:25 +0800] "POST /wp-cron.php?doing_wp_cron=1782556105.0171320438385009765625 HTTP/1.1" 200 31 "-" "WordPress/7.0; http://cqqizhou.com"
104.248.246.60 - - [27/Jun/2026:18:28:25 +0800] "POST /xmlrpc.php HTTP/1.1" 200 217 "-" "Mozilla/5.0 (Windows NT 10.0; WOW64) AppleWebKit/537.43 (KHTML, like Gecko) Chrome/139.0.0.0 Safari/537.36 OPR/123.0.0.0"
36.133.115.36 - - [27/Jun/2026:18:35:42 +0800] "POST /wp-cron.php?doing_wp_cron=1782556542.8339569568634033203125 HTTP/1.1" 200 31 "-" "WordPress/7.0; http://cqqizhou.com"
47.82.52.66 - - [27/Jun/2026:18:35:42 +0800] "GET /news/2585 HTTP/1.1" 200 20897 "-" "Mozilla/5.0 (Macintosh; Intel Mac OS X 10_15_7) AppleWebKit/537.36 (KHTML, like Gecko) Chrome/142.0.0.0 Safari/537.36"
36.133.115.36 - - [27/Jun/2026:18:38:37 +0800] "POST /wp-cron.php?doing_wp_cron=1782556717.0431349277496337890625 HTTP/1.1" 200 31 "-" "WordPress/7.0; http://cqqizhou.com"
216.244.66.245 - - [27/Jun/2026:18:38:37 +0800] "GET /robots.txt HTTP/1.1" 200 390 "-" "Mozilla/5.0 (compatible; DotBot/1.2; +https://opensiteexplorer.org/dotbot; help@moz.com)"
43.159.62.129 - - [27/Jun/2026:18:45:11 +0800] "GET /wp-content/uploads/2025/11/1762826323-Contacts2000x400_20251111.webp HTTP/1.1" 200 15144 "-" "Mozilla/5.0 (iPhone; CPU iPhone OS 13_2_3 like Mac OS X) AppleWebKit/605.1.15 (KHTML, like Gecko) Version/13.0.3 Mobile/15E148 Safari/604.1"
36.133.115.36 - - [27/Jun/2026:18:46:26 +0800] "POST /wp-cron.php?doing_wp_cron=1782557186.2115800380706787109375 HTTP/1.1" 200 31 "-" "WordPress/7.0; http://cqqizhou.com"
216.244.66.245 - - [27/Jun/2026:18:46:26 +0800] "GET /news/2597 HTTP/1.1" 200 84988 "-" "Mozilla/5.0 (compatible; DotBot/1.2; +https://opensiteexplorer.org/dotbot; help@moz.com)"
36.133.115.36 - - [27/Jun/2026:18:48:27 +0800] "POST /wp-cron.php?doing_wp_cron=1782557307.8631100654602050781250 HTTP/1.1" 200 31 "-" "WordPress/7.0; http://cqqizhou.com"
43.165.67.31 - - [27/Jun/2026:18:48:27 +0800] "GET / HTTP/1.1" 301 5 "-" "Mozilla/5.0 (iPhone; CPU iPhone OS 13_2_3 like Mac OS X) AppleWebKit/605.1.15 (KHTML, like Gecko) Version/13.0.3 Mobile/15E148 Safari/604.1"
43.165.67.31 - - [27/Jun/2026:18:48:30 +0800] "GET / HTTP/1.1" 200 35133 "http://36.133.115.36" "Mozilla/5.0 (iPhone; CPU iPhone OS 13_2_3 like Mac OS X) AppleWebKit/605.1.15 (KHTML, like Gecko) Version/13.0.3 Mobile/15E148 Safari/604.1"
36.133.115.36 - - [27/Jun/2026:18:53:07 +0800] "POST /wp-cron.php?doing_wp_cron=1782557587.7777669429779052734375 HTTP/1.1" 200 31 "-" "WordPress/7.0; http://cqqizhou.com"
43.156.79.172 - - [27/Jun/2026:18:53:07 +0800] "GET /wp-json/oembed/1.0/embed?url=http%3A%2F%2Fcqqizhou.com%2Fcontacts HTTP/1.1" 200 1109 "-" "Mozilla/5.0 (iPhone; CPU iPhone OS 13_2_3 like Mac OS X) AppleWebKit/605.1.15 (KHTML, like Gecko) Version/13.0.3 Mobile/15E148 Safari/604.1"
36.133.115.36 - - [27/Jun/2026:18:57:13 +0800] "POST /wp-cron.php?doing_wp_cron=1782557833.4698600769042968750000 HTTP/1.1" 200 31 "-" "WordPress/7.0; http://cqqizhou.com"
51.91.152.3 - - [27/Jun/2026:18:57:13 +0800] "POST /xmlrpc.php HTTP/1.1" 200 217 "-" "Mozilla/5.0 (Windows NT 10.0) AppleWebKit/537.36 (KHTML, like Gecko) Chrome/137.0.0.0 Safari/537.36"
36.133.115.36 - - [27/Jun/2026:19:01:56 +0800] "POST /wp-cron.php?doing_wp_cron=1782558115.9884009361267089843750 HTTP/1.1" 200 31 "-" "WordPress/7.0; http://cqqizhou.com"
113.57.128.186 - - [27/Jun/2026:19:01:56 +0800] "GET /wp-json/oembed/1.0/embed?url=http%3A%2F%2Fcqqizhou.com%2Fnews%2F2388 HTTP/1.1" 200 1300 "-" "Mozilla/5.0 (Windows NT 10.0; Win64; x64) AppleWebKit/537.36 (KHTML, like Gecko) Chrome/142.0.0.0 Safari/537.36"
36.133.115.36 - - [27/Jun/2026:19:03:27 +0800] "POST /wp-cron.php?doing_wp_cron=1782558207.4301860332489013671875 HTTP/1.1" 200 31 "-" "WordPress/7.0; http://cqqizhou.com"
43.166.255.122 - - [27/Jun/2026:19:03:27 +0800] "GET /wp-content/uploads/2026/01/1768276119-qizhoujiagong_Slider_3840 HTTP/1.1" 404 9498 "-" "Mozilla/5.0 (iPhone; CPU iPhone OS 13_2_3 like Mac OS X) AppleWebKit/605.1.15 (KHTML, like Gecko) Version/13.0.3 Mobile/15E148 Safari/604.1"
36.133.115.36 - - [27/Jun/2026:19:05:43 +0800] "POST /wp-cron.php?doing_wp_cron=1782558343.2413649559020996093750 HTTP/1.1" 200 31 "-" "WordPress/7.0; http://cqqizhou.com"
192.169.157.50 - - [27/Jun/2026:19:05:43 +0800] "GET /.env.production HTTP/1.1" 404 9498 "-" "Mozilla/5.0 (Macintosh; Intel Mac OS X 14.4; rv:125.0) Gecko/20100101 Firefox/125.0"
36.133.115.36 - - [27/Jun/2026:19:11:08 +0800] "POST /wp-cron.php?doing_wp_cron=1782558668.9569289684295654296875 HTTP/1.1" 200 31 "-" "WordPress/7.0; http://cqqizhou.com"
141.94.27.49 - - [27/Jun/2026:19:11:08 +0800] "POST /xmlrpc.php HTTP/1.1" 200 217 "-" "Mozilla/5.0 (Windows NT 10.0; rv:145.0) Gecko/20100101 Firefox/145.0"
