14.108.234.2 - - [02/Mar/2026:21:10:26 +0800] "GET /wp-json/contact-form-7/v1/contact-forms/1444/refill HTTP/1.1" 200 33 "http://cqqizhou.com/logistics" "Mozilla/5.0 (Windows NT 10.0; Win64; x64) AppleWebKit/537.36 (KHTML, like Gecko) Chrome/144.0.0.0 Safari/537.36 Edg/144.0.0.0"
14.108.234.2 - - [02/Mar/2026:21:10:50 +0800] "GET /media HTTP/1.1" 200 34455 "http://cqqizhou.com/logistics" "Mozilla/5.0 (Windows NT 10.0; Win64; x64) AppleWebKit/537.36 (KHTML, like Gecko) Chrome/144.0.0.0 Safari/537.36 Edg/144.0.0.0"
36.133.115.36 - - [02/Mar/2026:21:12:50 +0800] "POST /wp-cron.php?doing_wp_cron=1772457170.9573280811309814453125 HTTP/1.1" 200 31 "-" "WordPress/6.9; http://cqqizhou.com"
116.179.32.48 - - [02/Mar/2026:21:12:50 +0800] "GET /2160/ HTTP/1.1" 301 5 "-" "Mozilla/5.0 (compatible; Baiduspider/2.0; +http://www.baidu.com/search/spider.html)"
116.179.32.35 - - [02/Mar/2026:21:12:51 +0800] "GET /news/2160 HTTP/1.1" 200 29525 "-" "Mozilla/5.0 (compatible; Baiduspider/2.0; +http://www.baidu.com/search/spider.html)"
36.133.115.36 - - [02/Mar/2026:21:19:59 +0800] "POST /wp-cron.php?doing_wp_cron=1772457599.7139449119567871093750 HTTP/1.1" 200 31 "-" "WordPress/6.9; http://cqqizhou.com"
114.119.145.193 - - [02/Mar/2026:21:19:59 +0800] "GET /wp-sitemap.xml HTTP/1.1" 501 253 "-" "Mozilla/5.0 (Linux; Android 7.0;) AppleWebKit/537.36 (KHTML, like Gecko) Mobile Safari/537.36 (compatible; PetalBot;+https://webmaster.petalsearch.com/site/petalbot)"
36.133.115.36 - - [02/Mar/2026:21:26:37 +0800] "POST /wp-cron.php?doing_wp_cron=1772457997.9010720252990722656250 HTTP/1.1" 200 31 "-" "WordPress/6.9; http://cqqizhou.com"
114.119.154.77 - - [02/Mar/2026:21:26:37 +0800] "GET /wp-sitemap.xml HTTP/1.1" 501 253 "-" "Mozilla/5.0 (Linux; Android 7.0;) AppleWebKit/537.36 (KHTML, like Gecko) Mobile Safari/537.36 (compatible; PetalBot;+https://webmaster.petalsearch.com/site/petalbot)"
91.230.225.100 - - [02/Mar/2026:21:30:37 +0800] "GET /txets.php HTTP/1.1" 404 47 "-" "Go-http-client/1.1"
91.230.225.100 - - [02/Mar/2026:21:30:39 +0800] "GET /wp-content/txets.php HTTP/1.1" 404 47 "-" "Go-http-client/1.1"
91.230.225.100 - - [02/Mar/2026:21:30:39 +0800] "GET /wp-admin/txets.php HTTP/1.1" 404 47 "-" "Go-http-client/1.1"
91.230.225.100 - - [02/Mar/2026:21:30:39 +0800] "GET /wp-includes/txets.php HTTP/1.1" 404 47 "-" "Go-http-client/1.1"
91.230.225.100 - - [02/Mar/2026:21:30:39 +0800] "GET /postnews.php HTTP/1.1" 404 47 "-" "Go-http-client/1.1"
36.133.115.36 - - [02/Mar/2026:21:35:51 +0800] "POST /wp-cron.php?doing_wp_cron=1772458551.0608279705047607421875 HTTP/1.1" 200 31 "-" "WordPress/6.9; http://cqqizhou.com"
173.197.14.231 - - [02/Mar/2026:21:35:51 +0800] "HEAD /invoker/EJBInvokerServlet HTTP/1.1" 404 0 "-" "Opera/9.80 (Windows NT 6.2; Win64; x64) Presto/2.12.388 Version/12.17"
173.197.14.231 - - [02/Mar/2026:21:35:52 +0800] "HEAD /jmx-console/HtmlAdaptor?action=inspectMBean&name=jboss.system:type=ServerInfo HTTP/1.1" 404 0 "-" "Opera/9.80 (Windows NT 6.2; Win64; x64) Presto/2.12.388 Version/12.17"
173.197.14.231 - - [02/Mar/2026:21:35:54 +0800] "HEAD /invoker/JMXInvokerServlet HTTP/1.1" 404 0 "-" "Opera/9.80 (Windows NT 6.2; Win64; x64) Presto/2.12.388 Version/12.17"
173.197.14.231 - - [02/Mar/2026:21:35:56 +0800] "HEAD /web-console/ServerInfo.jsp HTTP/1.1" 404 0 "-" "Opera/9.80 (Windows NT 6.2; Win64; x64) Presto/2.12.388 Version/12.17"
36.133.115.36 - - [02/Mar/2026:21:41:03 +0800] "POST /wp-cron.php?doing_wp_cron=1772458863.0103158950805664062500 HTTP/1.1" 200 31 "-" "WordPress/6.9; http://cqqizhou.com"
84.247.187.159 - - [02/Mar/2026:21:41:03 +0800] "GET / HTTP/1.1" 301 5 "-" "Go-http-client/1.1"
84.247.187.159 - - [02/Mar/2026:21:41:04 +0800] "GET / HTTP/1.1" 200 35203 "http://36.133.115.36" "Go-http-client/1.1"
36.133.115.36 - - [02/Mar/2026:21:45:33 +0800] "POST /wp-cron.php?doing_wp_cron=1772459133.4719660282135009765625 HTTP/1.1" 200 31 "-" "WordPress/6.9; http://cqqizhou.com"
20.15.133.165 - - [02/Mar/2026:21:45:33 +0800] "GET /robots.txt HTTP/1.1" 200 190 "-" "Mozilla/5.0 AppleWebKit/537.36 (KHTML, like Gecko; compatible; bingbot/2.0; +http://www.bing.com/bingbot.htm) Chrome/116.0.1938.76 Safari/537.36"
20.15.133.174 - - [02/Mar/2026:21:45:45 +0800] "GET /wp-content/uploads/2026/01/1767691466-Article_images_W900%C3%97500px202601061.webp HTTP/1.1" 200 56014 "-" "Mozilla/5.0 AppleWebKit/537.36 (KHTML, like Gecko; compatible; bingbot/2.0; +http://www.bing.com/bingbot.htm) Chrome/116.0.1938.76 Safari/537.36"
36.133.115.36 - - [02/Mar/2026:21:49:14 +0800] "POST /wp-cron.php?doing_wp_cron=1772459354.4317789077758789062500 HTTP/1.1" 200 31 "-" "WordPress/6.9; http://cqqizhou.com"
14.108.234.2 - - [02/Mar/2026:21:49:14 +0800] "POST /wp-admin/admin-ajax.php HTTP/1.1" 200 119 "http://cqqizhou.com/wp-admin/edit.php" "Mozilla/5.0 (Windows NT 10.0; Win64; x64) AppleWebKit/537.36 (KHTML, like Gecko) Chrome/144.0.0.0 Safari/537.36 Edg/144.0.0.0"
14.108.234.2 - - [02/Mar/2026:21:49:19 +0800] "GET /wp-admin/edit.php?post_type=page HTTP/1.1" 200 81543 "http://cqqizhou.com/wp-admin/edit.php" "Mozilla/5.0 (Windows NT 10.0; Win64; x64) AppleWebKit/537.36 (KHTML, like Gecko) Chrome/144.0.0.0 Safari/537.36 Edg/144.0.0.0"
14.108.234.2 - - [02/Mar/2026:21:49:19 +0800] "GET /wp-admin/load-styles.php?c=0&dir=ltr&load%5Bchunk_0%5D=dashicons,admin-bar,common,forms,admin-menu,dashboard,list-tables,edit,revisions,media,themes,about,nav-menus,wp-pointer,widgets&load%5Bchunk_1%5D=,site-icon,l10n,buttons,media-views,wp-color-picker,editor-buttons,wp-auth-check,wp-components,wp-commands&ver=6.9 HTTP/1.1" 200 131375 "http://cqqizhou.com/wp-admin/edit.php?post_type=page" "Mozilla/5.0 (Windows NT 10.0; Win64; x64) AppleWebKit/537.36 (KHTML, like Gecko) Chrome/144.0.0.0 Safari/537.36 Edg/144.0.0.0"
14.108.234.2 - - [02/Mar/2026:21:49:19 +0800] "GET /wp-admin/load-scripts.php?c=0&load%5Bchunk_0%5D=jquery-core,jquery-migrate,utils,wp-dom-ready,wp-hooks&ver=6.9 HTTP/1.1" 200 36948 "http://cqqizhou.com/wp-admin/edit.php?post_type=page" "Mozilla/5.0 (Windows NT 10.0; Win64; x64) AppleWebKit/537.36 (KHTML, like Gecko) Chrome/144.0.0.0 Safari/537.36 Edg/144.0.0.0"
14.108.234.2 - - [02/Mar/2026:21:49:19 +0800] "GET /wp-admin/load-scripts.php?c=0&load%5Bchunk_0%5D=hoverIntent&ver=6.9 HTTP/1.1" 200 719 "http://cqqizhou.com/wp-admin/edit.php?post_type=page" "Mozilla/5.0 (Windows NT 10.0; Win64; x64) AppleWebKit/537.36 (KHTML, like Gecko) Chrome/144.0.0.0 Safari/537.36 Edg/144.0.0.0"
14.108.234.2 - - [02/Mar/2026:21:49:21 +0800] "POST /wp-admin/admin-ajax.php HTTP/1.1" 200 78 "http://cqqizhou.com/wp-admin/edit.php?post_type=page" "Mozilla/5.0 (Windows NT 10.0; Win64; x64) AppleWebKit/537.36 (KHTML, like Gecko) Chrome/144.0.0.0 Safari/537.36 Edg/144.0.0.0"
14.108.234.2 - - [02/Mar/2026:21:49:31 +0800] "POST /wp-admin/admin-ajax.php HTTP/1.1" 200 78 "http://cqqizhou.com/wp-admin/edit.php?post_type=page" "Mozilla/5.0 (Windows NT 10.0; Win64; x64) AppleWebKit/537.36 (KHTML, like Gecko) Chrome/144.0.0.0 Safari/537.36 Edg/144.0.0.0"
14.108.234.2 - - [02/Mar/2026:21:49:41 +0800] "POST /wp-admin/admin-ajax.php HTTP/1.1" 200 78 "http://cqqizhou.com/wp-admin/edit.php?post_type=page" "Mozilla/5.0 (Windows NT 10.0; Win64; x64) AppleWebKit/537.36 (KHTML, like Gecko) Chrome/144.0.0.0 Safari/537.36 Edg/144.0.0.0"
14.108.234.2 - - [02/Mar/2026:21:49:43 +0800] "GET /about HTTP/1.1" 200 32477 "http://cqqizhou.com/wp-admin/edit.php?post_type=page" "Mozilla/5.0 (Windows NT 10.0; Win64; x64) AppleWebKit/537.36 (KHTML, like Gecko) Chrome/144.0.0.0 Safari/537.36 Edg/144.0.0.0"
14.108.234.2 - - [02/Mar/2026:21:49:43 +0800] "GET /wp-content/uploads/2025/07/1750649803-qizhou800x500_2.webp HTTP/1.1" 200 63616 "http://cqqizhou.com/about" "Mozilla/5.0 (Windows NT 10.0; Win64; x64) AppleWebKit/537.36 (KHTML, like Gecko) Chrome/144.0.0.0 Safari/537.36 Edg/144.0.0.0"
14.108.234.2 - - [02/Mar/2026:21:49:43 +0800] "GET /wp-content/uploads/2025/07/1750945417-honor300%C3%97206_1.webp HTTP/1.1" 200 57666 "http://cqqizhou.com/about" "Mozilla/5.0 (Windows NT 10.0; Win64; x64) AppleWebKit/537.36 (KHTML, like Gecko) Chrome/144.0.0.0 Safari/537.36 Edg/144.0.0.0"
14.108.234.2 - - [02/Mar/2026:21:49:43 +0800] "GET /wp-content/uploads/2025/07/1750945444-honor300%C3%97206_2.webp HTTP/1.1" 200 71296 "http://cqqizhou.com/about" "Mozilla/5.0 (Windows NT 10.0; Win64; x64) AppleWebKit/537.36 (KHTML, like Gecko) Chrome/144.0.0.0 Safari/537.36 Edg/144.0.0.0"
14.108.234.2 - - [02/Mar/2026:21:49:43 +0800] "GET /wp-content/uploads/2025/07/1750671800-partner1_200x50.webp HTTP/1.1" 200 2244 "http://cqqizhou.com/about" "Mozilla/5.0 (Windows NT 10.0; Win64; x64) AppleWebKit/537.36 (KHTML, like Gecko) Chrome/144.0.0.0 Safari/537.36 Edg/144.0.0.0"
14.108.234.2 - - [02/Mar/2026:21:49:43 +0800] "GET /wp-content/uploads/2025/07/1750671801-partner2_200x50.webp HTTP/1.1" 200 3946 "http://cqqizhou.com/about" "Mozilla/5.0 (Windows NT 10.0; Win64; x64) AppleWebKit/537.36 (KHTML, like Gecko) Chrome/144.0.0.0 Safari/537.36 Edg/144.0.0.0"
14.108.234.2 - - [02/Mar/2026:21:49:43 +0800] "GET /wp-content/uploads/2025/07/1750671803-partner3_200x50.webp HTTP/1.1" 200 4414 "http://cqqizhou.com/about" "Mozilla/5.0 (Windows NT 10.0; Win64; x64) AppleWebKit/537.36 (KHTML, like Gecko) Chrome/144.0.0.0 Safari/537.36 Edg/144.0.0.0"
14.108.234.2 - - [02/Mar/2026:21:49:43 +0800] "GET /wp-content/uploads/2025/07/1750671805-partner4_200x50.webp HTTP/1.1" 200 2390 "http://cqqizhou.com/about" "Mozilla/5.0 (Windows NT 10.0; Win64; x64) AppleWebKit/537.36 (KHTML, like Gecko) Chrome/144.0.0.0 Safari/537.36 Edg/144.0.0.0"
14.108.234.2 - - [02/Mar/2026:21:49:43 +0800] "GET /wp-content/uploads/2025/07/1750671806-partner5_200x50.webp HTTP/1.1" 200 2840 "http://cqqizhou.com/about" "Mozilla/5.0 (Windows NT 10.0; Win64; x64) AppleWebKit/537.36 (KHTML, like Gecko) Chrome/144.0.0.0 Safari/537.36 Edg/144.0.0.0"
14.108.234.2 - - [02/Mar/2026:21:49:43 +0800] "GET /wp-content/uploads/2025/06/1750755307-qizhoucangku2000x400_2025624.webp HTTP/1.1" 200 45470 "http://cqqizhou.com/about" "Mozilla/5.0 (Windows NT 10.0; Win64; x64) AppleWebKit/537.36 (KHTML, like Gecko) Chrome/144.0.0.0 Safari/537.36 Edg/144.0.0.0"
14.108.234.2 - - [02/Mar/2026:21:49:43 +0800] "GET /wp-content/uploads/2025/07/1750671808-partner6_200x50.webp HTTP/1.1" 200 3004 "http://cqqizhou.com/about" "Mozilla/5.0 (Windows NT 10.0; Win64; x64) AppleWebKit/537.36 (KHTML, like Gecko) Chrome/144.0.0.0 Safari/537.36 Edg/144.0.0.0"
14.108.234.2 - - [02/Mar/2026:21:49:43 +0800] "GET /wp-content/uploads/2025/07/1751425283-qizhou.kf_.qq_.com_.webp HTTP/1.1" 200 16864 "http://cqqizhou.com/about" "Mozilla/5.0 (Windows NT 10.0; Win64; x64) AppleWebKit/537.36 (KHTML, like Gecko) Chrome/144.0.0.0 Safari/537.36 Edg/144.0.0.0"
14.108.234.2 - - [02/Mar/2026:21:49:43 +0800] "GET /wp-content/uploads/elementor/thumbs/1751209300-Hello-Qizhou3-r91b71mdtei8mab1rr8x739cnvi1mafuaga3vbed3o.webp HTTP/1.1" 200 39120 "http://cqqizhou.com/about" "Mozilla/5.0 (Windows NT 10.0; Win64; x64) AppleWebKit/537.36 (KHTML, like Gecko) Chrome/144.0.0.0 Safari/537.36 Edg/144.0.0.0"
14.108.234.2 - - [02/Mar/2026:21:49:43 +0800] "GET /wp-content/uploads/elementor/thumbs/1751373145-About_Qizhoudalou_W800px-r91b70ok8huvvdr4ynxnf302e8ie3iydlh6ag9ew82.webp HTTP/1.1" 200 37938 "http://cqqizhou.com/about" "Mozilla/5.0 (Windows NT 10.0; Win64; x64) AppleWebKit/537.36 (KHTML, like Gecko) Chrome/144.0.0.0 Safari/537.36 Edg/144.0.0.0"
14.108.234.2 - - [02/Mar/2026:21:49:43 +0800] "GET /wp-content/uploads/2025/07/1750649186-qizhou1920x1080_3.webp HTTP/1.1" 200 134070 "http://cqqizhou.com/about" "Mozilla/5.0 (Windows NT 10.0; Win64; x64) AppleWebKit/537.36 (KHTML, like Gecko) Chrome/144.0.0.0 Safari/537.36 Edg/144.0.0.0"
14.108.234.2 - - [02/Mar/2026:21:49:43 +0800] "GET /wp-content/uploads/2025/07/1750649179-qizhou1920x1080_1.webp HTTP/1.1" 200 172154 "http://cqqizhou.com/about" "Mozilla/5.0 (Windows NT 10.0; Win64; x64) AppleWebKit/537.36 (KHTML, like Gecko) Chrome/144.0.0.0 Safari/537.36 Edg/144.0.0.0"
14.108.234.2 - - [02/Mar/2026:21:49:43 +0800] "GET /wp-content/uploads/2025/07/1750649183-qizhou1920x1080_2.webp HTTP/1.1" 200 267936 "http://cqqizhou.com/about" "Mozilla/5.0 (Windows NT 10.0; Win64; x64) AppleWebKit/537.36 (KHTML, like Gecko) Chrome/144.0.0.0 Safari/537.36 Edg/144.0.0.0"
14.108.234.2 - - [02/Mar/2026:21:49:43 +0800] "GET /wp-content/uploads/2025/07/1750649197-qizhou1920x1080_6.webp HTTP/1.1" 200 150354 "http://cqqizhou.com/about" "Mozilla/5.0 (Windows NT 10.0; Win64; x64) AppleWebKit/537.36 (KHTML, like Gecko) Chrome/144.0.0.0 Safari/537.36 Edg/144.0.0.0"
14.108.234.2 - - [02/Mar/2026:21:49:43 +0800] "GET /wp-content/uploads/2025/07/1750649189-qizhou1920x1080_4.webp HTTP/1.1" 200 174962 "http://cqqizhou.com/about" "Mozilla/5.0 (Windows NT 10.0; Win64; x64) AppleWebKit/537.36 (KHTML, like Gecko) Chrome/144.0.0.0 Safari/537.36 Edg/144.0.0.0"
14.108.234.2 - - [02/Mar/2026:21:49:43 +0800] "GET /wp-content/uploads/2025/07/1750649193-qizhou1920x1080_5.webp HTTP/1.1" 200 110214 "http://cqqizhou.com/about" "Mozilla/5.0 (Windows NT 10.0; Win64; x64) AppleWebKit/537.36 (KHTML, like Gecko) Chrome/144.0.0.0 Safari/537.36 Edg/144.0.0.0"
14.108.234.2 - - [02/Mar/2026:21:49:43 +0800] "GET /wp-content/uploads/2025/07/1750649200-qizhou1920x1080_7.webp HTTP/1.1" 200 238866 "http://cqqizhou.com/about" "Mozilla/5.0 (Windows NT 10.0; Win64; x64) AppleWebKit/537.36 (KHTML, like Gecko) Chrome/144.0.0.0 Safari/537.36 Edg/144.0.0.0"
14.108.234.2 - - [02/Mar/2026:21:49:43 +0800] "GET /wp-content/uploads/2025/07/1750649207-qizhou1920x1080_9.webp HTTP/1.1" 200 146108 "http://cqqizhou.com/about" "Mozilla/5.0 (Windows NT 10.0; Win64; x64) AppleWebKit/537.36 (KHTML, like Gecko) Chrome/144.0.0.0 Safari/537.36 Edg/144.0.0.0"
14.108.234.2 - - [02/Mar/2026:21:49:43 +0800] "GET /wp-content/uploads/2025/07/1750649203-qizhou1920x1080_8.webp HTTP/1.1" 200 256782 "http://cqqizhou.com/about" "Mozilla/5.0 (Windows NT 10.0; Win64; x64) AppleWebKit/537.36 (KHTML, like Gecko) Chrome/144.0.0.0 Safari/537.36 Edg/144.0.0.0"
14.108.234.2 - - [02/Mar/2026:21:49:43 +0800] "GET /wp-content/uploads/2025/07/1750649212-qizhou1920x1080_10.webp HTTP/1.1" 200 143362 "http://cqqizhou.com/about" "Mozilla/5.0 (Windows NT 10.0; Win64; x64) AppleWebKit/537.36 (KHTML, like Gecko) Chrome/144.0.0.0 Safari/537.36 Edg/144.0.0.0"
14.108.234.2 - - [02/Mar/2026:21:49:43 +0800] "GET /wp-content/uploads/2025/07/1750649215-qizhou1920x1080_11.webp HTTP/1.1" 200 171642 "http://cqqizhou.com/about" "Mozilla/5.0 (Windows NT 10.0; Win64; x64) AppleWebKit/537.36 (KHTML, like Gecko) Chrome/144.0.0.0 Safari/537.36 Edg/144.0.0.0"
14.108.234.2 - - [02/Mar/2026:21:49:44 +0800] "GET /wp-content/uploads/2025/07/1750945514-honor300%C3%97206_3.webp HTTP/1.1" 200 74124 "http://cqqizhou.com/about" "Mozilla/5.0 (Windows NT 10.0; Win64; x64) AppleWebKit/537.36 (KHTML, like Gecko) Chrome/144.0.0.0 Safari/537.36 Edg/144.0.0.0"
14.108.234.2 - - [02/Mar/2026:21:49:45 +0800] "GET /wp-content/uploads/2025/07/1750945616-honor300%C3%97206_4.webp HTTP/1.1" 200 33814 "http://cqqizhou.com/about" "Mozilla/5.0 (Windows NT 10.0; Win64; x64) AppleWebKit/537.36 (KHTML, like Gecko) Chrome/144.0.0.0 Safari/537.36 Edg/144.0.0.0"
14.108.234.2 - - [02/Mar/2026:21:49:45 +0800] "GET /wp-content/uploads/2025/07/1750945637-honor300%C3%97206_5.webp HTTP/1.1" 200 77368 "http://cqqizhou.com/about" "Mozilla/5.0 (Windows NT 10.0; Win64; x64) AppleWebKit/537.36 (KHTML, like Gecko) Chrome/144.0.0.0 Safari/537.36 Edg/144.0.0.0"
14.108.234.2 - - [02/Mar/2026:21:49:45 +0800] "GET /wp-content/uploads/2025/07/1750945650-honor300%C3%97206_6.webp HTTP/1.1" 200 66306 "http://cqqizhou.com/about" "Mozilla/5.0 (Windows NT 10.0; Win64; x64) AppleWebKit/537.36 (KHTML, like Gecko) Chrome/144.0.0.0 Safari/537.36 Edg/144.0.0.0"
14.108.234.2 - - [02/Mar/2026:21:49:45 +0800] "GET /wp-content/uploads/2025/07/1750656103-Visionr2000x800_20250623131702.webp HTTP/1.1" 200 57650 "http://cqqizhou.com/wp-content/uploads/elementor/css/post-1849.css?ver=1772089889" "Mozilla/5.0 (Windows NT 10.0; Win64; x64) AppleWebKit/537.36 (KHTML, like Gecko) Chrome/144.0.0.0 Safari/537.36 Edg/144.0.0.0"
14.108.234.2 - - [02/Mar/2026:21:49:57 +0800] "POST /wp-admin/admin-ajax.php HTTP/1.1" 200 78 "http://cqqizhou.com/wp-admin/edit.php?post_type=page" "Mozilla/5.0 (Windows NT 10.0; Win64; x64) AppleWebKit/537.36 (KHTML, like Gecko) Chrome/144.0.0.0 Safari/537.36 Edg/144.0.0.0"
14.108.234.2 - - [02/Mar/2026:21:50:02 +0800] "POST /wp-admin/admin-ajax.php HTTP/1.1" 200 78 "http://cqqizhou.com/wp-admin/edit.php?post_type=page" "Mozilla/5.0 (Windows NT 10.0; Win64; x64) AppleWebKit/537.36 (KHTML, like Gecko) Chrome/144.0.0.0 Safari/537.36 Edg/144.0.0.0"
36.133.115.36 - - [02/Mar/2026:21:50:12 +0800] "POST /wp-cron.php?doing_wp_cron=1772459412.1396059989929199218750 HTTP/1.1" 200 31 "-" "WordPress/6.9; http://cqqizhou.com"
14.108.234.2 - - [02/Mar/2026:21:50:12 +0800] "POST /wp-admin/admin-ajax.php HTTP/1.1" 200 78 "http://cqqizhou.com/wp-admin/edit.php?post_type=page" "Mozilla/5.0 (Windows NT 10.0; Win64; x64) AppleWebKit/537.36 (KHTML, like Gecko) Chrome/144.0.0.0 Safari/537.36 Edg/144.0.0.0"
36.133.115.36 - - [02/Mar/2026:21:52:12 +0800] "POST /wp-cron.php?doing_wp_cron=1772459532.1822528839111328125000 HTTP/1.1" 200 31 "-" "WordPress/6.9; http://cqqizhou.com"
14.108.234.2 - - [02/Mar/2026:21:52:12 +0800] "POST /wp-admin/admin-ajax.php HTTP/1.1" 200 78 "http://cqqizhou.com/wp-admin/edit.php?post_type=page" "Mozilla/5.0 (Windows NT 10.0; Win64; x64) AppleWebKit/537.36 (KHTML, like Gecko) Chrome/144.0.0.0 Safari/537.36 Edg/144.0.0.0"
54.39.203.44 - - [02/Mar/2026:21:53:40 +0800] "GET /news/2502 HTTP/1.1" 200 24672 "-" "Mozilla/5.0 (compatible; AhrefsBot/7.0; +http://ahrefs.com/robot/)"
36.133.115.36 - - [02/Mar/2026:21:54:01 +0800] "POST /wp-cron.php?doing_wp_cron=1772459641.0180630683898925781250 HTTP/1.1" 200 31 "-" "WordPress/6.9; http://cqqizhou.com"
14.108.234.2 - - [02/Mar/2026:21:54:01 +0800] "POST /wp-admin/admin-ajax.php HTTP/1.1" 200 78 "http://cqqizhou.com/wp-admin/edit.php?post_type=page" "Mozilla/5.0 (Windows NT 10.0; Win64; x64) AppleWebKit/537.36 (KHTML, like Gecko) Chrome/144.0.0.0 Safari/537.36 Edg/144.0.0.0"
36.133.115.36 - - [02/Mar/2026:21:54:11 +0800] "POST /wp-cron.php?doing_wp_cron=1772459651.0353419780731201171875 HTTP/1.1" 200 31 "-" "WordPress/6.9; http://cqqizhou.com"
14.108.234.2 - - [02/Mar/2026:21:54:11 +0800] "POST /wp-admin/admin-ajax.php HTTP/1.1" 200 78 "http://cqqizhou.com/wp-admin/edit.php?post_type=page" "Mozilla/5.0 (Windows NT 10.0; Win64; x64) AppleWebKit/537.36 (KHTML, like Gecko) Chrome/144.0.0.0 Safari/537.36 Edg/144.0.0.0"
14.108.234.2 - - [02/Mar/2026:21:54:21 +0800] "POST /wp-admin/admin-ajax.php HTTP/1.1" 200 78 "http://cqqizhou.com/wp-admin/edit.php?post_type=page" "Mozilla/5.0 (Windows NT 10.0; Win64; x64) AppleWebKit/537.36 (KHTML, like Gecko) Chrome/144.0.0.0 Safari/537.36 Edg/144.0.0.0"
14.108.234.2 - - [02/Mar/2026:21:54:31 +0800] "POST /wp-admin/admin-ajax.php HTTP/1.1" 200 78 "http://cqqizhou.com/wp-admin/edit.php?post_type=page" "Mozilla/5.0 (Windows NT 10.0; Win64; x64) AppleWebKit/537.36 (KHTML, like Gecko) Chrome/144.0.0.0 Safari/537.36 Edg/144.0.0.0"
14.108.234.2 - - [02/Mar/2026:21:54:41 +0800] "POST /wp-admin/admin-ajax.php HTTP/1.1" 200 78 "http://cqqizhou.com/wp-admin/edit.php?post_type=page" "Mozilla/5.0 (Windows NT 10.0; Win64; x64) AppleWebKit/537.36 (KHTML, like Gecko) Chrome/144.0.0.0 Safari/537.36 Edg/144.0.0.0"
14.108.234.2 - - [02/Mar/2026:21:54:43 +0800] "GET /wp-admin/plugins.php HTTP/1.1" 200 93493 "http://cqqizhou.com/wp-admin/edit.php?post_type=page" "Mozilla/5.0 (Windows NT 10.0; Win64; x64) AppleWebKit/537.36 (KHTML, like Gecko) Chrome/144.0.0.0 Safari/537.36 Edg/144.0.0.0"
14.108.234.2 - - [02/Mar/2026:21:54:43 +0800] "GET /wp-admin/load-styles.php?c=0&dir=ltr&load%5Bchunk_0%5D=dashicons,admin-bar,common,forms,admin-menu,dashboard,list-tables,edit,revisions,media,themes,about,nav-menus,wp-pointer,widgets&load%5Bchunk_1%5D=,site-icon,l10n,buttons,media-views,wp-color-picker,editor-buttons,wp-auth-check,wp-components,wp-commands,wp-jquery-ui-dialog&ver=6.9 HTTP/1.1" 200 132592 "http://cqqizhou.com/wp-admin/plugins.php" "Mozilla/5.0 (Windows NT 10.0; Win64; x64) AppleWebKit/537.36 (KHTML, like Gecko) Chrome/144.0.0.0 Safari/537.36 Edg/144.0.0.0"
36.133.115.36 - - [02/Mar/2026:21:55:11 +0800] "POST /wp-cron.php?doing_wp_cron=1772459711.8541970252990722656250 HTTP/1.1" 200 31 "-" "WordPress/6.9; http://cqqizhou.com"
220.181.108.104 - - [02/Mar/2026:21:55:11 +0800] "GET /2475/ HTTP/1.1" 301 5 "-" "Mozilla/5.0 (compatible; Baiduspider/2.0; +http://www.baidu.com/search/spider.html)"
220.181.108.101 - - [02/Mar/2026:21:55:12 +0800] "GET /news/2475 HTTP/1.1" 200 26768 "-" "Mozilla/5.0 (compatible; Baiduspider/2.0; +http://www.baidu.com/search/spider.html)"
14.108.234.2 - - [02/Mar/2026:21:55:17 +0800] "GET /wp-admin/plugins.php?action=activate&plugin=duplicate-page%2Fduplicatepage.php&plugin_status=all&paged=1&s&_wpnonce=3a05693e24 HTTP/1.1" 302 5 "http://cqqizhou.com/wp-admin/plugins.php" "Mozilla/5.0 (Windows NT 10.0; Win64; x64) AppleWebKit/537.36 (KHTML, like Gecko) Chrome/144.0.0.0 Safari/537.36 Edg/144.0.0.0"
14.108.234.2 - - [02/Mar/2026:21:55:21 +0800] "GET /wp-admin/plugins.php?activate=true&plugin_status=all&paged=1&s= HTTP/1.1" 200 93841 "http://cqqizhou.com/wp-admin/plugins.php" "Mozilla/5.0 (Windows NT 10.0; Win64; x64) AppleWebKit/537.36 (KHTML, like Gecko) Chrome/144.0.0.0 Safari/537.36 Edg/144.0.0.0"
14.108.234.2 - - [02/Mar/2026:21:55:33 +0800] "GET /wp-admin/edit.php?post_type=page HTTP/1.1" 200 82180 "http://cqqizhou.com/wp-admin/plugins.php?plugin_status=all&paged=1&s" "Mozilla/5.0 (Windows NT 10.0; Win64; x64) AppleWebKit/537.36 (KHTML, like Gecko) Chrome/144.0.0.0 Safari/537.36 Edg/144.0.0.0"
14.108.234.2 - - [02/Mar/2026:21:55:33 +0800] "GET /wp-admin/load-styles.php?c=0&dir=ltr&load%5Bchunk_0%5D=dashicons,admin-bar,common,forms,admin-menu,dashboard,list-tables,edit,revisions,media,themes,about,nav-menus,wp-pointer,widgets&load%5Bchunk_1%5D=,site-icon,l10n,buttons,media-views,wp-color-picker,editor-buttons,wp-auth-check,wp-components,wp-commands&ver=6.9 HTTP/1.1" 200 131375 "http://cqqizhou.com/wp-admin/edit.php?post_type=page" "Mozilla/5.0 (Windows NT 10.0; Win64; x64) AppleWebKit/537.36 (KHTML, like Gecko) Chrome/144.0.0.0 Safari/537.36 Edg/144.0.0.0"
14.108.234.2 - - [02/Mar/2026:21:55:34 +0800] "POST /wp-admin/admin-ajax.php HTTP/1.1" 200 78 "http://cqqizhou.com/wp-admin/edit.php?post_type=page" "Mozilla/5.0 (Windows NT 10.0; Win64; x64) AppleWebKit/537.36 (KHTML, like Gecko) Chrome/144.0.0.0 Safari/537.36 Edg/144.0.0.0"
14.108.234.2 - - [02/Mar/2026:21:55:44 +0800] "POST /wp-admin/admin-ajax.php HTTP/1.1" 200 78 "http://cqqizhou.com/wp-admin/edit.php?post_type=page" "Mozilla/5.0 (Windows NT 10.0; Win64; x64) AppleWebKit/537.36 (KHTML, like Gecko) Chrome/144.0.0.0 Safari/537.36 Edg/144.0.0.0"
14.108.234.2 - - [02/Mar/2026:21:55:54 +0800] "POST /wp-admin/admin-ajax.php HTTP/1.1" 200 78 "http://cqqizhou.com/wp-admin/edit.php?post_type=page" "Mozilla/5.0 (Windows NT 10.0; Win64; x64) AppleWebKit/537.36 (KHTML, like Gecko) Chrome/144.0.0.0 Safari/537.36 Edg/144.0.0.0"
14.108.234.2 - - [02/Mar/2026:21:56:04 +0800] "POST /wp-admin/admin-ajax.php HTTP/1.1" 200 78 "http://cqqizhou.com/wp-admin/edit.php?post_type=page" "Mozilla/5.0 (Windows NT 10.0; Win64; x64) AppleWebKit/537.36 (KHTML, like Gecko) Chrome/144.0.0.0 Safari/537.36 Edg/144.0.0.0"
36.133.115.36 - - [02/Mar/2026:21:56:14 +0800] "POST /wp-cron.php?doing_wp_cron=1772459774.3426868915557861328125 HTTP/1.1" 200 31 "-" "WordPress/6.9; http://cqqizhou.com"
14.108.234.2 - - [02/Mar/2026:21:56:14 +0800] "POST /wp-admin/admin-ajax.php HTTP/1.1" 200 78 "http://cqqizhou.com/wp-admin/edit.php?post_type=page" "Mozilla/5.0 (Windows NT 10.0; Win64; x64) AppleWebKit/537.36 (KHTML, like Gecko) Chrome/144.0.0.0 Safari/537.36 Edg/144.0.0.0"
14.108.234.2 - - [02/Mar/2026:21:56:24 +0800] "POST /wp-admin/admin-ajax.php HTTP/1.1" 200 78 "http://cqqizhou.com/wp-admin/edit.php?post_type=page" "Mozilla/5.0 (Windows NT 10.0; Win64; x64) AppleWebKit/537.36 (KHTML, like Gecko) Chrome/144.0.0.0 Safari/537.36 Edg/144.0.0.0"
14.108.234.2 - - [02/Mar/2026:21:56:34 +0800] "POST /wp-admin/admin-ajax.php HTTP/1.1" 200 78 "http://cqqizhou.com/wp-admin/edit.php?post_type=page" "Mozilla/5.0 (Windows NT 10.0; Win64; x64) AppleWebKit/537.36 (KHTML, like Gecko) Chrome/144.0.0.0 Safari/537.36 Edg/144.0.0.0"
14.108.234.2 - - [02/Mar/2026:21:56:44 +0800] "POST /wp-admin/admin-ajax.php HTTP/1.1" 200 78 "http://cqqizhou.com/wp-admin/edit.php?post_type=page" "Mozilla/5.0 (Windows NT 10.0; Win64; x64) AppleWebKit/537.36 (KHTML, like Gecko) Chrome/144.0.0.0 Safari/537.36 Edg/144.0.0.0"
14.108.234.2 - - [02/Mar/2026:21:56:54 +0800] "POST /wp-admin/admin-ajax.php HTTP/1.1" 200 78 "http://cqqizhou.com/wp-admin/edit.php?post_type=page" "Mozilla/5.0 (Windows NT 10.0; Win64; x64) AppleWebKit/537.36 (KHTML, like Gecko) Chrome/144.0.0.0 Safari/537.36 Edg/144.0.0.0"
14.108.234.2 - - [02/Mar/2026:21:57:04 +0800] "POST /wp-admin/admin-ajax.php HTTP/1.1" 200 78 "http://cqqizhou.com/wp-admin/edit.php?post_type=page" "Mozilla/5.0 (Windows NT 10.0; Win64; x64) AppleWebKit/537.36 (KHTML, like Gecko) Chrome/144.0.0.0 Safari/537.36 Edg/144.0.0.0"
36.133.115.36 - - [02/Mar/2026:21:57:14 +0800] "POST /wp-cron.php?doing_wp_cron=1772459834.3030290603637695312500 HTTP/1.1" 200 31 "-" "WordPress/6.9; http://cqqizhou.com"
14.108.234.2 - - [02/Mar/2026:21:57:14 +0800] "POST /wp-admin/admin-ajax.php HTTP/1.1" 200 78 "http://cqqizhou.com/wp-admin/edit.php?post_type=page" "Mozilla/5.0 (Windows NT 10.0; Win64; x64) AppleWebKit/537.36 (KHTML, like Gecko) Chrome/144.0.0.0 Safari/537.36 Edg/144.0.0.0"
14.108.234.2 - - [02/Mar/2026:21:57:24 +0800] "POST /wp-admin/admin-ajax.php HTTP/1.1" 200 78 "http://cqqizhou.com/wp-admin/edit.php?post_type=page" "Mozilla/5.0 (Windows NT 10.0; Win64; x64) AppleWebKit/537.36 (KHTML, like Gecko) Chrome/144.0.0.0 Safari/537.36 Edg/144.0.0.0"
14.108.234.2 - - [02/Mar/2026:21:57:34 +0800] "POST /wp-admin/admin-ajax.php HTTP/1.1" 200 78 "http://cqqizhou.com/wp-admin/edit.php?post_type=page" "Mozilla/5.0 (Windows NT 10.0; Win64; x64) AppleWebKit/537.36 (KHTML, like Gecko) Chrome/144.0.0.0 Safari/537.36 Edg/144.0.0.0"
36.133.115.36 - - [02/Mar/2026:21:59:14 +0800] "POST /wp-cron.php?doing_wp_cron=1772459954.2722759246826171875000 HTTP/1.1" 200 31 "-" "WordPress/6.9; http://cqqizhou.com"
14.108.234.2 - - [02/Mar/2026:21:59:14 +0800] "POST /wp-admin/admin-ajax.php HTTP/1.1" 200 78 "http://cqqizhou.com/wp-admin/edit.php?post_type=page" "Mozilla/5.0 (Windows NT 10.0; Win64; x64) AppleWebKit/537.36 (KHTML, like Gecko) Chrome/144.0.0.0 Safari/537.36 Edg/144.0.0.0"
14.108.234.2 - - [02/Mar/2026:21:59:21 +0800] "GET /media HTTP/1.1" 200 34511 "http://cqqizhou.com/wp-admin/edit.php?post_type=page" "Mozilla/5.0 (Windows NT 10.0; Win64; x64) AppleWebKit/537.36 (KHTML, like Gecko) Chrome/144.0.0.0 Safari/537.36 Edg/144.0.0.0"
14.108.234.2 - - [02/Mar/2026:21:59:21 +0800] "GET /wp-content/uploads/2026/02/1772086672-%E5%BC%80%E5%B7%A5%E5%A4%A7%E5%90%89%E5%B0%81%E9%9D%A2%E5%A4%B4%E5%9B%BEArticle_images_W900%C3%97500px-768x427.webp HTTP/1.1" 200 93810 "http://cqqizhou.com/media" "Mozilla/5.0 (Windows NT 10.0; Win64; x64) AppleWebKit/537.36 (KHTML, like Gecko) Chrome/144.0.0.0 Safari/537.36 Edg/144.0.0.0"
14.108.234.2 - - [02/Mar/2026:21:59:21 +0800] "GET /wp-content/uploads/2025/07/1753454299-Article_images_W900px-768x432.webp HTTP/1.1" 200 53850 "http://cqqizhou.com/media" "Mozilla/5.0 (Windows NT 10.0; Win64; x64) AppleWebKit/537.36 (KHTML, like Gecko) Chrome/144.0.0.0 Safari/537.36 Edg/144.0.0.0"
14.108.234.2 - - [02/Mar/2026:21:59:21 +0800] "GET /wp-content/uploads/2026/02/1770617354-Article_images_W900px-768x479.webp HTTP/1.1" 200 14746 "http://cqqizhou.com/media" "Mozilla/5.0 (Windows NT 10.0; Win64; x64) AppleWebKit/537.36 (KHTML, like Gecko) Chrome/144.0.0.0 Safari/537.36 Edg/144.0.0.0"
14.108.234.2 - - [02/Mar/2026:21:59:22 +0800] "GET /wp-content/uploads/media/qizhou_Brochure.webp HTTP/1.1" 200 26142 "http://cqqizhou.com/media" "Mozilla/5.0 (Windows NT 10.0; Win64; x64) AppleWebKit/537.36 (KHTML, like Gecko) Chrome/144.0.0.0 Safari/537.36 Edg/144.0.0.0"
14.108.234.2 - - [02/Mar/2026:21:59:22 +0800] "GET /wp-content/uploads/2025/12/1765268955-qizhou_Slider1_3840%C3%972160_20251210-scaled.webp HTTP/1.1" 200 152162 "http://cqqizhou.com/media" "Mozilla/5.0 (Windows NT 10.0; Win64; x64) AppleWebKit/537.36 (KHTML, like Gecko) Chrome/144.0.0.0 Safari/537.36 Edg/144.0.0.0"
14.108.234.2 - - [02/Mar/2026:21:59:25 +0800] "POST /wp-admin/admin-ajax.php HTTP/1.1" 200 78 "http://cqqizhou.com/wp-admin/edit.php?post_type=page" "Mozilla/5.0 (Windows NT 10.0; Win64; x64) AppleWebKit/537.36 (KHTML, like Gecko) Chrome/144.0.0.0 Safari/537.36 Edg/144.0.0.0"
14.108.234.2 - - [02/Mar/2026:21:59:36 +0800] "POST /wp-admin/admin-ajax.php HTTP/1.1" 200 78 "http://cqqizhou.com/wp-admin/edit.php?post_type=page" "Mozilla/5.0 (Windows NT 10.0; Win64; x64) AppleWebKit/537.36 (KHTML, like Gecko) Chrome/144.0.0.0 Safari/537.36 Edg/144.0.0.0"
36.133.115.36 - - [02/Mar/2026:22:01:37 +0800] "POST /wp-cron.php?doing_wp_cron=1772460097.1437819004058837890625 HTTP/1.1" 200 31 "-" "WordPress/6.9; http://cqqizhou.com"
14.108.234.2 - - [02/Mar/2026:22:01:37 +0800] "POST /wp-admin/admin-ajax.php HTTP/1.1" 200 78 "http://cqqizhou.com/wp-admin/edit.php?post_type=page" "Mozilla/5.0 (Windows NT 10.0; Win64; x64) AppleWebKit/537.36 (KHTML, like Gecko) Chrome/144.0.0.0 Safari/537.36 Edg/144.0.0.0"
36.133.115.36 - - [02/Mar/2026:22:03:38 +0800] "POST /wp-cron.php?doing_wp_cron=1772460218.1617710590362548828125 HTTP/1.1" 200 31 "-" "WordPress/6.9; http://cqqizhou.com"
14.108.234.2 - - [02/Mar/2026:22:03:38 +0800] "POST /wp-admin/admin-ajax.php HTTP/1.1" 200 78 "http://cqqizhou.com/wp-admin/edit.php?post_type=page" "Mozilla/5.0 (Windows NT 10.0; Win64; x64) AppleWebKit/537.36 (KHTML, like Gecko) Chrome/144.0.0.0 Safari/537.36 Edg/144.0.0.0"
14.108.234.2 - - [02/Mar/2026:22:03:48 +0800] "POST /wp-admin/admin-ajax.php HTTP/1.1" 200 78 "http://cqqizhou.com/wp-admin/edit.php?post_type=page" "Mozilla/5.0 (Windows NT 10.0; Win64; x64) AppleWebKit/537.36 (KHTML, like Gecko) Chrome/144.0.0.0 Safari/537.36 Edg/144.0.0.0"
14.108.234.2 - - [02/Mar/2026:22:03:58 +0800] "POST /wp-admin/admin-ajax.php HTTP/1.1" 200 78 "http://cqqizhou.com/wp-admin/edit.php?post_type=page" "Mozilla/5.0 (Windows NT 10.0; Win64; x64) AppleWebKit/537.36 (KHTML, like Gecko) Chrome/144.0.0.0 Safari/537.36 Edg/144.0.0.0"
36.133.115.36 - - [02/Mar/2026:22:04:08 +0800] "POST /wp-cron.php?doing_wp_cron=1772460248.7790639400482177734375 HTTP/1.1" 200 31 "-" "WordPress/6.9; http://cqqizhou.com"
14.108.234.2 - - [02/Mar/2026:22:04:08 +0800] "POST /wp-admin/admin-ajax.php HTTP/1.1" 200 78 "http://cqqizhou.com/wp-admin/edit.php?post_type=page" "Mozilla/5.0 (Windows NT 10.0; Win64; x64) AppleWebKit/537.36 (KHTML, like Gecko) Chrome/144.0.0.0 Safari/537.36 Edg/144.0.0.0"
14.108.234.2 - - [02/Mar/2026:22:04:18 +0800] "POST /wp-admin/admin-ajax.php HTTP/1.1" 200 78 "http://cqqizhou.com/wp-admin/edit.php?post_type=page" "Mozilla/5.0 (Windows NT 10.0; Win64; x64) AppleWebKit/537.36 (KHTML, like Gecko) Chrome/144.0.0.0 Safari/537.36 Edg/144.0.0.0"
14.108.234.2 - - [02/Mar/2026:22:04:28 +0800] "POST /wp-admin/admin-ajax.php HTTP/1.1" 200 78 "http://cqqizhou.com/wp-admin/edit.php?post_type=page" "Mozilla/5.0 (Windows NT 10.0; Win64; x64) AppleWebKit/537.36 (KHTML, like Gecko) Chrome/144.0.0.0 Safari/537.36 Edg/144.0.0.0"
14.108.234.2 - - [02/Mar/2026:22:04:38 +0800] "POST /wp-admin/admin-ajax.php HTTP/1.1" 200 78 "http://cqqizhou.com/wp-admin/edit.php?post_type=page" "Mozilla/5.0 (Windows NT 10.0; Win64; x64) AppleWebKit/537.36 (KHTML, like Gecko) Chrome/144.0.0.0 Safari/537.36 Edg/144.0.0.0"
14.108.234.2 - - [02/Mar/2026:22:04:48 +0800] "POST /wp-admin/admin-ajax.php HTTP/1.1" 200 78 "http://cqqizhou.com/wp-admin/edit.php?post_type=page" "Mozilla/5.0 (Windows NT 10.0; Win64; x64) AppleWebKit/537.36 (KHTML, like Gecko) Chrome/144.0.0.0 Safari/537.36 Edg/144.0.0.0"
14.108.234.2 - - [02/Mar/2026:22:04:58 +0800] "POST /wp-admin/admin-ajax.php HTTP/1.1" 200 78 "http://cqqizhou.com/wp-admin/edit.php?post_type=page" "Mozilla/5.0 (Windows NT 10.0; Win64; x64) AppleWebKit/537.36 (KHTML, like Gecko) Chrome/144.0.0.0 Safari/537.36 Edg/144.0.0.0"
36.133.115.36 - - [02/Mar/2026:22:05:08 +0800] "POST /wp-cron.php?doing_wp_cron=1772460308.7892549037933349609375 HTTP/1.1" 200 31 "-" "WordPress/6.9; http://cqqizhou.com"
14.108.234.2 - - [02/Mar/2026:22:05:08 +0800] "POST /wp-admin/admin-ajax.php HTTP/1.1" 200 78 "http://cqqizhou.com/wp-admin/edit.php?post_type=page" "Mozilla/5.0 (Windows NT 10.0; Win64; x64) AppleWebKit/537.36 (KHTML, like Gecko) Chrome/144.0.0.0 Safari/537.36 Edg/144.0.0.0"
14.108.234.2 - - [02/Mar/2026:22:05:18 +0800] "POST /wp-admin/admin-ajax.php HTTP/1.1" 200 78 "http://cqqizhou.com/wp-admin/edit.php?post_type=page" "Mozilla/5.0 (Windows NT 10.0; Win64; x64) AppleWebKit/537.36 (KHTML, like Gecko) Chrome/144.0.0.0 Safari/537.36 Edg/144.0.0.0"
14.108.234.2 - - [02/Mar/2026:22:05:28 +0800] "POST /wp-admin/admin-ajax.php HTTP/1.1" 200 78 "http://cqqizhou.com/wp-admin/edit.php?post_type=page" "Mozilla/5.0 (Windows NT 10.0; Win64; x64) AppleWebKit/537.36 (KHTML, like Gecko) Chrome/144.0.0.0 Safari/537.36 Edg/144.0.0.0"
14.108.234.2 - - [02/Mar/2026:22:05:38 +0800] "POST /wp-admin/admin-ajax.php HTTP/1.1" 200 78 "http://cqqizhou.com/wp-admin/edit.php?post_type=page" "Mozilla/5.0 (Windows NT 10.0; Win64; x64) AppleWebKit/537.36 (KHTML, like Gecko) Chrome/144.0.0.0 Safari/537.36 Edg/144.0.0.0"
14.108.234.2 - - [02/Mar/2026:22:05:48 +0800] "POST /wp-admin/admin-ajax.php HTTP/1.1" 200 78 "http://cqqizhou.com/wp-admin/edit.php?post_type=page" "Mozilla/5.0 (Windows NT 10.0; Win64; x64) AppleWebKit/537.36 (KHTML, like Gecko) Chrome/144.0.0.0 Safari/537.36 Edg/144.0.0.0"
14.108.234.2 - - [02/Mar/2026:22:05:58 +0800] "POST /wp-admin/admin-ajax.php HTTP/1.1" 200 78 "http://cqqizhou.com/wp-admin/edit.php?post_type=page" "Mozilla/5.0 (Windows NT 10.0; Win64; x64) AppleWebKit/537.36 (KHTML, like Gecko) Chrome/144.0.0.0 Safari/537.36 Edg/144.0.0.0"
36.133.115.36 - - [02/Mar/2026:22:06:08 +0800] "POST /wp-cron.php?doing_wp_cron=1772460368.8832120895385742187500 HTTP/1.1" 200 31 "-" "WordPress/6.9; http://cqqizhou.com"
14.108.234.2 - - [02/Mar/2026:22:06:08 +0800] "POST /wp-admin/admin-ajax.php HTTP/1.1" 200 78 "http://cqqizhou.com/wp-admin/edit.php?post_type=page" "Mozilla/5.0 (Windows NT 10.0; Win64; x64) AppleWebKit/537.36 (KHTML, like Gecko) Chrome/144.0.0.0 Safari/537.36 Edg/144.0.0.0"
14.108.234.2 - - [02/Mar/2026:22:06:18 +0800] "POST /wp-admin/admin-ajax.php HTTP/1.1" 200 78 "http://cqqizhou.com/wp-admin/edit.php?post_type=page" "Mozilla/5.0 (Windows NT 10.0; Win64; x64) AppleWebKit/537.36 (KHTML, like Gecko) Chrome/144.0.0.0 Safari/537.36 Edg/144.0.0.0"
14.108.234.2 - - [02/Mar/2026:22:06:28 +0800] "POST /wp-admin/admin-ajax.php HTTP/1.1" 200 78 "http://cqqizhou.com/wp-admin/edit.php?post_type=page" "Mozilla/5.0 (Windows NT 10.0; Win64; x64) AppleWebKit/537.36 (KHTML, like Gecko) Chrome/144.0.0.0 Safari/537.36 Edg/144.0.0.0"
14.108.234.2 - - [02/Mar/2026:22:06:38 +0800] "POST /wp-admin/admin-ajax.php HTTP/1.1" 200 78 "http://cqqizhou.com/wp-admin/edit.php?post_type=page" "Mozilla/5.0 (Windows NT 10.0; Win64; x64) AppleWebKit/537.36 (KHTML, like Gecko) Chrome/144.0.0.0 Safari/537.36 Edg/144.0.0.0"
14.108.234.2 - - [02/Mar/2026:22:06:48 +0800] "POST /wp-admin/admin-ajax.php HTTP/1.1" 200 78 "http://cqqizhou.com/wp-admin/edit.php?post_type=page" "Mozilla/5.0 (Windows NT 10.0; Win64; x64) AppleWebKit/537.36 (KHTML, like Gecko) Chrome/144.0.0.0 Safari/537.36 Edg/144.0.0.0"
14.108.234.2 - - [02/Mar/2026:22:06:58 +0800] "POST /wp-admin/admin-ajax.php HTTP/1.1" 200 78 "http://cqqizhou.com/wp-admin/edit.php?post_type=page" "Mozilla/5.0 (Windows NT 10.0; Win64; x64) AppleWebKit/537.36 (KHTML, like Gecko) Chrome/144.0.0.0 Safari/537.36 Edg/144.0.0.0"
36.133.115.36 - - [02/Mar/2026:22:07:08 +0800] "POST /wp-cron.php?doing_wp_cron=1772460428.9079539775848388671875 HTTP/1.1" 200 31 "-" "WordPress/6.9; http://cqqizhou.com"
14.108.234.2 - - [02/Mar/2026:22:07:08 +0800] "POST /wp-admin/admin-ajax.php HTTP/1.1" 200 78 "http://cqqizhou.com/wp-admin/edit.php?post_type=page" "Mozilla/5.0 (Windows NT 10.0; Win64; x64) AppleWebKit/537.36 (KHTML, like Gecko) Chrome/144.0.0.0 Safari/537.36 Edg/144.0.0.0"
14.108.234.2 - - [02/Mar/2026:22:07:18 +0800] "POST /wp-admin/admin-ajax.php HTTP/1.1" 200 78 "http://cqqizhou.com/wp-admin/edit.php?post_type=page" "Mozilla/5.0 (Windows NT 10.0; Win64; x64) AppleWebKit/537.36 (KHTML, like Gecko) Chrome/144.0.0.0 Safari/537.36 Edg/144.0.0.0"
14.108.234.2 - - [02/Mar/2026:22:07:28 +0800] "POST /wp-admin/admin-ajax.php HTTP/1.1" 200 78 "http://cqqizhou.com/wp-admin/edit.php?post_type=page" "Mozilla/5.0 (Windows NT 10.0; Win64; x64) AppleWebKit/537.36 (KHTML, like Gecko) Chrome/144.0.0.0 Safari/537.36 Edg/144.0.0.0"
14.108.234.2 - - [02/Mar/2026:22:07:39 +0800] "POST /wp-admin/admin-ajax.php HTTP/1.1" 200 78 "http://cqqizhou.com/wp-admin/edit.php?post_type=page" "Mozilla/5.0 (Windows NT 10.0; Win64; x64) AppleWebKit/537.36 (KHTML, like Gecko) Chrome/144.0.0.0 Safari/537.36 Edg/144.0.0.0"
20.63.96.50 - - [02/Mar/2026:22:07:43 +0800] "GET /wp-content/plugins/hellopress/wp_filemanager.php HTTP/1.1" 404 27 "-" "-"
20.63.96.50 - - [02/Mar/2026:22:07:44 +0800] "GET /xxxx.php HTTP/1.1" 404 27 "-" "-"
20.63.96.50 - - [02/Mar/2026:22:07:44 +0800] "GET /sbhu.php HTTP/1.1" 404 27 "-" "-"
20.63.96.50 - - [02/Mar/2026:22:07:45 +0800] "GET /f.PhP7 HTTP/1.1" 404 31365 "-" "-"
20.63.96.50 - - [02/Mar/2026:22:07:46 +0800] "GET /gettest.php HTTP/1.1" 404 27 "-" "-"
20.63.96.50 - - [02/Mar/2026:22:07:46 +0800] "GET /ayk.php HTTP/1.1" 404 27 "-" "-"
20.63.96.50 - - [02/Mar/2026:22:07:47 +0800] "GET /wp-setting.php HTTP/1.1" 404 27 "-" "-"
20.63.96.50 - - [02/Mar/2026:22:07:47 +0800] "GET /fleen.php HTTP/1.1" 404 27 "-" "-"
20.63.96.50 - - [02/Mar/2026:22:07:47 +0800] "GET /install.php HTTP/1.1" 404 27 "-" "-"
20.63.96.50 - - [02/Mar/2026:22:07:47 +0800] "GET /add.php HTTP/1.1" 404 27 "-" "-"
20.63.96.50 - - [02/Mar/2026:22:07:48 +0800] "GET /path.php HTTP/1.1" 404 27 "-" "-"
20.63.96.50 - - [02/Mar/2026:22:07:48 +0800] "GET /my.php HTTP/1.1" 404 27 "-" "-"
14.108.234.2 - - [02/Mar/2026:22:07:49 +0800] "POST /wp-admin/admin-ajax.php HTTP/1.1" 200 78 "http://cqqizhou.com/wp-admin/edit.php?post_type=page" "Mozilla/5.0 (Windows NT 10.0; Win64; x64) AppleWebKit/537.36 (KHTML, like Gecko) Chrome/144.0.0.0 Safari/537.36 Edg/144.0.0.0"
20.63.96.50 - - [02/Mar/2026:22:07:49 +0800] "GET /we.php HTTP/1.1" 404 27 "-" "-"
20.63.96.50 - - [02/Mar/2026:22:07:49 +0800] "GET /acp.php HTTP/1.1" 404 27 "-" "-"
20.63.96.50 - - [02/Mar/2026:22:07:49 +0800] "GET /f6.php HTTP/1.1" 404 27 "-" "-"
20.63.96.50 - - [02/Mar/2026:22:07:49 +0800] "GET /akcc.php HTTP/1.1" 404 27 "-" "-"
20.63.96.50 - - [02/Mar/2026:22:07:50 +0800] "GET /wp-admin/themes.php HTTP/1.1" 302 5 "-" "-"
20.63.96.50 - - [02/Mar/2026:22:07:51 +0800] "GET /wp-login.php?redirect_to=http%3A%2F%2Fcqqizhou.com%2Fwp-admin%2Fthemes.php&reauth=1 HTTP/1.1" 200 9063 "-" "-"
20.63.96.50 - - [02/Mar/2026:22:07:51 +0800] "GET /0x.php HTTP/1.1" 404 27 "-" "-"
20.63.96.50 - - [02/Mar/2026:22:07:52 +0800] "GET /chosen.php HTTP/1.1" 404 27 "-" "-"
20.63.96.50 - - [02/Mar/2026:22:07:52 +0800] "GET /cwclass.php HTTP/1.1" 404 27 "-" "-"
20.63.96.50 - - [02/Mar/2026:22:07:53 +0800] "GET /wp-admin/index.php HTTP/1.1" 302 5 "-" "-"
20.63.96.50 - - [02/Mar/2026:22:07:54 +0800] "GET /wp-login.php?redirect_to=http%3A%2F%2Fcqqizhou.com%2Fwp-admin%2Findex.php&reauth=1 HTTP/1.1" 200 9062 "-" "-"
20.63.96.50 - - [02/Mar/2026:22:07:54 +0800] "GET /X57.php HTTP/1.1" 404 27 "-" "-"
20.63.96.50 - - [02/Mar/2026:22:07:55 +0800] "GET /autoload_classmap.php HTTP/1.1" 404 27 "-" "-"
20.63.96.50 - - [02/Mar/2026:22:07:55 +0800] "GET /wp-x.php HTTP/1.1" 404 27 "-" "-"
20.63.96.50 - - [02/Mar/2026:22:07:55 +0800] "GET /fff.php HTTP/1.1" 404 27 "-" "-"
20.63.96.50 - - [02/Mar/2026:22:07:55 +0800] "GET /wp-content/bnm.php HTTP/1.1" 404 27 "-" "-"
20.63.96.50 - - [02/Mar/2026:22:07:56 +0800] "GET /txets.php HTTP/1.1" 404 27 "-" "-"
20.63.96.50 - - [02/Mar/2026:22:07:56 +0800] "GET /erty.php HTTP/1.1" 404 27 "-" "-"
20.63.96.50 - - [02/Mar/2026:22:07:56 +0800] "GET /wp-admin/maint/admin.php HTTP/1.1" 404 27 "-" "-"
20.63.96.50 - - [02/Mar/2026:22:07:56 +0800] "GET /pepe.php HTTP/1.1" 404 27 "-" "-"
20.63.96.50 - - [02/Mar/2026:22:07:57 +0800] "GET /f35.php HTTP/1.1" 404 27 "-" "-"
20.63.96.50 - - [02/Mar/2026:22:07:57 +0800] "GET /backup.php HTTP/1.1" 404 27 "-" "-"
20.63.96.50 - - [02/Mar/2026:22:07:57 +0800] "GET /god.php HTTP/1.1" 404 27 "-" "-"
20.63.96.50 - - [02/Mar/2026:22:07:58 +0800] "GET /b.php HTTP/1.1" 404 27 "-" "-"
20.63.96.50 - - [02/Mar/2026:22:07:58 +0800] "GET /t00l.php HTTP/1.1" 404 27 "-" "-"
20.63.96.50 - - [02/Mar/2026:22:07:58 +0800] "GET /ad2.php HTTP/1.1" 404 27 "-" "-"
20.63.96.50 - - [02/Mar/2026:22:07:59 +0800] "GET /goat.php HTTP/1.1" 404 27 "-" "-"
14.108.234.2 - - [02/Mar/2026:22:07:59 +0800] "POST /wp-admin/admin-ajax.php HTTP/1.1" 200 78 "http://cqqizhou.com/wp-admin/edit.php?post_type=page" "Mozilla/5.0 (Windows NT 10.0; Win64; x64) AppleWebKit/537.36 (KHTML, like Gecko) Chrome/144.0.0.0 Safari/537.36 Edg/144.0.0.0"
20.63.96.50 - - [02/Mar/2026:22:07:59 +0800] "GET /w3llstore.php HTTP/1.1" 404 27 "-" "-"
20.63.96.50 - - [02/Mar/2026:22:07:59 +0800] "GET /1a.php HTTP/1.1" 404 27 "-" "-"
20.63.96.50 - - [02/Mar/2026:22:07:59 +0800] "GET /aki.php HTTP/1.1" 404 27 "-" "-"
20.63.96.50 - - [02/Mar/2026:22:08:00 +0800] "GET /simple.php HTTP/1.1" 404 27 "-" "-"
20.63.96.50 - - [02/Mar/2026:22:08:00 +0800] "GET /ws66.php HTTP/1.1" 404 27 "-" "-"
20.63.96.50 - - [02/Mar/2026:22:08:00 +0800] "GET /wp-includes/admin.php HTTP/1.1" 404 27 "-" "-"
20.63.96.50 - - [02/Mar/2026:22:08:00 +0800] "GET /item.php HTTP/1.1" 404 27 "-" "-"
20.63.96.50 - - [02/Mar/2026:22:08:01 +0800] "GET /ww.php HTTP/1.1" 404 27 "-" "-"
20.63.96.50 - - [02/Mar/2026:22:08:02 +0800] "GET /bs4.PhP7 HTTP/1.1" 404 31365 "-" "-"
20.63.96.50 - - [02/Mar/2026:22:08:03 +0800] "GET /admin/index.php HTTP/1.1" 404 27 "-" "-"
20.63.96.50 - - [02/Mar/2026:22:08:03 +0800] "GET /ftyude.php HTTP/1.1" 404 27 "-" "-"
20.63.96.50 - - [02/Mar/2026:22:08:03 +0800] "GET /mh.php HTTP/1.1" 404 27 "-" "-"
20.63.96.50 - - [02/Mar/2026:22:08:04 +0800] "GET /1.php HTTP/1.1" 404 27 "-" "-"
20.63.96.50 - - [02/Mar/2026:22:08:04 +0800] "GET //edit.php HTTP/1.1" 404 27 "-" "-"
20.63.96.50 - - [02/Mar/2026:22:08:04 +0800] "GET /wp-admin/js/wp-conflg.php HTTP/1.1" 404 27 "-" "-"
20.63.96.50 - - [02/Mar/2026:22:08:04 +0800] "GET /pp.php HTTP/1.1" 404 27 "-" "-"
20.63.96.50 - - [02/Mar/2026:22:08:05 +0800] "GET /wp-content/fot.php HTTP/1.1" 404 27 "-" "-"
20.63.96.50 - - [02/Mar/2026:22:08:05 +0800] "GET /sxdfrt.php HTTP/1.1" 404 27 "-" "-"
20.63.96.50 - - [02/Mar/2026:22:08:05 +0800] "GET /yas.php HTTP/1.1" 404 27 "-" "-"
20.63.96.50 - - [02/Mar/2026:22:08:06 +0800] "GET /info.php HTTP/1.1" 200 29 "-" "-"
20.63.96.50 - - [02/Mar/2026:22:08:06 +0800] "GET /lp6.php HTTP/1.1" 404 27 "-" "-"
20.63.96.50 - - [02/Mar/2026:22:08:07 +0800] "GET /wp-admin/ms-edit.php HTTP/1.1" 302 5 "-" "-"
36.133.115.36 - - [02/Mar/2026:22:08:08 +0800] "POST /wp-cron.php?doing_wp_cron=1772460488.6331160068511962890625 HTTP/1.1" 200 31 "-" "WordPress/6.9; http://cqqizhou.com"
20.63.96.50 - - [02/Mar/2026:22:08:08 +0800] "GET /wp-login.php?redirect_to=http%3A%2F%2Fcqqizhou.com%2Fwp-admin%2Fms-edit.php&reauth=1 HTTP/1.1" 200 9064 "-" "-"
20.63.96.50 - - [02/Mar/2026:22:08:08 +0800] "GET /bgymj.php HTTP/1.1" 404 27 "-" "-"
14.108.234.2 - - [02/Mar/2026:22:08:09 +0800] "POST /wp-admin/admin-ajax.php HTTP/1.1" 200 78 "http://cqqizhou.com/wp-admin/edit.php?post_type=page" "Mozilla/5.0 (Windows NT 10.0; Win64; x64) AppleWebKit/537.36 (KHTML, like Gecko) Chrome/144.0.0.0 Safari/537.36 Edg/144.0.0.0"
20.63.96.50 - - [02/Mar/2026:22:08:09 +0800] "GET /8.php HTTP/1.1" 404 27 "-" "-"
20.63.96.50 - - [02/Mar/2026:22:08:09 +0800] "GET /bolt.php HTTP/1.1" 404 27 "-" "-"
20.63.96.50 - - [02/Mar/2026:22:08:10 +0800] "GET /public/vx.php HTTP/1.1" 404 27 "-" "-"
20.63.96.50 - - [02/Mar/2026:22:08:10 +0800] "GET /666.php HTTP/1.1" 404 27 "-" "-"
20.63.96.50 - - [02/Mar/2026:22:08:10 +0800] "GET /moshou.php HTTP/1.1" 404 27 "-" "-"
20.63.96.50 - - [02/Mar/2026:22:08:10 +0800] "GET /jga.php HTTP/1.1" 404 27 "-" "-"
20.63.96.50 - - [02/Mar/2026:22:08:11 +0800] "GET /Jcrop.php HTTP/1.1" 404 27 "-" "-"
20.63.96.50 - - [02/Mar/2026:22:08:11 +0800] "GET /wp-content/cc13.php HTTP/1.1" 404 27 "-" "-"
20.63.96.50 - - [02/Mar/2026:22:08:12 +0800] "GET /wp-admin/network/user-new.php HTTP/1.1" 302 5 "-" "-"
20.63.96.50 - - [02/Mar/2026:22:08:13 +0800] "GET /wp-login.php?redirect_to=http%3A%2F%2Fcqqizhou.com%2Fwp-admin%2Fnetwork%2Fuser-new.php&reauth=1 HTTP/1.1" 200 9073 "-" "-"
20.63.96.50 - - [02/Mar/2026:22:08:14 +0800] "GET /aa.php HTTP/1.1" 404 27 "-" "-"
20.63.96.50 - - [02/Mar/2026:22:08:14 +0800] "GET /ff1.php HTTP/1.1" 404 27 "-" "-"
20.63.96.50 - - [02/Mar/2026:22:08:14 +0800] "GET /wp-the.php HTTP/1.1" 404 27 "-" "-"
20.63.96.50 - - [02/Mar/2026:22:08:14 +0800] "GET /pass4.php HTTP/1.1" 404 27 "-" "-"
20.63.96.50 - - [02/Mar/2026:22:08:15 +0800] "GET /C1.php HTTP/1.1" 404 27 "-" "-"
20.63.96.50 - - [02/Mar/2026:22:08:15 +0800] "GET /gi.php HTTP/1.1" 404 27 "-" "-"
20.63.96.50 - - [02/Mar/2026:22:08:15 +0800] "GET /tkllu.php HTTP/1.1" 404 27 "-" "-"
20.63.96.50 - - [02/Mar/2026:22:08:15 +0800] "GET /fetch.php HTTP/1.1" 404 27 "-" "-"
20.63.96.50 - - [02/Mar/2026:22:08:16 +0800] "GET /66.php HTTP/1.1" 404 27 "-" "-"
20.63.96.50 - - [02/Mar/2026:22:08:16 +0800] "GET /1index.php HTTP/1.1" 404 27 "-" "-"
20.63.96.50 - - [02/Mar/2026:22:08:16 +0800] "GET /wander.php HTTP/1.1" 404 27 "-" "-"
20.63.96.50 - - [02/Mar/2026:22:08:17 +0800] "GET /makeasmtp.php HTTP/1.1" 404 27 "-" "-"
20.63.96.50 - - [02/Mar/2026:22:08:17 +0800] "GET /xtsr.php HTTP/1.1" 404 27 "-" "-"
20.63.96.50 - - [02/Mar/2026:22:08:17 +0800] "GET /Masks.php HTTP/1.1" 404 27 "-" "-"
20.63.96.50 - - [02/Mar/2026:22:08:18 +0800] "GET /Geforce.php HTTP/1.1" 404 27 "-" "-"
20.63.96.50 - - [02/Mar/2026:22:08:18 +0800] "GET /jb33.php HTTP/1.1" 404 27 "-" "-"
20.63.96.50 - - [02/Mar/2026:22:08:18 +0800] "GET /vogme.php HTTP/1.1" 404 27 "-" "-"
20.63.96.50 - - [02/Mar/2026:22:08:18 +0800] "GET /grsiuk.php HTTP/1.1" 404 27 "-" "-"
14.108.234.2 - - [02/Mar/2026:22:08:19 +0800] "POST /wp-admin/admin-ajax.php HTTP/1.1" 200 78 "http://cqqizhou.com/wp-admin/edit.php?post_type=page" "Mozilla/5.0 (Windows NT 10.0; Win64; x64) AppleWebKit/537.36 (KHTML, like Gecko) Chrome/144.0.0.0 Safari/537.36 Edg/144.0.0.0"
20.63.96.50 - - [02/Mar/2026:22:08:19 +0800] "GET /inege.php HTTP/1.1" 404 27 "-" "-"
20.63.96.50 - - [02/Mar/2026:22:08:19 +0800] "GET /global.php HTTP/1.1" 404 27 "-" "-"
20.63.96.50 - - [02/Mar/2026:22:08:19 +0800] "GET /As.php HTTP/1.1" 404 27 "-" "-"
20.63.96.50 - - [02/Mar/2026:22:08:20 +0800] "GET /btx25.php HTTP/1.1" 404 27 "-" "-"
20.63.96.50 - - [02/Mar/2026:22:08:20 +0800] "GET /advanc.php HTTP/1.1" 404 27 "-" "-"
20.63.96.50 - - [02/Mar/2026:22:08:20 +0800] "GET /ahgag.php HTTP/1.1" 404 27 "-" "-"
20.63.96.50 - - [02/Mar/2026:22:08:21 +0800] "GET /yoawv.php HTTP/1.1" 404 27 "-" "-"
20.63.96.50 - - [02/Mar/2026:22:08:21 +0800] "GET /xogve.php HTTP/1.1" 404 27 "-" "-"
20.63.96.50 - - [02/Mar/2026:22:08:21 +0800] "GET /lp5.php HTTP/1.1" 404 27 "-" "-"
20.63.96.50 - - [02/Mar/2026:22:08:22 +0800] "GET /torsa1.php HTTP/1.1" 404 27 "-" "-"
20.63.96.50 - - [02/Mar/2026:22:08:22 +0800] "GET /an7.php HTTP/1.1" 404 27 "-" "-"
20.63.96.50 - - [02/Mar/2026:22:08:22 +0800] "GET /clcdu.php HTTP/1.1" 404 27 "-" "-"
20.63.96.50 - - [02/Mar/2026:22:08:23 +0800] "GET /uxijj.php HTTP/1.1" 404 27 "-" "-"
20.63.96.50 - - [02/Mar/2026:22:08:23 +0800] "GET /rkiea.php HTTP/1.1" 404 27 "-" "-"
20.63.96.50 - - [02/Mar/2026:22:08:23 +0800] "GET /resp.php HTTP/1.1" 404 27 "-" "-"
20.63.96.50 - - [02/Mar/2026:22:08:24 +0800] "GET /ppxhp.php HTTP/1.1" 404 27 "-" "-"
20.63.96.50 - - [02/Mar/2026:22:08:24 +0800] "GET /fs7.php HTTP/1.1" 404 27 "-" "-"
20.63.96.50 - - [02/Mar/2026:22:08:24 +0800] "GET /an7.php HTTP/1.1" 404 27 "-" "-"
20.63.96.50 - - [02/Mar/2026:22:08:25 +0800] "GET /yclby.php HTTP/1.1" 404 27 "-" "-"
20.63.96.50 - - [02/Mar/2026:22:08:25 +0800] "GET /100.kb.php HTTP/1.1" 404 27 "-" "-"
20.63.96.50 - - [02/Mar/2026:22:08:26 +0800] "GET /gec.php HTTP/1.1" 404 27 "-" "-"
20.63.96.50 - - [02/Mar/2026:22:08:26 +0800] "GET /zwq13.php HTTP/1.1" 404 27 "-" "-"
20.63.96.50 - - [02/Mar/2026:22:08:26 +0800] "GET /wqqs.php HTTP/1.1" 404 27 "-" "-"
20.63.96.50 - - [02/Mar/2026:22:08:27 +0800] "GET /wp_wlx.php HTTP/1.1" 404 27 "-" "-"
20.63.96.50 - - [02/Mar/2026:22:08:27 +0800] "GET /trx24.php HTTP/1.1" 404 27 "-" "-"
20.63.96.50 - - [02/Mar/2026:22:08:28 +0800] "GET /x123x.php HTTP/1.1" 404 27 "-" "-"
20.63.96.50 - - [02/Mar/2026:22:08:28 +0800] "GET /nc4.php HTTP/1.1" 404 27 "-" "-"
14.108.234.2 - - [02/Mar/2026:22:08:29 +0800] "POST /wp-admin/admin-ajax.php HTTP/1.1" 200 78 "http://cqqizhou.com/wp-admin/edit.php?post_type=page" "Mozilla/5.0 (Windows NT 10.0; Win64; x64) AppleWebKit/537.36 (KHTML, like Gecko) Chrome/144.0.0.0 Safari/537.36 Edg/144.0.0.0"
20.63.96.50 - - [02/Mar/2026:22:08:29 +0800] "GET /Ov-Simple1.php HTTP/1.1" 404 27 "-" "-"
20.63.96.50 - - [02/Mar/2026:22:08:29 +0800] "GET /wp-admin/maint/bal.php HTTP/1.1" 404 27 "-" "-"
20.63.96.50 - - [02/Mar/2026:22:08:29 +0800] "GET /xex.php HTTP/1.1" 404 27 "-" "-"
20.63.96.50 - - [02/Mar/2026:22:08:30 +0800] "GET /wp-file.php HTTP/1.1" 404 27 "-" "-"
20.63.96.50 - - [02/Mar/2026:22:08:30 +0800] "GET /wdf.php HTTP/1.1" 404 27 "-" "-"
