14.108.234.2 - - [02/Mar/2026:22:24:12 +0800] "POST /wp-admin/admin-ajax.php HTTP/1.1" 200 107 "http://cqqizhou.com/wp-admin/post.php?post=2512&action=elementor" "Mozilla/5.0 (Windows NT 10.0; Win64; x64) AppleWebKit/537.36 (KHTML, like Gecko) Chrome/144.0.0.0 Safari/537.36 Edg/144.0.0.0"
14.108.234.2 - - [02/Mar/2026:22:24:27 +0800] "POST /wp-admin/admin-ajax.php HTTP/1.1" 200 107 "http://cqqizhou.com/wp-admin/post.php?post=2512&action=elementor" "Mozilla/5.0 (Windows NT 10.0; Win64; x64) AppleWebKit/537.36 (KHTML, like Gecko) Chrome/144.0.0.0 Safari/537.36 Edg/144.0.0.0"
14.108.234.2 - - [02/Mar/2026:22:24:42 +0800] "POST /wp-admin/admin-ajax.php HTTP/1.1" 200 107 "http://cqqizhou.com/wp-admin/post.php?post=2512&action=elementor" "Mozilla/5.0 (Windows NT 10.0; Win64; x64) AppleWebKit/537.36 (KHTML, like Gecko) Chrome/144.0.0.0 Safari/537.36 Edg/144.0.0.0"
14.108.234.2 - - [02/Mar/2026:22:24:57 +0800] "POST /wp-admin/admin-ajax.php HTTP/1.1" 200 107 "http://cqqizhou.com/wp-admin/post.php?post=2512&action=elementor" "Mozilla/5.0 (Windows NT 10.0; Win64; x64) AppleWebKit/537.36 (KHTML, like Gecko) Chrome/144.0.0.0 Safari/537.36 Edg/144.0.0.0"
36.133.115.36 - - [02/Mar/2026:22:25:12 +0800] "POST /wp-cron.php?doing_wp_cron=1772461512.4473869800567626953125 HTTP/1.1" 200 31 "-" "WordPress/6.9; http://cqqizhou.com"
14.108.234.2 - - [02/Mar/2026:22:25:12 +0800] "POST /wp-admin/admin-ajax.php HTTP/1.1" 200 107 "http://cqqizhou.com/wp-admin/post.php?post=2512&action=elementor" "Mozilla/5.0 (Windows NT 10.0; Win64; x64) AppleWebKit/537.36 (KHTML, like Gecko) Chrome/144.0.0.0 Safari/537.36 Edg/144.0.0.0"
14.108.234.2 - - [02/Mar/2026:22:25:27 +0800] "POST /wp-admin/admin-ajax.php HTTP/1.1" 200 107 "http://cqqizhou.com/wp-admin/post.php?post=2512&action=elementor" "Mozilla/5.0 (Windows NT 10.0; Win64; x64) AppleWebKit/537.36 (KHTML, like Gecko) Chrome/144.0.0.0 Safari/537.36 Edg/144.0.0.0"
14.108.234.2 - - [02/Mar/2026:22:25:42 +0800] "POST /wp-admin/admin-ajax.php HTTP/1.1" 200 78 "http://cqqizhou.com/wp-admin/edit.php?post_type=page" "Mozilla/5.0 (Windows NT 10.0; Win64; x64) AppleWebKit/537.36 (KHTML, like Gecko) Chrome/144.0.0.0 Safari/537.36 Edg/144.0.0.0"
14.108.234.2 - - [02/Mar/2026:22:25:42 +0800] "POST /wp-admin/admin-ajax.php HTTP/1.1" 200 107 "http://cqqizhou.com/wp-admin/post.php?post=2512&action=elementor" "Mozilla/5.0 (Windows NT 10.0; Win64; x64) AppleWebKit/537.36 (KHTML, like Gecko) Chrome/144.0.0.0 Safari/537.36 Edg/144.0.0.0"
14.108.234.2 - - [02/Mar/2026:22:25:57 +0800] "POST /wp-admin/admin-ajax.php HTTP/1.1" 200 107 "http://cqqizhou.com/wp-admin/post.php?post=2512&action=elementor" "Mozilla/5.0 (Windows NT 10.0; Win64; x64) AppleWebKit/537.36 (KHTML, like Gecko) Chrome/144.0.0.0 Safari/537.36 Edg/144.0.0.0"
204.76.203.18 - - [02/Mar/2026:22:26:07 +0800] "GET /bin/ HTTP/1.1" 301 5 "-" "-"
36.133.115.36 - - [02/Mar/2026:22:26:11 +0800] "POST /wp-cron.php?doing_wp_cron=1772461571.6635150909423828125000 HTTP/1.1" 200 31 "-" "WordPress/6.9; http://cqqizhou.com"
204.76.203.18 - - [02/Mar/2026:22:26:11 +0800] "GET /bin/ HTTP/1.1" 301 5 "-" "-"
14.108.234.2 - - [02/Mar/2026:22:26:12 +0800] "POST /wp-admin/admin-ajax.php HTTP/1.1" 200 107 "http://cqqizhou.com/wp-admin/post.php?post=2512&action=elementor" "Mozilla/5.0 (Windows NT 10.0; Win64; x64) AppleWebKit/537.36 (KHTML, like Gecko) Chrome/144.0.0.0 Safari/537.36 Edg/144.0.0.0"
204.76.203.18 - - [02/Mar/2026:22:26:14 +0800] "GET /bin/ HTTP/1.1" 301 5 "-" "-"
204.76.203.18 - - [02/Mar/2026:22:26:17 +0800] "GET /bin/ HTTP/1.1" 301 5 "-" "-"
204.76.203.18 - - [02/Mar/2026:22:26:20 +0800] "GET /bin/ HTTP/1.1" 301 5 "-" "-"
14.108.234.2 - - [02/Mar/2026:22:26:27 +0800] "POST /wp-admin/admin-ajax.php HTTP/1.1" 200 107 "http://cqqizhou.com/wp-admin/post.php?post=2512&action=elementor" "Mozilla/5.0 (Windows NT 10.0; Win64; x64) AppleWebKit/537.36 (KHTML, like Gecko) Chrome/144.0.0.0 Safari/537.36 Edg/144.0.0.0"
14.108.234.2 - - [02/Mar/2026:22:26:42 +0800] "POST /wp-admin/admin-ajax.php HTTP/1.1" 200 107 "http://cqqizhou.com/wp-admin/post.php?post=2512&action=elementor" "Mozilla/5.0 (Windows NT 10.0; Win64; x64) AppleWebKit/537.36 (KHTML, like Gecko) Chrome/144.0.0.0 Safari/537.36 Edg/144.0.0.0"
14.108.234.2 - - [02/Mar/2026:22:26:57 +0800] "POST /wp-admin/admin-ajax.php HTTP/1.1" 200 107 "http://cqqizhou.com/wp-admin/post.php?post=2512&action=elementor" "Mozilla/5.0 (Windows NT 10.0; Win64; x64) AppleWebKit/537.36 (KHTML, like Gecko) Chrome/144.0.0.0 Safari/537.36 Edg/144.0.0.0"
36.133.115.36 - - [02/Mar/2026:22:27:12 +0800] "POST /wp-cron.php?doing_wp_cron=1772461632.5411310195922851562500 HTTP/1.1" 200 31 "-" "WordPress/6.9; http://cqqizhou.com"
14.108.234.2 - - [02/Mar/2026:22:27:12 +0800] "POST /wp-admin/admin-ajax.php HTTP/1.1" 200 107 "http://cqqizhou.com/wp-admin/post.php?post=2512&action=elementor" "Mozilla/5.0 (Windows NT 10.0; Win64; x64) AppleWebKit/537.36 (KHTML, like Gecko) Chrome/144.0.0.0 Safari/537.36 Edg/144.0.0.0"
14.108.234.2 - - [02/Mar/2026:22:27:27 +0800] "POST /wp-admin/admin-ajax.php HTTP/1.1" 200 107 "http://cqqizhou.com/wp-admin/post.php?post=2512&action=elementor" "Mozilla/5.0 (Windows NT 10.0; Win64; x64) AppleWebKit/537.36 (KHTML, like Gecko) Chrome/144.0.0.0 Safari/537.36 Edg/144.0.0.0"
14.108.234.2 - - [02/Mar/2026:22:27:42 +0800] "POST /wp-admin/admin-ajax.php HTTP/1.1" 200 107 "http://cqqizhou.com/wp-admin/post.php?post=2512&action=elementor" "Mozilla/5.0 (Windows NT 10.0; Win64; x64) AppleWebKit/537.36 (KHTML, like Gecko) Chrome/144.0.0.0 Safari/537.36 Edg/144.0.0.0"
14.108.234.2 - - [02/Mar/2026:22:27:57 +0800] "POST /wp-admin/admin-ajax.php HTTP/1.1" 200 107 "http://cqqizhou.com/wp-admin/post.php?post=2512&action=elementor" "Mozilla/5.0 (Windows NT 10.0; Win64; x64) AppleWebKit/537.36 (KHTML, like Gecko) Chrome/144.0.0.0 Safari/537.36 Edg/144.0.0.0"
36.133.115.36 - - [02/Mar/2026:22:28:12 +0800] "POST /wp-cron.php?doing_wp_cron=1772461692.5024650096893310546875 HTTP/1.1" 200 31 "-" "WordPress/6.9; http://cqqizhou.com"
14.108.234.2 - - [02/Mar/2026:22:28:12 +0800] "POST /wp-admin/admin-ajax.php HTTP/1.1" 200 107 "http://cqqizhou.com/wp-admin/post.php?post=2512&action=elementor" "Mozilla/5.0 (Windows NT 10.0; Win64; x64) AppleWebKit/537.36 (KHTML, like Gecko) Chrome/144.0.0.0 Safari/537.36 Edg/144.0.0.0"
14.108.234.2 - - [02/Mar/2026:22:28:27 +0800] "POST /wp-admin/admin-ajax.php HTTP/1.1" 200 107 "http://cqqizhou.com/wp-admin/post.php?post=2512&action=elementor" "Mozilla/5.0 (Windows NT 10.0; Win64; x64) AppleWebKit/537.36 (KHTML, like Gecko) Chrome/144.0.0.0 Safari/537.36 Edg/144.0.0.0"
14.108.234.2 - - [02/Mar/2026:22:28:42 +0800] "POST /wp-admin/admin-ajax.php HTTP/1.1" 200 107 "http://cqqizhou.com/wp-admin/post.php?post=2512&action=elementor" "Mozilla/5.0 (Windows NT 10.0; Win64; x64) AppleWebKit/537.36 (KHTML, like Gecko) Chrome/144.0.0.0 Safari/537.36 Edg/144.0.0.0"
14.108.234.2 - - [02/Mar/2026:22:28:57 +0800] "POST /wp-admin/admin-ajax.php HTTP/1.1" 200 107 "http://cqqizhou.com/wp-admin/post.php?post=2512&action=elementor" "Mozilla/5.0 (Windows NT 10.0; Win64; x64) AppleWebKit/537.36 (KHTML, like Gecko) Chrome/144.0.0.0 Safari/537.36 Edg/144.0.0.0"
36.133.115.36 - - [02/Mar/2026:22:29:12 +0800] "POST /wp-cron.php?doing_wp_cron=1772461752.5604639053344726562500 HTTP/1.1" 200 31 "-" "WordPress/6.9; http://cqqizhou.com"
14.108.234.2 - - [02/Mar/2026:22:29:12 +0800] "POST /wp-admin/admin-ajax.php HTTP/1.1" 200 107 "http://cqqizhou.com/wp-admin/post.php?post=2512&action=elementor" "Mozilla/5.0 (Windows NT 10.0; Win64; x64) AppleWebKit/537.36 (KHTML, like Gecko) Chrome/144.0.0.0 Safari/537.36 Edg/144.0.0.0"
14.108.234.2 - - [02/Mar/2026:22:29:27 +0800] "POST /wp-admin/admin-ajax.php HTTP/1.1" 200 107 "http://cqqizhou.com/wp-admin/post.php?post=2512&action=elementor" "Mozilla/5.0 (Windows NT 10.0; Win64; x64) AppleWebKit/537.36 (KHTML, like Gecko) Chrome/144.0.0.0 Safari/537.36 Edg/144.0.0.0"
14.108.234.2 - - [02/Mar/2026:22:29:42 +0800] "POST /wp-admin/admin-ajax.php HTTP/1.1" 200 107 "http://cqqizhou.com/wp-admin/post.php?post=2512&action=elementor" "Mozilla/5.0 (Windows NT 10.0; Win64; x64) AppleWebKit/537.36 (KHTML, like Gecko) Chrome/144.0.0.0 Safari/537.36 Edg/144.0.0.0"
14.108.234.2 - - [02/Mar/2026:22:29:57 +0800] "POST /wp-admin/admin-ajax.php HTTP/1.1" 200 107 "http://cqqizhou.com/wp-admin/post.php?post=2512&action=elementor" "Mozilla/5.0 (Windows NT 10.0; Win64; x64) AppleWebKit/537.36 (KHTML, like Gecko) Chrome/144.0.0.0 Safari/537.36 Edg/144.0.0.0"
36.133.115.36 - - [02/Mar/2026:22:30:12 +0800] "POST /wp-cron.php?doing_wp_cron=1772461812.6169910430908203125000 HTTP/1.1" 200 31 "-" "WordPress/6.9; http://cqqizhou.com"
14.108.234.2 - - [02/Mar/2026:22:30:12 +0800] "POST /wp-admin/admin-ajax.php HTTP/1.1" 200 107 "http://cqqizhou.com/wp-admin/post.php?post=2512&action=elementor" "Mozilla/5.0 (Windows NT 10.0; Win64; x64) AppleWebKit/537.36 (KHTML, like Gecko) Chrome/144.0.0.0 Safari/537.36 Edg/144.0.0.0"
14.108.234.2 - - [02/Mar/2026:22:30:27 +0800] "POST /wp-admin/admin-ajax.php HTTP/1.1" 200 107 "http://cqqizhou.com/wp-admin/post.php?post=2512&action=elementor" "Mozilla/5.0 (Windows NT 10.0; Win64; x64) AppleWebKit/537.36 (KHTML, like Gecko) Chrome/144.0.0.0 Safari/537.36 Edg/144.0.0.0"
14.108.234.2 - - [02/Mar/2026:22:30:44 +0800] "POST /wp-admin/admin-ajax.php HTTP/1.1" 200 107 "http://cqqizhou.com/wp-admin/post.php?post=2512&action=elementor" "Mozilla/5.0 (Windows NT 10.0; Win64; x64) AppleWebKit/537.36 (KHTML, like Gecko) Chrome/144.0.0.0 Safari/537.36 Edg/144.0.0.0"
14.108.234.2 - - [02/Mar/2026:22:31:00 +0800] "POST /wp-admin/admin-ajax.php HTTP/1.1" 200 107 "http://cqqizhou.com/wp-admin/post.php?post=2512&action=elementor" "Mozilla/5.0 (Windows NT 10.0; Win64; x64) AppleWebKit/537.36 (KHTML, like Gecko) Chrome/144.0.0.0 Safari/537.36 Edg/144.0.0.0"
36.133.115.36 - - [02/Mar/2026:22:33:01 +0800] "POST /wp-cron.php?doing_wp_cron=1772461981.1407349109649658203125 HTTP/1.1" 200 31 "-" "WordPress/6.9; http://cqqizhou.com"
14.108.234.2 - - [02/Mar/2026:22:33:01 +0800] "POST /wp-admin/admin-ajax.php HTTP/1.1" 200 107 "http://cqqizhou.com/wp-admin/post.php?post=2512&action=elementor" "Mozilla/5.0 (Windows NT 10.0; Win64; x64) AppleWebKit/537.36 (KHTML, like Gecko) Chrome/144.0.0.0 Safari/537.36 Edg/144.0.0.0"
36.133.115.36 - - [02/Mar/2026:22:33:47 +0800] "POST /wp-cron.php?doing_wp_cron=1772462027.5869119167327880859375 HTTP/1.1" 200 31 "-" "WordPress/6.9; http://cqqizhou.com"
157.55.39.197 - - [02/Mar/2026:22:33:47 +0800] "GET /news/2155 HTTP/1.1" 200 29121 "-" "Mozilla/5.0 AppleWebKit/537.36 (KHTML, like Gecko; compatible; bingbot/2.0; +http://www.bing.com/bingbot.htm) Chrome/116.0.1938.76 Safari/537.36"
36.133.115.36 - - [02/Mar/2026:22:35:02 +0800] "POST /wp-cron.php?doing_wp_cron=1772462102.1470239162445068359375 HTTP/1.1" 200 31 "-" "WordPress/6.9; http://cqqizhou.com"
14.108.234.2 - - [02/Mar/2026:22:35:02 +0800] "POST /wp-admin/admin-ajax.php HTTP/1.1" 200 107 "http://cqqizhou.com/wp-admin/post.php?post=2512&action=elementor" "Mozilla/5.0 (Windows NT 10.0; Win64; x64) AppleWebKit/537.36 (KHTML, like Gecko) Chrome/144.0.0.0 Safari/537.36 Edg/144.0.0.0"
36.133.115.36 - - [02/Mar/2026:22:36:15 +0800] "POST /wp-cron.php?doing_wp_cron=1772462175.9040338993072509765625 HTTP/1.1" 200 31 "-" "WordPress/6.9; http://cqqizhou.com"
51.161.65.19 - - [02/Mar/2026:22:36:15 +0800] "GET /news/portfolio-category/pickled-coil HTTP/1.1" 200 21124 "-" "Mozilla/5.0 (compatible; AhrefsBot/7.0; +http://ahrefs.com/robot/)"
14.108.234.2 - - [02/Mar/2026:22:37:03 +0800] "POST /wp-admin/admin-ajax.php HTTP/1.1" 200 107 "http://cqqizhou.com/wp-admin/post.php?post=2512&action=elementor" "Mozilla/5.0 (Windows NT 10.0; Win64; x64) AppleWebKit/537.36 (KHTML, like Gecko) Chrome/144.0.0.0 Safari/537.36 Edg/144.0.0.0"
36.133.115.36 - - [02/Mar/2026:22:39:04 +0800] "POST /wp-cron.php?doing_wp_cron=1772462344.1494400501251220703125 HTTP/1.1" 200 31 "-" "WordPress/6.9; http://cqqizhou.com"
14.108.234.2 - - [02/Mar/2026:22:39:04 +0800] "POST /wp-admin/admin-ajax.php HTTP/1.1" 200 107 "http://cqqizhou.com/wp-admin/post.php?post=2512&action=elementor" "Mozilla/5.0 (Windows NT 10.0; Win64; x64) AppleWebKit/537.36 (KHTML, like Gecko) Chrome/144.0.0.0 Safari/537.36 Edg/144.0.0.0"
36.133.115.36 - - [02/Mar/2026:22:39:51 +0800] "POST /wp-cron.php?doing_wp_cron=1772462391.6390140056610107421875 HTTP/1.1" 200 31 "-" "WordPress/6.9; http://cqqizhou.com"
54.167.26.30 - - [02/Mar/2026:22:39:51 +0800] "GET / HTTP/1.1" 301 5 "-" "Mozilla/5.0 (Windows NT 10.0; Win64; x64) AppleWebKit/537.36 (KHTML, like Gecko) Chrome/136.0.0.0 Safari/537.36"
43.165.69.68 - - [02/Mar/2026:22:40:06 +0800] "GET / HTTP/1.1" 301 5 "-" "Mozilla/5.0 (iPhone; CPU iPhone OS 13_2_3 like Mac OS X) AppleWebKit/605.1.15 (KHTML, like Gecko) Version/13.0.3 Mobile/15E148 Safari/604.1"
36.133.115.36 - - [02/Mar/2026:22:40:09 +0800] "POST /wp-cron.php?doing_wp_cron=1772462409.8237090110778808593750 HTTP/1.1" 200 31 "-" "WordPress/6.9; http://cqqizhou.com"
43.165.69.68 - - [02/Mar/2026:22:40:09 +0800] "GET / HTTP/1.1" 200 34764 "http://www.cqqizhou.com" "Mozilla/5.0 (iPhone; CPU iPhone OS 13_2_3 like Mac OS X) AppleWebKit/605.1.15 (KHTML, like Gecko) Version/13.0.3 Mobile/15E148 Safari/604.1"
14.108.234.2 - - [02/Mar/2026:22:41:05 +0800] "POST /wp-admin/admin-ajax.php HTTP/1.1" 200 105 "http://cqqizhou.com/wp-admin/post.php?post=2512&action=elementor" "Mozilla/5.0 (Windows NT 10.0; Win64; x64) AppleWebKit/537.36 (KHTML, like Gecko) Chrome/144.0.0.0 Safari/537.36 Edg/144.0.0.0"
36.133.115.36 - - [02/Mar/2026:22:43:06 +0800] "POST /wp-cron.php?doing_wp_cron=1772462586.0933520793914794921875 HTTP/1.1" 200 31 "-" "WordPress/6.9; http://cqqizhou.com"
14.108.234.2 - - [02/Mar/2026:22:43:06 +0800] "POST /wp-admin/admin-ajax.php HTTP/1.1" 200 107 "http://cqqizhou.com/wp-admin/post.php?post=2512&action=elementor" "Mozilla/5.0 (Windows NT 10.0; Win64; x64) AppleWebKit/537.36 (KHTML, like Gecko) Chrome/144.0.0.0 Safari/537.36 Edg/144.0.0.0"
36.133.115.36 - - [02/Mar/2026:22:45:07 +0800] "POST /wp-cron.php?doing_wp_cron=1772462707.1451139450073242187500 HTTP/1.1" 200 31 "-" "WordPress/6.9; http://cqqizhou.com"
14.108.234.2 - - [02/Mar/2026:22:45:07 +0800] "POST /wp-admin/admin-ajax.php HTTP/1.1" 200 107 "http://cqqizhou.com/wp-admin/post.php?post=2512&action=elementor" "Mozilla/5.0 (Windows NT 10.0; Win64; x64) AppleWebKit/537.36 (KHTML, like Gecko) Chrome/144.0.0.0 Safari/537.36 Edg/144.0.0.0"
36.133.115.36 - - [02/Mar/2026:22:47:08 +0800] "POST /wp-cron.php?doing_wp_cron=1772462828.1125719547271728515625 HTTP/1.1" 200 31 "-" "WordPress/6.9; http://cqqizhou.com"
14.108.234.2 - - [02/Mar/2026:22:47:08 +0800] "POST /wp-admin/admin-ajax.php HTTP/1.1" 200 107 "http://cqqizhou.com/wp-admin/post.php?post=2512&action=elementor" "Mozilla/5.0 (Windows NT 10.0; Win64; x64) AppleWebKit/537.36 (KHTML, like Gecko) Chrome/144.0.0.0 Safari/537.36 Edg/144.0.0.0"
36.133.115.36 - - [02/Mar/2026:22:49:09 +0800] "POST /wp-cron.php?doing_wp_cron=1772462949.1062180995941162109375 HTTP/1.1" 200 31 "-" "WordPress/6.9; http://cqqizhou.com"
14.108.234.2 - - [02/Mar/2026:22:49:09 +0800] "POST /wp-admin/admin-ajax.php HTTP/1.1" 200 107 "http://cqqizhou.com/wp-admin/post.php?post=2512&action=elementor" "Mozilla/5.0 (Windows NT 10.0; Win64; x64) AppleWebKit/537.36 (KHTML, like Gecko) Chrome/144.0.0.0 Safari/537.36 Edg/144.0.0.0"
36.133.115.36 - - [02/Mar/2026:22:51:10 +0800] "POST /wp-cron.php?doing_wp_cron=1772463070.1140000820159912109375 HTTP/1.1" 200 31 "-" "WordPress/6.9; http://cqqizhou.com"
14.108.234.2 - - [02/Mar/2026:22:51:10 +0800] "POST /wp-admin/admin-ajax.php HTTP/1.1" 200 107 "http://cqqizhou.com/wp-admin/post.php?post=2512&action=elementor" "Mozilla/5.0 (Windows NT 10.0; Win64; x64) AppleWebKit/537.36 (KHTML, like Gecko) Chrome/144.0.0.0 Safari/537.36 Edg/144.0.0.0"
114.119.140.161 - - [02/Mar/2026:22:51:11 +0800] "GET /wp-sitemap.xml HTTP/1.1" 501 253 "-" "Mozilla/5.0 (Linux; Android 7.0;) AppleWebKit/537.36 (KHTML, like Gecko) Mobile Safari/537.36 (compatible; PetalBot;+https://webmaster.petalsearch.com/site/petalbot)"
36.133.115.36 - - [02/Mar/2026:22:53:11 +0800] "POST /wp-cron.php?doing_wp_cron=1772463191.1140570640563964843750 HTTP/1.1" 200 31 "-" "WordPress/6.9; http://cqqizhou.com"
14.108.234.2 - - [02/Mar/2026:22:53:11 +0800] "POST /wp-admin/admin-ajax.php HTTP/1.1" 200 107 "http://cqqizhou.com/wp-admin/post.php?post=2512&action=elementor" "Mozilla/5.0 (Windows NT 10.0; Win64; x64) AppleWebKit/537.36 (KHTML, like Gecko) Chrome/144.0.0.0 Safari/537.36 Edg/144.0.0.0"
36.133.115.36 - - [02/Mar/2026:22:55:12 +0800] "POST /wp-cron.php?doing_wp_cron=1772463312.1492478847503662109375 HTTP/1.1" 200 31 "-" "WordPress/6.9; http://cqqizhou.com"
14.108.234.2 - - [02/Mar/2026:22:55:12 +0800] "POST /wp-admin/admin-ajax.php HTTP/1.1" 200 107 "http://cqqizhou.com/wp-admin/post.php?post=2512&action=elementor" "Mozilla/5.0 (Windows NT 10.0; Win64; x64) AppleWebKit/537.36 (KHTML, like Gecko) Chrome/144.0.0.0 Safari/537.36 Edg/144.0.0.0"
36.133.115.36 - - [02/Mar/2026:22:57:13 +0800] "POST /wp-cron.php?doing_wp_cron=1772463433.1063399314880371093750 HTTP/1.1" 200 31 "-" "WordPress/6.9; http://cqqizhou.com"
14.108.234.2 - - [02/Mar/2026:22:57:13 +0800] "POST /wp-admin/admin-ajax.php HTTP/1.1" 200 107 "http://cqqizhou.com/wp-admin/post.php?post=2512&action=elementor" "Mozilla/5.0 (Windows NT 10.0; Win64; x64) AppleWebKit/537.36 (KHTML, like Gecko) Chrome/144.0.0.0 Safari/537.36 Edg/144.0.0.0"
36.133.115.36 - - [02/Mar/2026:22:59:14 +0800] "POST /wp-cron.php?doing_wp_cron=1772463554.0959670543670654296875 HTTP/1.1" 200 31 "-" "WordPress/6.9; http://cqqizhou.com"
14.108.234.2 - - [02/Mar/2026:22:59:14 +0800] "POST /wp-admin/admin-ajax.php HTTP/1.1" 200 107 "http://cqqizhou.com/wp-admin/post.php?post=2512&action=elementor" "Mozilla/5.0 (Windows NT 10.0; Win64; x64) AppleWebKit/537.36 (KHTML, like Gecko) Chrome/144.0.0.0 Safari/537.36 Edg/144.0.0.0"
14.108.234.2 - - [02/Mar/2026:23:01:11 +0800] "POST /wp-admin/admin-ajax.php HTTP/1.1" 200 107 "http://cqqizhou.com/wp-admin/post.php?post=2512&action=elementor" "Mozilla/5.0 (Windows NT 10.0; Win64; x64) AppleWebKit/537.36 (KHTML, like Gecko) Chrome/144.0.0.0 Safari/537.36 Edg/144.0.0.0"
36.133.115.36 - - [02/Mar/2026:23:01:11 +0800] "POST /wp-cron.php?doing_wp_cron=1772463671.0795629024505615234375 HTTP/1.1" 200 31 "-" "WordPress/6.9; http://cqqizhou.com"
14.108.234.2 - - [02/Mar/2026:23:01:11 +0800] "GET /wp-json/elementor/v1/checklist/user-progress HTTP/1.1" 200 222 "http://cqqizhou.com/wp-admin/post.php?post=2512&action=elementor" "Mozilla/5.0 (Windows NT 10.0; Win64; x64) AppleWebKit/537.36 (KHTML, like Gecko) Chrome/144.0.0.0 Safari/537.36 Edg/144.0.0.0"
14.108.234.2 - - [02/Mar/2026:23:01:26 +0800] "POST /wp-admin/admin-ajax.php HTTP/1.1" 200 107 "http://cqqizhou.com/wp-admin/post.php?post=2512&action=elementor" "Mozilla/5.0 (Windows NT 10.0; Win64; x64) AppleWebKit/537.36 (KHTML, like Gecko) Chrome/144.0.0.0 Safari/537.36 Edg/144.0.0.0"
14.108.234.2 - - [02/Mar/2026:23:01:26 +0800] "POST /wp-admin/admin-ajax.php HTTP/1.1" 200 10831 "http://cqqizhou.com/wp-admin/post.php?post=2512&action=elementor" "Mozilla/5.0 (Windows NT 10.0; Win64; x64) AppleWebKit/537.36 (KHTML, like Gecko) Chrome/144.0.0.0 Safari/537.36 Edg/144.0.0.0"
14.108.234.2 - - [02/Mar/2026:23:01:26 +0800] "POST /wp-admin/admin-ajax.php HTTP/1.1" 200 10831 "http://cqqizhou.com/wp-admin/post.php?post=2512&action=elementor" "Mozilla/5.0 (Windows NT 10.0; Win64; x64) AppleWebKit/537.36 (KHTML, like Gecko) Chrome/144.0.0.0 Safari/537.36 Edg/144.0.0.0"
14.108.234.2 - - [02/Mar/2026:23:01:27 +0800] "GET /wp-content/uploads/2026/02/1772086673-20262262Article_images_W900px-300x138.webp HTTP/1.1" 200 11820 "http://cqqizhou.com/wp-admin/post.php?post=2512&action=elementor" "Mozilla/5.0 (Windows NT 10.0; Win64; x64) AppleWebKit/537.36 (KHTML, like Gecko) Chrome/144.0.0.0 Safari/537.36 Edg/144.0.0.0"
14.108.234.2 - - [02/Mar/2026:23:01:27 +0800] "GET /wp-content/uploads/2026/02/1772086673-20262261Article_images_W900px-300x138.webp HTTP/1.1" 200 12474 "http://cqqizhou.com/wp-admin/post.php?post=2512&action=elementor" "Mozilla/5.0 (Windows NT 10.0; Win64; x64) AppleWebKit/537.36 (KHTML, like Gecko) Chrome/144.0.0.0 Safari/537.36 Edg/144.0.0.0"
14.108.234.2 - - [02/Mar/2026:23:01:27 +0800] "GET /wp-content/uploads/2026/02/1772086672-%E5%BC%80%E5%B7%A5%E5%A4%A7%E5%90%89%E5%B0%81%E9%9D%A2%E5%A4%B4%E5%9B%BEArticle_images_W900%C3%97500px-300x167.webp HTTP/1.1" 200 21246 "http://cqqizhou.com/wp-admin/post.php?post=2512&action=elementor" "Mozilla/5.0 (Windows NT 10.0; Win64; x64) AppleWebKit/537.36 (KHTML, like Gecko) Chrome/144.0.0.0 Safari/537.36 Edg/144.0.0.0"
14.108.234.2 - - [02/Mar/2026:23:01:27 +0800] "GET /wp-content/uploads/2026/02/1772086671-20262263Article_images_W900px-300x126.webp HTTP/1.1" 200 12820 "http://cqqizhou.com/wp-admin/post.php?post=2512&action=elementor" "Mozilla/5.0 (Windows NT 10.0; Win64; x64) AppleWebKit/537.36 (KHTML, like Gecko) Chrome/144.0.0.0 Safari/537.36 Edg/144.0.0.0"
14.108.234.2 - - [02/Mar/2026:23:01:27 +0800] "GET /wp-content/uploads/2026/02/1770617977-Article_images_W900px-300x225.webp HTTP/1.1" 200 13296 "http://cqqizhou.com/wp-admin/post.php?post=2512&action=elementor" "Mozilla/5.0 (Windows NT 10.0; Win64; x64) AppleWebKit/537.36 (KHTML, like Gecko) Chrome/144.0.0.0 Safari/537.36 Edg/144.0.0.0"
14.108.234.2 - - [02/Mar/2026:23:01:27 +0800] "GET /wp-content/uploads/2026/02/1770617948-Article_images_W900%C3%97500px-300x169.webp HTTP/1.1" 200 12198 "http://cqqizhou.com/wp-admin/post.php?post=2512&action=elementor" "Mozilla/5.0 (Windows NT 10.0; Win64; x64) AppleWebKit/537.36 (KHTML, like Gecko) Chrome/144.0.0.0 Safari/537.36 Edg/144.0.0.0"
14.108.234.2 - - [02/Mar/2026:23:01:27 +0800] "GET /wp-content/uploads/2026/01/1770349139-202624Article_images_W900%C3%97500px20260--300x167.webp HTTP/1.1" 200 14928 "http://cqqizhou.com/wp-admin/post.php?post=2512&action=elementor" "Mozilla/5.0 (Windows NT 10.0; Win64; x64) AppleWebKit/537.36 (KHTML, like Gecko) Chrome/144.0.0.0 Safari/537.36 Edg/144.0.0.0"
14.108.234.2 - - [02/Mar/2026:23:01:27 +0800] "GET /wp-content/uploads/2026/02/1770617354-Article_images_W900px-300x187.webp HTTP/1.1" 200 5306 "http://cqqizhou.com/wp-admin/post.php?post=2512&action=elementor" "Mozilla/5.0 (Windows NT 10.0; Win64; x64) AppleWebKit/537.36 (KHTML, like Gecko) Chrome/144.0.0.0 Safari/537.36 Edg/144.0.0.0"
14.108.234.2 - - [02/Mar/2026:23:01:27 +0800] "GET /wp-content/uploads/2026/02/1770341655-Article_images_W900px-300x225.webp HTTP/1.1" 200 18232 "http://cqqizhou.com/wp-admin/post.php?post=2512&action=elementor" "Mozilla/5.0 (Windows NT 10.0; Win64; x64) AppleWebKit/537.36 (KHTML, like Gecko) Chrome/144.0.0.0 Safari/537.36 Edg/144.0.0.0"
14.108.234.2 - - [02/Mar/2026:23:01:27 +0800] "GET /wp-content/uploads/2026/02/1770341654-2026253Article_images_W900px-300x169.webp HTTP/1.1" 200 17160 "http://cqqizhou.com/wp-admin/post.php?post=2512&action=elementor" "Mozilla/5.0 (Windows NT 10.0; Win64; x64) AppleWebKit/537.36 (KHTML, like Gecko) Chrome/144.0.0.0 Safari/537.36 Edg/144.0.0.0"
14.108.234.2 - - [02/Mar/2026:23:01:27 +0800] "GET /wp-content/uploads/2026/02/1770341653-2026252Article_images_W900px-300x169.webp HTTP/1.1" 200 19370 "http://cqqizhou.com/wp-admin/post.php?post=2512&action=elementor" "Mozilla/5.0 (Windows NT 10.0; Win64; x64) AppleWebKit/537.36 (KHTML, like Gecko) Chrome/144.0.0.0 Safari/537.36 Edg/144.0.0.0"
14.108.234.2 - - [02/Mar/2026:23:01:27 +0800] "GET /wp-content/uploads/2026/02/1770341652-2026251Article_images_W900%C3%97500px-300x167.webp HTTP/1.1" 200 11374 "http://cqqizhou.com/wp-admin/post.php?post=2512&action=elementor" "Mozilla/5.0 (Windows NT 10.0; Win64; x64) AppleWebKit/537.36 (KHTML, like Gecko) Chrome/144.0.0.0 Safari/537.36 Edg/144.0.0.0"
14.108.234.2 - - [02/Mar/2026:23:01:27 +0800] "GET /wp-content/uploads/2026/02/1769999335-17.5%E7%B1%B3%E5%B9%B3%E6%9D%BF%E8%B4%A7%E8%BD%A6-300x200.webp HTTP/1.1" 200 14410 "http://cqqizhou.com/wp-admin/post.php?post=2512&action=elementor" "Mozilla/5.0 (Windows NT 10.0; Win64; x64) AppleWebKit/537.36 (KHTML, like Gecko) Chrome/144.0.0.0 Safari/537.36 Edg/144.0.0.0"
14.108.234.2 - - [02/Mar/2026:23:01:27 +0800] "GET /wp-content/uploads/2026/02/1770009968-9.6%E7%B1%B3%E4%BD%8E%E6%A0%8F%E5%B9%B3%E6%9D%BF%E8%B4%A7%E8%BD%A6-300x200.webp HTTP/1.1" 200 15558 "http://cqqizhou.com/wp-admin/post.php?post=2512&action=elementor" "Mozilla/5.0 (Windows NT 10.0; Win64; x64) AppleWebKit/537.36 (KHTML, like Gecko) Chrome/144.0.0.0 Safari/537.36 Edg/144.0.0.0"
14.108.234.2 - - [02/Mar/2026:23:01:27 +0800] "GET /wp-content/uploads/2026/01/1769513871-Article_images_W900%C3%97500px202601273-300x225.webp HTTP/1.1" 200 18570 "http://cqqizhou.com/wp-admin/post.php?post=2512&action=elementor" "Mozilla/5.0 (Windows NT 10.0; Win64; x64) AppleWebKit/537.36 (KHTML, like Gecko) Chrome/144.0.0.0 Safari/537.36 Edg/144.0.0.0"
14.108.234.2 - - [02/Mar/2026:23:01:27 +0800] "GET /wp-content/uploads/2026/02/1769999241-4.2%E7%B1%B3%E9%AB%98%E6%A0%8F%E8%B4%A7%E8%BD%A6-300x169.webp HTTP/1.1" 200 12930 "http://cqqizhou.com/wp-admin/post.php?post=2512&action=elementor" "Mozilla/5.0 (Windows NT 10.0; Win64; x64) AppleWebKit/537.36 (KHTML, like Gecko) Chrome/144.0.0.0 Safari/537.36 Edg/144.0.0.0"
14.108.234.2 - - [02/Mar/2026:23:01:27 +0800] "GET /wp-content/uploads/2026/01/1768527485-Article_images_W900%C3%97500px202601164-300x167.webp HTTP/1.1" 200 12032 "http://cqqizhou.com/wp-admin/post.php?post=2512&action=elementor" "Mozilla/5.0 (Windows NT 10.0; Win64; x64) AppleWebKit/537.36 (KHTML, like Gecko) Chrome/144.0.0.0 Safari/537.36 Edg/144.0.0.0"
14.108.234.2 - - [02/Mar/2026:23:01:27 +0800] "GET /wp-content/uploads/2026/01/1768527486-Article_images_W900%C3%97500px202601165-300x167.webp HTTP/1.1" 200 7480 "http://cqqizhou.com/wp-admin/post.php?post=2512&action=elementor" "Mozilla/5.0 (Windows NT 10.0; Win64; x64) AppleWebKit/537.36 (KHTML, like Gecko) Chrome/144.0.0.0 Safari/537.36 Edg/144.0.0.0"
14.108.234.2 - - [02/Mar/2026:23:01:27 +0800] "GET /wp-content/uploads/2026/01/1769511379-Article_images_W900%C3%97500px202601271-300x225.webp HTTP/1.1" 200 17756 "http://cqqizhou.com/wp-admin/post.php?post=2512&action=elementor" "Mozilla/5.0 (Windows NT 10.0; Win64; x64) AppleWebKit/537.36 (KHTML, like Gecko) Chrome/144.0.0.0 Safari/537.36 Edg/144.0.0.0"
14.108.234.2 - - [02/Mar/2026:23:01:27 +0800] "GET /wp-content/uploads/2026/01/1768527484-Article_images_W900%C3%97500px202601163-300x167.webp HTTP/1.1" 200 17578 "http://cqqizhou.com/wp-admin/post.php?post=2512&action=elementor" "Mozilla/5.0 (Windows NT 10.0; Win64; x64) AppleWebKit/537.36 (KHTML, like Gecko) Chrome/144.0.0.0 Safari/537.36 Edg/144.0.0.0"
14.108.234.2 - - [02/Mar/2026:23:01:27 +0800] "GET /wp-content/uploads/2026/01/1768527484-Article_images_W900%C3%97500px202601162-300x167.webp HTTP/1.1" 200 5900 "http://cqqizhou.com/wp-admin/post.php?post=2512&action=elementor" "Mozilla/5.0 (Windows NT 10.0; Win64; x64) AppleWebKit/537.36 (KHTML, like Gecko) Chrome/144.0.0.0 Safari/537.36 Edg/144.0.0.0"
14.108.234.2 - - [02/Mar/2026:23:01:27 +0800] "GET /wp-content/uploads/2026/01/1768527483-Article_images_W900%C3%97500px202601161-300x167.webp HTTP/1.1" 200 9276 "http://cqqizhou.com/wp-admin/post.php?post=2512&action=elementor" "Mozilla/5.0 (Windows NT 10.0; Win64; x64) AppleWebKit/537.36 (KHTML, like Gecko) Chrome/144.0.0.0 Safari/537.36 Edg/144.0.0.0"
14.108.234.2 - - [02/Mar/2026:23:01:27 +0800] "GET /wp-content/uploads/2026/01/1768276119-qizhoujiagong_Slider_3840%C3%972160_20260113-300x169.webp HTTP/1.1" 200 7072 "http://cqqizhou.com/wp-admin/post.php?post=2512&action=elementor" "Mozilla/5.0 (Windows NT 10.0; Win64; x64) AppleWebKit/537.36 (KHTML, like Gecko) Chrome/144.0.0.0 Safari/537.36 Edg/144.0.0.0"
14.108.234.2 - - [02/Mar/2026:23:01:27 +0800] "GET /wp-content/uploads/2026/01/1768280270-anquan_Slider_3840%C3%972160_20260114-300x169.webp HTTP/1.1" 200 10992 "http://cqqizhou.com/wp-admin/post.php?post=2512&action=elementor" "Mozilla/5.0 (Windows NT 10.0; Win64; x64) AppleWebKit/537.36 (KHTML, like Gecko) Chrome/144.0.0.0 Safari/537.36 Edg/144.0.0.0"
14.108.234.2 - - [02/Mar/2026:23:01:27 +0800] "GET /wp-content/uploads/2026/01/1768526063-Services800x500_3-300x188.webp HTTP/1.1" 200 12730 "http://cqqizhou.com/wp-admin/post.php?post=2512&action=elementor" "Mozilla/5.0 (Windows NT 10.0; Win64; x64) AppleWebKit/537.36 (KHTML, like Gecko) Chrome/144.0.0.0 Safari/537.36 Edg/144.0.0.0"
14.108.234.2 - - [02/Mar/2026:23:01:27 +0800] "GET /wp-content/uploads/2026/01/1767696162-qizhoutruck3-300x67.webp HTTP/1.1" 200 7208 "http://cqqizhou.com/wp-admin/post.php?post=2512&action=elementor" "Mozilla/5.0 (Windows NT 10.0; Win64; x64) AppleWebKit/537.36 (KHTML, like Gecko) Chrome/144.0.0.0 Safari/537.36 Edg/144.0.0.0"
14.108.234.2 - - [02/Mar/2026:23:01:27 +0800] "GET /wp-content/uploads/2026/01/1767696142-aojiaqiao20260104-300x188.webp HTTP/1.1" 200 11340 "http://cqqizhou.com/wp-admin/post.php?post=2512&action=elementor" "Mozilla/5.0 (Windows NT 10.0; Win64; x64) AppleWebKit/537.36 (KHTML, like Gecko) Chrome/144.0.0.0 Safari/537.36 Edg/144.0.0.0"
14.108.234.2 - - [02/Mar/2026:23:01:27 +0800] "GET /wp-content/uploads/2026/01/1767691467-Article_images_W900%C3%97500px202601062-300x167.webp HTTP/1.1" 200 12914 "http://cqqizhou.com/wp-admin/post.php?post=2512&action=elementor" "Mozilla/5.0 (Windows NT 10.0; Win64; x64) AppleWebKit/537.36 (KHTML, like Gecko) Chrome/144.0.0.0 Safari/537.36 Edg/144.0.0.0"
14.108.234.2 - - [02/Mar/2026:23:01:27 +0800] "GET /wp-content/uploads/2026/01/1767691466-Article_images_W900%C3%97500px202601061-300x167.webp HTTP/1.1" 200 13164 "http://cqqizhou.com/wp-admin/post.php?post=2512&action=elementor" "Mozilla/5.0 (Windows NT 10.0; Win64; x64) AppleWebKit/537.36 (KHTML, like Gecko) Chrome/144.0.0.0 Safari/537.36 Edg/144.0.0.0"
14.108.234.2 - - [02/Mar/2026:23:01:27 +0800] "GET /wp-content/uploads/2026/01/1767618076-Logistics_BG2508-300x200.webp HTTP/1.1" 200 8510 "http://cqqizhou.com/wp-admin/post.php?post=2512&action=elementor" "Mozilla/5.0 (Windows NT 10.0; Win64; x64) AppleWebKit/537.36 (KHTML, like Gecko) Chrome/144.0.0.0 Safari/537.36 Edg/144.0.0.0"
14.108.234.2 - - [02/Mar/2026:23:01:27 +0800] "GET /wp-content/uploads/2026/01/1767618072-Logistics_BG1920_3-300x200.webp HTTP/1.1" 200 7334 "http://cqqizhou.com/wp-admin/post.php?post=2512&action=elementor" "Mozilla/5.0 (Windows NT 10.0; Win64; x64) AppleWebKit/537.36 (KHTML, like Gecko) Chrome/144.0.0.0 Safari/537.36 Edg/144.0.0.0"
14.108.234.2 - - [02/Mar/2026:23:01:27 +0800] "GET /wp-content/uploads/2026/01/1767530151-qizhoutruck2-300x77.webp HTTP/1.1" 200 8890 "http://cqqizhou.com/wp-admin/post.php?post=2512&action=elementor" "Mozilla/5.0 (Windows NT 10.0; Win64; x64) AppleWebKit/537.36 (KHTML, like Gecko) Chrome/144.0.0.0 Safari/537.36 Edg/144.0.0.0"
14.108.234.2 - - [02/Mar/2026:23:01:27 +0800] "GET /wp-content/uploads/2026/01/1767530133-aojiaqiao20260102-300x187.webp HTTP/1.1" 200 8126 "http://cqqizhou.com/wp-admin/post.php?post=2512&action=elementor" "Mozilla/5.0 (Windows NT 10.0; Win64; x64) AppleWebKit/537.36 (KHTML, like Gecko) Chrome/144.0.0.0 Safari/537.36 Edg/144.0.0.0"
14.108.234.2 - - [02/Mar/2026:23:01:27 +0800] "GET /wp-content/uploads/2025/12/1766647832-Article_images_W900%C3%97500px20251225-300x167.webp HTTP/1.1" 200 14578 "http://cqqizhou.com/wp-admin/post.php?post=2512&action=elementor" "Mozilla/5.0 (Windows NT 10.0; Win64; x64) AppleWebKit/537.36 (KHTML, like Gecko) Chrome/144.0.0.0 Safari/537.36 Edg/144.0.0.0"
14.108.234.2 - - [02/Mar/2026:23:01:27 +0800] "GET /wp-content/uploads/2025/12/1766647831-Article_images_202512254-300x169.webp HTTP/1.1" 200 14354 "http://cqqizhou.com/wp-admin/post.php?post=2512&action=elementor" "Mozilla/5.0 (Windows NT 10.0; Win64; x64) AppleWebKit/537.36 (KHTML, like Gecko) Chrome/144.0.0.0 Safari/537.36 Edg/144.0.0.0"
14.108.234.2 - - [02/Mar/2026:23:01:27 +0800] "GET /wp-content/uploads/2025/12/1766647831-Article_images_202512253-300x169.webp HTTP/1.1" 200 23540 "http://cqqizhou.com/wp-admin/post.php?post=2512&action=elementor" "Mozilla/5.0 (Windows NT 10.0; Win64; x64) AppleWebKit/537.36 (KHTML, like Gecko) Chrome/144.0.0.0 Safari/537.36 Edg/144.0.0.0"
14.108.234.2 - - [02/Mar/2026:23:01:27 +0800] "GET /wp-content/uploads/2025/12/1766647830-Article_images_202512252-300x169.webp HTTP/1.1" 200 19054 "http://cqqizhou.com/wp-admin/post.php?post=2512&action=elementor" "Mozilla/5.0 (Windows NT 10.0; Win64; x64) AppleWebKit/537.36 (KHTML, like Gecko) Chrome/144.0.0.0 Safari/537.36 Edg/144.0.0.0"
14.108.234.2 - - [02/Mar/2026:23:01:27 +0800] "GET /wp-content/uploads/2025/12/1766388813-Article_images_2025072411-300x135.webp HTTP/1.1" 200 11006 "http://cqqizhou.com/wp-admin/post.php?post=2512&action=elementor" "Mozilla/5.0 (Windows NT 10.0; Win64; x64) AppleWebKit/537.36 (KHTML, like Gecko) Chrome/144.0.0.0 Safari/537.36 Edg/144.0.0.0"
14.108.234.2 - - [02/Mar/2026:23:01:27 +0800] "GET /wp-content/uploads/2025/12/1766647829-Article_images_202512251-300x109.webp HTTP/1.1" 200 12016 "http://cqqizhou.com/wp-admin/post.php?post=2512&action=elementor" "Mozilla/5.0 (Windows NT 10.0; Win64; x64) AppleWebKit/537.36 (KHTML, like Gecko) Chrome/144.0.0.0 Safari/537.36 Edg/144.0.0.0"
14.108.234.2 - - [02/Mar/2026:23:01:27 +0800] "GET /wp-content/uploads/2025/12/1766388812-Article_images_2025072410-300x135.webp HTTP/1.1" 200 12784 "http://cqqizhou.com/wp-admin/post.php?post=2512&action=elementor" "Mozilla/5.0 (Windows NT 10.0; Win64; x64) AppleWebKit/537.36 (KHTML, like Gecko) Chrome/144.0.0.0 Safari/537.36 Edg/144.0.0.0"
14.108.234.2 - - [02/Mar/2026:23:01:27 +0800] "GET /wp-content/uploads/2025/12/1766388810-Article_images_202507248-300x169.webp HTTP/1.1" 200 15020 "http://cqqizhou.com/wp-admin/post.php?post=2512&action=elementor" "Mozilla/5.0 (Windows NT 10.0; Win64; x64) AppleWebKit/537.36 (KHTML, like Gecko) Chrome/144.0.0.0 Safari/537.36 Edg/144.0.0.0"
14.108.234.2 - - [02/Mar/2026:23:01:27 +0800] "GET /wp-content/uploads/2025/12/1766388811-Article_images_202507249-300x135.webp HTTP/1.1" 200 12426 "http://cqqizhou.com/wp-admin/post.php?post=2512&action=elementor" "Mozilla/5.0 (Windows NT 10.0; Win64; x64) AppleWebKit/537.36 (KHTML, like Gecko) Chrome/144.0.0.0 Safari/537.36 Edg/144.0.0.0"
14.108.234.2 - - [02/Mar/2026:23:01:27 +0800] "GET /wp-content/uploads/2025/12/1766388809-Article_images_202507247-300x169.webp HTTP/1.1" 200 15036 "http://cqqizhou.com/wp-admin/post.php?post=2512&action=elementor" "Mozilla/5.0 (Windows NT 10.0; Win64; x64) AppleWebKit/537.36 (KHTML, like Gecko) Chrome/144.0.0.0 Safari/537.36 Edg/144.0.0.0"
14.108.234.2 - - [02/Mar/2026:23:01:27 +0800] "GET /wp-content/uploads/2025/12/1766388806-Article_images_202507243-300x169.webp HTTP/1.1" 200 9924 "http://cqqizhou.com/wp-admin/post.php?post=2512&action=elementor" "Mozilla/5.0 (Windows NT 10.0; Win64; x64) AppleWebKit/537.36 (KHTML, like Gecko) Chrome/144.0.0.0 Safari/537.36 Edg/144.0.0.0"
14.108.234.2 - - [02/Mar/2026:23:01:27 +0800] "GET /wp-content/uploads/2025/12/1766388808-Article_images_202507246-300x169.webp HTTP/1.1" 200 19970 "http://cqqizhou.com/wp-admin/post.php?post=2512&action=elementor" "Mozilla/5.0 (Windows NT 10.0; Win64; x64) AppleWebKit/537.36 (KHTML, like Gecko) Chrome/144.0.0.0 Safari/537.36 Edg/144.0.0.0"
14.108.234.2 - - [02/Mar/2026:23:01:27 +0800] "GET /wp-content/uploads/2025/12/1766388807-Article_images_202507245-300x169.webp HTTP/1.1" 200 15034 "http://cqqizhou.com/wp-admin/post.php?post=2512&action=elementor" "Mozilla/5.0 (Windows NT 10.0; Win64; x64) AppleWebKit/537.36 (KHTML, like Gecko) Chrome/144.0.0.0 Safari/537.36 Edg/144.0.0.0"
14.108.234.2 - - [02/Mar/2026:23:01:27 +0800] "GET /wp-content/uploads/2025/12/1766388805-Article_images_202507242-300x169.webp HTTP/1.1" 200 11216 "http://cqqizhou.com/wp-admin/post.php?post=2512&action=elementor" "Mozilla/5.0 (Windows NT 10.0; Win64; x64) AppleWebKit/537.36 (KHTML, like Gecko) Chrome/144.0.0.0 Safari/537.36 Edg/144.0.0.0"
14.108.234.2 - - [02/Mar/2026:23:01:27 +0800] "GET /wp-content/uploads/2025/12/1766388804-Article_images_202507241-300x169.webp HTTP/1.1" 200 11704 "http://cqqizhou.com/wp-admin/post.php?post=2512&action=elementor" "Mozilla/5.0 (Windows NT 10.0; Win64; x64) AppleWebKit/537.36 (KHTML, like Gecko) Chrome/144.0.0.0 Safari/537.36 Edg/144.0.0.0"
14.108.234.2 - - [02/Mar/2026:23:01:27 +0800] "GET /wp-content/uploads/2025/12/1766375846-Article20251216211545-300x225.webp HTTP/1.1" 200 20580 "http://cqqizhou.com/wp-admin/post.php?post=2512&action=elementor" "Mozilla/5.0 (Windows NT 10.0; Win64; x64) AppleWebKit/537.36 (KHTML, like Gecko) Chrome/144.0.0.0 Safari/537.36 Edg/144.0.0.0"
14.108.234.2 - - [02/Mar/2026:23:01:27 +0800] "GET /wp-content/uploads/2025/12/1766373833-Article_images_20251219-300x225.webp HTTP/1.1" 200 20930 "http://cqqizhou.com/wp-admin/post.php?post=2512&action=elementor" "Mozilla/5.0 (Windows NT 10.0; Win64; x64) AppleWebKit/537.36 (KHTML, like Gecko) Chrome/144.0.0.0 Safari/537.36 Edg/144.0.0.0"
14.108.234.2 - - [02/Mar/2026:23:01:27 +0800] "GET /wp-content/uploads/2025/12/1766373840-Article_images_20251220-300x225.webp HTTP/1.1" 200 13608 "http://cqqizhou.com/wp-admin/post.php?post=2512&action=elementor" "Mozilla/5.0 (Windows NT 10.0; Win64; x64) AppleWebKit/537.36 (KHTML, like Gecko) Chrome/144.0.0.0 Safari/537.36 Edg/144.0.0.0"
14.108.234.2 - - [02/Mar/2026:23:01:27 +0800] "GET /wp-content/uploads/2025/12/1766064723-Article_images_20251218212625-300x225.webp HTTP/1.1" 200 12598 "http://cqqizhou.com/wp-admin/post.php?post=2512&action=elementor" "Mozilla/5.0 (Windows NT 10.0; Win64; x64) AppleWebKit/537.36 (KHTML, like Gecko) Chrome/144.0.0.0 Safari/537.36 Edg/144.0.0.0"
14.108.234.2 - - [02/Mar/2026:23:01:27 +0800] "GET /wp-content/uploads/2025/12/1766064629-Article_images_20251218212623-300x167.webp HTTP/1.1" 200 8852 "http://cqqizhou.com/wp-admin/post.php?post=2512&action=elementor" "Mozilla/5.0 (Windows NT 10.0; Win64; x64) AppleWebKit/537.36 (KHTML, like Gecko) Chrome/144.0.0.0 Safari/537.36 Edg/144.0.0.0"
14.108.234.2 - - [02/Mar/2026:23:01:27 +0800] "GET /wp-content/uploads/2025/12/1765894221-Article20251216211544-300x225.webp HTTP/1.1" 200 16032 "http://cqqizhou.com/wp-admin/post.php?post=2512&action=elementor" "Mozilla/5.0 (Windows NT 10.0; Win64; x64) AppleWebKit/537.36 (KHTML, like Gecko) Chrome/144.0.0.0 Safari/537.36 Edg/144.0.0.0"
14.108.234.2 - - [02/Mar/2026:23:01:27 +0800] "GET /wp-content/uploads/2025/12/1766064671-Article_images_20251218212624-300x225.webp HTTP/1.1" 200 12522 "http://cqqizhou.com/wp-admin/post.php?post=2512&action=elementor" "Mozilla/5.0 (Windows NT 10.0; Win64; x64) AppleWebKit/537.36 (KHTML, like Gecko) Chrome/144.0.0.0 Safari/537.36 Edg/144.0.0.0"
14.108.234.2 - - [02/Mar/2026:23:01:27 +0800] "GET /wp-content/uploads/2025/12/1765891413-20251209103501-300x167.webp HTTP/1.1" 200 9350 "http://cqqizhou.com/wp-admin/post.php?post=2512&action=elementor" "Mozilla/5.0 (Windows NT 10.0; Win64; x64) AppleWebKit/537.36 (KHTML, like Gecko) Chrome/144.0.0.0 Safari/537.36 Edg/144.0.0.0"
14.108.234.2 - - [02/Mar/2026:23:01:27 +0800] "GET /wp-content/uploads/2025/12/1765891153-Article20251216211543-300x167.webp HTTP/1.1" 200 13290 "http://cqqizhou.com/wp-admin/post.php?post=2512&action=elementor" "Mozilla/5.0 (Windows NT 10.0; Win64; x64) AppleWebKit/537.36 (KHTML, like Gecko) Chrome/144.0.0.0 Safari/537.36 Edg/144.0.0.0"
14.108.234.2 - - [02/Mar/2026:23:01:27 +0800] "GET /wp-content/uploads/2025/12/1765862012-DSC20251216131140-300x169.webp HTTP/1.1" 200 16938 "http://cqqizhou.com/wp-admin/post.php?post=2512&action=elementor" "Mozilla/5.0 (Windows NT 10.0; Win64; x64) AppleWebKit/537.36 (KHTML, like Gecko) Chrome/144.0.0.0 Safari/537.36 Edg/144.0.0.0"
14.108.234.2 - - [02/Mar/2026:23:01:27 +0800] "GET /wp-content/uploads/2025/12/1765268955-qizhou_Slider1_3840%C3%972160_20251210-300x169.webp HTTP/1.1" 200 8924 "http://cqqizhou.com/wp-admin/post.php?post=2512&action=elementor" "Mozilla/5.0 (Windows NT 10.0; Win64; x64) AppleWebKit/537.36 (KHTML, like Gecko) Chrome/144.0.0.0 Safari/537.36 Edg/144.0.0.0"
14.108.234.2 - - [02/Mar/2026:23:01:27 +0800] "GET /wp-content/uploads/2025/12/1765265398-qizhou_Slider_3840%C3%972160_20251209-300x169.webp HTTP/1.1" 200 12652 "http://cqqizhou.com/wp-admin/post.php?post=2512&action=elementor" "Mozilla/5.0 (Windows NT 10.0; Win64; x64) AppleWebKit/537.36 (KHTML, like Gecko) Chrome/144.0.0.0 Safari/537.36 Edg/144.0.0.0"
14.108.234.2 - - [02/Mar/2026:23:01:27 +0800] "GET /wp-content/uploads/2025/12/1765249046-20251209104228_110_60-300x225.webp HTTP/1.1" 200 15678 "http://cqqizhou.com/wp-admin/post.php?post=2512&action=elementor" "Mozilla/5.0 (Windows NT 10.0; Win64; x64) AppleWebKit/537.36 (KHTML, like Gecko) Chrome/144.0.0.0 Safari/537.36 Edg/144.0.0.0"
14.108.234.2 - - [02/Mar/2026:23:01:27 +0800] "GET /wp-content/uploads/2025/12/1765248770-20251209104226_107_60-300x225.webp HTTP/1.1" 200 17706 "http://cqqizhou.com/wp-admin/post.php?post=2512&action=elementor" "Mozilla/5.0 (Windows NT 10.0; Win64; x64) AppleWebKit/537.36 (KHTML, like Gecko) Chrome/144.0.0.0 Safari/537.36 Edg/144.0.0.0"
14.108.234.2 - - [02/Mar/2026:23:01:27 +0800] "GET /wp-content/uploads/2025/12/1765248735-20251209104226_108_60-300x225.webp HTTP/1.1" 200 14478 "http://cqqizhou.com/wp-admin/post.php?post=2512&action=elementor" "Mozilla/5.0 (Windows NT 10.0; Win64; x64) AppleWebKit/537.36 (KHTML, like Gecko) Chrome/144.0.0.0 Safari/537.36 Edg/144.0.0.0"
14.108.234.2 - - [02/Mar/2026:23:01:27 +0800] "GET /wp-content/uploads/2025/12/1765248683-20251209103502_98_60-300x225.webp HTTP/1.1" 200 15426 "http://cqqizhou.com/wp-admin/post.php?post=2512&action=elementor" "Mozilla/5.0 (Windows NT 10.0; Win64; x64) AppleWebKit/537.36 (KHTML, like Gecko) Chrome/144.0.0.0 Safari/537.36 Edg/144.0.0.0"
14.108.234.2 - - [02/Mar/2026:23:01:27 +0800] "GET /wp-content/uploads/2025/12/1764853157-ISO3-214x300.webp HTTP/1.1" 200 13896 "http://cqqizhou.com/wp-admin/post.php?post=2512&action=elementor" "Mozilla/5.0 (Windows NT 10.0; Win64; x64) AppleWebKit/537.36 (KHTML, like Gecko) Chrome/144.0.0.0 Safari/537.36 Edg/144.0.0.0"
14.108.234.2 - - [02/Mar/2026:23:01:27 +0800] "GET /wp-content/uploads/2025/12/1764853155-ISO2-214x300.webp HTTP/1.1" 200 12682 "http://cqqizhou.com/wp-admin/post.php?post=2512&action=elementor" "Mozilla/5.0 (Windows NT 10.0; Win64; x64) AppleWebKit/537.36 (KHTML, like Gecko) Chrome/144.0.0.0 Safari/537.36 Edg/144.0.0.0"
14.108.234.2 - - [02/Mar/2026:23:01:27 +0800] "GET /wp-content/uploads/2025/12/1764853152-ISO1-214x300.webp HTTP/1.1" 200 13812 "http://cqqizhou.com/wp-admin/post.php?post=2512&action=elementor" "Mozilla/5.0 (Windows NT 10.0; Win64; x64) AppleWebKit/537.36 (KHTML, like Gecko) Chrome/144.0.0.0 Safari/537.36 Edg/144.0.0.0"
14.108.234.2 - - [02/Mar/2026:23:01:30 +0800] "GET /wp-content/uploads/2026/02/1772086671-20262263Article_images_W900px.webp HTTP/1.1" 200 63422 "http://cqqizhou.com/wp-admin/post.php?post=2512&action=elementor" "Mozilla/5.0 (Windows NT 10.0; Win64; x64) AppleWebKit/537.36 (KHTML, like Gecko) Chrome/144.0.0.0 Safari/537.36 Edg/144.0.0.0"
14.108.234.2 - - [02/Mar/2026:23:01:31 +0800] "POST /wp-admin/admin-ajax.php HTTP/1.1" 200 734 "http://cqqizhou.com/wp-admin/post.php?post=2512&action=elementor" "Mozilla/5.0 (Windows NT 10.0; Win64; x64) AppleWebKit/537.36 (KHTML, like Gecko) Chrome/144.0.0.0 Safari/537.36 Edg/144.0.0.0"
14.108.234.2 - - [02/Mar/2026:23:01:31 +0800] "POST /wp-admin/admin-ajax.php HTTP/1.1" 200 227 "http://cqqizhou.com/wp-admin/post.php?post=2512&action=elementor" "Mozilla/5.0 (Windows NT 10.0; Win64; x64) AppleWebKit/537.36 (KHTML, like Gecko) Chrome/144.0.0.0 Safari/537.36 Edg/144.0.0.0"
14.108.234.2 - - [02/Mar/2026:23:01:41 +0800] "POST /wp-admin/admin-ajax.php HTTP/1.1" 200 107 "http://cqqizhou.com/wp-admin/post.php?post=2512&action=elementor" "Mozilla/5.0 (Windows NT 10.0; Win64; x64) AppleWebKit/537.36 (KHTML, like Gecko) Chrome/144.0.0.0 Safari/537.36 Edg/144.0.0.0"
14.108.234.2 - - [02/Mar/2026:23:01:56 +0800] "POST /wp-admin/admin-ajax.php HTTP/1.1" 200 107 "http://cqqizhou.com/wp-admin/post.php?post=2512&action=elementor" "Mozilla/5.0 (Windows NT 10.0; Win64; x64) AppleWebKit/537.36 (KHTML, like Gecko) Chrome/144.0.0.0 Safari/537.36 Edg/144.0.0.0"
14.108.234.2 - - [02/Mar/2026:23:01:57 +0800] "POST /wp-admin/admin-ajax.php HTTP/1.1" 200 316 "http://cqqizhou.com/wp-admin/post.php?post=2512&action=elementor" "Mozilla/5.0 (Windows NT 10.0; Win64; x64) AppleWebKit/537.36 (KHTML, like Gecko) Chrome/144.0.0.0 Safari/537.36 Edg/144.0.0.0"
36.133.115.36 - - [02/Mar/2026:23:02:11 +0800] "POST /wp-cron.php?doing_wp_cron=1772463731.0457270145416259765625 HTTP/1.1" 200 31 "-" "WordPress/6.9; http://cqqizhou.com"
14.108.234.2 - - [02/Mar/2026:23:02:11 +0800] "POST /wp-admin/admin-ajax.php HTTP/1.1" 200 107 "http://cqqizhou.com/wp-admin/post.php?post=2512&action=elementor" "Mozilla/5.0 (Windows NT 10.0; Win64; x64) AppleWebKit/537.36 (KHTML, like Gecko) Chrome/144.0.0.0 Safari/537.36 Edg/144.0.0.0"
36.133.115.36 - - [02/Mar/2026:23:02:11 +0800] "POST /wp-cron.php?doing_wp_cron=1772463731.7142078876495361328125 HTTP/1.1" 200 31 "-" "WordPress/6.9; http://cqqizhou.com"
14.108.234.2 - - [02/Mar/2026:23:02:11 +0800] "POST /wp-admin/admin-ajax.php HTTP/1.1" 200 10831 "http://cqqizhou.com/wp-admin/post.php?post=2512&action=elementor" "Mozilla/5.0 (Windows NT 10.0; Win64; x64) AppleWebKit/537.36 (KHTML, like Gecko) Chrome/144.0.0.0 Safari/537.36 Edg/144.0.0.0"
14.108.234.2 - - [02/Mar/2026:23:02:22 +0800] "GET /wp-content/uploads/2026/01/1768280270-anquan_Slider_3840%C3%972160_20260114-scaled.webp HTTP/1.1" 200 198126 "http://cqqizhou.com/wp-admin/post.php?post=2512&action=elementor" "Mozilla/5.0 (Windows NT 10.0; Win64; x64) AppleWebKit/537.36 (KHTML, like Gecko) Chrome/144.0.0.0 Safari/537.36 Edg/144.0.0.0"
14.108.234.2 - - [02/Mar/2026:23:02:22 +0800] "GET /wp-content/uploads/2026/01/1768276119-qizhoujiagong_Slider_3840%C3%972160_20260113-scaled.webp HTTP/1.1" 200 131696 "http://cqqizhou.com/wp-admin/post.php?post=2512&action=elementor" "Mozilla/5.0 (Windows NT 10.0; Win64; x64) AppleWebKit/537.36 (KHTML, like Gecko) Chrome/144.0.0.0 Safari/537.36 Edg/144.0.0.0"
14.108.234.2 - - [02/Mar/2026:23:02:23 +0800] "POST /wp-admin/admin-ajax.php HTTP/1.1" 200 676 "http://cqqizhou.com/wp-admin/post.php?post=2512&action=elementor" "Mozilla/5.0 (Windows NT 10.0; Win64; x64) AppleWebKit/537.36 (KHTML, like Gecko) Chrome/144.0.0.0 Safari/537.36 Edg/144.0.0.0"
14.108.234.2 - - [02/Mar/2026:23:02:23 +0800] "POST /wp-admin/admin-ajax.php HTTP/1.1" 200 682 "http://cqqizhou.com/wp-admin/post.php?post=2512&action=elementor" "Mozilla/5.0 (Windows NT 10.0; Win64; x64) AppleWebKit/537.36 (KHTML, like Gecko) Chrome/144.0.0.0 Safari/537.36 Edg/144.0.0.0"
14.108.234.2 - - [02/Mar/2026:23:02:26 +0800] "POST /wp-admin/admin-ajax.php HTTP/1.1" 200 107 "http://cqqizhou.com/wp-admin/post.php?post=2512&action=elementor" "Mozilla/5.0 (Windows NT 10.0; Win64; x64) AppleWebKit/537.36 (KHTML, like Gecko) Chrome/144.0.0.0 Safari/537.36 Edg/144.0.0.0"
14.108.234.2 - - [02/Mar/2026:23:02:41 +0800] "POST /wp-admin/admin-ajax.php HTTP/1.1" 200 107 "http://cqqizhou.com/wp-admin/post.php?post=2512&action=elementor" "Mozilla/5.0 (Windows NT 10.0; Win64; x64) AppleWebKit/537.36 (KHTML, like Gecko) Chrome/144.0.0.0 Safari/537.36 Edg/144.0.0.0"
14.108.234.2 - - [02/Mar/2026:23:02:56 +0800] "POST /wp-admin/admin-ajax.php HTTP/1.1" 200 107 "http://cqqizhou.com/wp-admin/post.php?post=2512&action=elementor" "Mozilla/5.0 (Windows NT 10.0; Win64; x64) AppleWebKit/537.36 (KHTML, like Gecko) Chrome/144.0.0.0 Safari/537.36 Edg/144.0.0.0"
14.108.234.2 - - [02/Mar/2026:23:03:11 +0800] "POST /wp-admin/admin-ajax.php HTTP/1.1" 200 107 "http://cqqizhou.com/wp-admin/post.php?post=2512&action=elementor" "Mozilla/5.0 (Windows NT 10.0; Win64; x64) AppleWebKit/537.36 (KHTML, like Gecko) Chrome/144.0.0.0 Safari/537.36 Edg/144.0.0.0"
36.133.115.36 - - [02/Mar/2026:23:03:26 +0800] "POST /wp-cron.php?doing_wp_cron=1772463806.0909860134124755859375 HTTP/1.1" 200 31 "-" "WordPress/6.9; http://cqqizhou.com"
14.108.234.2 - - [02/Mar/2026:23:03:26 +0800] "POST /wp-admin/admin-ajax.php HTTP/1.1" 200 107 "http://cqqizhou.com/wp-admin/post.php?post=2512&action=elementor" "Mozilla/5.0 (Windows NT 10.0; Win64; x64) AppleWebKit/537.36 (KHTML, like Gecko) Chrome/144.0.0.0 Safari/537.36 Edg/144.0.0.0"
14.108.234.2 - - [02/Mar/2026:23:03:41 +0800] "POST /wp-admin/admin-ajax.php HTTP/1.1" 200 107 "http://cqqizhou.com/wp-admin/post.php?post=2512&action=elementor" "Mozilla/5.0 (Windows NT 10.0; Win64; x64) AppleWebKit/537.36 (KHTML, like Gecko) Chrome/144.0.0.0 Safari/537.36 Edg/144.0.0.0"
14.108.234.2 - - [02/Mar/2026:23:03:56 +0800] "POST /wp-admin/admin-ajax.php HTTP/1.1" 200 107 "http://cqqizhou.com/wp-admin/post.php?post=2512&action=elementor" "Mozilla/5.0 (Windows NT 10.0; Win64; x64) AppleWebKit/537.36 (KHTML, like Gecko) Chrome/144.0.0.0 Safari/537.36 Edg/144.0.0.0"
36.133.115.36 - - [02/Mar/2026:23:04:11 +0800] "POST /wp-cron.php?doing_wp_cron=1772463851.1007831096649169921875 HTTP/1.1" 200 31 "-" "WordPress/6.9; http://cqqizhou.com"
14.108.234.2 - - [02/Mar/2026:23:04:11 +0800] "POST /wp-admin/admin-ajax.php HTTP/1.1" 200 107 "http://cqqizhou.com/wp-admin/post.php?post=2512&action=elementor" "Mozilla/5.0 (Windows NT 10.0; Win64; x64) AppleWebKit/537.36 (KHTML, like Gecko) Chrome/144.0.0.0 Safari/537.36 Edg/144.0.0.0"
14.108.234.2 - - [02/Mar/2026:23:04:26 +0800] "POST /wp-admin/admin-ajax.php HTTP/1.1" 200 107 "http://cqqizhou.com/wp-admin/post.php?post=2512&action=elementor" "Mozilla/5.0 (Windows NT 10.0; Win64; x64) AppleWebKit/537.36 (KHTML, like Gecko) Chrome/144.0.0.0 Safari/537.36 Edg/144.0.0.0"
