HEX
Server: nginx/1.16.1
System: Linux ecs-04358622 4.19.90-2107.6.0.0100.oe1.bclinux.x86_64 #1 SMP Wed Dec 1 19:59:44 CST 2021 x86_64
User: nginx (994)
PHP: 8.0.0
Disabled: NONE
Upload Files
File: /home/logs/cqqizhou_access_2026-03-02.log
198.244.240.80 - - [02/Mar/2026:00:01:47 +0800] "GET /news/2502 HTTP/1.1" 200 24673 "-" "Mozilla/5.0 (compatible; AhrefsBot/7.0; +http://ahrefs.com/robot/)"
36.133.115.36 - - [02/Mar/2026:00:02:52 +0800] "POST /wp-cron.php?doing_wp_cron=1772380972.0419759750366210937500 HTTP/1.1" 200 31 "-" "WordPress/6.9; http://cqqizhou.com"
144.52.243.252 - - [02/Mar/2026:00:02:52 +0800] "GET / HTTP/1.1" 301 5 "-" "Go-http-client/1.1"
144.52.206.131 - - [02/Mar/2026:00:02:52 +0800] "GET / HTTP/1.1" 200 40654 "http://xa4.shaanxi.cn.antiddos.cspt.fullcone.cn" "Go-http-client/1.1"
36.133.115.36 - - [02/Mar/2026:00:11:41 +0800] "POST /wp-cron.php?doing_wp_cron=1772381501.8790099620819091796875 HTTP/1.1" 200 31 "-" "WordPress/6.9; http://cqqizhou.com"
89.42.231.241 - - [02/Mar/2026:00:11:41 +0800] "GET /SDK/webLanguage HTTP/1.1" 301 5 "-" "Mozilla/5.0 (Windows NT 10.0; Win64; x64) AppleWebKit/537.36 (KHTML, like Gecko) Chrome/90.0.4430.85 Safari/537.36 Edg/90.0.818.46"
180.149.125.173 - - [02/Mar/2026:00:47:32 +0800] "GET /stalker_portal/server/tools/auth_simple.php HTTP/1.1" 404 47 "-" "Mozilla/5.0 (Windows NT 5.1; Win64; x64) AppleWebKit/537.36 (KHTML, like Gecko) Chrome/60.0.3112.90 Safari/537.36"
198.244.168.10 - - [02/Mar/2026:00:53:16 +0800] "GET /news/portfolio/hot-dip-galvanized-coil HTTP/1.1" 200 22417 "-" "Mozilla/5.0 (compatible; AhrefsBot/7.0; +http://ahrefs.com/robot/)"
121.91.176.59 - - [02/Mar/2026:00:58:46 +0800] "GET /wp-content/uploads/2026/02/1770617948-Article_images_W900%C3%97500px.webp HTTP/1.1" 200 38890 "-" "Mozilla/5.0 (Macintosh; Intel Mac OS X 10_15_7) AppleWebKit/537.36 (KHTML, like Gecko) Chrome/130.0.0.0 Safari/537.36"
36.133.115.36 - - [02/Mar/2026:01:33:17 +0800] "POST /wp-cron.php?doing_wp_cron=1772386397.0428121089935302734375 HTTP/1.1" 200 31 "-" "WordPress/6.9; http://cqqizhou.com"
220.181.108.105 - - [02/Mar/2026:01:33:17 +0800] "GET /services/processing/ HTTP/1.1" 301 5 "-" "Mozilla/5.0 (compatible; Baiduspider/2.0; +http://www.baidu.com/search/spider.html)"
220.181.108.159 - - [02/Mar/2026:01:33:17 +0800] "GET /services/processing HTTP/1.1" 200 23033 "-" "Mozilla/5.0 (compatible; Baiduspider/2.0; +http://www.baidu.com/search/spider.html)"
116.179.37.13 - - [02/Mar/2026:01:33:39 +0800] "GET /wp-content/uploads/2025/07/1751826322-Services_images_W900px.webp HTTP/1.1" 200 87128 "http://cqqizhou.com/services/processing" "Mozilla/5.0 (compatible; Baiduspider-render/2.0; +http://www.baidu.com/search/spider.html)"
115.159.33.43 - - [02/Mar/2026:01:33:46 +0800] "GET / HTTP/1.1" 301 5 "-" "Mozilla/5.0 (Windows NT 10.0; Win64; x64) AppleWebKit/537.36 (KHTML, like Gecko) Chrome/79.0.3945.117 Safari/537.36"
116.179.32.206 - - [02/Mar/2026:01:36:36 +0800] "GET /services/processing HTTP/1.1" 200 23033 "-" "Mozilla/5.0 (compatible; Baiduspider/2.0; +http://www.baidu.com/search/spider.html)"
36.133.115.36 - - [02/Mar/2026:01:36:37 +0800] "POST /wp-cron.php?doing_wp_cron=1772386597.1292290687561035156250 HTTP/1.1" 200 31 "-" "WordPress/6.9; http://cqqizhou.com"
116.179.32.106 - - [02/Mar/2026:01:36:37 +0800] "GET /services/qzgyl@cq-qizhou.com HTTP/1.1" 404 8949 "-" "Mozilla/5.0 (compatible; Baiduspider/2.0; +http://www.baidu.com/search/spider.html)"
36.133.115.36 - - [02/Mar/2026:01:40:13 +0800] "POST /wp-cron.php?doing_wp_cron=1772386813.3635649681091308593750 HTTP/1.1" 200 31 "-" "WordPress/6.9; http://cqqizhou.com"
116.179.32.223 - - [02/Mar/2026:01:40:13 +0800] "GET /wp-json/oembed/1.0/embed?url=http%3A%2F%2Fcqqizhou.com%2Fservices%2Fprocessing HTTP/1.1" 200 1150 "-" "Mozilla/5.0 (compatible; Baiduspider/2.0; +http://www.baidu.com/search/spider.html)"
51.195.244.36 - - [02/Mar/2026:01:47:26 +0800] "GET /news/portfolio/remaining-rolls HTTP/1.1" 200 22258 "-" "Mozilla/5.0 (compatible; AhrefsBot/7.0; +http://ahrefs.com/robot/)"
36.133.115.36 - - [02/Mar/2026:01:47:48 +0800] "POST /wp-cron.php?doing_wp_cron=1772387268.2175459861755371093750 HTTP/1.1" 200 31 "-" "WordPress/6.9; http://cqqizhou.com"
176.9.18.183 - - [02/Mar/2026:01:47:48 +0800] "GET /robots.txt HTTP/1.1" 200 190 "-" "serpstatbot/2.1 (advanced backlink tracking bot; https://serpstatbot.com/; abuse@serpstatbot.com)"
176.9.18.183 - - [02/Mar/2026:01:47:49 +0800] "GET /uncategorized/ HTTP/1.1" 301 5 "-" "serpstatbot/2.1 (advanced backlink tracking bot; https://serpstatbot.com/; abuse@serpstatbot.com)"
36.133.115.36 - - [02/Mar/2026:01:48:22 +0800] "POST /wp-cron.php?doing_wp_cron=1772387302.5489809513092041015625 HTTP/1.1" 200 31 "-" "WordPress/6.9; http://cqqizhou.com"
176.9.18.183 - - [02/Mar/2026:01:48:22 +0800] "GET /services/processing/ HTTP/1.1" 301 5 "-" "serpstatbot/2.1 (advanced backlink tracking bot; https://serpstatbot.com/; abuse@serpstatbot.com)"
176.9.18.183 - - [02/Mar/2026:01:48:53 +0800] "GET /services/ HTTP/1.1" 301 5 "-" "serpstatbot/2.1 (advanced backlink tracking bot; https://serpstatbot.com/; abuse@serpstatbot.com)"
36.133.115.36 - - [02/Mar/2026:01:49:25 +0800] "POST /wp-cron.php?doing_wp_cron=1772387365.0609529018402099609375 HTTP/1.1" 200 31 "-" "WordPress/6.9; http://cqqizhou.com"
176.9.18.183 - - [02/Mar/2026:01:49:25 +0800] "GET /portfolio/remaining-rolls/ HTTP/1.1" 301 5 "-" "serpstatbot/2.1 (advanced backlink tracking bot; https://serpstatbot.com/; abuse@serpstatbot.com)"
176.9.18.183 - - [02/Mar/2026:01:49:56 +0800] "GET /portfolio/pickled-coil/ HTTP/1.1" 301 5 "-" "serpstatbot/2.1 (advanced backlink tracking bot; https://serpstatbot.com/; abuse@serpstatbot.com)"
36.133.115.36 - - [02/Mar/2026:01:50:24 +0800] "POST /wp-cron.php?doing_wp_cron=1772387424.6689219474792480468750 HTTP/1.1" 200 31 "-" "WordPress/6.9; http://cqqizhou.com"
176.9.18.183 - - [02/Mar/2026:01:50:24 +0800] "GET /portfolio/hot-dip-galvanized-coil/ HTTP/1.1" 301 5 "-" "serpstatbot/2.1 (advanced backlink tracking bot; https://serpstatbot.com/; abuse@serpstatbot.com)"
176.9.18.183 - - [02/Mar/2026:01:50:54 +0800] "GET /portfolio/duplex-stainless-steel/ HTTP/1.1" 301 5 "-" "serpstatbot/2.1 (advanced backlink tracking bot; https://serpstatbot.com/; abuse@serpstatbot.com)"
36.133.115.36 - - [02/Mar/2026:01:51:25 +0800] "POST /wp-cron.php?doing_wp_cron=1772387485.2557690143585205078125 HTTP/1.1" 200 31 "-" "WordPress/6.9; http://cqqizhou.com"
176.9.18.183 - - [02/Mar/2026:01:51:25 +0800] "GET /portfolio/%E5%86%B7%E8%BD%A7%E6%9D%BF/ HTTP/1.1" 301 5 "-" "serpstatbot/2.1 (advanced backlink tracking bot; https://serpstatbot.com/; abuse@serpstatbot.com)"
176.9.18.183 - - [02/Mar/2026:01:51:57 +0800] "GET /portfolio/%E5%86%B7%E8%BD%A7%E5%8D%B7/ HTTP/1.1" 301 5 "-" "serpstatbot/2.1 (advanced backlink tracking bot; https://serpstatbot.com/; abuse@serpstatbot.com)"
36.133.115.36 - - [02/Mar/2026:01:52:31 +0800] "POST /wp-cron.php?doing_wp_cron=1772387551.1761140823364257812500 HTTP/1.1" 200 31 "-" "WordPress/6.9; http://cqqizhou.com"
176.9.18.183 - - [02/Mar/2026:01:52:31 +0800] "GET /portfolio/ HTTP/1.1" 404 8949 "-" "serpstatbot/2.1 (advanced backlink tracking bot; https://serpstatbot.com/; abuse@serpstatbot.com)"
176.9.18.183 - - [02/Mar/2026:01:53:01 +0800] "GET /portfolio-tag/%E9%9E%8D%E9%92%A2%E8%92%82%E6%A3%AE/ HTTP/1.1" 404 8949 "-" "serpstatbot/2.1 (advanced backlink tracking bot; https://serpstatbot.com/; abuse@serpstatbot.com)"
36.133.115.36 - - [02/Mar/2026:01:53:34 +0800] "POST /wp-cron.php?doing_wp_cron=1772387614.0687079429626464843750 HTTP/1.1" 200 31 "-" "WordPress/6.9; http://cqqizhou.com"
176.9.18.183 - - [02/Mar/2026:01:53:34 +0800] "GET /portfolio-category/remaining-rolls/ HTTP/1.1" 301 5 "-" "serpstatbot/2.1 (advanced backlink tracking bot; https://serpstatbot.com/; abuse@serpstatbot.com)"
176.9.18.183 - - [02/Mar/2026:01:54:03 +0800] "GET /portfolio-category/pickled-coil/ HTTP/1.1" 301 5 "-" "serpstatbot/2.1 (advanced backlink tracking bot; https://serpstatbot.com/; abuse@serpstatbot.com)"
36.133.115.36 - - [02/Mar/2026:01:54:38 +0800] "POST /wp-cron.php?doing_wp_cron=1772387678.3584380149841308593750 HTTP/1.1" 200 31 "-" "WordPress/6.9; http://cqqizhou.com"
176.9.18.183 - - [02/Mar/2026:01:54:38 +0800] "GET /portfolio-category/hot-dip-galvanized-coil/ HTTP/1.1" 301 5 "-" "serpstatbot/2.1 (advanced backlink tracking bot; https://serpstatbot.com/; abuse@serpstatbot.com)"
36.133.115.36 - - [02/Mar/2026:01:55:08 +0800] "POST /wp-cron.php?doing_wp_cron=1772387708.5814499855041503906250 HTTP/1.1" 200 31 "-" "WordPress/6.9; http://cqqizhou.com"
176.9.18.183 - - [02/Mar/2026:01:55:08 +0800] "GET /portfolio-category/dual-phase-steel/ HTTP/1.1" 404 8949 "-" "serpstatbot/2.1 (advanced backlink tracking bot; https://serpstatbot.com/; abuse@serpstatbot.com)"
176.9.18.183 - - [02/Mar/2026:01:55:41 +0800] "GET /portfolio-category/cold-rolled-coil/ HTTP/1.1" 404 8948 "-" "serpstatbot/2.1 (advanced backlink tracking bot; https://serpstatbot.com/; abuse@serpstatbot.com)"
36.133.115.36 - - [02/Mar/2026:01:56:12 +0800] "POST /wp-cron.php?doing_wp_cron=1772387772.4956040382385253906250 HTTP/1.1" 200 31 "-" "WordPress/6.9; http://cqqizhou.com"
176.9.18.183 - - [02/Mar/2026:01:56:12 +0800] "GET /policy/ HTTP/1.1" 404 8947 "-" "serpstatbot/2.1 (advanced backlink tracking bot; https://serpstatbot.com/; abuse@serpstatbot.com)"
176.9.18.183 - - [02/Mar/2026:01:56:44 +0800] "GET /news/page/2/ HTTP/1.1" 301 5 "-" "serpstatbot/2.1 (advanced backlink tracking bot; https://serpstatbot.com/; abuse@serpstatbot.com)"
36.133.115.36 - - [02/Mar/2026:01:57:08 +0800] "POST /wp-cron.php?doing_wp_cron=1772387828.7656459808349609375000 HTTP/1.1" 200 31 "-" "WordPress/6.9; http://cqqizhou.com"
176.9.18.183 - - [02/Mar/2026:01:57:08 +0800] "GET /news/ HTTP/1.1" 301 5 "-" "serpstatbot/2.1 (advanced backlink tracking bot; https://serpstatbot.com/; abuse@serpstatbot.com)"
176.9.18.183 - - [02/Mar/2026:01:57:41 +0800] "GET /media/ HTTP/1.1" 301 5 "-" "serpstatbot/2.1 (advanced backlink tracking bot; https://serpstatbot.com/; abuse@serpstatbot.com)"
36.133.115.36 - - [02/Mar/2026:01:58:12 +0800] "POST /wp-cron.php?doing_wp_cron=1772387892.4264290332794189453125 HTTP/1.1" 200 31 "-" "WordPress/6.9; http://cqqizhou.com"
176.9.18.183 - - [02/Mar/2026:01:58:12 +0800] "GET /logistics/ HTTP/1.1" 301 5 "-" "serpstatbot/2.1 (advanced backlink tracking bot; https://serpstatbot.com/; abuse@serpstatbot.com)"
176.9.18.183 - - [02/Mar/2026:01:58:42 +0800] "GET /industry/ HTTP/1.1" 301 5 "-" "serpstatbot/2.1 (advanced backlink tracking bot; https://serpstatbot.com/; abuse@serpstatbot.com)"
36.133.115.36 - - [02/Mar/2026:01:59:12 +0800] "POST /wp-cron.php?doing_wp_cron=1772387952.2378520965576171875000 HTTP/1.1" 200 31 "-" "WordPress/6.9; http://cqqizhou.com"
176.9.18.183 - - [02/Mar/2026:01:59:12 +0800] "GET /contacts/ HTTP/1.1" 301 5 "-" "serpstatbot/2.1 (advanced backlink tracking bot; https://serpstatbot.com/; abuse@serpstatbot.com)"
176.9.18.183 - - [02/Mar/2026:01:59:38 +0800] "GET /club/ HTTP/1.1" 301 5 "-" "serpstatbot/2.1 (advanced backlink tracking bot; https://serpstatbot.com/; abuse@serpstatbot.com)"
176.9.18.183 - - [02/Mar/2026:02:00:05 +0800] "GET /business/ HTTP/1.1" 404 8948 "-" "serpstatbot/2.1 (advanced backlink tracking bot; https://serpstatbot.com/; abuse@serpstatbot.com)"
36.133.115.36 - - [02/Mar/2026:02:00:35 +0800] "POST /wp-cron.php?doing_wp_cron=1772388035.4549949169158935546875 HTTP/1.1" 200 31 "-" "WordPress/6.9; http://cqqizhou.com"
176.9.18.183 - - [02/Mar/2026:02:00:35 +0800] "GET /bug/ HTTP/1.1" 301 5 "-" "serpstatbot/2.1 (advanced backlink tracking bot; https://serpstatbot.com/; abuse@serpstatbot.com)"
176.9.18.183 - - [02/Mar/2026:02:01:07 +0800] "GET /about/ HTTP/1.1" 301 5 "-" "serpstatbot/2.1 (advanced backlink tracking bot; https://serpstatbot.com/; abuse@serpstatbot.com)"
36.133.115.36 - - [02/Mar/2026:02:01:34 +0800] "POST /wp-cron.php?doing_wp_cron=1772388094.8942089080810546875000 HTTP/1.1" 200 31 "-" "WordPress/6.9; http://cqqizhou.com"
176.9.18.183 - - [02/Mar/2026:02:01:34 +0800] "GET /2361/ HTTP/1.1" 301 5 "-" "serpstatbot/2.1 (advanced backlink tracking bot; https://serpstatbot.com/; abuse@serpstatbot.com)"
176.9.18.183 - - [02/Mar/2026:02:02:02 +0800] "GET /2354/ HTTP/1.1" 301 5 "-" "serpstatbot/2.1 (advanced backlink tracking bot; https://serpstatbot.com/; abuse@serpstatbot.com)"
36.133.115.36 - - [02/Mar/2026:02:02:35 +0800] "POST /wp-cron.php?doing_wp_cron=1772388155.6444089412689208984375 HTTP/1.1" 200 31 "-" "WordPress/6.9; http://cqqizhou.com"
176.9.18.183 - - [02/Mar/2026:02:02:35 +0800] "GET /2339/ HTTP/1.1" 301 5 "-" "serpstatbot/2.1 (advanced backlink tracking bot; https://serpstatbot.com/; abuse@serpstatbot.com)"
176.9.18.183 - - [02/Mar/2026:02:03:01 +0800] "GET /2231/ HTTP/1.1" 301 5 "-" "serpstatbot/2.1 (advanced backlink tracking bot; https://serpstatbot.com/; abuse@serpstatbot.com)"
36.133.115.36 - - [02/Mar/2026:02:03:32 +0800] "POST /wp-cron.php?doing_wp_cron=1772388212.1572430133819580078125 HTTP/1.1" 200 31 "-" "WordPress/6.9; http://cqqizhou.com"
176.9.18.183 - - [02/Mar/2026:02:03:32 +0800] "GET /2215/ HTTP/1.1" 301 5 "-" "serpstatbot/2.1 (advanced backlink tracking bot; https://serpstatbot.com/; abuse@serpstatbot.com)"
176.9.18.183 - - [02/Mar/2026:02:04:00 +0800] "GET /2214/ HTTP/1.1" 301 5 "-" "serpstatbot/2.1 (advanced backlink tracking bot; https://serpstatbot.com/; abuse@serpstatbot.com)"
36.133.115.36 - - [02/Mar/2026:02:04:29 +0800] "POST /wp-cron.php?doing_wp_cron=1772388269.8676791191101074218750 HTTP/1.1" 200 31 "-" "WordPress/6.9; http://cqqizhou.com"
176.9.18.183 - - [02/Mar/2026:02:04:29 +0800] "GET /2165/ HTTP/1.1" 301 5 "-" "serpstatbot/2.1 (advanced backlink tracking bot; https://serpstatbot.com/; abuse@serpstatbot.com)"
176.9.18.183 - - [02/Mar/2026:02:05:00 +0800] "GET /2164/ HTTP/1.1" 301 5 "-" "serpstatbot/2.1 (advanced backlink tracking bot; https://serpstatbot.com/; abuse@serpstatbot.com)"
36.133.115.36 - - [02/Mar/2026:02:05:24 +0800] "POST /wp-cron.php?doing_wp_cron=1772388324.7876799106597900390625 HTTP/1.1" 200 31 "-" "WordPress/6.9; http://cqqizhou.com"
176.9.18.183 - - [02/Mar/2026:02:05:24 +0800] "GET /2163/ HTTP/1.1" 301 5 "-" "serpstatbot/2.1 (advanced backlink tracking bot; https://serpstatbot.com/; abuse@serpstatbot.com)"
176.9.18.183 - - [02/Mar/2026:02:05:56 +0800] "GET /2162/ HTTP/1.1" 301 5 "-" "serpstatbot/2.1 (advanced backlink tracking bot; https://serpstatbot.com/; abuse@serpstatbot.com)"
36.133.115.36 - - [02/Mar/2026:02:06:22 +0800] "POST /wp-cron.php?doing_wp_cron=1772388382.3342471122741699218750 HTTP/1.1" 200 31 "-" "WordPress/6.9; http://cqqizhou.com"
176.9.18.183 - - [02/Mar/2026:02:06:22 +0800] "GET /2160/ HTTP/1.1" 301 5 "-" "serpstatbot/2.1 (advanced backlink tracking bot; https://serpstatbot.com/; abuse@serpstatbot.com)"
176.9.18.183 - - [02/Mar/2026:02:06:51 +0800] "GET /2159/ HTTP/1.1" 301 5 "-" "serpstatbot/2.1 (advanced backlink tracking bot; https://serpstatbot.com/; abuse@serpstatbot.com)"
36.133.115.36 - - [02/Mar/2026:02:07:17 +0800] "POST /wp-cron.php?doing_wp_cron=1772388437.2764890193939208984375 HTTP/1.1" 200 31 "-" "WordPress/6.9; http://cqqizhou.com"
176.9.18.183 - - [02/Mar/2026:02:07:17 +0800] "GET /2155/ HTTP/1.1" 301 5 "-" "serpstatbot/2.1 (advanced backlink tracking bot; https://serpstatbot.com/; abuse@serpstatbot.com)"
176.9.18.183 - - [02/Mar/2026:02:07:46 +0800] "GET /2153/ HTTP/1.1" 301 5 "-" "serpstatbot/2.1 (advanced backlink tracking bot; https://serpstatbot.com/; abuse@serpstatbot.com)"
36.133.115.36 - - [02/Mar/2026:02:08:10 +0800] "POST /wp-cron.php?doing_wp_cron=1772388489.9594619274139404296875 HTTP/1.1" 200 31 "-" "WordPress/6.9; http://cqqizhou.com"
43.159.145.149 - - [02/Mar/2026:02:08:10 +0800] "GET / HTTP/1.1" 200 34765 "-" "Mozilla/5.0 (iPhone; CPU iPhone OS 13_2_3 like Mac OS X) AppleWebKit/605.1.15 (KHTML, like Gecko) Version/13.0.3 Mobile/15E148 Safari/604.1"
176.9.18.183 - - [02/Mar/2026:02:08:15 +0800] "GET /2052/ HTTP/1.1" 301 5 "-" "serpstatbot/2.1 (advanced backlink tracking bot; https://serpstatbot.com/; abuse@serpstatbot.com)"
176.9.18.183 - - [02/Mar/2026:02:08:43 +0800] "GET / HTTP/1.1" 200 40654 "-" "serpstatbot/2.1 (advanced backlink tracking bot; https://serpstatbot.com/; abuse@serpstatbot.com)"
176.9.18.183 - - [02/Mar/2026:02:09:12 +0800] "GET / HTTP/1.1" 200 40654 "-" "serpstatbot/2.1 (advanced backlink tracking bot; https://serpstatbot.com/; abuse@serpstatbot.com)"
36.133.115.36 - - [02/Mar/2026:02:10:20 +0800] "POST /wp-cron.php?doing_wp_cron=1772388620.7017290592193603515625 HTTP/1.1" 200 31 "-" "WordPress/6.9; http://cqqizhou.com"
204.76.203.18 - - [02/Mar/2026:02:10:21 +0800] "GET / HTTP/1.1" 200 157103 "-" "-"
204.76.203.18 - - [02/Mar/2026:02:10:23 +0800] "GET / HTTP/1.1" 200 157103 "-" "-"
204.76.203.18 - - [02/Mar/2026:02:10:26 +0800] "GET / HTTP/1.1" 200 157103 "-" "-"
204.76.203.18 - - [02/Mar/2026:02:10:37 +0800] "GET / HTTP/1.1" 200 157103 "-" "-"
36.133.115.36 - - [02/Mar/2026:02:14:30 +0800] "POST /wp-cron.php?doing_wp_cron=1772388870.3931069374084472656250 HTTP/1.1" 200 31 "-" "WordPress/6.9; http://cqqizhou.com"
114.119.130.29 - - [02/Mar/2026:02:14:30 +0800] "GET /wp-sitemap.xml HTTP/1.1" 501 253 "-" "Mozilla/5.0 (Linux; Android 7.0;) AppleWebKit/537.36 (KHTML, like Gecko) Mobile Safari/537.36 (compatible; PetalBot;+https://webmaster.petalsearch.com/site/petalbot)"
176.9.18.183 - - [02/Mar/2026:02:20:58 +0800] "GET /news/2502 HTTP/1.1" 200 24673 "-" "serpstatbot/2.1 (advanced backlink tracking bot; https://serpstatbot.com/; abuse@serpstatbot.com)"
176.9.18.183 - - [02/Mar/2026:02:21:34 +0800] "GET /work-safety HTTP/1.1" 200 23674 "-" "serpstatbot/2.1 (advanced backlink tracking bot; https://serpstatbot.com/; abuse@serpstatbot.com)"
176.9.18.183 - - [02/Mar/2026:02:22:09 +0800] "GET /uncategorized HTTP/1.1" 200 20509 "-" "serpstatbot/2.1 (advanced backlink tracking bot; https://serpstatbot.com/; abuse@serpstatbot.com)"
176.9.18.183 - - [02/Mar/2026:02:22:44 +0800] "GET /services/processing HTTP/1.1" 200 23033 "-" "serpstatbot/2.1 (advanced backlink tracking bot; https://serpstatbot.com/; abuse@serpstatbot.com)"
36.133.115.36 - - [02/Mar/2026:02:23:16 +0800] "POST /wp-cron.php?doing_wp_cron=1772389396.7089149951934814453125 HTTP/1.1" 200 31 "-" "WordPress/6.9; http://cqqizhou.com"
176.9.18.183 - - [02/Mar/2026:02:23:16 +0800] "GET /services HTTP/1.1" 200 31682 "-" "serpstatbot/2.1 (advanced backlink tracking bot; https://serpstatbot.com/; abuse@serpstatbot.com)"
176.9.18.183 - - [02/Mar/2026:02:23:48 +0800] "GET /news/portfolio/remaining-rolls HTTP/1.1" 200 22258 "-" "serpstatbot/2.1 (advanced backlink tracking bot; https://serpstatbot.com/; abuse@serpstatbot.com)"
36.133.115.36 - - [02/Mar/2026:02:24:21 +0800] "POST /wp-cron.php?doing_wp_cron=1772389461.0351359844207763671875 HTTP/1.1" 200 31 "-" "WordPress/6.9; http://cqqizhou.com"
176.9.18.183 - - [02/Mar/2026:02:24:21 +0800] "GET /news/portfolio/pickled-coil HTTP/1.1" 200 22245 "-" "serpstatbot/2.1 (advanced backlink tracking bot; https://serpstatbot.com/; abuse@serpstatbot.com)"
176.9.18.183 - - [02/Mar/2026:02:24:51 +0800] "GET /news/portfolio/hot-dip-galvanized-coil HTTP/1.1" 200 22417 "-" "serpstatbot/2.1 (advanced backlink tracking bot; https://serpstatbot.com/; abuse@serpstatbot.com)"
176.9.18.183 - - [02/Mar/2026:02:25:23 +0800] "GET /news/portfolio/duplex-stainless-steel HTTP/1.1" 200 22249 "-" "serpstatbot/2.1 (advanced backlink tracking bot; https://serpstatbot.com/; abuse@serpstatbot.com)"
176.9.18.183 - - [02/Mar/2026:02:25:51 +0800] "GET /news/portfolio/%E5%86%B7%E8%BD%A7%E6%9D%BF HTTP/1.1" 200 22185 "-" "serpstatbot/2.1 (advanced backlink tracking bot; https://serpstatbot.com/; abuse@serpstatbot.com)"
176.9.18.183 - - [02/Mar/2026:02:26:24 +0800] "GET /news/portfolio/%E5%86%B7%E8%BD%A7%E5%8D%B7 HTTP/1.1" 200 22192 "-" "serpstatbot/2.1 (advanced backlink tracking bot; https://serpstatbot.com/; abuse@serpstatbot.com)"
36.133.115.36 - - [02/Mar/2026:02:26:59 +0800] "POST /wp-cron.php?doing_wp_cron=1772389618.9965879917144775390625 HTTP/1.1" 200 31 "-" "WordPress/6.9; http://cqqizhou.com"
176.9.18.183 - - [02/Mar/2026:02:26:59 +0800] "GET /news/portfolio-category/remaining-rolls HTTP/1.1" 200 21134 "-" "serpstatbot/2.1 (advanced backlink tracking bot; https://serpstatbot.com/; abuse@serpstatbot.com)"
176.9.18.183 - - [02/Mar/2026:02:27:26 +0800] "GET /news/portfolio-category/hot-dip-galvanized-coil HTTP/1.1" 200 21203 "-" "serpstatbot/2.1 (advanced backlink tracking bot; https://serpstatbot.com/; abuse@serpstatbot.com)"
36.133.115.36 - - [02/Mar/2026:02:27:55 +0800] "POST /wp-cron.php?doing_wp_cron=1772389675.2295570373535156250000 HTTP/1.1" 200 31 "-" "WordPress/6.9; http://cqqizhou.com"
176.9.18.183 - - [02/Mar/2026:02:27:55 +0800] "GET /news/portfolio-category/dual-phase-steel HTTP/1.1" 200 21159 "-" "serpstatbot/2.1 (advanced backlink tracking bot; https://serpstatbot.com/; abuse@serpstatbot.com)"
176.9.18.183 - - [02/Mar/2026:02:28:24 +0800] "GET /news/portfolio-category/cold-rolled-coil HTTP/1.1" 200 21198 "-" "serpstatbot/2.1 (advanced backlink tracking bot; https://serpstatbot.com/; abuse@serpstatbot.com)"
176.9.18.183 - - [02/Mar/2026:02:28:55 +0800] "GET /news/page/2 HTTP/1.1" 200 26113 "-" "serpstatbot/2.1 (advanced backlink tracking bot; https://serpstatbot.com/; abuse@serpstatbot.com)"
36.133.115.36 - - [02/Mar/2026:02:28:59 +0800] "POST /wp-cron.php?doing_wp_cron=1772389739.3379540443420410156250 HTTP/1.1" 200 31 "-" "WordPress/6.9; http://cqqizhou.com"
52.167.144.172 - - [02/Mar/2026:02:28:59 +0800] "GET /page/2 HTTP/1.1" 200 34881 "-" "Mozilla/5.0 AppleWebKit/537.36 (KHTML, like Gecko; compatible; bingbot/2.0; +http://www.bing.com/bingbot.htm) Chrome/116.0.1938.76 Safari/537.36"
176.9.18.183 - - [02/Mar/2026:02:29:23 +0800] "GET /about HTTP/1.1" 200 30073 "-" "serpstatbot/2.1 (advanced backlink tracking bot; https://serpstatbot.com/; abuse@serpstatbot.com)"
176.9.18.183 - - [02/Mar/2026:02:29:51 +0800] "GET /bug HTTP/1.1" 200 12843 "-" "serpstatbot/2.1 (advanced backlink tracking bot; https://serpstatbot.com/; abuse@serpstatbot.com)"
176.9.18.183 - - [02/Mar/2026:02:30:20 +0800] "GET /club HTTP/1.1" 200 13083 "-" "serpstatbot/2.1 (advanced backlink tracking bot; https://serpstatbot.com/; abuse@serpstatbot.com)"
176.9.18.183 - - [02/Mar/2026:02:30:48 +0800] "GET /company-news HTTP/1.1" 200 25954 "-" "serpstatbot/2.1 (advanced backlink tracking bot; https://serpstatbot.com/; abuse@serpstatbot.com)"
176.9.18.183 - - [02/Mar/2026:02:31:14 +0800] "GET /contacts HTTP/1.1" 200 21785 "-" "serpstatbot/2.1 (advanced backlink tracking bot; https://serpstatbot.com/; abuse@serpstatbot.com)"
176.9.18.183 - - [02/Mar/2026:02:31:41 +0800] "GET /industry HTTP/1.1" 200 24332 "-" "serpstatbot/2.1 (advanced backlink tracking bot; https://serpstatbot.com/; abuse@serpstatbot.com)"
176.9.18.183 - - [02/Mar/2026:02:32:07 +0800] "GET /logistics HTTP/1.1" 200 31205 "-" "serpstatbot/2.1 (advanced backlink tracking bot; https://serpstatbot.com/; abuse@serpstatbot.com)"
176.9.18.183 - - [02/Mar/2026:02:32:36 +0800] "GET /media HTTP/1.1" 200 31808 "-" "serpstatbot/2.1 (advanced backlink tracking bot; https://serpstatbot.com/; abuse@serpstatbot.com)"
176.9.18.183 - - [02/Mar/2026:02:33:00 +0800] "GET /news HTTP/1.1" 200 25829 "-" "serpstatbot/2.1 (advanced backlink tracking bot; https://serpstatbot.com/; abuse@serpstatbot.com)"
176.9.18.183 - - [02/Mar/2026:02:33:28 +0800] "GET /news/2052 HTTP/1.1" 200 25773 "-" "serpstatbot/2.1 (advanced backlink tracking bot; https://serpstatbot.com/; abuse@serpstatbot.com)"
176.9.18.183 - - [02/Mar/2026:02:33:55 +0800] "GET /news/2153 HTTP/1.1" 200 24487 "-" "serpstatbot/2.1 (advanced backlink tracking bot; https://serpstatbot.com/; abuse@serpstatbot.com)"
176.9.18.183 - - [02/Mar/2026:02:34:21 +0800] "GET /news/2155 HTTP/1.1" 200 29170 "-" "serpstatbot/2.1 (advanced backlink tracking bot; https://serpstatbot.com/; abuse@serpstatbot.com)"
176.9.18.183 - - [02/Mar/2026:02:34:48 +0800] "GET /news/2159 HTTP/1.1" 200 28789 "-" "serpstatbot/2.1 (advanced backlink tracking bot; https://serpstatbot.com/; abuse@serpstatbot.com)"
176.9.18.183 - - [02/Mar/2026:02:35:17 +0800] "GET /news/2160 HTTP/1.1" 200 29570 "-" "serpstatbot/2.1 (advanced backlink tracking bot; https://serpstatbot.com/; abuse@serpstatbot.com)"
176.9.18.183 - - [02/Mar/2026:02:35:44 +0800] "GET /news/2162 HTTP/1.1" 200 25297 "-" "serpstatbot/2.1 (advanced backlink tracking bot; https://serpstatbot.com/; abuse@serpstatbot.com)"
176.9.18.183 - - [02/Mar/2026:02:36:12 +0800] "GET /news/2163 HTTP/1.1" 200 23959 "-" "serpstatbot/2.1 (advanced backlink tracking bot; https://serpstatbot.com/; abuse@serpstatbot.com)"
36.133.115.36 - - [02/Mar/2026:02:36:43 +0800] "POST /wp-cron.php?doing_wp_cron=1772390203.6843340396881103515625 HTTP/1.1" 200 31 "-" "WordPress/6.9; http://cqqizhou.com"
176.9.18.183 - - [02/Mar/2026:02:36:43 +0800] "GET /news/2164 HTTP/1.1" 200 23691 "-" "serpstatbot/2.1 (advanced backlink tracking bot; https://serpstatbot.com/; abuse@serpstatbot.com)"
176.9.18.183 - - [02/Mar/2026:02:37:09 +0800] "GET /news/2165 HTTP/1.1" 200 27051 "-" "serpstatbot/2.1 (advanced backlink tracking bot; https://serpstatbot.com/; abuse@serpstatbot.com)"
176.9.18.183 - - [02/Mar/2026:02:37:34 +0800] "GET /news/2214 HTTP/1.1" 200 25978 "-" "serpstatbot/2.1 (advanced backlink tracking bot; https://serpstatbot.com/; abuse@serpstatbot.com)"
176.9.18.183 - - [02/Mar/2026:02:38:00 +0800] "GET /news/2215 HTTP/1.1" 200 24117 "-" "serpstatbot/2.1 (advanced backlink tracking bot; https://serpstatbot.com/; abuse@serpstatbot.com)"
176.9.18.183 - - [02/Mar/2026:02:38:27 +0800] "GET /news/2231 HTTP/1.1" 200 23683 "-" "serpstatbot/2.1 (advanced backlink tracking bot; https://serpstatbot.com/; abuse@serpstatbot.com)"
176.9.18.183 - - [02/Mar/2026:02:38:53 +0800] "GET /news/2339 HTTP/1.1" 200 24670 "-" "serpstatbot/2.1 (advanced backlink tracking bot; https://serpstatbot.com/; abuse@serpstatbot.com)"
176.9.18.183 - - [02/Mar/2026:02:39:19 +0800] "GET /news/2354 HTTP/1.1" 200 24476 "-" "serpstatbot/2.1 (advanced backlink tracking bot; https://serpstatbot.com/; abuse@serpstatbot.com)"
176.9.18.183 - - [02/Mar/2026:02:39:44 +0800] "GET /news/2361 HTTP/1.1" 200 25070 "-" "serpstatbot/2.1 (advanced backlink tracking bot; https://serpstatbot.com/; abuse@serpstatbot.com)"
176.9.18.183 - - [02/Mar/2026:02:40:12 +0800] "GET /news/2483 HTTP/1.1" 200 24340 "-" "serpstatbot/2.1 (advanced backlink tracking bot; https://serpstatbot.com/; abuse@serpstatbot.com)"
176.9.18.183 - - [02/Mar/2026:02:40:37 +0800] "GET /news/2486 HTTP/1.1" 200 24060 "-" "serpstatbot/2.1 (advanced backlink tracking bot; https://serpstatbot.com/; abuse@serpstatbot.com)"
176.9.18.183 - - [02/Mar/2026:02:41:04 +0800] "GET /news/2496 HTTP/1.1" 200 28100 "-" "serpstatbot/2.1 (advanced backlink tracking bot; https://serpstatbot.com/; abuse@serpstatbot.com)"
176.9.18.183 - - [02/Mar/2026:02:41:30 +0800] "GET /news/2505 HTTP/1.1" 200 24435 "-" "serpstatbot/2.1 (advanced backlink tracking bot; https://serpstatbot.com/; abuse@serpstatbot.com)"
198.244.168.89 - - [02/Mar/2026:02:41:50 +0800] "GET /news/portfolio-category/pickled-coil HTTP/1.1" 200 21180 "-" "Mozilla/5.0 (compatible; AhrefsBot/7.0; +http://ahrefs.com/robot/)"
36.133.115.36 - - [02/Mar/2026:02:41:54 +0800] "POST /wp-cron.php?doing_wp_cron=1772390514.6777698993682861328125 HTTP/1.1" 200 31 "-" "WordPress/6.9; http://cqqizhou.com"
209.38.82.198 - - [02/Mar/2026:02:41:54 +0800] "GET /.git/config HTTP/1.1" 404 8949 "-" "Mozilla/5.0 (X11; Linux x86_64) AppleWebKit/537.36 (KHTML, like Gecko) Chrome/81.0.4044.129 Safari/537.36"
36.133.115.36 - - [02/Mar/2026:02:53:18 +0800] "POST /wp-cron.php?doing_wp_cron=1772391198.4945259094238281250000 HTTP/1.1" 200 31 "-" "WordPress/6.9; http://cqqizhou.com"
176.9.18.183 - - [02/Mar/2026:02:53:18 +0800] "GET /policy/ HTTP/1.1" 404 8948 "-" "serpstatbot/2.1 (advanced backlink tracking bot; https://serpstatbot.com/; abuse@serpstatbot.com)"
176.9.18.183 - - [02/Mar/2026:02:54:06 +0800] "GET /portfolio-category/cold-rolled-coil/ HTTP/1.1" 404 8948 "-" "serpstatbot/2.1 (advanced backlink tracking bot; https://serpstatbot.com/; abuse@serpstatbot.com)"
36.133.115.36 - - [02/Mar/2026:02:54:37 +0800] "POST /wp-cron.php?doing_wp_cron=1772391277.1165070533752441406250 HTTP/1.1" 200 31 "-" "WordPress/6.9; http://cqqizhou.com"
176.9.18.183 - - [02/Mar/2026:02:54:37 +0800] "GET /portfolio-category/dual-phase-steel/ HTTP/1.1" 404 8948 "-" "serpstatbot/2.1 (advanced backlink tracking bot; https://serpstatbot.com/; abuse@serpstatbot.com)"
36.133.115.36 - - [02/Mar/2026:02:55:09 +0800] "POST /wp-cron.php?doing_wp_cron=1772391309.3654038906097412109375 HTTP/1.1" 200 31 "-" "WordPress/6.9; http://cqqizhou.com"
176.9.18.183 - - [02/Mar/2026:02:55:09 +0800] "GET /portfolio-tag/%E9%9E%8D%E9%92%A2%E8%92%82%E6%A3%AE/ HTTP/1.1" 404 8948 "-" "serpstatbot/2.1 (advanced backlink tracking bot; https://serpstatbot.com/; abuse@serpstatbot.com)"
176.9.18.183 - - [02/Mar/2026:02:55:40 +0800] "GET /portfolio/ HTTP/1.1" 404 8947 "-" "serpstatbot/2.1 (advanced backlink tracking bot; https://serpstatbot.com/; abuse@serpstatbot.com)"
36.133.115.36 - - [02/Mar/2026:02:56:10 +0800] "POST /wp-cron.php?doing_wp_cron=1772391370.9611370563507080078125 HTTP/1.1" 200 31 "-" "WordPress/6.9; http://cqqizhou.com"
58.87.190.29 - - [02/Mar/2026:02:56:11 +0800] "GET / HTTP/1.1" 301 5 "-" "Go-http-client/1.1"
176.9.18.183 - - [02/Mar/2026:02:56:12 +0800] "GET /business/ HTTP/1.1" 404 8948 "-" "serpstatbot/2.1 (advanced backlink tracking bot; https://serpstatbot.com/; abuse@serpstatbot.com)"
58.87.190.29 - - [02/Mar/2026:02:56:13 +0800] "GET / HTTP/1.1" 200 40654 "http://36.133.115.36" "Go-http-client/1.1"
176.9.18.183 - - [02/Mar/2026:02:57:09 +0800] "GET /news/2464 HTTP/1.1" 200 23617 "-" "serpstatbot/2.1 (advanced backlink tracking bot; https://serpstatbot.com/; abuse@serpstatbot.com)"
36.133.115.36 - - [02/Mar/2026:02:57:41 +0800] "POST /wp-cron.php?doing_wp_cron=1772391461.2554640769958496093750 HTTP/1.1" 200 31 "-" "WordPress/6.9; http://cqqizhou.com"
176.9.18.183 - - [02/Mar/2026:02:57:41 +0800] "GET /2388/ HTTP/1.1" 301 5 "-" "serpstatbot/2.1 (advanced backlink tracking bot; https://serpstatbot.com/; abuse@serpstatbot.com)"
176.9.18.183 - - [02/Mar/2026:02:58:09 +0800] "GET /company-news/page/2 HTTP/1.1" 200 23386 "-" "serpstatbot/2.1 (advanced backlink tracking bot; https://serpstatbot.com/; abuse@serpstatbot.com)"
36.133.115.36 - - [02/Mar/2026:02:58:41 +0800] "POST /wp-cron.php?doing_wp_cron=1772391521.3764569759368896484375 HTTP/1.1" 200 31 "-" "WordPress/6.9; http://cqqizhou.com"
176.9.18.183 - - [02/Mar/2026:02:58:41 +0800] "GET /media/2 HTTP/1.1" 200 26195 "-" "serpstatbot/2.1 (advanced backlink tracking bot; https://serpstatbot.com/; abuse@serpstatbot.com)"
36.133.115.36 - - [02/Mar/2026:02:59:13 +0800] "POST /wp-cron.php?doing_wp_cron=1772391553.5879940986633300781250 HTTP/1.1" 200 31 "-" "WordPress/6.9; http://cqqizhou.com"
176.9.18.183 - - [02/Mar/2026:02:59:13 +0800] "GET /media/3 HTTP/1.1" 200 26020 "-" "serpstatbot/2.1 (advanced backlink tracking bot; https://serpstatbot.com/; abuse@serpstatbot.com)"
176.9.18.183 - - [02/Mar/2026:02:59:44 +0800] "GET /services/qzgyl@cq-qizhou.com HTTP/1.1" 404 8949 "-" "serpstatbot/2.1 (advanced backlink tracking bot; https://serpstatbot.com/; abuse@serpstatbot.com)"
36.133.115.36 - - [02/Mar/2026:03:00:17 +0800] "POST /wp-cron.php?doing_wp_cron=1772391617.4792029857635498046875 HTTP/1.1" 200 31 "-" "WordPress/6.9; http://cqqizhou.com"
176.9.18.183 - - [02/Mar/2026:03:00:17 +0800] "GET /process/processing HTTP/1.1" 301 5 "-" "serpstatbot/2.1 (advanced backlink tracking bot; https://serpstatbot.com/; abuse@serpstatbot.com)"
176.9.18.183 - - [02/Mar/2026:03:00:46 +0800] "GET /media/4 HTTP/1.1" 200 26204 "-" "serpstatbot/2.1 (advanced backlink tracking bot; https://serpstatbot.com/; abuse@serpstatbot.com)"
36.133.115.36 - - [02/Mar/2026:03:01:16 +0800] "POST /wp-cron.php?doing_wp_cron=1772391676.5403370857238769531250 HTTP/1.1" 200 31 "-" "WordPress/6.9; http://cqqizhou.com"
176.9.18.183 - - [02/Mar/2026:03:01:16 +0800] "GET /media/5 HTTP/1.1" 200 26172 "-" "serpstatbot/2.1 (advanced backlink tracking bot; https://serpstatbot.com/; abuse@serpstatbot.com)"
176.9.18.183 - - [02/Mar/2026:03:01:46 +0800] "GET /news/2440 HTTP/1.1" 200 25626 "-" "serpstatbot/2.1 (advanced backlink tracking bot; https://serpstatbot.com/; abuse@serpstatbot.com)"
176.9.18.183 - - [02/Mar/2026:03:02:12 +0800] "GET /news/2475 HTTP/1.1" 200 26814 "-" "serpstatbot/2.1 (advanced backlink tracking bot; https://serpstatbot.com/; abuse@serpstatbot.com)"
176.9.18.183 - - [02/Mar/2026:03:02:43 +0800] "GET /news/2420 HTTP/1.1" 200 23554 "-" "serpstatbot/2.1 (advanced backlink tracking bot; https://serpstatbot.com/; abuse@serpstatbot.com)"
36.133.115.36 - - [02/Mar/2026:03:03:12 +0800] "POST /wp-cron.php?doing_wp_cron=1772391792.7668919563293457031250 HTTP/1.1" 200 31 "-" "WordPress/6.9; http://cqqizhou.com"
176.9.18.183 - - [02/Mar/2026:03:03:12 +0800] "GET /news/page/1 HTTP/1.1" 301 5 "-" "serpstatbot/2.1 (advanced backlink tracking bot; https://serpstatbot.com/; abuse@serpstatbot.com)"
176.9.18.183 - - [02/Mar/2026:03:03:39 +0800] "GET /news/page/3 HTTP/1.1" 200 24107 "-" "serpstatbot/2.1 (advanced backlink tracking bot; https://serpstatbot.com/; abuse@serpstatbot.com)"
176.9.18.183 - - [02/Mar/2026:03:04:09 +0800] "GET /news/portfolio HTTP/1.1" 200 20716 "-" "serpstatbot/2.1 (advanced backlink tracking bot; https://serpstatbot.com/; abuse@serpstatbot.com)"
176.9.18.183 - - [02/Mar/2026:03:04:38 +0800] "GET /news/portfolio-tag/ansteel-thyssen HTTP/1.1" 200 22586 "-" "serpstatbot/2.1 (advanced backlink tracking bot; https://serpstatbot.com/; abuse@serpstatbot.com)"
176.9.18.183 - - [02/Mar/2026:03:05:08 +0800] "GET /news/2373 HTTP/1.1" 200 26424 "-" "serpstatbot/2.1 (advanced backlink tracking bot; https://serpstatbot.com/; abuse@serpstatbot.com)"
176.9.18.183 - - [02/Mar/2026:03:05:38 +0800] "GET /news/portfolio-tag/pangang HTTP/1.1" 200 21181 "-" "serpstatbot/2.1 (advanced backlink tracking bot; https://serpstatbot.com/; abuse@serpstatbot.com)"
176.9.18.183 - - [02/Mar/2026:03:06:04 +0800] "GET /news/2418 HTTP/1.1" 200 27457 "-" "serpstatbot/2.1 (advanced backlink tracking bot; https://serpstatbot.com/; abuse@serpstatbot.com)"
176.9.18.183 - - [02/Mar/2026:03:06:32 +0800] "GET /news/2388 HTTP/1.1" 200 24578 "-" "serpstatbot/2.1 (advanced backlink tracking bot; https://serpstatbot.com/; abuse@serpstatbot.com)"
36.133.115.36 - - [02/Mar/2026:03:15:50 +0800] "POST /wp-cron.php?doing_wp_cron=1772392550.8898758888244628906250 HTTP/1.1" 200 31 "-" "WordPress/6.9; http://cqqizhou.com"
3.39.71.36 - - [02/Mar/2026:03:15:50 +0800] "GET / HTTP/1.1" 301 5 "-" "Go-http-client/1.1"
3.39.71.36 - - [02/Mar/2026:03:15:51 +0800] "GET / HTTP/1.1" 200 40654 "http://36.133.115.36" "Go-http-client/1.1"
36.133.115.36 - - [02/Mar/2026:03:26:48 +0800] "POST /wp-cron.php?doing_wp_cron=1772393208.2039721012115478515625 HTTP/1.1" 200 31 "-" "WordPress/6.9; http://cqqizhou.com"
176.9.18.183 - - [02/Mar/2026:03:26:48 +0800] "GET /news/tag/%E7%89%A9%E6%B5%81 HTTP/1.1" 200 21199 "-" "serpstatbot/2.1 (advanced backlink tracking bot; https://serpstatbot.com/; abuse@serpstatbot.com)"
36.133.115.36 - - [02/Mar/2026:03:27:20 +0800] "POST /wp-cron.php?doing_wp_cron=1772393240.7022678852081298828125 HTTP/1.1" 200 31 "-" "WordPress/6.9; http://cqqizhou.com"
176.9.18.183 - - [02/Mar/2026:03:27:20 +0800] "GET /news/tag/%E5%8D%9A%E8%81%94%E8%BE%BE HTTP/1.1" 200 21217 "-" "serpstatbot/2.1 (advanced backlink tracking bot; https://serpstatbot.com/; abuse@serpstatbot.com)"
176.9.18.183 - - [02/Mar/2026:03:27:52 +0800] "GET /news/portfolio-category/pickled-coil HTTP/1.1" 200 21180 "-" "serpstatbot/2.1 (advanced backlink tracking bot; https://serpstatbot.com/; abuse@serpstatbot.com)"
36.133.115.36 - - [02/Mar/2026:03:28:22 +0800] "POST /wp-cron.php?doing_wp_cron=1772393302.4455521106719970703125 HTTP/1.1" 200 31 "-" "WordPress/6.9; http://cqqizhou.com"
176.9.18.183 - - [02/Mar/2026:03:28:22 +0800] "GET /company-news/page/1 HTTP/1.1" 301 5 "-" "serpstatbot/2.1 (advanced backlink tracking bot; https://serpstatbot.com/; abuse@serpstatbot.com)"
36.133.115.36 - - [02/Mar/2026:03:30:31 +0800] "POST /wp-cron.php?doing_wp_cron=1772393431.6541988849639892578125 HTTP/1.1" 200 31 "-" "WordPress/6.9; http://cqqizhou.com"
43.130.34.74 - - [02/Mar/2026:03:30:31 +0800] "GET / HTTP/1.1" 200 34764 "-" "Mozilla/5.0 (iPhone; CPU iPhone OS 13_2_3 like Mac OS X) AppleWebKit/605.1.15 (KHTML, like Gecko) Version/13.0.3 Mobile/15E148 Safari/604.1"
198.244.240.104 - - [02/Mar/2026:03:34:13 +0800] "GET /news/2502 HTTP/1.1" 200 24673 "-" "Mozilla/5.0 (compatible; AhrefsBot/7.0; +http://ahrefs.com/robot/)"
36.133.115.36 - - [02/Mar/2026:03:36:08 +0800] "POST /wp-cron.php?doing_wp_cron=1772393768.2792129516601562500000 HTTP/1.1" 200 31 "-" "WordPress/6.9; http://cqqizhou.com"
17.22.237.23 - - [02/Mar/2026:03:36:08 +0800] "GET /robots.txt HTTP/1.1" 200 190 "-" "Mozilla/5.0 (Macintosh; Intel Mac OS X 10_15_7) AppleWebKit/605.1.15 (KHTML, like Gecko) Version/17.4 Safari/605.1.15 (Applebot/0.1; +http://www.apple.com/go/applebot)"
17.22.237.23 - - [02/Mar/2026:03:36:08 +0800] "GET / HTTP/1.1" 200 40654 "-" "Mozilla/5.0 (Macintosh; Intel Mac OS X 10_15_7) AppleWebKit/605.1.15 (KHTML, like Gecko) Version/17.4 Safari/605.1.15 (Applebot/0.1; +http://www.apple.com/go/applebot)"
36.133.115.36 - - [02/Mar/2026:03:38:18 +0800] "POST /wp-cron.php?doing_wp_cron=1772393898.5845270156860351562500 HTTP/1.1" 200 31 "-" "WordPress/6.9; http://cqqizhou.com"
207.46.13.6 - - [02/Mar/2026:03:38:18 +0800] "GET /sitemaps.xml HTTP/1.1" 301 5 "-" "Mozilla/5.0 AppleWebKit/537.36 (KHTML, like Gecko; compatible; bingbot/2.0; +http://www.bing.com/bingbot.htm) Chrome/116.0.1938.76 Safari/537.36"
36.133.115.36 - - [02/Mar/2026:03:38:29 +0800] "POST /wp-cron.php?doing_wp_cron=1772393909.8620159626007080078125 HTTP/1.1" 200 31 "-" "WordPress/6.9; http://cqqizhou.com"
207.46.13.153 - - [02/Mar/2026:03:38:29 +0800] "GET /sitemaps.xml HTTP/1.1" 404 8948 "-" "Mozilla/5.0 AppleWebKit/537.36 (KHTML, like Gecko; compatible; bingbot/2.0; +http://www.bing.com/bingbot.htm) Chrome/116.0.1938.76 Safari/537.36"
36.133.115.36 - - [02/Mar/2026:03:48:34 +0800] "POST /wp-cron.php?doing_wp_cron=1772394514.7479178905487060546875 HTTP/1.1" 200 31 "-" "WordPress/6.9; http://cqqizhou.com"
89.42.231.241 - - [02/Mar/2026:03:48:34 +0800] "GET /SDK/webLanguage HTTP/1.1" 301 5 "-" "Mozilla/5.0 (Windows NT 10.0; Win64; x64) AppleWebKit/537.36 (KHTML, like Gecko) Chrome/90.0.4430.85 Safari/537.36 Edg/90.0.818.46"
36.133.115.36 - - [02/Mar/2026:03:58:54 +0800] "POST /wp-cron.php?doing_wp_cron=1772395134.3460218906402587890625 HTTP/1.1" 200 31 "-" "WordPress/6.9; http://cqqizhou.com"
176.9.18.183 - - [02/Mar/2026:03:58:54 +0800] "GET /services/qzgyl@cq-qizhou.com HTTP/1.1" 404 8949 "-" "serpstatbot/2.1 (advanced backlink tracking bot; https://serpstatbot.com/; abuse@serpstatbot.com)"
36.133.115.36 - - [02/Mar/2026:04:07:17 +0800] "POST /wp-cron.php?doing_wp_cron=1772395637.2554080486297607421875 HTTP/1.1" 200 31 "-" "WordPress/6.9; http://cqqizhou.com"
40.77.167.5 - - [02/Mar/2026:04:07:17 +0800] "GET /2354/ HTTP/1.1" 301 5 "-" "Mozilla/5.0 AppleWebKit/537.36 (KHTML, like Gecko; compatible; bingbot/2.0; +http://www.bing.com/bingbot.htm) Chrome/116.0.1938.76 Safari/537.36"
36.133.115.36 - - [02/Mar/2026:04:09:31 +0800] "POST /wp-cron.php?doing_wp_cron=1772395771.6348540782928466796875 HTTP/1.1" 200 31 "-" "WordPress/6.9; http://cqqizhou.com"
16.24.26.106 - - [02/Mar/2026:04:09:31 +0800] "GET / HTTP/1.1" 301 5 "-" "Go-http-client/1.1"
16.24.26.106 - - [02/Mar/2026:04:09:32 +0800] "GET / HTTP/1.1" 200 40654 "http://36.133.115.36" "Go-http-client/1.1"
110.249.202.120 - - [02/Mar/2026:04:10:42 +0800] "GET /wp-content/uploads/2025/12/1766388812-Article_images_2025072410.webp HTTP/1.1" 200 51320 "http://cqqizhou.com/news/2373" "Mozilla/5.0 (Linux; Android 5.0) AppleWebKit/537.36 (KHTML, like Gecko) Mobile Safari/537.36 (compatible; Bytespider; https://zhanzhang.toutiao.com/)"
40.77.167.5 - - [02/Mar/2026:04:17:42 +0800] "GET /wp-content/uploads/2025/12/1765862012-DSC20251216131140.webp HTTP/1.1" 200 78744 "-" "Mozilla/5.0 AppleWebKit/537.36 (KHTML, like Gecko; compatible; bingbot/2.0; +http://www.bing.com/bingbot.htm) Chrome/116.0.1938.76 Safari/537.36"
36.133.115.36 - - [02/Mar/2026:04:20:05 +0800] "POST /wp-cron.php?doing_wp_cron=1772396405.5348300933837890625000 HTTP/1.1" 200 31 "-" "WordPress/6.9; http://cqqizhou.com"
114.119.142.84 - - [02/Mar/2026:04:20:05 +0800] "GET /wp-sitemap.xml HTTP/1.1" 501 253 "-" "Mozilla/5.0 (Linux; Android 7.0;) AppleWebKit/537.36 (KHTML, like Gecko) Mobile Safari/537.36 (compatible; PetalBot;+https://webmaster.petalsearch.com/site/petalbot)"
198.244.183.178 - - [02/Mar/2026:04:30:52 +0800] "GET /news/portfolio/remaining-rolls HTTP/1.1" 200 22258 "-" "Mozilla/5.0 (compatible; AhrefsBot/7.0; +http://ahrefs.com/robot/)"
36.133.115.36 - - [02/Mar/2026:04:32:00 +0800] "POST /wp-cron.php?doing_wp_cron=1772397120.8584270477294921875000 HTTP/1.1" 200 31 "-" "WordPress/6.9; http://cqqizhou.com"
114.119.130.199 - - [02/Mar/2026:04:32:00 +0800] "GET /wp-sitemap.xml HTTP/1.1" 501 253 "-" "Mozilla/5.0 (Linux; Android 7.0;) AppleWebKit/537.36 (KHTML, like Gecko) Mobile Safari/537.36 (compatible; PetalBot;+https://webmaster.petalsearch.com/site/petalbot)"
36.133.115.36 - - [02/Mar/2026:04:39:37 +0800] "POST /wp-cron.php?doing_wp_cron=1772397577.3711450099945068359375 HTTP/1.1" 200 31 "-" "WordPress/6.9; http://cqqizhou.com"
91.208.197.218 - - [02/Mar/2026:04:39:37 +0800] "GET / HTTP/1.1" 200 34765 "-" "Mozilla/5.0"
91.208.197.218 - - [02/Mar/2026:04:39:38 +0800] "POST /php-cgi/php-cgi.exe?%ADd+cgi.force_redirect%3d0+%ADd+cgi.redirect_status_env+%ADd+allow_url_include%3d1+%ADd+auto_prepend_file%3dphp://input HTTP/1.1" 404 8949 "-" "Mozilla/5.0"
91.208.197.218 - - [02/Mar/2026:04:39:40 +0800] "GET /ggsbd8.php HTTP/1.1" 404 47 "-" "Go-http-client/1.1"
36.133.115.36 - - [02/Mar/2026:04:41:05 +0800] "POST /wp-cron.php?doing_wp_cron=1772397665.0716710090637207031250 HTTP/1.1" 200 31 "-" "WordPress/6.9; http://cqqizhou.com"
101.67.137.92 - - [02/Mar/2026:04:41:05 +0800] "GET / HTTP/1.1" 200 157103 "-" "-"
36.133.115.36 - - [02/Mar/2026:04:41:34 +0800] "POST /wp-cron.php?doing_wp_cron=1772397694.6785500049591064453125 HTTP/1.1" 200 31 "-" "WordPress/6.9; http://cqqizhou.com"
124.117.193.246 - - [02/Mar/2026:04:41:34 +0800] "GET / HTTP/1.1" 301 5 "-" "Mozilla/5.0 (Windows NT 6.1) AppleWebKit/537.36 (KHTML, like Gecko) Chrome/49.0.2623.112 Safari/537.36"
36.133.115.36 - - [02/Mar/2026:04:45:17 +0800] "POST /wp-cron.php?doing_wp_cron=1772397917.2582290172576904296875 HTTP/1.1" 200 31 "-" "WordPress/6.9; http://cqqizhou.com"
66.249.73.8 - - [02/Mar/2026:04:45:17 +0800] "GET /news/2420 HTTP/1.1" 200 19502 "-" "Mozilla/5.0 (Linux; Android 6.0.1; Nexus 5X Build/MMB29P) AppleWebKit/537.36 (KHTML, like Gecko) Chrome/144.0.7559.132 Mobile Safari/537.36 (compatible; Googlebot/2.1; +http://www.google.com/bot.html)"
36.133.115.36 - - [02/Mar/2026:04:48:25 +0800] "POST /wp-cron.php?doing_wp_cron=1772398105.0888559818267822265625 HTTP/1.1" 200 31 "-" "WordPress/6.9; http://cqqizhou.com"
110.166.71.39 - - [02/Mar/2026:04:48:25 +0800] "GET / HTTP/1.1" 200 34765 "-" "Mozilla/5.0 (iPhone; CPU iPhone OS 13_2_3 like Mac OS X) AppleWebKit/605.1.15 (KHTML, like Gecko) Version/13.0.3 Mobile/15E148 Safari/604.1"
36.133.115.36 - - [02/Mar/2026:04:56:40 +0800] "POST /wp-cron.php?doing_wp_cron=1772398600.8958148956298828125000 HTTP/1.1" 200 31 "-" "WordPress/6.9; http://cqqizhou.com"
204.76.203.18 - - [02/Mar/2026:04:56:40 +0800] "GET /bin/ HTTP/1.1" 301 5 "-" "-"
110.249.201.147 - - [02/Mar/2026:05:19:45 +0800] "GET /wp-content/uploads/2025/12/1766388810-Article_images_202507248.webp HTTP/1.1" 200 75872 "http://cqqizhou.com/news/2373" "Mozilla/5.0 (Linux; Android 5.0) AppleWebKit/537.36 (KHTML, like Gecko) Mobile Safari/537.36 (compatible; Bytespider; https://zhanzhang.toutiao.com/)"
36.133.115.36 - - [02/Mar/2026:05:21:29 +0800] "POST /wp-cron.php?doing_wp_cron=1772400089.1575388908386230468750 HTTP/1.1" 200 31 "-" "WordPress/6.9; http://cqqizhou.com"
170.106.148.137 - - [02/Mar/2026:05:21:29 +0800] "GET / HTTP/1.1" 301 5 "-" "Mozilla/5.0 (iPhone; CPU iPhone OS 13_2_3 like Mac OS X) AppleWebKit/605.1.15 (KHTML, like Gecko) Version/13.0.3 Mobile/15E148 Safari/604.1"
170.106.148.137 - - [02/Mar/2026:05:21:31 +0800] "GET / HTTP/1.1" 200 34764 "http://www.cqqizhou.com" "Mozilla/5.0 (iPhone; CPU iPhone OS 13_2_3 like Mac OS X) AppleWebKit/605.1.15 (KHTML, like Gecko) Version/13.0.3 Mobile/15E148 Safari/604.1"
54.38.147.239 - - [02/Mar/2026:05:26:05 +0800] "GET /news/2502 HTTP/1.1" 200 24673 "-" "Mozilla/5.0 (compatible; AhrefsBot/7.0; +http://ahrefs.com/robot/)"
36.133.115.36 - - [02/Mar/2026:05:40:51 +0800] "POST /wp-cron.php?doing_wp_cron=1772401251.0864710807800292968750 HTTP/1.1" 200 31 "-" "WordPress/6.9; http://cqqizhou.com"
43.156.109.53 - - [02/Mar/2026:05:40:51 +0800] "GET / HTTP/1.1" 301 5 "-" "Mozilla/5.0 (iPhone; CPU iPhone OS 13_2_3 like Mac OS X) AppleWebKit/605.1.15 (KHTML, like Gecko) Version/13.0.3 Mobile/15E148 Safari/604.1"
43.156.109.53 - - [02/Mar/2026:05:40:52 +0800] "GET / HTTP/1.1" 200 34764 "http://36.133.115.36" "Mozilla/5.0 (iPhone; CPU iPhone OS 13_2_3 like Mac OS X) AppleWebKit/605.1.15 (KHTML, like Gecko) Version/13.0.3 Mobile/15E148 Safari/604.1"
36.133.115.36 - - [02/Mar/2026:05:53:19 +0800] "POST /wp-cron.php?doing_wp_cron=1772401999.1610529422760009765625 HTTP/1.1" 200 31 "-" "WordPress/6.9; http://cqqizhou.com"
162.142.125.203 - - [02/Mar/2026:05:53:19 +0800] "GET /sitemap.xml HTTP/1.1" 200 535 "-" "Mozilla/5.0 (compatible; CensysInspect/1.1; +https://about.censys.io/)"
162.142.125.203 - - [02/Mar/2026:05:53:28 +0800] "GET /oo965gpl9kdtask1c HTTP/1.1" 404 8948 "-" "Mozilla/5.0 (compatible; CensysInspect/1.1; +https://about.censys.io/)"
36.133.115.36 - - [02/Mar/2026:05:54:21 +0800] "POST /wp-cron.php?doing_wp_cron=1772402061.8077359199523925781250 HTTP/1.1" 200 31 "-" "WordPress/6.9; http://cqqizhou.com"
167.94.138.124 - - [02/Mar/2026:05:54:21 +0800] "GET / HTTP/1.1" 301 5 "-" "Mozilla/5.0 (compatible; CensysInspect/1.1; +https://about.censys.io/)"
36.133.115.36 - - [02/Mar/2026:05:55:42 +0800] "POST /wp-cron.php?doing_wp_cron=1772402142.5271980762481689453125 HTTP/1.1" 200 31 "-" "WordPress/6.9; http://cqqizhou.com"
167.94.138.124 - - [02/Mar/2026:05:55:42 +0800] "GET /robots.txt HTTP/1.1" 200 190 "-" "Mozilla/5.0 (compatible; CensysInspect/1.1; +https://about.censys.io/)"
167.94.138.124 - - [02/Mar/2026:05:55:53 +0800] "GET /mk_hvlx26i55r HTTP/1.1" 404 8948 "-" "Mozilla/5.0 (compatible; CensysInspect/1.1; +https://about.censys.io/)"
54.38.147.79 - - [02/Mar/2026:06:22:31 +0800] "GET /news/portfolio/hot-dip-galvanized-coil HTTP/1.1" 200 22417 "-" "Mozilla/5.0 (compatible; AhrefsBot/7.0; +http://ahrefs.com/robot/)"
36.133.115.36 - - [02/Mar/2026:06:25:11 +0800] "POST /wp-cron.php?doing_wp_cron=1772403911.1004800796508789062500 HTTP/1.1" 200 31 "-" "WordPress/6.9; http://cqqizhou.com"
180.149.125.171 - - [02/Mar/2026:06:25:11 +0800] "GET / HTTP/1.1" 301 5 "-" "Mozilla/5.0 (Windows NT 5.1; Win64; x64) AppleWebKit/537.36 (KHTML, like Gecko) Chrome/60.0.3112.90 Safari/537.36"
180.149.125.171 - - [02/Mar/2026:06:25:12 +0800] "GET / HTTP/1.1" 200 40654 "http://36.133.115.36/" "Mozilla/5.0 (Windows NT 5.1; Win64; x64) AppleWebKit/537.36 (KHTML, like Gecko) Chrome/60.0.3112.90 Safari/537.36"
144.31.25.220 - - [02/Mar/2026:06:33:33 +0800] "GET / HTTP/1.1" 200 143343 "-" "Mozilla/5.0 (Windows NT 10.0; Win64; x64) Chrome/120.0.0.0"
36.133.115.36 - - [02/Mar/2026:07:03:02 +0800] "POST /wp-cron.php?doing_wp_cron=1772406182.5103139877319335937500 HTTP/1.1" 200 31 "-" "WordPress/6.9; http://cqqizhou.com"
45.153.34.187 - - [02/Mar/2026:07:03:03 +0800] "GET / HTTP/1.1" 200 157103 "-" "Mozilla/5.0"
36.133.115.36 - - [02/Mar/2026:07:13:27 +0800] "POST /wp-cron.php?doing_wp_cron=1772406807.5904989242553710937500 HTTP/1.1" 200 31 "-" "WordPress/6.9; http://cqqizhou.com"
5.39.1.240 - - [02/Mar/2026:07:13:27 +0800] "GET /robots.txt HTTP/1.1" 200 190 "-" "Mozilla/5.0 (compatible; AhrefsBot/7.0; +http://ahrefs.com/robot/)"
148.113.128.156 - - [02/Mar/2026:07:13:31 +0800] "GET /news/portfolio-category/pickled-coil HTTP/1.1" 200 21180 "-" "Mozilla/5.0 (compatible; AhrefsBot/7.0; +http://ahrefs.com/robot/)"
36.133.115.36 - - [02/Mar/2026:07:17:49 +0800] "POST /wp-cron.php?doing_wp_cron=1772407069.6170599460601806640625 HTTP/1.1" 200 31 "-" "WordPress/6.9; http://cqqizhou.com"
176.65.149.233 - - [02/Mar/2026:07:17:50 +0800] "GET / HTTP/1.1" 200 157103 "-" "Mozilla/1.0"
36.133.115.36 - - [02/Mar/2026:07:27:17 +0800] "POST /wp-cron.php?doing_wp_cron=1772407637.2883219718933105468750 HTTP/1.1" 200 31 "-" "WordPress/6.9; http://cqqizhou.com"
66.249.73.8 - - [02/Mar/2026:07:27:17 +0800] "GET /news/2420 HTTP/1.1" 200 19502 "-" "Mozilla/5.0 (Linux; Android 6.0.1; Nexus 5X Build/MMB29P) AppleWebKit/537.36 (KHTML, like Gecko) Chrome/144.0.7559.132 Mobile Safari/537.36 (compatible; Googlebot/2.1; +http://www.google.com/bot.html)"
36.133.115.36 - - [02/Mar/2026:07:33:01 +0800] "POST /wp-cron.php?doing_wp_cron=1772407981.3216779232025146484375 HTTP/1.1" 200 31 "-" "WordPress/6.9; http://cqqizhou.com"
34.135.44.91 - - [02/Mar/2026:07:33:01 +0800] "HEAD /blog/ HTTP/1.1" 404 0 "-" "Mozilla/5.0 (Windows NT 11.0; Win64; x64) AppleWebKit/537.36 (KHTML, like Gecko) Edg/128.0.2790.25 Chrome/128.0.6540.22 Safari/537.36"
34.135.44.91 - - [02/Mar/2026:07:33:02 +0800] "HEAD /new/ HTTP/1.1" 301 0 "-" "Mozilla/5.0 (Linux; Android 14; Xiaomi 14 Pro) AppleWebKit/537.36 (KHTML, like Gecko) Chrome/126.0.6478.33 Mobile Safari/537.36"
