File: /home/logs/cqqizhou_access_2026-02-26.log
36.133.115.36 - - [26/Feb/2026:00:01:00 +0800] "POST /wp-cron.php?doing_wp_cron=1772035260.5080590248107910156250 HTTP/1.1" 200 31 "-" "WordPress/6.9; http://cqqizhou.com"
45.153.34.187 - - [26/Feb/2026:00:01:01 +0800] "GET / HTTP/1.1" 200 157069 "-" "Mozilla/5.0"
36.133.115.36 - - [26/Feb/2026:00:10:30 +0800] "POST /wp-cron.php?doing_wp_cron=1772035830.3255250453948974609375 HTTP/1.1" 200 31 "-" "WordPress/6.9; http://cqqizhou.com"
38.59.249.242 - - [26/Feb/2026:00:10:30 +0800] "POST /hello.world?%ADd+allow_url_include%3d1+%ADd+auto_prepend_file%3dphp://input HTTP/1.1" 404 31365 "-" "libredtail-http"
38.59.249.242 - - [26/Feb/2026:00:10:32 +0800] "POST /?%ADd+allow_url_include%3d1+%ADd+auto_prepend_file%3dphp://input HTTP/1.1" 200 157069 "-" "libredtail-http"
38.59.249.242 - - [26/Feb/2026:00:10:32 +0800] "GET /vendor/phpunit/phpunit/src/Util/PHP/eval-stdin.php HTTP/1.1" 404 27 "-" "libredtail-http"
38.59.249.242 - - [26/Feb/2026:00:10:33 +0800] "GET /vendor/phpunit/phpunit/Util/PHP/eval-stdin.php HTTP/1.1" 404 27 "-" "libredtail-http"
38.59.249.242 - - [26/Feb/2026:00:10:33 +0800] "GET /vendor/phpunit/src/Util/PHP/eval-stdin.php HTTP/1.1" 404 27 "-" "libredtail-http"
38.59.249.242 - - [26/Feb/2026:00:10:34 +0800] "GET /vendor/phpunit/Util/PHP/eval-stdin.php HTTP/1.1" 404 27 "-" "libredtail-http"
38.59.249.242 - - [26/Feb/2026:00:10:34 +0800] "GET /vendor/phpunit/phpunit/LICENSE/eval-stdin.php HTTP/1.1" 404 27 "-" "libredtail-http"
38.59.249.242 - - [26/Feb/2026:00:10:35 +0800] "GET /vendor/vendor/phpunit/phpunit/src/Util/PHP/eval-stdin.php HTTP/1.1" 404 27 "-" "libredtail-http"
38.59.249.242 - - [26/Feb/2026:00:10:35 +0800] "GET /phpunit/phpunit/src/Util/PHP/eval-stdin.php HTTP/1.1" 404 27 "-" "libredtail-http"
38.59.249.242 - - [26/Feb/2026:00:10:36 +0800] "GET /phpunit/phpunit/Util/PHP/eval-stdin.php HTTP/1.1" 404 27 "-" "libredtail-http"
38.59.249.242 - - [26/Feb/2026:00:10:37 +0800] "GET /phpunit/src/Util/PHP/eval-stdin.php HTTP/1.1" 404 27 "-" "libredtail-http"
38.59.249.242 - - [26/Feb/2026:00:10:37 +0800] "GET /phpunit/Util/PHP/eval-stdin.php HTTP/1.1" 404 27 "-" "libredtail-http"
38.59.249.242 - - [26/Feb/2026:00:10:38 +0800] "GET /lib/phpunit/phpunit/src/Util/PHP/eval-stdin.php HTTP/1.1" 404 27 "-" "libredtail-http"
38.59.249.242 - - [26/Feb/2026:00:10:38 +0800] "GET /lib/phpunit/phpunit/Util/PHP/eval-stdin.php HTTP/1.1" 404 27 "-" "libredtail-http"
38.59.249.242 - - [26/Feb/2026:00:10:39 +0800] "GET /lib/phpunit/src/Util/PHP/eval-stdin.php HTTP/1.1" 404 27 "-" "libredtail-http"
38.59.249.242 - - [26/Feb/2026:00:10:40 +0800] "GET /lib/phpunit/Util/PHP/eval-stdin.php HTTP/1.1" 404 27 "-" "libredtail-http"
38.59.249.242 - - [26/Feb/2026:00:10:40 +0800] "GET /lib/vendor/phpunit/phpunit/src/Util/PHP/eval-stdin.php HTTP/1.1" 404 27 "-" "libredtail-http"
38.59.249.242 - - [26/Feb/2026:00:10:41 +0800] "GET /laravel/vendor/phpunit/phpunit/src/Util/PHP/eval-stdin.php HTTP/1.1" 404 27 "-" "libredtail-http"
38.59.249.242 - - [26/Feb/2026:00:10:41 +0800] "GET /www/vendor/phpunit/phpunit/src/Util/PHP/eval-stdin.php HTTP/1.1" 404 27 "-" "libredtail-http"
38.59.249.242 - - [26/Feb/2026:00:10:42 +0800] "GET /ws/vendor/phpunit/phpunit/src/Util/PHP/eval-stdin.php HTTP/1.1" 404 27 "-" "libredtail-http"
38.59.249.242 - - [26/Feb/2026:00:10:43 +0800] "GET /yii/vendor/phpunit/phpunit/src/Util/PHP/eval-stdin.php HTTP/1.1" 404 27 "-" "libredtail-http"
38.59.249.242 - - [26/Feb/2026:00:10:43 +0800] "GET /zend/vendor/phpunit/phpunit/src/Util/PHP/eval-stdin.php HTTP/1.1" 404 27 "-" "libredtail-http"
38.59.249.242 - - [26/Feb/2026:00:10:44 +0800] "GET /ws/ec/vendor/phpunit/phpunit/src/Util/PHP/eval-stdin.php HTTP/1.1" 404 27 "-" "libredtail-http"
38.59.249.242 - - [26/Feb/2026:00:10:44 +0800] "GET /V2/vendor/phpunit/phpunit/src/Util/PHP/eval-stdin.php HTTP/1.1" 404 27 "-" "libredtail-http"
38.59.249.242 - - [26/Feb/2026:00:10:45 +0800] "GET /tests/vendor/phpunit/phpunit/src/Util/PHP/eval-stdin.php HTTP/1.1" 404 27 "-" "libredtail-http"
38.59.249.242 - - [26/Feb/2026:00:10:45 +0800] "GET /test/vendor/phpunit/phpunit/src/Util/PHP/eval-stdin.php HTTP/1.1" 404 27 "-" "libredtail-http"
38.59.249.242 - - [26/Feb/2026:00:10:46 +0800] "GET /testing/vendor/phpunit/phpunit/src/Util/PHP/eval-stdin.php HTTP/1.1" 404 27 "-" "libredtail-http"
38.59.249.242 - - [26/Feb/2026:00:10:46 +0800] "GET /api/vendor/phpunit/phpunit/src/Util/PHP/eval-stdin.php HTTP/1.1" 404 27 "-" "libredtail-http"
38.59.249.242 - - [26/Feb/2026:00:10:47 +0800] "GET /demo/vendor/phpunit/phpunit/src/Util/PHP/eval-stdin.php HTTP/1.1" 404 27 "-" "libredtail-http"
38.59.249.242 - - [26/Feb/2026:00:10:47 +0800] "GET /cms/vendor/phpunit/phpunit/src/Util/PHP/eval-stdin.php HTTP/1.1" 404 27 "-" "libredtail-http"
38.59.249.242 - - [26/Feb/2026:00:10:48 +0800] "GET /crm/vendor/phpunit/phpunit/src/Util/PHP/eval-stdin.php HTTP/1.1" 404 27 "-" "libredtail-http"
38.59.249.242 - - [26/Feb/2026:00:10:49 +0800] "GET /admin/vendor/phpunit/phpunit/src/Util/PHP/eval-stdin.php HTTP/1.1" 404 27 "-" "libredtail-http"
38.59.249.242 - - [26/Feb/2026:00:10:49 +0800] "GET /backup/vendor/phpunit/phpunit/src/Util/PHP/eval-stdin.php HTTP/1.1" 404 27 "-" "libredtail-http"
38.59.249.242 - - [26/Feb/2026:00:10:50 +0800] "GET /blog/vendor/phpunit/phpunit/src/Util/PHP/eval-stdin.php HTTP/1.1" 404 27 "-" "libredtail-http"
38.59.249.242 - - [26/Feb/2026:00:10:51 +0800] "GET /workspace/drupal/vendor/phpunit/phpunit/src/Util/PHP/eval-stdin.php HTTP/1.1" 404 27 "-" "libredtail-http"
38.59.249.242 - - [26/Feb/2026:00:10:51 +0800] "GET /panel/vendor/phpunit/phpunit/src/Util/PHP/eval-stdin.php HTTP/1.1" 404 27 "-" "libredtail-http"
38.59.249.242 - - [26/Feb/2026:00:10:51 +0800] "GET /public/vendor/phpunit/phpunit/src/Util/PHP/eval-stdin.php HTTP/1.1" 404 27 "-" "libredtail-http"
38.59.249.242 - - [26/Feb/2026:00:10:52 +0800] "GET /apps/vendor/phpunit/phpunit/src/Util/PHP/eval-stdin.php HTTP/1.1" 404 27 "-" "libredtail-http"
38.59.249.242 - - [26/Feb/2026:00:10:53 +0800] "GET /app/vendor/phpunit/phpunit/src/Util/PHP/eval-stdin.php HTTP/1.1" 404 27 "-" "libredtail-http"
38.59.249.242 - - [26/Feb/2026:00:10:54 +0800] "GET /index.php?s=/index/\x5Cthink\x5Capp/invokefunction&function=call_user_func_array&vars[0]=md5&vars[1][]=Hello HTTP/1.1" 200 66137 "-" "libredtail-http"
38.59.249.242 - - [26/Feb/2026:00:10:55 +0800] "GET /public/index.php?s=/index/\x5Cthink\x5Capp/invokefunction&function=call_user_func_array&vars[0]=md5&vars[1][]=Hello HTTP/1.1" 404 27 "-" "libredtail-http"
38.59.249.242 - - [26/Feb/2026:00:10:56 +0800] "GET /index.php?lang=../../../../../../../../usr/local/lib/php/pearcmd&+config-create+/&/<?echo(md5(\x22hi\x22));?>+/tmp/index1.php HTTP/1.1" 200 157069 "-" "libredtail-http"
38.59.249.242 - - [26/Feb/2026:00:10:58 +0800] "GET /index.php?lang=../../../../../../../../tmp/index1 HTTP/1.1" 200 157069 "-" "libredtail-http"
38.59.249.242 - - [26/Feb/2026:00:11:00 +0800] "GET /containers/json HTTP/1.1" 301 5 "-" "libredtail-http"
38.59.249.242 - - [26/Feb/2026:00:11:01 +0800] "GET /containers/json HTTP/1.1" 301 5 "-" "libredtail-http"
36.133.115.36 - - [26/Feb/2026:00:12:10 +0800] "POST /wp-cron.php?doing_wp_cron=1772035930.5068459510803222656250 HTTP/1.1" 200 31 "-" "WordPress/6.9; http://cqqizhou.com"
180.184.98.64 - - [26/Feb/2026:00:12:10 +0800] "GET /news/2339 HTTP/1.1" 200 20651 "-" "Mozilla/5.0 (Linux; Android 10; V1950A; wv) AppleWebKit/537.36 (KHTML, like Gecko) Chrome/62.0.3202.84 Mobile Safari/537.36 VivoBrowser/20.2.3.0"
36.133.115.36 - - [26/Feb/2026:00:19:05 +0800] "POST /wp-cron.php?doing_wp_cron=1772036345.7147099971771240234375 HTTP/1.1" 200 31 "-" "WordPress/6.9; http://cqqizhou.com"
43.130.102.7 - - [26/Feb/2026:00:19:05 +0800] "GET / HTTP/1.1" 200 34806 "-" "Mozilla/5.0 (iPhone; CPU iPhone OS 13_2_3 like Mac OS X) AppleWebKit/605.1.15 (KHTML, like Gecko) Version/13.0.3 Mobile/15E148 Safari/604.1"
36.133.115.36 - - [26/Feb/2026:00:24:01 +0800] "POST /wp-cron.php?doing_wp_cron=1772036641.4501628875732421875000 HTTP/1.1" 200 31 "-" "WordPress/6.9; http://cqqizhou.com"
61.155.157.14 - - [26/Feb/2026:00:24:01 +0800] "GET / HTTP/1.1" 301 5 "-" "Mozilla/5.0 (Windows NT 10.0; Win64; x64) AppleWebKit/537.36 (KHTML, like Gecko) Chrome/100.0.4896.127 Safari/537.36"
61.155.157.14 - - [26/Feb/2026:00:24:01 +0800] "GET / HTTP/1.1" 200 35253 "-" "Mozilla/5.0 (Windows NT 10.0; Win64; x64) AppleWebKit/537.36 (KHTML, like Gecko) Chrome/100.0.4896.127 Safari/537.36"
61.155.157.14 - - [26/Feb/2026:00:24:07 +0800] "GET /wp-content/uploads/2025/07/1751425283-qizhou.kf_.qq_.com_.webp HTTP/1.1" 200 16864 "http://cqqizhou.com/" "Mozilla/5.0 (Windows NT 10.0; Win64; x64) AppleWebKit/537.36 (KHTML, like Gecko) Chrome/100.0.4896.127 Safari/537.36"
61.155.157.14 - - [26/Feb/2026:00:24:18 +0800] "GET /wp-content/uploads/2026/02/1770617354-Article_images_W900px.webp HTTP/1.1" 200 13634 "http://cqqizhou.com/" "Mozilla/5.0 (Windows NT 10.0; Win64; x64) AppleWebKit/537.36 (KHTML, like Gecko) Chrome/100.0.4896.127 Safari/537.36"
61.155.157.14 - - [26/Feb/2026:00:24:18 +0800] "GET /wp-content/uploads/2025/07/1753454299-Article_images_W900px.webp HTTP/1.1" 200 52418 "http://cqqizhou.com/" "Mozilla/5.0 (Windows NT 10.0; Win64; x64) AppleWebKit/537.36 (KHTML, like Gecko) Chrome/100.0.4896.127 Safari/537.36"
61.155.157.14 - - [26/Feb/2026:00:24:22 +0800] "GET /wp-content/uploads/2026/02/1770341652-2026251Article_images_W900%C3%97500px.webp HTTP/1.1" 200 43300 "http://cqqizhou.com/" "Mozilla/5.0 (Windows NT 10.0; Win64; x64) AppleWebKit/537.36 (KHTML, like Gecko) Chrome/100.0.4896.127 Safari/537.36"
61.155.157.14 - - [26/Feb/2026:00:24:26 +0800] "GET /wp-content/uploads/2026/02/1770617948-Article_images_W900%C3%97500px.webp HTTP/1.1" 200 38890 "http://cqqizhou.com/" "Mozilla/5.0 (Windows NT 10.0; Win64; x64) AppleWebKit/537.36 (KHTML, like Gecko) Chrome/100.0.4896.127 Safari/537.36"
61.155.157.14 - - [26/Feb/2026:00:24:30 +0800] "GET /wp-content/uploads/2026/01/1770349139-202624Article_images_W900%C3%97500px20260-.webp HTTP/1.1" 200 58006 "http://cqqizhou.com/" "Mozilla/5.0 (Windows NT 10.0; Win64; x64) AppleWebKit/537.36 (KHTML, like Gecko) Chrome/100.0.4896.127 Safari/537.36"
61.155.157.14 - - [26/Feb/2026:00:24:32 +0800] "GET /wp-content/uploads/2025/12/1765268955-qizhou_Slider1_3840%C3%972160_20251210-scaled.webp HTTP/1.1" 200 152162 "http://cqqizhou.com/" "Mozilla/5.0 (Windows NT 10.0; Win64; x64) AppleWebKit/537.36 (KHTML, like Gecko) Chrome/100.0.4896.127 Safari/537.36"
36.133.115.36 - - [26/Feb/2026:00:24:41 +0800] "POST /wp-cron.php?doing_wp_cron=1772036681.5428650379180908203125 HTTP/1.1" 200 31 "-" "WordPress/6.9; http://cqqizhou.com"
61.155.157.14 - - [26/Feb/2026:00:24:41 +0800] "GET / HTTP/1.1" 301 5 "-" "Mozilla/5.0 (Windows NT 10.0; Win64; x64) AppleWebKit/537.36 (KHTML, like Gecko) Chrome/100.0.4896.127 Safari/537.36"
61.155.157.14 - - [26/Feb/2026:00:24:41 +0800] "GET / HTTP/1.1" 200 35253 "-" "Mozilla/5.0 (Windows NT 10.0; Win64; x64) AppleWebKit/537.36 (KHTML, like Gecko) Chrome/100.0.4896.127 Safari/537.36"
61.155.157.14 - - [26/Feb/2026:00:25:21 +0800] "GET /wp-content/uploads/2025/07/1751425283-qizhou.kf_.qq_.com_.webp HTTP/1.1" 200 16864 "http://cqqizhou.com/" "Mozilla/5.0 (Windows NT 10.0; Win64; x64) AppleWebKit/537.36 (KHTML, like Gecko) Chrome/100.0.4896.127 Safari/537.36"
61.155.157.14 - - [26/Feb/2026:00:25:21 +0800] "GET /wp-content/uploads/2025/07/1751425283-qizhou.kf_.qq_.com_.webp HTTP/1.1" 200 16864 "http://cqqizhou.com/" "Mozilla/5.0 (Windows NT 10.0; Win64; x64) AppleWebKit/537.36 (KHTML, like Gecko) Chrome/100.0.4896.127 Safari/537.36"
36.133.115.36 - - [26/Feb/2026:00:25:22 +0800] "POST /wp-cron.php?doing_wp_cron=1772036722.8167600631713867187500 HTTP/1.1" 200 31 "-" "WordPress/6.9; http://cqqizhou.com"
61.155.157.14 - - [26/Feb/2026:00:25:22 +0800] "GET / HTTP/1.1" 301 5 "-" "Mozilla/5.0 (Windows NT 10.0; Win64; x64) AppleWebKit/537.36 (KHTML, like Gecko) Chrome/100.0.4896.127 Safari/537.36"
61.155.157.14 - - [26/Feb/2026:00:25:22 +0800] "GET / HTTP/1.1" 200 35253 "-" "Mozilla/5.0 (Windows NT 10.0; Win64; x64) AppleWebKit/537.36 (KHTML, like Gecko) Chrome/100.0.4896.127 Safari/537.36"
61.155.157.14 - - [26/Feb/2026:00:26:03 +0800] "GET / HTTP/1.1" 301 5 "-" "Mozilla/5.0 (Windows NT 10.0; Win64; x64) AppleWebKit/537.36 (KHTML, like Gecko) Chrome/100.0.4896.127 Safari/537.36"
61.155.157.14 - - [26/Feb/2026:00:26:03 +0800] "GET / HTTP/1.1" 200 35253 "-" "Mozilla/5.0 (Windows NT 10.0; Win64; x64) AppleWebKit/537.36 (KHTML, like Gecko) Chrome/100.0.4896.127 Safari/537.36"
36.133.115.36 - - [26/Feb/2026:00:26:43 +0800] "POST /wp-cron.php?doing_wp_cron=1772036803.8891789913177490234375 HTTP/1.1" 200 31 "-" "WordPress/6.9; http://cqqizhou.com"
61.155.157.14 - - [26/Feb/2026:00:26:43 +0800] "GET / HTTP/1.1" 301 5 "-" "Mozilla/5.0 (Windows NT 10.0; Win64; x64) AppleWebKit/537.36 (KHTML, like Gecko) Chrome/100.0.4896.127 Safari/537.36"
61.155.157.14 - - [26/Feb/2026:00:26:43 +0800] "GET / HTTP/1.1" 200 35253 "-" "Mozilla/5.0 (Windows NT 10.0; Win64; x64) AppleWebKit/537.36 (KHTML, like Gecko) Chrome/100.0.4896.127 Safari/537.36"
91.202.4.80 - - [26/Feb/2026:00:37:31 +0800] "GET /txets.php HTTP/1.1" 404 47 "-" "Mozilla/4.0 (compatible; MSIE 6.0; Windows NT 5.1; SV1)"
36.133.115.36 - - [26/Feb/2026:00:38:02 +0800] "POST /wp-cron.php?doing_wp_cron=1772037482.8652229309082031250000 HTTP/1.1" 200 31 "-" "WordPress/6.9; http://cqqizhou.com"
45.153.34.187 - - [26/Feb/2026:00:38:03 +0800] "GET / HTTP/1.1" 200 157069 "-" "Mozilla/5.0"
36.133.115.36 - - [26/Feb/2026:00:47:45 +0800] "POST /wp-cron.php?doing_wp_cron=1772038065.8589498996734619140625 HTTP/1.1" 200 31 "-" "WordPress/6.9; http://cqqizhou.com"
66.249.73.7 - - [26/Feb/2026:00:47:45 +0800] "GET /industry HTTP/1.1" 200 19059 "-" "Mozilla/5.0 (Linux; Android 6.0.1; Nexus 5X Build/MMB29P) AppleWebKit/537.36 (KHTML, like Gecko) Chrome/144.0.7559.132 Mobile Safari/537.36 (compatible; Googlebot/2.1; +http://www.google.com/bot.html)"
36.133.115.36 - - [26/Feb/2026:00:50:48 +0800] "POST /wp-cron.php?doing_wp_cron=1772038248.3188159465789794921875 HTTP/1.1" 200 31 "-" "WordPress/6.9; http://cqqizhou.com"
66.249.73.7 - - [26/Feb/2026:00:50:48 +0800] "GET /logistics HTTP/1.1" 200 25053 "-" "Mozilla/5.0 (Linux; Android 6.0.1; Nexus 5X Build/MMB29P) AppleWebKit/537.36 (KHTML, like Gecko) Chrome/144.0.7559.132 Mobile Safari/537.36 (compatible; Googlebot/2.1; +http://www.google.com/bot.html)"
36.133.115.36 - - [26/Feb/2026:01:21:22 +0800] "POST /wp-cron.php?doing_wp_cron=1772040082.1650249958038330078125 HTTP/1.1" 200 31 "-" "WordPress/6.9; http://cqqizhou.com"
61.155.157.14 - - [26/Feb/2026:01:21:22 +0800] "GET / HTTP/1.1" 301 5 "-" "Mozilla/5.0 (Windows NT 10.0; Win64; x64) AppleWebKit/537.36 (KHTML, like Gecko) Chrome/100.0.4896.127 Safari/537.36"
61.155.157.14 - - [26/Feb/2026:01:21:22 +0800] "GET / HTTP/1.1" 200 35253 "-" "Mozilla/5.0 (Windows NT 10.0; Win64; x64) AppleWebKit/537.36 (KHTML, like Gecko) Chrome/100.0.4896.127 Safari/537.36"
36.133.115.36 - - [26/Feb/2026:01:22:41 +0800] "POST /wp-cron.php?doing_wp_cron=1772040161.5252590179443359375000 HTTP/1.1" 200 31 "-" "WordPress/6.9; http://cqqizhou.com"
61.155.157.14 - - [26/Feb/2026:01:22:41 +0800] "GET / HTTP/1.1" 301 5 "-" "Mozilla/5.0 (Windows NT 10.0; Win64; x64) AppleWebKit/537.36 (KHTML, like Gecko) Chrome/100.0.4896.127 Safari/537.36"
61.155.157.14 - - [26/Feb/2026:01:23:46 +0800] "GET / HTTP/1.1" 200 35253 "-" "Mozilla/5.0 (Windows NT 10.0; Win64; x64) AppleWebKit/537.36 (KHTML, like Gecko) Chrome/100.0.4896.127 Safari/537.36"
36.133.115.36 - - [26/Feb/2026:01:24:05 +0800] "POST /wp-cron.php?doing_wp_cron=1772040245.0324740409851074218750 HTTP/1.1" 200 31 "-" "WordPress/6.9; http://cqqizhou.com"
61.155.157.14 - - [26/Feb/2026:01:24:05 +0800] "GET / HTTP/1.1" 301 5 "-" "Mozilla/5.0 (Windows NT 10.0; Win64; x64) AppleWebKit/537.36 (KHTML, like Gecko) Chrome/100.0.4896.127 Safari/537.36"
61.155.157.14 - - [26/Feb/2026:01:24:38 +0800] "GET / HTTP/1.1" 200 35253 "-" "Mozilla/5.0 (Windows NT 10.0; Win64; x64) AppleWebKit/537.36 (KHTML, like Gecko) Chrome/100.0.4896.127 Safari/537.36"
61.155.157.14 - - [26/Feb/2026:01:24:55 +0800] "GET /wp-content/uploads/2025/07/1751425283-qizhou.kf_.qq_.com_.webp HTTP/1.1" 200 16864 "http://cqqizhou.com/" "Mozilla/5.0 (Windows NT 10.0; Win64; x64) AppleWebKit/537.36 (KHTML, like Gecko) Chrome/100.0.4896.127 Safari/537.36"
61.155.157.14 - - [26/Feb/2026:01:24:55 +0800] "GET /wp-content/uploads/2025/07/1751425283-qizhou.kf_.qq_.com_.webp HTTP/1.1" 200 16864 "http://cqqizhou.com/" "Mozilla/5.0 (Windows NT 10.0; Win64; x64) AppleWebKit/537.36 (KHTML, like Gecko) Chrome/100.0.4896.127 Safari/537.36"
61.155.157.14 - - [26/Feb/2026:01:25:12 +0800] "GET /wp-content/uploads/2025/07/1753456723-%E5%8F%8C%E7%9B%B8%E9%92%A2roduct_Single600.webp HTTP/1.1" 200 22790 "http://cqqizhou.com/" "Mozilla/5.0 (Windows NT 10.0; Win64; x64) AppleWebKit/537.36 (KHTML, like Gecko) Chrome/100.0.4896.127 Safari/537.36"
61.155.157.14 - - [26/Feb/2026:01:25:12 +0800] "GET /wp-content/uploads/2025/07/1753453096-%E5%8F%8C%E7%9B%B8%E9%92%A2product_Single600%C3%97284.webp HTTP/1.1" 200 14562 "http://cqqizhou.com/" "Mozilla/5.0 (Windows NT 10.0; Win64; x64) AppleWebKit/537.36 (KHTML, like Gecko) Chrome/100.0.4896.127 Safari/537.36"
61.155.157.14 - - [26/Feb/2026:01:25:12 +0800] "GET /wp-content/uploads/2025/07/1753456770-%E7%83%AD%E9%95%80%E9%94%8C%E5%8D%B7product_Single600.webp HTTP/1.1" 200 27502 "http://cqqizhou.com/" "Mozilla/5.0 (Windows NT 10.0; Win64; x64) AppleWebKit/537.36 (KHTML, like Gecko) Chrome/100.0.4896.127 Safari/537.36"
61.155.157.14 - - [26/Feb/2026:01:25:12 +0800] "GET /wp-content/uploads/2025/07/1753453127-%E4%BD%99%E5%8D%B7product_Single600%C3%97284.webp HTTP/1.1" 200 18744 "http://cqqizhou.com/" "Mozilla/5.0 (Windows NT 10.0; Win64; x64) AppleWebKit/537.36 (KHTML, like Gecko) Chrome/100.0.4896.127 Safari/537.36"
61.155.157.14 - - [26/Feb/2026:01:25:13 +0800] "GET /wp-content/uploads/2025/07/1751425283-qizhou.kf_.qq_.com_.webp HTTP/1.1" 200 16864 "http://cqqizhou.com/" "Mozilla/5.0 (Windows NT 10.0; Win64; x64) AppleWebKit/537.36 (KHTML, like Gecko) Chrome/100.0.4896.127 Safari/537.36"
61.155.157.14 - - [26/Feb/2026:01:25:13 +0800] "GET /wp-content/uploads/2025/07/1751425283-qizhou.kf_.qq_.com_.webp HTTP/1.1" 200 16864 "http://cqqizhou.com/" "Mozilla/5.0 (Windows NT 10.0; Win64; x64) AppleWebKit/537.36 (KHTML, like Gecko) Chrome/100.0.4896.127 Safari/537.36"
36.133.115.36 - - [26/Feb/2026:01:25:14 +0800] "POST /wp-cron.php?doing_wp_cron=1772040314.9127759933471679687500 HTTP/1.1" 200 31 "-" "WordPress/6.9; http://cqqizhou.com"
66.249.73.7 - - [26/Feb/2026:01:25:14 +0800] "GET /2162/ HTTP/1.1" 301 5 "-" "Mozilla/5.0 (Linux; Android 6.0.1; Nexus 5X Build/MMB29P) AppleWebKit/537.36 (KHTML, like Gecko) Chrome/144.0.7559.132 Mobile Safari/537.36 (compatible; Googlebot/2.1; +http://www.google.com/bot.html)"
36.133.115.36 - - [26/Feb/2026:01:27:30 +0800] "POST /wp-cron.php?doing_wp_cron=1772040450.2663419246673583984375 HTTP/1.1" 200 31 "-" "WordPress/6.9; http://cqqizhou.com"
115.159.33.43 - - [26/Feb/2026:01:27:30 +0800] "GET / HTTP/1.1" 301 5 "-" "Mozilla/5.0 (Windows NT 10.0; Win64; x64) AppleWebKit/537.36 (KHTML, like Gecko) Chrome/79.0.3945.117 Safari/537.36"
36.150.60.24 - - [26/Feb/2026:01:30:41 +0800] "GET / HTTP/1.1" 200 35253 "-" "Mozilla/5.0 (Windows NT 5.1; U; pl) Opera 8.54"
36.133.115.36 - - [26/Feb/2026:01:32:49 +0800] "POST /wp-cron.php?doing_wp_cron=1772040769.4229519367218017578125 HTTP/1.1" 200 31 "-" "WordPress/6.9; http://cqqizhou.com"
36.150.60.24 - - [26/Feb/2026:01:32:49 +0800] "GET / HTTP/1.1" 200 34807 "-" "Dalvik/2.1.0 (Linux; U; Android 9.0; ZTE BA520 Build/MRA58K)"
36.150.60.24 - - [26/Feb/2026:01:33:43 +0800] "GET / HTTP/1.1" 200 35253 "-" "Mozilla/5.0 (Macintosh; Intel Mac OS X 10_11) AppleWebKit/601.1.27 (KHTML, like Gecko) Chrome/47.0.2526.106 Safari/601.1.27"
36.133.115.36 - - [26/Feb/2026:01:37:58 +0800] "POST /wp-cron.php?doing_wp_cron=1772041078.2049689292907714843750 HTTP/1.1" 200 31 "-" "WordPress/6.9; http://cqqizhou.com"
43.166.136.24 - - [26/Feb/2026:01:37:58 +0800] "GET / HTTP/1.1" 200 34807 "-" "Mozilla/5.0 (iPhone; CPU iPhone OS 13_2_3 like Mac OS X) AppleWebKit/605.1.15 (KHTML, like Gecko) Version/13.0.3 Mobile/15E148 Safari/604.1"
36.133.115.36 - - [26/Feb/2026:01:52:01 +0800] "POST /wp-cron.php?doing_wp_cron=1772041921.3427960872650146484375 HTTP/1.1" 200 31 "-" "WordPress/6.9; http://cqqizhou.com"
45.153.34.187 - - [26/Feb/2026:01:52:02 +0800] "GET / HTTP/1.1" 200 157069 "-" "Mozilla/5.0"
36.133.115.36 - - [26/Feb/2026:01:52:17 +0800] "POST /wp-cron.php?doing_wp_cron=1772041937.8876240253448486328125 HTTP/1.1" 200 31 "-" "WordPress/6.9; http://cqqizhou.com"
221.178.143.70 - - [26/Feb/2026:01:52:17 +0800] "GET / HTTP/1.1" 200 34807 "-" "Dalvik/2.1.0 (Linux; U; Android 9.0; ZTE BA520 Build/MRA58K)"
221.178.143.70 - - [26/Feb/2026:01:53:04 +0800] "GET / HTTP/1.1" 200 35253 "-" "Mozilla/5.0 (Macintosh; Intel Mac OS X 10_11) AppleWebKit/601.1.27 (KHTML, like Gecko) Chrome/47.0.2526.106 Safari/601.1.27"
61.155.157.14 - - [26/Feb/2026:01:53:36 +0800] "GET / HTTP/1.1" 200 35253 "-" "Mozilla/5.0 (Windows NT 10.0; Win64; x64) AppleWebKit/537.36 (KHTML, like Gecko) Chrome/100.0.4896.127 Safari/537.36"
61.155.157.14 - - [26/Feb/2026:01:53:37 +0800] "GET /wp-content/uploads/2025/07/1751425283-qizhou.kf_.qq_.com_.webp HTTP/1.1" 200 16864 "http://cqqizhou.com/" "Mozilla/5.0 (Windows NT 10.0; Win64; x64) AppleWebKit/537.36 (KHTML, like Gecko) Chrome/100.0.4896.127 Safari/537.36"
61.155.157.14 - - [26/Feb/2026:01:54:41 +0800] "GET /wp-content/uploads/revslider/slider-1/1750861156-logistics_Slider_3840%C3%972160_20250625191356-scaled-50x100.webp HTTP/1.1" 200 1416 "http://cqqizhou.com/" "Mozilla/5.0 (Windows NT 10.0; Win64; x64) AppleWebKit/537.36 (KHTML, like Gecko) Chrome/100.0.4896.127 Safari/537.36"
61.155.157.14 - - [26/Feb/2026:01:54:42 +0800] "GET /wp-content/uploads/2026/01/1768276119-qizhoujiagong_Slider_3840%C3%972160_20260113-scaled-50x100.webp HTTP/1.1" 200 976 "http://cqqizhou.com/" "Mozilla/5.0 (Windows NT 10.0; Win64; x64) AppleWebKit/537.36 (KHTML, like Gecko) Chrome/100.0.4896.127 Safari/537.36"
61.155.157.14 - - [26/Feb/2026:01:54:42 +0800] "GET /wp-json/sliderrevolution/sliders/1?srengine=7&slideid=2 HTTP/1.1" 200 2000 "http://cqqizhou.com/" "Mozilla/5.0 (Windows NT 10.0; Win64; x64) AppleWebKit/537.36 (KHTML, like Gecko) Chrome/100.0.4896.127 Safari/537.36"
36.133.115.36 - - [26/Feb/2026:01:54:42 +0800] "POST /wp-cron.php?doing_wp_cron=1772042082.5633499622344970703125 HTTP/1.1" 200 31 "-" "WordPress/6.9; http://cqqizhou.com"
61.155.157.14 - - [26/Feb/2026:01:54:42 +0800] "GET /wp-json/sliderrevolution/sliders/1?srengine=7&slideid=4 HTTP/1.1" 200 2580 "http://cqqizhou.com/" "Mozilla/5.0 (Windows NT 10.0; Win64; x64) AppleWebKit/537.36 (KHTML, like Gecko) Chrome/100.0.4896.127 Safari/537.36"
61.155.157.14 - - [26/Feb/2026:01:54:50 +0800] "GET /wp-content/uploads/2025/12/1765268955-qizhou_Slider1_3840%C3%972160_20251210-scaled-50x100.webp HTTP/1.1" 200 1812 "http://cqqizhou.com/" "Mozilla/5.0 (Windows NT 10.0; Win64; x64) AppleWebKit/537.36 (KHTML, like Gecko) Chrome/100.0.4896.127 Safari/537.36"
36.133.115.36 - - [26/Feb/2026:01:55:37 +0800] "POST /wp-cron.php?doing_wp_cron=1772042137.7966830730438232421875 HTTP/1.1" 200 31 "-" "WordPress/6.9; http://cqqizhou.com"
61.155.157.14 - - [26/Feb/2026:01:55:37 +0800] "GET /wp-json/sliderrevolution/sliders/1?srengine=7&slideid=2 HTTP/1.1" 200 2000 "http://cqqizhou.com/" "Mozilla/5.0 (Windows NT 10.0; Win64; x64) AppleWebKit/537.36 (KHTML, like Gecko) Chrome/100.0.4896.127 Safari/537.36"
61.155.157.14 - - [26/Feb/2026:01:55:37 +0800] "GET /wp-json/sliderrevolution/sliders/1?srengine=7&slideid=4 HTTP/1.1" 200 2580 "http://cqqizhou.com/" "Mozilla/5.0 (Windows NT 10.0; Win64; x64) AppleWebKit/537.36 (KHTML, like Gecko) Chrome/100.0.4896.127 Safari/537.36"
36.133.115.36 - - [26/Feb/2026:01:56:38 +0800] "POST /wp-cron.php?doing_wp_cron=1772042198.3444840908050537109375 HTTP/1.1" 200 31 "-" "WordPress/6.9; http://cqqizhou.com"
61.155.157.14 - - [26/Feb/2026:01:56:38 +0800] "GET /wp-json/sliderrevolution/sliders/1?srengine=7&slideid=4 HTTP/1.1" 200 2580 "http://cqqizhou.com/" "Mozilla/5.0 (Windows NT 10.0; Win64; x64) AppleWebKit/537.36 (KHTML, like Gecko) Chrome/100.0.4896.127 Safari/537.36"
61.155.157.14 - - [26/Feb/2026:01:56:39 +0800] "GET /wp-json/sliderrevolution/sliders/1?srengine=7&slideid=2 HTTP/1.1" 200 2000 "http://cqqizhou.com/" "Mozilla/5.0 (Windows NT 10.0; Win64; x64) AppleWebKit/537.36 (KHTML, like Gecko) Chrome/100.0.4896.127 Safari/537.36"
61.155.157.14 - - [26/Feb/2026:01:56:47 +0800] "GET /about HTTP/1.1" 200 24506 "http://cqqizhou.com/" "Mozilla/5.0 (Windows NT 10.0; Win64; x64) AppleWebKit/537.36 (KHTML, like Gecko) Chrome/100.0.4896.127 Safari/537.36"
61.155.157.14 - - [26/Feb/2026:01:56:56 +0800] "GET /wp-content/uploads/2025/07/1750671803-partner3_200x50.webp HTTP/1.1" 200 4414 "http://cqqizhou.com/about" "Mozilla/5.0 (Windows NT 10.0; Win64; x64) AppleWebKit/537.36 (KHTML, like Gecko) Chrome/100.0.4896.127 Safari/537.36"
61.155.157.14 - - [26/Feb/2026:01:56:56 +0800] "GET /wp-content/uploads/2025/07/1750671805-partner4_200x50.webp HTTP/1.1" 200 2390 "http://cqqizhou.com/about" "Mozilla/5.0 (Windows NT 10.0; Win64; x64) AppleWebKit/537.36 (KHTML, like Gecko) Chrome/100.0.4896.127 Safari/537.36"
61.155.157.14 - - [26/Feb/2026:01:56:56 +0800] "GET /wp-content/uploads/2025/07/1750649803-qizhou800x500_2.webp HTTP/1.1" 200 63616 "http://cqqizhou.com/about" "Mozilla/5.0 (Windows NT 10.0; Win64; x64) AppleWebKit/537.36 (KHTML, like Gecko) Chrome/100.0.4896.127 Safari/537.36"
61.155.157.14 - - [26/Feb/2026:01:56:57 +0800] "GET /wp-content/uploads/2025/07/1750649803-qizhou800x500_2.webp HTTP/1.1" 200 63616 "http://cqqizhou.com/about" "Mozilla/5.0 (Windows NT 10.0; Win64; x64) AppleWebKit/537.36 (KHTML, like Gecko) Chrome/100.0.4896.127 Safari/537.36"
61.155.157.14 - - [26/Feb/2026:01:56:57 +0800] "GET /wp-content/uploads/elementor/thumbs/1751209300-Hello-Qizhou3-r91b71mdtei8mab1rr8x739cnvi1mafuaga3vbed3o.webp HTTP/1.1" 200 39120 "http://cqqizhou.com/about" "Mozilla/5.0 (Windows NT 10.0; Win64; x64) AppleWebKit/537.36 (KHTML, like Gecko) Chrome/100.0.4896.127 Safari/537.36"
61.155.157.14 - - [26/Feb/2026:01:56:57 +0800] "GET /wp-content/uploads/2025/07/1750945417-honor300%C3%97206_1.webp HTTP/1.1" 200 57666 "http://cqqizhou.com/about" "Mozilla/5.0 (Windows NT 10.0; Win64; x64) AppleWebKit/537.36 (KHTML, like Gecko) Chrome/100.0.4896.127 Safari/537.36"
61.155.157.14 - - [26/Feb/2026:01:56:57 +0800] "GET /wp-content/uploads/2025/07/1750945444-honor300%C3%97206_2.webp HTTP/1.1" 200 71296 "http://cqqizhou.com/about" "Mozilla/5.0 (Windows NT 10.0; Win64; x64) AppleWebKit/537.36 (KHTML, like Gecko) Chrome/100.0.4896.127 Safari/537.36"
61.155.157.14 - - [26/Feb/2026:01:56:57 +0800] "GET /wp-content/uploads/2025/07/1750671800-partner1_200x50.webp HTTP/1.1" 200 2244 "http://cqqizhou.com/about" "Mozilla/5.0 (Windows NT 10.0; Win64; x64) AppleWebKit/537.36 (KHTML, like Gecko) Chrome/100.0.4896.127 Safari/537.36"
61.155.157.14 - - [26/Feb/2026:01:56:57 +0800] "GET /wp-content/uploads/2025/07/1750671801-partner2_200x50.webp HTTP/1.1" 200 3946 "http://cqqizhou.com/about" "Mozilla/5.0 (Windows NT 10.0; Win64; x64) AppleWebKit/537.36 (KHTML, like Gecko) Chrome/100.0.4896.127 Safari/537.36"
61.155.157.14 - - [26/Feb/2026:01:56:57 +0800] "GET /wp-content/uploads/2025/07/1750671803-partner3_200x50.webp HTTP/1.1" 200 4414 "http://cqqizhou.com/about" "Mozilla/5.0 (Windows NT 10.0; Win64; x64) AppleWebKit/537.36 (KHTML, like Gecko) Chrome/100.0.4896.127 Safari/537.36"
61.155.157.14 - - [26/Feb/2026:01:56:58 +0800] "GET /wp-content/uploads/2025/07/1750671806-partner5_200x50.webp HTTP/1.1" 200 2840 "http://cqqizhou.com/about" "Mozilla/5.0 (Windows NT 10.0; Win64; x64) AppleWebKit/537.36 (KHTML, like Gecko) Chrome/100.0.4896.127 Safari/537.36"
61.155.157.14 - - [26/Feb/2026:01:56:58 +0800] "GET /wp-content/uploads/2025/07/1750671805-partner4_200x50.webp HTTP/1.1" 200 2390 "http://cqqizhou.com/about" "Mozilla/5.0 (Windows NT 10.0; Win64; x64) AppleWebKit/537.36 (KHTML, like Gecko) Chrome/100.0.4896.127 Safari/537.36"
61.155.157.14 - - [26/Feb/2026:01:56:59 +0800] "GET /wp-content/uploads/2025/06/1750755307-qizhoucangku2000x400_2025624.webp HTTP/1.1" 200 45470 "http://cqqizhou.com/about" "Mozilla/5.0 (Windows NT 10.0; Win64; x64) AppleWebKit/537.36 (KHTML, like Gecko) Chrome/100.0.4896.127 Safari/537.36"
61.155.157.14 - - [26/Feb/2026:01:56:59 +0800] "GET /wp-content/uploads/2025/07/1750671808-partner6_200x50.webp HTTP/1.1" 200 3004 "http://cqqizhou.com/about" "Mozilla/5.0 (Windows NT 10.0; Win64; x64) AppleWebKit/537.36 (KHTML, like Gecko) Chrome/100.0.4896.127 Safari/537.36"
61.155.157.14 - - [26/Feb/2026:01:56:59 +0800] "GET /wp-content/uploads/elementor/thumbs/1751373145-About_Qizhoudalou_W800px-r91b70ok8huvvdr4ynxnf302e8ie3iydlh6ag9ew82.webp HTTP/1.1" 200 37938 "http://cqqizhou.com/about" "Mozilla/5.0 (Windows NT 10.0; Win64; x64) AppleWebKit/537.36 (KHTML, like Gecko) Chrome/100.0.4896.127 Safari/537.36"
61.155.157.14 - - [26/Feb/2026:01:57:05 +0800] "GET /contacts/ HTTP/1.1" 301 5 "http://cqqizhou.com/" "Mozilla/5.0 (Windows NT 10.0; Win64; x64) AppleWebKit/537.36 (KHTML, like Gecko) Chrome/100.0.4896.127 Safari/537.36"
61.155.157.14 - - [26/Feb/2026:01:57:05 +0800] "GET /contacts HTTP/1.1" 200 21656 "http://cqqizhou.com/" "Mozilla/5.0 (Windows NT 10.0; Win64; x64) AppleWebKit/537.36 (KHTML, like Gecko) Chrome/100.0.4896.127 Safari/537.36"
61.155.157.14 - - [26/Feb/2026:01:57:09 +0800] "GET /wp-content/uploads/2025/11/1762826323-Contacts2000x400_20251111.webp HTTP/1.1" 200 15144 "http://cqqizhou.com/contacts" "Mozilla/5.0 (Windows NT 10.0; Win64; x64) AppleWebKit/537.36 (KHTML, like Gecko) Chrome/100.0.4896.127 Safari/537.36"
36.133.115.36 - - [26/Feb/2026:01:57:10 +0800] "POST /wp-cron.php?doing_wp_cron=1772042230.7212369441986083984375 HTTP/1.1" 200 31 "-" "WordPress/6.9; http://cqqizhou.com"
61.155.157.14 - - [26/Feb/2026:01:57:10 +0800] "GET /wp-json/contact-form-7/v1/contact-forms/158/feedback/schema HTTP/1.1" 200 358 "http://cqqizhou.com/contacts" "Mozilla/5.0 (Windows NT 10.0; Win64; x64) AppleWebKit/537.36 (KHTML, like Gecko) Chrome/100.0.4896.127 Safari/537.36"
61.155.157.14 - - [26/Feb/2026:01:57:13 +0800] "GET /wp-content/uploads/2025/07/1750005875-qizhou_map2025616.webp HTTP/1.1" 200 224440 "http://cqqizhou.com/contacts" "Mozilla/5.0 (Windows NT 10.0; Win64; x64) AppleWebKit/537.36 (KHTML, like Gecko) Chrome/100.0.4896.127 Safari/537.36"
36.133.115.36 - - [26/Feb/2026:02:00:16 +0800] "POST /wp-cron.php?doing_wp_cron=1772042416.2969980239868164062500 HTTP/1.1" 200 31 "-" "WordPress/6.9; http://cqqizhou.com"
51.68.247.210 - - [26/Feb/2026:02:00:16 +0800] "GET /2354/ HTTP/1.1" 301 5 "-" "Mozilla/5.0 (compatible; AhrefsBot/7.0; +http://ahrefs.com/robot/)"
36.133.115.36 - - [26/Feb/2026:02:01:18 +0800] "POST /wp-cron.php?doing_wp_cron=1772042478.8461029529571533203125 HTTP/1.1" 200 31 "-" "WordPress/6.9; http://cqqizhou.com"
180.110.203.108 - - [26/Feb/2026:02:01:18 +0800] "GET / HTTP/1.1" 301 5 "-" "Mozilla/5.0 (iPhone; CPU iPhone OS 13_2_3 like Mac OS X) AppleWebKit/605.1.15 (KHTML, like Gecko) Version/13.0.3 Mobile/15E148 Safari/604.1"
180.110.203.108 - - [26/Feb/2026:02:01:20 +0800] "GET / HTTP/1.1" 200 34806 "http://www.cqqizhou.com" "Mozilla/5.0 (iPhone; CPU iPhone OS 13_2_3 like Mac OS X) AppleWebKit/605.1.15 (KHTML, like Gecko) Version/13.0.3 Mobile/15E148 Safari/604.1"
221.178.143.70 - - [26/Feb/2026:02:06:27 +0800] "GET / HTTP/1.1" 200 35253 "-" "Mozilla/5.0 (Windows; U; Windows NT 5.1; fr-FR; rv:1.7.6) Gecko/20050318 Firefox/1.0.2"
36.133.115.36 - - [26/Feb/2026:02:25:33 +0800] "POST /wp-cron.php?doing_wp_cron=1772043933.0793900489807128906250 HTTP/1.1" 200 31 "-" "WordPress/6.9; http://cqqizhou.com"
66.249.73.9 - - [26/Feb/2026:02:25:33 +0800] "GET /news/2373 HTTP/1.1" 200 22400 "-" "Mozilla/5.0 (Linux; Android 6.0.1; Nexus 5X Build/MMB29P) AppleWebKit/537.36 (KHTML, like Gecko) Chrome/144.0.7559.132 Mobile Safari/537.36 (compatible; Googlebot/2.1; +http://www.google.com/bot.html)"
36.133.115.36 - - [26/Feb/2026:02:37:01 +0800] "POST /wp-cron.php?doing_wp_cron=1772044620.9726369380950927734375 HTTP/1.1" 200 31 "-" "WordPress/6.9; http://cqqizhou.com"
43.157.148.38 - - [26/Feb/2026:02:37:01 +0800] "GET / HTTP/1.1" 301 5 "-" "Mozilla/5.0 (iPhone; CPU iPhone OS 13_2_3 like Mac OS X) AppleWebKit/605.1.15 (KHTML, like Gecko) Version/13.0.3 Mobile/15E148 Safari/604.1"
43.157.148.38 - - [26/Feb/2026:02:37:03 +0800] "GET / HTTP/1.1" 200 34806 "http://36.133.115.36" "Mozilla/5.0 (iPhone; CPU iPhone OS 13_2_3 like Mac OS X) AppleWebKit/605.1.15 (KHTML, like Gecko) Version/13.0.3 Mobile/15E148 Safari/604.1"
36.133.115.36 - - [26/Feb/2026:02:45:11 +0800] "POST /wp-cron.php?doing_wp_cron=1772045111.1570520401000976562500 HTTP/1.1" 200 31 "-" "WordPress/6.9; http://cqqizhou.com"
164.90.154.138 - - [26/Feb/2026:02:45:11 +0800] "HEAD /wordpress/ HTTP/1.1" 404 0 "-" "Mozilla/5.0 (Windows NT 10.0; Win64; x64; rv:127.0) Gecko/20100101 Firefox/127.0"
164.90.154.138 - - [26/Feb/2026:02:45:11 +0800] "HEAD /old/ HTTP/1.1" 404 0 "-" "Mozilla/5.0 (Windows NT 11.0; Win64; x64) AppleWebKit/537.36 (KHTML, like Gecko) Chrome/128.0.6540.18 Safari/537.36"
164.90.154.138 - - [26/Feb/2026:02:45:12 +0800] "HEAD /blog/ HTTP/1.1" 404 0 "-" "Mozilla/5.0 (Linux; Android 13; Pixel 7a) AppleWebKit/537.36 (KHTML, like Gecko) Chrome/124.0.6367.82 Mobile Safari/537.36"
164.90.154.138 - - [26/Feb/2026:02:45:13 +0800] "HEAD / HTTP/1.1" 200 0 "-" "Mozilla/5.0 (Linux; Android 11; moto g31) AppleWebKit/537.36 (KHTML, like Gecko) Chrome/122.0.6261.96 Mobile Safari/537.36"
164.90.154.138 - - [26/Feb/2026:02:45:14 +0800] "HEAD /backup/ HTTP/1.1" 404 0 "-" "Mozilla/5.0 (Linux; Android 13; Infinix X688B) AppleWebKit/537.36 (KHTML, like Gecko) Chrome/124.0.6367.48 Mobile Safari/537.36"
164.90.154.138 - - [26/Feb/2026:02:45:15 +0800] "HEAD /wp/ HTTP/1.1" 404 0 "-" "Mozilla/5.0 (Linux; Android 10; vivo 1904) AppleWebKit/537.36 (KHTML, like Gecko) Chrome/117.0.5938.60 Mobile Safari/537.36"
164.90.154.138 - - [26/Feb/2026:02:45:16 +0800] "HEAD /new/ HTTP/1.1" 301 0 "-" "Mozilla/5.0 (iPhone; CPU iPhone OS 17_5 like Mac OS X) AppleWebKit/605.1.15 (KHTML, like Gecko) Version/17.5 Mobile/15E148 Safari/604.1"
164.90.154.138 - - [26/Feb/2026:02:45:17 +0800] "HEAD /news HTTP/1.1" 200 0 "http://cqqizhou.com/new/" "Mozilla/5.0 (iPhone; CPU iPhone OS 17_5 like Mac OS X) AppleWebKit/605.1.15 (KHTML, like Gecko) Version/17.5 Mobile/15E148 Safari/604.1"
180.153.236.39 - - [26/Feb/2026:02:53:09 +0800] "GET / HTTP/1.1" 200 35253 "http://cqqizhou.com" "User-Agent:Mozilla/5.0 (Windows NT 10.0; Win64; x64) AppleWebKit/537.36 (KHTML, like Gecko) Chrome/140.0.0.0 Safari/537.36 Edg/140.0.0.0; 360Spider"
36.133.115.36 - - [26/Feb/2026:03:00:22 +0800] "POST /wp-cron.php?doing_wp_cron=1772046022.7894361019134521484375 HTTP/1.1" 200 31 "-" "WordPress/6.9; http://cqqizhou.com"
121.43.52.193 - - [26/Feb/2026:03:00:22 +0800] "GET / HTTP/1.0" 301 0 "-" "-"
121.43.52.193 - - [26/Feb/2026:03:00:33 +0800] "GET / HTTP/1.0" 301 0 "-" "-"
121.43.52.193 - - [26/Feb/2026:03:00:33 +0800] "GET /nmaplowercheck1772046024 HTTP/1.1" 404 31365 "-" "Mozilla/5.0 (compatible; Nmap Scripting Engine; https://nmap.org/book/nse.html)"
121.43.52.193 - - [26/Feb/2026:03:00:33 +0800] "POST /sdk HTTP/1.1" 404 31365 "-" "Mozilla/5.0 (compatible; Nmap Scripting Engine; https://nmap.org/book/nse.html)"
121.43.52.193 - - [26/Feb/2026:03:00:34 +0800] "GET /evox/about HTTP/1.1" 404 31365 "-" "Mozilla/5.0 (compatible; Nmap Scripting Engine; https://nmap.org/book/nse.html)"
121.43.52.193 - - [26/Feb/2026:03:00:34 +0800] "GET /HNAP1 HTTP/1.1" 404 31365 "-" "Mozilla/5.0 (compatible; Nmap Scripting Engine; https://nmap.org/book/nse.html)"
121.43.52.193 - - [26/Feb/2026:03:00:53 +0800] "GET / HTTP/1.0" 301 0 "-" "-"
121.43.52.193 - - [26/Feb/2026:03:00:54 +0800] "GET / HTTP/1.1" 301 5 "-" "-"
36.133.115.36 - - [26/Feb/2026:03:31:41 +0800] "POST /wp-cron.php?doing_wp_cron=1772047901.4653220176696777343750 HTTP/1.1" 200 31 "-" "WordPress/6.9; http://cqqizhou.com"
45.153.34.187 - - [26/Feb/2026:03:31:41 +0800] "GET / HTTP/1.1" 200 157069 "-" "Mozilla/5.0"
157.55.39.10 - - [26/Feb/2026:03:44:38 +0800] "GET /work-safety HTTP/1.1" 200 23660 "-" "Mozilla/5.0 AppleWebKit/537.36 (KHTML, like Gecko; compatible; bingbot/2.0; +http://www.bing.com/bingbot.htm) Chrome/116.0.1938.76 Safari/537.36"
20.220.213.31 - - [26/Feb/2026:04:20:50 +0800] "GET /wp-content/plugins/hellopress/wp_filemanager.php HTTP/1.1" 404 27 "-" "-"
20.220.213.31 - - [26/Feb/2026:04:20:50 +0800] "GET /lite.php HTTP/1.1" 404 27 "-" "-"
36.133.115.36 - - [26/Feb/2026:04:24:45 +0800] "POST /wp-cron.php?doing_wp_cron=1772051085.8228828907012939453125 HTTP/1.1" 200 31 "-" "WordPress/6.9; http://cqqizhou.com"
66.249.73.9 - - [26/Feb/2026:04:24:45 +0800] "GET /news/page/2/ HTTP/1.1" 301 5 "-" "Mozilla/5.0 (Linux; Android 6.0.1; Nexus 5X Build/MMB29P) AppleWebKit/537.36 (KHTML, like Gecko) Chrome/144.0.7559.132 Mobile Safari/537.36 (compatible; Googlebot/2.1; +http://www.google.com/bot.html)"
66.249.73.8 - - [26/Feb/2026:04:24:47 +0800] "GET /news/page/2 HTTP/1.1" 200 20050 "-" "Mozilla/5.0 (Linux; Android 6.0.1; Nexus 5X Build/MMB29P) AppleWebKit/537.36 (KHTML, like Gecko) Chrome/144.0.7559.132 Mobile Safari/537.36 (compatible; Googlebot/2.1; +http://www.google.com/bot.html)"
66.249.73.7 - - [26/Feb/2026:04:25:07 +0800] "GET /media HTTP/1.1" 200 26075 "-" "Mozilla/5.0 (Linux; Android 6.0.1; Nexus 5X Build/MMB29P) AppleWebKit/537.36 (KHTML, like Gecko) Chrome/144.0.7559.132 Mobile Safari/537.36 (compatible; Googlebot/2.1; +http://www.google.com/bot.html)"
36.133.115.36 - - [26/Feb/2026:04:25:21 +0800] "POST /wp-cron.php?doing_wp_cron=1772051121.3614358901977539062500 HTTP/1.1" 200 31 "-" "WordPress/6.9; http://cqqizhou.com"
66.249.73.8 - - [26/Feb/2026:04:25:21 +0800] "GET /portfolio/ HTTP/1.1" 404 8948 "-" "Mozilla/5.0 (Linux; Android 6.0.1; Nexus 5X Build/MMB29P) AppleWebKit/537.36 (KHTML, like Gecko) Chrome/144.0.7559.132 Mobile Safari/537.36 (compatible; Googlebot/2.1; +http://www.google.com/bot.html)"
36.133.115.36 - - [26/Feb/2026:04:47:14 +0800] "POST /wp-cron.php?doing_wp_cron=1772052434.2682669162750244140625 HTTP/1.1" 200 31 "-" "WordPress/6.9; http://cqqizhou.com"
167.94.138.181 - - [26/Feb/2026:04:47:14 +0800] "GET /security.txt HTTP/1.1" 200 19874 "-" "Mozilla/5.0 (compatible; CensysInspect/1.1; +https://about.censys.io/)"
167.94.138.181 - - [26/Feb/2026:04:47:25 +0800] "GET /frry812ba_t HTTP/1.1" 404 8949 "-" "Mozilla/5.0 (compatible; CensysInspect/1.1; +https://about.censys.io/)"
36.133.115.36 - - [26/Feb/2026:04:59:38 +0800] "POST /wp-cron.php?doing_wp_cron=1772053178.8922529220581054687500 HTTP/1.1" 200 31 "-" "WordPress/6.9; http://cqqizhou.com"
66.132.153.134 - - [26/Feb/2026:04:59:38 +0800] "GET /robots.txt HTTP/1.1" 200 190 "-" "Mozilla/5.0 (compatible; CensysInspect/1.1; +https://about.censys.io/)"
66.132.153.134 - - [26/Feb/2026:04:59:42 +0800] "GET /f5cqe0bt3s HTTP/1.1" 404 8949 "-" "Mozilla/5.0 (compatible; CensysInspect/1.1; +https://about.censys.io/)"
36.133.115.36 - - [26/Feb/2026:05:01:16 +0800] "POST /wp-cron.php?doing_wp_cron=1772053276.6342020034790039062500 HTTP/1.1" 200 31 "-" "WordPress/6.9; http://cqqizhou.com"
116.240.149.7 - - [26/Feb/2026:05:01:16 +0800] "GET /robots.txt HTTP/1.1" 200 390 "-" "Mozilla/5.0 (compatible; MJ12bot/v1.4.8; http://mj12bot.com/)"
116.240.149.7 - - [26/Feb/2026:05:01:20 +0800] "GET /portfolio-tag/%E9%9E%8D%E9%92%A2%E8%92%82%E6%A3%AE/ HTTP/1.1" 404 8947 "-" "Mozilla/5.0 (compatible; MJ12bot/v1.4.8; http://mj12bot.com/)"
116.240.149.7 - - [26/Feb/2026:05:01:23 +0800] "GET /portfolio/%E5%86%B7%E8%BD%A7%E5%8D%B7/ HTTP/1.1" 301 5 "-" "Mozilla/5.0 (compatible; MJ12bot/v1.4.8; http://mj12bot.com/)"
116.240.149.7 - - [26/Feb/2026:05:01:26 +0800] "GET /news/portfolio/%E5%86%B7%E8%BD%A7%E5%8D%B7 HTTP/1.1" 200 22195 "-" "Mozilla/5.0 (compatible; MJ12bot/v1.4.8; http://mj12bot.com/)"
116.240.149.7 - - [26/Feb/2026:05:01:31 +0800] "GET /portfolio/%E5%86%B7%E8%BD%A7%E6%9D%BF/ HTTP/1.1" 301 5 "-" "Mozilla/5.0 (compatible; MJ12bot/v1.4.8; http://mj12bot.com/)"
116.240.149.7 - - [26/Feb/2026:05:01:35 +0800] "GET /news/portfolio/%E5%86%B7%E8%BD%A7%E6%9D%BF HTTP/1.1" 200 22189 "-" "Mozilla/5.0 (compatible; MJ12bot/v1.4.8; http://mj12bot.com/)"
116.240.149.7 - - [26/Feb/2026:05:01:40 +0800] "GET /tag/%E5%8D%9A%E8%81%94%E8%BE%BE/ HTTP/1.1" 404 8947 "-" "Mozilla/5.0 (compatible; MJ12bot/v1.4.8; http://mj12bot.com/)"
116.240.149.7 - - [26/Feb/2026:05:01:44 +0800] "GET /tag/%E7%89%A9%E6%B5%81/ HTTP/1.1" 404 8950 "-" "Mozilla/5.0 (compatible; MJ12bot/v1.4.8; http://mj12bot.com/)"
36.133.115.36 - - [26/Feb/2026:05:09:35 +0800] "POST /wp-cron.php?doing_wp_cron=1772053775.8271911144256591796875 HTTP/1.1" 200 31 "-" "WordPress/6.9; http://cqqizhou.com"
157.245.158.45 - - [26/Feb/2026:05:09:35 +0800] "GET / HTTP/1.1" 200 34807 "-" "Linux Gnu (cow)"
36.133.115.36 - - [26/Feb/2026:05:11:36 +0800] "POST /wp-cron.php?doing_wp_cron=1772053896.3680949211120605468750 HTTP/1.1" 200 31 "-" "WordPress/6.9; http://cqqizhou.com"
204.76.203.69 - - [26/Feb/2026:05:11:36 +0800] "GET / HTTP/1.1" 200 109837 "-" "-"
204.76.203.69 - - [26/Feb/2026:05:11:37 +0800] "GET /logon.htm HTTP/1.1" 404 31365 "-" "Hello World"
36.133.108.119 - - [26/Feb/2026:05:12:00 +0800] "HEAD /s/6333e2531313e2333313e26333/_/;/META-INF/maven/com.atlassian.jira/jira-webapp-dist/pom.properties HTTP/1.1" 404 0 "-" "Mozilla/5.0 (Windows NT 6.1; WOW64) AppleWebKit/537.17 (KHTML, like Gecko) Chrome/24.0.1312.60 Safari/537.17"
36.133.115.36 - - [26/Feb/2026:05:13:40 +0800] "POST /wp-cron.php?doing_wp_cron=1772054020.1046650409698486328125 HTTP/1.1" 200 31 "-" "WordPress/6.9; http://cqqizhou.com"
43.130.154.56 - - [26/Feb/2026:05:13:40 +0800] "GET / HTTP/1.1" 301 5 "-" "Mozilla/5.0 (iPhone; CPU iPhone OS 13_2_3 like Mac OS X) AppleWebKit/605.1.15 (KHTML, like Gecko) Version/13.0.3 Mobile/15E148 Safari/604.1"
43.130.154.56 - - [26/Feb/2026:05:13:42 +0800] "GET / HTTP/1.1" 200 34806 "http://www.cqqizhou.com" "Mozilla/5.0 (iPhone; CPU iPhone OS 13_2_3 like Mac OS X) AppleWebKit/605.1.15 (KHTML, like Gecko) Version/13.0.3 Mobile/15E148 Safari/604.1"
36.133.115.36 - - [26/Feb/2026:05:21:55 +0800] "POST /wp-cron.php?doing_wp_cron=1772054515.0148260593414306640625 HTTP/1.1" 200 31 "-" "WordPress/6.9; http://cqqizhou.com"
204.76.203.69 - - [26/Feb/2026:05:21:55 +0800] "GET / HTTP/1.1" 301 5 "-" "Mozilla/5.0 (Windows NT 10.0; Win64; x64) AppleWebKit/537.36 (KHTML, like Gecko) Chrome/90.0.4430.85 Safari/537.36 Edg/90.0.818.46"
36.133.115.36 - - [26/Feb/2026:05:22:26 +0800] "POST /wp-cron.php?doing_wp_cron=1772054545.9962389469146728515625 HTTP/1.1" 200 31 "-" "WordPress/6.9; http://cqqizhou.com"
51.75.236.138 - - [26/Feb/2026:05:22:26 +0800] "GET /club/ HTTP/1.1" 301 5 "-" "Mozilla/5.0 (compatible; AhrefsBot/7.0; +http://ahrefs.com/robot/)"
207.46.13.63 - - [26/Feb/2026:05:24:29 +0800] "GET /news/page/3 HTTP/1.1" 200 23687 "-" "Mozilla/5.0 AppleWebKit/537.36 (KHTML, like Gecko; compatible; bingbot/2.0; +http://www.bing.com/bingbot.htm) Chrome/116.0.1938.76 Safari/537.36"
144.31.35.39 - - [26/Feb/2026:05:40:55 +0800] "GET /wp-content/uploads/2026/02/1770617948-Article_images_W900%C3%97500px.webp HTTP/1.1" 200 38890 "https://cqqizhou.com" "Mozilla/5.0 (Windows NT 10.0; Win64; x64) AppleWebKit/537.36 (KHTML, like Gecko) Chrome/121.0.0.0 Safari/537.36 Edg/121.0.0.0 Unique/97.7.7239.70"
36.133.115.36 - - [26/Feb/2026:05:43:17 +0800] "POST /wp-cron.php?doing_wp_cron=1772055797.6087279319763183593750 HTTP/1.1" 200 31 "-" "WordPress/6.9; http://cqqizhou.com"
192.109.200.205 - - [26/Feb/2026:05:43:17 +0800] "GET / HTTP/1.1" 200 34807 "-" "Mozilla/5.0"
192.109.200.205 - - [26/Feb/2026:05:43:20 +0800] "POST / HTTP/1.1" 200 34807 "-" "Mozilla/5.0"
36.133.115.36 - - [26/Feb/2026:05:53:33 +0800] "POST /wp-cron.php?doing_wp_cron=1772056413.7687089443206787109375 HTTP/1.1" 200 31 "-" "WordPress/6.9; http://cqqizhou.com"
124.135.132.177 - - [26/Feb/2026:05:53:33 +0800] "GET /contacts/ HTTP/1.1" 301 5 "-" "Mozilla/5.0 (Windows NT 10.0; Win64; x64) AppleWebKit/537.36 (KHTML, like Gecko) Chrome/136.0.0.0 Safari/537.36"
124.135.132.177 - - [26/Feb/2026:05:53:33 +0800] "GET http://cqqizhou.com/contacts HTTP/1.1" 200 21656 "-" "Mozilla/5.0 (Windows NT 10.0; Win64; x64) AppleWebKit/537.36 (KHTML, like Gecko) Chrome/136.0.0.0 Safari/537.36"
111.227.221.66 - - [26/Feb/2026:05:53:34 +0800] "GET /contacts/ HTTP/1.1" 301 5 "-" "Mozilla/5.0 (Windows NT 10.0; Win64; x64) AppleWebKit/537.36 (KHTML, like Gecko) Chrome/136.0.0.0 Safari/537.36"
111.227.221.66 - - [26/Feb/2026:05:53:34 +0800] "GET http://cqqizhou.com/contacts HTTP/1.1" 200 21656 "-" "Mozilla/5.0 (Windows NT 10.0; Win64; x64) AppleWebKit/537.36 (KHTML, like Gecko) Chrome/136.0.0.0 Safari/537.36"
20.220.213.31 - - [26/Feb/2026:06:13:53 +0800] "GET /wp-content/plugins/hellopress/wp_filemanager.php HTTP/1.1" 404 27 "-" "-"
20.220.213.31 - - [26/Feb/2026:06:13:53 +0800] "GET /asc.php HTTP/1.1" 404 27 "-" "-"
20.220.213.31 - - [26/Feb/2026:06:13:53 +0800] "GET /class3.php HTTP/1.1" 404 27 "-" "-"
155.248.254.73 - - [26/Feb/2026:06:22:38 +0800] "GET / HTTP/1.1" 200 35253 "-" "Mozilla/5.0 (X11; Linux x86_64; rv:68.0) Gecko/20100101 Firefox/68.0"
36.133.115.36 - - [26/Feb/2026:06:24:44 +0800] "POST /wp-cron.php?doing_wp_cron=1772058284.6997170448303222656250 HTTP/1.1" 200 31 "-" "WordPress/6.9; http://cqqizhou.com"
43.133.139.6 - - [26/Feb/2026:06:24:44 +0800] "GET / HTTP/1.1" 200 34807 "-" "Mozilla/5.0 (iPhone; CPU iPhone OS 13_2_3 like Mac OS X) AppleWebKit/605.1.15 (KHTML, like Gecko) Version/13.0.3 Mobile/15E148 Safari/604.1"
91.84.99.6 - - [26/Feb/2026:06:31:12 +0800] "GET / HTTP/1.1" 200 35253 "-" "Mozilla/5.0 (Windows NT 10.0; Win64; x64) AppleWebKit/537.36 (KHTML, like Gecko) Chrome/120.0.0.0 Safari/537.36"
36.133.115.36 - - [26/Feb/2026:06:38:46 +0800] "POST /wp-cron.php?doing_wp_cron=1772059126.6252889633178710937500 HTTP/1.1" 200 31 "-" "WordPress/6.9; http://cqqizhou.com"
185.191.171.10 - - [26/Feb/2026:06:38:46 +0800] "GET /robots.txt HTTP/1.1" 200 190 "-" "Mozilla/5.0 (compatible; SemrushBot/7~bl; +http://www.semrush.com/bot.html)"
36.133.115.36 - - [26/Feb/2026:07:00:12 +0800] "POST /wp-cron.php?doing_wp_cron=1772060411.9836308956146240234375 HTTP/1.1" 200 31 "-" "WordPress/6.9; http://cqqizhou.com"
47.128.122.69 - - [26/Feb/2026:07:00:12 +0800] "GET /robots.txt HTTP/1.1" 200 190 "-" "Mozilla/5.0 (Linux; Android 5.0) AppleWebKit/537.36 (KHTML, like Gecko) Mobile Safari/537.36 (compatible; Bytespider; spider-feedback@bytedance.com)"
36.133.115.36 - - [26/Feb/2026:07:02:21 +0800] "POST /wp-cron.php?doing_wp_cron=1772060541.0242810249328613281250 HTTP/1.1" 200 31 "-" "WordPress/6.9; http://cqqizhou.com"
207.46.13.168 - - [26/Feb/2026:07:02:21 +0800] "GET /?s= HTTP/1.1" 200 19991 "-" "Mozilla/5.0 AppleWebKit/537.36 (KHTML, like Gecko; compatible; bingbot/2.0; +http://www.bing.com/bingbot.htm) Chrome/116.0.1938.76 Safari/537.36"
36.133.115.36 - - [26/Feb/2026:07:06:47 +0800] "POST /wp-cron.php?doing_wp_cron=1772060807.4322791099548339843750 HTTP/1.1" 200 31 "-" "WordPress/6.9; http://cqqizhou.com"
178.128.122.93 - - [26/Feb/2026:07:06:47 +0800] "GET /sftp-config.json HTTP/1.1" 404 8949 "-" "Mozilla/5.0 (Macintosh; Intel Mac OS X 10.15; rv:77.0) Gecko/20100101 Firefox/77.0"
178.128.122.93 - - [26/Feb/2026:07:06:48 +0800] "GET /.vscode/sftp.json HTTP/1.1" 404 8949 "-" "Mozilla/5.0 (Macintosh; Intel Mac OS X 10.15; rv:77.0) Gecko/20100101 Firefox/77.0"
178.128.122.93 - - [26/Feb/2026:07:06:49 +0800] "GET /.vscode/ftp-config.json HTTP/1.1" 404 8949 "-" "Mozilla/5.0 (Macintosh; Intel Mac OS X 10.15; rv:77.0) Gecko/20100101 Firefox/77.0"
178.128.122.93 - - [26/Feb/2026:07:06:50 +0800] "GET /.vscode/ftp-sync.json HTTP/1.1" 404 8946 "-" "Mozilla/5.0 (Macintosh; Intel Mac OS X 10.15; rv:77.0) Gecko/20100101 Firefox/77.0"
178.128.122.93 - - [26/Feb/2026:07:06:51 +0800] "GET /.sftp-config.json HTTP/1.1" 404 8948 "-" "Mozilla/5.0 (Macintosh; Intel Mac OS X 10.15; rv:77.0) Gecko/20100101 Firefox/77.0"
178.128.122.93 - - [26/Feb/2026:07:06:52 +0800] "GET /ftp-sync.json HTTP/1.1" 404 8948 "-" "Mozilla/5.0 (Macintosh; Intel Mac OS X 10.15; rv:77.0) Gecko/20100101 Firefox/77.0"
178.128.122.93 - - [26/Feb/2026:07:06:52 +0800] "GET /.ftp-sync.json HTTP/1.1" 404 8948 "-" "Mozilla/5.0 (Macintosh; Intel Mac OS X 10.15; rv:77.0) Gecko/20100101 Firefox/77.0"
178.128.122.93 - - [26/Feb/2026:07:06:53 +0800] "GET /ftp-config.json HTTP/1.1" 404 8948 "-" "Mozilla/5.0 (Macintosh; Intel Mac OS X 10.15; rv:77.0) Gecko/20100101 Firefox/77.0"
178.128.122.93 - - [26/Feb/2026:07:06:55 +0800] "GET /.ftp-config.json HTTP/1.1" 404 8949 "-" "Mozilla/5.0 (Macintosh; Intel Mac OS X 10.15; rv:77.0) Gecko/20100101 Firefox/77.0"
36.133.115.36 - - [26/Feb/2026:08:04:49 +0800] "POST /wp-cron.php?doing_wp_cron=1772064289.5398879051208496093750 HTTP/1.1" 200 31 "-" "WordPress/6.9; http://cqqizhou.com"
66.249.73.9 - - [26/Feb/2026:08:04:49 +0800] "GET /robots.txt HTTP/1.1" 200 190 "-" "Mozilla/5.0 (compatible; Googlebot/2.1; +http://www.google.com/bot.html)"
66.249.73.7 - - [26/Feb/2026:08:04:50 +0800] "GET /2464/ HTTP/1.1" 301 5 "-" "Mozilla/5.0 (Linux; Android 6.0.1; Nexus 5X Build/MMB29P) AppleWebKit/537.36 (KHTML, like Gecko) Chrome/144.0.7559.132 Mobile Safari/537.36 (compatible; Googlebot/2.1; +http://www.google.com/bot.html)"
66.249.73.7 - - [26/Feb/2026:08:04:51 +0800] "GET /news/2464 HTTP/1.1" 200 19604 "-" "Mozilla/5.0 (Linux; Android 6.0.1; Nexus 5X Build/MMB29P) AppleWebKit/537.36 (KHTML, like Gecko) Chrome/144.0.7559.132 Mobile Safari/537.36 (compatible; Googlebot/2.1; +http://www.google.com/bot.html)"
