66.181.39.1 - - [23/Feb/2026:20:45:24 +0800] "GET /wp-login.php?redirect_to=http%3A%2F%2Fcqqizhou.com%2Fwp-admin%2Findex.php&reauth=1 HTTP/1.1" 200 2858 "http://cqqizhou.com/wp-login.php" "Mozilla/5.0 (Macintosh; Intel Mac OS X 10.15) Gecko/20100101 Firefox/118.0.2"
66.181.39.1 - - [23/Feb/2026:20:45:26 +0800] "POST /wp-login.php HTTP/1.1" 200 2998 "http://cqqizhou.com/wp-login.php" "Mozilla/5.0 (X11; Ubuntu; Linux x86_64) AppleWebKit/537.36 (KHTML, like Gecko) Chrome/121.0.6167.85 Safari/537.36"
66.181.39.1 - - [23/Feb/2026:20:45:26 +0800] "GET /wp-admin/index.php HTTP/1.1" 302 5 "http://cqqizhou.com/wp-login.php" "Mozilla/5.0 (X11; Ubuntu; Linux x86_64) AppleWebKit/537.36 (KHTML, like Gecko) Chrome/121.0.6167.85 Safari/537.36"
66.181.39.1 - - [23/Feb/2026:20:45:27 +0800] "GET /wp-login.php?redirect_to=http%3A%2F%2Fcqqizhou.com%2Fwp-admin%2Findex.php&reauth=1 HTTP/1.1" 200 2858 "http://cqqizhou.com/wp-login.php" "Mozilla/5.0 (X11; Ubuntu; Linux x86_64) AppleWebKit/537.36 (KHTML, like Gecko) Chrome/121.0.6167.85 Safari/537.36"
66.181.39.1 - - [23/Feb/2026:20:45:28 +0800] "POST /wp-login.php HTTP/1.1" 200 3050 "http://cqqizhou.com/wp-login.php" "Mozilla/5.0 (Macintosh; Intel Mac OS X 11_7_2) AppleWebKit/605.1.15 (KHTML, like Gecko) Version/16.6.1 Safari/605.1.15"
66.181.39.1 - - [23/Feb/2026:20:45:29 +0800] "GET /wp-admin/index.php HTTP/1.1" 302 5 "http://cqqizhou.com/wp-login.php" "Mozilla/5.0 (Macintosh; Intel Mac OS X 11_7_2) AppleWebKit/605.1.15 (KHTML, like Gecko) Version/16.6.1 Safari/605.1.15"
66.181.39.1 - - [23/Feb/2026:20:45:31 +0800] "GET /wp-login.php?redirect_to=http%3A%2F%2Fcqqizhou.com%2Fwp-admin%2Findex.php&reauth=1 HTTP/1.1" 200 2858 "http://cqqizhou.com/wp-login.php" "Mozilla/5.0 (Macintosh; Intel Mac OS X 11_7_2) AppleWebKit/605.1.15 (KHTML, like Gecko) Version/16.6.1 Safari/605.1.15"
66.181.39.1 - - [23/Feb/2026:20:45:31 +0800] "POST /wp-login.php HTTP/1.1" 200 3049 "http://cqqizhou.com/wp-login.php" "Mozilla/5.0 (X11; Ubuntu; Linux x86_64) AppleWebKit/537.36 (KHTML, like Gecko) Chrome/120.0.6099.130 Safari/537.36"
66.181.39.1 - - [23/Feb/2026:20:45:32 +0800] "GET /wp-admin/index.php HTTP/1.1" 302 5 "http://cqqizhou.com/wp-login.php" "Mozilla/5.0 (X11; Ubuntu; Linux x86_64) AppleWebKit/537.36 (KHTML, like Gecko) Chrome/120.0.6099.130 Safari/537.36"
66.181.39.1 - - [23/Feb/2026:20:45:33 +0800] "GET /wp-login.php?redirect_to=http%3A%2F%2Fcqqizhou.com%2Fwp-admin%2Findex.php&reauth=1 HTTP/1.1" 200 2858 "http://cqqizhou.com/wp-login.php" "Mozilla/5.0 (X11; Ubuntu; Linux x86_64) AppleWebKit/537.36 (KHTML, like Gecko) Chrome/120.0.6099.130 Safari/537.36"
66.181.39.1 - - [23/Feb/2026:20:45:35 +0800] "POST /wp-login.php HTTP/1.1" 200 3053 "http://cqqizhou.com/wp-login.php" "Mozilla/5.0 (X11; Ubuntu; Linux x86_64) AppleWebKit/537.36 (KHTML, like Gecko) Chrome/121.0.6167.85 Safari/537.36"
66.181.39.1 - - [23/Feb/2026:20:45:36 +0800] "GET /wp-admin/index.php HTTP/1.1" 302 5 "http://cqqizhou.com/wp-login.php" "Mozilla/5.0 (X11; Ubuntu; Linux x86_64) AppleWebKit/537.36 (KHTML, like Gecko) Chrome/121.0.6167.85 Safari/537.36"
66.181.39.1 - - [23/Feb/2026:20:45:37 +0800] "GET /wp-login.php?redirect_to=http%3A%2F%2Fcqqizhou.com%2Fwp-admin%2Findex.php&reauth=1 HTTP/1.1" 200 2858 "http://cqqizhou.com/wp-login.php" "Mozilla/5.0 (X11; Ubuntu; Linux x86_64) AppleWebKit/537.36 (KHTML, like Gecko) Chrome/121.0.6167.85 Safari/537.36"
66.181.39.1 - - [23/Feb/2026:20:45:38 +0800] "POST /wp-login.php HTTP/1.1" 200 2998 "http://cqqizhou.com/wp-login.php" "Mozilla/5.0 (Windows NT 11.0; Win64; x64) AppleWebKit/537.36 (KHTML, like Gecko) Chrome/119.0.6045.159 Safari/537.36"
66.181.39.1 - - [23/Feb/2026:20:45:39 +0800] "GET /wp-admin/index.php HTTP/1.1" 302 5 "http://cqqizhou.com/wp-login.php" "Mozilla/5.0 (Windows NT 11.0; Win64; x64) AppleWebKit/537.36 (KHTML, like Gecko) Chrome/119.0.6045.159 Safari/537.36"
66.181.39.1 - - [23/Feb/2026:20:45:40 +0800] "GET /wp-login.php?redirect_to=http%3A%2F%2Fcqqizhou.com%2Fwp-admin%2Findex.php&reauth=1 HTTP/1.1" 200 2858 "http://cqqizhou.com/wp-login.php" "Mozilla/5.0 (Windows NT 11.0; Win64; x64) AppleWebKit/537.36 (KHTML, like Gecko) Chrome/119.0.6045.159 Safari/537.36"
66.181.39.1 - - [23/Feb/2026:20:45:42 +0800] "POST /wp-login.php HTTP/1.1" 200 3051 "http://cqqizhou.com/wp-login.php" "Mozilla/5.0 (X11; Ubuntu; Linux x86_64) AppleWebKit/537.36 (KHTML, like Gecko) Chrome/121.0.6167.85 Safari/537.36"
66.181.39.1 - - [23/Feb/2026:20:45:43 +0800] "GET /wp-admin/index.php HTTP/1.1" 302 5 "http://cqqizhou.com/wp-login.php" "Mozilla/5.0 (X11; Ubuntu; Linux x86_64) AppleWebKit/537.36 (KHTML, like Gecko) Chrome/121.0.6167.85 Safari/537.36"
66.181.39.1 - - [23/Feb/2026:20:45:44 +0800] "GET /wp-login.php?redirect_to=http%3A%2F%2Fcqqizhou.com%2Fwp-admin%2Findex.php&reauth=1 HTTP/1.1" 200 2858 "http://cqqizhou.com/wp-login.php" "Mozilla/5.0 (X11; Ubuntu; Linux x86_64) AppleWebKit/537.36 (KHTML, like Gecko) Chrome/121.0.6167.85 Safari/537.36"
66.181.39.1 - - [23/Feb/2026:20:45:45 +0800] "POST /wp-login.php HTTP/1.1" 200 3055 "http://cqqizhou.com/wp-login.php" "Mozilla/5.0 (X11; Linux x86_64) Gecko/20100101 Firefox/121.0"
66.181.39.1 - - [23/Feb/2026:20:45:46 +0800] "GET /wp-admin/index.php HTTP/1.1" 302 5 "http://cqqizhou.com/wp-login.php" "Mozilla/5.0 (X11; Linux x86_64) Gecko/20100101 Firefox/121.0"
66.181.39.1 - - [23/Feb/2026:20:45:47 +0800] "GET /wp-login.php?redirect_to=http%3A%2F%2Fcqqizhou.com%2Fwp-admin%2Findex.php&reauth=1 HTTP/1.1" 200 2858 "http://cqqizhou.com/wp-login.php" "Mozilla/5.0 (X11; Linux x86_64) Gecko/20100101 Firefox/121.0"
66.181.39.1 - - [23/Feb/2026:20:45:48 +0800] "POST /wp-login.php HTTP/1.1" 200 3051 "http://cqqizhou.com/wp-login.php" "Mozilla/5.0 (Macintosh; Intel Mac OS X 12_6_2) AppleWebKit/605.1.15 (KHTML, like Gecko) Version/17.2.1 Safari/605.1.15"
66.181.39.1 - - [23/Feb/2026:20:45:49 +0800] "GET /wp-admin/index.php HTTP/1.1" 302 5 "http://cqqizhou.com/wp-login.php" "Mozilla/5.0 (Macintosh; Intel Mac OS X 12_6_2) AppleWebKit/605.1.15 (KHTML, like Gecko) Version/17.2.1 Safari/605.1.15"
66.181.39.1 - - [23/Feb/2026:20:45:50 +0800] "GET /wp-login.php?redirect_to=http%3A%2F%2Fcqqizhou.com%2Fwp-admin%2Findex.php&reauth=1 HTTP/1.1" 200 2858 "http://cqqizhou.com/wp-login.php" "Mozilla/5.0 (Macintosh; Intel Mac OS X 12_6_2) AppleWebKit/605.1.15 (KHTML, like Gecko) Version/17.2.1 Safari/605.1.15"
66.181.39.1 - - [23/Feb/2026:20:45:51 +0800] "POST /wp-login.php HTTP/1.1" 200 3053 "http://cqqizhou.com/wp-login.php" "Mozilla/5.0 (Macintosh; Intel Mac OS X 10.15) Gecko/20100101 Firefox/120.0.1"
66.181.39.1 - - [23/Feb/2026:20:45:53 +0800] "GET /wp-admin/index.php HTTP/1.1" 302 5 "http://cqqizhou.com/wp-login.php" "Mozilla/5.0 (Macintosh; Intel Mac OS X 10.15) Gecko/20100101 Firefox/120.0.1"
66.181.39.1 - - [23/Feb/2026:20:45:53 +0800] "GET /wp-login.php?redirect_to=http%3A%2F%2Fcqqizhou.com%2Fwp-admin%2Findex.php&reauth=1 HTTP/1.1" 200 2858 "http://cqqizhou.com/wp-login.php" "Mozilla/5.0 (Macintosh; Intel Mac OS X 10.15) Gecko/20100101 Firefox/120.0.1"
66.181.39.1 - - [23/Feb/2026:20:45:55 +0800] "POST /wp-login.php HTTP/1.1" 200 3050 "http://cqqizhou.com/wp-login.php" "Mozilla/5.0 (Windows NT 10.0; Win64; x64) Gecko/20100101 Firefox/119.0.1"
66.181.39.1 - - [23/Feb/2026:20:45:56 +0800] "GET /wp-admin/index.php HTTP/1.1" 302 5 "http://cqqizhou.com/wp-login.php" "Mozilla/5.0 (Windows NT 10.0; Win64; x64) Gecko/20100101 Firefox/119.0.1"
66.181.39.1 - - [23/Feb/2026:20:45:57 +0800] "GET /wp-login.php?redirect_to=http%3A%2F%2Fcqqizhou.com%2Fwp-admin%2Findex.php&reauth=1 HTTP/1.1" 200 2858 "http://cqqizhou.com/wp-login.php" "Mozilla/5.0 (Windows NT 10.0; Win64; x64) Gecko/20100101 Firefox/119.0.1"
66.181.39.1 - - [23/Feb/2026:20:45:58 +0800] "POST /wp-login.php HTTP/1.1" 200 2998 "http://cqqizhou.com/wp-login.php" "Mozilla/5.0 (Macintosh; Intel Mac OS X 10_15_7) AppleWebKit/537.36 (KHTML, like Gecko) Chrome/122.0.6261.57 Safari/537.36"
66.181.39.1 - - [23/Feb/2026:20:45:59 +0800] "GET /wp-admin/index.php HTTP/1.1" 302 5 "http://cqqizhou.com/wp-login.php" "Mozilla/5.0 (Macintosh; Intel Mac OS X 10_15_7) AppleWebKit/537.36 (KHTML, like Gecko) Chrome/122.0.6261.57 Safari/537.36"
66.181.39.1 - - [23/Feb/2026:20:46:00 +0800] "GET /wp-login.php?redirect_to=http%3A%2F%2Fcqqizhou.com%2Fwp-admin%2Findex.php&reauth=1 HTTP/1.1" 200 2858 "http://cqqizhou.com/wp-login.php" "Mozilla/5.0 (Macintosh; Intel Mac OS X 10_15_7) AppleWebKit/537.36 (KHTML, like Gecko) Chrome/122.0.6261.57 Safari/537.36"
66.181.39.1 - - [23/Feb/2026:20:46:01 +0800] "POST /wp-login.php HTTP/1.1" 200 3052 "http://cqqizhou.com/wp-login.php" "Mozilla/5.0 (Windows NT 10.0; Win64; x64) AppleWebKit/537.36 (KHTML, like Gecko) Chrome/118.0.5993.88 Safari/537.36"
66.181.39.1 - - [23/Feb/2026:20:46:02 +0800] "GET /wp-admin/index.php HTTP/1.1" 302 5 "http://cqqizhou.com/wp-login.php" "Mozilla/5.0 (Windows NT 10.0; Win64; x64) AppleWebKit/537.36 (KHTML, like Gecko) Chrome/118.0.5993.88 Safari/537.36"
66.181.39.1 - - [23/Feb/2026:20:46:03 +0800] "GET /wp-login.php?redirect_to=http%3A%2F%2Fcqqizhou.com%2Fwp-admin%2Findex.php&reauth=1 HTTP/1.1" 200 2858 "http://cqqizhou.com/wp-login.php" "Mozilla/5.0 (Windows NT 10.0; Win64; x64) AppleWebKit/537.36 (KHTML, like Gecko) Chrome/118.0.5993.88 Safari/537.36"
66.181.39.1 - - [23/Feb/2026:20:46:04 +0800] "POST /wp-login.php HTTP/1.1" 200 3052 "http://cqqizhou.com/wp-login.php" "Mozilla/5.0 (X11; Ubuntu; Linux x86_64; rv:119.0.1) Gecko/20100101 Firefox/119.0.1"
66.181.39.1 - - [23/Feb/2026:20:46:05 +0800] "GET /wp-admin/index.php HTTP/1.1" 302 5 "http://cqqizhou.com/wp-login.php" "Mozilla/5.0 (X11; Ubuntu; Linux x86_64; rv:119.0.1) Gecko/20100101 Firefox/119.0.1"
66.181.39.1 - - [23/Feb/2026:20:46:06 +0800] "GET /wp-login.php?redirect_to=http%3A%2F%2Fcqqizhou.com%2Fwp-admin%2Findex.php&reauth=1 HTTP/1.1" 200 2858 "http://cqqizhou.com/wp-login.php" "Mozilla/5.0 (X11; Ubuntu; Linux x86_64; rv:119.0.1) Gecko/20100101 Firefox/119.0.1"
66.181.39.1 - - [23/Feb/2026:20:46:07 +0800] "POST /wp-login.php HTTP/1.1" 200 3052 "http://cqqizhou.com/wp-login.php" "Mozilla/5.0 (Windows NT 11.0; Win64; x64) AppleWebKit/537.36 (KHTML, like Gecko) Chrome/120.0.6099.130 Safari/537.36"
36.133.115.36 - - [23/Feb/2026:20:46:08 +0800] "POST /wp-cron.php?doing_wp_cron=1771850768.1364281177520751953125 HTTP/1.1" 200 31 "-" "WordPress/6.9; http://cqqizhou.com"
66.181.39.1 - - [23/Feb/2026:20:46:08 +0800] "GET /wp-admin/index.php HTTP/1.1" 302 5 "http://cqqizhou.com/wp-login.php" "Mozilla/5.0 (Windows NT 11.0; Win64; x64) AppleWebKit/537.36 (KHTML, like Gecko) Chrome/120.0.6099.130 Safari/537.36"
66.181.39.1 - - [23/Feb/2026:20:46:09 +0800] "GET /wp-login.php?redirect_to=http%3A%2F%2Fcqqizhou.com%2Fwp-admin%2Findex.php&reauth=1 HTTP/1.1" 200 2858 "http://cqqizhou.com/wp-login.php" "Mozilla/5.0 (Windows NT 11.0; Win64; x64) AppleWebKit/537.36 (KHTML, like Gecko) Chrome/120.0.6099.130 Safari/537.36"
66.181.39.1 - - [23/Feb/2026:20:46:09 +0800] "POST /wp-login.php HTTP/1.1" 200 3052 "http://cqqizhou.com/wp-login.php" "Mozilla/5.0 (X11; Ubuntu; Linux x86_64; rv:120.0.1) Gecko/20100101 Firefox/120.0.1"
66.181.39.1 - - [23/Feb/2026:20:46:10 +0800] "GET /wp-admin/index.php HTTP/1.1" 302 5 "http://cqqizhou.com/wp-login.php" "Mozilla/5.0 (X11; Ubuntu; Linux x86_64; rv:120.0.1) Gecko/20100101 Firefox/120.0.1"
66.181.39.1 - - [23/Feb/2026:20:46:12 +0800] "GET /wp-login.php?redirect_to=http%3A%2F%2Fcqqizhou.com%2Fwp-admin%2Findex.php&reauth=1 HTTP/1.1" 200 2858 "http://cqqizhou.com/wp-login.php" "Mozilla/5.0 (X11; Ubuntu; Linux x86_64; rv:120.0.1) Gecko/20100101 Firefox/120.0.1"
66.181.39.1 - - [23/Feb/2026:20:46:13 +0800] "POST /wp-login.php HTTP/1.1" 200 3052 "http://cqqizhou.com/wp-login.php" "Mozilla/5.0 (Windows NT 10.0; Win64; x64) AppleWebKit/537.36 (KHTML, like Gecko) Chrome/121.0.6167.85 Safari/537.36"
66.181.39.1 - - [23/Feb/2026:20:46:14 +0800] "GET /wp-admin/index.php HTTP/1.1" 302 5 "http://cqqizhou.com/wp-login.php" "Mozilla/5.0 (Windows NT 10.0; Win64; x64) AppleWebKit/537.36 (KHTML, like Gecko) Chrome/121.0.6167.85 Safari/537.36"
66.181.39.1 - - [23/Feb/2026:20:46:14 +0800] "GET /wp-login.php?redirect_to=http%3A%2F%2Fcqqizhou.com%2Fwp-admin%2Findex.php&reauth=1 HTTP/1.1" 200 2858 "http://cqqizhou.com/wp-login.php" "Mozilla/5.0 (Windows NT 10.0; Win64; x64) AppleWebKit/537.36 (KHTML, like Gecko) Chrome/121.0.6167.85 Safari/537.36"
66.181.39.1 - - [23/Feb/2026:20:46:16 +0800] "POST /wp-login.php HTTP/1.1" 200 2965 "http://cqqizhou.com/wp-login.php" "Mozilla/5.0 (Macintosh; Intel Mac OS X 11_7_2) AppleWebKit/605.1.15 (KHTML, like Gecko) Version/17.1 Safari/605.1.15"
66.181.39.1 - - [23/Feb/2026:20:46:17 +0800] "GET /wp-admin/index.php HTTP/1.1" 302 5 "http://cqqizhou.com/wp-login.php" "Mozilla/5.0 (Macintosh; Intel Mac OS X 11_7_2) AppleWebKit/605.1.15 (KHTML, like Gecko) Version/17.1 Safari/605.1.15"
66.181.39.1 - - [23/Feb/2026:20:46:18 +0800] "GET /wp-login.php?redirect_to=http%3A%2F%2Fcqqizhou.com%2Fwp-admin%2Findex.php&reauth=1 HTTP/1.1" 200 2858 "http://cqqizhou.com/wp-login.php" "Mozilla/5.0 (Macintosh; Intel Mac OS X 11_7_2) AppleWebKit/605.1.15 (KHTML, like Gecko) Version/17.1 Safari/605.1.15"
66.181.39.1 - - [23/Feb/2026:20:46:19 +0800] "POST /wp-login.php HTTP/1.1" 200 3051 "http://cqqizhou.com/wp-login.php" "Mozilla/5.0 (X11; Ubuntu; Linux x86_64; rv:120.0.1) Gecko/20100101 Firefox/120.0.1"
66.181.39.1 - - [23/Feb/2026:20:46:20 +0800] "GET /wp-admin/index.php HTTP/1.1" 302 5 "http://cqqizhou.com/wp-login.php" "Mozilla/5.0 (X11; Ubuntu; Linux x86_64; rv:120.0.1) Gecko/20100101 Firefox/120.0.1"
66.181.39.1 - - [23/Feb/2026:20:46:21 +0800] "GET /wp-login.php?redirect_to=http%3A%2F%2Fcqqizhou.com%2Fwp-admin%2Findex.php&reauth=1 HTTP/1.1" 200 2858 "http://cqqizhou.com/wp-login.php" "Mozilla/5.0 (X11; Ubuntu; Linux x86_64; rv:120.0.1) Gecko/20100101 Firefox/120.0.1"
66.181.39.1 - - [23/Feb/2026:20:46:22 +0800] "POST /wp-login.php HTTP/1.1" 200 3052 "http://cqqizhou.com/wp-login.php" "Mozilla/5.0 (Macintosh; Intel Mac OS X 13_6_2) AppleWebKit/537.36 (KHTML, like Gecko) Chrome/121.0.6167.85 Safari/537.36"
66.181.39.1 - - [23/Feb/2026:20:46:23 +0800] "GET /wp-admin/index.php HTTP/1.1" 302 5 "http://cqqizhou.com/wp-login.php" "Mozilla/5.0 (Macintosh; Intel Mac OS X 13_6_2) AppleWebKit/537.36 (KHTML, like Gecko) Chrome/121.0.6167.85 Safari/537.36"
66.181.39.1 - - [23/Feb/2026:20:46:24 +0800] "GET /wp-login.php?redirect_to=http%3A%2F%2Fcqqizhou.com%2Fwp-admin%2Findex.php&reauth=1 HTTP/1.1" 200 2858 "http://cqqizhou.com/wp-login.php" "Mozilla/5.0 (Macintosh; Intel Mac OS X 13_6_2) AppleWebKit/537.36 (KHTML, like Gecko) Chrome/121.0.6167.85 Safari/537.36"
66.181.39.1 - - [23/Feb/2026:20:46:25 +0800] "POST /wp-login.php HTTP/1.1" 200 3050 "http://cqqizhou.com/wp-login.php" "Mozilla/5.0 (Windows NT 10.0; Win64; x64) Gecko/20100101 Firefox/120.0.1"
66.181.39.1 - - [23/Feb/2026:20:46:26 +0800] "GET /wp-admin/index.php HTTP/1.1" 302 5 "http://cqqizhou.com/wp-login.php" "Mozilla/5.0 (Windows NT 10.0; Win64; x64) Gecko/20100101 Firefox/120.0.1"
66.181.39.1 - - [23/Feb/2026:20:46:27 +0800] "GET /wp-login.php?redirect_to=http%3A%2F%2Fcqqizhou.com%2Fwp-admin%2Findex.php&reauth=1 HTTP/1.1" 200 2858 "http://cqqizhou.com/wp-login.php" "Mozilla/5.0 (Windows NT 10.0; Win64; x64) Gecko/20100101 Firefox/120.0.1"
66.181.39.1 - - [23/Feb/2026:20:46:28 +0800] "POST /wp-login.php HTTP/1.1" 200 3050 "http://cqqizhou.com/wp-login.php" "Mozilla/5.0 (Windows NT 10.0; Win64; x64) AppleWebKit/537.36 (KHTML, like Gecko) Chrome/121.0.0.0 Safari/537.36 Edg/121.0.2277.83"
66.181.39.1 - - [23/Feb/2026:20:46:30 +0800] "GET /wp-admin/index.php HTTP/1.1" 302 5 "http://cqqizhou.com/wp-login.php" "Mozilla/5.0 (Windows NT 10.0; Win64; x64) AppleWebKit/537.36 (KHTML, like Gecko) Chrome/121.0.0.0 Safari/537.36 Edg/121.0.2277.83"
66.181.39.1 - - [23/Feb/2026:20:46:30 +0800] "GET /wp-login.php?redirect_to=http%3A%2F%2Fcqqizhou.com%2Fwp-admin%2Findex.php&reauth=1 HTTP/1.1" 200 2858 "http://cqqizhou.com/wp-login.php" "Mozilla/5.0 (Windows NT 10.0; Win64; x64) AppleWebKit/537.36 (KHTML, like Gecko) Chrome/121.0.0.0 Safari/537.36 Edg/121.0.2277.83"
66.181.39.1 - - [23/Feb/2026:20:46:32 +0800] "POST /wp-login.php HTTP/1.1" 200 3050 "http://cqqizhou.com/wp-login.php" "Mozilla/5.0 (Windows NT 10.0; Win64; x64) AppleWebKit/537.36 (KHTML, like Gecko) Chrome/119.0.0.0 Safari/537.36 Edg/119.0.2151.97"
66.181.39.1 - - [23/Feb/2026:20:46:33 +0800] "GET /wp-admin/index.php HTTP/1.1" 302 5 "http://cqqizhou.com/wp-login.php" "Mozilla/5.0 (Windows NT 10.0; Win64; x64) AppleWebKit/537.36 (KHTML, like Gecko) Chrome/119.0.0.0 Safari/537.36 Edg/119.0.2151.97"
66.181.39.1 - - [23/Feb/2026:20:46:34 +0800] "GET /wp-login.php?redirect_to=http%3A%2F%2Fcqqizhou.com%2Fwp-admin%2Findex.php&reauth=1 HTTP/1.1" 200 2858 "http://cqqizhou.com/wp-login.php" "Mozilla/5.0 (Windows NT 10.0; Win64; x64) AppleWebKit/537.36 (KHTML, like Gecko) Chrome/119.0.0.0 Safari/537.36 Edg/119.0.2151.97"
66.181.39.1 - - [23/Feb/2026:20:46:35 +0800] "POST /wp-login.php HTTP/1.1" 200 3054 "http://cqqizhou.com/wp-login.php" "Mozilla/5.0 (Windows NT 10.0; Win64; x64) Gecko/20100101 Firefox/121.0"
66.181.39.1 - - [23/Feb/2026:20:46:36 +0800] "GET /wp-admin/index.php HTTP/1.1" 302 5 "http://cqqizhou.com/wp-login.php" "Mozilla/5.0 (Windows NT 10.0; Win64; x64) Gecko/20100101 Firefox/121.0"
66.181.39.1 - - [23/Feb/2026:20:46:37 +0800] "GET /wp-login.php?redirect_to=http%3A%2F%2Fcqqizhou.com%2Fwp-admin%2Findex.php&reauth=1 HTTP/1.1" 200 2858 "http://cqqizhou.com/wp-login.php" "Mozilla/5.0 (Windows NT 10.0; Win64; x64) Gecko/20100101 Firefox/121.0"
66.181.39.1 - - [23/Feb/2026:20:46:38 +0800] "POST /wp-login.php HTTP/1.1" 200 3055 "http://cqqizhou.com/wp-login.php" "Mozilla/5.0 (X11; Ubuntu; Linux x86_64; rv:119.0.1) Gecko/20100101 Firefox/119.0.1"
66.181.39.1 - - [23/Feb/2026:20:46:39 +0800] "GET /wp-admin/index.php HTTP/1.1" 302 5 "http://cqqizhou.com/wp-login.php" "Mozilla/5.0 (X11; Ubuntu; Linux x86_64; rv:119.0.1) Gecko/20100101 Firefox/119.0.1"
66.181.39.1 - - [23/Feb/2026:20:46:40 +0800] "GET /wp-login.php?redirect_to=http%3A%2F%2Fcqqizhou.com%2Fwp-admin%2Findex.php&reauth=1 HTTP/1.1" 200 2858 "http://cqqizhou.com/wp-login.php" "Mozilla/5.0 (X11; Ubuntu; Linux x86_64; rv:119.0.1) Gecko/20100101 Firefox/119.0.1"
66.181.39.1 - - [23/Feb/2026:20:46:41 +0800] "POST /wp-login.php HTTP/1.1" 200 3055 "http://cqqizhou.com/wp-login.php" "Mozilla/5.0 (X11; Ubuntu; Linux x86_64) AppleWebKit/537.36 (KHTML, like Gecko) Chrome/120.0.6099.130 Safari/537.36"
66.181.39.1 - - [23/Feb/2026:20:46:42 +0800] "GET /wp-admin/index.php HTTP/1.1" 302 5 "http://cqqizhou.com/wp-login.php" "Mozilla/5.0 (X11; Ubuntu; Linux x86_64) AppleWebKit/537.36 (KHTML, like Gecko) Chrome/120.0.6099.130 Safari/537.36"
66.181.39.1 - - [23/Feb/2026:20:46:44 +0800] "GET /wp-login.php?redirect_to=http%3A%2F%2Fcqqizhou.com%2Fwp-admin%2Findex.php&reauth=1 HTTP/1.1" 200 2858 "http://cqqizhou.com/wp-login.php" "Mozilla/5.0 (X11; Ubuntu; Linux x86_64) AppleWebKit/537.36 (KHTML, like Gecko) Chrome/120.0.6099.130 Safari/537.36"
66.181.39.1 - - [23/Feb/2026:20:46:45 +0800] "POST /wp-login.php HTTP/1.1" 200 3050 "http://cqqizhou.com/wp-login.php" "Mozilla/5.0 (X11; Linux x86_64) Gecko/20100101 Firefox/121.0"
66.181.39.1 - - [23/Feb/2026:20:46:46 +0800] "GET /wp-admin/index.php HTTP/1.1" 302 5 "http://cqqizhou.com/wp-login.php" "Mozilla/5.0 (X11; Linux x86_64) Gecko/20100101 Firefox/121.0"
66.181.39.1 - - [23/Feb/2026:20:46:47 +0800] "GET /wp-login.php?redirect_to=http%3A%2F%2Fcqqizhou.com%2Fwp-admin%2Findex.php&reauth=1 HTTP/1.1" 200 2858 "http://cqqizhou.com/wp-login.php" "Mozilla/5.0 (X11; Linux x86_64) Gecko/20100101 Firefox/121.0"
66.181.39.1 - - [23/Feb/2026:20:46:48 +0800] "POST /wp-login.php HTTP/1.1" 200 3056 "http://cqqizhou.com/wp-login.php" "Mozilla/5.0 (Macintosh; Intel Mac OS X 10.15) Gecko/20100101 Firefox/121.0"
66.181.39.1 - - [23/Feb/2026:20:46:49 +0800] "GET /wp-admin/index.php HTTP/1.1" 302 5 "http://cqqizhou.com/wp-login.php" "Mozilla/5.0 (Macintosh; Intel Mac OS X 10.15) Gecko/20100101 Firefox/121.0"
66.181.39.1 - - [23/Feb/2026:20:46:50 +0800] "GET /wp-login.php?redirect_to=http%3A%2F%2Fcqqizhou.com%2Fwp-admin%2Findex.php&reauth=1 HTTP/1.1" 200 2858 "http://cqqizhou.com/wp-login.php" "Mozilla/5.0 (Macintosh; Intel Mac OS X 10.15) Gecko/20100101 Firefox/121.0"
66.181.39.1 - - [23/Feb/2026:20:46:51 +0800] "POST /wp-login.php HTTP/1.1" 200 3051 "http://cqqizhou.com/wp-login.php" "Mozilla/5.0 (Macintosh; Intel Mac OS X 13_6_1) AppleWebKit/605.1.15 (KHTML, like Gecko) Version/16.6.1 Safari/605.1.15"
66.181.39.1 - - [23/Feb/2026:20:46:52 +0800] "GET /wp-admin/index.php HTTP/1.1" 302 5 "http://cqqizhou.com/wp-login.php" "Mozilla/5.0 (Macintosh; Intel Mac OS X 13_6_1) AppleWebKit/605.1.15 (KHTML, like Gecko) Version/16.6.1 Safari/605.1.15"
66.181.39.1 - - [23/Feb/2026:20:46:53 +0800] "GET /wp-login.php?redirect_to=http%3A%2F%2Fcqqizhou.com%2Fwp-admin%2Findex.php&reauth=1 HTTP/1.1" 200 2858 "http://cqqizhou.com/wp-login.php" "Mozilla/5.0 (Macintosh; Intel Mac OS X 13_6_1) AppleWebKit/605.1.15 (KHTML, like Gecko) Version/16.6.1 Safari/605.1.15"
66.181.39.1 - - [23/Feb/2026:20:46:54 +0800] "POST /wp-login.php HTTP/1.1" 200 3053 "http://cqqizhou.com/wp-login.php" "Mozilla/5.0 (Windows NT 11.0; Win64; x64) AppleWebKit/537.36 (KHTML, like Gecko) Chrome/121.0.6167.85 Safari/537.36"
66.181.39.1 - - [23/Feb/2026:20:46:55 +0800] "GET /wp-admin/index.php HTTP/1.1" 302 5 "http://cqqizhou.com/wp-login.php" "Mozilla/5.0 (Windows NT 11.0; Win64; x64) AppleWebKit/537.36 (KHTML, like Gecko) Chrome/121.0.6167.85 Safari/537.36"
66.181.39.1 - - [23/Feb/2026:20:46:56 +0800] "GET /wp-login.php?redirect_to=http%3A%2F%2Fcqqizhou.com%2Fwp-admin%2Findex.php&reauth=1 HTTP/1.1" 200 2858 "http://cqqizhou.com/wp-login.php" "Mozilla/5.0 (Windows NT 11.0; Win64; x64) AppleWebKit/537.36 (KHTML, like Gecko) Chrome/121.0.6167.85 Safari/537.36"
66.181.39.1 - - [23/Feb/2026:20:46:57 +0800] "POST /wp-login.php HTTP/1.1" 200 3057 "http://cqqizhou.com/wp-login.php" "Mozilla/5.0 (Macintosh; Intel Mac OS X 12_6_2) AppleWebKit/605.1.15 (KHTML, like Gecko) Version/16.6.1 Safari/605.1.15"
66.181.39.1 - - [23/Feb/2026:20:46:58 +0800] "GET /wp-admin/index.php HTTP/1.1" 302 5 "http://cqqizhou.com/wp-login.php" "Mozilla/5.0 (Macintosh; Intel Mac OS X 12_6_2) AppleWebKit/605.1.15 (KHTML, like Gecko) Version/16.6.1 Safari/605.1.15"
66.181.39.1 - - [23/Feb/2026:20:46:59 +0800] "GET /wp-login.php?redirect_to=http%3A%2F%2Fcqqizhou.com%2Fwp-admin%2Findex.php&reauth=1 HTTP/1.1" 200 2858 "http://cqqizhou.com/wp-login.php" "Mozilla/5.0 (Macintosh; Intel Mac OS X 12_6_2) AppleWebKit/605.1.15 (KHTML, like Gecko) Version/16.6.1 Safari/605.1.15"
66.181.39.1 - - [23/Feb/2026:20:47:00 +0800] "POST /wp-login.php HTTP/1.1" 200 3053 "http://cqqizhou.com/wp-login.php" "Mozilla/5.0 (X11; Ubuntu; Linux x86_64) AppleWebKit/537.36 (KHTML, like Gecko) Chrome/122.0.6261.57 Safari/537.36"
66.181.39.1 - - [23/Feb/2026:20:47:01 +0800] "GET /wp-admin/index.php HTTP/1.1" 302 5 "http://cqqizhou.com/wp-login.php" "Mozilla/5.0 (X11; Ubuntu; Linux x86_64) AppleWebKit/537.36 (KHTML, like Gecko) Chrome/122.0.6261.57 Safari/537.36"
66.181.39.1 - - [23/Feb/2026:20:47:02 +0800] "GET /wp-login.php?redirect_to=http%3A%2F%2Fcqqizhou.com%2Fwp-admin%2Findex.php&reauth=1 HTTP/1.1" 200 2858 "http://cqqizhou.com/wp-login.php" "Mozilla/5.0 (X11; Ubuntu; Linux x86_64) AppleWebKit/537.36 (KHTML, like Gecko) Chrome/122.0.6261.57 Safari/537.36"
66.181.39.1 - - [23/Feb/2026:20:47:03 +0800] "POST /wp-login.php HTTP/1.1" 200 3055 "http://cqqizhou.com/wp-login.php" "Mozilla/5.0 (X11; Linux x86_64) AppleWebKit/537.36 (KHTML, like Gecko) Chrome/118.0.5993.88 Safari/537.36"
66.181.39.1 - - [23/Feb/2026:20:47:04 +0800] "GET /wp-admin/index.php HTTP/1.1" 302 5 "http://cqqizhou.com/wp-login.php" "Mozilla/5.0 (X11; Linux x86_64) AppleWebKit/537.36 (KHTML, like Gecko) Chrome/118.0.5993.88 Safari/537.36"
66.181.39.1 - - [23/Feb/2026:20:47:05 +0800] "GET /wp-login.php?redirect_to=http%3A%2F%2Fcqqizhou.com%2Fwp-admin%2Findex.php&reauth=1 HTTP/1.1" 200 2858 "http://cqqizhou.com/wp-login.php" "Mozilla/5.0 (X11; Linux x86_64) AppleWebKit/537.36 (KHTML, like Gecko) Chrome/118.0.5993.88 Safari/537.36"
66.181.39.1 - - [23/Feb/2026:20:47:07 +0800] "POST /wp-login.php HTTP/1.1" 200 2998 "http://cqqizhou.com/wp-login.php" "Mozilla/5.0 (X11; Ubuntu; Linux x86_64) AppleWebKit/537.36 (KHTML, like Gecko) Chrome/122.0.6261.57 Safari/537.36"
36.133.115.36 - - [23/Feb/2026:20:47:08 +0800] "POST /wp-cron.php?doing_wp_cron=1771850828.1694059371948242187500 HTTP/1.1" 200 31 "-" "WordPress/6.9; http://cqqizhou.com"
66.181.39.1 - - [23/Feb/2026:20:47:08 +0800] "GET /wp-admin/index.php HTTP/1.1" 302 5 "http://cqqizhou.com/wp-login.php" "Mozilla/5.0 (X11; Ubuntu; Linux x86_64) AppleWebKit/537.36 (KHTML, like Gecko) Chrome/122.0.6261.57 Safari/537.36"
66.181.39.1 - - [23/Feb/2026:20:47:09 +0800] "GET /wp-login.php?redirect_to=http%3A%2F%2Fcqqizhou.com%2Fwp-admin%2Findex.php&reauth=1 HTTP/1.1" 200 2858 "http://cqqizhou.com/wp-login.php" "Mozilla/5.0 (X11; Ubuntu; Linux x86_64) AppleWebKit/537.36 (KHTML, like Gecko) Chrome/122.0.6261.57 Safari/537.36"
66.181.39.1 - - [23/Feb/2026:20:47:10 +0800] "POST /wp-login.php HTTP/1.1" 200 2998 "http://cqqizhou.com/wp-login.php" "Mozilla/5.0 (Windows NT 10.0; Win64; x64) AppleWebKit/537.36 (KHTML, like Gecko) Chrome/122.0.6261.57 Safari/537.36"
66.181.39.1 - - [23/Feb/2026:20:47:11 +0800] "GET /wp-admin/index.php HTTP/1.1" 302 5 "http://cqqizhou.com/wp-login.php" "Mozilla/5.0 (Windows NT 10.0; Win64; x64) AppleWebKit/537.36 (KHTML, like Gecko) Chrome/122.0.6261.57 Safari/537.36"
66.181.39.1 - - [23/Feb/2026:20:47:12 +0800] "GET /wp-login.php?redirect_to=http%3A%2F%2Fcqqizhou.com%2Fwp-admin%2Findex.php&reauth=1 HTTP/1.1" 200 2858 "http://cqqizhou.com/wp-login.php" "Mozilla/5.0 (Windows NT 10.0; Win64; x64) AppleWebKit/537.36 (KHTML, like Gecko) Chrome/122.0.6261.57 Safari/537.36"
66.181.39.1 - - [23/Feb/2026:20:47:13 +0800] "POST /wp-login.php HTTP/1.1" 200 3050 "http://cqqizhou.com/wp-login.php" "Mozilla/5.0 (Windows NT 10.0; Win64; x64) AppleWebKit/537.36 (KHTML, like Gecko) Chrome/120.0.0.0 Safari/537.36 Edg/120.0.2210.133"
66.181.39.1 - - [23/Feb/2026:20:47:14 +0800] "GET /wp-admin/index.php HTTP/1.1" 302 5 "http://cqqizhou.com/wp-login.php" "Mozilla/5.0 (Windows NT 10.0; Win64; x64) AppleWebKit/537.36 (KHTML, like Gecko) Chrome/120.0.0.0 Safari/537.36 Edg/120.0.2210.133"
66.181.39.1 - - [23/Feb/2026:20:47:15 +0800] "GET /wp-login.php?redirect_to=http%3A%2F%2Fcqqizhou.com%2Fwp-admin%2Findex.php&reauth=1 HTTP/1.1" 200 2858 "http://cqqizhou.com/wp-login.php" "Mozilla/5.0 (Windows NT 10.0; Win64; x64) AppleWebKit/537.36 (KHTML, like Gecko) Chrome/120.0.0.0 Safari/537.36 Edg/120.0.2210.133"
66.181.39.1 - - [23/Feb/2026:20:47:16 +0800] "POST /wp-login.php HTTP/1.1" 200 3054 "http://cqqizhou.com/wp-login.php" "Mozilla/5.0 (Macintosh; Intel Mac OS X 11_7_2) AppleWebKit/605.1.15 (KHTML, like Gecko) Version/17.0 Safari/605.1.15"
66.181.39.1 - - [23/Feb/2026:20:47:17 +0800] "GET /wp-admin/index.php HTTP/1.1" 302 5 "http://cqqizhou.com/wp-login.php" "Mozilla/5.0 (Macintosh; Intel Mac OS X 11_7_2) AppleWebKit/605.1.15 (KHTML, like Gecko) Version/17.0 Safari/605.1.15"
66.181.39.1 - - [23/Feb/2026:20:47:18 +0800] "GET /wp-login.php?redirect_to=http%3A%2F%2Fcqqizhou.com%2Fwp-admin%2Findex.php&reauth=1 HTTP/1.1" 200 2858 "http://cqqizhou.com/wp-login.php" "Mozilla/5.0 (Macintosh; Intel Mac OS X 11_7_2) AppleWebKit/605.1.15 (KHTML, like Gecko) Version/17.0 Safari/605.1.15"
66.181.39.1 - - [23/Feb/2026:20:47:19 +0800] "POST /wp-login.php HTTP/1.1" 200 3052 "http://cqqizhou.com/wp-login.php" "Mozilla/5.0 (Macintosh; Intel Mac OS X 13_6_1) AppleWebKit/605.1.15 (KHTML, like Gecko) Version/17.0 Safari/605.1.15"
66.181.39.1 - - [23/Feb/2026:20:47:20 +0800] "GET /wp-admin/index.php HTTP/1.1" 302 5 "http://cqqizhou.com/wp-login.php" "Mozilla/5.0 (Macintosh; Intel Mac OS X 13_6_1) AppleWebKit/605.1.15 (KHTML, like Gecko) Version/17.0 Safari/605.1.15"
66.181.39.1 - - [23/Feb/2026:20:47:21 +0800] "GET /wp-login.php?redirect_to=http%3A%2F%2Fcqqizhou.com%2Fwp-admin%2Findex.php&reauth=1 HTTP/1.1" 200 2858 "http://cqqizhou.com/wp-login.php" "Mozilla/5.0 (Macintosh; Intel Mac OS X 13_6_1) AppleWebKit/605.1.15 (KHTML, like Gecko) Version/17.0 Safari/605.1.15"
66.181.39.1 - - [23/Feb/2026:20:47:22 +0800] "POST /wp-login.php HTTP/1.1" 200 3052 "http://cqqizhou.com/wp-login.php" "Mozilla/5.0 (Windows NT 10.0; Win64; x64) AppleWebKit/537.36 (KHTML, like Gecko) Chrome/121.0.6167.85 Safari/537.36"
66.181.39.1 - - [23/Feb/2026:20:47:23 +0800] "GET /wp-admin/index.php HTTP/1.1" 302 5 "http://cqqizhou.com/wp-login.php" "Mozilla/5.0 (Windows NT 10.0; Win64; x64) AppleWebKit/537.36 (KHTML, like Gecko) Chrome/121.0.6167.85 Safari/537.36"
66.181.39.1 - - [23/Feb/2026:20:47:24 +0800] "GET /wp-login.php?redirect_to=http%3A%2F%2Fcqqizhou.com%2Fwp-admin%2Findex.php&reauth=1 HTTP/1.1" 200 2858 "http://cqqizhou.com/wp-login.php" "Mozilla/5.0 (Windows NT 10.0; Win64; x64) AppleWebKit/537.36 (KHTML, like Gecko) Chrome/121.0.6167.85 Safari/537.36"
66.181.39.1 - - [23/Feb/2026:20:47:25 +0800] "POST /wp-login.php HTTP/1.1" 200 2965 "http://cqqizhou.com/wp-login.php" "Mozilla/5.0 (Windows NT 10.0; Win64; x64) AppleWebKit/537.36 (KHTML, like Gecko) Chrome/121.0.0.0 Safari/537.36 Edg/121.0.2277.83"
66.181.39.1 - - [23/Feb/2026:20:47:26 +0800] "GET /wp-admin/index.php HTTP/1.1" 302 5 "http://cqqizhou.com/wp-login.php" "Mozilla/5.0 (Windows NT 10.0; Win64; x64) AppleWebKit/537.36 (KHTML, like Gecko) Chrome/121.0.0.0 Safari/537.36 Edg/121.0.2277.83"
66.181.39.1 - - [23/Feb/2026:20:47:27 +0800] "GET /wp-login.php?redirect_to=http%3A%2F%2Fcqqizhou.com%2Fwp-admin%2Findex.php&reauth=1 HTTP/1.1" 200 2858 "http://cqqizhou.com/wp-login.php" "Mozilla/5.0 (Windows NT 10.0; Win64; x64) AppleWebKit/537.36 (KHTML, like Gecko) Chrome/121.0.0.0 Safari/537.36 Edg/121.0.2277.83"
66.181.39.1 - - [23/Feb/2026:20:47:28 +0800] "POST /wp-login.php HTTP/1.1" 200 3057 "http://cqqizhou.com/wp-login.php" "Mozilla/5.0 (X11; Ubuntu; Linux x86_64) AppleWebKit/537.36 (KHTML, like Gecko) Chrome/122.0.6261.57 Safari/537.36"
66.181.39.1 - - [23/Feb/2026:20:47:29 +0800] "GET /wp-admin/index.php HTTP/1.1" 302 5 "http://cqqizhou.com/wp-login.php" "Mozilla/5.0 (X11; Ubuntu; Linux x86_64) AppleWebKit/537.36 (KHTML, like Gecko) Chrome/122.0.6261.57 Safari/537.36"
66.181.39.1 - - [23/Feb/2026:20:47:31 +0800] "GET /wp-login.php?redirect_to=http%3A%2F%2Fcqqizhou.com%2Fwp-admin%2Findex.php&reauth=1 HTTP/1.1" 200 2858 "http://cqqizhou.com/wp-login.php" "Mozilla/5.0 (X11; Ubuntu; Linux x86_64) AppleWebKit/537.36 (KHTML, like Gecko) Chrome/122.0.6261.57 Safari/537.36"
66.181.39.1 - - [23/Feb/2026:20:47:32 +0800] "POST /wp-login.php HTTP/1.1" 200 3048 "http://cqqizhou.com/wp-login.php" "Mozilla/5.0 (Macintosh; Intel Mac OS X 12_6_2) AppleWebKit/605.1.15 (KHTML, like Gecko) Version/17.0 Safari/605.1.15"
66.181.39.1 - - [23/Feb/2026:20:47:33 +0800] "GET /wp-admin/index.php HTTP/1.1" 302 5 "http://cqqizhou.com/wp-login.php" "Mozilla/5.0 (Macintosh; Intel Mac OS X 12_6_2) AppleWebKit/605.1.15 (KHTML, like Gecko) Version/17.0 Safari/605.1.15"
66.181.39.1 - - [23/Feb/2026:20:47:34 +0800] "GET /wp-login.php?redirect_to=http%3A%2F%2Fcqqizhou.com%2Fwp-admin%2Findex.php&reauth=1 HTTP/1.1" 200 2858 "http://cqqizhou.com/wp-login.php" "Mozilla/5.0 (Macintosh; Intel Mac OS X 12_6_2) AppleWebKit/605.1.15 (KHTML, like Gecko) Version/17.0 Safari/605.1.15"
66.181.39.1 - - [23/Feb/2026:20:47:35 +0800] "POST /wp-login.php HTTP/1.1" 200 3055 "http://cqqizhou.com/wp-login.php" "Mozilla/5.0 (Macintosh; Intel Mac OS X 12_6_2) AppleWebKit/605.1.15 (KHTML, like Gecko) Version/17.1 Safari/605.1.15"
66.181.39.1 - - [23/Feb/2026:20:47:37 +0800] "GET /wp-admin/index.php HTTP/1.1" 302 5 "http://cqqizhou.com/wp-login.php" "Mozilla/5.0 (Macintosh; Intel Mac OS X 12_6_2) AppleWebKit/605.1.15 (KHTML, like Gecko) Version/17.1 Safari/605.1.15"
66.181.39.1 - - [23/Feb/2026:20:47:37 +0800] "GET /wp-login.php?redirect_to=http%3A%2F%2Fcqqizhou.com%2Fwp-admin%2Findex.php&reauth=1 HTTP/1.1" 200 2858 "http://cqqizhou.com/wp-login.php" "Mozilla/5.0 (Macintosh; Intel Mac OS X 12_6_2) AppleWebKit/605.1.15 (KHTML, like Gecko) Version/17.1 Safari/605.1.15"
66.181.39.1 - - [23/Feb/2026:20:47:38 +0800] "POST /wp-login.php HTTP/1.1" 200 3054 "http://cqqizhou.com/wp-login.php" "Mozilla/5.0 (Macintosh; Intel Mac OS X 12_6_2) AppleWebKit/605.1.15 (KHTML, like Gecko) Version/17.2.1 Safari/605.1.15"
66.181.39.1 - - [23/Feb/2026:20:47:39 +0800] "GET /wp-admin/index.php HTTP/1.1" 302 5 "http://cqqizhou.com/wp-login.php" "Mozilla/5.0 (Macintosh; Intel Mac OS X 12_6_2) AppleWebKit/605.1.15 (KHTML, like Gecko) Version/17.2.1 Safari/605.1.15"
66.181.39.1 - - [23/Feb/2026:20:47:40 +0800] "GET /wp-login.php?redirect_to=http%3A%2F%2Fcqqizhou.com%2Fwp-admin%2Findex.php&reauth=1 HTTP/1.1" 200 2858 "http://cqqizhou.com/wp-login.php" "Mozilla/5.0 (Macintosh; Intel Mac OS X 12_6_2) AppleWebKit/605.1.15 (KHTML, like Gecko) Version/17.2.1 Safari/605.1.15"
66.181.39.1 - - [23/Feb/2026:20:47:41 +0800] "POST /wp-login.php HTTP/1.1" 200 3052 "http://cqqizhou.com/wp-login.php" "Mozilla/5.0 (Macintosh; Intel Mac OS X 10.15) Gecko/20100101 Firefox/121.0"
66.181.39.1 - - [23/Feb/2026:20:47:42 +0800] "GET /wp-admin/index.php HTTP/1.1" 302 5 "http://cqqizhou.com/wp-login.php" "Mozilla/5.0 (Macintosh; Intel Mac OS X 10.15) Gecko/20100101 Firefox/121.0"
66.181.39.1 - - [23/Feb/2026:20:47:43 +0800] "GET /wp-login.php?redirect_to=http%3A%2F%2Fcqqizhou.com%2Fwp-admin%2Findex.php&reauth=1 HTTP/1.1" 200 2858 "http://cqqizhou.com/wp-login.php" "Mozilla/5.0 (Macintosh; Intel Mac OS X 10.15) Gecko/20100101 Firefox/121.0"
66.181.39.1 - - [23/Feb/2026:20:47:44 +0800] "POST /wp-login.php HTTP/1.1" 200 3059 "http://cqqizhou.com/wp-login.php" "Mozilla/5.0 (X11; Linux x86_64) Gecko/20100101 Firefox/118.0.2"
66.181.39.1 - - [23/Feb/2026:20:47:45 +0800] "GET /wp-admin/index.php HTTP/1.1" 302 5 "http://cqqizhou.com/wp-login.php" "Mozilla/5.0 (X11; Linux x86_64) Gecko/20100101 Firefox/118.0.2"
66.181.39.1 - - [23/Feb/2026:20:47:46 +0800] "GET /wp-login.php?redirect_to=http%3A%2F%2Fcqqizhou.com%2Fwp-admin%2Findex.php&reauth=1 HTTP/1.1" 200 2858 "http://cqqizhou.com/wp-login.php" "Mozilla/5.0 (X11; Linux x86_64) Gecko/20100101 Firefox/118.0.2"
66.181.39.1 - - [23/Feb/2026:20:47:47 +0800] "POST /wp-login.php HTTP/1.1" 200 3055 "http://cqqizhou.com/wp-login.php" "Mozilla/5.0 (X11; Linux x86_64) Gecko/20100101 Firefox/121.0"
66.181.39.1 - - [23/Feb/2026:20:47:48 +0800] "GET /wp-admin/index.php HTTP/1.1" 302 5 "http://cqqizhou.com/wp-login.php" "Mozilla/5.0 (X11; Linux x86_64) Gecko/20100101 Firefox/121.0"
66.181.39.1 - - [23/Feb/2026:20:47:49 +0800] "GET /wp-login.php?redirect_to=http%3A%2F%2Fcqqizhou.com%2Fwp-admin%2Findex.php&reauth=1 HTTP/1.1" 200 2858 "http://cqqizhou.com/wp-login.php" "Mozilla/5.0 (X11; Linux x86_64) Gecko/20100101 Firefox/121.0"
66.181.39.1 - - [23/Feb/2026:20:47:51 +0800] "POST /wp-login.php HTTP/1.1" 200 3049 "http://cqqizhou.com/wp-login.php" "Mozilla/5.0 (Macintosh; Intel Mac OS X 12_6_2) AppleWebKit/605.1.15 (KHTML, like Gecko) Version/16.6.1 Safari/605.1.15"
66.181.39.1 - - [23/Feb/2026:20:47:52 +0800] "GET /wp-admin/index.php HTTP/1.1" 302 5 "http://cqqizhou.com/wp-login.php" "Mozilla/5.0 (Macintosh; Intel Mac OS X 12_6_2) AppleWebKit/605.1.15 (KHTML, like Gecko) Version/16.6.1 Safari/605.1.15"
66.181.39.1 - - [23/Feb/2026:20:47:52 +0800] "GET /wp-login.php?redirect_to=http%3A%2F%2Fcqqizhou.com%2Fwp-admin%2Findex.php&reauth=1 HTTP/1.1" 200 2858 "http://cqqizhou.com/wp-login.php" "Mozilla/5.0 (Macintosh; Intel Mac OS X 12_6_2) AppleWebKit/605.1.15 (KHTML, like Gecko) Version/16.6.1 Safari/605.1.15"
66.181.39.1 - - [23/Feb/2026:20:47:54 +0800] "POST /wp-login.php HTTP/1.1" 200 3054 "http://cqqizhou.com/wp-login.php" "Mozilla/5.0 (Macintosh; Intel Mac OS X 12_6_2) AppleWebKit/605.1.15 (KHTML, like Gecko) Version/17.0 Safari/605.1.15"
66.181.39.1 - - [23/Feb/2026:20:47:55 +0800] "GET /wp-admin/index.php HTTP/1.1" 302 5 "http://cqqizhou.com/wp-login.php" "Mozilla/5.0 (Macintosh; Intel Mac OS X 12_6_2) AppleWebKit/605.1.15 (KHTML, like Gecko) Version/17.0 Safari/605.1.15"
66.181.39.1 - - [23/Feb/2026:20:47:56 +0800] "GET /wp-login.php?redirect_to=http%3A%2F%2Fcqqizhou.com%2Fwp-admin%2Findex.php&reauth=1 HTTP/1.1" 200 2858 "http://cqqizhou.com/wp-login.php" "Mozilla/5.0 (Macintosh; Intel Mac OS X 12_6_2) AppleWebKit/605.1.15 (KHTML, like Gecko) Version/17.0 Safari/605.1.15"
66.181.39.1 - - [23/Feb/2026:20:47:57 +0800] "POST /wp-login.php HTTP/1.1" 200 3050 "http://cqqizhou.com/wp-login.php" "Mozilla/5.0 (Macintosh; Intel Mac OS X 10.15) Gecko/20100101 Firefox/122.0"
66.181.39.1 - - [23/Feb/2026:20:47:58 +0800] "GET /wp-admin/index.php HTTP/1.1" 302 5 "http://cqqizhou.com/wp-login.php" "Mozilla/5.0 (Macintosh; Intel Mac OS X 10.15) Gecko/20100101 Firefox/122.0"
66.181.39.1 - - [23/Feb/2026:20:47:59 +0800] "GET /wp-login.php?redirect_to=http%3A%2F%2Fcqqizhou.com%2Fwp-admin%2Findex.php&reauth=1 HTTP/1.1" 200 2858 "http://cqqizhou.com/wp-login.php" "Mozilla/5.0 (Macintosh; Intel Mac OS X 10.15) Gecko/20100101 Firefox/122.0"
66.181.39.1 - - [23/Feb/2026:20:48:00 +0800] "POST /wp-login.php HTTP/1.1" 200 3059 "http://cqqizhou.com/wp-login.php" "Mozilla/5.0 (Windows NT 10.0; Win64; x64) AppleWebKit/537.36 (KHTML, like Gecko) Chrome/120.0.0.0 Safari/537.36 Edg/120.0.2210.133"
66.181.39.1 - - [23/Feb/2026:20:48:01 +0800] "GET /wp-admin/index.php HTTP/1.1" 302 5 "http://cqqizhou.com/wp-login.php" "Mozilla/5.0 (Windows NT 10.0; Win64; x64) AppleWebKit/537.36 (KHTML, like Gecko) Chrome/120.0.0.0 Safari/537.36 Edg/120.0.2210.133"
66.181.39.1 - - [23/Feb/2026:20:48:02 +0800] "GET /wp-login.php?redirect_to=http%3A%2F%2Fcqqizhou.com%2Fwp-admin%2Findex.php&reauth=1 HTTP/1.1" 200 2858 "http://cqqizhou.com/wp-login.php" "Mozilla/5.0 (Windows NT 10.0; Win64; x64) AppleWebKit/537.36 (KHTML, like Gecko) Chrome/120.0.0.0 Safari/537.36 Edg/120.0.2210.133"
66.181.39.1 - - [23/Feb/2026:20:48:03 +0800] "POST /wp-login.php HTTP/1.1" 200 3051 "http://cqqizhou.com/wp-login.php" "Mozilla/5.0 (X11; Linux x86_64) AppleWebKit/537.36 (KHTML, like Gecko) Chrome/118.0.5993.88 Safari/537.36"
66.181.39.1 - - [23/Feb/2026:20:48:05 +0800] "GET /wp-admin/index.php HTTP/1.1" 302 5 "http://cqqizhou.com/wp-login.php" "Mozilla/5.0 (X11; Linux x86_64) AppleWebKit/537.36 (KHTML, like Gecko) Chrome/118.0.5993.88 Safari/537.36"
66.181.39.1 - - [23/Feb/2026:20:48:06 +0800] "GET /wp-login.php?redirect_to=http%3A%2F%2Fcqqizhou.com%2Fwp-admin%2Findex.php&reauth=1 HTTP/1.1" 200 2858 "http://cqqizhou.com/wp-login.php" "Mozilla/5.0 (X11; Linux x86_64) AppleWebKit/537.36 (KHTML, like Gecko) Chrome/118.0.5993.88 Safari/537.36"
66.181.39.1 - - [23/Feb/2026:20:48:07 +0800] "POST /wp-login.php HTTP/1.1" 200 3053 "http://cqqizhou.com/wp-login.php" "Mozilla/5.0 (Macintosh; Intel Mac OS X 10_15_7) AppleWebKit/537.36 (KHTML, like Gecko) Chrome/119.0.6045.159 Safari/537.36"
36.133.115.36 - - [23/Feb/2026:20:48:08 +0800] "POST /wp-cron.php?doing_wp_cron=1771850888.5706760883331298828125 HTTP/1.1" 200 31 "-" "WordPress/6.9; http://cqqizhou.com"
66.181.39.1 - - [23/Feb/2026:20:48:08 +0800] "GET /wp-admin/index.php HTTP/1.1" 302 5 "http://cqqizhou.com/wp-login.php" "Mozilla/5.0 (Macintosh; Intel Mac OS X 10_15_7) AppleWebKit/537.36 (KHTML, like Gecko) Chrome/119.0.6045.159 Safari/537.36"
66.181.39.1 - - [23/Feb/2026:20:48:09 +0800] "GET /wp-login.php?redirect_to=http%3A%2F%2Fcqqizhou.com%2Fwp-admin%2Findex.php&reauth=1 HTTP/1.1" 200 2858 "http://cqqizhou.com/wp-login.php" "Mozilla/5.0 (Macintosh; Intel Mac OS X 10_15_7) AppleWebKit/537.36 (KHTML, like Gecko) Chrome/119.0.6045.159 Safari/537.36"
66.181.39.1 - - [23/Feb/2026:20:48:10 +0800] "POST /wp-login.php HTTP/1.1" 200 3050 "http://cqqizhou.com/wp-login.php" "Mozilla/5.0 (Macintosh; Intel Mac OS X 10_15_7) AppleWebKit/605.1.15 (KHTML, like Gecko) Version/17.2.1 Safari/605.1.15"
66.181.39.1 - - [23/Feb/2026:20:48:11 +0800] "GET /wp-admin/index.php HTTP/1.1" 302 5 "http://cqqizhou.com/wp-login.php" "Mozilla/5.0 (Macintosh; Intel Mac OS X 10_15_7) AppleWebKit/605.1.15 (KHTML, like Gecko) Version/17.2.1 Safari/605.1.15"
66.181.39.1 - - [23/Feb/2026:20:48:13 +0800] "GET /wp-login.php?redirect_to=http%3A%2F%2Fcqqizhou.com%2Fwp-admin%2Findex.php&reauth=1 HTTP/1.1" 200 2858 "http://cqqizhou.com/wp-login.php" "Mozilla/5.0 (Macintosh; Intel Mac OS X 10_15_7) AppleWebKit/605.1.15 (KHTML, like Gecko) Version/17.2.1 Safari/605.1.15"
36.133.115.36 - - [23/Feb/2026:20:53:50 +0800] "POST /wp-cron.php?doing_wp_cron=1771851230.9080328941345214843750 HTTP/1.1" 200 31 "-" "WordPress/6.9; http://cqqizhou.com"
43.135.142.37 - - [23/Feb/2026:20:53:50 +0800] "GET / HTTP/1.1" 301 5 "-" "Mozilla/5.0 (iPhone; CPU iPhone OS 13_2_3 like Mac OS X) AppleWebKit/605.1.15 (KHTML, like Gecko) Version/13.0.3 Mobile/15E148 Safari/604.1"
43.135.142.37 - - [23/Feb/2026:20:53:53 +0800] "GET / HTTP/1.1" 200 34807 "http://www.cqqizhou.com" "Mozilla/5.0 (iPhone; CPU iPhone OS 13_2_3 like Mac OS X) AppleWebKit/605.1.15 (KHTML, like Gecko) Version/13.0.3 Mobile/15E148 Safari/604.1"
36.133.115.36 - - [23/Feb/2026:20:58:26 +0800] "POST /wp-cron.php?doing_wp_cron=1771851506.8390290737152099609375 HTTP/1.1" 200 31 "-" "WordPress/6.9; http://cqqizhou.com"
223.15.245.170 - - [23/Feb/2026:20:58:26 +0800] "GET / HTTP/1.1" 301 5 "-" "Mozilla/5.0 (iPhone; CPU iPhone OS 13_2_3 like Mac OS X) AppleWebKit/605.1.15 (KHTML, like Gecko) Version/13.0.3 Mobile/15E148 Safari/604.1"
223.15.245.170 - - [23/Feb/2026:20:58:30 +0800] "GET / HTTP/1.1" 200 34807 "http://www.cqqizhou.com" "Mozilla/5.0 (iPhone; CPU iPhone OS 13_2_3 like Mac OS X) AppleWebKit/605.1.15 (KHTML, like Gecko) Version/13.0.3 Mobile/15E148 Safari/604.1"
36.133.115.36 - - [23/Feb/2026:21:04:28 +0800] "POST /wp-cron.php?doing_wp_cron=1771851868.4967949390411376953125 HTTP/1.1" 200 31 "-" "WordPress/6.9; http://cqqizhou.com"
87.120.191.67 - - [23/Feb/2026:21:04:29 +0800] "POST / HTTP/1.1" 200 34807 "-" "Mozilla/5.0 (Windows NT 10.0; Win64; x64) AppleWebKit/537.36"
36.133.115.36 - - [23/Feb/2026:21:20:54 +0800] "POST /wp-cron.php?doing_wp_cron=1771852854.2184419631958007812500 HTTP/1.1" 200 31 "-" "WordPress/6.9; http://cqqizhou.com"
204.76.203.18 - - [23/Feb/2026:21:20:54 +0800] "GET /bin/ HTTP/1.1" 301 5 "-" "-"
36.133.115.36 - - [23/Feb/2026:21:23:45 +0800] "POST /wp-cron.php?doing_wp_cron=1771853025.2778229713439941406250 HTTP/1.1" 200 31 "-" "WordPress/6.9; http://cqqizhou.com"
185.191.171.3 - - [23/Feb/2026:21:23:45 +0800] "GET /robots.txt HTTP/1.1" 200 190 "-" "Mozilla/5.0 (compatible; SemrushBot/7~bl; +http://www.semrush.com/bot.html)"
85.208.96.195 - - [23/Feb/2026:21:23:46 +0800] "GET /bug HTTP/1.1" 200 12863 "-" "Mozilla/5.0 (compatible; SemrushBot/7~bl; +http://www.semrush.com/bot.html)"
36.133.115.36 - - [23/Feb/2026:21:43:21 +0800] "POST /wp-cron.php?doing_wp_cron=1771854201.0658919811248779296875 HTTP/1.1" 200 31 "-" "WordPress/6.9; http://cqqizhou.com"
209.50.167.93 - - [23/Feb/2026:21:43:21 +0800] "GET /contacts/ HTTP/1.1" 301 5 "-" "Mozilla/5.0 (Windows NT 10.0; Win64; x64) AppleWebKit/537.36 (KHTML, like Gecko) Chrome/114.0.0.0 Safari/537.36"
209.50.167.93 - - [23/Feb/2026:21:43:23 +0800] "GET /contacts HTTP/1.1" 200 21656 "http://cqqizhou.com/contacts/" "Mozilla/5.0 (Windows NT 10.0; Win64; x64) AppleWebKit/537.36 (KHTML, like Gecko) Chrome/114.0.0.0 Safari/537.36"
209.50.167.93 - - [23/Feb/2026:21:43:26 +0800] "POST /wp-json/contact-form-7/v1/contact-forms/158/feedback HTTP/1.1" 200 219 "http://cqqizhou.com/contacts" "Mozilla/5.0 (Windows NT 10.0; Win64; x64) AppleWebKit/537.36 (KHTML, like Gecko) Chrome/114.0.0.0 Safari/537.36"
36.133.115.36 - - [23/Feb/2026:22:01:10 +0800] "POST /wp-cron.php?doing_wp_cron=1771855270.5730729103088378906250 HTTP/1.1" 200 31 "-" "WordPress/6.9; http://cqqizhou.com"
74.7.243.200 - - [23/Feb/2026:22:01:10 +0800] "GET /wp-sitemap.xml HTTP/1.1" 501 253 "-" "Mozilla/5.0 AppleWebKit/537.36 (KHTML, like Gecko; compatible; GPTBot/1.3; +https://openai.com/gptbot)"
74.7.230.42 - - [23/Feb/2026:22:01:10 +0800] "GET /robots.txt HTTP/1.1" 200 190 "-" "Mozilla/5.0 (Macintosh; Intel Mac OS X 10_15_7) AppleWebKit/537.36 (KHTML, like Gecko) Chrome/131.0.0.0 Safari/537.36; compatible; OAI-SearchBot/1.3; robots.txt; +https://openai.com/searchbot"
36.133.115.36 - - [23/Feb/2026:22:03:18 +0800] "POST /wp-cron.php?doing_wp_cron=1771855398.1332020759582519531250 HTTP/1.1" 200 31 "-" "WordPress/6.9; http://cqqizhou.com"
116.179.32.19 - - [23/Feb/2026:22:03:18 +0800] "GET /wp-json/oembed/1.0/embed?url=http%3A%2F%2Fcqqizhou.com%2Fnews%2F2464 HTTP/1.1" 200 1299 "-" "Mozilla/5.0 (compatible; Baiduspider/2.0; +http://www.baidu.com/search/spider.html)"
36.133.115.36 - - [23/Feb/2026:22:17:34 +0800] "POST /wp-cron.php?doing_wp_cron=1771856254.5470409393310546875000 HTTP/1.1" 200 31 "-" "WordPress/6.9; http://cqqizhou.com"
116.179.32.16 - - [23/Feb/2026:22:17:34 +0800] "GET /2373/ HTTP/1.1" 301 5 "-" "Mozilla/5.0 (compatible; Baiduspider/2.0; +http://www.baidu.com/search/spider.html)"
116.179.32.200 - - [23/Feb/2026:22:17:35 +0800] "GET /news/2373 HTTP/1.1" 200 26387 "-" "Mozilla/5.0 (compatible; Baiduspider/2.0; +http://www.baidu.com/search/spider.html)"
116.179.37.187 - - [23/Feb/2026:22:17:39 +0800] "GET /wp-content/uploads/2025/12/1766388809-Article_images_202507247.webp HTTP/1.1" 200 63626 "http://cqqizhou.com/news/2373" "Mozilla/5.0 (compatible; Baiduspider-render/2.0; +http://www.baidu.com/search/spider.html)"
116.179.37.59 - - [23/Feb/2026:22:17:39 +0800] "GET /wp-content/uploads/2025/12/1766388810-Article_images_202507248.webp HTTP/1.1" 200 75872 "http://cqqizhou.com/news/2373" "Mozilla/5.0 (compatible; Baiduspider-render/2.0; +http://www.baidu.com/search/spider.html)"
36.133.115.36 - - [23/Feb/2026:22:38:22 +0800] "POST /wp-cron.php?doing_wp_cron=1771857502.3739221096038818359375 HTTP/1.1" 200 31 "-" "WordPress/6.9; http://cqqizhou.com"
116.179.32.236 - - [23/Feb/2026:22:38:22 +0800] "GET /wp-json/oembed/1.0/embed?url=http%3A%2F%2Fcqqizhou.com%2Fabout HTTP/1.1" 200 1136 "-" "Mozilla/5.0 (compatible; Baiduspider/2.0; +http://www.baidu.com/search/spider.html)"
36.133.115.36 - - [23/Feb/2026:22:39:55 +0800] "POST /wp-cron.php?doing_wp_cron=1771857595.6646180152893066406250 HTTP/1.1" 200 31 "-" "WordPress/6.9; http://cqqizhou.com"
34.230.74.23 - - [23/Feb/2026:22:39:55 +0800] "GET / HTTP/1.1" 301 5 "-" "Mozilla/5.0 (Windows NT 10.0; Win64; x64) AppleWebKit/537.36 (KHTML, like Gecko) Chrome/136.0.0.0 Safari/537.36"
36.133.115.36 - - [23/Feb/2026:22:40:12 +0800] "POST /wp-cron.php?doing_wp_cron=1771857612.3422520160675048828125 HTTP/1.1" 200 31 "-" "WordPress/6.9; http://cqqizhou.com"
144.52.243.252 - - [23/Feb/2026:22:40:12 +0800] "GET / HTTP/1.1" 301 5 "-" "Go-http-client/1.1"
182.46.245.151 - - [23/Feb/2026:22:40:12 +0800] "GET / HTTP/1.1" 200 35253 "http://xa4.shaanxi.cn.antiddos.cspt.fullcone.cn" "Go-http-client/1.1"
36.133.115.36 - - [23/Feb/2026:23:04:53 +0800] "POST /wp-cron.php?doing_wp_cron=1771859093.0619831085205078125000 HTTP/1.1" 200 31 "-" "WordPress/6.9; http://cqqizhou.com"
106.8.139.16 - - [23/Feb/2026:23:04:53 +0800] "GET /robots.txt HTTP/1.1" 200 190 "-" "YisouSpider"
36.133.115.36 - - [23/Feb/2026:23:14:40 +0800] "POST /wp-cron.php?doing_wp_cron=1771859680.2971239089965820312500 HTTP/1.1" 200 31 "-" "WordPress/6.9; http://cqqizhou.com"
176.65.132.94 - - [23/Feb/2026:23:14:42 +0800] "POST / HTTP/1.1" 200 34808 "-" "Mozilla/5.0 (Windows NT 10.0; Win64; x64) AppleWebKit/537.36"
36.133.115.36 - - [23/Feb/2026:23:15:39 +0800] "POST /wp-cron.php?doing_wp_cron=1771859739.6975390911102294921875 HTTP/1.1" 200 31 "-" "WordPress/6.9; http://cqqizhou.com"
47.95.198.251 - - [23/Feb/2026:23:15:39 +0800] "GET /Content/plugin/ueditor/net/controller.ashx?action=catchimage HTTP/1.1" 404 8950 "-" "Mozilla/5.0 (Windows NT 10.0; Win64; x64)"
36.133.115.36 - - [23/Feb/2026:23:16:24 +0800] "POST /wp-cron.php?doing_wp_cron=1771859784.8119869232177734375000 HTTP/1.1" 200 31 "-" "WordPress/6.9; http://cqqizhou.com"
139.9.55.116 - - [23/Feb/2026:23:16:24 +0800] "GET /scripts/Plug/ueditor/net/controller.ashx?action=catchimage HTTP/1.1" 404 8951 "-" "Mozilla/5.0 (Windows NT 10.0; Win64; x64)"
36.133.115.36 - - [23/Feb/2026:23:48:58 +0800] "POST /wp-cron.php?doing_wp_cron=1771861738.0823199748992919921875 HTTP/1.1" 200 31 "-" "WordPress/6.9; http://cqqizhou.com"
204.76.203.69 - - [23/Feb/2026:23:48:58 +0800] "GET / HTTP/1.1" 200 157069 "-" "-"
36.133.115.36 - - [23/Feb/2026:23:50:44 +0800] "POST /wp-cron.php?doing_wp_cron=1771861844.9067769050598144531250 HTTP/1.1" 200 31 "-" "WordPress/6.9; http://cqqizhou.com"
85.208.96.204 - - [23/Feb/2026:23:50:44 +0800] "GET /robots.txt HTTP/1.1" 200 190 "-" "Mozilla/5.0 (compatible; SemrushBot/7~bl; +http://www.semrush.com/bot.html)"
85.208.96.204 - - [23/Feb/2026:23:50:45 +0800] "GET /news/2486 HTTP/1.1" 200 24039 "-" "Mozilla/5.0 (compatible; SemrushBot/7~bl; +http://www.semrush.com/bot.html)"
51.120.79.113 - - [23/Feb/2026:23:51:36 +0800] "GET /wp-content/plugins/hellopress/wp_filemanager.php HTTP/1.1" 404 27 "-" "-"
36.133.115.36 - - [23/Feb/2026:23:54:42 +0800] "POST /wp-cron.php?doing_wp_cron=1771862082.9312770366668701171875 HTTP/1.1" 200 31 "-" "WordPress/6.9; http://cqqizhou.com"
43.153.10.83 - - [23/Feb/2026:23:54:42 +0800] "GET / HTTP/1.1" 200 34807 "-" "Mozilla/5.0 (iPhone; CPU iPhone OS 13_2_3 like Mac OS X) AppleWebKit/605.1.15 (KHTML, like Gecko) Version/13.0.3 Mobile/15E148 Safari/604.1"
36.133.115.36 - - [23/Feb/2026:23:56:03 +0800] "POST /wp-cron.php?doing_wp_cron=1771862163.5926229953765869140625 HTTP/1.1" 200 31 "-" "WordPress/6.9; http://cqqizhou.com"
43.153.47.201 - - [23/Feb/2026:23:56:03 +0800] "GET / HTTP/1.1" 200 34807 "-" "Mozilla/5.0 (iPhone; CPU iPhone OS 13_2_3 like Mac OS X) AppleWebKit/605.1.15 (KHTML, like Gecko) Version/13.0.3 Mobile/15E148 Safari/604.1"