36.133.115.36 - - [23/Feb/2026:03:03:17 +0800] "POST /wp-cron.php?doing_wp_cron=1771786997.2331159114837646484375 HTTP/1.1" 200 31 "-" "WordPress/6.9; http://cqqizhou.com"
115.159.33.43 - - [23/Feb/2026:03:03:17 +0800] "GET / HTTP/1.1" 301 5 "-" "Mozilla/5.0 (Windows NT 10.0; Win64; x64) AppleWebKit/537.36 (KHTML, like Gecko) Chrome/79.0.3945.117 Safari/537.36"
36.133.115.36 - - [23/Feb/2026:03:18:04 +0800] "POST /wp-cron.php?doing_wp_cron=1771787884.6286189556121826171875 HTTP/1.1" 200 31 "-" "WordPress/6.9; http://cqqizhou.com"
114.219.56.243 - - [23/Feb/2026:03:18:04 +0800] "GET / HTTP/1.1" 301 5 "-" "Mozilla/5.0 (Windows NT 10.0; Win64; x64) AppleWebKit/537.36 (KHTML, like Gecko) Chrome/133.0.0.0 Safari/537.36"
51.222.95.202 - - [23/Feb/2026:03:29:06 +0800] "GET /news/2502 HTTP/1.1" 200 24644 "-" "Mozilla/5.0 (compatible; AhrefsBot/7.0; +http://ahrefs.com/robot/)"
36.133.115.36 - - [23/Feb/2026:03:33:19 +0800] "POST /wp-cron.php?doing_wp_cron=1771788799.0855000019073486328125 HTTP/1.1" 200 31 "-" "WordPress/6.9; http://cqqizhou.com"
52.167.144.237 - - [23/Feb/2026:03:33:19 +0800] "GET /2164/ HTTP/1.1" 301 5 "-" "Mozilla/5.0 AppleWebKit/537.36 (KHTML, like Gecko; compatible; bingbot/2.0; +http://www.bing.com/bingbot.htm) Chrome/116.0.1938.76 Safari/537.36"
36.133.115.36 - - [23/Feb/2026:03:37:32 +0800] "POST /wp-cron.php?doing_wp_cron=1771789052.4673728942871093750000 HTTP/1.1" 200 31 "-" "WordPress/6.9; http://cqqizhou.com"
47.128.124.152 - - [23/Feb/2026:03:37:32 +0800] "GET /robots.txt HTTP/1.1" 200 190 "-" "Mozilla/5.0 (Linux; Android 5.0) AppleWebKit/537.36 (KHTML, like Gecko) Mobile Safari/537.36 (compatible; Bytespider; spider-feedback@bytedance.com)"
36.133.115.36 - - [23/Feb/2026:03:51:42 +0800] "POST /wp-cron.php?doing_wp_cron=1771789902.0231289863586425781250 HTTP/1.1" 200 31 "-" "WordPress/6.9; http://cqqizhou.com"
20.15.160.31 - - [23/Feb/2026:03:51:42 +0800] "GET /portal/redlion HTTP/1.1" 404 8949 "-" "Mozilla/5.0 zgrab/0.x"
36.133.115.36 - - [23/Feb/2026:03:57:16 +0800] "POST /wp-cron.php?doing_wp_cron=1771790236.0812458992004394531250 HTTP/1.1" 200 31 "-" "WordPress/6.9; http://cqqizhou.com"
121.40.40.84 - - [23/Feb/2026:03:57:16 +0800] "GET / HTTP/1.0" 301 0 "-" "-"
121.40.40.84 - - [23/Feb/2026:03:57:26 +0800] "GET / HTTP/1.0" 301 0 "-" "-"
121.40.40.84 - - [23/Feb/2026:03:57:26 +0800] "GET /nmaplowercheck1771790238 HTTP/1.1" 404 31365 "-" "Mozilla/5.0 (compatible; Nmap Scripting Engine; https://nmap.org/book/nse.html)"
121.40.40.84 - - [23/Feb/2026:03:57:27 +0800] "POST /sdk HTTP/1.1" 404 31365 "-" "Mozilla/5.0 (compatible; Nmap Scripting Engine; https://nmap.org/book/nse.html)"
121.40.40.84 - - [23/Feb/2026:03:57:27 +0800] "GET /evox/about HTTP/1.1" 404 31365 "-" "Mozilla/5.0 (compatible; Nmap Scripting Engine; https://nmap.org/book/nse.html)"
121.40.40.84 - - [23/Feb/2026:03:57:27 +0800] "GET /HNAP1 HTTP/1.1" 404 31365 "-" "Mozilla/5.0 (compatible; Nmap Scripting Engine; https://nmap.org/book/nse.html)"
121.40.40.84 - - [23/Feb/2026:03:57:47 +0800] "GET / HTTP/1.0" 301 0 "-" "-"
121.40.40.84 - - [23/Feb/2026:03:57:47 +0800] "GET / HTTP/1.1" 301 5 "-" "-"
36.133.115.36 - - [23/Feb/2026:04:15:02 +0800] "POST /wp-cron.php?doing_wp_cron=1771791302.8680770397186279296875 HTTP/1.1" 200 31 "-" "WordPress/6.9; http://cqqizhou.com"
87.120.191.67 - - [23/Feb/2026:04:15:03 +0800] "POST / HTTP/1.1" 200 34808 "-" "Mozilla/5.0 (Windows NT 10.0; Win64; x64) AppleWebKit/537.36"
36.133.115.36 - - [23/Feb/2026:04:15:36 +0800] "POST /wp-cron.php?doing_wp_cron=1771791336.5783710479736328125000 HTTP/1.1" 200 31 "-" "WordPress/6.9; http://cqqizhou.com"
204.76.203.69 - - [23/Feb/2026:04:15:37 +0800] "GET / HTTP/1.1" 200 157069 "-" "-"
36.133.115.36 - - [23/Feb/2026:04:16:21 +0800] "POST /wp-cron.php?doing_wp_cron=1771791381.8140521049499511718750 HTTP/1.1" 200 31 "-" "WordPress/6.9; http://cqqizhou.com"
112.124.38.228 - - [23/Feb/2026:04:16:21 +0800] "GET / HTTP/1.1" 301 5 "-" "Mozilla/5.0 (Windows NT 10.0; Win64; x64) AppleWebKit/537.36 (KHTML, like Gecko) Chrome/59.0.3071.115 Safari/537.36"
36.133.115.36 - - [23/Feb/2026:04:40:47 +0800] "POST /wp-cron.php?doing_wp_cron=1771792847.8380649089813232421875 HTTP/1.1" 200 31 "-" "WordPress/6.9; http://cqqizhou.com"
170.106.107.87 - - [23/Feb/2026:04:40:47 +0800] "GET / HTTP/1.1" 301 5 "-" "Mozilla/5.0 (iPhone; CPU iPhone OS 13_2_3 like Mac OS X) AppleWebKit/605.1.15 (KHTML, like Gecko) Version/13.0.3 Mobile/15E148 Safari/604.1"
170.106.107.87 - - [23/Feb/2026:04:40:49 +0800] "GET / HTTP/1.1" 200 34808 "http://36.133.115.36" "Mozilla/5.0 (iPhone; CPU iPhone OS 13_2_3 like Mac OS X) AppleWebKit/605.1.15 (KHTML, like Gecko) Version/13.0.3 Mobile/15E148 Safari/604.1"
36.133.115.36 - - [23/Feb/2026:05:24:31 +0800] "POST /wp-cron.php?doing_wp_cron=1771795471.5850050449371337890625 HTTP/1.1" 200 31 "-" "WordPress/6.9; http://cqqizhou.com"
176.65.132.94 - - [23/Feb/2026:05:24:34 +0800] "POST / HTTP/1.1" 200 34808 "-" "Mozilla/5.0 (Windows NT 10.0; Win64; x64) AppleWebKit/537.36"
78.24.220.190 - - [23/Feb/2026:05:27:16 +0800] "GET / HTTP/1.1" 200 35253 "-" "Mozilla/5.0 (Windows NT 10.0; Win64; x64) AppleWebKit/537.36 (KHTML, like Gecko) Chrome/120.0.0.0 Safari/537.36"
36.133.115.36 - - [23/Feb/2026:05:29:31 +0800] "POST /wp-cron.php?doing_wp_cron=1771795771.3090341091156005859375 HTTP/1.1" 200 31 "-" "WordPress/6.9; http://cqqizhou.com"
43.166.136.24 - - [23/Feb/2026:05:29:31 +0800] "GET / HTTP/1.1" 200 34806 "-" "Mozilla/5.0 (iPhone; CPU iPhone OS 13_2_3 like Mac OS X) AppleWebKit/605.1.15 (KHTML, like Gecko) Version/13.0.3 Mobile/15E148 Safari/604.1"
36.133.115.36 - - [23/Feb/2026:05:39:51 +0800] "POST /wp-cron.php?doing_wp_cron=1771796391.7692379951477050781250 HTTP/1.1" 200 31 "-" "WordPress/6.9; http://cqqizhou.com"
66.249.73.231 - - [23/Feb/2026:05:39:51 +0800] "GET /robots.txt HTTP/1.1" 200 190 "-" "Mozilla/5.0 (compatible; Googlebot/2.1; +http://www.google.com/bot.html)"
207.180.11.235 - - [23/Feb/2026:05:40:03 +0800] "GET /wp-content/uploads/2025/12/1764853152-ISO1-214x300.webp HTTP/1.1" 200 13812 "https://cqqizhou.com" "Mozilla/5.0 (iPhone; CPU iPhone OS 17_0 like Mac OS X) AppleWebKit/605.1.15 (KHTML, like Gecko) Version/17.0 Mobile/15E148 Safari/604.1 OPX/2.1.0"
36.133.115.36 - - [23/Feb/2026:05:41:44 +0800] "POST /wp-cron.php?doing_wp_cron=1771796504.3317980766296386718750 HTTP/1.1" 200 31 "-" "WordPress/6.9; http://cqqizhou.com"
85.208.96.199 - - [23/Feb/2026:05:41:44 +0800] "GET /robots.txt HTTP/1.1" 200 190 "-" "Mozilla/5.0 (compatible; SemrushBot/7~bl; +http://www.semrush.com/bot.html)"
36.133.115.36 - - [23/Feb/2026:05:47:31 +0800] "POST /wp-cron.php?doing_wp_cron=1771796851.1048219203948974609375 HTTP/1.1" 200 31 "-" "WordPress/6.9; http://cqqizhou.com"
103.203.56.1 - - [23/Feb/2026:05:47:31 +0800] "GET / HTTP/1.1" 301 5 "-" "HTTP Banner Detection (https://security.ipip.net)"
36.133.115.36 - - [23/Feb/2026:05:54:46 +0800] "POST /wp-cron.php?doing_wp_cron=1771797286.6641199588775634765625 HTTP/1.1" 200 31 "-" "WordPress/6.9; http://cqqizhou.com"
39.91.200.157 - - [23/Feb/2026:05:54:46 +0800] "GET /news/2464 HTTP/1.1" 200 23600 "-" "Mozilla/5.0 (Windows NT 10.0; Win64; x64) AppleWebKit/537.36 (KHTML, like Gecko) Chrome/139.0.0.0 Safari/537.36"
39.91.200.157 - - [23/Feb/2026:05:54:48 +0800] "POST /wp-admin/admin-ajax.php HTTP/1.1" 200 586 "http://cqqizhou.com/news/2464" "Mozilla/5.0 (Windows NT 10.0; Win64; x64) AppleWebKit/537.36 (KHTML, like Gecko) Chrome/139.0.0.0 Safari/537.36"
36.133.115.36 - - [23/Feb/2026:06:06:23 +0800] "POST /wp-cron.php?doing_wp_cron=1771797983.2996339797973632812500 HTTP/1.1" 200 31 "-" "WordPress/6.9; http://cqqizhou.com"
87.120.191.67 - - [23/Feb/2026:06:06:27 +0800] "POST / HTTP/1.1" 200 34808 "-" "Mozilla/5.0 (Windows NT 10.0; Win64; x64) AppleWebKit/537.36"
20.24.198.93 - - [23/Feb/2026:06:06:51 +0800] "GET /wp-content/plugins/hellopress/wp_filemanager.php HTTP/1.1" 404 27 "-" "-"
20.24.198.93 - - [23/Feb/2026:06:06:51 +0800] "GET /new4.php HTTP/1.1" 404 27 "-" "-"
20.24.198.93 - - [23/Feb/2026:06:06:51 +0800] "GET /sc.php HTTP/1.1" 404 27 "-" "-"
20.24.198.93 - - [23/Feb/2026:06:06:51 +0800] "GET /jo.php HTTP/1.1" 404 27 "-" "-"
20.24.198.93 - - [23/Feb/2026:06:06:51 +0800] "GET /srv.php HTTP/1.1" 404 27 "-" "-"
20.24.198.93 - - [23/Feb/2026:06:06:51 +0800] "GET /ini.php HTTP/1.1" 404 27 "-" "-"
20.24.198.93 - - [23/Feb/2026:06:06:51 +0800] "GET /cro.php HTTP/1.1" 404 27 "-" "-"
20.24.198.93 - - [23/Feb/2026:06:06:51 +0800] "GET /owl.php HTTP/1.1" 404 27 "-" "-"
20.24.198.93 - - [23/Feb/2026:06:06:52 +0800] "GET /BDKR28WP.php HTTP/1.1" 404 27 "-" "-"
20.24.198.93 - - [23/Feb/2026:06:06:52 +0800] "GET /zu.php HTTP/1.1" 404 27 "-" "-"
20.24.198.93 - - [23/Feb/2026:06:06:52 +0800] "GET /alpha.php HTTP/1.1" 404 27 "-" "-"
20.24.198.93 - - [23/Feb/2026:06:06:52 +0800] "GET /sty.php HTTP/1.1" 404 27 "-" "-"
20.24.198.93 - - [23/Feb/2026:06:06:52 +0800] "GET /wwx.php HTTP/1.1" 404 27 "-" "-"
20.24.198.93 - - [23/Feb/2026:06:06:52 +0800] "GET /tevkb.php HTTP/1.1" 404 27 "-" "-"
20.24.198.93 - - [23/Feb/2026:06:06:53 +0800] "GET /atmaca.php HTTP/1.1" 404 27 "-" "-"
20.24.198.93 - - [23/Feb/2026:06:06:53 +0800] "GET /opts.php HTTP/1.1" 404 27 "-" "-"
20.24.198.93 - - [23/Feb/2026:06:06:53 +0800] "GET /wp-act.php HTTP/1.1" 404 27 "-" "-"
20.24.198.93 - - [23/Feb/2026:06:06:53 +0800] "GET /ze.php HTTP/1.1" 404 27 "-" "-"
20.24.198.93 - - [23/Feb/2026:06:06:54 +0800] "GET /seetox.php HTTP/1.1" 404 27 "-" "-"
20.24.198.93 - - [23/Feb/2026:06:06:54 +0800] "GET /wp-content/ HTTP/1.1" 200 5 "-" "-"
20.24.198.93 - - [23/Feb/2026:06:06:54 +0800] "GET /plugins.php?p= HTTP/1.1" 404 27 "-" "-"
20.24.198.93 - - [23/Feb/2026:06:06:54 +0800] "GET /xoot.php HTTP/1.1" 404 27 "-" "-"
20.24.198.93 - - [23/Feb/2026:06:06:54 +0800] "GET /X57.php HTTP/1.1" 404 27 "-" "-"
20.24.198.93 - - [23/Feb/2026:06:06:54 +0800] "GET /vx.php HTTP/1.1" 404 27 "-" "-"
20.24.198.93 - - [23/Feb/2026:06:06:54 +0800] "GET /file59.php HTTP/1.1" 404 27 "-" "-"
20.24.198.93 - - [23/Feb/2026:06:06:54 +0800] "GET /wp-admin/css/bolt.php HTTP/1.1" 404 27 "-" "-"
20.24.198.93 - - [23/Feb/2026:06:06:54 +0800] "GET /xa.php HTTP/1.1" 404 27 "-" "-"
20.24.198.93 - - [23/Feb/2026:06:06:55 +0800] "GET /er.php HTTP/1.1" 404 27 "-" "-"
20.24.198.93 - - [23/Feb/2026:06:06:55 +0800] "GET /fault.php HTTP/1.1" 404 27 "-" "-"
20.24.198.93 - - [23/Feb/2026:06:06:55 +0800] "GET /motu.php HTTP/1.1" 404 27 "-" "-"
20.24.198.93 - - [23/Feb/2026:06:06:56 +0800] "GET /66.php HTTP/1.1" 404 27 "-" "-"
20.24.198.93 - - [23/Feb/2026:06:06:56 +0800] "GET /leuk.php HTTP/1.1" 404 27 "-" "-"
20.24.198.93 - - [23/Feb/2026:06:06:56 +0800] "GET /xqq.php HTTP/1.1" 404 27 "-" "-"
20.24.198.93 - - [23/Feb/2026:06:06:56 +0800] "GET /kolda.php HTTP/1.1" 404 27 "-" "-"
20.24.198.93 - - [23/Feb/2026:06:06:56 +0800] "GET /nw.php HTTP/1.1" 404 27 "-" "-"
20.24.198.93 - - [23/Feb/2026:06:06:56 +0800] "GET /666.php HTTP/1.1" 404 27 "-" "-"
20.24.198.93 - - [23/Feb/2026:06:06:56 +0800] "GET /kj.php HTTP/1.1" 404 27 "-" "-"
20.24.198.93 - - [23/Feb/2026:06:06:56 +0800] "GET /un.php HTTP/1.1" 404 27 "-" "-"
20.24.198.93 - - [23/Feb/2026:06:06:56 +0800] "GET /fs.php HTTP/1.1" 404 27 "-" "-"
20.24.198.93 - - [23/Feb/2026:06:06:57 +0800] "GET /ms.php HTTP/1.1" 404 27 "-" "-"
20.24.198.93 - - [23/Feb/2026:06:06:57 +0800] "GET /login5.php HTTP/1.1" 404 27 "-" "-"
20.24.198.93 - - [23/Feb/2026:06:06:57 +0800] "GET /cu.php HTTP/1.1" 404 27 "-" "-"
20.24.198.93 - - [23/Feb/2026:06:06:57 +0800] "GET /lul.php HTTP/1.1" 404 27 "-" "-"
20.24.198.93 - - [23/Feb/2026:06:06:58 +0800] "GET /0.php HTTP/1.1" 404 27 "-" "-"
20.24.198.93 - - [23/Feb/2026:06:06:58 +0800] "GET /ms-edit.php HTTP/1.1" 404 27 "-" "-"
20.24.198.93 - - [23/Feb/2026:06:06:58 +0800] "GET /grsiuk.php HTTP/1.1" 404 27 "-" "-"
20.24.198.93 - - [23/Feb/2026:06:06:58 +0800] "GET /wp-blog.php HTTP/1.1" 404 27 "-" "-"
20.24.198.93 - - [23/Feb/2026:06:06:58 +0800] "GET /wp-access.php HTTP/1.1" 404 27 "-" "-"
20.24.198.93 - - [23/Feb/2026:06:06:58 +0800] "GET /a1vx.php HTTP/1.1" 404 27 "-" "-"
20.24.198.93 - - [23/Feb/2026:06:06:58 +0800] "GET /sbhu.php HTTP/1.1" 404 27 "-" "-"
20.24.198.93 - - [23/Feb/2026:06:06:59 +0800] "GET /wp-the.php HTTP/1.1" 404 27 "-" "-"
20.24.198.93 - - [23/Feb/2026:06:06:59 +0800] "GET /06.php HTTP/1.1" 404 27 "-" "-"
20.24.198.93 - - [23/Feb/2026:06:06:59 +0800] "GET /wp5.php HTTP/1.1" 404 27 "-" "-"
20.24.198.93 - - [23/Feb/2026:06:06:59 +0800] "GET /fot.php HTTP/1.1" 404 27 "-" "-"
20.24.198.93 - - [23/Feb/2026:06:06:59 +0800] "GET /ff1.php HTTP/1.1" 404 27 "-" "-"
20.24.198.93 - - [23/Feb/2026:06:06:59 +0800] "GET /forbidals.php HTTP/1.1" 404 27 "-" "-"
20.24.198.93 - - [23/Feb/2026:06:06:59 +0800] "GET //erty.php HTTP/1.1" 404 27 "-" "-"
20.24.198.93 - - [23/Feb/2026:06:06:59 +0800] "GET /dev1s.php HTTP/1.1" 404 27 "-" "-"
20.24.198.93 - - [23/Feb/2026:06:07:00 +0800] "GET /ffd.php HTTP/1.1" 404 27 "-" "-"
20.24.198.93 - - [23/Feb/2026:06:07:00 +0800] "GET /admiin.php HTTP/1.1" 404 27 "-" "-"
20.24.198.93 - - [23/Feb/2026:06:07:00 +0800] "GET /ol.php HTTP/1.1" 404 27 "-" "-"
20.24.198.93 - - [23/Feb/2026:06:07:00 +0800] "GET /Sanskrit.php HTTP/1.1" 404 27 "-" "-"
20.24.198.93 - - [23/Feb/2026:06:07:00 +0800] "GET /vxrl.php HTTP/1.1" 404 27 "-" "-"
20.24.198.93 - - [23/Feb/2026:06:07:00 +0800] "GET /re.php HTTP/1.1" 404 27 "-" "-"
20.24.198.93 - - [23/Feb/2026:06:07:00 +0800] "GET /num.php HTTP/1.1" 404 27 "-" "-"
20.24.198.93 - - [23/Feb/2026:06:07:01 +0800] "GET /axx.php HTTP/1.1" 404 27 "-" "-"
20.24.198.93 - - [23/Feb/2026:06:07:01 +0800] "GET /vxrl.php HTTP/1.1" 404 27 "-" "-"
20.24.198.93 - - [23/Feb/2026:06:07:01 +0800] "GET /in.php HTTP/1.1" 404 27 "-" "-"
20.24.198.93 - - [23/Feb/2026:06:07:01 +0800] "GET /style.php HTTP/1.1" 404 27 "-" "-"
20.24.198.93 - - [23/Feb/2026:06:07:01 +0800] "GET /we.php HTTP/1.1" 404 27 "-" "-"
20.24.198.93 - - [23/Feb/2026:06:07:01 +0800] "GET /zwso.php HTTP/1.1" 404 27 "-" "-"
20.24.198.93 - - [23/Feb/2026:06:07:01 +0800] "GET /karak.php HTTP/1.1" 404 27 "-" "-"
20.24.198.93 - - [23/Feb/2026:06:07:02 +0800] "GET /prv8.php HTTP/1.1" 404 27 "-" "-"
20.24.198.93 - - [23/Feb/2026:06:07:02 +0800] "GET /i.php HTTP/1.1" 404 27 "-" "-"
20.24.198.93 - - [23/Feb/2026:06:07:02 +0800] "GET /a.php HTTP/1.1" 404 27 "-" "-"
20.24.198.93 - - [23/Feb/2026:06:07:03 +0800] "GET /xmlrpc.php HTTP/1.1" 405 53 "-" "-"
20.24.198.93 - - [23/Feb/2026:06:07:03 +0800] "GET /aw.php HTTP/1.1" 404 27 "-" "-"
20.24.198.93 - - [23/Feb/2026:06:07:03 +0800] "GET /dev.php HTTP/1.1" 404 27 "-" "-"
20.24.198.93 - - [23/Feb/2026:06:07:03 +0800] "GET /lock360.php HTTP/1.1" 404 27 "-" "-"
20.24.198.93 - - [23/Feb/2026:06:07:03 +0800] "GET /155.php HTTP/1.1" 404 27 "-" "-"
20.24.198.93 - - [23/Feb/2026:06:07:03 +0800] "GET /goat.php HTTP/1.1" 404 27 "-" "-"
20.24.198.93 - - [23/Feb/2026:06:07:03 +0800] "GET /tcp.php HTTP/1.1" 404 27 "-" "-"
20.24.198.93 - - [23/Feb/2026:06:07:03 +0800] "GET /ext.php HTTP/1.1" 404 27 "-" "-"
20.24.198.93 - - [23/Feb/2026:06:07:04 +0800] "GET /inputs.php HTTP/1.1" 404 27 "-" "-"
20.24.198.93 - - [23/Feb/2026:06:07:04 +0800] "GET /ioxi.php HTTP/1.1" 404 27 "-" "-"
20.24.198.93 - - [23/Feb/2026:06:07:04 +0800] "GET /fe5.php HTTP/1.1" 404 27 "-" "-"
20.24.198.93 - - [23/Feb/2026:06:07:04 +0800] "GET /ov.php HTTP/1.1" 404 27 "-" "-"
20.24.198.93 - - [23/Feb/2026:06:07:04 +0800] "GET /wp-content/plugins/index.php HTTP/1.1" 200 5 "-" "-"
20.24.198.93 - - [23/Feb/2026:06:07:04 +0800] "GET /default.php HTTP/1.1" 404 27 "-" "-"
20.24.198.93 - - [23/Feb/2026:06:07:04 +0800] "GET /goods.php HTTP/1.1" 404 27 "-" "-"
20.24.198.93 - - [23/Feb/2026:06:07:04 +0800] "GET /abcd.php HTTP/1.1" 404 27 "-" "-"
20.24.198.93 - - [23/Feb/2026:06:07:04 +0800] "GET /class.1.php HTTP/1.1" 404 27 "-" "-"
20.24.198.93 - - [23/Feb/2026:06:07:04 +0800] "GET /async.php HTTP/1.1" 404 27 "-" "-"
20.24.198.93 - - [23/Feb/2026:06:07:05 +0800] "GET /ff.php HTTP/1.1" 404 27 "-" "-"
20.24.198.93 - - [23/Feb/2026:06:07:05 +0800] "GET /ioxi-o.php HTTP/1.1" 404 27 "-" "-"
20.24.198.93 - - [23/Feb/2026:06:07:05 +0800] "GET /manager.php HTTP/1.1" 404 27 "-" "-"
20.24.198.93 - - [23/Feb/2026:06:07:05 +0800] "GET /wp-update.php HTTP/1.1" 404 27 "-" "-"
20.24.198.93 - - [23/Feb/2026:06:07:05 +0800] "GET /file.php? HTTP/1.1" 404 27 "-" "-"
20.24.198.93 - - [23/Feb/2026:06:07:05 +0800] "GET /lc.php HTTP/1.1" 404 27 "-" "-"
20.24.198.93 - - [23/Feb/2026:06:07:05 +0800] "GET /cbrfo.php HTTP/1.1" 404 27 "-" "-"
20.24.198.93 - - [23/Feb/2026:06:07:06 +0800] "GET /inc.php HTTP/1.1" 404 27 "-" "-"
20.24.198.93 - - [23/Feb/2026:06:07:06 +0800] "GET /gifclass.php HTTP/1.1" 404 27 "-" "-"
20.24.198.93 - - [23/Feb/2026:06:07:06 +0800] "GET /miansha.php HTTP/1.1" 404 27 "-" "-"
20.24.198.93 - - [23/Feb/2026:06:07:06 +0800] "GET /tinyfilemanager.php HTTP/1.1" 404 27 "-" "-"
20.24.198.93 - - [23/Feb/2026:06:07:06 +0800] "GET /admin.php HTTP/1.1" 404 27 "-" "-"
20.24.198.93 - - [23/Feb/2026:06:07:06 +0800] "GET /ok.php HTTP/1.1" 404 27 "-" "-"
20.24.198.93 - - [23/Feb/2026:06:07:06 +0800] "GET /fi.php HTTP/1.1" 404 27 "-" "-"
20.24.198.93 - - [23/Feb/2026:06:07:07 +0800] "GET /muzu.php HTTP/1.1" 404 27 "-" "-"
20.24.198.93 - - [23/Feb/2026:06:07:07 +0800] "GET /reze.php HTTP/1.1" 404 27 "-" "-"
20.24.198.93 - - [23/Feb/2026:06:07:07 +0800] "GET /styll.php HTTP/1.1" 404 27 "-" "-"
20.24.198.93 - - [23/Feb/2026:06:07:07 +0800] "GET /x7.php HTTP/1.1" 404 27 "-" "-"
20.24.198.93 - - [23/Feb/2026:06:07:07 +0800] "GET /thebe.php HTTP/1.1" 404 27 "-" "-"
20.24.198.93 - - [23/Feb/2026:06:07:07 +0800] "GET /ddd.php HTTP/1.1" 404 27 "-" "-"
20.24.198.93 - - [23/Feb/2026:06:07:07 +0800] "GET /bgymj.php HTTP/1.1" 404 27 "-" "-"
20.24.198.93 - - [23/Feb/2026:06:07:08 +0800] "GET /8xyz.php HTTP/1.1" 404 27 "-" "-"
20.24.198.93 - - [23/Feb/2026:06:07:08 +0800] "GET /ioxi.php HTTP/1.1" 404 27 "-" "-"
20.24.198.93 - - [23/Feb/2026:06:07:08 +0800] "GET /xpwer1.php HTTP/1.1" 404 27 "-" "-"
20.24.198.93 - - [23/Feb/2026:06:07:08 +0800] "GET //lala.php HTTP/1.1" 404 27 "-" "-"
20.24.198.93 - - [23/Feb/2026:06:07:08 +0800] "GET //about.php HTTP/1.1" 404 27 "-" "-"
20.24.198.93 - - [23/Feb/2026:06:07:08 +0800] "GET /wp-admin/images/commentv.php HTTP/1.1" 404 27 "-" "-"
20.24.198.93 - - [23/Feb/2026:06:07:08 +0800] "GET //cgi-bin/index.php HTTP/1.1" 404 27 "-" "-"
20.24.198.93 - - [23/Feb/2026:06:07:08 +0800] "GET //wp-admin/images/wp-conflg.php HTTP/1.1" 404 27 "-" "-"
20.24.198.93 - - [23/Feb/2026:06:07:09 +0800] "GET /wp-admin/images/wp-conflg.php HTTP/1.1" 404 27 "-" "-"
20.24.198.93 - - [23/Feb/2026:06:07:09 +0800] "GET /info.php HTTP/1.1" 200 29 "-" "-"
20.24.198.93 - - [23/Feb/2026:06:07:09 +0800] "GET /about.php HTTP/1.1" 404 27 "-" "-"
36.133.115.36 - - [23/Feb/2026:06:07:10 +0800] "POST /wp-cron.php?doing_wp_cron=1771798030.1335999965667724609375 HTTP/1.1" 200 31 "-" "WordPress/6.9; http://cqqizhou.com"
20.24.198.93 - - [23/Feb/2026:06:07:10 +0800] "GET /x/ HTTP/1.1" 301 5 "-" "-"
20.24.198.93 - - [23/Feb/2026:06:07:11 +0800] "GET /x/ HTTP/1.1" 404 31365 "-" "-"
20.24.198.93 - - [23/Feb/2026:06:07:12 +0800] "GET /222.php HTTP/1.1" 404 27 "-" "-"
20.24.198.93 - - [23/Feb/2026:06:07:12 +0800] "GET //adminfuns.php HTTP/1.1" 404 27 "-" "-"
20.24.198.93 - - [23/Feb/2026:06:07:12 +0800] "GET /wp-includes/PHPMailer/ HTTP/1.1" 403 146 "-" "-"
20.24.198.93 - - [23/Feb/2026:06:07:12 +0800] "GET /xx.php HTTP/1.1" 404 27 "-" "-"
20.24.198.93 - - [23/Feb/2026:06:07:12 +0800] "GET /wp-admin/js/wp-conflg.php HTTP/1.1" 404 27 "-" "-"
20.24.198.93 - - [23/Feb/2026:06:07:12 +0800] "GET /f5.php HTTP/1.1" 404 27 "-" "-"
20.24.198.93 - - [23/Feb/2026:06:07:12 +0800] "GET /flower.php HTTP/1.1" 404 27 "-" "-"
20.24.198.93 - - [23/Feb/2026:06:07:13 +0800] "GET //f6.php HTTP/1.1" 404 27 "-" "-"
20.24.198.93 - - [23/Feb/2026:06:07:13 +0800] "GET //edit.php HTTP/1.1" 404 27 "-" "-"
20.24.198.93 - - [23/Feb/2026:06:07:13 +0800] "GET //wp-includes/js/dist/ HTTP/1.1" 403 146 "-" "-"
20.24.198.93 - - [23/Feb/2026:06:07:13 +0800] "GET /wp-includes/SimplePie/ HTTP/1.1" 403 146 "-" "-"
20.24.198.93 - - [23/Feb/2026:06:07:13 +0800] "GET //av.php HTTP/1.1" 404 27 "-" "-"
20.24.198.93 - - [23/Feb/2026:06:07:13 +0800] "GET /wp-includes/Text/Diff/Engine/about.php HTTP/1.1" 404 27 "-" "-"
20.24.198.93 - - [23/Feb/2026:06:07:13 +0800] "GET /wsd.php HTTP/1.1" 404 27 "-" "-"
20.24.198.93 - - [23/Feb/2026:06:07:14 +0800] "GET /jane.php HTTP/1.1" 404 27 "-" "-"
20.24.198.93 - - [23/Feb/2026:06:07:14 +0800] "GET /css.php HTTP/1.1" 404 27 "-" "-"
20.24.198.93 - - [23/Feb/2026:06:07:14 +0800] "GET /alfa.php HTTP/1.1" 404 27 "-" "-"
20.24.198.93 - - [23/Feb/2026:06:07:14 +0800] "GET /wen.php HTTP/1.1" 404 27 "-" "-"
20.24.198.93 - - [23/Feb/2026:06:07:14 +0800] "GET /x.php HTTP/1.1" 404 27 "-" "-"
20.24.198.93 - - [23/Feb/2026:06:07:14 +0800] "GET /xxxx.php HTTP/1.1" 404 27 "-" "-"
20.24.198.93 - - [23/Feb/2026:06:07:14 +0800] "GET //class.php HTTP/1.1" 404 27 "-" "-"
20.24.198.93 - - [23/Feb/2026:06:07:14 +0800] "GET /f35.php HTTP/1.1" 404 27 "-" "-"
20.24.198.93 - - [23/Feb/2026:06:07:15 +0800] "GET /wp-admin/about.php HTTP/1.1" 302 5 "-" "-"
20.24.198.93 - - [23/Feb/2026:06:07:16 +0800] "GET /wp-login.php?redirect_to=http%3A%2F%2Fwww.cqqizhou.com%2Fwp-admin%2Fabout.php&reauth=1 HTTP/1.1" 200 9066 "-" "-"
20.24.198.93 - - [23/Feb/2026:06:07:16 +0800] "GET /update/f35.php HTTP/1.1" 404 27 "-" "-"
20.24.198.93 - - [23/Feb/2026:06:07:16 +0800] "GET /wp-content/themes/about.php HTTP/1.1" 404 27 "-" "-"
20.24.198.93 - - [23/Feb/2026:06:07:16 +0800] "GET /class-t.api.php HTTP/1.1" 404 27 "-" "-"
20.24.198.93 - - [23/Feb/2026:06:07:16 +0800] "GET /blurbs18.php HTTP/1.1" 404 27 "-" "-"
20.24.198.93 - - [23/Feb/2026:06:07:16 +0800] "GET /.well-known/gecko-litespeed.php HTTP/1.1" 404 27 "-" "-"
20.24.198.93 - - [23/Feb/2026:06:07:17 +0800] "GET /wp-admin/maint/about.php HTTP/1.1" 404 27 "-" "-"
20.24.198.93 - - [23/Feb/2026:06:07:17 +0800] "GET /wp-content/admin.php HTTP/1.1" 404 27 "-" "-"
20.24.198.93 - - [23/Feb/2026:06:07:17 +0800] "GET /wp-admin/setup-config.php HTTP/1.1" 409 2667 "-" "-"
20.24.198.93 - - [23/Feb/2026:06:07:17 +0800] "GET /wp-includes/ID3/about.php?p= HTTP/1.1" 404 27 "-" "-"
20.24.198.93 - - [23/Feb/2026:06:07:17 +0800] "GET /.well-known/admin.php HTTP/1.1" 404 27 "-" "-"
20.24.198.93 - - [23/Feb/2026:06:07:17 +0800] "GET /bless11.php HTTP/1.1" 404 27 "-" "-"
20.24.198.93 - - [23/Feb/2026:06:07:18 +0800] "GET /init.php HTTP/1.1" 404 27 "-" "-"
20.24.198.93 - - [23/Feb/2026:06:07:18 +0800] "GET /wp-content/plugins/pwnd/as.php HTTP/1.1" 404 27 "-" "-"
20.24.198.93 - - [23/Feb/2026:06:07:18 +0800] "GET /k.php HTTP/1.1" 404 27 "-" "-"
20.24.198.93 - - [23/Feb/2026:06:07:18 +0800] "GET /bless.php HTTP/1.1" 404 27 "-" "-"
20.24.198.93 - - [23/Feb/2026:06:07:18 +0800] "GET /X7x.php HTTP/1.1" 404 27 "-" "-"
20.24.198.93 - - [23/Feb/2026:06:07:18 +0800] "GET /166.php HTTP/1.1" 404 27 "-" "-"
20.24.198.93 - - [23/Feb/2026:06:07:18 +0800] "GET /plss3.php HTTP/1.1" 404 27 "-" "-"
20.24.198.93 - - [23/Feb/2026:06:07:19 +0800] "GET /wp-admin/user/about.php HTTP/1.1" 302 5 "-" "-"
20.24.198.93 - - [23/Feb/2026:06:07:20 +0800] "GET /wp-login.php?redirect_to=http%3A%2F%2Fwww.cqqizhou.com%2Fwp-admin%2Fuser%2Fabout.php&reauth=1 HTTP/1.1" 200 9071 "-" "-"
20.24.198.93 - - [23/Feb/2026:06:07:20 +0800] "GET /admins.php HTTP/1.1" 404 27 "-" "-"
20.24.198.93 - - [23/Feb/2026:06:07:20 +0800] "GET /wp.php HTTP/1.1" 404 27 "-" "-"
20.24.198.93 - - [23/Feb/2026:06:07:20 +0800] "GET /main.php HTTP/1.1" 404 27 "-" "-"
20.24.198.93 - - [23/Feb/2026:06:07:20 +0800] "GET /a1.php HTTP/1.1" 404 27 "-" "-"
20.24.198.93 - - [23/Feb/2026:06:07:20 +0800] "GET /lala.php HTTP/1.1" 404 27 "-" "-"
20.24.198.93 - - [23/Feb/2026:06:07:21 +0800] "GET /aaa.php HTTP/1.1" 404 27 "-" "-"
20.24.198.93 - - [23/Feb/2026:06:07:21 +0800] "GET /a2.php HTTP/1.1" 404 27 "-" "-"
20.24.198.93 - - [23/Feb/2026:06:07:21 +0800] "GET /wp-includes/assets/index.php HTTP/1.1" 404 27 "-" "-"
20.24.198.93 - - [23/Feb/2026:06:07:21 +0800] "GET /jsond.php HTTP/1.1" 404 27 "-" "-"
36.133.115.36 - - [23/Feb/2026:06:08:28 +0800] "POST /wp-cron.php?doing_wp_cron=1771798108.8093440532684326171875 HTTP/1.1" 200 31 "-" "WordPress/6.9; http://cqqizhou.com"
167.114.139.252 - - [23/Feb/2026:06:08:28 +0800] "GET /bug HTTP/1.1" 200 12843 "-" "Mozilla/5.0 (compatible; AhrefsBot/7.0; +http://ahrefs.com/robot/)"
148.113.130.204 - - [23/Feb/2026:06:55:07 +0800] "GET /club HTTP/1.1" 200 13079 "-" "Mozilla/5.0 (compatible; AhrefsBot/7.0; +http://ahrefs.com/robot/)"
36.133.115.36 - - [23/Feb/2026:07:10:32 +0800] "POST /wp-cron.php?doing_wp_cron=1771801832.7086880207061767578125 HTTP/1.1" 200 31 "-" "WordPress/6.9; http://cqqizhou.com"
106.227.49.113 - - [23/Feb/2026:07:10:32 +0800] "GET / HTTP/1.1" 301 5 "-" "Mozilla/5.0 (iPhone; CPU iPhone OS 13_2_3 like Mac OS X) AppleWebKit/605.1.15 (KHTML, like Gecko) Version/13.0.3 Mobile/15E148 Safari/604.1"
106.227.49.113 - - [23/Feb/2026:07:10:41 +0800] "GET / HTTP/1.1" 200 34808 "http://www.cqqizhou.com" "Mozilla/5.0 (iPhone; CPU iPhone OS 13_2_3 like Mac OS X) AppleWebKit/605.1.15 (KHTML, like Gecko) Version/13.0.3 Mobile/15E148 Safari/604.1"
36.133.115.36 - - [23/Feb/2026:07:13:11 +0800] "POST /wp-cron.php?doing_wp_cron=1771801991.6672289371490478515625 HTTP/1.1" 200 31 "-" "WordPress/6.9; http://cqqizhou.com"
51.68.236.90 - - [23/Feb/2026:07:13:11 +0800] "GET /robots.txt HTTP/1.1" 200 190 "-" "Mozilla/5.0 (compatible; MJ12bot/v2.0.4; http://mj12bot.com/)"
51.68.236.90 - - [23/Feb/2026:07:13:12 +0800] "GET / HTTP/1.1" 200 35253 "-" "Mozilla/5.0 (compatible; MJ12bot/v2.0.4; http://mj12bot.com/)"
192.121.134.92 - - [23/Feb/2026:07:20:56 +0800] "GET / HTTP/1.1" 200 35253 "-" "Mozilla/5.0 (Windows NT 10.0; Win64; x64) AppleWebKit/537.36 (KHTML, like Gecko) Chrome/121.0.0.0 Safari/537.3"
36.133.115.36 - - [23/Feb/2026:07:20:58 +0800] "POST /wp-cron.php?doing_wp_cron=1771802458.0489189624786376953125 HTTP/1.1" 200 31 "-" "WordPress/6.9; http://cqqizhou.com"
93.158.95.213 - - [23/Feb/2026:07:20:58 +0800] "GET /news/portfolio-category/hot-dip-galvanized-coil HTTP/1.1" 200 21183 "-" "Mozilla/5.0 (Windows NT 10.0; Win64; x64) AppleWebKit/537.36 (KHTML, like Gecko) Chrome/121.0.0.0 Safari/537.3"
146.247.229.2 - - [23/Feb/2026:07:20:58 +0800] "GET /news/portfolio/%e5%86%b7%e8%bd%a7%e6%9d%bf HTTP/1.1" 200 22189 "-" "Mozilla/5.0 (Windows NT 10.0; Win64; x64) AppleWebKit/537.36 (KHTML, like Gecko) Chrome/121.0.0.0 Safari/537.3"
146.247.229.2 - - [23/Feb/2026:07:21:00 +0800] "GET /news/portfolio-category/cold-rolled-coil HTTP/1.1" 200 21178 "-" "Mozilla/5.0 (Windows NT 10.0; Win64; x64) AppleWebKit/537.36 (KHTML, like Gecko) Chrome/121.0.0.0 Safari/537.3"
185.242.226.102 - - [23/Feb/2026:07:43:59 +0800] "GET / HTTP/1.1" 499 0 "-" "python-requests/2.26.0"
36.133.115.36 - - [23/Feb/2026:07:43:59 +0800] "POST /wp-cron.php?doing_wp_cron=1771803839.2805950641632080078125 HTTP/1.1" 200 31 "-" "WordPress/6.9; http://cqqizhou.com"
52.167.144.202 - - [23/Feb/2026:07:46:27 +0800] "GET /news/2464 HTTP/1.1" 200 23619 "-" "Mozilla/5.0 AppleWebKit/537.36 (KHTML, like Gecko; compatible; bingbot/2.0; +http://www.bing.com/bingbot.htm) Chrome/116.0.1938.76 Safari/537.36"
36.133.115.36 - - [23/Feb/2026:08:02:02 +0800] "POST /wp-cron.php?doing_wp_cron=1771804922.3490450382232666015625 HTTP/1.1" 200 31 "-" "WordPress/6.9; http://cqqizhou.com"
43.153.26.165 - - [23/Feb/2026:08:02:02 +0800] "GET / HTTP/1.1" 200 34807 "-" "Mozilla/5.0 (iPhone; CPU iPhone OS 13_2_3 like Mac OS X) AppleWebKit/605.1.15 (KHTML, like Gecko) Version/13.0.3 Mobile/15E148 Safari/604.1"
185.123.95.29 - - [23/Feb/2026:08:03:33 +0800] "GET / HTTP/1.1" 200 35253 "-" "Mozilla/5.0 (Windows NT 10.0; Win64; x64) AppleWebKit/537.36 (KHTML, like Gecko) Chrome/122.0.0.0 Safari/537.36 Agency/93.8.2357.5"
185.139.163.183 - - [23/Feb/2026:08:03:33 +0800] "GET /news/portfolio-category/hot-dip-galvanized-coil HTTP/1.1" 200 21201 "-" "Mozilla/5.0 (Windows NT 10.0; Win64; x64) AppleWebKit/537.36 (KHTML, like Gecko) Chrome/122.0.0.0 Safari/537.36 Agency/93.8.2357.5"
83.140.221.219 - - [23/Feb/2026:08:03:34 +0800] "GET /news/portfolio/%e5%86%b7%e8%bd%a7%e6%9d%bf HTTP/1.1" 200 22189 "-" "Mozilla/5.0 (Windows NT 10.0; Win64; x64) AppleWebKit/537.36 (KHTML, like Gecko) Chrome/122.0.0.0 Safari/537.36 Agency/93.8.2357.5"
193.180.222.63 - - [23/Feb/2026:08:03:37 +0800] "GET /news/portfolio-category/cold-rolled-coil HTTP/1.1" 200 21197 "-" "Mozilla/5.0 (Windows NT 10.0; Win64; x64) AppleWebKit/537.36 (KHTML, like Gecko) Chrome/122.0.0.0 Safari/537.36 Agency/93.8.2357.5"
36.133.115.36 - - [23/Feb/2026:08:17:19 +0800] "POST /wp-cron.php?doing_wp_cron=1771805839.5537879467010498046875 HTTP/1.1" 200 31 "-" "WordPress/6.9; http://cqqizhou.com"
45.156.129.90 - - [23/Feb/2026:08:17:19 +0800] "GET / HTTP/1.1" 301 5 "-" "Mozilla/5.0 (Windows NT 10.0; WOW64) AppleWebKit/537.36 (KHTML, like Gecko) Chrome/66.0.3359.117 Safari/537.36"
45.156.129.90 - - [23/Feb/2026:08:17:20 +0800] "GET / HTTP/1.1" 200 35253 "http://36.133.115.36/" "Mozilla/5.0 (Windows NT 10.0; WOW64) AppleWebKit/537.36 (KHTML, like Gecko) Chrome/66.0.3359.117 Safari/537.36"
45.156.129.90 - - [23/Feb/2026:08:17:23 +0800] "POST /mcp HTTP/1.1" 404 8949 "-" "python-httpx/0.28.1"
45.156.129.90 - - [23/Feb/2026:08:17:24 +0800] "GET /sse HTTP/1.1" 404 8950 "-" "python-httpx/0.28.1"
52.167.144.202 - - [23/Feb/2026:08:24:14 +0800] "GET /news/2164 HTTP/1.1" 200 23644 "-" "Mozilla/5.0 AppleWebKit/537.36 (KHTML, like Gecko; compatible; bingbot/2.0; +http://www.bing.com/bingbot.htm) Chrome/116.0.1938.76 Safari/537.36"
36.133.115.36 - - [23/Feb/2026:08:43:19 +0800] "POST /wp-cron.php?doing_wp_cron=1771807399.2964999675750732421875 HTTP/1.1" 200 31 "-" "WordPress/6.9; http://cqqizhou.com"
170.106.160.90 - - [23/Feb/2026:08:43:19 +0800] "GET / HTTP/1.1" 301 5 "-" "Mozilla/5.0 (iPhone; CPU iPhone OS 13_2_3 like Mac OS X) AppleWebKit/605.1.15 (KHTML, like Gecko) Version/13.0.3 Mobile/15E148 Safari/604.1"
170.106.160.90 - - [23/Feb/2026:08:43:21 +0800] "GET / HTTP/1.1" 200 34807 "http://www.cqqizhou.com" "Mozilla/5.0 (iPhone; CPU iPhone OS 13_2_3 like Mac OS X) AppleWebKit/605.1.15 (KHTML, like Gecko) Version/13.0.3 Mobile/15E148 Safari/604.1"
36.133.115.36 - - [23/Feb/2026:08:44:22 +0800] "POST /wp-cron.php?doing_wp_cron=1771807462.9343779087066650390625 HTTP/1.1" 200 31 "-" "WordPress/6.9; http://cqqizhou.com"
176.65.132.94 - - [23/Feb/2026:08:44:23 +0800] "POST / HTTP/1.1" 200 34807 "-" "Mozilla/5.0 (Windows NT 10.0; Win64; x64) AppleWebKit/537.36"
36.133.115.36 - - [23/Feb/2026:08:53:01 +0800] "POST /wp-cron.php?doing_wp_cron=1771807981.8716731071472167968750 HTTP/1.1" 200 31 "-" "WordPress/6.9; http://cqqizhou.com"
36.133.108.125 - - [23/Feb/2026:08:53:01 +0800] "HEAD /cgi-bin/%25%2532%2565%25%2532%2565/%25%2532%2565%25%2532%2565/%25%2532%2565%25%2532%2565/%25%2532%2565%25%2532%2565/%25%2532%2565%25%2532%2565/%25%2532%2565%25%2532%2565/%25%2532%2565%25%2532%2565/bin/sh HTTP/1.1" 404 0 "-" "Mozilla/5.0 (compatible; MSIE 9.0; Windows NT 6.1; Trident/5.0; yie8)"
220.181.108.178 - - [23/Feb/2026:08:56:46 +0800] "GET /news/2388 HTTP/1.1" 200 24552 "-" "Mozilla/5.0 (compatible; Baiduspider/2.0; +http://www.baidu.com/search/spider.html)"
116.179.32.37 - - [23/Feb/2026:08:56:46 +0800] "GET /wp-content/uploads/2026/01/1768527485-Article_images_W900%C3%97500px202601164.webp HTTP/1.1" 200 52448 "-" "Mozilla/5.0 (compatible; Baiduspider/2.0; +http://www.baidu.com/search/spider.html)"
116.179.37.123 - - [23/Feb/2026:08:56:50 +0800] "GET /wp-content/uploads/2025/12/1766647830-Article_images_202512252.webp HTTP/1.1" 200 84832 "http://cqqizhou.com/news/2388" "Mozilla/5.0 (compatible; Baiduspider-render/2.0; +http://www.baidu.com/search/spider.html)"
36.133.115.36 - - [23/Feb/2026:08:57:02 +0800] "POST /wp-cron.php?doing_wp_cron=1771808222.3256690502166748046875 HTTP/1.1" 200 31 "-" "WordPress/6.9; http://cqqizhou.com"
220.181.51.85 - - [23/Feb/2026:08:57:02 +0800] "GET /robots.txt HTTP/1.1" 200 190 "-" "Mozilla/5.0 (Windows NT 10.0; WOW64) AppleWebKit/537.36 (KHTML, like Gecko) Chrome/48.0.2564.116 Safari/537.36"
220.181.51.116 - - [23/Feb/2026:08:57:02 +0800] "GET /robots.txt HTTP/1.1" 200 190 "-" "Mozilla/5.0 (Windows NT 10.0; WOW64) AppleWebKit/537.36 (KHTML, like Gecko) Chrome/48.0.2564.116 Safari/537.36"
39.182.29.145 - - [23/Feb/2026:09:00:12 +0800] "GET /material.html HTTP/1.1" 200 6459 "-" "Mozilla/5.0 (Macintosh; Intel Mac OS X 10_15_7) AppleWebKit/537.36 (KHTML, like Gecko) Chrome/124.0.0.0 Safari/537.36"
36.133.115.36 - - [23/Feb/2026:09:03:05 +0800] "POST /wp-cron.php?doing_wp_cron=1771808585.3554470539093017578125 HTTP/1.1" 200 31 "-" "WordPress/6.9; http://cqqizhou.com"
36.133.108.125 - - [23/Feb/2026:09:03:05 +0800] "HEAD /_next HTTP/1.1" 404 0 "-" "Mozilla/5.0 (Macintosh; U; Intel Mac OS X 10_6_6; en-gb) AppleWebKit/533.20.25 (KHTML, like Gecko) Version/5.0.4 Safari/533.20.27"
36.133.115.36 - - [23/Feb/2026:09:08:29 +0800] "POST /wp-cron.php?doing_wp_cron=1771808909.2642409801483154296875 HTTP/1.1" 200 31 "-" "WordPress/6.9; http://cqqizhou.com"
135.237.127.87 - - [23/Feb/2026:09:08:29 +0800] "GET /actuator/health HTTP/1.1" 404 8949 "-" "Mozilla/5.0 zgrab/0.x"
114.119.144.178 - - [23/Feb/2026:09:08:44 +0800] "GET /wp-sitemap.xml HTTP/1.1" 501 253 "-" "Mozilla/5.0 (Linux; Android 7.0;) AppleWebKit/537.36 (KHTML, like Gecko) Mobile Safari/537.36 (compatible; PetalBot;+https://webmaster.petalsearch.com/site/petalbot)"
36.133.115.36 - - [23/Feb/2026:09:19:34 +0800] "POST /wp-cron.php?doing_wp_cron=1771809574.5954339504241943359375 HTTP/1.1" 200 31 "-" "WordPress/6.9; http://cqqizhou.com"
146.148.12.176 - - [23/Feb/2026:09:19:34 +0800] "GET / HTTP/1.1" 301 5 "-" "python-requests/2.32.5"
36.133.115.36 - - [23/Feb/2026:09:25:05 +0800] "POST /wp-cron.php?doing_wp_cron=1771809905.5430281162261962890625 HTTP/1.1" 200 31 "-" "WordPress/6.9; http://cqqizhou.com"
87.120.191.67 - - [23/Feb/2026:09:25:05 +0800] "POST / HTTP/1.1" 200 34807 "-" "Mozilla/5.0 (Windows NT 10.0; Win64; x64) AppleWebKit/537.36"
36.133.115.36 - - [23/Feb/2026:09:27:31 +0800] "POST /wp-cron.php?doing_wp_cron=1771810051.3851680755615234375000 HTTP/1.1" 200 31 "-" "WordPress/6.9; http://cqqizhou.com"
114.119.150.127 - - [23/Feb/2026:09:27:31 +0800] "GET /wp-sitemap.xml HTTP/1.1" 501 253 "-" "Mozilla/5.0 (Linux; Android 7.0;) AppleWebKit/537.36 (KHTML, like Gecko) Mobile Safari/537.36 (compatible; PetalBot;+https://webmaster.petalsearch.com/site/petalbot)"
36.133.115.36 - - [23/Feb/2026:09:28:18 +0800] "POST /wp-cron.php?doing_wp_cron=1771810097.9630899429321289062500 HTTP/1.1" 200 31 "-" "WordPress/6.9; http://cqqizhou.com"
114.119.162.62 - - [23/Feb/2026:09:28:18 +0800] "GET /wp-sitemap.xml HTTP/1.1" 501 253 "-" "Mozilla/5.0 (Linux; Android 7.0;) AppleWebKit/537.36 (KHTML, like Gecko) Mobile Safari/537.36 (compatible; PetalBot;+https://webmaster.petalsearch.com/site/petalbot)"
36.133.115.36 - - [23/Feb/2026:09:40:46 +0800] "POST /wp-cron.php?doing_wp_cron=1771810846.6142320632934570312500 HTTP/1.1" 200 31 "-" "WordPress/6.9; http://cqqizhou.com"
112.51.59.151 - - [23/Feb/2026:09:40:46 +0800] "GET /2160/ HTTP/1.1" 301 5 "-" "Mozilla/5.0 (Macintosh; Intel Mac OS X 10_15_7) AppleWebKit/537.36 (KHTML, like Gecko) Chrome/119.0.0.0 Safari/537.36"
112.51.59.151 - - [23/Feb/2026:09:40:47 +0800] "GET /news/2160 HTTP/1.1" 200 29479 "-" "Mozilla/5.0 (Macintosh; Intel Mac OS X 10_15_7) AppleWebKit/537.36 (KHTML, like Gecko) Chrome/119.0.0.0 Safari/537.36"
36.133.115.36 - - [23/Feb/2026:10:09:22 +0800] "POST /wp-cron.php?doing_wp_cron=1771812562.3435680866241455078125 HTTP/1.1" 200 31 "-" "WordPress/6.9; http://cqqizhou.com"
183.199.211.201 - - [23/Feb/2026:10:09:22 +0800] "GET /2159/ HTTP/1.1" 301 5 "-" "Mozilla/5.0 (Macintosh; Intel Mac OS X 10_15_7) AppleWebKit/537.36 (KHTML, like Gecko) Chrome/119.0.0.0 Safari/537.36"
183.199.211.201 - - [23/Feb/2026:10:09:22 +0800] "GET /news/2159 HTTP/1.1" 200 28712 "-" "Mozilla/5.0 (Macintosh; Intel Mac OS X 10_15_7) AppleWebKit/537.36 (KHTML, like Gecko) Chrome/119.0.0.0 Safari/537.36"
36.133.115.36 - - [23/Feb/2026:10:17:24 +0800] "POST /wp-cron.php?doing_wp_cron=1771813044.1915950775146484375000 HTTP/1.1" 200 31 "-" "WordPress/6.9; http://cqqizhou.com"
65.49.1.10 - - [23/Feb/2026:10:17:24 +0800] "GET / HTTP/1.1" 301 5 "-" "Mozilla/5.0 (X11; Linux x86_64) AppleWebKit/537.36 (KHTML, like Gecko) Chrome/126.0.0.0 Safari/537.36"
43.157.168.43 - - [23/Feb/2026:10:17:45 +0800] "GET / HTTP/1.1" 301 5 "-" "Mozilla/5.0 (iPhone; CPU iPhone OS 13_2_3 like Mac OS X) AppleWebKit/605.1.15 (KHTML, like Gecko) Version/13.0.3 Mobile/15E148 Safari/604.1"
43.157.168.43 - - [23/Feb/2026:10:17:47 +0800] "GET / HTTP/1.1" 200 34807 "http://36.133.115.36" "Mozilla/5.0 (iPhone; CPU iPhone OS 13_2_3 like Mac OS X) AppleWebKit/605.1.15 (KHTML, like Gecko) Version/13.0.3 Mobile/15E148 Safari/604.1"
65.49.1.10 - - [23/Feb/2026:10:17:58 +0800] "GET /webui/ HTTP/1.1" 404 8949 "-" "Mozilla/5.0 (X11; Linux x86_64) AppleWebKit/537.36 (KHTML, like Gecko) HeadlessChrome/92.0.4515.159 Safari/537.36"
36.133.115.36 - - [23/Feb/2026:10:18:28 +0800] "POST /wp-cron.php?doing_wp_cron=1771813108.0795779228210449218750 HTTP/1.1" 200 31 "-" "WordPress/6.9; http://cqqizhou.com"
65.49.1.23 - - [23/Feb/2026:10:18:28 +0800] "GET / HTTP/1.1" 301 5 "-" "Mozilla/5.0 (X11; Linux x86_64) AppleWebKit/537.36 (KHTML, like Gecko) HeadlessChrome/92.0.4515.159 Safari/537.36"
65.49.1.17 - - [23/Feb/2026:10:18:29 +0800] "GET / HTTP/1.1" 200 35253 "http://36.133.115.36/" "Mozilla/5.0 (X11; Linux x86_64) AppleWebKit/537.36 (KHTML, like Gecko) HeadlessChrome/92.0.4515.159 Safari/537.36"
36.133.115.36 - - [23/Feb/2026:10:19:47 +0800] "POST /wp-cron.php?doing_wp_cron=1771813187.5731289386749267578125 HTTP/1.1" 200 31 "-" "WordPress/6.9; http://cqqizhou.com"
65.49.1.10 - - [23/Feb/2026:10:19:47 +0800] "GET /geoserver/web/ HTTP/1.1" 404 8949 "-" "Mozilla/5.0 (X11; Linux x86_64) AppleWebKit/537.36 (KHTML, like Gecko) Chrome/126.0.0.0 Safari/537.36"
39.162.175.226 - - [23/Feb/2026:10:19:54 +0800] "GET /2162/ HTTP/1.1" 301 5 "-" "Mozilla/5.0 (Windows NT 10.0; Win64; x64) AppleWebKit/537.36 (KHTML, like Gecko) Chrome/99.0.4844.51 Safari/537.36"
39.162.175.226 - - [23/Feb/2026:10:19:56 +0800] "GET /news/2162 HTTP/1.1" 200 25223 "-" "Mozilla/5.0 (Windows NT 10.0; Win64; x64) AppleWebKit/537.36 (KHTML, like Gecko) Chrome/99.0.4844.51 Safari/537.36"
222.133.147.172 - - [23/Feb/2026:10:20:06 +0800] "GET http://cqqizhou.com/2162/ HTTP/1.1" 499 0 "-" "Mozilla/5.0 (Windows NT 10.0; Win64; x64) AppleWebKit/537.36 (KHTML, like Gecko) Chrome/99.0.4844.51 Safari/537.36"
157.55.39.15 - - [23/Feb/2026:10:20:10 +0800] "GET /wp-content/uploads/2025/07/1753456723-%E5%8F%8C%E7%9B%B8%E9%92%A2roduct_Single600.webp HTTP/1.1" 200 22790 "-" "Mozilla/5.0 AppleWebKit/537.36 (KHTML, like Gecko; compatible; bingbot/2.0; +http://www.bing.com/bingbot.htm) Chrome/116.0.1938.76 Safari/537.36"
36.133.115.36 - - [23/Feb/2026:10:23:29 +0800] "POST /wp-cron.php?doing_wp_cron=1771813409.6489119529724121093750 HTTP/1.1" 200 31 "-" "WordPress/6.9; http://cqqizhou.com"
123.88.251.8 - - [23/Feb/2026:10:23:29 +0800] "GET /2163/ HTTP/1.1" 301 5 "-" "Mozilla/5.0 (Macintosh; Intel Mac OS X 10_15_7) AppleWebKit/537.36 (KHTML, like Gecko) Chrome/120.0.0.0 Safari/537.36"
123.88.251.8 - - [23/Feb/2026:10:23:30 +0800] "GET /news/2163 HTTP/1.1" 200 23858 "-" "Mozilla/5.0 (Macintosh; Intel Mac OS X 10_15_7) AppleWebKit/537.36 (KHTML, like Gecko) Chrome/120.0.0.0 Safari/537.36"
36.133.115.36 - - [23/Feb/2026:10:25:04 +0800] "POST /wp-cron.php?doing_wp_cron=1771813504.5958330631256103515625 HTTP/1.1" 200 31 "-" "WordPress/6.9; http://cqqizhou.com"
71.6.232.20 - - [23/Feb/2026:10:25:04 +0800] "GET / HTTP/1.1" 301 5 "-" "Mozilla/5.0 (Windows NT 10.0; Win64; x64) AppleWebKit/537.36 (KHTML, like Gecko) Chrome/134.0.0.0 Safari/537.36"
36.133.115.36 - - [23/Feb/2026:10:30:28 +0800] "POST /wp-cron.php?doing_wp_cron=1771813828.3947010040283203125000 HTTP/1.1" 200 31 "-" "WordPress/6.9; http://cqqizhou.com"
180.113.54.17 - - [23/Feb/2026:10:30:28 +0800] "GET http://cqqizhou.com/2231/ HTTP/1.1" 301 5 "-" "Mozilla/5.0 (Windows NT 10.0; Win64; x64) AppleWebKit/537.36 (KHTML, like Gecko) Chrome/101.0.4951.67 Safari/537.36"
180.113.54.17 - - [23/Feb/2026:10:30:29 +0800] "GET http://cqqizhou.com/news/2231 HTTP/1.1" 200 23672 "-" "Mozilla/5.0 (Windows NT 10.0; Win64; x64) AppleWebKit/537.36 (KHTML, like Gecko) Chrome/101.0.4951.67 Safari/537.36"
123.129.126.208 - - [23/Feb/2026:10:30:36 +0800] "GET /2231/ HTTP/1.1" 301 5 "-" "Mozilla/5.0 (Windows NT 10.0; Win64; x64) AppleWebKit/537.36 (KHTML, like Gecko) Chrome/101.0.4951.67 Safari/537.36"
123.129.126.208 - - [23/Feb/2026:10:30:36 +0800] "GET /news/2231 HTTP/1.1" 200 23691 "-" "Mozilla/5.0 (Windows NT 10.0; Win64; x64) AppleWebKit/537.36 (KHTML, like Gecko) Chrome/101.0.4951.67 Safari/537.36"
36.133.115.36 - - [23/Feb/2026:11:19:59 +0800] "POST /wp-cron.php?doing_wp_cron=1771816799.1235620975494384765625 HTTP/1.1" 200 31 "-" "WordPress/6.9; http://cqqizhou.com"
91.137.27.140 - - [23/Feb/2026:11:19:59 +0800] "GET /robots.txt HTTP/1.1" 200 390 "-" "Mozilla/5.0 (compatible; MJ12bot/v1.4.8; http://mj12bot.com/)"
91.137.27.140 - - [23/Feb/2026:11:20:01 +0800] "GET /portfolio-tag/%E9%9E%8D%E9%92%A2%E8%92%82%E6%A3%AE/ HTTP/1.1" 404 8949 "-" "Mozilla/5.0 (compatible; MJ12bot/v1.4.8; http://mj12bot.com/)"
91.137.27.140 - - [23/Feb/2026:11:20:04 +0800] "GET /portfolio/%E5%86%B7%E8%BD%A7%E5%8D%B7/ HTTP/1.1" 301 5 "-" "Mozilla/5.0 (compatible; MJ12bot/v1.4.8; http://mj12bot.com/)"
91.137.27.140 - - [23/Feb/2026:11:20:06 +0800] "GET /news/portfolio/%E5%86%B7%E8%BD%A7%E5%8D%B7 HTTP/1.1" 200 22195 "-" "Mozilla/5.0 (compatible; MJ12bot/v1.4.8; http://mj12bot.com/)"
36.133.115.36 - - [23/Feb/2026:11:20:09 +0800] "POST /wp-cron.php?doing_wp_cron=1771816809.1053218841552734375000 HTTP/1.1" 200 31 "-" "WordPress/6.9; http://cqqizhou.com"
91.137.27.140 - - [23/Feb/2026:11:20:09 +0800] "GET /portfolio/%E5%86%B7%E8%BD%A7%E6%9D%BF/ HTTP/1.1" 301 5 "-" "Mozilla/5.0 (compatible; MJ12bot/v1.4.8; http://mj12bot.com/)"
91.137.27.140 - - [23/Feb/2026:11:20:11 +0800] "GET /news/portfolio/%E5%86%B7%E8%BD%A7%E6%9D%BF HTTP/1.1" 200 22189 "-" "Mozilla/5.0 (compatible; MJ12bot/v1.4.8; http://mj12bot.com/)"
91.137.27.140 - - [23/Feb/2026:11:20:13 +0800] "GET /tag/%E5%8D%9A%E8%81%94%E8%BE%BE/ HTTP/1.1" 404 8949 "-" "Mozilla/5.0 (compatible; MJ12bot/v1.4.8; http://mj12bot.com/)"
91.137.27.140 - - [23/Feb/2026:11:20:16 +0800] "GET /tag/%E7%89%A9%E6%B5%81/ HTTP/1.1" 404 8948 "-" "Mozilla/5.0 (compatible; MJ12bot/v1.4.8; http://mj12bot.com/)"
36.133.115.36 - - [23/Feb/2026:11:28:05 +0800] "POST /wp-cron.php?doing_wp_cron=1771817285.4805510044097900390625 HTTP/1.1" 200 31 "-" "WordPress/6.9; http://cqqizhou.com"
110.249.201.32 - - [23/Feb/2026:11:28:05 +0800] "GET /robots.txt HTTP/1.1" 200 190 "-" "Mozilla/5.0 (Linux; Android 5.0) AppleWebKit/537.36 (KHTML, like Gecko) Mobile Safari/537.36 (compatible; Bytespider; https://zhanzhang.toutiao.com/)"
36.133.115.36 - - [23/Feb/2026:11:50:40 +0800] "POST /wp-cron.php?doing_wp_cron=1771818640.8437170982360839843750 HTTP/1.1" 200 31 "-" "WordPress/6.9; http://cqqizhou.com"
180.184.51.133 - - [23/Feb/2026:11:50:40 +0800] "GET /robots.txt HTTP/1.1" 200 190 "-" "Mozilla/5.0 (Linux; Android 10; V1950A; wv) AppleWebKit/537.36 (KHTML, like Gecko) Chrome/62.0.3202.84 Mobile Safari/537.36 VivoBrowser/20.2.3.0"
36.133.115.36 - - [23/Feb/2026:11:55:21 +0800] "POST /wp-cron.php?doing_wp_cron=1771818921.0331780910491943359375 HTTP/1.1" 200 31 "-" "WordPress/6.9; http://cqqizhou.com"
43.155.157.239 - - [23/Feb/2026:11:55:21 +0800] "GET / HTTP/1.1" 200 34807 "-" "Mozilla/5.0 (iPhone; CPU iPhone OS 13_2_3 like Mac OS X) AppleWebKit/605.1.15 (KHTML, like Gecko) Version/13.0.3 Mobile/15E148 Safari/604.1"
36.133.115.36 - - [23/Feb/2026:12:19:24 +0800] "POST /wp-cron.php?doing_wp_cron=1771820364.6873569488525390625000 HTTP/1.1" 200 31 "-" "WordPress/6.9; http://cqqizhou.com"
204.76.203.69 - - [23/Feb/2026:12:19:24 +0800] "GET / HTTP/1.1" 301 5 "-" "Mozilla/5.0 (Windows NT 10.0; Win64; x64) AppleWebKit/537.36 (KHTML, like Gecko) Chrome/90.0.4430.85 Safari/537.36 Edg/90.0.818.46"
36.133.115.36 - - [23/Feb/2026:12:39:38 +0800] "POST /wp-cron.php?doing_wp_cron=1771821577.9775969982147216796875 HTTP/1.1" 200 31 "-" "WordPress/6.9; http://cqqizhou.com"
66.249.73.230 - - [23/Feb/2026:12:39:38 +0800] "GET /portfolio/%E5%86%B7%E8%BD%A7%E6%9D%BF/ HTTP/1.1" 301 5 "-" "Mozilla/5.0 (Linux; Android 6.0.1; Nexus 5X Build/MMB29P) AppleWebKit/537.36 (KHTML, like Gecko) Chrome/144.0.7559.132 Mobile Safari/537.36 (compatible; Googlebot/2.1; +http://www.google.com/bot.html)"
66.249.73.230 - - [23/Feb/2026:12:39:39 +0800] "GET /news/portfolio/%E5%86%B7%E8%BD%A7%E6%9D%BF HTTP/1.1" 200 18824 "-" "Mozilla/5.0 (Linux; Android 6.0.1; Nexus 5X Build/MMB29P) AppleWebKit/537.36 (KHTML, like Gecko) Chrome/144.0.7559.132 Mobile Safari/537.36 (compatible; Googlebot/2.1; +http://www.google.com/bot.html)"
36.133.115.36 - - [23/Feb/2026:12:43:20 +0800] "POST /wp-cron.php?doing_wp_cron=1771821800.1403949260711669921875 HTTP/1.1" 200 31 "-" "WordPress/6.9; http://cqqizhou.com"
176.65.132.94 - - [23/Feb/2026:12:43:20 +0800] "POST / HTTP/1.1" 200 34807 "-" "Mozilla/5.0 (Windows NT 10.0; Win64; x64) AppleWebKit/537.36"
36.133.115.36 - - [23/Feb/2026:12:51:22 +0800] "POST /wp-cron.php?doing_wp_cron=1771822282.5866079330444335937500 HTTP/1.1" 200 31 "-" "WordPress/6.9; http://cqqizhou.com"
87.120.191.67 - - [23/Feb/2026:12:51:24 +0800] "POST / HTTP/1.1" 200 34807 "-" "Mozilla/5.0 (Windows NT 10.0; Win64; x64) AppleWebKit/537.36"
36.133.115.36 - - [23/Feb/2026:13:19:50 +0800] "POST /wp-cron.php?doing_wp_cron=1771823990.1712529659271240234375 HTTP/1.1" 200 31 "-" "WordPress/6.9; http://cqqizhou.com"
185.191.171.8 - - [23/Feb/2026:13:19:50 +0800] "GET /robots.txt HTTP/1.1" 200 190 "-" "Mozilla/5.0 (compatible; SemrushBot/7~bl; +http://www.semrush.com/bot.html)"
85.208.96.208 - - [23/Feb/2026:13:19:52 +0800] "GET /2215/ HTTP/1.1" 301 5 "-" "Mozilla/5.0 (compatible; SemrushBot/7~bl; +http://www.semrush.com/bot.html)"
85.208.96.210 - - [23/Feb/2026:13:19:57 +0800] "GET /news/2215 HTTP/1.1" 200 24078 "-" "Mozilla/5.0 (compatible; SemrushBot/7~bl; +http://www.semrush.com/bot.html)"
36.133.115.36 - - [23/Feb/2026:13:25:22 +0800] "POST /wp-cron.php?doing_wp_cron=1771824322.7581229209899902343750 HTTP/1.1" 200 31 "-" "WordPress/6.9; http://cqqizhou.com"
39.144.54.66 - - [23/Feb/2026:13:25:22 +0800] "GET / HTTP/1.1" 301 5 "https://m.baidu.com/" "Mozilla/5.0 (Linux; Android 12; GRL-AL10 Build/HUAWEIGRL-AL10D; wv) AppleWebKit/537.36 (KHTML, like Gecko) Version/4.0 Chrome/97.0.4692.98 Mobile Safari/537.36 T7/15.48 BDOS/1.0 (HarmonyOS 3.0.0) SP-engine/3.55.0 bd_dvt/2 baiduboxapp/15.48.5.10 (Baidu; P1 12) NABar/1.0"
39.144.54.66 - - [23/Feb/2026:13:25:24 +0800] "GET / HTTP/1.1" 200 34807 "https://m.baidu.com/" "Mozilla/5.0 (Linux; Android 12; GRL-AL10 Build/HUAWEIGRL-AL10D; wv) AppleWebKit/537.36 (KHTML, like Gecko) Version/4.0 Chrome/97.0.4692.98 Mobile Safari/537.36 T7/15.48 BDOS/1.0 (HarmonyOS 3.0.0) SP-engine/3.55.0 bd_dvt/2 baiduboxapp/15.48.5.10 (Baidu; P1 12) NABar/1.0"
36.133.115.36 - - [23/Feb/2026:13:26:50 +0800] "POST /wp-cron.php?doing_wp_cron=1771824410.1713109016418457031250 HTTP/1.1" 200 31 "-" "WordPress/6.9; http://cqqizhou.com"
198.244.226.62 - - [23/Feb/2026:13:26:50 +0800] "GET /robots.txt HTTP/1.1" 200 190 "-" "Mozilla/5.0 (compatible; AhrefsBot/7.0; +http://ahrefs.com/robot/)"
54.39.0.163 - - [23/Feb/2026:13:26:53 +0800] "GET / HTTP/1.1" 200 35253 "-" "Mozilla/5.0 (compatible; AhrefsBot/7.0; +http://ahrefs.com/robot/)"
36.133.115.36 - - [23/Feb/2026:13:35:26 +0800] "POST /wp-cron.php?doing_wp_cron=1771824926.9481999874114990234375 HTTP/1.1" 200 31 "-" "WordPress/6.9; http://cqqizhou.com"
170.106.11.6 - - [23/Feb/2026:13:35:26 +0800] "GET / HTTP/1.1" 200 34807 "-" "Mozilla/5.0 (iPhone; CPU iPhone OS 13_2_3 like Mac OS X) AppleWebKit/605.1.15 (KHTML, like Gecko) Version/13.0.3 Mobile/15E148 Safari/604.1"
36.133.115.36 - - [23/Feb/2026:13:39:32 +0800] "POST /wp-cron.php?doing_wp_cron=1771825172.0262310504913330078125 HTTP/1.1" 200 31 "-" "WordPress/6.9; http://cqqizhou.com"
144.217.135.239 - - [23/Feb/2026:13:39:32 +0800] "GET / HTTP/1.1" 301 5 "-" "Mozilla/5.0 (compatible; Dataprovider.com)"
144.217.135.239 - - [23/Feb/2026:13:39:36 +0800] "GET / HTTP/1.1" 200 158728 "-" "Mozilla/5.0 (compatible; Dataprovider.com)"
144.217.135.239 - - [23/Feb/2026:13:39:38 +0800] "GET /robots.txt HTTP/1.1" 200 390 "-" "Mozilla/5.0 (compatible; Dataprovider.com)"
144.217.135.239 - - [23/Feb/2026:13:39:41 +0800] "GET /wp-sitemap.xml HTTP/1.1" 501 253 "-" "Mozilla/5.0 (compatible; Dataprovider.com)"
144.217.135.239 - - [23/Feb/2026:13:39:42 +0800] "GET /contacts/ HTTP/1.1" 301 5 "-" "Mozilla/5.0 (compatible; Dataprovider.com)"
144.217.135.239 - - [23/Feb/2026:13:39:42 +0800] "GET /contacts HTTP/1.1" 200 77056 "http://cqqizhou.com/contacts/" "Mozilla/5.0 (compatible; Dataprovider.com)"
144.217.135.239 - - [23/Feb/2026:13:39:44 +0800] "GET /logistics HTTP/1.1" 200 120045 "-" "Mozilla/5.0 (compatible; Dataprovider.com)"
144.217.135.239 - - [23/Feb/2026:13:39:46 +0800] "GET /services HTTP/1.1" 200 114017 "-" "Mozilla/5.0 (compatible; Dataprovider.com)"
144.217.135.239 - - [23/Feb/2026:13:39:47 +0800] "GET /about HTTP/1.1" 200 107107 "-" "Mozilla/5.0 (compatible; Dataprovider.com)"
144.217.135.239 - - [23/Feb/2026:13:39:48 +0800] "GET /wp-content/uploads/2025/07/1750649179-qizhou1920x1080_1.webp HTTP/1.1" 200 172154 "-" "Mozilla/5.0 (compatible; Dataprovider.com)"
144.217.135.239 - - [23/Feb/2026:13:39:49 +0800] "GET /wp-content/uploads/2025/07/1750649186-qizhou1920x1080_3.webp HTTP/1.1" 200 134070 "-" "Mozilla/5.0 (compatible; Dataprovider.com)"
