HEX
Server: nginx/1.16.1
System: Linux ecs-04358622 4.19.90-2107.6.0.0100.oe1.bclinux.x86_64 #1 SMP Wed Dec 1 19:59:44 CST 2021 x86_64
User: nginx (994)
PHP: 8.0.0
Disabled: NONE
Upload Files
File: /home/logs/cqqizhou_access_2026-02-18.log
36.133.115.36 - - [18/Feb/2026:00:03:53 +0800] "POST /wp-cron.php?doing_wp_cron=1771344233.0160961151123046875000 HTTP/1.1" 200 31 "-" "WordPress/6.9; http://cqqizhou.com"
51.75.236.132 - - [18/Feb/2026:00:03:53 +0800] "GET /company-news/page/1/ HTTP/1.1" 301 5 "-" "Mozilla/5.0 (compatible; AhrefsBot/7.0; +http://ahrefs.com/robot/)"
36.133.115.36 - - [18/Feb/2026:00:12:02 +0800] "POST /wp-cron.php?doing_wp_cron=1771344722.1689140796661376953125 HTTP/1.1" 200 31 "-" "WordPress/6.9; http://cqqizhou.com"
180.184.51.152 - - [18/Feb/2026:00:12:02 +0800] "GET /news/2339 HTTP/1.1" 200 20641 "-" "Mozilla/5.0 (Linux; Android 10; V1950A; wv) AppleWebKit/537.36 (KHTML, like Gecko) Chrome/62.0.3202.84 Mobile Safari/537.36 VivoBrowser/20.2.3.0"
45.194.92.21 - - [18/Feb/2026:00:30:20 +0800] "GET /admin/server/php/index.php?file=tf2rghf.jpg HTTP/1.1" 404 27 "-" "ALittle Client"
20.166.38.178 - - [18/Feb/2026:00:36:06 +0800] "GET /wp-content/plugins/hellopress/wp_filemanager.php HTTP/1.1" 404 27 "-" "-"
20.166.38.178 - - [18/Feb/2026:00:36:06 +0800] "GET /new4.php HTTP/1.1" 404 27 "-" "-"
20.166.38.178 - - [18/Feb/2026:00:36:07 +0800] "GET /xoot.php HTTP/1.1" 404 27 "-" "-"
20.166.38.178 - - [18/Feb/2026:00:36:07 +0800] "GET /er.php HTTP/1.1" 404 27 "-" "-"
20.166.38.178 - - [18/Feb/2026:00:36:07 +0800] "GET /fault.php HTTP/1.1" 404 27 "-" "-"
20.166.38.178 - - [18/Feb/2026:00:36:07 +0800] "GET /x2x.php HTTP/1.1" 404 27 "-" "-"
20.166.38.178 - - [18/Feb/2026:00:36:08 +0800] "GET /motu.php HTTP/1.1" 404 27 "-" "-"
20.166.38.178 - - [18/Feb/2026:00:36:08 +0800] "GET /66.php HTTP/1.1" 404 27 "-" "-"
20.166.38.178 - - [18/Feb/2026:00:36:08 +0800] "GET /leuk.php HTTP/1.1" 404 27 "-" "-"
20.166.38.178 - - [18/Feb/2026:00:36:09 +0800] "GET /bc-456.php HTTP/1.1" 404 27 "-" "-"
20.166.38.178 - - [18/Feb/2026:00:36:09 +0800] "GET /wo.php HTTP/1.1" 404 27 "-" "-"
20.166.38.178 - - [18/Feb/2026:00:36:09 +0800] "GET /bvb.php HTTP/1.1" 404 27 "-" "-"
20.166.38.178 - - [18/Feb/2026:00:36:09 +0800] "GET /xqq.php HTTP/1.1" 404 27 "-" "-"
20.166.38.178 - - [18/Feb/2026:00:36:09 +0800] "GET /kolda.php HTTP/1.1" 404 27 "-" "-"
20.166.38.178 - - [18/Feb/2026:00:36:10 +0800] "GET /nw.php HTTP/1.1" 404 27 "-" "-"
20.166.38.178 - - [18/Feb/2026:00:36:10 +0800] "GET /god.php HTTP/1.1" 404 27 "-" "-"
20.166.38.178 - - [18/Feb/2026:00:36:10 +0800] "GET /666.php HTTP/1.1" 404 27 "-" "-"
20.166.38.178 - - [18/Feb/2026:00:36:10 +0800] "GET /kj.php HTTP/1.1" 404 27 "-" "-"
20.166.38.178 - - [18/Feb/2026:00:36:11 +0800] "GET /un.php HTTP/1.1" 404 27 "-" "-"
20.166.38.178 - - [18/Feb/2026:00:36:11 +0800] "GET /fs.php HTTP/1.1" 404 27 "-" "-"
20.166.38.178 - - [18/Feb/2026:00:36:11 +0800] "GET /lts.php HTTP/1.1" 404 27 "-" "-"
20.166.38.178 - - [18/Feb/2026:00:36:12 +0800] "GET /ms.php HTTP/1.1" 404 27 "-" "-"
20.166.38.178 - - [18/Feb/2026:00:36:12 +0800] "GET /login8.php HTTP/1.1" 404 27 "-" "-"
20.166.38.178 - - [18/Feb/2026:00:36:12 +0800] "GET /nnyvn.php HTTP/1.1" 404 27 "-" "-"
20.166.38.178 - - [18/Feb/2026:00:36:13 +0800] "GET /cu.php HTTP/1.1" 404 27 "-" "-"
20.166.38.178 - - [18/Feb/2026:00:36:13 +0800] "GET /lul.php HTTP/1.1" 404 27 "-" "-"
20.166.38.178 - - [18/Feb/2026:00:36:14 +0800] "GET /0.php HTTP/1.1" 404 27 "-" "-"
20.166.38.178 - - [18/Feb/2026:00:36:14 +0800] "GET /ms-edit.php HTTP/1.1" 404 27 "-" "-"
20.166.38.178 - - [18/Feb/2026:00:36:14 +0800] "GET /ya.php HTTP/1.1" 404 27 "-" "-"
20.166.38.178 - - [18/Feb/2026:00:36:14 +0800] "GET /grsiuk.php HTTP/1.1" 404 27 "-" "-"
20.166.38.178 - - [18/Feb/2026:00:36:15 +0800] "GET /wp-blog.php HTTP/1.1" 404 27 "-" "-"
20.166.38.178 - - [18/Feb/2026:00:36:15 +0800] "GET /ftem.php HTTP/1.1" 404 27 "-" "-"
20.166.38.178 - - [18/Feb/2026:00:36:15 +0800] "GET /7wom.php HTTP/1.1" 404 27 "-" "-"
20.166.38.178 - - [18/Feb/2026:00:36:15 +0800] "GET /wp-access.php HTTP/1.1" 404 27 "-" "-"
20.166.38.178 - - [18/Feb/2026:00:36:16 +0800] "GET /a1vx.php HTTP/1.1" 404 27 "-" "-"
20.166.38.178 - - [18/Feb/2026:00:36:16 +0800] "GET /sbhu.php HTTP/1.1" 404 27 "-" "-"
20.166.38.178 - - [18/Feb/2026:00:36:16 +0800] "GET /wp-the.php HTTP/1.1" 404 27 "-" "-"
20.166.38.178 - - [18/Feb/2026:00:36:16 +0800] "GET /06.php HTTP/1.1" 404 27 "-" "-"
20.166.38.178 - - [18/Feb/2026:00:36:17 +0800] "GET /wp5.php HTTP/1.1" 404 27 "-" "-"
20.166.38.178 - - [18/Feb/2026:00:36:17 +0800] "GET /fot.php HTTP/1.1" 404 27 "-" "-"
20.166.38.178 - - [18/Feb/2026:00:36:17 +0800] "GET /ff1.php HTTP/1.1" 404 27 "-" "-"
20.166.38.178 - - [18/Feb/2026:00:36:18 +0800] "GET /forbidals.php HTTP/1.1" 404 27 "-" "-"
20.166.38.178 - - [18/Feb/2026:00:36:18 +0800] "GET //erty.php HTTP/1.1" 404 27 "-" "-"
20.166.38.178 - - [18/Feb/2026:00:36:18 +0800] "GET /dev1s.php HTTP/1.1" 404 27 "-" "-"
20.166.38.178 - - [18/Feb/2026:00:36:18 +0800] "GET /ffd.php HTTP/1.1" 404 27 "-" "-"
20.166.38.178 - - [18/Feb/2026:00:36:18 +0800] "GET /admiin.php HTTP/1.1" 404 27 "-" "-"
20.166.38.178 - - [18/Feb/2026:00:36:19 +0800] "GET /ol.php HTTP/1.1" 404 27 "-" "-"
20.166.38.178 - - [18/Feb/2026:00:36:19 +0800] "GET /Sanskrit.php HTTP/1.1" 404 27 "-" "-"
20.166.38.178 - - [18/Feb/2026:00:36:19 +0800] "GET /vxrl.php HTTP/1.1" 404 27 "-" "-"
20.166.38.178 - - [18/Feb/2026:00:36:19 +0800] "GET /re.php HTTP/1.1" 404 27 "-" "-"
20.166.38.178 - - [18/Feb/2026:00:36:20 +0800] "GET /num.php HTTP/1.1" 404 27 "-" "-"
20.166.38.178 - - [18/Feb/2026:00:36:20 +0800] "GET /axx.php HTTP/1.1" 404 27 "-" "-"
20.166.38.178 - - [18/Feb/2026:00:36:20 +0800] "GET /vxrl.php HTTP/1.1" 404 27 "-" "-"
20.166.38.178 - - [18/Feb/2026:00:36:21 +0800] "GET /in.php HTTP/1.1" 404 27 "-" "-"
20.166.38.178 - - [18/Feb/2026:00:36:21 +0800] "GET /style.php HTTP/1.1" 404 27 "-" "-"
20.166.38.178 - - [18/Feb/2026:00:36:21 +0800] "GET /we.php HTTP/1.1" 404 27 "-" "-"
20.166.38.178 - - [18/Feb/2026:00:36:21 +0800] "GET /zwso.php HTTP/1.1" 404 27 "-" "-"
20.166.38.178 - - [18/Feb/2026:00:36:22 +0800] "GET /karak.php HTTP/1.1" 404 27 "-" "-"
20.166.38.178 - - [18/Feb/2026:00:36:22 +0800] "GET /trd.php HTTP/1.1" 404 27 "-" "-"
20.166.38.178 - - [18/Feb/2026:00:36:22 +0800] "GET /past.php HTTP/1.1" 404 27 "-" "-"
20.166.38.178 - - [18/Feb/2026:00:36:23 +0800] "GET /prv8.php HTTP/1.1" 404 27 "-" "-"
20.166.38.178 - - [18/Feb/2026:00:36:23 +0800] "GET /i.php HTTP/1.1" 404 27 "-" "-"
20.166.38.178 - - [18/Feb/2026:00:36:23 +0800] "GET /admin/admin.php HTTP/1.1" 404 27 "-" "-"
36.133.115.36 - - [18/Feb/2026:00:36:24 +0800] "POST /wp-cron.php?doing_wp_cron=1771346184.6222229003906250000000 HTTP/1.1" 200 31 "-" "WordPress/6.9; http://cqqizhou.com"
20.166.38.178 - - [18/Feb/2026:00:36:24 +0800] "GET /xmlrpc.php HTTP/1.1" 405 53 "-" "-"
20.166.38.178 - - [18/Feb/2026:00:36:24 +0800] "GET /aw.php HTTP/1.1" 404 27 "-" "-"
20.166.38.178 - - [18/Feb/2026:00:36:25 +0800] "GET /dev.php HTTP/1.1" 404 27 "-" "-"
20.166.38.178 - - [18/Feb/2026:00:36:25 +0800] "GET /lock360.php HTTP/1.1" 404 27 "-" "-"
20.166.38.178 - - [18/Feb/2026:00:36:25 +0800] "GET /155.php HTTP/1.1" 404 27 "-" "-"
20.166.38.178 - - [18/Feb/2026:00:36:25 +0800] "GET /goat.php HTTP/1.1" 404 27 "-" "-"
20.166.38.178 - - [18/Feb/2026:00:36:26 +0800] "GET /tcp.php HTTP/1.1" 404 27 "-" "-"
20.166.38.178 - - [18/Feb/2026:00:36:26 +0800] "GET /ext.php HTTP/1.1" 404 27 "-" "-"
20.166.38.178 - - [18/Feb/2026:00:36:26 +0800] "GET /inputs.php HTTP/1.1" 404 27 "-" "-"
20.166.38.178 - - [18/Feb/2026:00:36:26 +0800] "GET /ioxi.php HTTP/1.1" 404 27 "-" "-"
20.166.38.178 - - [18/Feb/2026:00:36:27 +0800] "GET /fe5.php HTTP/1.1" 404 27 "-" "-"
20.166.38.178 - - [18/Feb/2026:00:36:27 +0800] "GET /ov.php HTTP/1.1" 404 27 "-" "-"
20.166.38.178 - - [18/Feb/2026:00:36:27 +0800] "GET /past1.php HTTP/1.1" 404 27 "-" "-"
20.166.38.178 - - [18/Feb/2026:00:36:28 +0800] "GET /wp-content/plugins/index.php HTTP/1.1" 200 5 "-" "-"
20.166.38.178 - - [18/Feb/2026:00:36:28 +0800] "GET /default.php HTTP/1.1" 404 27 "-" "-"
20.166.38.178 - - [18/Feb/2026:00:36:28 +0800] "GET /goods.php HTTP/1.1" 404 27 "-" "-"
20.166.38.178 - - [18/Feb/2026:00:36:29 +0800] "GET /abcd.php HTTP/1.1" 404 27 "-" "-"
20.166.38.178 - - [18/Feb/2026:00:36:30 +0800] "GET /yos.php HTTP/1.1" 404 27 "-" "-"
20.166.38.178 - - [18/Feb/2026:00:36:30 +0800] "GET /nope.php HTTP/1.1" 404 27 "-" "-"
20.166.38.178 - - [18/Feb/2026:00:36:30 +0800] "GET /class.1.php HTTP/1.1" 404 27 "-" "-"
20.166.38.178 - - [18/Feb/2026:00:36:30 +0800] "GET /file5.php HTTP/1.1" 404 27 "-" "-"
20.166.38.178 - - [18/Feb/2026:00:36:30 +0800] "GET /async.php HTTP/1.1" 404 27 "-" "-"
20.166.38.178 - - [18/Feb/2026:00:36:31 +0800] "GET /ff.php HTTP/1.1" 404 27 "-" "-"
20.166.38.178 - - [18/Feb/2026:00:36:31 +0800] "GET /ioxi-o.php HTTP/1.1" 404 27 "-" "-"
20.166.38.178 - - [18/Feb/2026:00:36:31 +0800] "GET /manager.php HTTP/1.1" 404 27 "-" "-"
20.166.38.178 - - [18/Feb/2026:00:36:32 +0800] "GET /wp-update.php HTTP/1.1" 404 27 "-" "-"
20.166.38.178 - - [18/Feb/2026:00:36:32 +0800] "GET /file.php? HTTP/1.1" 404 27 "-" "-"
20.166.38.178 - - [18/Feb/2026:00:36:32 +0800] "GET /wp-includes/certificates/plugins.php HTTP/1.1" 404 27 "-" "-"
20.166.38.178 - - [18/Feb/2026:00:36:33 +0800] "GET /lc.php HTTP/1.1" 404 27 "-" "-"
20.166.38.178 - - [18/Feb/2026:00:36:33 +0800] "GET /hexx.php HTTP/1.1" 404 27 "-" "-"
20.166.38.178 - - [18/Feb/2026:00:36:33 +0800] "GET /cbrfo.php HTTP/1.1" 404 27 "-" "-"
20.166.38.178 - - [18/Feb/2026:00:36:33 +0800] "GET /inc.php HTTP/1.1" 404 27 "-" "-"
20.166.38.178 - - [18/Feb/2026:00:36:34 +0800] "GET /gifclass.php HTTP/1.1" 404 27 "-" "-"
20.166.38.178 - - [18/Feb/2026:00:36:34 +0800] "GET /miansha.php HTTP/1.1" 404 27 "-" "-"
20.166.38.178 - - [18/Feb/2026:00:36:35 +0800] "GET /tinyfilemanager.php HTTP/1.1" 404 27 "-" "-"
20.166.38.178 - - [18/Feb/2026:00:36:35 +0800] "GET //xfile25.php HTTP/1.1" 404 27 "-" "-"
20.166.38.178 - - [18/Feb/2026:00:36:35 +0800] "GET /ok.php HTTP/1.1" 404 27 "-" "-"
20.166.38.178 - - [18/Feb/2026:00:36:36 +0800] "GET /fi.php HTTP/1.1" 404 27 "-" "-"
20.166.38.178 - - [18/Feb/2026:00:36:36 +0800] "GET /muzu.php HTTP/1.1" 404 27 "-" "-"
20.166.38.178 - - [18/Feb/2026:00:36:36 +0800] "GET /reze.php HTTP/1.1" 404 27 "-" "-"
20.166.38.178 - - [18/Feb/2026:00:36:37 +0800] "GET /styll.php HTTP/1.1" 404 27 "-" "-"
20.166.38.178 - - [18/Feb/2026:00:36:37 +0800] "GET /x7.php HTTP/1.1" 404 27 "-" "-"
20.166.38.178 - - [18/Feb/2026:00:36:37 +0800] "GET /thebe.php HTTP/1.1" 404 27 "-" "-"
20.166.38.178 - - [18/Feb/2026:00:36:38 +0800] "GET /ddd.php HTTP/1.1" 404 27 "-" "-"
20.166.38.178 - - [18/Feb/2026:00:36:38 +0800] "GET /ccs.php HTTP/1.1" 404 27 "-" "-"
20.166.38.178 - - [18/Feb/2026:00:36:38 +0800] "GET /bgymj.php HTTP/1.1" 404 27 "-" "-"
20.166.38.178 - - [18/Feb/2026:00:36:39 +0800] "GET /8xyz.php HTTP/1.1" 404 27 "-" "-"
20.166.38.178 - - [18/Feb/2026:00:36:39 +0800] "GET /la.php HTTP/1.1" 404 27 "-" "-"
20.166.38.178 - - [18/Feb/2026:00:36:39 +0800] "GET /ioxi.php HTTP/1.1" 404 27 "-" "-"
20.166.38.178 - - [18/Feb/2026:00:36:39 +0800] "GET /xpwer1.php HTTP/1.1" 404 27 "-" "-"
20.166.38.178 - - [18/Feb/2026:00:36:40 +0800] "GET //lala.php HTTP/1.1" 404 27 "-" "-"
20.166.38.178 - - [18/Feb/2026:00:36:40 +0800] "GET //about.php HTTP/1.1" 404 27 "-" "-"
20.166.38.178 - - [18/Feb/2026:00:36:40 +0800] "GET /wp-admin/images/commentv.php HTTP/1.1" 404 27 "-" "-"
20.166.38.178 - - [18/Feb/2026:00:36:40 +0800] "GET //cgi-bin/index.php HTTP/1.1" 404 27 "-" "-"
20.166.38.178 - - [18/Feb/2026:00:36:41 +0800] "GET //wp-admin/images/wp-conflg.php HTTP/1.1" 404 27 "-" "-"
20.166.38.178 - - [18/Feb/2026:00:36:41 +0800] "GET /wp-admin/images/wp-conflg.php HTTP/1.1" 404 27 "-" "-"
20.166.38.178 - - [18/Feb/2026:00:36:41 +0800] "GET /info.php HTTP/1.1" 200 29 "-" "-"
20.166.38.178 - - [18/Feb/2026:00:36:41 +0800] "GET /about.php HTTP/1.1" 404 27 "-" "-"
20.166.38.178 - - [18/Feb/2026:00:36:42 +0800] "GET /x/ HTTP/1.1" 404 31365 "-" "-"
20.166.38.178 - - [18/Feb/2026:00:36:43 +0800] "GET /222.php HTTP/1.1" 404 27 "-" "-"
20.166.38.178 - - [18/Feb/2026:00:36:43 +0800] "GET //adminfuns.php HTTP/1.1" 404 27 "-" "-"
20.166.38.178 - - [18/Feb/2026:00:36:43 +0800] "GET /wp-includes/PHPMailer/ HTTP/1.1" 403 146 "-" "-"
20.166.38.178 - - [18/Feb/2026:00:36:44 +0800] "GET /xx.php HTTP/1.1" 404 27 "-" "-"
20.166.38.178 - - [18/Feb/2026:00:36:44 +0800] "GET /wp-admin/js/wp-conflg.php HTTP/1.1" 404 27 "-" "-"
20.166.38.178 - - [18/Feb/2026:00:36:44 +0800] "GET /f5.php HTTP/1.1" 404 27 "-" "-"
20.166.38.178 - - [18/Feb/2026:00:36:44 +0800] "GET /flower.php HTTP/1.1" 404 27 "-" "-"
20.166.38.178 - - [18/Feb/2026:00:36:45 +0800] "GET //f6.php HTTP/1.1" 404 27 "-" "-"
20.166.38.178 - - [18/Feb/2026:00:36:45 +0800] "GET //edit.php HTTP/1.1" 404 27 "-" "-"
20.166.38.178 - - [18/Feb/2026:00:36:45 +0800] "GET //aa.php HTTP/1.1" 404 27 "-" "-"
20.166.38.178 - - [18/Feb/2026:00:36:45 +0800] "GET //wp-includes/js/dist/ HTTP/1.1" 403 146 "-" "-"
20.166.38.178 - - [18/Feb/2026:00:36:46 +0800] "GET /wp-includes/SimplePie/ HTTP/1.1" 403 146 "-" "-"
20.166.38.178 - - [18/Feb/2026:00:36:46 +0800] "GET //av.php HTTP/1.1" 404 27 "-" "-"
20.166.38.178 - - [18/Feb/2026:00:36:46 +0800] "GET /wp-includes/Text/Diff/Engine/about.php HTTP/1.1" 404 27 "-" "-"
20.166.38.178 - - [18/Feb/2026:00:36:46 +0800] "GET /wsd.php HTTP/1.1" 404 27 "-" "-"
20.166.38.178 - - [18/Feb/2026:00:36:47 +0800] "GET /jane.php HTTP/1.1" 404 27 "-" "-"
20.166.38.178 - - [18/Feb/2026:00:36:47 +0800] "GET /css.php HTTP/1.1" 404 27 "-" "-"
20.166.38.178 - - [18/Feb/2026:00:36:47 +0800] "GET /alfa.php HTTP/1.1" 404 27 "-" "-"
20.166.38.178 - - [18/Feb/2026:00:36:48 +0800] "GET /wen.php HTTP/1.1" 404 27 "-" "-"
20.166.38.178 - - [18/Feb/2026:00:36:48 +0800] "GET /x.php HTTP/1.1" 404 27 "-" "-"
20.166.38.178 - - [18/Feb/2026:00:36:49 +0800] "GET /xxxx.php HTTP/1.1" 404 27 "-" "-"
20.166.38.178 - - [18/Feb/2026:00:36:49 +0800] "GET //class.php HTTP/1.1" 404 27 "-" "-"
20.166.38.178 - - [18/Feb/2026:00:36:49 +0800] "GET /f35.php HTTP/1.1" 404 27 "-" "-"
20.166.38.178 - - [18/Feb/2026:00:36:50 +0800] "GET /wp-admin/about.php HTTP/1.1" 302 5 "-" "-"
20.166.38.178 - - [18/Feb/2026:00:36:51 +0800] "GET /wp-login.php?redirect_to=http%3A%2F%2Fcqqizhou.com%2Fwp-admin%2Fabout.php&reauth=1 HTTP/1.1" 200 9062 "-" "-"
20.166.38.178 - - [18/Feb/2026:00:36:52 +0800] "GET /update/f35.php HTTP/1.1" 404 27 "-" "-"
20.166.38.178 - - [18/Feb/2026:00:36:52 +0800] "GET /wp-content/themes/about.php HTTP/1.1" 404 27 "-" "-"
20.166.38.178 - - [18/Feb/2026:00:36:52 +0800] "GET /class-t.api.php HTTP/1.1" 404 27 "-" "-"
20.166.38.178 - - [18/Feb/2026:00:36:52 +0800] "GET /blurbs18.php HTTP/1.1" 404 27 "-" "-"
20.166.38.178 - - [18/Feb/2026:00:36:53 +0800] "GET /.well-known/gecko-litespeed.php HTTP/1.1" 404 27 "-" "-"
20.166.38.178 - - [18/Feb/2026:00:36:53 +0800] "GET /wp-admin/maint/about.php HTTP/1.1" 404 27 "-" "-"
20.166.38.178 - - [18/Feb/2026:00:36:53 +0800] "GET /wp-content/admin.php HTTP/1.1" 404 27 "-" "-"
20.166.38.178 - - [18/Feb/2026:00:36:54 +0800] "GET /wp-admin/setup-config.php HTTP/1.1" 409 2667 "-" "-"
20.166.38.178 - - [18/Feb/2026:00:36:54 +0800] "GET /wp-includes/ID3/about.php?p= HTTP/1.1" 404 27 "-" "-"
20.166.38.178 - - [18/Feb/2026:00:36:54 +0800] "GET /.well-known/admin.php HTTP/1.1" 404 27 "-" "-"
20.166.38.178 - - [18/Feb/2026:00:36:54 +0800] "GET /bless11.php HTTP/1.1" 404 27 "-" "-"
20.166.38.178 - - [18/Feb/2026:00:36:55 +0800] "GET /init.php HTTP/1.1" 404 27 "-" "-"
20.166.38.178 - - [18/Feb/2026:00:36:55 +0800] "GET /wp-content/plugins/pwnd/as.php HTTP/1.1" 404 27 "-" "-"
20.166.38.178 - - [18/Feb/2026:00:36:55 +0800] "GET /k.php HTTP/1.1" 404 27 "-" "-"
20.166.38.178 - - [18/Feb/2026:00:36:55 +0800] "GET /bless.php HTTP/1.1" 404 27 "-" "-"
20.166.38.178 - - [18/Feb/2026:00:36:56 +0800] "GET /X7x.php HTTP/1.1" 404 27 "-" "-"
20.166.38.178 - - [18/Feb/2026:00:36:56 +0800] "GET /166.php HTTP/1.1" 404 27 "-" "-"
20.166.38.178 - - [18/Feb/2026:00:36:56 +0800] "GET /plss3.php HTTP/1.1" 404 27 "-" "-"
20.166.38.178 - - [18/Feb/2026:00:36:57 +0800] "GET /wp-admin/user/about.php HTTP/1.1" 302 5 "-" "-"
20.166.38.178 - - [18/Feb/2026:00:36:58 +0800] "GET /wp-login.php?redirect_to=http%3A%2F%2Fcqqizhou.com%2Fwp-admin%2Fuser%2Fabout.php&reauth=1 HTTP/1.1" 200 9067 "-" "-"
20.166.38.178 - - [18/Feb/2026:00:36:59 +0800] "GET /admins.php HTTP/1.1" 404 27 "-" "-"
20.166.38.178 - - [18/Feb/2026:00:37:00 +0800] "GET /wp.php HTTP/1.1" 404 27 "-" "-"
20.166.38.178 - - [18/Feb/2026:00:37:00 +0800] "GET /main.php HTTP/1.1" 404 27 "-" "-"
20.166.38.178 - - [18/Feb/2026:00:37:00 +0800] "GET /a1.php HTTP/1.1" 404 27 "-" "-"
20.166.38.178 - - [18/Feb/2026:00:37:00 +0800] "GET /lala.php HTTP/1.1" 404 27 "-" "-"
20.166.38.178 - - [18/Feb/2026:00:37:01 +0800] "GET /aaa.php HTTP/1.1" 404 27 "-" "-"
20.166.38.178 - - [18/Feb/2026:00:37:01 +0800] "GET /a2.php HTTP/1.1" 404 27 "-" "-"
20.166.38.178 - - [18/Feb/2026:00:37:01 +0800] "GET /wp-includes/assets/index.php HTTP/1.1" 404 27 "-" "-"
20.166.38.178 - - [18/Feb/2026:00:37:02 +0800] "GET /admin/function.php HTTP/1.1" 404 27 "-" "-"
20.166.38.178 - - [18/Feb/2026:00:37:02 +0800] "GET /nyan.php HTTP/1.1" 404 27 "-" "-"
20.166.38.178 - - [18/Feb/2026:00:37:02 +0800] "GET /jsond.php HTTP/1.1" 404 27 "-" "-"
36.133.115.36 - - [18/Feb/2026:01:11:47 +0800] "POST /wp-cron.php?doing_wp_cron=1771348307.3535768985748291015625 HTTP/1.1" 200 31 "-" "WordPress/6.9; http://cqqizhou.com"
5.9.120.8 - - [18/Feb/2026:01:11:47 +0800] "GET /robots.txt HTTP/1.1" 200 190 "-" "Mozilla/5.0 (compatible; SERankingBacklinksBot/1.0; +https://seranking.com/backlinks-crawler)"
5.9.120.8 - - [18/Feb/2026:01:11:47 +0800] "GET / HTTP/1.1" 200 35253 "-" "Mozilla/5.0 (compatible; SERankingBacklinksBot/1.0; +https://seranking.com/backlinks-crawler)"
36.133.115.36 - - [18/Feb/2026:01:18:23 +0800] "POST /wp-cron.php?doing_wp_cron=1771348703.4008469581604003906250 HTTP/1.1" 200 31 "-" "WordPress/6.9; http://cqqizhou.com"
87.120.191.67 - - [18/Feb/2026:01:18:23 +0800] "POST / HTTP/1.1" 200 34808 "-" "Mozilla/5.0 (Windows NT 10.0; Win64; x64) AppleWebKit/537.36"
36.133.115.36 - - [18/Feb/2026:01:28:16 +0800] "POST /wp-cron.php?doing_wp_cron=1771349296.8205349445343017578125 HTTP/1.1" 200 31 "-" "WordPress/6.9; http://cqqizhou.com"
115.159.33.43 - - [18/Feb/2026:01:28:16 +0800] "GET / HTTP/1.1" 301 5 "-" "Mozilla/5.0 (Windows NT 10.0; Win64; x64) AppleWebKit/537.36 (KHTML, like Gecko) Chrome/79.0.3945.117 Safari/537.36"
36.133.115.36 - - [18/Feb/2026:01:35:34 +0800] "POST /wp-cron.php?doing_wp_cron=1771349734.8283200263977050781250 HTTP/1.1" 200 31 "-" "WordPress/6.9; http://cqqizhou.com"
89.42.231.200 - - [18/Feb/2026:01:35:35 +0800] "GET / HTTP/1.1" 200 157069 "-" "-"
36.133.115.36 - - [18/Feb/2026:01:49:17 +0800] "POST /wp-cron.php?doing_wp_cron=1771350557.7234609127044677734375 HTTP/1.1" 200 31 "-" "WordPress/6.9; http://cqqizhou.com"
43.167.236.228 - - [18/Feb/2026:01:49:17 +0800] "GET / HTTP/1.1" 200 34808 "-" "Mozilla/5.0 (iPhone; CPU iPhone OS 13_2_3 like Mac OS X) AppleWebKit/605.1.15 (KHTML, like Gecko) Version/13.0.3 Mobile/15E148 Safari/604.1"
36.133.115.36 - - [18/Feb/2026:02:03:38 +0800] "POST /wp-cron.php?doing_wp_cron=1771351418.3775839805603027343750 HTTP/1.1" 200 31 "-" "WordPress/6.9; http://cqqizhou.com"
91.224.92.177 - - [18/Feb/2026:02:03:38 +0800] "POST / HTTP/1.1" 200 34808 "-" "Mozilla/5.0"
36.133.115.36 - - [18/Feb/2026:02:22:56 +0800] "POST /wp-cron.php?doing_wp_cron=1771352576.3006420135498046875000 HTTP/1.1" 200 31 "-" "WordPress/6.9; http://cqqizhou.com"
40.77.167.70 - - [18/Feb/2026:02:22:56 +0800] "GET /sitemap.txt HTTP/1.1" 200 25768 "-" "Mozilla/5.0 AppleWebKit/537.36 (KHTML, like Gecko; compatible; bingbot/2.0; +http://www.bing.com/bingbot.htm) Chrome/116.0.1938.76 Safari/537.36"
36.133.115.36 - - [18/Feb/2026:02:32:29 +0800] "POST /wp-cron.php?doing_wp_cron=1771353149.1562230587005615234375 HTTP/1.1" 200 31 "-" "WordPress/6.9; http://cqqizhou.com"
106.54.62.156 - - [18/Feb/2026:02:32:29 +0800] "GET / HTTP/1.1" 301 5 "-" "Mozilla/5.0 (iPhone; CPU iPhone OS 13_2_3 like Mac OS X) AppleWebKit/605.1.15 (KHTML, like Gecko) Version/13.0.3 Mobile/15E148 Safari/604.1"
106.54.62.156 - - [18/Feb/2026:02:32:31 +0800] "GET / HTTP/1.1" 200 34808 "http://www.cqqizhou.com" "Mozilla/5.0 (iPhone; CPU iPhone OS 13_2_3 like Mac OS X) AppleWebKit/605.1.15 (KHTML, like Gecko) Version/13.0.3 Mobile/15E148 Safari/604.1"
36.133.115.36 - - [18/Feb/2026:02:44:52 +0800] "POST /wp-cron.php?doing_wp_cron=1771353892.4985799789428710937500 HTTP/1.1" 200 31 "-" "WordPress/6.9; http://cqqizhou.com"
66.249.73.231 - - [18/Feb/2026:02:44:52 +0800] "GET /2464/ HTTP/1.1" 301 5 "-" "Mozilla/5.0 (Linux; Android 6.0.1; Nexus 5X Build/MMB29P) AppleWebKit/537.36 (KHTML, like Gecko) Chrome/144.0.7559.132 Mobile Safari/537.36 (compatible; Googlebot/2.1; +http://www.google.com/bot.html)"
66.249.73.230 - - [18/Feb/2026:02:44:53 +0800] "GET /news/2464 HTTP/1.1" 200 19592 "-" "Mozilla/5.0 (Linux; Android 6.0.1; Nexus 5X Build/MMB29P) AppleWebKit/537.36 (KHTML, like Gecko) Chrome/144.0.7559.132 Mobile Safari/537.36 (compatible; Googlebot/2.1; +http://www.google.com/bot.html)"
36.133.115.36 - - [18/Feb/2026:02:53:18 +0800] "POST /wp-cron.php?doing_wp_cron=1771354398.8767800331115722656250 HTTP/1.1" 200 31 "-" "WordPress/6.9; http://cqqizhou.com"
87.120.191.67 - - [18/Feb/2026:02:53:19 +0800] "POST / HTTP/1.1" 200 34808 "-" "Mozilla/5.0 (Windows NT 10.0; Win64; x64) AppleWebKit/537.36"
36.133.115.36 - - [18/Feb/2026:03:06:24 +0800] "POST /wp-cron.php?doing_wp_cron=1771355184.7691071033477783203125 HTTP/1.1" 200 31 "-" "WordPress/6.9; http://cqqizhou.com"
170.106.113.159 - - [18/Feb/2026:03:06:24 +0800] "GET / HTTP/1.1" 301 5 "-" "Mozilla/5.0 (iPhone; CPU iPhone OS 13_2_3 like Mac OS X) AppleWebKit/605.1.15 (KHTML, like Gecko) Version/13.0.3 Mobile/15E148 Safari/604.1"
170.106.113.159 - - [18/Feb/2026:03:06:27 +0800] "GET / HTTP/1.1" 200 34808 "http://www.cqqizhou.com" "Mozilla/5.0 (iPhone; CPU iPhone OS 13_2_3 like Mac OS X) AppleWebKit/605.1.15 (KHTML, like Gecko) Version/13.0.3 Mobile/15E148 Safari/604.1"
36.133.115.36 - - [18/Feb/2026:03:07:28 +0800] "POST /wp-cron.php?doing_wp_cron=1771355248.6499381065368652343750 HTTP/1.1" 200 31 "-" "WordPress/6.9; http://cqqizhou.com"
176.65.132.94 - - [18/Feb/2026:03:07:29 +0800] "POST / HTTP/1.1" 200 34808 "-" "Mozilla/5.0 (Windows NT 10.0; Win64; x64) AppleWebKit/537.36"
36.133.115.36 - - [18/Feb/2026:03:10:57 +0800] "POST /wp-cron.php?doing_wp_cron=1771355457.0898358821868896484375 HTTP/1.1" 200 31 "-" "WordPress/6.9; http://cqqizhou.com"
66.249.73.232 - - [18/Feb/2026:03:10:57 +0800] "GET /media HTTP/1.1" 200 26065 "-" "Mozilla/5.0 (Linux; Android 6.0.1; Nexus 5X Build/MMB29P) AppleWebKit/537.36 (KHTML, like Gecko) Chrome/144.0.7559.132 Mobile Safari/537.36 (compatible; Googlebot/2.1; +http://www.google.com/bot.html)"
180.153.236.79 - - [18/Feb/2026:03:33:15 +0800] "GET / HTTP/1.1" 200 35253 "http://cqqizhou.com" "User-Agent:Mozilla/5.0 (Windows NT 10.0; Win64; x64) AppleWebKit/537.36 (KHTML, like Gecko) Chrome/140.0.0.0 Safari/537.36 Edg/140.0.0.0; 360Spider"
36.133.115.36 - - [18/Feb/2026:03:53:35 +0800] "POST /wp-cron.php?doing_wp_cron=1771358015.3764040470123291015625 HTTP/1.1" 200 31 "-" "WordPress/6.9; http://cqqizhou.com"
85.208.96.194 - - [18/Feb/2026:03:53:35 +0800] "GET /robots.txt HTTP/1.1" 200 190 "-" "Mozilla/5.0 (compatible; SemrushBot/7~bl; +http://www.semrush.com/bot.html)"
85.208.96.201 - - [18/Feb/2026:03:53:36 +0800] "GET /news/portfolio/hot-dip-galvanized-coil HTTP/1.1" 200 22420 "-" "Mozilla/5.0 (compatible; SemrushBot/7~bl; +http://www.semrush.com/bot.html)"
36.133.115.36 - - [18/Feb/2026:03:59:52 +0800] "POST /wp-cron.php?doing_wp_cron=1771358392.6251120567321777343750 HTTP/1.1" 200 31 "-" "WordPress/6.9; http://cqqizhou.com"
66.249.73.230 - - [18/Feb/2026:03:59:52 +0800] "GET /media/4/ HTTP/1.1" 301 5 "-" "Mozilla/5.0 (Linux; Android 6.0.1; Nexus 5X Build/MMB29P) AppleWebKit/537.36 (KHTML, like Gecko) Chrome/144.0.7559.132 Mobile Safari/537.36 (compatible; Googlebot/2.1; +http://www.google.com/bot.html)"
66.249.73.232 - - [18/Feb/2026:03:59:54 +0800] "GET /media/4 HTTP/1.1" 200 26083 "-" "Mozilla/5.0 (Linux; Android 6.0.1; Nexus 5X Build/MMB29P) AppleWebKit/537.36 (KHTML, like Gecko) Chrome/144.0.7559.132 Mobile Safari/537.36 (compatible; Googlebot/2.1; +http://www.google.com/bot.html)"
36.133.115.36 - - [18/Feb/2026:04:02:31 +0800] "POST /wp-cron.php?doing_wp_cron=1771358551.1144740581512451171875 HTTP/1.1" 200 31 "-" "WordPress/6.9; http://cqqizhou.com"
43.153.47.201 - - [18/Feb/2026:04:02:31 +0800] "GET / HTTP/1.1" 301 5 "-" "Mozilla/5.0 (iPhone; CPU iPhone OS 13_2_3 like Mac OS X) AppleWebKit/605.1.15 (KHTML, like Gecko) Version/13.0.3 Mobile/15E148 Safari/604.1"
43.153.47.201 - - [18/Feb/2026:04:02:34 +0800] "GET / HTTP/1.1" 200 34808 "http://36.133.115.36" "Mozilla/5.0 (iPhone; CPU iPhone OS 13_2_3 like Mac OS X) AppleWebKit/605.1.15 (KHTML, like Gecko) Version/13.0.3 Mobile/15E148 Safari/604.1"
36.133.115.36 - - [18/Feb/2026:04:08:29 +0800] "POST /wp-cron.php?doing_wp_cron=1771358909.7552819252014160156250 HTTP/1.1" 200 31 "-" "WordPress/6.9; http://cqqizhou.com"
36.133.108.125 - - [18/Feb/2026:04:08:29 +0800] "HEAD /hudson HTTP/1.1" 404 0 "-" "Mozilla/5.0 (Windows; U; Windows NT 6.1; ja-JP) AppleWebKit/533.20.25 (KHTML, like Gecko) Version/5.0.3 Safari/533.19.4"
36.133.115.36 - - [18/Feb/2026:04:15:23 +0800] "POST /wp-cron.php?doing_wp_cron=1771359323.0882670879364013671875 HTTP/1.1" 200 31 "-" "WordPress/6.9; http://cqqizhou.com"
89.42.231.200 - - [18/Feb/2026:04:15:23 +0800] "GET / HTTP/1.1" 200 157069 "-" "-"
36.133.115.36 - - [18/Feb/2026:04:25:56 +0800] "POST /wp-cron.php?doing_wp_cron=1771359956.8750259876251220703125 HTTP/1.1" 200 31 "-" "WordPress/6.9; http://cqqizhou.com"
66.249.73.232 - - [18/Feb/2026:04:25:56 +0800] "GET /services/ HTTP/1.1" 301 5 "-" "Mozilla/5.0 (Linux; Android 6.0.1; Nexus 5X Build/MMB29P) AppleWebKit/537.36 (KHTML, like Gecko) Chrome/144.0.7559.132 Mobile Safari/537.36 (compatible; Googlebot/2.1; +http://www.google.com/bot.html)"
66.249.73.231 - - [18/Feb/2026:04:25:58 +0800] "GET /services HTTP/1.1" 200 25875 "-" "Mozilla/5.0 (Linux; Android 6.0.1; Nexus 5X Build/MMB29P) AppleWebKit/537.36 (KHTML, like Gecko) Chrome/144.0.7559.132 Mobile Safari/537.36 (compatible; Googlebot/2.1; +http://www.google.com/bot.html)"
36.133.115.36 - - [18/Feb/2026:04:39:38 +0800] "POST /wp-cron.php?doing_wp_cron=1771360778.7337028980255126953125 HTTP/1.1" 200 31 "-" "WordPress/6.9; http://cqqizhou.com"
85.208.96.210 - - [18/Feb/2026:04:39:38 +0800] "GET /news/portfolio HTTP/1.1" 200 20687 "-" "Mozilla/5.0 (compatible; SemrushBot/7~bl; +http://www.semrush.com/bot.html)"
36.133.115.36 - - [18/Feb/2026:04:43:23 +0800] "POST /wp-cron.php?doing_wp_cron=1771361003.4301390647888183593750 HTTP/1.1" 200 31 "-" "WordPress/6.9; http://cqqizhou.com"
39.191.209.105 - - [18/Feb/2026:04:43:23 +0800] "GET http://liveali-mls.5club.cctv.cn/live/cctv3.m3u8?wsSecret=87fb4d56333e179f87d68087ac84a3f8&wsTime=1720702175&uid=1256384244 HTTP/1.1" 404 31365 "-" "ZTE/1.0.6"
39.191.209.105 - - [18/Feb/2026:04:43:23 +0800] "GET http://lives.cctv.cn/live/cctv3.m3u8?wsSecret=87fb4d56333e179f87d68087ac84a3f8&wsTime=1720702175&uid=1256384244 HTTP/1.1" 404 31365 "-" "ZTE/1.0.6"
39.191.209.105 - - [18/Feb/2026:04:43:23 +0800] "GET http://liveop.cctv.cn/live/cctv3.m3u8?wsSecret=87fb4d56333e179f87d68087ac84a3f8&wsTime=1720702175&uid=1256384244 HTTP/1.1" 404 31365 "-" "ZTE/1.0.6"
39.191.209.105 - - [18/Feb/2026:04:43:23 +0800] "GET http://livews-tpgq.cctv.cn/live/cctv3.m3u8?wsSecret=87fb4d56333e179f87d68087ac84a3f8&wsTime=1720702175&uid=1256384244 HTTP/1.1" 404 31365 "-" "ZTE/1.0.6"
39.191.209.105 - - [18/Feb/2026:04:43:24 +0800] "GET http://lives.5club.cctv.cn/live/cctv3.m3u8?wsSecret=87fb4d56333e179f87d68087ac84a3f8&wsTime=1720702175&uid=1256384244 HTTP/1.1" 404 31365 "-" "ZTE/1.0.6"
39.191.209.105 - - [18/Feb/2026:04:43:24 +0800] "GET http://liveali-tp4k.cctv.cn/live/cctv3.m3u8?wsSecret=87fb4d56333e179f87d68087ac84a3f8&wsTime=1720702175&uid=1256384244 HTTP/1.1" 404 31365 "-" "ZTE/1.0.6"
39.191.209.105 - - [18/Feb/2026:04:43:24 +0800] "GET http://livews-tp4k.cctv.cn/live/cctv3.m3u8?wsSecret=87fb4d56333e179f87d68087ac84a3f8&wsTime=1720702175&uid=1256384244 HTTP/1.1" 404 31365 "-" "ZTE/1.0.6"
39.191.209.105 - - [18/Feb/2026:04:43:24 +0800] "GET http://liveali.5club.cctv.cn/live/cctv3.m3u8?wsSecret=87fb4d56333e179f87d68087ac84a3f8&wsTime=1720702175&uid=1256384244 HTTP/1.1" 404 31365 "-" "ZTE/1.0.6"
39.191.209.105 - - [18/Feb/2026:04:43:24 +0800] "GET http://liveali-audiovivid.5club.cctv.cn/live/cctv3.m3u8?wsSecret=87fb4d56333e179f87d68087ac84a3f8&wsTime=1720702175&uid=1256384244 HTTP/1.1" 404 31365 "-" "ZTE/1.0.6"
39.191.209.105 - - [18/Feb/2026:04:43:24 +0800] "GET http://livealiop-child.cctv.cn/live/cctv3.m3u8?wsSecret=87fb4d56333e179f87d68087ac84a3f8&wsTime=1720702175&uid=1256384244 HTTP/1.1" 404 31365 "-" "ZTE/1.0.6"
39.191.209.105 - - [18/Feb/2026:04:43:24 +0800] "GET http://liveali-tpgq.cctv.cn/live/cctv3.m3u8?wsSecret=87fb4d56333e179f87d68087ac84a3f8&wsTime=1720702175&uid=1256384244 HTTP/1.1" 404 31365 "-" "ZTE/1.0.6"
39.191.209.105 - - [18/Feb/2026:04:43:24 +0800] "GET http://livechina.cctv.cn/live/cctv3.m3u8?wsSecret=87fb4d56333e179f87d68087ac84a3f8&wsTime=1720702175&uid=1256384244 HTTP/1.1" 404 31365 "-" "ZTE/1.0.6"
39.191.209.105 - - [18/Feb/2026:04:43:24 +0800] "GET http://livews-hls.5club.cctv.cn/live/cctv3.m3u8?wsSecret=87fb4d56333e179f87d68087ac84a3f8&wsTime=1720702175&uid=1256384244 HTTP/1.1" 404 31365 "-" "ZTE/1.0.6"
39.191.209.105 - - [18/Feb/2026:04:43:24 +0800] "GET http://news-sim-cap-matrix-live-play.5club.cctv.cn/live/cctv3.m3u8?wsSecret=87fb4d56333e179f87d68087ac84a3f8&wsTime=1720702175&uid=1256384244 HTTP/1.1" 404 31365 "-" "ZTE/1.0.6"
39.191.209.105 - - [18/Feb/2026:04:43:24 +0800] "GET http://liveten-tpgq.cctv.cn/live/cctv3.m3u8?wsSecret=87fb4d56333e179f87d68087ac84a3f8&wsTime=1720702175&uid=1256384244 HTTP/1.1" 404 31365 "-" "ZTE/1.0.6"
39.191.209.105 - - [18/Feb/2026:04:43:24 +0800] "GET http://news-sim-cms-z-live-play.5club.cctv.cn/live/cctv3.m3u8?wsSecret=87fb4d56333e179f87d68087ac84a3f8&wsTime=1720702175&uid=1256384244 HTTP/1.1" 404 31365 "-" "ZTE/1.0.6"
39.191.209.105 - - [18/Feb/2026:04:43:24 +0800] "GET http://livealiop-finance.cctv.cn/live/cctv3.m3u8?wsSecret=87fb4d56333e179f87d68087ac84a3f8&wsTime=1720702175&uid=1256384244 HTTP/1.1" 404 31365 "-" "ZTE/1.0.6"
39.191.209.105 - - [18/Feb/2026:04:43:24 +0800] "GET http://livews-hls.cctv.cn/live/cctv3.m3u8?wsSecret=87fb4d56333e179f87d68087ac84a3f8&wsTime=1720702175&uid=1256384244 HTTP/1.1" 404 31365 "-" "ZTE/1.0.6"
39.191.209.105 - - [18/Feb/2026:04:43:24 +0800] "GET http://live.cctv.cn/live/cctv3.m3u8?wsSecret=87fb4d56333e179f87d68087ac84a3f8&wsTime=1720702175&uid=1256384244 HTTP/1.1" 404 31365 "-" "ZTE/1.0.6"
39.191.209.105 - - [18/Feb/2026:04:43:24 +0800] "GET http://liveali-hls.5club.cctv.cn/live/cctv3.m3u8?wsSecret=87fb4d56333e179f87d68087ac84a3f8&wsTime=1720702175&uid=1256384244 HTTP/1.1" 404 31365 "-" "ZTE/1.0.6"
39.191.209.105 - - [18/Feb/2026:04:43:24 +0800] "GET http://liveten-hls.5club.cctv.cn/live/cctv3.m3u8?wsSecret=87fb4d56333e179f87d68087ac84a3f8&wsTime=1720702175&uid=1256384244 HTTP/1.1" 404 31365 "-" "ZTE/1.0.6"
39.191.209.105 - - [18/Feb/2026:04:43:24 +0800] "GET http://live.5club.cctv.cn/live/cctv3.m3u8?wsSecret=87fb4d56333e179f87d68087ac84a3f8&wsTime=1720702175&uid=1256384244 HTTP/1.1" 404 31365 "-" "ZTE/1.0.6"
39.191.209.105 - - [18/Feb/2026:04:43:24 +0800] "GET http://liveali-hls-finance.cctv.cn/live/cctv3.m3u8?wsSecret=87fb4d56333e179f87d68087ac84a3f8&wsTime=1720702175&uid=1256384244 HTTP/1.1" 404 31365 "-" "ZTE/1.0.6"
39.191.209.105 - - [18/Feb/2026:04:43:24 +0800] "GET http://news-sim-cap-matrix-live-push.5club.cctv.cn/live/cctv3.m3u8?wsSecret=87fb4d56333e179f87d68087ac84a3f8&wsTime=1720702175&uid=1256384244 HTTP/1.1" 404 31365 "-" "ZTE/1.0.6"
39.191.209.105 - - [18/Feb/2026:04:43:24 +0800] "GET http://livetenglobal-tcl.cctv.cn/live/cctv3.m3u8?wsSecret=87fb4d56333e179f87d68087ac84a3f8&wsTime=1720702175&uid=1256384244 HTTP/1.1" 404 31365 "-" "ZTE/1.0.6"
39.191.209.105 - - [18/Feb/2026:04:43:24 +0800] "GET http://livews-hls-finance.cctv.cn/live/cctv3.m3u8?wsSecret=87fb4d56333e179f87d68087ac84a3f8&wsTime=1720702175&uid=1256384244 HTTP/1.1" 404 31365 "-" "ZTE/1.0.6"
39.191.209.105 - - [18/Feb/2026:04:43:24 +0800] "GET http://liveali-tpsdr.cctv.cn/live/cctv3.m3u8?wsSecret=87fb4d56333e179f87d68087ac84a3f8&wsTime=1720702175&uid=1256384244 HTTP/1.1" 404 31365 "-" "ZTE/1.0.6"
39.191.209.105 - - [18/Feb/2026:04:43:24 +0800] "GET http://liveten-tp4k.cctv.cn/live/cctv3.m3u8?wsSecret=87fb4d56333e179f87d68087ac84a3f8&wsTime=1720702175&uid=1256384244 HTTP/1.1" 404 31365 "-" "ZTE/1.0.6"
87.120.191.67 - - [18/Feb/2026:04:43:47 +0800] "POST / HTTP/1.1" 200 34808 "-" "Mozilla/5.0 (Windows NT 10.0; Win64; x64) AppleWebKit/537.36"
36.133.115.36 - - [18/Feb/2026:04:45:22 +0800] "POST /wp-cron.php?doing_wp_cron=1771361122.7906661033630371093750 HTTP/1.1" 200 31 "-" "WordPress/6.9; http://cqqizhou.com"
147.182.158.149 - - [18/Feb/2026:04:45:22 +0800] "GET / HTTP/1.1" 301 5 "-" "Mozilla/5.0 (X11; Linux x86_64) AppleWebKit/537.36 (KHTML, like Gecko) Chrome/142.0.0.0 Safari/537.36"
36.133.115.36 - - [18/Feb/2026:05:01:02 +0800] "POST /wp-cron.php?doing_wp_cron=1771362061.9630041122436523437500 HTTP/1.1" 200 31 "-" "WordPress/6.9; http://cqqizhou.com"
85.208.96.201 - - [18/Feb/2026:05:01:02 +0800] "GET /robots.txt HTTP/1.1" 200 190 "-" "Mozilla/5.0 (compatible; SemrushBot/7~bl; +http://www.semrush.com/bot.html)"
85.208.96.195 - - [18/Feb/2026:05:03:22 +0800] "GET /news/2418 HTTP/1.1" 200 27446 "-" "Mozilla/5.0 (compatible; SemrushBot/7~bl; +http://www.semrush.com/bot.html)"
36.133.115.36 - - [18/Feb/2026:05:04:52 +0800] "POST /wp-cron.php?doing_wp_cron=1771362292.9470570087432861328125 HTTP/1.1" 200 31 "-" "WordPress/6.9; http://cqqizhou.com"
81.29.142.100 - - [18/Feb/2026:05:04:52 +0800] "GET / HTTP/1.1" 301 5 "-" "Mozilla/5.0 (Windows NT 6.1; Win64; x64) AppleWebKit/537.36 (KHTML, like Gecko) Chrome/88.0.4324.146 Safari/537.36"
36.133.115.36 - - [18/Feb/2026:05:11:35 +0800] "POST /wp-cron.php?doing_wp_cron=1771362695.0824320316314697265625 HTTP/1.1" 200 31 "-" "WordPress/6.9; http://cqqizhou.com"
195.26.253.224 - - [18/Feb/2026:05:11:35 +0800] "POST / HTTP/1.1" 200 34808 "-" "Mozilla/5.0 Assetnote/1.0"
36.133.115.36 - - [18/Feb/2026:05:14:30 +0800] "POST /wp-cron.php?doing_wp_cron=1771362870.0544979572296142578125 HTTP/1.1" 200 31 "-" "WordPress/6.9; http://cqqizhou.com"
117.215.51.235 - - [18/Feb/2026:05:14:35 +0800] "GET /boaform/admin/formLogin?username=admin&psd=admin HTTP/1.0" 404 31352 "-" "-"
85.208.96.195 - - [18/Feb/2026:05:16:58 +0800] "GET /news/2153 HTTP/1.1" 200 24415 "-" "Mozilla/5.0 (compatible; SemrushBot/7~bl; +http://www.semrush.com/bot.html)"
36.133.115.36 - - [18/Feb/2026:05:31:13 +0800] "POST /wp-cron.php?doing_wp_cron=1771363873.7855451107025146484375 HTTP/1.1" 200 31 "-" "WordPress/6.9; http://cqqizhou.com"
204.76.203.69 - - [18/Feb/2026:05:31:13 +0800] "GET / HTTP/1.1" 301 5 "-" "Mozilla/5.0 (Windows NT 10.0; Win64; x64) AppleWebKit/537.36 (KHTML, like Gecko) Chrome/90.0.4430.85 Safari/537.36 Edg/90.0.818.46"
36.133.115.36 - - [18/Feb/2026:05:41:03 +0800] "POST /wp-cron.php?doing_wp_cron=1771364463.4988911151885986328125 HTTP/1.1" 200 31 "-" "WordPress/6.9; http://cqqizhou.com"
66.249.73.231 - - [18/Feb/2026:05:41:03 +0800] "GET /industry HTTP/1.1" 200 19048 "-" "Mozilla/5.0 (Linux; Android 6.0.1; Nexus 5X Build/MMB29P) AppleWebKit/537.36 (KHTML, like Gecko) Chrome/144.0.7559.132 Mobile Safari/537.36 (compatible; Googlebot/2.1; +http://www.google.com/bot.html)"
40.77.167.143 - - [18/Feb/2026:05:41:06 +0800] "GET /contacts/ HTTP/1.1" 301 5 "-" "Mozilla/5.0 AppleWebKit/537.36 (KHTML, like Gecko; compatible; bingbot/2.0; +http://www.bing.com/bingbot.htm) Chrome/116.0.1938.76 Safari/537.36"
36.133.115.36 - - [18/Feb/2026:05:53:58 +0800] "POST /wp-cron.php?doing_wp_cron=1771365238.0289421081542968750000 HTTP/1.1" 200 31 "-" "WordPress/6.9; http://cqqizhou.com"
89.42.231.200 - - [18/Feb/2026:05:53:58 +0800] "GET / HTTP/1.1" 200 157069 "-" "-"
157.55.39.10 - - [18/Feb/2026:05:57:28 +0800] "GET /wp-content/uploads/2026/02/1770341652-2026251Article_images_W900%C3%97500px.webp HTTP/1.1" 200 43300 "-" "Mozilla/5.0 AppleWebKit/537.36 (KHTML, like Gecko; compatible; bingbot/2.0; +http://www.bing.com/bingbot.htm) Chrome/116.0.1938.76 Safari/537.36"
36.133.115.36 - - [18/Feb/2026:06:01:48 +0800] "POST /wp-cron.php?doing_wp_cron=1771365708.0691959857940673828125 HTTP/1.1" 200 31 "-" "WordPress/6.9; http://cqqizhou.com"
121.41.167.163 - - [18/Feb/2026:06:01:48 +0800] "GET / HTTP/1.0" 301 0 "-" "-"
121.41.167.163 - - [18/Feb/2026:06:01:58 +0800] "GET / HTTP/1.0" 301 0 "-" "-"
121.41.167.163 - - [18/Feb/2026:06:01:58 +0800] "GET /nmaplowercheck1771365710 HTTP/1.1" 404 31365 "-" "Mozilla/5.0 (compatible; Nmap Scripting Engine; https://nmap.org/book/nse.html)"
121.41.167.163 - - [18/Feb/2026:06:01:59 +0800] "POST /sdk HTTP/1.1" 404 31365 "-" "Mozilla/5.0 (compatible; Nmap Scripting Engine; https://nmap.org/book/nse.html)"
121.41.167.163 - - [18/Feb/2026:06:01:59 +0800] "GET /evox/about HTTP/1.1" 404 31365 "-" "Mozilla/5.0 (compatible; Nmap Scripting Engine; https://nmap.org/book/nse.html)"
121.41.167.163 - - [18/Feb/2026:06:01:59 +0800] "GET /HNAP1 HTTP/1.1" 404 31365 "-" "Mozilla/5.0 (compatible; Nmap Scripting Engine; https://nmap.org/book/nse.html)"
36.133.115.36 - - [18/Feb/2026:06:02:19 +0800] "POST /wp-cron.php?doing_wp_cron=1771365739.0719699859619140625000 HTTP/1.1" 200 31 "-" "WordPress/6.9; http://cqqizhou.com"
121.41.167.163 - - [18/Feb/2026:06:02:19 +0800] "GET / HTTP/1.0" 301 0 "-" "-"
121.41.167.163 - - [18/Feb/2026:06:02:19 +0800] "GET / HTTP/1.1" 301 5 "-" "-"
36.133.115.36 - - [18/Feb/2026:06:11:11 +0800] "POST /wp-cron.php?doing_wp_cron=1771366271.2090709209442138671875 HTTP/1.1" 200 31 "-" "WordPress/6.9; http://cqqizhou.com"
204.76.203.69 - - [18/Feb/2026:06:11:11 +0800] "GET / HTTP/1.1" 200 157069 "-" "-"
36.133.115.36 - - [18/Feb/2026:06:22:45 +0800] "POST /wp-cron.php?doing_wp_cron=1771366965.8461349010467529296875 HTTP/1.1" 200 31 "-" "WordPress/6.9; http://cqqizhou.com"
40.76.124.166 - - [18/Feb/2026:06:22:45 +0800] "GET /developmentserver/metadatauploader HTTP/1.1" 404 8950 "-" "Mozilla/5.0 zgrab/0.x"
36.133.115.36 - - [18/Feb/2026:06:26:07 +0800] "POST /wp-cron.php?doing_wp_cron=1771367167.0270929336547851562500 HTTP/1.1" 200 31 "-" "WordPress/6.9; http://cqqizhou.com"
87.120.191.67 - - [18/Feb/2026:06:26:07 +0800] "POST / HTTP/1.1" 200 34807 "-" "Mozilla/5.0 (Windows NT 10.0; Win64; x64) AppleWebKit/537.36"
36.133.115.36 - - [18/Feb/2026:06:28:16 +0800] "POST /wp-cron.php?doing_wp_cron=1771367296.1517488956451416015625 HTTP/1.1" 200 31 "-" "WordPress/6.9; http://cqqizhou.com"
101.32.15.141 - - [18/Feb/2026:06:28:16 +0800] "GET / HTTP/1.1" 200 34808 "-" "Mozilla/5.0 (iPhone; CPU iPhone OS 13_2_3 like Mac OS X) AppleWebKit/605.1.15 (KHTML, like Gecko) Version/13.0.3 Mobile/15E148 Safari/604.1"
101.251.219.13 - - [18/Feb/2026:06:28:33 +0800] "POST /wsman HTTP/1.1" 404 31365 "-" "Microsoft WinRM Client"
101.251.219.13 - - [18/Feb/2026:06:28:37 +0800] "POST /wsman HTTP/1.1" 404 31365 "-" "Microsoft WinRM Client"
36.133.115.36 - - [18/Feb/2026:06:31:52 +0800] "POST /wp-cron.php?doing_wp_cron=1771367512.4814989566802978515625 HTTP/1.1" 200 31 "-" "WordPress/6.9; http://cqqizhou.com"
220.181.108.83 - - [18/Feb/2026:06:31:52 +0800] "GET /wp-content/uploads/2025/07/1753456770-%C8%C8%B6%C6%D0%BF%BE%EDproduct_Single600.webp HTTP/1.1" 404 31365 "-" "Mozilla/5.0 (compatible; Baiduspider/2.0; +http://www.baidu.com/search/spider.html)"
220.181.108.81 - - [18/Feb/2026:06:31:52 +0800] "GET /wp-content/uploads/2025/07/1753453127-%D3%E0%BE%EDproduct_Single600%A1%C1284.webp HTTP/1.1" 404 31365 "-" "Mozilla/5.0 (compatible; Baiduspider/2.0; +http://www.baidu.com/search/spider.html)"
220.181.108.176 - - [18/Feb/2026:06:31:53 +0800] "GET /wp-content/uploads/2025/07/1753453096-%CB%AB%CF%E0%B8%D6product_Single600%A1%C1284.webp HTTP/1.1" 404 31365 "-" "Mozilla/5.0 (compatible; Baiduspider/2.0; +http://www.baidu.com/search/spider.html)"
220.181.108.112 - - [18/Feb/2026:06:31:54 +0800] "GET /wp-content/uploads/2025/07/1753456723-%CB%AB%CF%E0%B8%D6roduct_Single600.webp HTTP/1.1" 404 31365 "-" "Mozilla/5.0 (compatible; Baiduspider/2.0; +http://www.baidu.com/search/spider.html)"
36.133.115.36 - - [18/Feb/2026:06:32:08 +0800] "POST /wp-cron.php?doing_wp_cron=1771367528.2168710231781005859375 HTTP/1.1" 200 31 "-" "WordPress/6.9; http://cqqizhou.com"
220.181.51.120 - - [18/Feb/2026:06:32:08 +0800] "GET /robots.txt HTTP/1.1" 200 190 "-" "Mozilla/5.0 (Windows NT 10.0; WOW64) AppleWebKit/537.36 (KHTML, like Gecko) Chrome/48.0.2564.116 Safari/537.36"
220.181.51.92 - - [18/Feb/2026:06:32:09 +0800] "GET /robots.txt HTTP/1.1" 200 190 "-" "Mozilla/5.0 (Windows NT 10.0; WOW64) AppleWebKit/537.36 (KHTML, like Gecko) Chrome/48.0.2564.116 Safari/537.36"
185.191.171.6 - - [18/Feb/2026:06:47:39 +0800] "GET /news/2231 HTTP/1.1" 200 23702 "-" "Mozilla/5.0 (compatible; SemrushBot/7~bl; +http://www.semrush.com/bot.html)"
36.133.115.36 - - [18/Feb/2026:06:56:03 +0800] "POST /wp-cron.php?doing_wp_cron=1771368963.5055880546569824218750 HTTP/1.1" 200 31 "-" "WordPress/6.9; http://cqqizhou.com"
66.249.73.231 - - [18/Feb/2026:06:56:03 +0800] "GET /news/2361 HTTP/1.1" 200 21018 "-" "Mozilla/5.0 (Linux; Android 6.0.1; Nexus 5X Build/MMB29P) AppleWebKit/537.36 (KHTML, like Gecko) Chrome/144.0.7559.132 Mobile Safari/537.36 (compatible; Googlebot/2.1; +http://www.google.com/bot.html)"
36.133.115.36 - - [18/Feb/2026:07:06:04 +0800] "POST /wp-cron.php?doing_wp_cron=1771369564.2351689338684082031250 HTTP/1.1" 200 31 "-" "WordPress/6.9; http://cqqizhou.com"
185.191.171.10 - - [18/Feb/2026:07:06:04 +0800] "GET /media/4 HTTP/1.1" 200 26153 "-" "Mozilla/5.0 (compatible; SemrushBot/7~bl; +http://www.semrush.com/bot.html)"
36.133.115.36 - - [18/Feb/2026:07:16:50 +0800] "POST /wp-cron.php?doing_wp_cron=1771370210.1233210563659667968750 HTTP/1.1" 200 31 "-" "WordPress/6.9; http://cqqizhou.com"
176.65.148.66 - - [18/Feb/2026:07:16:50 +0800] "HEAD / HTTP/1.1" 200 0 "-" "Mozilla/5.0 (compatible; Let's Encrypt validation server; +https://www.letsencrypt.org  )"
176.65.148.66 - - [18/Feb/2026:07:16:52 +0800] "GET / HTTP/1.1" 200 157069 "-" "Mozilla/5.0 (compatible; Let's Encrypt validation server; +https://www.letsencrypt.org  )"
176.65.148.66 - - [18/Feb/2026:07:16:54 +0800] "HEAD /_next HTTP/1.1" 301 0 "-" "Mozilla/5.0 (compatible; Let's Encrypt validation server; +https://www.letsencrypt.org  )"
176.65.148.66 - - [18/Feb/2026:07:16:57 +0800] "POST / HTTP/1.1" 200 34807 "-" "Mozilla/5.0 (compatible; Let's Encrypt validation server; +https://www.letsencrypt.org  )"
176.65.148.66 - - [18/Feb/2026:07:17:00 +0800] "POST /_next HTTP/1.1" 404 8948 "-" "Mozilla/5.0 (compatible; Let's Encrypt validation server; +https://www.letsencrypt.org  )"
36.133.115.36 - - [18/Feb/2026:07:25:24 +0800] "POST /wp-cron.php?doing_wp_cron=1771370724.8755359649658203125000 HTTP/1.1" 200 31 "-" "WordPress/6.9; http://cqqizhou.com"
157.20.32.165 - - [18/Feb/2026:07:25:24 +0800] "GET / HTTP/1.1" 301 5 "-" "Mozilla/5.0 (Windows NT 10.0; Win64; x64) AppleWebKit/537.36"
157.20.32.165 - - [18/Feb/2026:07:25:32 +0800] "GET / HTTP/1.1" 200 35253 "-" "Mozilla/5.0 (Windows NT 10.0; Win64; x64) AppleWebKit/537.36"
157.20.32.165 - - [18/Feb/2026:07:25:36 +0800] "GET / HTTP/1.1" 301 5 "-" "Mozilla/5.0 (Windows NT 10.0; Win64; x64) AppleWebKit/537.36 (KHTML, like Gecko) Chrome/91.0.4472.124 Safari/537.36"
157.20.32.165 - - [18/Feb/2026:07:25:40 +0800] "GET / HTTP/1.1" 200 35253 "http://36.133.115.36" "Mozilla/5.0 (Windows NT 10.0; Win64; x64) AppleWebKit/537.36 (KHTML, like Gecko) Chrome/91.0.4472.124 Safari/537.36"
157.20.32.165 - - [18/Feb/2026:07:25:47 +0800] "GET / HTTP/1.1" 301 5 "-" "Mozilla/5.0"
157.20.32.165 - - [18/Feb/2026:07:25:51 +0800] "GET /?s=/Index/\x5Cthink\x5Capp/invokefunction&function=call_user_func_array&vars[0]=system&vars[1][]=printenv HTTP/1.1" 200 17406 "-" "Mozilla/5.0"
157.20.32.165 - - [18/Feb/2026:07:25:55 +0800] "GET /index.php/module/action/param1/$%7B@print%28env%29%7D HTTP/1.1" 301 5 "-" "Mozilla/5.0"
157.20.32.165 - - [18/Feb/2026:07:25:58 +0800] "GET /module/action/param1/%7B@print%28env HTTP/1.1" 404 8950 "http://36.133.115.36/index.php/module/action/param1/$%7B@print%28env%29%7D" "Mozilla/5.0"
157.20.32.165 - - [18/Feb/2026:07:26:02 +0800] "POST /_ignition/health-check HTTP/1.1" 404 8950 "-" "Mozilla/5.0"
157.20.32.165 - - [18/Feb/2026:07:26:06 +0800] "POST /_ignition/execute-solution HTTP/1.1" 404 8951 "-" "Mozilla/5.0"
36.133.115.36 - - [18/Feb/2026:07:26:08 +0800] "POST /wp-cron.php?doing_wp_cron=1771370768.5162639617919921875000 HTTP/1.1" 200 31 "-" "WordPress/6.9; http://cqqizhou.com"
157.20.32.165 - - [18/Feb/2026:07:26:08 +0800] "GET /__debug__/execute?cmd=printenv HTTP/1.1" 404 8950 "-" "Mozilla/5.0"
157.20.32.165 - - [18/Feb/2026:07:26:11 +0800] "GET /script HTTP/1.1" 404 8949 "-" "Mozilla/5.0"
157.20.32.165 - - [18/Feb/2026:07:26:15 +0800] "GET /actuator/env HTTP/1.1" 404 8950 "-" "Mozilla/5.0"
157.20.32.165 - - [18/Feb/2026:07:26:17 +0800] "GET /env HTTP/1.1" 404 8950 "-" "Mozilla/5.0"
157.20.32.165 - - [18/Feb/2026:07:26:20 +0800] "GET /v2/api-docs HTTP/1.1" 404 8948 "-" "Mozilla/5.0"
157.20.32.165 - - [18/Feb/2026:07:26:23 +0800] "GET /api-docs HTTP/1.1" 404 8950 "-" "Mozilla/5.0"
157.20.32.165 - - [18/Feb/2026:07:26:25 +0800] "GET /swagger.json HTTP/1.1" 404 8950 "-" "Mozilla/5.0"
157.20.32.165 - - [18/Feb/2026:07:26:27 +0800] "GET /swagger/v1/swagger.json HTTP/1.1" 404 8950 "-" "Mozilla/5.0"
36.133.115.36 - - [18/Feb/2026:07:27:34 +0800] "POST /wp-cron.php?doing_wp_cron=1771370854.8353109359741210937500 HTTP/1.1" 200 31 "-" "WordPress/6.9; http://cqqizhou.com"
176.65.132.94 - - [18/Feb/2026:07:27:38 +0800] "POST / HTTP/1.1" 200 34808 "-" "Mozilla/5.0 (Windows NT 10.0; Win64; x64) AppleWebKit/537.36"
36.133.115.36 - - [18/Feb/2026:07:32:14 +0800] "POST /wp-cron.php?doing_wp_cron=1771371134.8337550163269042968750 HTTP/1.1" 200 31 "-" "WordPress/6.9; http://cqqizhou.com"
85.208.96.201 - - [18/Feb/2026:07:32:14 +0800] "GET /media/5 HTTP/1.1" 200 26170 "-" "Mozilla/5.0 (compatible; SemrushBot/7~bl; +http://www.semrush.com/bot.html)"
185.191.171.9 - - [18/Feb/2026:07:36:41 +0800] "GET / HTTP/1.1" 200 35253 "-" "Mozilla/5.0 (compatible; SemrushBot/7~bl; +http://www.semrush.com/bot.html)"
36.133.115.36 - - [18/Feb/2026:07:38:09 +0800] "POST /wp-cron.php?doing_wp_cron=1771371489.0281820297241210937500 HTTP/1.1" 200 31 "-" "WordPress/6.9; http://cqqizhou.com"
43.166.253.94 - - [18/Feb/2026:07:38:09 +0800] "GET / HTTP/1.1" 200 34808 "-" "Mozilla/5.0 (iPhone; CPU iPhone OS 13_2_3 like Mac OS X) AppleWebKit/605.1.15 (KHTML, like Gecko) Version/13.0.3 Mobile/15E148 Safari/604.1"
36.133.115.36 - - [18/Feb/2026:07:45:02 +0800] "POST /wp-cron.php?doing_wp_cron=1771371902.7652320861816406250000 HTTP/1.1" 200 31 "-" "WordPress/6.9; http://cqqizhou.com"
87.120.191.67 - - [18/Feb/2026:07:45:03 +0800] "POST / HTTP/1.1" 200 34808 "-" "Mozilla/5.0 (Windows NT 10.0; Win64; x64) AppleWebKit/537.36"
36.133.115.36 - - [18/Feb/2026:07:55:12 +0800] "POST /wp-cron.php?doing_wp_cron=1771372512.5029149055480957031250 HTTP/1.1" 200 31 "-" "WordPress/6.9; http://cqqizhou.com"
185.191.171.1 - - [18/Feb/2026:07:55:12 +0800] "GET /robots.txt HTTP/1.1" 200 190 "-" "Mozilla/5.0 (compatible; SemrushBot/7~bl; +http://www.semrush.com/bot.html)"
85.208.96.196 - - [18/Feb/2026:07:55:13 +0800] "GET /media/2 HTTP/1.1" 200 26159 "-" "Mozilla/5.0 (compatible; SemrushBot/7~bl; +http://www.semrush.com/bot.html)"
36.133.115.36 - - [18/Feb/2026:07:57:26 +0800] "POST /wp-cron.php?doing_wp_cron=1771372646.8676359653472900390625 HTTP/1.1" 200 31 "-" "WordPress/6.9; http://cqqizhou.com"
47.96.94.40 - - [18/Feb/2026:07:57:26 +0800] "GET / HTTP/1.1" 301 5 "-" "Mozilla/5.0 (Windows NT 10.0; Win64; x64) AppleWebKit/537.36 (KHTML, like Gecko) Chrome/59.0.3071.115 Safari/537.36"
36.133.115.36 - - [18/Feb/2026:08:38:37 +0800] "POST /wp-cron.php?doing_wp_cron=1771375117.3996689319610595703125 HTTP/1.1" 200 31 "-" "WordPress/6.9; http://cqqizhou.com"
110.249.202.226 - - [18/Feb/2026:08:38:37 +0800] "GET /robots.txt HTTP/1.1" 200 190 "-" "Mozilla/5.0 (Linux; Android 5.0) AppleWebKit/537.36 (KHTML, like Gecko) Mobile Safari/537.36 (compatible; Bytespider; https://zhanzhang.toutiao.com/)"
36.133.115.36 - - [18/Feb/2026:08:40:57 +0800] "POST /wp-cron.php?doing_wp_cron=1771375257.2575509548187255859375 HTTP/1.1" 200 31 "-" "WordPress/6.9; http://cqqizhou.com"
66.249.73.230 - - [18/Feb/2026:08:40:57 +0800] "GET /news/2502 HTTP/1.1" 200 20642 "-" "Mozilla/5.0 (Linux; Android 6.0.1; Nexus 5X Build/MMB29P) AppleWebKit/537.36 (KHTML, like Gecko) Chrome/144.0.7559.132 Mobile Safari/537.36 (compatible; Googlebot/2.1; +http://www.google.com/bot.html)"
36.133.115.36 - - [18/Feb/2026:08:54:16 +0800] "POST /wp-cron.php?doing_wp_cron=1771376056.5806860923767089843750 HTTP/1.1" 200 31 "-" "WordPress/6.9; http://cqqizhou.com"
89.42.231.200 - - [18/Feb/2026:08:54:17 +0800] "GET / HTTP/1.1" 200 157069 "-" "-"
185.191.171.13 - - [18/Feb/2026:09:30:42 +0800] "GET /news/2164 HTTP/1.1" 200 23622 "-" "Mozilla/5.0 (compatible; SemrushBot/7~bl; +http://www.semrush.com/bot.html)"
36.133.115.36 - - [18/Feb/2026:09:32:21 +0800] "POST /wp-cron.php?doing_wp_cron=1771378341.5331549644470214843750 HTTP/1.1" 200 31 "-" "WordPress/6.9; http://cqqizhou.com"
85.208.96.212 - - [18/Feb/2026:09:32:21 +0800] "GET /2231/ HTTP/1.1" 301 5 "-" "Mozilla/5.0 (compatible; SemrushBot/7~bl; +http://www.semrush.com/bot.html)"
