104.248.162.188 - - [15/Feb/2026:11:14:20 +0800] "GET / HTTP/1.1" 200 35253 "-" "Mozilla/5.0 (X11; Linux x86_64) AppleWebKit/537.36 (KHTML, like Gecko) Chrome/142.0.0.0 Safari/537.36"
36.133.115.36 - - [15/Feb/2026:11:20:49 +0800] "POST /wp-cron.php?doing_wp_cron=1771125649.0936450958251953125000 HTTP/1.1" 200 31 "-" "WordPress/6.9; http://cqqizhou.com"
85.208.96.195 - - [15/Feb/2026:11:20:49 +0800] "GET /robots.txt HTTP/1.1" 200 190 "-" "Mozilla/5.0 (compatible; SemrushBot/7~bl; +http://www.semrush.com/bot.html)"
185.191.171.12 - - [15/Feb/2026:11:20:49 +0800] "GET /news/2388 HTTP/1.1" 200 24572 "-" "Mozilla/5.0 (compatible; SemrushBot/7~bl; +http://www.semrush.com/bot.html)"
36.133.115.36 - - [15/Feb/2026:11:24:28 +0800] "POST /wp-cron.php?doing_wp_cron=1771125868.4218249320983886718750 HTTP/1.1" 200 31 "-" "WordPress/6.9; http://cqqizhou.com"
46.101.183.82 - - [15/Feb/2026:11:24:28 +0800] "GET / HTTP/1.1" 301 5 "-" "Mozilla/5.0 (X11; Linux x86_64; rv:142.0) Gecko/20100101 Firefox/142.0"
36.133.115.36 - - [15/Feb/2026:11:29:36 +0800] "POST /wp-cron.php?doing_wp_cron=1771126176.5134670734405517578125 HTTP/1.1" 200 31 "-" "WordPress/6.9; http://cqqizhou.com"
141.76.94.12 - - [15/Feb/2026:11:29:36 +0800] "HEAD / HTTP/1.1" 301 0 "-" "Mozilla/5.0 (X11; Ubuntu; Linux x86_64; rv:114.0) Gecko/20100101 Firefox/114.0"
36.133.115.36 - - [15/Feb/2026:11:33:06 +0800] "POST /wp-cron.php?doing_wp_cron=1771126386.7232499122619628906250 HTTP/1.1" 200 31 "-" "WordPress/6.9; http://cqqizhou.com"
94.228.127.24 - - [15/Feb/2026:11:33:06 +0800] "POST /xmlrpc.php HTTP/1.1" 200 217 "-" "Mozilla/5.0 (Windows NT 10.0) AppleWebKit/537.36 (KHTML, like Gecko) Chrome/139.0.0.0 Safari/537.36 Edg/139.0.0.0"
36.133.115.36 - - [15/Feb/2026:11:38:21 +0800] "POST /wp-cron.php?doing_wp_cron=1771126701.9594779014587402343750 HTTP/1.1" 200 31 "-" "WordPress/6.9; http://cqqizhou.com"
87.120.191.67 - - [15/Feb/2026:11:38:22 +0800] "POST / HTTP/1.1" 200 34808 "-" "Mozilla/5.0 (Windows NT 10.0; Win64; x64) AppleWebKit/537.36"
36.133.115.36 - - [15/Feb/2026:11:45:20 +0800] "POST /wp-cron.php?doing_wp_cron=1771127120.2434461116790771484375 HTTP/1.1" 200 31 "-" "WordPress/6.9; http://cqqizhou.com"
221.200.154.225 - - [15/Feb/2026:11:45:20 +0800] "GET http://cqqizhou.com/portfolio-category/cold-rolled-coil/ HTTP/1.1" 404 8947 "-" "Mozilla/5.0 (Windows NT 10.0; Win64; x64) AppleWebKit/537.36 (KHTML, like Gecko) Chrome/116.0.0.0 Safari/537.36"
36.133.115.36 - - [15/Feb/2026:12:04:10 +0800] "POST /wp-cron.php?doing_wp_cron=1771128250.4875540733337402343750 HTTP/1.1" 200 31 "-" "WordPress/6.9; http://cqqizhou.com"
204.76.203.69 - - [15/Feb/2026:12:04:10 +0800] "GET / HTTP/1.1" 301 5 "-" "Mozilla/5.0 (Windows NT 10.0; Win64; x64) AppleWebKit/537.36 (KHTML, like Gecko) Chrome/90.0.4430.85 Safari/537.36 Edg/90.0.818.46"
36.133.115.36 - - [15/Feb/2026:12:13:49 +0800] "POST /wp-cron.php?doing_wp_cron=1771128829.0308940410614013671875 HTTP/1.1" 200 31 "-" "WordPress/6.9; http://cqqizhou.com"
43.156.202.34 - - [15/Feb/2026:12:13:49 +0800] "GET / HTTP/1.1" 200 34808 "-" "Mozilla/5.0 (iPhone; CPU iPhone OS 13_2_3 like Mac OS X) AppleWebKit/605.1.15 (KHTML, like Gecko) Version/13.0.3 Mobile/15E148 Safari/604.1"
36.133.115.36 - - [15/Feb/2026:12:17:34 +0800] "POST /wp-cron.php?doing_wp_cron=1771129054.7779080867767333984375 HTTP/1.1" 200 31 "-" "WordPress/6.9; http://cqqizhou.com"
193.142.146.230 - - [15/Feb/2026:12:17:34 +0800] "GET /login HTTP/1.1" 301 5 "-" "Go-http-client/1.1"
193.142.146.230 - - [15/Feb/2026:12:17:35 +0800] "GET /login HTTP/1.1" 302 5 "http://36.133.115.36:80/login" "Go-http-client/1.1"
193.142.146.230 - - [15/Feb/2026:12:17:36 +0800] "GET /wp-login.php HTTP/1.1" 200 2853 "http://36.133.115.36/login" "Go-http-client/1.1"
36.133.115.36 - - [15/Feb/2026:12:31:26 +0800] "POST /wp-cron.php?doing_wp_cron=1771129886.6407980918884277343750 HTTP/1.1" 200 31 "-" "WordPress/6.9; http://cqqizhou.com"
110.249.201.200 - - [15/Feb/2026:12:31:26 +0800] "GET /robots.txt HTTP/1.1" 200 190 "-" "Mozilla/5.0 (Linux; Android 5.0) AppleWebKit/537.36 (KHTML, like Gecko) Mobile Safari/537.36 (compatible; Bytespider; https://zhanzhang.toutiao.com/)"
36.133.115.36 - - [15/Feb/2026:12:35:25 +0800] "POST /wp-cron.php?doing_wp_cron=1771130125.9294099807739257812500 HTTP/1.1" 200 31 "-" "WordPress/6.9; http://cqqizhou.com"
157.245.6.105 - - [15/Feb/2026:12:35:25 +0800] "POST /xmlrpc.php HTTP/1.1" 200 217 "-" "Mozilla/5.0 (Windows NT 10.0; Win64; x64; rv:145.0) Gecko/20100101 Firefox/145.0"
36.133.115.36 - - [15/Feb/2026:12:36:31 +0800] "POST /wp-cron.php?doing_wp_cron=1771130191.1439819335937500000000 HTTP/1.1" 200 31 "-" "WordPress/6.9; http://cqqizhou.com"
204.76.203.18 - - [15/Feb/2026:12:36:31 +0800] "GET / HTTP/1.1" 200 157069 "-" "-"
204.76.203.18 - - [15/Feb/2026:12:36:35 +0800] "GET / HTTP/1.1" 200 157069 "-" "-"
204.76.203.18 - - [15/Feb/2026:12:36:41 +0800] "GET / HTTP/1.1" 200 157069 "-" "-"
204.76.203.18 - - [15/Feb/2026:12:36:45 +0800] "GET / HTTP/1.1" 200 157069 "-" "-"
204.76.203.18 - - [15/Feb/2026:12:36:49 +0800] "GET / HTTP/1.1" 200 157069 "-" "-"
36.133.115.36 - - [15/Feb/2026:12:41:59 +0800] "POST /wp-cron.php?doing_wp_cron=1771130519.9349260330200195312500 HTTP/1.1" 200 31 "-" "WordPress/6.9; http://cqqizhou.com"
45.153.34.187 - - [15/Feb/2026:12:42:09 +0800] "GET / HTTP/1.1" 200 157069 "-" "Mozilla/5.0"
85.208.96.198 - - [15/Feb/2026:12:44:08 +0800] "GET /news/2354 HTTP/1.1" 200 24468 "-" "Mozilla/5.0 (compatible; SemrushBot/7~bl; +http://www.semrush.com/bot.html)"
36.133.115.36 - - [15/Feb/2026:13:03:35 +0800] "POST /wp-cron.php?doing_wp_cron=1771131814.9602239131927490234375 HTTP/1.1" 200 31 "-" "WordPress/6.9; http://cqqizhou.com"
87.120.191.67 - - [15/Feb/2026:13:03:35 +0800] "POST / HTTP/1.1" 200 34808 "-" "Mozilla/5.0 (Windows NT 10.0; Win64; x64) AppleWebKit/537.36"
36.133.115.36 - - [15/Feb/2026:13:04:16 +0800] "POST /wp-cron.php?doing_wp_cron=1771131856.8549649715423583984375 HTTP/1.1" 200 31 "-" "WordPress/6.9; http://cqqizhou.com"
176.65.132.94 - - [15/Feb/2026:13:04:17 +0800] "POST / HTTP/1.1" 200 34808 "-" "Mozilla/5.0 (Windows NT 10.0; Win64; x64) AppleWebKit/537.36"
204.76.203.18 - - [15/Feb/2026:13:04:53 +0800] "GET /bins/ HTTP/1.1" 301 5 "-" "-"
36.133.115.36 - - [15/Feb/2026:13:34:31 +0800] "POST /wp-cron.php?doing_wp_cron=1771133671.3619260787963867187500 HTTP/1.1" 200 31 "-" "WordPress/6.9; http://cqqizhou.com"
45.153.34.187 - - [15/Feb/2026:13:34:31 +0800] "GET / HTTP/1.1" 200 157069 "-" "Mozilla/5.0"
36.133.115.36 - - [15/Feb/2026:14:04:06 +0800] "POST /wp-cron.php?doing_wp_cron=1771135446.4176828861236572265625 HTTP/1.1" 200 31 "-" "WordPress/6.9; http://cqqizhou.com"
43.153.54.14 - - [15/Feb/2026:14:04:06 +0800] "GET / HTTP/1.1" 200 34808 "-" "Mozilla/5.0 (iPhone; CPU iPhone OS 13_2_3 like Mac OS X) AppleWebKit/605.1.15 (KHTML, like Gecko) Version/13.0.3 Mobile/15E148 Safari/604.1"
36.143.212.220 - - [15/Feb/2026:14:04:55 +0800] "GET /contacts/ HTTP/1.1" 499 0 "-" "Mozilla/5.0 (Windows NT 10.0; Win64; x64) AppleWebKit/537.36 (KHTML, like Gecko) Chrome/136.0.0.0 Safari/537.36"
36.133.115.36 - - [15/Feb/2026:14:04:55 +0800] "POST /wp-cron.php?doing_wp_cron=1771135495.7243831157684326171875 HTTP/1.1" 200 31 "-" "WordPress/6.9; http://cqqizhou.com"
120.219.51.84 - - [15/Feb/2026:14:04:58 +0800] "GET /contacts/ HTTP/1.1" 301 5 "http://cqqizhou.com/contacts/" "Mozilla/5.0 (Windows NT 10.0; Win64; x64) AppleWebKit/537.36 (KHTML, like Gecko) Chrome/136.0.0.0 Safari/537.36"
120.219.51.84 - - [15/Feb/2026:14:04:59 +0800] "GET http://cqqizhou.com/contacts HTTP/1.1" 200 21637 "http://cqqizhou.com/contacts/" "Mozilla/5.0 (Windows NT 10.0; Win64; x64) AppleWebKit/537.36 (KHTML, like Gecko) Chrome/136.0.0.0 Safari/537.36"
36.133.115.36 - - [15/Feb/2026:14:05:29 +0800] "POST /wp-cron.php?doing_wp_cron=1771135529.8694560527801513671875 HTTP/1.1" 200 31 "-" "WordPress/6.9; http://cqqizhou.com"
185.191.171.1 - - [15/Feb/2026:14:05:29 +0800] "GET /robots.txt HTTP/1.1" 200 190 "-" "Mozilla/5.0 (compatible; SemrushBot/7~bl; +http://www.semrush.com/bot.html)"
36.133.115.36 - - [15/Feb/2026:14:08:33 +0800] "POST /wp-cron.php?doing_wp_cron=1771135713.7597949504852294921875 HTTP/1.1" 200 31 "-" "WordPress/6.9; http://cqqizhou.com"
104.192.2.62 - - [15/Feb/2026:14:08:33 +0800] "GET /.git/config HTTP/1.1" 404 8949 "-" "Mozilla/5.0 (Macintosh; Intel Mac OS X 10_13_6) AppleWebKit/608.2.11 (KHTML, like Gecko) Version/13 Safari/608.2.11"
185.191.171.16 - - [15/Feb/2026:14:08:38 +0800] "GET /bug HTTP/1.1" 200 12862 "-" "Mozilla/5.0 (compatible; SemrushBot/7~bl; +http://www.semrush.com/bot.html)"
36.133.115.36 - - [15/Feb/2026:14:23:55 +0800] "POST /wp-cron.php?doing_wp_cron=1771136634.9937999248504638671875 HTTP/1.1" 200 31 "-" "WordPress/6.9; http://cqqizhou.com"
81.69.47.228 - - [15/Feb/2026:14:23:55 +0800] "GET / HTTP/1.1" 301 5 "-" "Go-http-client/1.1"
81.69.47.228 - - [15/Feb/2026:14:23:55 +0800] "GET / HTTP/1.1" 200 35253 "http://36.133.115.36" "Go-http-client/1.1"
36.133.115.36 - - [15/Feb/2026:14:31:11 +0800] "POST /wp-cron.php?doing_wp_cron=1771137071.6391499042510986328125 HTTP/1.1" 200 31 "-" "WordPress/6.9; http://cqqizhou.com"
45.153.34.187 - - [15/Feb/2026:14:31:12 +0800] "GET / HTTP/1.1" 200 157069 "-" "Mozilla/5.0"
36.133.115.36 - - [15/Feb/2026:14:34:20 +0800] "POST /wp-cron.php?doing_wp_cron=1771137260.0109899044036865234375 HTTP/1.1" 200 31 "-" "WordPress/6.9; http://cqqizhou.com"
87.120.191.67 - - [15/Feb/2026:14:34:21 +0800] "POST / HTTP/1.1" 200 34808 "-" "Mozilla/5.0 (Windows NT 10.0; Win64; x64) AppleWebKit/537.36"
36.133.115.36 - - [15/Feb/2026:14:43:47 +0800] "POST /wp-cron.php?doing_wp_cron=1771137827.6930611133575439453125 HTTP/1.1" 200 31 "-" "WordPress/6.9; http://cqqizhou.com"
49.51.253.83 - - [15/Feb/2026:14:43:47 +0800] "GET / HTTP/1.1" 301 5 "-" "Mozilla/5.0 (iPhone; CPU iPhone OS 13_2_3 like Mac OS X) AppleWebKit/605.1.15 (KHTML, like Gecko) Version/13.0.3 Mobile/15E148 Safari/604.1"
49.51.253.83 - - [15/Feb/2026:14:43:50 +0800] "GET / HTTP/1.1" 200 34808 "http://36.133.115.36" "Mozilla/5.0 (iPhone; CPU iPhone OS 13_2_3 like Mac OS X) AppleWebKit/605.1.15 (KHTML, like Gecko) Version/13.0.3 Mobile/15E148 Safari/604.1"
74.7.227.52 - - [15/Feb/2026:14:57:28 +0800] "GET / HTTP/1.1" 200 35253 "http://mail.mp3fresh.net" "Mozilla/5.0 AppleWebKit/537.36 (KHTML, like Gecko; compatible; GPTBot/1.3; +https://openai.com/gptbot)"
47.114.89.255 - - [15/Feb/2026:15:20:31 +0800] "GET /Addons/Webuploade/Style/server/preview.php HTTP/1.1" 404 47 "-" "Mozilla/5.0 (Windows NT 10.0; Win64; x64)"
47.114.89.255 - - [15/Feb/2026:15:20:31 +0800] "GET /Addons/Webuploade/Style/server/fileupload.php HTTP/1.1" 404 47 "-" "Mozilla/5.0 (Windows NT 10.0; Win64; x64)"
36.133.115.36 - - [15/Feb/2026:15:25:51 +0800] "POST /wp-cron.php?doing_wp_cron=1771140351.7637820243835449218750 HTTP/1.1" 200 31 "-" "WordPress/6.9; http://cqqizhou.com"
182.86.204.20 - - [15/Feb/2026:15:25:51 +0800] "GET /contacts/ HTTP/1.1" 301 5 "-" "Mozilla/5.0 (Windows NT 10.0; Win64; x64) AppleWebKit/537.36 (KHTML, like Gecko) Chrome/136.0.0.0 Safari/537.36"
182.86.204.20 - - [15/Feb/2026:15:25:52 +0800] "GET http://cqqizhou.com/contacts HTTP/1.1" 200 21637 "-" "Mozilla/5.0 (Windows NT 10.0; Win64; x64) AppleWebKit/537.36 (KHTML, like Gecko) Chrome/136.0.0.0 Safari/537.36"
47.99.78.223 - - [15/Feb/2026:15:29:30 +0800] "GET /Addons/CommonMore/Static/webuploader/server/preview.php HTTP/1.1" 404 47 "-" "Mozilla/5.0 (Windows NT 10.0; Win64; x64)"
47.99.78.223 - - [15/Feb/2026:15:29:30 +0800] "GET /Addons/CommonMore/Static/webuploader/server/fileupload.php HTTP/1.1" 404 47 "-" "Mozilla/5.0 (Windows NT 10.0; Win64; x64)"
36.133.115.36 - - [15/Feb/2026:15:45:12 +0800] "POST /wp-cron.php?doing_wp_cron=1771141512.4706370830535888671875 HTTP/1.1" 200 31 "-" "WordPress/6.9; http://cqqizhou.com"
20.115.90.214 - - [15/Feb/2026:15:45:12 +0800] "GET /developmentserver/metadatauploader HTTP/1.1" 404 8949 "-" "Mozilla/5.0 zgrab/0.x"
36.133.115.36 - - [15/Feb/2026:16:07:07 +0800] "POST /wp-cron.php?doing_wp_cron=1771142827.3240749835968017578125 HTTP/1.1" 200 31 "-" "WordPress/6.9; http://cqqizhou.com"
52.167.144.198 - - [15/Feb/2026:16:07:07 +0800] "GET /2440/ HTTP/1.1" 301 5 "-" "Mozilla/5.0 AppleWebKit/537.36 (KHTML, like Gecko; compatible; bingbot/2.0; +http://www.bing.com/bingbot.htm) Chrome/116.0.1938.76 Safari/537.36"
36.133.115.36 - - [15/Feb/2026:16:13:18 +0800] "POST /wp-cron.php?doing_wp_cron=1771143198.6746509075164794921875 HTTP/1.1" 200 31 "-" "WordPress/6.9; http://cqqizhou.com"
87.120.191.81 - - [15/Feb/2026:16:13:18 +0800] "GET /cgi-bin/luci/ HTTP/1.1" 404 31365 "-" "-"
36.133.115.36 - - [15/Feb/2026:16:14:39 +0800] "POST /wp-cron.php?doing_wp_cron=1771143279.9320480823516845703125 HTTP/1.1" 200 31 "-" "WordPress/6.9; http://cqqizhou.com"
85.208.96.201 - - [15/Feb/2026:16:14:39 +0800] "GET /robots.txt HTTP/1.1" 200 190 "-" "Mozilla/5.0 (compatible; SemrushBot/7~bl; +http://www.semrush.com/bot.html)"
185.191.171.14 - - [15/Feb/2026:16:14:40 +0800] "GET /news/2502 HTTP/1.1" 200 24663 "-" "Mozilla/5.0 (compatible; SemrushBot/7~bl; +http://www.semrush.com/bot.html)"
36.133.115.36 - - [15/Feb/2026:16:19:43 +0800] "POST /wp-cron.php?doing_wp_cron=1771143583.3662660121917724609375 HTTP/1.1" 200 31 "-" "WordPress/6.9; http://cqqizhou.com"
45.153.34.187 - - [15/Feb/2026:16:19:43 +0800] "GET / HTTP/1.1" 200 157069 "-" "Mozilla/5.0"
36.133.115.36 - - [15/Feb/2026:16:22:30 +0800] "POST /wp-cron.php?doing_wp_cron=1771143750.4780120849609375000000 HTTP/1.1" 200 31 "-" "WordPress/6.9; http://cqqizhou.com"
45.153.34.187 - - [15/Feb/2026:16:22:31 +0800] "GET / HTTP/1.1" 200 157069 "-" "Mozilla/5.0"
36.133.115.36 - - [15/Feb/2026:16:25:45 +0800] "POST /wp-cron.php?doing_wp_cron=1771143945.8837070465087890625000 HTTP/1.1" 200 31 "-" "WordPress/6.9; http://cqqizhou.com"
36.131.200.108 - - [15/Feb/2026:16:25:45 +0800] "GET /2162/ HTTP/1.1" 301 5 "-" "Mozilla/5.0 (Windows NT 10.0; Win64; x64) AppleWebKit/537.36 (KHTML, like Gecko) Chrome/139.0.0.0 Safari/537.36"
36.131.200.108 - - [15/Feb/2026:16:25:45 +0800] "GET /news/2162 HTTP/1.1" 200 25230 "-" "Mozilla/5.0 (Windows NT 10.0; Win64; x64) AppleWebKit/537.36 (KHTML, like Gecko) Chrome/139.0.0.0 Safari/537.36"
36.131.200.108 - - [15/Feb/2026:16:25:47 +0800] "POST /wp-admin/admin-ajax.php HTTP/1.1" 403 33 "http://cqqizhou.com/news/2162" "Mozilla/5.0 (Windows NT 10.0; Win64; x64) AppleWebKit/537.36 (KHTML, like Gecko) Chrome/139.0.0.0 Safari/537.36"
36.133.115.36 - - [15/Feb/2026:16:32:53 +0800] "POST /wp-cron.php?doing_wp_cron=1771144373.0275630950927734375000 HTTP/1.1" 200 31 "-" "WordPress/6.9; http://cqqizhou.com"
87.120.191.67 - - [15/Feb/2026:16:32:53 +0800] "POST / HTTP/1.1" 200 34808 "-" "Mozilla/5.0 (Windows NT 10.0; Win64; x64) AppleWebKit/537.36"
211.149.206.83 - - [15/Feb/2026:16:42:50 +0800] "GET /Addons/CommonMore/Static/duotu/webuploader/server/preview.php HTTP/1.1" 404 47 "-" "Mozilla/5.0 (Windows NT 10.0; Win64; x64)"
211.149.206.83 - - [15/Feb/2026:16:42:50 +0800] "GET /Addons/CommonMore/Static/duotu/webuploader/server/fileupload.php HTTP/1.1" 404 47 "-" "Mozilla/5.0 (Windows NT 10.0; Win64; x64)"
36.133.115.36 - - [15/Feb/2026:16:47:20 +0800] "POST /wp-cron.php?doing_wp_cron=1771145240.1279289722442626953125 HTTP/1.1" 200 31 "-" "WordPress/6.9; http://cqqizhou.com"
204.76.203.69 - - [15/Feb/2026:16:47:21 +0800] "GET / HTTP/1.1" 200 157069 "-" "-"
36.133.115.36 - - [15/Feb/2026:16:51:18 +0800] "POST /wp-cron.php?doing_wp_cron=1771145478.8800630569458007812500 HTTP/1.1" 200 31 "-" "WordPress/6.9; http://cqqizhou.com"
195.3.221.86 - - [15/Feb/2026:16:51:19 +0800] "GET / HTTP/1.1" 200 109842 "-" "-"
36.133.115.36 - - [15/Feb/2026:16:54:25 +0800] "POST /wp-cron.php?doing_wp_cron=1771145665.8909320831298828125000 HTTP/1.1" 200 31 "-" "WordPress/6.9; http://cqqizhou.com"
176.65.132.94 - - [15/Feb/2026:16:54:26 +0800] "POST / HTTP/1.1" 200 34808 "-" "Mozilla/5.0 (Windows NT 10.0; Win64; x64) AppleWebKit/537.36"
36.133.115.36 - - [15/Feb/2026:16:58:58 +0800] "POST /wp-cron.php?doing_wp_cron=1771145938.0217149257659912109375 HTTP/1.1" 200 31 "-" "WordPress/6.9; http://cqqizhou.com"
34.192.244.187 - - [15/Feb/2026:16:58:58 +0800] "GET / HTTP/1.1" 301 5 "-" "Mozilla/5.0 (Windows NT 10.0; Win64; x64) AppleWebKit/537.36 (KHTML, like Gecko) Chrome/76.0.3809.100 Safari/537.36"
34.192.244.187 - - [15/Feb/2026:16:58:59 +0800] "GET / HTTP/1.1" 200 35253 "-" "Mozilla/5.0 (Windows NT 10.0; Win64; x64) AppleWebKit/537.36 (KHTML, like Gecko) Chrome/76.0.3809.100 Safari/537.36"
36.133.115.36 - - [15/Feb/2026:17:08:33 +0800] "POST /wp-cron.php?doing_wp_cron=1771146513.1152000427246093750000 HTTP/1.1" 200 31 "-" "WordPress/6.9; http://cqqizhou.com"
195.3.221.86 - - [15/Feb/2026:17:08:33 +0800] "GET / HTTP/1.1" 200 34805 "-" "Mozilla/5.0 (Windows NT 10.0; Win64; x64; rv:143.0) Gecko/20100101 Firefox/143.0"
36.133.115.36 - - [15/Feb/2026:17:11:49 +0800] "POST /wp-cron.php?doing_wp_cron=1771146708.9786720275878906250000 HTTP/1.1" 200 31 "-" "WordPress/6.9; http://cqqizhou.com"
40.77.167.12 - - [15/Feb/2026:17:11:49 +0800] "GET /2231/ HTTP/1.1" 301 5 "-" "Mozilla/5.0 AppleWebKit/537.36 (KHTML, like Gecko; compatible; bingbot/2.0; +http://www.bing.com/bingbot.htm) Chrome/116.0.1938.76 Safari/537.36"
36.133.115.36 - - [15/Feb/2026:17:16:17 +0800] "POST /wp-cron.php?doing_wp_cron=1771146977.0794239044189453125000 HTTP/1.1" 200 31 "-" "WordPress/6.9; http://cqqizhou.com"
216.180.246.12 - - [15/Feb/2026:17:16:17 +0800] "GET / HTTP/1.0" 301 0 "-" "'Mozilla/5.0 (compatible; GenomeCrawlerd/1.0; +https://www.nokia.com/genomecrawler)'"
36.133.115.36 - - [15/Feb/2026:17:18:45 +0800] "POST /wp-cron.php?doing_wp_cron=1771147125.8111150264739990234375 HTTP/1.1" 200 31 "-" "WordPress/6.9; http://cqqizhou.com"
216.180.246.12 - - [15/Feb/2026:17:18:45 +0800] "GET / HTTP/1.1" 301 5 "-" "Mozilla/5.0 (compatible; GenomeCrawlerd/1.0; +https://www.nokia.com/genomecrawler)"
216.180.246.12 - - [15/Feb/2026:17:19:00 +0800] "GET / HTTP/1.1" 200 34808 "http://36.133.115.36/" "Mozilla/5.0 (compatible; GenomeCrawlerd/1.0; +https://www.nokia.com/genomecrawler)"
36.133.115.36 - - [15/Feb/2026:17:24:14 +0800] "POST /wp-cron.php?doing_wp_cron=1771147454.0173239707946777343750 HTTP/1.1" 200 31 "-" "WordPress/6.9; http://cqqizhou.com"
43.140.247.223 - - [15/Feb/2026:17:24:14 +0800] "GET / HTTP/1.1" 200 34808 "-" "Mozilla/5.0 (iPhone; CPU iPhone OS 13_2_3 like Mac OS X) AppleWebKit/605.1.15 (KHTML, like Gecko) Version/13.0.3 Mobile/15E148 Safari/604.1"
36.133.115.36 - - [15/Feb/2026:17:30:57 +0800] "POST /wp-cron.php?doing_wp_cron=1771147857.2760128974914550781250 HTTP/1.1" 200 31 "-" "WordPress/6.9; http://cqqizhou.com"
170.106.73.216 - - [15/Feb/2026:17:30:57 +0800] "GET / HTTP/1.1" 301 5 "-" "Mozilla/5.0 (iPhone; CPU iPhone OS 13_2_3 like Mac OS X) AppleWebKit/605.1.15 (KHTML, like Gecko) Version/13.0.3 Mobile/15E148 Safari/604.1"
170.106.73.216 - - [15/Feb/2026:17:30:59 +0800] "GET / HTTP/1.1" 200 34808 "http://www.cqqizhou.com" "Mozilla/5.0 (iPhone; CPU iPhone OS 13_2_3 like Mac OS X) AppleWebKit/605.1.15 (KHTML, like Gecko) Version/13.0.3 Mobile/15E148 Safari/604.1"
180.153.236.46 - - [15/Feb/2026:17:35:18 +0800] "GET / HTTP/1.1" 200 35253 "http://cqqizhou.com/" "User-Agent:Mozilla/5.0 (Windows NT 10.0; Win64; x64) AppleWebKit/537.36 (KHTML, like Gecko) Chrome/140.0.0.0 Safari/537.36 Edg/140.0.0.0; 360Spider"
36.133.115.36 - - [15/Feb/2026:17:52:18 +0800] "POST /wp-cron.php?doing_wp_cron=1771149138.8796639442443847656250 HTTP/1.1" 200 31 "-" "WordPress/6.9; http://cqqizhou.com"
85.208.96.194 - - [15/Feb/2026:17:52:18 +0800] "GET /robots.txt HTTP/1.1" 200 190 "-" "Mozilla/5.0 (compatible; SemrushBot/7~bl; +http://www.semrush.com/bot.html)"
36.133.115.36 - - [15/Feb/2026:17:53:24 +0800] "POST /wp-cron.php?doing_wp_cron=1771149204.2053420543670654296875 HTTP/1.1" 200 31 "-" "WordPress/6.9; http://cqqizhou.com"
45.153.34.187 - - [15/Feb/2026:17:53:24 +0800] "GET / HTTP/1.1" 200 157069 "-" "Mozilla/5.0"
36.133.115.36 - - [15/Feb/2026:18:00:14 +0800] "POST /wp-cron.php?doing_wp_cron=1771149614.9410090446472167968750 HTTP/1.1" 200 31 "-" "WordPress/6.9; http://cqqizhou.com"
204.76.203.18 - - [15/Feb/2026:18:00:14 +0800] "GET /bin/ HTTP/1.1" 301 5 "-" "-"
204.76.203.18 - - [15/Feb/2026:18:00:18 +0800] "GET /bin/ HTTP/1.1" 301 5 "-" "-"
204.76.203.18 - - [15/Feb/2026:18:00:21 +0800] "GET /bin/ HTTP/1.1" 301 5 "-" "-"
204.76.203.18 - - [15/Feb/2026:18:00:25 +0800] "GET /bin/ HTTP/1.1" 301 5 "-" "-"
36.133.115.36 - - [15/Feb/2026:18:03:13 +0800] "POST /wp-cron.php?doing_wp_cron=1771149793.7119529247283935546875 HTTP/1.1" 200 31 "-" "WordPress/6.9; http://cqqizhou.com"
87.120.191.67 - - [15/Feb/2026:18:03:14 +0800] "POST / HTTP/1.1" 200 34808 "-" "Mozilla/5.0 (Windows NT 10.0; Win64; x64) AppleWebKit/537.36"
198.244.240.200 - - [15/Feb/2026:18:04:07 +0800] "GET /robots.txt HTTP/1.1" 200 190 "-" "Mozilla/5.0 (compatible; AhrefsBot/7.0; +http://ahrefs.com/robot/)"
94.23.188.215 - - [15/Feb/2026:18:04:10 +0800] "GET / HTTP/1.1" 200 35253 "-" "Mozilla/5.0 (compatible; AhrefsBot/7.0; +http://ahrefs.com/robot/)"
36.133.115.36 - - [15/Feb/2026:18:18:31 +0800] "POST /wp-cron.php?doing_wp_cron=1771150711.0151228904724121093750 HTTP/1.1" 200 31 "-" "WordPress/6.9; http://cqqizhou.com"
43.135.130.202 - - [15/Feb/2026:18:18:31 +0800] "GET / HTTP/1.1" 200 34808 "-" "Mozilla/5.0 (iPhone; CPU iPhone OS 13_2_3 like Mac OS X) AppleWebKit/605.1.15 (KHTML, like Gecko) Version/13.0.3 Mobile/15E148 Safari/604.1"
36.133.115.36 - - [15/Feb/2026:18:22:45 +0800] "POST /wp-cron.php?doing_wp_cron=1771150965.6199059486389160156250 HTTP/1.1" 200 31 "-" "WordPress/6.9; http://cqqizhou.com"
204.76.203.18 - - [15/Feb/2026:18:22:45 +0800] "GET /backup/ HTTP/1.1" 301 5 "-" "-"
36.133.115.36 - - [15/Feb/2026:18:27:50 +0800] "POST /wp-cron.php?doing_wp_cron=1771151270.3829269409179687500000 HTTP/1.1" 200 31 "-" "WordPress/6.9; http://cqqizhou.com"
176.65.132.94 - - [15/Feb/2026:18:27:50 +0800] "POST / HTTP/1.1" 200 34807 "-" "Mozilla/5.0 (Windows NT 10.0; Win64; x64) AppleWebKit/537.36"
36.133.115.36 - - [15/Feb/2026:19:02:37 +0800] "POST /wp-cron.php?doing_wp_cron=1771153357.1049439907073974609375 HTTP/1.1" 200 31 "-" "WordPress/6.9; http://cqqizhou.com"
110.249.201.115 - - [15/Feb/2026:19:02:37 +0800] "GET /robots.txt HTTP/1.1" 200 190 "-" "Mozilla/5.0 (Linux; Android 5.0) AppleWebKit/537.36 (KHTML, like Gecko) Mobile Safari/537.36 (compatible; Bytespider; https://zhanzhang.toutiao.com/)"
36.133.115.36 - - [15/Feb/2026:19:03:43 +0800] "POST /wp-cron.php?doing_wp_cron=1771153423.6375200748443603515625 HTTP/1.1" 200 31 "-" "WordPress/6.9; http://cqqizhou.com"
37.8.13.125 - - [15/Feb/2026:19:03:43 +0800] "GET /.env HTTP/1.1" 404 8949 "-" "Mozilla/5.0 (X11; Linux x86_64) AppleWebKit/537.36 (KHTML, like Gecko) Chrome/81.0.4044.129 Safari/537.36"
37.8.13.125 - - [15/Feb/2026:19:03:46 +0800] "POST / HTTP/1.1" 200 34808 "-" "Mozilla/5.0 (X11; Linux x86_64) AppleWebKit/537.36 (KHTML, like Gecko) Chrome/81.0.4044.129 Safari/537.36"
36.133.115.36 - - [15/Feb/2026:19:09:46 +0800] "POST /wp-cron.php?doing_wp_cron=1771153786.4797298908233642578125 HTTP/1.1" 200 31 "-" "WordPress/6.9; http://cqqizhou.com"
185.191.171.14 - - [15/Feb/2026:19:09:46 +0800] "GET /robots.txt HTTP/1.1" 200 190 "-" "Mozilla/5.0 (compatible; SemrushBot/7~bl; +http://www.semrush.com/bot.html)"
36.133.115.36 - - [15/Feb/2026:19:23:30 +0800] "POST /wp-cron.php?doing_wp_cron=1771154610.7629148960113525390625 HTTP/1.1" 200 31 "-" "WordPress/6.9; http://cqqizhou.com"
45.153.34.187 - - [15/Feb/2026:19:23:31 +0800] "GET / HTTP/1.1" 200 157069 "-" "Mozilla/5.0"
36.133.115.36 - - [15/Feb/2026:19:46:51 +0800] "POST /wp-cron.php?doing_wp_cron=1771156011.2517299652099609375000 HTTP/1.1" 200 31 "-" "WordPress/6.9; http://cqqizhou.com"
87.120.191.67 - - [15/Feb/2026:19:46:56 +0800] "POST / HTTP/1.1" 200 34806 "-" "Mozilla/5.0 (Windows NT 10.0; Win64; x64) AppleWebKit/537.36"
36.133.115.36 - - [15/Feb/2026:19:56:53 +0800] "POST /wp-cron.php?doing_wp_cron=1771156613.9093019962310791015625 HTTP/1.1" 200 31 "-" "WordPress/6.9; http://cqqizhou.com"
204.76.203.69 - - [15/Feb/2026:19:56:53 +0800] "GET / HTTP/1.1" 301 5 "-" "Mozilla/5.0 (Windows NT 10.0; Win64; x64) AppleWebKit/537.36 (KHTML, like Gecko) Chrome/90.0.4430.85 Safari/537.36 Edg/90.0.818.46"
194.110.114.19 - - [15/Feb/2026:20:24:16 +0800] "GET /archivarix.cms.php HTTP/1.1" 404 47 "http://cqqizhou.com/archivarix.cms.php" "Mozilla/5.0 (platform; rv:geckoversion) Gecko/geckotrail Firefox/firefoxversion"
36.133.115.36 - - [15/Feb/2026:20:29:08 +0800] "POST /wp-cron.php?doing_wp_cron=1771158548.8729300498962402343750 HTTP/1.1" 200 31 "-" "WordPress/6.9; http://cqqizhou.com"
185.191.171.4 - - [15/Feb/2026:20:29:08 +0800] "GET /robots.txt HTTP/1.1" 200 190 "-" "Mozilla/5.0 (compatible; SemrushBot/7~bl; +http://www.semrush.com/bot.html)"
43.166.237.57 - - [15/Feb/2026:20:29:09 +0800] "GET / HTTP/1.1" 301 5 "-" "Mozilla/5.0 (iPhone; CPU iPhone OS 13_2_3 like Mac OS X) AppleWebKit/605.1.15 (KHTML, like Gecko) Version/13.0.3 Mobile/15E148 Safari/604.1"
43.166.237.57 - - [15/Feb/2026:20:29:11 +0800] "GET / HTTP/1.1" 200 34809 "http://36.133.115.36" "Mozilla/5.0 (iPhone; CPU iPhone OS 13_2_3 like Mac OS X) AppleWebKit/605.1.15 (KHTML, like Gecko) Version/13.0.3 Mobile/15E148 Safari/604.1"
85.208.96.205 - - [15/Feb/2026:20:29:12 +0800] "GET /2160/ HTTP/1.1" 301 5 "-" "Mozilla/5.0 (compatible; SemrushBot/7~bl; +http://www.semrush.com/bot.html)"
185.191.171.4 - - [15/Feb/2026:20:29:14 +0800] "GET /news/2160 HTTP/1.1" 200 29506 "-" "Mozilla/5.0 (compatible; SemrushBot/7~bl; +http://www.semrush.com/bot.html)"
36.133.115.36 - - [15/Feb/2026:20:35:19 +0800] "POST /wp-cron.php?doing_wp_cron=1771158919.7425088882446289062500 HTTP/1.1" 200 31 "-" "WordPress/6.9; http://cqqizhou.com"
45.153.34.187 - - [15/Feb/2026:20:35:20 +0800] "GET / HTTP/1.1" 200 157069 "-" "Mozilla/5.0"
36.133.115.36 - - [15/Feb/2026:20:45:05 +0800] "POST /wp-cron.php?doing_wp_cron=1771159505.4322829246520996093750 HTTP/1.1" 200 31 "-" "WordPress/6.9; http://cqqizhou.com"
43.133.69.37 - - [15/Feb/2026:20:45:05 +0800] "GET / HTTP/1.1" 200 34809 "-" "Mozilla/5.0 (iPhone; CPU iPhone OS 13_2_3 like Mac OS X) AppleWebKit/605.1.15 (KHTML, like Gecko) Version/13.0.3 Mobile/15E148 Safari/604.1"
193.32.126.230 - - [15/Feb/2026:21:04:47 +0800] "GET / HTTP/1.1" 200 158728 "-" "Mozilla/5.0 (Windows NT 10.0; Win64; x64) AppleWebKit/537.36 (KHTML, like Gecko) Chrome/95.0.4638.69 Safari/537.36"
193.32.126.230 - - [15/Feb/2026:21:04:48 +0800] "GET /wp-includes/ID3/license.txt HTTP/1.1" 200 1396 "-" "Mozilla/5.0 (Windows NT 10.0; Win64; x64) AppleWebKit/537.36 (KHTML, like Gecko) Chrome/95.0.4638.69 Safari/537.36"
36.133.115.36 - - [15/Feb/2026:21:04:50 +0800] "POST /wp-cron.php?doing_wp_cron=1771160690.1380770206451416015625 HTTP/1.1" 200 31 "-" "WordPress/6.9; http://cqqizhou.com"
193.32.126.230 - - [15/Feb/2026:21:04:50 +0800] "GET /feed/ HTTP/1.1" 301 5 "-" "Mozilla/5.0 (Windows NT 10.0; Win64; x64) AppleWebKit/537.36 (KHTML, like Gecko) Chrome/95.0.4638.69 Safari/537.36"
193.32.126.230 - - [15/Feb/2026:21:04:51 +0800] "GET /xmlrpc.php?rsd HTTP/1.1" 200 700 "-" "Mozilla/5.0 (Windows NT 10.0; Win64; x64) AppleWebKit/537.36 (KHTML, like Gecko) Chrome/95.0.4638.69 Safari/537.36"
193.32.126.230 - - [15/Feb/2026:21:04:56 +0800] "GET /?author=1 HTTP/1.1" 301 5 "-" "Mozilla/5.0 (Windows NT 10.0; Win64; x64) AppleWebKit/537.36 (KHTML, like Gecko) Chrome/95.0.4638.69 Safari/537.36"
193.32.126.230 - - [15/Feb/2026:21:04:57 +0800] "GET /?author=2 HTTP/1.1" 404 31365 "-" "Mozilla/5.0 (Windows NT 10.0; Win64; x64) AppleWebKit/537.36 (KHTML, like Gecko) Chrome/95.0.4638.69 Safari/537.36"
193.32.126.230 - - [15/Feb/2026:21:04:59 +0800] "GET /wp-json/wp/v2/users/ HTTP/1.1" 200 502 "-" "Mozilla/5.0 (Windows NT 10.0; Win64; x64) AppleWebKit/537.36 (KHTML, like Gecko) Chrome/95.0.4638.69 Safari/537.36"
193.32.126.230 - - [15/Feb/2026:21:05:01 +0800] "GET /wp-json/oembed/1.0/embed?url=http://cqqizhou.com HTTP/1.1" 200 2221 "-" "Mozilla/5.0 (Windows NT 10.0; Win64; x64) AppleWebKit/537.36 (KHTML, like Gecko) Chrome/95.0.4638.69 Safari/537.36"
193.32.126.230 - - [15/Feb/2026:21:05:02 +0800] "POST /xmlrpc.php HTTP/1.1" 200 415 "-" "Mozilla/5.0 (Windows NT 10.0; Win64; x64) AppleWebKit/537.36 (KHTML, like Gecko) Chrome/95.0.4638.69 Safari/537.36"
193.32.126.230 - - [15/Feb/2026:21:05:03 +0800] "POST /xmlrpc.php HTTP/1.1" 200 415 "-" "Mozilla/5.0 (Windows NT 10.0; Win64; x64) AppleWebKit/537.36 (KHTML, like Gecko) Chrome/95.0.4638.69 Safari/537.36"
193.32.126.230 - - [15/Feb/2026:21:05:04 +0800] "POST /xmlrpc.php HTTP/1.1" 200 415 "-" "Mozilla/5.0 (Windows NT 10.0; Win64; x64) AppleWebKit/537.36 (KHTML, like Gecko) Chrome/95.0.4638.69 Safari/537.36"
193.32.126.230 - - [15/Feb/2026:21:05:05 +0800] "POST /xmlrpc.php HTTP/1.1" 200 415 "-" "Mozilla/5.0 (Windows NT 10.0; Win64; x64) AppleWebKit/537.36 (KHTML, like Gecko) Chrome/95.0.4638.69 Safari/537.36"
193.32.126.230 - - [15/Feb/2026:21:05:06 +0800] "POST /xmlrpc.php HTTP/1.1" 200 415 "-" "Mozilla/5.0 (Windows NT 10.0; Win64; x64) AppleWebKit/537.36 (KHTML, like Gecko) Chrome/95.0.4638.69 Safari/537.36"
193.32.126.230 - - [15/Feb/2026:21:05:07 +0800] "POST /xmlrpc.php HTTP/1.1" 200 415 "-" "Mozilla/5.0 (Windows NT 10.0; Win64; x64) AppleWebKit/537.36 (KHTML, like Gecko) Chrome/95.0.4638.69 Safari/537.36"
36.133.115.36 - - [15/Feb/2026:21:05:08 +0800] "POST /wp-cron.php?doing_wp_cron=1771160708.7797799110412597656250 HTTP/1.1" 200 31 "-" "WordPress/6.9; http://cqqizhou.com"
193.32.126.230 - - [15/Feb/2026:21:05:08 +0800] "POST /xmlrpc.php HTTP/1.1" 200 415 "-" "Mozilla/5.0 (Windows NT 10.0; Win64; x64) AppleWebKit/537.36 (KHTML, like Gecko) Chrome/95.0.4638.69 Safari/537.36"
193.32.126.230 - - [15/Feb/2026:21:05:11 +0800] "POST /xmlrpc.php HTTP/1.1" 200 415 "-" "Mozilla/5.0 (Windows NT 10.0; Win64; x64) AppleWebKit/537.36 (KHTML, like Gecko) Chrome/95.0.4638.69 Safari/537.36"
193.32.126.230 - - [15/Feb/2026:21:05:23 +0800] "POST /xmlrpc.php HTTP/1.1" 200 415 "-" "Mozilla/5.0 (Windows NT 10.0; Win64; x64) AppleWebKit/537.36 (KHTML, like Gecko) Chrome/95.0.4638.69 Safari/537.36"
193.32.126.230 - - [15/Feb/2026:21:05:48 +0800] "POST /xmlrpc.php HTTP/1.1" 200 415 "-" "Mozilla/5.0 (Windows NT 10.0; Win64; x64) AppleWebKit/537.36 (KHTML, like Gecko) Chrome/95.0.4638.69 Safari/537.36"
193.32.126.230 - - [15/Feb/2026:21:05:49 +0800] "POST /xmlrpc.php HTTP/1.1" 200 415 "-" "Mozilla/5.0 (Windows NT 10.0; Win64; x64) AppleWebKit/537.36 (KHTML, like Gecko) Chrome/95.0.4638.69 Safari/537.36"
193.32.126.230 - - [15/Feb/2026:21:05:51 +0800] "POST /xmlrpc.php HTTP/1.1" 200 415 "-" "Mozilla/5.0 (Windows NT 10.0; Win64; x64) AppleWebKit/537.36 (KHTML, like Gecko) Chrome/95.0.4638.69 Safari/537.36"
193.32.126.230 - - [15/Feb/2026:21:05:52 +0800] "POST /xmlrpc.php HTTP/1.1" 200 415 "-" "Mozilla/5.0 (Windows NT 10.0; Win64; x64) AppleWebKit/537.36 (KHTML, like Gecko) Chrome/95.0.4638.69 Safari/537.36"
193.32.126.230 - - [15/Feb/2026:21:05:57 +0800] "POST /xmlrpc.php HTTP/1.1" 200 415 "-" "Mozilla/5.0 (Windows NT 10.0; Win64; x64) AppleWebKit/537.36 (KHTML, like Gecko) Chrome/95.0.4638.69 Safari/537.36"
193.32.126.230 - - [15/Feb/2026:21:05:57 +0800] "POST /xmlrpc.php HTTP/1.1" 200 415 "-" "Mozilla/5.0 (Windows NT 10.0; Win64; x64) AppleWebKit/537.36 (KHTML, like Gecko) Chrome/95.0.4638.69 Safari/537.36"
193.32.126.230 - - [15/Feb/2026:21:05:59 +0800] "POST /xmlrpc.php HTTP/1.1" 200 415 "-" "Mozilla/5.0 (Windows NT 10.0; Win64; x64) AppleWebKit/537.36 (KHTML, like Gecko) Chrome/95.0.4638.69 Safari/537.36"
193.32.126.230 - - [15/Feb/2026:21:06:03 +0800] "POST /xmlrpc.php HTTP/1.1" 200 415 "-" "Mozilla/5.0 (Windows NT 10.0; Win64; x64) AppleWebKit/537.36 (KHTML, like Gecko) Chrome/95.0.4638.69 Safari/537.36"
36.133.115.36 - - [15/Feb/2026:21:06:59 +0800] "POST /wp-cron.php?doing_wp_cron=1771160819.1870439052581787109375 HTTP/1.1" 200 31 "-" "WordPress/6.9; http://cqqizhou.com"
193.32.126.230 - - [15/Feb/2026:21:06:59 +0800] "POST /xmlrpc.php HTTP/1.1" 200 415 "-" "Mozilla/5.0 (Windows NT 10.0; Win64; x64) AppleWebKit/537.36 (KHTML, like Gecko) Chrome/95.0.4638.69 Safari/537.36"
193.32.126.230 - - [15/Feb/2026:21:07:00 +0800] "POST /xmlrpc.php HTTP/1.1" 200 415 "-" "Mozilla/5.0 (Windows NT 10.0; Win64; x64) AppleWebKit/537.36 (KHTML, like Gecko) Chrome/95.0.4638.69 Safari/537.36"
193.32.126.230 - - [15/Feb/2026:21:07:02 +0800] "POST /xmlrpc.php HTTP/1.1" 200 415 "-" "Mozilla/5.0 (Windows NT 10.0; Win64; x64) AppleWebKit/537.36 (KHTML, like Gecko) Chrome/95.0.4638.69 Safari/537.36"
193.32.126.230 - - [15/Feb/2026:21:07:03 +0800] "POST /xmlrpc.php HTTP/1.1" 200 415 "-" "Mozilla/5.0 (Windows NT 10.0; Win64; x64) AppleWebKit/537.36 (KHTML, like Gecko) Chrome/95.0.4638.69 Safari/537.36"
193.32.126.230 - - [15/Feb/2026:21:07:04 +0800] "POST /xmlrpc.php HTTP/1.1" 200 415 "-" "Mozilla/5.0 (Windows NT 10.0; Win64; x64) AppleWebKit/537.36 (KHTML, like Gecko) Chrome/95.0.4638.69 Safari/537.36"
193.32.126.230 - - [15/Feb/2026:21:07:06 +0800] "POST /xmlrpc.php HTTP/1.1" 200 415 "-" "Mozilla/5.0 (Windows NT 10.0; Win64; x64) AppleWebKit/537.36 (KHTML, like Gecko) Chrome/95.0.4638.69 Safari/537.36"
193.32.126.230 - - [15/Feb/2026:21:07:07 +0800] "POST /xmlrpc.php HTTP/1.1" 200 415 "-" "Mozilla/5.0 (Windows NT 10.0; Win64; x64) AppleWebKit/537.36 (KHTML, like Gecko) Chrome/95.0.4638.69 Safari/537.36"
36.133.115.36 - - [15/Feb/2026:21:07:09 +0800] "POST /wp-cron.php?doing_wp_cron=1771160829.6417260169982910156250 HTTP/1.1" 200 31 "-" "WordPress/6.9; http://cqqizhou.com"
193.32.126.230 - - [15/Feb/2026:21:07:09 +0800] "POST /xmlrpc.php HTTP/1.1" 200 415 "-" "Mozilla/5.0 (Windows NT 10.0; Win64; x64) AppleWebKit/537.36 (KHTML, like Gecko) Chrome/95.0.4638.69 Safari/537.36"
193.32.126.230 - - [15/Feb/2026:21:07:10 +0800] "POST /xmlrpc.php HTTP/1.1" 200 415 "-" "Mozilla/5.0 (Windows NT 10.0; Win64; x64) AppleWebKit/537.36 (KHTML, like Gecko) Chrome/95.0.4638.69 Safari/537.36"
193.32.126.230 - - [15/Feb/2026:21:07:12 +0800] "POST /xmlrpc.php HTTP/1.1" 200 415 "-" "Mozilla/5.0 (Windows NT 10.0; Win64; x64) AppleWebKit/537.36 (KHTML, like Gecko) Chrome/95.0.4638.69 Safari/537.36"
193.32.126.230 - - [15/Feb/2026:21:07:13 +0800] "POST /xmlrpc.php HTTP/1.1" 200 415 "-" "Mozilla/5.0 (Windows NT 10.0; Win64; x64) AppleWebKit/537.36 (KHTML, like Gecko) Chrome/95.0.4638.69 Safari/537.36"
193.32.126.230 - - [15/Feb/2026:21:07:14 +0800] "POST /xmlrpc.php HTTP/1.1" 200 415 "-" "Mozilla/5.0 (Windows NT 10.0; Win64; x64) AppleWebKit/537.36 (KHTML, like Gecko) Chrome/95.0.4638.69 Safari/537.36"
193.32.126.230 - - [15/Feb/2026:21:07:16 +0800] "POST /xmlrpc.php HTTP/1.1" 200 415 "-" "Mozilla/5.0 (Windows NT 10.0; Win64; x64) AppleWebKit/537.36 (KHTML, like Gecko) Chrome/95.0.4638.69 Safari/537.36"
193.32.126.230 - - [15/Feb/2026:21:07:18 +0800] "POST /xmlrpc.php HTTP/1.1" 200 415 "-" "Mozilla/5.0 (Windows NT 10.0; Win64; x64) AppleWebKit/537.36 (KHTML, like Gecko) Chrome/95.0.4638.69 Safari/537.36"
193.32.126.230 - - [15/Feb/2026:21:07:22 +0800] "POST /xmlrpc.php HTTP/1.1" 200 415 "-" "Mozilla/5.0 (Windows NT 10.0; Win64; x64) AppleWebKit/537.36 (KHTML, like Gecko) Chrome/95.0.4638.69 Safari/537.36"
36.133.115.36 - - [15/Feb/2026:21:08:09 +0800] "POST /wp-cron.php?doing_wp_cron=1771160889.1511020660400390625000 HTTP/1.1" 200 31 "-" "WordPress/6.9; http://cqqizhou.com"
193.32.126.230 - - [15/Feb/2026:21:08:09 +0800] "POST /xmlrpc.php HTTP/1.1" 200 415 "-" "Mozilla/5.0 (Windows NT 10.0; Win64; x64) AppleWebKit/537.36 (KHTML, like Gecko) Chrome/95.0.4638.69 Safari/537.36"
193.32.126.230 - - [15/Feb/2026:21:08:10 +0800] "POST /xmlrpc.php HTTP/1.1" 200 415 "-" "Mozilla/5.0 (Windows NT 10.0; Win64; x64) AppleWebKit/537.36 (KHTML, like Gecko) Chrome/95.0.4638.69 Safari/537.36"
193.32.126.230 - - [15/Feb/2026:21:08:12 +0800] "POST /xmlrpc.php HTTP/1.1" 200 415 "-" "Mozilla/5.0 (Windows NT 10.0; Win64; x64) AppleWebKit/537.36 (KHTML, like Gecko) Chrome/95.0.4638.69 Safari/537.36"
193.32.126.230 - - [15/Feb/2026:21:08:14 +0800] "POST /xmlrpc.php HTTP/1.1" 200 415 "-" "Mozilla/5.0 (Windows NT 10.0; Win64; x64) AppleWebKit/537.36 (KHTML, like Gecko) Chrome/95.0.4638.69 Safari/537.36"
193.32.126.230 - - [15/Feb/2026:21:08:15 +0800] "POST /xmlrpc.php HTTP/1.1" 200 415 "-" "Mozilla/5.0 (Windows NT 10.0; Win64; x64) AppleWebKit/537.36 (KHTML, like Gecko) Chrome/95.0.4638.69 Safari/537.36"
193.32.126.230 - - [15/Feb/2026:21:08:16 +0800] "POST /xmlrpc.php HTTP/1.1" 200 415 "-" "Mozilla/5.0 (Windows NT 10.0; Win64; x64) AppleWebKit/537.36 (KHTML, like Gecko) Chrome/95.0.4638.69 Safari/537.36"
193.32.126.230 - - [15/Feb/2026:21:08:18 +0800] "POST /xmlrpc.php HTTP/1.1" 200 415 "-" "Mozilla/5.0 (Windows NT 10.0; Win64; x64) AppleWebKit/537.36 (KHTML, like Gecko) Chrome/95.0.4638.69 Safari/537.36"
193.32.126.230 - - [15/Feb/2026:21:08:21 +0800] "POST /xmlrpc.php HTTP/1.1" 200 415 "-" "Mozilla/5.0 (Windows NT 10.0; Win64; x64) AppleWebKit/537.36 (KHTML, like Gecko) Chrome/95.0.4638.69 Safari/537.36"
193.32.126.230 - - [15/Feb/2026:21:08:22 +0800] "POST /xmlrpc.php HTTP/1.1" 200 415 "-" "Mozilla/5.0 (Windows NT 10.0; Win64; x64) AppleWebKit/537.36 (KHTML, like Gecko) Chrome/95.0.4638.69 Safari/537.36"
193.32.126.230 - - [15/Feb/2026:21:08:23 +0800] "POST /xmlrpc.php HTTP/1.1" 200 415 "-" "Mozilla/5.0 (Windows NT 10.0; Win64; x64) AppleWebKit/537.36 (KHTML, like Gecko) Chrome/95.0.4638.69 Safari/537.36"
193.32.126.230 - - [15/Feb/2026:21:08:26 +0800] "POST /xmlrpc.php HTTP/1.1" 200 415 "-" "Mozilla/5.0 (Windows NT 10.0; Win64; x64) AppleWebKit/537.36 (KHTML, like Gecko) Chrome/95.0.4638.69 Safari/537.36"
193.32.126.230 - - [15/Feb/2026:21:08:30 +0800] "POST /xmlrpc.php HTTP/1.1" 200 415 "-" "Mozilla/5.0 (Windows NT 10.0; Win64; x64) AppleWebKit/537.36 (KHTML, like Gecko) Chrome/95.0.4638.69 Safari/537.36"
36.133.115.36 - - [15/Feb/2026:21:23:58 +0800] "POST /wp-cron.php?doing_wp_cron=1771161838.2181439399719238281250 HTTP/1.1" 200 31 "-" "WordPress/6.9; http://cqqizhou.com"
116.179.32.151 - - [15/Feb/2026:21:23:58 +0800] "GET /2231/ HTTP/1.1" 301 5 "-" "Mozilla/5.0 (compatible; Baiduspider/2.0; +http://www.baidu.com/search/spider.html)"
116.179.32.35 - - [15/Feb/2026:21:23:58 +0800] "GET /2052/ HTTP/1.1" 301 5 "-" "Mozilla/5.0 (compatible; Baiduspider/2.0; +http://www.baidu.com/search/spider.html)"
116.179.32.16 - - [15/Feb/2026:21:23:58 +0800] "GET /news/2231 HTTP/1.1" 200 23702 "-" "Mozilla/5.0 (compatible; Baiduspider/2.0; +http://www.baidu.com/search/spider.html)"
116.179.32.143 - - [15/Feb/2026:21:23:58 +0800] "GET /news/2052 HTTP/1.1" 200 25725 "-" "Mozilla/5.0 (compatible; Baiduspider/2.0; +http://www.baidu.com/search/spider.html)"
36.133.115.36 - - [15/Feb/2026:21:25:35 +0800] "POST /wp-cron.php?doing_wp_cron=1771161935.3588368892669677734375 HTTP/1.1" 200 31 "-" "WordPress/6.9; http://cqqizhou.com"
195.178.110.241 - - [15/Feb/2026:21:25:35 +0800] "GET / HTTP/1.1" 200 157069 "-" "Mozilla/5.0"
36.133.115.36 - - [15/Feb/2026:21:35:14 +0800] "POST /wp-cron.php?doing_wp_cron=1771162514.4053800106048583984375 HTTP/1.1" 200 31 "-" "WordPress/6.9; http://cqqizhou.com"
61.132.217.130 - - [15/Feb/2026:21:35:14 +0800] "GET / HTTP/1.0" 301 0 "-" "-"
61.132.217.130 - - [15/Feb/2026:21:35:22 +0800] "HEAD / HTTP/1.1" 301 0 "-" "Mozilla/5.0(WindowsNT10.0;Win64;x64)AppleWebKit/537.36(KHTML,likeGecko)Chrome/86.0.4240.111Safari/537.36"
61.132.217.130 - - [15/Feb/2026:21:35:22 +0800] "GET / HTTP/1.0" 301 0 "-" "-"
61.132.217.130 - - [15/Feb/2026:21:35:22 +0800] "GET /nmaplowercheck1771162514 HTTP/1.1" 404 31365 "-" "Mozilla/5.0(WindowsNT10.0;Win64;x64)AppleWebKit/537.36(KHTML,likeGecko)Chrome/86.0.4240.111Safari/537.36"
61.132.217.130 - - [15/Feb/2026:21:35:22 +0800] "POST /sdk HTTP/1.1" 404 31365 "-" "Mozilla/5.0(WindowsNT10.0;Win64;x64)AppleWebKit/537.36(KHTML,likeGecko)Chrome/86.0.4240.111Safari/537.36"
61.132.217.130 - - [15/Feb/2026:21:35:23 +0800] "GET / HTTP/1.1" 301 5 "-" "Mozilla/5.0(WindowsNT10.0;Win64;x64)AppleWebKit/537.36(KHTML,likeGecko)Chrome/86.0.4240.111Safari/537.36"
61.132.217.130 - - [15/Feb/2026:21:35:23 +0800] "GET /HNAP1 HTTP/1.1" 404 31365 "-" "Mozilla/5.0(WindowsNT10.0;Win64;x64)AppleWebKit/537.36(KHTML,likeGecko)Chrome/86.0.4240.111Safari/537.36"
61.132.217.130 - - [15/Feb/2026:21:35:23 +0800] "GET /evox/about HTTP/1.1" 404 31365 "-" "Mozilla/5.0(WindowsNT10.0;Win64;x64)AppleWebKit/537.36(KHTML,likeGecko)Chrome/86.0.4240.111Safari/537.36"
61.132.217.130 - - [15/Feb/2026:21:35:42 +0800] "GET / HTTP/1.0" 301 0 "-" "-"
61.132.217.130 - - [15/Feb/2026:21:35:43 +0800] "GET / HTTP/1.1" 301 5 "-" "-"
36.133.115.36 - - [15/Feb/2026:21:37:55 +0800] "POST /wp-cron.php?doing_wp_cron=1771162675.2158780097961425781250 HTTP/1.1" 200 31 "-" "WordPress/6.9; http://cqqizhou.com"
92.222.104.196 - - [15/Feb/2026:21:37:55 +0800] "GET /contacts/ HTTP/1.1" 301 5 "-" "Mozilla/5.0 (compatible; AhrefsBot/7.0; +http://ahrefs.com/robot/)"
36.133.115.36 - - [15/Feb/2026:21:38:51 +0800] "POST /wp-cron.php?doing_wp_cron=1771162731.4123470783233642578125 HTTP/1.1" 200 31 "-" "WordPress/6.9; http://cqqizhou.com"
45.153.34.187 - - [15/Feb/2026:21:38:52 +0800] "GET / HTTP/1.1" 200 157069 "-" "Mozilla/5.0"
36.133.115.36 - - [15/Feb/2026:21:43:42 +0800] "POST /wp-cron.php?doing_wp_cron=1771163022.0751829147338867187500 HTTP/1.1" 200 31 "-" "WordPress/6.9; http://cqqizhou.com"
74.7.227.52 - - [15/Feb/2026:21:43:42 +0800] "GET /wp-sitemap.xml HTTP/1.1" 501 253 "-" "Mozilla/5.0 AppleWebKit/537.36 (KHTML, like Gecko; compatible; GPTBot/1.3; +https://openai.com/gptbot)"
36.133.115.36 - - [15/Feb/2026:21:53:21 +0800] "POST /wp-cron.php?doing_wp_cron=1771163601.7509579658508300781250 HTTP/1.1" 200 31 "-" "WordPress/6.9; http://cqqizhou.com"
114.119.130.110 - - [15/Feb/2026:21:53:21 +0800] "GET /robots.txt HTTP/1.1" 200 190 "-" "Mozilla/5.0 (compatible;PetalBot;+https://webmaster.petalsearch.com/site/petalbot)"
36.133.115.36 - - [15/Feb/2026:21:56:44 +0800] "POST /wp-cron.php?doing_wp_cron=1771163804.4326269626617431640625 HTTP/1.1" 200 31 "-" "WordPress/6.9; http://cqqizhou.com"
176.65.132.94 - - [15/Feb/2026:21:56:46 +0800] "POST / HTTP/1.1" 200 34809 "-" "Mozilla/5.0 (Windows NT 10.0; Win64; x64) AppleWebKit/537.36"
36.133.115.36 - - [15/Feb/2026:22:21:42 +0800] "POST /wp-cron.php?doing_wp_cron=1771165302.6215639114379882812500 HTTP/1.1" 200 31 "-" "WordPress/6.9; http://cqqizhou.com"
81.167.26.57 - - [15/Feb/2026:22:21:42 +0800] "GET /robots.txt HTTP/1.1" 200 390 "-" "Mozilla/5.0 (compatible; MJ12bot/v1.4.8; http://mj12bot.com/)"
81.167.26.57 - - [15/Feb/2026:22:21:47 +0800] "GET /portfolio-tag/%E9%9E%8D%E9%92%A2%E8%92%82%E6%A3%AE/ HTTP/1.1" 404 8949 "-" "Mozilla/5.0 (compatible; MJ12bot/v1.4.8; http://mj12bot.com/)"
81.167.26.57 - - [15/Feb/2026:22:21:55 +0800] "GET /portfolio/%E5%86%B7%E8%BD%A7%E5%8D%B7/ HTTP/1.1" 301 5 "-" "Mozilla/5.0 (compatible; MJ12bot/v1.4.8; http://mj12bot.com/)"
81.167.26.57 - - [15/Feb/2026:22:21:57 +0800] "GET /news/portfolio/%E5%86%B7%E8%BD%A7%E5%8D%B7 HTTP/1.1" 200 22192 "-" "Mozilla/5.0 (compatible; MJ12bot/v1.4.8; http://mj12bot.com/)"
36.133.115.36 - - [15/Feb/2026:22:22:42 +0800] "POST /wp-cron.php?doing_wp_cron=1771165362.5399610996246337890625 HTTP/1.1" 200 31 "-" "WordPress/6.9; http://cqqizhou.com"
81.167.26.57 - - [15/Feb/2026:22:22:42 +0800] "GET /portfolio/%E5%86%B7%E8%BD%A7%E6%9D%BF/ HTTP/1.1" 301 5 "-" "Mozilla/5.0 (compatible; MJ12bot/v1.4.8; http://mj12bot.com/)"
81.167.26.57 - - [15/Feb/2026:22:22:45 +0800] "GET /news/portfolio/%E5%86%B7%E8%BD%A7%E6%9D%BF HTTP/1.1" 200 22185 "-" "Mozilla/5.0 (compatible; MJ12bot/v1.4.8; http://mj12bot.com/)"
81.167.26.57 - - [15/Feb/2026:22:22:48 +0800] "GET /tag/%E5%8D%9A%E8%81%94%E8%BE%BE/ HTTP/1.1" 404 8949 "-" "Mozilla/5.0 (compatible; MJ12bot/v1.4.8; http://mj12bot.com/)"
81.167.26.57 - - [15/Feb/2026:22:22:50 +0800] "GET /tag/%E7%89%A9%E6%B5%81/ HTTP/1.1" 404 8948 "-" "Mozilla/5.0 (compatible; MJ12bot/v1.4.8; http://mj12bot.com/)"
36.133.115.36 - - [15/Feb/2026:22:25:52 +0800] "POST /wp-cron.php?doing_wp_cron=1771165552.8417069911956787109375 HTTP/1.1" 200 31 "-" "WordPress/6.9; http://cqqizhou.com"
45.153.34.187 - - [15/Feb/2026:22:25:53 +0800] "GET / HTTP/1.1" 200 157069 "-" "Mozilla/5.0"
36.133.115.36 - - [15/Feb/2026:22:30:44 +0800] "POST /wp-cron.php?doing_wp_cron=1771165844.1027140617370605468750 HTTP/1.1" 200 31 "-" "WordPress/6.9; http://cqqizhou.com"
36.133.108.125 - - [15/Feb/2026:22:30:44 +0800] "HEAD /c53ke9onp1g HTTP/1.1" 404 0 "-" "Mozilla/5.0 (Macintosh; U; Intel Mac OS X 10_6_6; en-gb) AppleWebKit/533.20.25 (KHTML, like Gecko) Version/5.0.4 Safari/533.20.27"
180.153.236.53 - - [15/Feb/2026:22:32:52 +0800] "GET / HTTP/1.1" 200 35253 "http://cqqizhou.com/" "Mozilla/5.0 (Windows NT 10.0; Win64; x64) AppleWebKit/537.36 (KHTML, like Gecko) Chrome/140.0.0.0 Safari/537.36 Edg/140.0.0.0; 360Spider"
36.133.115.36 - - [15/Feb/2026:22:42:07 +0800] "POST /wp-cron.php?doing_wp_cron=1771166527.7415220737457275390625 HTTP/1.1" 200 31 "-" "WordPress/6.9; http://cqqizhou.com"
44.203.183.27 - - [15/Feb/2026:22:42:07 +0800] "GET / HTTP/1.1" 301 5 "-" "Mozilla/5.0 (Windows NT 10.0; Win64; x64) AppleWebKit/537.36 (KHTML, like Gecko) Chrome/136.0.0.0 Safari/537.36"
36.133.115.36 - - [15/Feb/2026:22:46:02 +0800] "POST /wp-cron.php?doing_wp_cron=1771166762.7292230129241943359375 HTTP/1.1" 200 31 "-" "WordPress/6.9; http://cqqizhou.com"
110.249.202.97 - - [15/Feb/2026:22:46:02 +0800] "GET /robots.txt HTTP/1.1" 200 190 "-" "Mozilla/5.0 (Linux; Android 5.0) AppleWebKit/537.36 (KHTML, like Gecko) Mobile Safari/537.36 (compatible; Bytespider; https://zhanzhang.toutiao.com/)"
36.133.115.36 - - [15/Feb/2026:22:50:06 +0800] "POST /wp-cron.php?doing_wp_cron=1771167005.9646260738372802734375 HTTP/1.1" 200 31 "-" "WordPress/6.9; http://cqqizhou.com"
89.42.231.200 - - [15/Feb/2026:22:50:06 +0800] "GET / HTTP/1.1" 200 157069 "-" "-"
36.133.115.36 - - [15/Feb/2026:23:03:29 +0800] "POST /wp-cron.php?doing_wp_cron=1771167809.5582458972930908203125 HTTP/1.1" 200 31 "-" "WordPress/6.9; http://cqqizhou.com"
51.68.236.91 - - [15/Feb/2026:23:03:29 +0800] "GET /robots.txt HTTP/1.1" 200 190 "-" "Mozilla/5.0 (compatible; MJ12bot/v2.0.4; http://mj12bot.com/)"
51.68.236.91 - - [15/Feb/2026:23:03:30 +0800] "GET / HTTP/1.1" 200 35253 "-" "Mozilla/5.0 (compatible; MJ12bot/v2.0.4; http://mj12bot.com/)"
36.133.115.36 - - [15/Feb/2026:23:16:53 +0800] "POST /wp-cron.php?doing_wp_cron=1771168613.9132161140441894531250 HTTP/1.1" 200 31 "-" "WordPress/6.9; http://cqqizhou.com"
87.120.191.67 - - [15/Feb/2026:23:16:55 +0800] "POST / HTTP/1.1" 200 34810 "-" "Mozilla/5.0 (Windows NT 10.0; Win64; x64) AppleWebKit/537.36"
36.133.115.36 - - [15/Feb/2026:23:39:44 +0800] "POST /wp-cron.php?doing_wp_cron=1771169984.5608060359954833984375 HTTP/1.1" 200 31 "-" "WordPress/6.9; http://cqqizhou.com"
85.208.96.196 - - [15/Feb/2026:23:39:44 +0800] "GET /robots.txt HTTP/1.1" 200 190 "-" "Mozilla/5.0 (compatible; SemrushBot/7~bl; +http://www.semrush.com/bot.html)"
185.191.171.18 - - [15/Feb/2026:23:39:50 +0800] "GET /news/2486 HTTP/1.1" 200 24020 "-" "Mozilla/5.0 (compatible; SemrushBot/7~bl; +http://www.semrush.com/bot.html)"
36.133.115.36 - - [15/Feb/2026:23:47:08 +0800] "POST /wp-cron.php?doing_wp_cron=1771170428.1169850826263427734375 HTTP/1.1" 200 31 "-" "WordPress/6.9; http://cqqizhou.com"
43.157.188.74 - - [15/Feb/2026:23:47:08 +0800] "GET / HTTP/1.1" 200 34809 "-" "Mozilla/5.0 (iPhone; CPU iPhone OS 13_2_3 like Mac OS X) AppleWebKit/605.1.15 (KHTML, like Gecko) Version/13.0.3 Mobile/15E148 Safari/604.1"
36.133.115.36 - - [15/Feb/2026:23:49:08 +0800] "POST /wp-cron.php?doing_wp_cron=1771170548.3688149452209472656250 HTTP/1.1" 200 31 "-" "WordPress/6.9; http://cqqizhou.com"
43.164.197.224 - - [15/Feb/2026:23:49:08 +0800] "GET / HTTP/1.1" 301 5 "-" "Mozilla/5.0 (iPhone; CPU iPhone OS 13_2_3 like Mac OS X) AppleWebKit/605.1.15 (KHTML, like Gecko) Version/13.0.3 Mobile/15E148 Safari/604.1"
43.164.197.224 - - [15/Feb/2026:23:49:11 +0800] "GET / HTTP/1.1" 200 34809 "http://www.cqqizhou.com" "Mozilla/5.0 (iPhone; CPU iPhone OS 13_2_3 like Mac OS X) AppleWebKit/605.1.15 (KHTML, like Gecko) Version/13.0.3 Mobile/15E148 Safari/604.1"