File: /home/logs/cqqizhou_access_2026-02-15.log
36.133.115.36 - - [15/Feb/2026:00:05:10 +0800] "POST /wp-cron.php?doing_wp_cron=1771085110.5717630386352539062500 HTTP/1.1" 200 31 "-" "WordPress/6.9; http://cqqizhou.com"
87.120.191.67 - - [15/Feb/2026:00:05:11 +0800] "POST / HTTP/1.1" 200 34808 "-" "Mozilla/5.0 (Windows NT 10.0; Win64; x64) AppleWebKit/537.36"
36.133.115.36 - - [15/Feb/2026:00:09:35 +0800] "POST /wp-cron.php?doing_wp_cron=1771085375.0946640968322753906250 HTTP/1.1" 200 31 "-" "WordPress/6.9; http://cqqizhou.com"
183.254.109.52 - - [15/Feb/2026:00:09:35 +0800] "GET /Ly9jcXFpemhvdS5jb20vd3AtY29udGVudC91cGxvYWRzLzIwMjYvMDEvMTc2ODI4MDI3MC1hbnF1YW5fU2xpZGVyXzM4NDDDlzIxNjBfMjAyNjAxMTQtc2NhbGVkLndlYnA= HTTP/1.1" 404 8949 "-" "Mozilla/5.0 (Windows NT 6.2; WOW64) AppleWebKit/537.36 (KHTML, like Gecko) Chrome/81.0.4044.138"
120.227.117.3 - - [15/Feb/2026:00:09:49 +0800] "GET /Ly9jcXFpemhvdS5jb20vd3AtY29udGVudC91cGxvYWRzLzIwMjYvMDEvMTc2ODI4MDI3MC1hbnF1YW5fU2xpZGVyXzM4NDDDlzIxNjBfMjAyNjAxMTQtc2NhbGVkLndlYnA= HTTP/1.1" 404 8949 "-" "Mozilla/5.0 (Windows NT 6.2; WOW64) AppleWebKit/537.36 (KHTML, like Gecko) Chrome/81.0.4044.138"
36.133.115.36 - - [15/Feb/2026:00:18:46 +0800] "POST /wp-cron.php?doing_wp_cron=1771085926.0835940837860107421875 HTTP/1.1" 200 31 "-" "WordPress/6.9; http://cqqizhou.com"
43.153.119.119 - - [15/Feb/2026:00:18:46 +0800] "GET / HTTP/1.1" 301 5 "-" "Mozilla/5.0 (iPhone; CPU iPhone OS 13_2_3 like Mac OS X) AppleWebKit/605.1.15 (KHTML, like Gecko) Version/13.0.3 Mobile/15E148 Safari/604.1"
43.153.119.119 - - [15/Feb/2026:00:18:49 +0800] "GET / HTTP/1.1" 200 34808 "http://36.133.115.36" "Mozilla/5.0 (iPhone; CPU iPhone OS 13_2_3 like Mac OS X) AppleWebKit/605.1.15 (KHTML, like Gecko) Version/13.0.3 Mobile/15E148 Safari/604.1"
49.51.141.76 - - [15/Feb/2026:00:33:00 +0800] "GET /wp-content/uploads/2025/07/1751425283-qizhou.kf_.qq_.com_.webp HTTP/1.1" 200 16864 "-" "Mozilla/5.0 (iPhone; CPU iPhone OS 13_2_3 like Mac OS X) AppleWebKit/605.1.15 (KHTML, like Gecko) Version/13.0.3 Mobile/15E148 Safari/604.1"
36.133.115.36 - - [15/Feb/2026:00:34:01 +0800] "POST /wp-cron.php?doing_wp_cron=1771086841.8059079647064208984375 HTTP/1.1" 200 31 "-" "WordPress/6.9; http://cqqizhou.com"
120.228.20.194 - - [15/Feb/2026:00:34:01 +0800] "GET /Ly9jcXFpemhvdS5jb20vd3AtY29udGVudC91cGxvYWRzLzIwMjYvMDEvMTc2ODI3NjExOS1xaXpob3VqaWFnb25nX1NsaWRlcl8zODQww5cyMTYwXzIwMjYwMTEzLXNjYWxlZC53ZWJw HTTP/1.1" 404 8949 "-" "Mozilla/5.0 (Windows NT 6.2; Win64; x64) AppleWebKit/537.36 (KHTML, like Gecko) Chrome/76.0.3809.25"
36.133.115.36 - - [15/Feb/2026:00:38:14 +0800] "POST /wp-cron.php?doing_wp_cron=1771087093.9978139400482177734375 HTTP/1.1" 200 31 "-" "WordPress/6.9; http://cqqizhou.com"
195.3.221.86 - - [15/Feb/2026:00:38:14 +0800] "GET / HTTP/1.1" 200 109842 "-" "python-requests/2.31.0"
36.133.115.36 - - [15/Feb/2026:00:42:51 +0800] "POST /wp-cron.php?doing_wp_cron=1771087371.2883870601654052734375 HTTP/1.1" 200 31 "-" "WordPress/6.9; http://cqqizhou.com"
43.130.150.80 - - [15/Feb/2026:00:42:51 +0800] "GET /wp-content/uploads/2025/07/1753453096- HTTP/1.1" 404 8949 "-" "Mozilla/5.0 (iPhone; CPU iPhone OS 13_2_3 like Mac OS X) AppleWebKit/605.1.15 (KHTML, like Gecko) Version/13.0.3 Mobile/15E148 Safari/604.1"
36.133.115.36 - - [15/Feb/2026:00:44:54 +0800] "POST /wp-cron.php?doing_wp_cron=1771087494.5130441188812255859375 HTTP/1.1" 200 31 "-" "WordPress/6.9; http://cqqizhou.com"
114.119.137.116 - - [15/Feb/2026:00:44:54 +0800] "GET /wp-sitemap.xml HTTP/1.1" 501 253 "-" "Mozilla/5.0 (Linux; Android 7.0;) AppleWebKit/537.36 (KHTML, like Gecko) Mobile Safari/537.36 (compatible; PetalBot;+https://webmaster.petalsearch.com/site/petalbot)"
36.133.115.36 - - [15/Feb/2026:00:46:54 +0800] "POST /wp-cron.php?doing_wp_cron=1771087614.9356110095977783203125 HTTP/1.1" 200 31 "-" "WordPress/6.9; http://cqqizhou.com"
103.72.9.74 - - [15/Feb/2026:00:46:59 +0800] "GET /boaform/admin/formLogin?username=admin&psd=admin HTTP/1.0" 404 31352 "-" "-"
36.133.115.36 - - [15/Feb/2026:00:50:32 +0800] "POST /wp-cron.php?doing_wp_cron=1771087832.2617969512939453125000 HTTP/1.1" 200 31 "-" "WordPress/6.9; http://cqqizhou.com"
114.119.147.248 - - [15/Feb/2026:00:50:32 +0800] "GET /wp-sitemap.xml HTTP/1.1" 501 253 "-" "Mozilla/5.0 (Linux; Android 7.0;) AppleWebKit/537.36 (KHTML, like Gecko) Mobile Safari/537.36 (compatible; PetalBot;+https://webmaster.petalsearch.com/site/petalbot)"
36.133.115.36 - - [15/Feb/2026:00:53:17 +0800] "POST /wp-cron.php?doing_wp_cron=1771087997.8574700355529785156250 HTTP/1.1" 200 31 "-" "WordPress/6.9; http://cqqizhou.com"
170.106.65.93 - - [15/Feb/2026:00:53:17 +0800] "GET / HTTP/1.1" 200 34808 "-" "Mozilla/5.0 (iPhone; CPU iPhone OS 13_2_3 like Mac OS X) AppleWebKit/605.1.15 (KHTML, like Gecko) Version/13.0.3 Mobile/15E148 Safari/604.1"
45.194.92.21 - - [15/Feb/2026:00:59:04 +0800] "GET /plugins/jquery-file-upload/server/php/index.php?file=tf2rghf.jpg HTTP/1.1" 404 27 "-" "ALittle Client"
36.133.115.36 - - [15/Feb/2026:01:01:41 +0800] "POST /wp-cron.php?doing_wp_cron=1771088501.7816319465637207031250 HTTP/1.1" 200 31 "-" "WordPress/6.9; http://cqqizhou.com"
192.36.109.125 - - [15/Feb/2026:01:01:41 +0800] "GET / HTTP/1.1" 200 34808 "-" "Mozilla/5.0 (iPhone; CPU iPhone OS 17_1_2 like Mac OS X) AppleWebKit/605.1.15 (KHTML, like Gecko) Version/17.1.2 Mobile/15E148 Safari/604"
192.36.109.131 - - [15/Feb/2026:01:01:44 +0800] "GET /news/portfolio-category/hot-dip-galvanized-coil HTTP/1.1" 200 17829 "-" "Mozilla/5.0 (iPhone; CPU iPhone OS 17_1_2 like Mac OS X) AppleWebKit/605.1.15 (KHTML, like Gecko) Version/17.1.2 Mobile/15E148 Safari/604"
192.36.109.125 - - [15/Feb/2026:01:01:45 +0800] "GET /news/portfolio/%e5%86%b7%e8%bd%a7%e6%9d%bf HTTP/1.1" 200 18824 "-" "Mozilla/5.0 (iPhone; CPU iPhone OS 17_1_2 like Mac OS X) AppleWebKit/605.1.15 (KHTML, like Gecko) Version/17.1.2 Mobile/15E148 Safari/604"
192.36.109.104 - - [15/Feb/2026:01:01:47 +0800] "GET /news/portfolio-category/cold-rolled-coil HTTP/1.1" 200 17833 "-" "Mozilla/5.0 (iPhone; CPU iPhone OS 17_1_2 like Mac OS X) AppleWebKit/605.1.15 (KHTML, like Gecko) Version/17.1.2 Mobile/15E148 Safari/604"
36.133.115.36 - - [15/Feb/2026:01:02:33 +0800] "POST /wp-cron.php?doing_wp_cron=1771088553.9198899269104003906250 HTTP/1.1" 200 31 "-" "WordPress/6.9; http://cqqizhou.com"
43.159.152.187 - - [15/Feb/2026:01:02:33 +0800] "GET /wp-json/oembed/1.0/embed?url=http%3A%2F%2Fcqqizhou.com%2F HTTP/1.1" 200 1130 "-" "Mozilla/5.0 (iPhone; CPU iPhone OS 13_2_3 like Mac OS X) AppleWebKit/605.1.15 (KHTML, like Gecko) Version/13.0.3 Mobile/15E148 Safari/604.1"
36.133.115.36 - - [15/Feb/2026:01:03:51 +0800] "POST /wp-cron.php?doing_wp_cron=1771088631.2944140434265136718750 HTTP/1.1" 200 31 "-" "WordPress/6.9; http://cqqizhou.com"
172.232.57.249 - - [15/Feb/2026:01:03:51 +0800] "POST /xmlrpc.php HTTP/1.1" 200 217 "-" "Mozilla/5.0 (Windows NT 10.0) AppleWebKit/537.36 (KHTML, like Gecko) Chrome/140.0.0.0 Safari/537.36 Edg/140.0.0.0"
139.9.55.116 - - [15/Feb/2026:01:08:45 +0800] "GET /js/KitJs/demo/Upload/up.php HTTP/1.1" 404 47 "-" "Mozilla/5.0 (Windows NT 10.0; Win64; x64)"
36.133.115.36 - - [15/Feb/2026:01:09:40 +0800] "POST /wp-cron.php?doing_wp_cron=1771088980.8849549293518066406250 HTTP/1.1" 200 31 "-" "WordPress/6.9; http://cqqizhou.com"
49.51.47.100 - - [15/Feb/2026:01:09:40 +0800] "GET / HTTP/1.1" 301 5 "-" "Mozilla/5.0 (iPhone; CPU iPhone OS 13_2_3 like Mac OS X) AppleWebKit/605.1.15 (KHTML, like Gecko) Version/13.0.3 Mobile/15E148 Safari/604.1"
49.51.47.100 - - [15/Feb/2026:01:09:44 +0800] "GET / HTTP/1.1" 200 34808 "http://www.cqqizhou.com" "Mozilla/5.0 (iPhone; CPU iPhone OS 13_2_3 like Mac OS X) AppleWebKit/605.1.15 (KHTML, like Gecko) Version/13.0.3 Mobile/15E148 Safari/604.1"
36.133.115.36 - - [15/Feb/2026:01:12:15 +0800] "POST /wp-cron.php?doing_wp_cron=1771089135.7752349376678466796875 HTTP/1.1" 200 31 "-" "WordPress/6.9; http://cqqizhou.com"
43.135.144.126 - - [15/Feb/2026:01:12:15 +0800] "GET /wp-content/uploads/2025/07/1753456770- HTTP/1.1" 404 8949 "-" "Mozilla/5.0 (iPhone; CPU iPhone OS 13_2_3 like Mac OS X) AppleWebKit/605.1.15 (KHTML, like Gecko) Version/13.0.3 Mobile/15E148 Safari/604.1"
36.133.115.36 - - [15/Feb/2026:01:13:50 +0800] "POST /wp-cron.php?doing_wp_cron=1771089230.0272810459136962890625 HTTP/1.1" 200 31 "-" "WordPress/6.9; http://cqqizhou.com"
164.52.24.178 - - [15/Feb/2026:01:13:50 +0800] "GET / HTTP/1.1" 301 5 "-" "Mozilla/5.0 (Windows NT 10.0; Win64; x64) AppleWebKit/537.36 (KHTML, like Gecko) Chrome/143.0.0.0 Safari/537.36"
164.52.24.178 - - [15/Feb/2026:01:14:32 +0800] "GET / HTTP/1.1" 200 158728 "-" "Mozilla/5.0 (Windows NT 10.0; Win64; x64) AppleWebKit/537.36 (KHTML, like Gecko) Chrome/143.0.0.0 Safari/537.36"
36.133.115.36 - - [15/Feb/2026:01:20:16 +0800] "POST /wp-cron.php?doing_wp_cron=1771089616.7598760128021240234375 HTTP/1.1" 200 31 "-" "WordPress/6.9; http://cqqizhou.com"
87.120.191.67 - - [15/Feb/2026:01:20:17 +0800] "POST / HTTP/1.1" 200 34808 "-" "Mozilla/5.0 (Windows NT 10.0; Win64; x64) AppleWebKit/537.36"
223.88.201.189 - - [15/Feb/2026:01:21:22 +0800] "GET /contacts/ HTTP/1.1" 301 5 "-" "Mozilla/5.0 (Windows NT 10.0; Win64; x64) AppleWebKit/537.36 (KHTML, like Gecko) Chrome/136.0.0.0 Safari/537.36"
36.133.115.36 - - [15/Feb/2026:01:21:22 +0800] "POST /wp-cron.php?doing_wp_cron=1771089682.4363670349121093750000 HTTP/1.1" 200 31 "-" "WordPress/6.9; http://cqqizhou.com"
183.212.246.156 - - [15/Feb/2026:01:21:22 +0800] "GET /contacts/ HTTP/1.1" 301 5 "-" "Mozilla/5.0 (Windows NT 10.0; Win64; x64) AppleWebKit/537.36 (KHTML, like Gecko) Chrome/136.0.0.0 Safari/537.36"
222.89.23.173 - - [15/Feb/2026:01:21:22 +0800] "GET /contacts/ HTTP/1.1" 301 5 "-" "Mozilla/5.0 (Windows NT 10.0; Win64; x64) AppleWebKit/537.36 (KHTML, like Gecko) Chrome/136.0.0.0 Safari/537.36"
223.88.201.189 - - [15/Feb/2026:01:21:22 +0800] "GET http://cqqizhou.com/contacts HTTP/1.1" 200 21637 "-" "Mozilla/5.0 (Windows NT 10.0; Win64; x64) AppleWebKit/537.36 (KHTML, like Gecko) Chrome/136.0.0.0 Safari/537.36"
183.212.246.156 - - [15/Feb/2026:01:21:22 +0800] "GET http://cqqizhou.com/contacts HTTP/1.1" 200 21637 "-" "Mozilla/5.0 (Windows NT 10.0; Win64; x64) AppleWebKit/537.36 (KHTML, like Gecko) Chrome/136.0.0.0 Safari/537.36"
222.89.23.173 - - [15/Feb/2026:01:21:22 +0800] "GET http://cqqizhou.com/contacts HTTP/1.1" 200 21637 "-" "Mozilla/5.0 (Windows NT 10.0; Win64; x64) AppleWebKit/537.36 (KHTML, like Gecko) Chrome/136.0.0.0 Safari/537.36"
36.133.115.36 - - [15/Feb/2026:01:23:46 +0800] "POST /wp-cron.php?doing_wp_cron=1771089826.3213710784912109375000 HTTP/1.1" 200 31 "-" "WordPress/6.9; http://cqqizhou.com"
43.156.168.214 - - [15/Feb/2026:01:23:46 +0800] "GET /wp-content/uploads/2025/07/1753453127- HTTP/1.1" 404 8949 "-" "Mozilla/5.0 (iPhone; CPU iPhone OS 13_2_3 like Mac OS X) AppleWebKit/605.1.15 (KHTML, like Gecko) Version/13.0.3 Mobile/15E148 Safari/604.1"
36.133.115.36 - - [15/Feb/2026:01:35:14 +0800] "POST /wp-cron.php?doing_wp_cron=1771090514.6436049938201904296875 HTTP/1.1" 200 31 "-" "WordPress/6.9; http://cqqizhou.com"
176.65.148.66 - - [15/Feb/2026:01:35:14 +0800] "HEAD / HTTP/1.1" 200 0 "-" "Mozilla/5.0 (compatible; Let's Encrypt validation server; +https://www.letsencrypt.org )"
176.65.148.66 - - [15/Feb/2026:01:35:17 +0800] "GET / HTTP/1.1" 200 157069 "-" "Mozilla/5.0 (compatible; Let's Encrypt validation server; +https://www.letsencrypt.org )"
176.65.148.66 - - [15/Feb/2026:01:35:18 +0800] "HEAD /_next HTTP/1.1" 301 0 "-" "Mozilla/5.0 (compatible; Let's Encrypt validation server; +https://www.letsencrypt.org )"
176.65.148.66 - - [15/Feb/2026:01:35:21 +0800] "POST / HTTP/1.1" 200 34808 "-" "Mozilla/5.0 (compatible; Let's Encrypt validation server; +https://www.letsencrypt.org )"
176.65.148.66 - - [15/Feb/2026:01:35:24 +0800] "POST /_next HTTP/1.1" 404 8949 "-" "Mozilla/5.0 (compatible; Let's Encrypt validation server; +https://www.letsencrypt.org )"
114.119.148.154 - - [15/Feb/2026:01:35:29 +0800] "GET /wp-sitemap.xml HTTP/1.1" 501 253 "-" "Mozilla/5.0 (Linux; Android 7.0;) AppleWebKit/537.36 (KHTML, like Gecko) Mobile Safari/537.36 (compatible; PetalBot;+https://webmaster.petalsearch.com/site/petalbot)"
40.77.167.42 - - [15/Feb/2026:01:40:30 +0800] "GET / HTTP/1.1" 200 35253 "-" "Mozilla/5.0 AppleWebKit/537.36 (KHTML, like Gecko; compatible; bingbot/2.0; +http://www.bing.com/bingbot.htm) Chrome/116.0.1938.76 Safari/537.36"
47.114.89.255 - - [15/Feb/2026:01:42:56 +0800] "GET /manage/js/plupload/upload.php HTTP/1.1" 404 47 "-" "Mozilla/5.0 (Windows NT 10.0; Win64; x64)"
47.114.89.255 - - [15/Feb/2026:01:42:56 +0800] "GET /manage/webUploader/preview.php HTTP/1.1" 404 47 "-" "Mozilla/5.0 (Windows NT 10.0; Win64; x64)"
223.244.8.26 - - [15/Feb/2026:01:47:13 +0800] "GET / HTTP/1.1" 200 35253 "-" "Mozilla/5.0 (Windows NT 10.0; Win64; x64) AppleWebKit/537.36"
36.133.115.36 - - [15/Feb/2026:01:48:09 +0800] "POST /wp-cron.php?doing_wp_cron=1771091289.6248750686645507812500 HTTP/1.1" 200 31 "-" "WordPress/6.9; http://cqqizhou.com"
115.159.33.43 - - [15/Feb/2026:01:48:09 +0800] "GET / HTTP/1.1" 301 5 "-" "Mozilla/5.0 (Windows NT 10.0; Win64; x64) AppleWebKit/537.36 (KHTML, like Gecko) Chrome/79.0.3945.117 Safari/537.36"
36.133.115.36 - - [15/Feb/2026:01:52:13 +0800] "POST /wp-cron.php?doing_wp_cron=1771091533.7919199466705322265625 HTTP/1.1" 200 31 "-" "WordPress/6.9; http://cqqizhou.com"
66.249.74.8 - - [15/Feb/2026:01:52:13 +0800] "GET /news/2388 HTTP/1.1" 200 20526 "-" "Mozilla/5.0 (Linux; Android 6.0.1; Nexus 5X Build/MMB29P) AppleWebKit/537.36 (KHTML, like Gecko) Chrome/144.0.7559.132 Mobile Safari/537.36 (compatible; Googlebot/2.1; +http://www.google.com/bot.html)"
36.133.115.36 - - [15/Feb/2026:01:55:06 +0800] "POST /wp-cron.php?doing_wp_cron=1771091706.7580330371856689453125 HTTP/1.1" 200 31 "-" "WordPress/6.9; http://cqqizhou.com"
107.155.112.134 - - [15/Feb/2026:01:55:06 +0800] "POST /xmlrpc.php HTTP/1.1" 200 217 "-" "Mozilla/5.0 (Windows NT 10.0; Win64; x64) AppleWebKit/537.43 (KHTML, like Gecko) Chrome/135.0.0.0 Safari/537.36 OPR/120.0.0.0"
192.121.134.92 - - [15/Feb/2026:02:02:01 +0800] "GET / HTTP/1.1" 200 35253 "-" "Mozilla/5.0 (Windows NT 10.0; Win64; x64) AppleWebKit/537.36 (KHTML, like Gecko) Chrome/122.0.0.0 Safari/537.36 Agency/93.8.2357.5"
185.12.250.58 - - [15/Feb/2026:02:02:02 +0800] "GET /news/portfolio-category/hot-dip-galvanized-coil HTTP/1.1" 200 21155 "-" "Mozilla/5.0 (Windows NT 10.0; Win64; x64) AppleWebKit/537.36 (KHTML, like Gecko) Chrome/122.0.0.0 Safari/537.36 Agency/93.8.2357.5"
141.138.208.43 - - [15/Feb/2026:02:02:03 +0800] "GET /news/portfolio/%e5%86%b7%e8%bd%a7%e6%9d%bf HTTP/1.1" 200 22185 "-" "Mozilla/5.0 (Windows NT 10.0; Win64; x64) AppleWebKit/537.36 (KHTML, like Gecko) Chrome/122.0.0.0 Safari/537.36 Agency/93.8.2357.5"
141.138.208.43 - - [15/Feb/2026:02:02:03 +0800] "GET /news/portfolio-category/cold-rolled-coil HTTP/1.1" 200 21166 "-" "Mozilla/5.0 (Windows NT 10.0; Win64; x64) AppleWebKit/537.36 (KHTML, like Gecko) Chrome/122.0.0.0 Safari/537.36 Agency/93.8.2357.5"
36.133.115.36 - - [15/Feb/2026:02:05:22 +0800] "POST /wp-cron.php?doing_wp_cron=1771092322.8626649379730224609375 HTTP/1.1" 200 31 "-" "WordPress/6.9; http://cqqizhou.com"
45.153.34.187 - - [15/Feb/2026:02:05:23 +0800] "GET / HTTP/1.1" 200 157069 "-" "Mozilla/5.0"
54.37.118.89 - - [15/Feb/2026:02:05:41 +0800] "GET /robots.txt HTTP/1.1" 200 190 "-" "Mozilla/5.0 (compatible; AhrefsBot/7.0; +http://ahrefs.com/robot/)"
94.23.188.210 - - [15/Feb/2026:02:05:46 +0800] "GET /news/portfolio-tag/pangang HTTP/1.1" 200 21162 "-" "Mozilla/5.0 (compatible; AhrefsBot/7.0; +http://ahrefs.com/robot/)"
36.133.115.36 - - [15/Feb/2026:02:12:10 +0800] "POST /wp-cron.php?doing_wp_cron=1771092730.6417360305786132812500 HTTP/1.1" 200 31 "-" "WordPress/6.9; http://cqqizhou.com"
66.249.74.8 - - [15/Feb/2026:02:12:10 +0800] "GET /2486/ HTTP/1.1" 301 5 "-" "Mozilla/5.0 (Linux; Android 6.0.1; Nexus 5X Build/MMB29P) AppleWebKit/537.36 (KHTML, like Gecko) Chrome/144.0.7559.132 Mobile Safari/537.36 (compatible; Googlebot/2.1; +http://www.google.com/bot.html)"
66.249.74.7 - - [15/Feb/2026:02:12:11 +0800] "GET /news/2486 HTTP/1.1" 200 20020 "-" "Mozilla/5.0 (Linux; Android 6.0.1; Nexus 5X Build/MMB29P) AppleWebKit/537.36 (KHTML, like Gecko) Chrome/144.0.7559.132 Mobile Safari/537.36 (compatible; Googlebot/2.1; +http://www.google.com/bot.html)"
36.133.115.36 - - [15/Feb/2026:02:32:51 +0800] "POST /wp-cron.php?doing_wp_cron=1771093971.4232618808746337890625 HTTP/1.1" 200 31 "-" "WordPress/6.9; http://cqqizhou.com"
204.76.203.69 - - [15/Feb/2026:02:32:51 +0800] "GET / HTTP/1.1" 301 5 "-" "Mozilla/5.0 (Windows NT 10.0; Win64; x64) AppleWebKit/537.36 (KHTML, like Gecko) Chrome/90.0.4430.85 Safari/537.36 Edg/90.0.818.46"
36.133.115.36 - - [15/Feb/2026:02:44:15 +0800] "POST /wp-cron.php?doing_wp_cron=1771094655.1311490535736083984375 HTTP/1.1" 200 31 "-" "WordPress/6.9; http://cqqizhou.com"
104.197.69.115 - - [15/Feb/2026:02:44:15 +0800] "GET / HTTP/1.1" 301 5 "-" "Mozilla/5.0 (X11; Linux x86_64) AppleWebKit/537.36 (KHTML, like Gecko) HeadlessChrome/125.0.6422.60 Safari/537.36"
34.123.170.104 - - [15/Feb/2026:02:44:16 +0800] "GET / HTTP/1.1" 200 35253 "-" "Mozilla/5.0 (X11; Linux x86_64) AppleWebKit/537.36 (KHTML, like Gecko) HeadlessChrome/125.0.6422.60 Safari/537.36"
34.72.176.129 - - [15/Feb/2026:02:44:17 +0800] "GET /wp-content/uploads/2025/07/1751425283-qizhou.kf_.qq_.com_.webp HTTP/1.1" 200 16864 "http://cqqizhou.com/" "Mozilla/5.0 (X11; Linux x86_64) AppleWebKit/537.36 (KHTML, like Gecko) HeadlessChrome/125.0.6422.60 Safari/537.36"
34.72.176.129 - - [15/Feb/2026:02:44:19 +0800] "GET /wp-content/uploads/2026/02/1770617354-Article_images_W900px.webp HTTP/1.1" 200 13634 "http://cqqizhou.com/" "Mozilla/5.0 (X11; Linux x86_64) AppleWebKit/537.36 (KHTML, like Gecko) HeadlessChrome/125.0.6422.60 Safari/537.36"
34.123.170.104 - - [15/Feb/2026:02:44:19 +0800] "GET /wp-content/uploads/2025/07/1753454299-Article_images_W900px.webp HTTP/1.1" 200 52418 "http://cqqizhou.com/" "Mozilla/5.0 (X11; Linux x86_64) AppleWebKit/537.36 (KHTML, like Gecko) HeadlessChrome/125.0.6422.60 Safari/537.36"
34.123.170.104 - - [15/Feb/2026:02:44:19 +0800] "GET /wp-content/uploads/2026/02/1770617948-Article_images_W900%C3%97500px.webp HTTP/1.1" 200 38890 "http://cqqizhou.com/" "Mozilla/5.0 (X11; Linux x86_64) AppleWebKit/537.36 (KHTML, like Gecko) HeadlessChrome/125.0.6422.60 Safari/537.36"
104.197.69.115 - - [15/Feb/2026:02:44:19 +0800] "GET /wp-content/uploads/2026/02/1770341652-2026251Article_images_W900%C3%97500px.webp HTTP/1.1" 200 43300 "http://cqqizhou.com/" "Mozilla/5.0 (X11; Linux x86_64) AppleWebKit/537.36 (KHTML, like Gecko) HeadlessChrome/125.0.6422.60 Safari/537.36"
104.197.69.115 - - [15/Feb/2026:02:44:19 +0800] "GET /wp-content/uploads/2026/01/1770349139-202624Article_images_W900%C3%97500px20260-.webp HTTP/1.1" 200 58006 "http://cqqizhou.com/" "Mozilla/5.0 (X11; Linux x86_64) AppleWebKit/537.36 (KHTML, like Gecko) HeadlessChrome/125.0.6422.60 Safari/537.36"
34.123.170.104 - - [15/Feb/2026:02:44:21 +0800] "GET /wp-content/uploads/2025/12/1765268955-qizhou_Slider1_3840%C3%972160_20251210-scaled.webp HTTP/1.1" 200 152162 "http://cqqizhou.com/" "Mozilla/5.0 (X11; Linux x86_64) AppleWebKit/537.36 (KHTML, like Gecko) HeadlessChrome/125.0.6422.60 Safari/537.36"
34.123.170.104 - - [15/Feb/2026:02:44:21 +0800] "GET /wp-content/uploads/2025/07/1753453127-%E4%BD%99%E5%8D%B7product_Single600%C3%97284.webp HTTP/1.1" 200 18744 "http://cqqizhou.com/" "Mozilla/5.0 (X11; Linux x86_64) AppleWebKit/537.36 (KHTML, like Gecko) HeadlessChrome/125.0.6422.60 Safari/537.36"
34.72.176.129 - - [15/Feb/2026:02:44:21 +0800] "GET /wp-content/uploads/2025/07/1753453096-%E5%8F%8C%E7%9B%B8%E9%92%A2product_Single600%C3%97284.webp HTTP/1.1" 200 14562 "http://cqqizhou.com/" "Mozilla/5.0 (X11; Linux x86_64) AppleWebKit/537.36 (KHTML, like Gecko) HeadlessChrome/125.0.6422.60 Safari/537.36"
34.123.170.104 - - [15/Feb/2026:02:44:21 +0800] "GET /wp-content/uploads/2025/07/1753456723-%E5%8F%8C%E7%9B%B8%E9%92%A2roduct_Single600.webp HTTP/1.1" 200 22790 "http://cqqizhou.com/" "Mozilla/5.0 (X11; Linux x86_64) AppleWebKit/537.36 (KHTML, like Gecko) HeadlessChrome/125.0.6422.60 Safari/537.36"
34.72.176.129 - - [15/Feb/2026:02:44:21 +0800] "GET /wp-content/uploads/2025/07/1753456770-%E7%83%AD%E9%95%80%E9%94%8C%E5%8D%B7product_Single600.webp HTTP/1.1" 200 27502 "http://cqqizhou.com/" "Mozilla/5.0 (X11; Linux x86_64) AppleWebKit/537.36 (KHTML, like Gecko) HeadlessChrome/125.0.6422.60 Safari/537.36"
104.197.69.115 - - [15/Feb/2026:02:44:21 +0800] "GET /wp-content/uploads/revslider/slider-1/1750861156-logistics_Slider_3840%C3%972160_20250625191356-scaled-50x100.webp HTTP/1.1" 200 1416 "http://cqqizhou.com/" "Mozilla/5.0 (X11; Linux x86_64) AppleWebKit/537.36 (KHTML, like Gecko) HeadlessChrome/125.0.6422.60 Safari/537.36"
104.197.69.115 - - [15/Feb/2026:02:44:21 +0800] "GET /wp-content/uploads/2026/01/1768276119-qizhoujiagong_Slider_3840%C3%972160_20260113-scaled-50x100.webp HTTP/1.1" 200 976 "http://cqqizhou.com/" "Mozilla/5.0 (X11; Linux x86_64) AppleWebKit/537.36 (KHTML, like Gecko) HeadlessChrome/125.0.6422.60 Safari/537.36"
104.197.69.115 - - [15/Feb/2026:02:44:21 +0800] "GET /wp-content/uploads/revslider/slider-1/1750861156-logistics_Slider_3840%C3%972160_20250625191356-scaled-50x100.webp HTTP/1.1" 200 1416 "http://cqqizhou.com/" "Mozilla/5.0 (X11; Linux x86_64) AppleWebKit/537.36 (KHTML, like Gecko) HeadlessChrome/125.0.6422.60 Safari/537.36"
104.197.69.115 - - [15/Feb/2026:02:44:21 +0800] "GET /wp-content/uploads/2026/01/1768276119-qizhoujiagong_Slider_3840%C3%972160_20260113-scaled-50x100.webp HTTP/1.1" 200 976 "http://cqqizhou.com/" "Mozilla/5.0 (X11; Linux x86_64) AppleWebKit/537.36 (KHTML, like Gecko) HeadlessChrome/125.0.6422.60 Safari/537.36"
34.72.176.129 - - [15/Feb/2026:02:44:22 +0800] "GET /wp-json/sliderrevolution/sliders/1?srengine=7&slideid=4 HTTP/1.1" 200 2580 "http://cqqizhou.com/" "Mozilla/5.0 (X11; Linux x86_64) AppleWebKit/537.36 (KHTML, like Gecko) HeadlessChrome/125.0.6422.60 Safari/537.36"
34.123.170.104 - - [15/Feb/2026:02:44:22 +0800] "GET /wp-json/sliderrevolution/sliders/1?srengine=7&slideid=2 HTTP/1.1" 200 2000 "http://cqqizhou.com/" "Mozilla/5.0 (X11; Linux x86_64) AppleWebKit/537.36 (KHTML, like Gecko) HeadlessChrome/125.0.6422.60 Safari/537.36"
34.123.170.104 - - [15/Feb/2026:02:44:22 +0800] "GET /wp-content/uploads/revslider/slider-1/1750861156-logistics_Slider_3840%C3%972160_20250625191356-scaled.webp HTTP/1.1" 200 197360 "http://cqqizhou.com/" "Mozilla/5.0 (X11; Linux x86_64) AppleWebKit/537.36 (KHTML, like Gecko) HeadlessChrome/125.0.6422.60 Safari/537.36"
34.72.176.129 - - [15/Feb/2026:02:44:23 +0800] "GET /wp-content/uploads/2026/01/1768276119-qizhoujiagong_Slider_3840%C3%972160_20260113-scaled.webp HTTP/1.1" 200 131696 "http://cqqizhou.com/" "Mozilla/5.0 (X11; Linux x86_64) AppleWebKit/537.36 (KHTML, like Gecko) HeadlessChrome/125.0.6422.60 Safari/537.36"
34.123.170.104 - - [15/Feb/2026:02:44:30 +0800] "GET /wp-content/uploads/2025/12/1765268955-qizhou_Slider1_3840%C3%972160_20251210-scaled-50x100.webp HTTP/1.1" 200 1812 "http://cqqizhou.com/" "Mozilla/5.0 (X11; Linux x86_64) AppleWebKit/537.36 (KHTML, like Gecko) HeadlessChrome/125.0.6422.60 Safari/537.36"
34.123.170.104 - - [15/Feb/2026:02:44:30 +0800] "GET /wp-content/uploads/2025/12/1765268955-qizhou_Slider1_3840%C3%972160_20251210-scaled-50x100.webp HTTP/1.1" 200 1812 "http://cqqizhou.com/" "Mozilla/5.0 (X11; Linux x86_64) AppleWebKit/537.36 (KHTML, like Gecko) HeadlessChrome/125.0.6422.60 Safari/537.36"
34.123.170.104 - - [15/Feb/2026:02:44:39 +0800] "GET /wp-content/uploads/2026/01/1768276119-qizhoujiagong_Slider_3840%C3%972160_20260113-scaled-50x100.webp HTTP/1.1" 200 976 "http://cqqizhou.com/" "Mozilla/5.0 (X11; Linux x86_64) AppleWebKit/537.36 (KHTML, like Gecko) HeadlessChrome/125.0.6422.60 Safari/537.36"
34.123.170.104 - - [15/Feb/2026:02:44:48 +0800] "GET /wp-content/uploads/revslider/slider-1/1750861156-logistics_Slider_3840%C3%972160_20250625191356-scaled-50x100.webp HTTP/1.1" 200 1416 "http://cqqizhou.com/" "Mozilla/5.0 (X11; Linux x86_64) AppleWebKit/537.36 (KHTML, like Gecko) HeadlessChrome/125.0.6422.60 Safari/537.36"
34.72.176.129 - - [15/Feb/2026:02:44:53 +0800] "GET /wp-content/uploads/2026/02/1770617354-Article_images_W900px.webp HTTP/1.1" 200 13634 "http://cqqizhou.com/" "Mozilla/5.0 (X11; Linux x86_64) AppleWebKit/537.36 (KHTML, like Gecko) HeadlessChrome/125.0.6422.60 Safari/537.36"
34.123.170.104 - - [15/Feb/2026:02:44:53 +0800] "GET /wp-content/uploads/2025/07/1753454299-Article_images_W900px.webp HTTP/1.1" 200 52418 "http://cqqizhou.com/" "Mozilla/5.0 (X11; Linux x86_64) AppleWebKit/537.36 (KHTML, like Gecko) HeadlessChrome/125.0.6422.60 Safari/537.36"
104.197.69.115 - - [15/Feb/2026:02:44:53 +0800] "GET /wp-content/uploads/2026/01/1770349139-202624Article_images_W900%C3%97500px20260-.webp HTTP/1.1" 200 58006 "http://cqqizhou.com/" "Mozilla/5.0 (X11; Linux x86_64) AppleWebKit/537.36 (KHTML, like Gecko) HeadlessChrome/125.0.6422.60 Safari/537.36"
104.197.69.115 - - [15/Feb/2026:02:44:53 +0800] "GET /wp-content/uploads/2026/02/1770341652-2026251Article_images_W900%C3%97500px.webp HTTP/1.1" 200 43300 "http://cqqizhou.com/" "Mozilla/5.0 (X11; Linux x86_64) AppleWebKit/537.36 (KHTML, like Gecko) HeadlessChrome/125.0.6422.60 Safari/537.36"
34.123.170.104 - - [15/Feb/2026:02:44:53 +0800] "GET /wp-content/uploads/2026/02/1770617354-Article_images_W900px.webp HTTP/1.1" 200 13634 "http://cqqizhou.com/" "Mozilla/5.0 (X11; Linux x86_64) AppleWebKit/537.36 (KHTML, like Gecko) HeadlessChrome/125.0.6422.60 Safari/537.36"
34.72.176.129 - - [15/Feb/2026:02:44:53 +0800] "GET /wp-content/uploads/2025/07/1753454299-Article_images_W900px.webp HTTP/1.1" 200 52418 "http://cqqizhou.com/" "Mozilla/5.0 (X11; Linux x86_64) AppleWebKit/537.36 (KHTML, like Gecko) HeadlessChrome/125.0.6422.60 Safari/537.36"
34.72.176.129 - - [15/Feb/2026:02:44:53 +0800] "GET /wp-content/uploads/2026/02/1770341652-2026251Article_images_W900%C3%97500px.webp HTTP/1.1" 200 43300 "http://cqqizhou.com/" "Mozilla/5.0 (X11; Linux x86_64) AppleWebKit/537.36 (KHTML, like Gecko) HeadlessChrome/125.0.6422.60 Safari/537.36"
34.123.170.104 - - [15/Feb/2026:02:44:54 +0800] "GET /wp-content/uploads/2026/01/1770349139-202624Article_images_W900%C3%97500px20260-.webp HTTP/1.1" 200 58006 "http://cqqizhou.com/" "Mozilla/5.0 (X11; Linux x86_64) AppleWebKit/537.36 (KHTML, like Gecko) HeadlessChrome/125.0.6422.60 Safari/537.36"
34.72.176.129 - - [15/Feb/2026:02:44:54 +0800] "GET /wp-content/uploads/2026/02/1770617948-Article_images_W900%C3%97500px.webp HTTP/1.1" 200 38890 "http://cqqizhou.com/" "Mozilla/5.0 (X11; Linux x86_64) AppleWebKit/537.36 (KHTML, like Gecko) HeadlessChrome/125.0.6422.60 Safari/537.36"
34.72.176.129 - - [15/Feb/2026:02:44:54 +0800] "GET /wp-content/uploads/2026/02/1770341652-2026251Article_images_W900%C3%97500px.webp HTTP/1.1" 200 43300 "http://cqqizhou.com/" "Mozilla/5.0 (X11; Linux x86_64) AppleWebKit/537.36 (KHTML, like Gecko) HeadlessChrome/125.0.6422.60 Safari/537.36"
34.123.170.104 - - [15/Feb/2026:02:44:55 +0800] "GET /wp-content/uploads/2025/07/1753454299-Article_images_W900px.webp HTTP/1.1" 200 52418 "http://cqqizhou.com/" "Mozilla/5.0 (X11; Linux x86_64) AppleWebKit/537.36 (KHTML, like Gecko) HeadlessChrome/125.0.6422.60 Safari/537.36"
34.72.176.129 - - [15/Feb/2026:02:44:55 +0800] "GET /wp-content/uploads/2026/02/1770341652-2026251Article_images_W900%C3%97500px.webp HTTP/1.1" 200 43300 "http://cqqizhou.com/" "Mozilla/5.0 (X11; Linux x86_64) AppleWebKit/537.36 (KHTML, like Gecko) HeadlessChrome/125.0.6422.60 Safari/537.36"
34.123.170.104 - - [15/Feb/2026:02:44:55 +0800] "GET /wp-content/uploads/2026/01/1770349139-202624Article_images_W900%C3%97500px20260-.webp HTTP/1.1" 200 58006 "http://cqqizhou.com/" "Mozilla/5.0 (X11; Linux x86_64) AppleWebKit/537.36 (KHTML, like Gecko) HeadlessChrome/125.0.6422.60 Safari/537.36"
104.197.69.115 - - [15/Feb/2026:02:44:55 +0800] "GET /wp-content/uploads/2026/02/1770617948-Article_images_W900%C3%97500px.webp HTTP/1.1" 200 38890 "http://cqqizhou.com/" "Mozilla/5.0 (X11; Linux x86_64) AppleWebKit/537.36 (KHTML, like Gecko) HeadlessChrome/125.0.6422.60 Safari/537.36"
34.72.176.129 - - [15/Feb/2026:02:44:55 +0800] "GET /wp-content/uploads/2026/02/1770617354-Article_images_W900px.webp HTTP/1.1" 200 13634 "http://cqqizhou.com/" "Mozilla/5.0 (X11; Linux x86_64) AppleWebKit/537.36 (KHTML, like Gecko) HeadlessChrome/125.0.6422.60 Safari/537.36"
36.133.115.36 - - [15/Feb/2026:02:46:25 +0800] "POST /wp-cron.php?doing_wp_cron=1771094785.0347709655761718750000 HTTP/1.1" 200 31 "-" "WordPress/6.9; http://cqqizhou.com"
18.208.146.82 - - [15/Feb/2026:02:46:25 +0800] "GET / HTTP/1.1" 301 5 "-" "Mozilla/5.0 (Windows NT 10.0; Win64; x64) AppleWebKit/537.36 (KHTML, like Gecko) Chrome/136.0.0.0 Safari/537.36"
36.133.115.36 - - [15/Feb/2026:02:47:13 +0800] "POST /wp-cron.php?doing_wp_cron=1771094833.8340380191802978515625 HTTP/1.1" 200 31 "-" "WordPress/6.9; http://cqqizhou.com"
66.249.74.9 - - [15/Feb/2026:02:47:13 +0800] "GET /news/2361 HTTP/1.1" 200 21018 "-" "Mozilla/5.0 (Linux; Android 6.0.1; Nexus 5X Build/MMB29P) AppleWebKit/537.36 (KHTML, like Gecko) Chrome/144.0.7559.132 Mobile Safari/537.36 (compatible; Googlebot/2.1; +http://www.google.com/bot.html)"
36.133.115.36 - - [15/Feb/2026:02:56:34 +0800] "POST /wp-cron.php?doing_wp_cron=1771095394.6876759529113769531250 HTTP/1.1" 200 31 "-" "WordPress/6.9; http://cqqizhou.com"
144.217.252.106 - - [15/Feb/2026:02:56:34 +0800] "POST /xmlrpc.php HTTP/1.1" 200 217 "-" "Mozilla/5.0 (Windows NT 10.0) AppleWebKit/537.36 (KHTML, like Gecko) Chrome/138.0.0.0 Safari/537.36 Edg/138.0.0.0"
36.133.115.36 - - [15/Feb/2026:03:00:55 +0800] "POST /wp-cron.php?doing_wp_cron=1771095655.2455120086669921875000 HTTP/1.1" 200 31 "-" "WordPress/6.9; http://cqqizhou.com"
110.249.202.46 - - [15/Feb/2026:03:00:55 +0800] "GET /robots.txt HTTP/1.1" 200 190 "-" "Mozilla/5.0 (Linux; Android 5.0) AppleWebKit/537.36 (KHTML, like Gecko) Mobile Safari/537.36 (compatible; Bytespider; https://zhanzhang.toutiao.com/)"
36.133.115.36 - - [15/Feb/2026:03:04:33 +0800] "POST /wp-cron.php?doing_wp_cron=1771095873.5290999412536621093750 HTTP/1.1" 200 31 "-" "WordPress/6.9; http://cqqizhou.com"
111.230.10.175 - - [15/Feb/2026:03:04:33 +0800] "GET / HTTP/1.1" 301 5 "-" "Go-http-client/1.1"
111.230.10.175 - - [15/Feb/2026:03:04:33 +0800] "GET / HTTP/1.1" 200 35253 "http://36.133.115.36" "Go-http-client/1.1"
36.133.115.36 - - [15/Feb/2026:03:09:12 +0800] "POST /wp-cron.php?doing_wp_cron=1771096152.0492939949035644531250 HTTP/1.1" 200 31 "-" "WordPress/6.9; http://cqqizhou.com"
87.120.191.67 - - [15/Feb/2026:03:09:12 +0800] "POST / HTTP/1.1" 200 34808 "-" "Mozilla/5.0 (Windows NT 10.0; Win64; x64) AppleWebKit/537.36"
54.37.118.72 - - [15/Feb/2026:03:10:05 +0800] "GET /news/tag/%E7%89%A9%E6%B5%81 HTTP/1.1" 200 21126 "-" "Mozilla/5.0 (compatible; AhrefsBot/7.0; +http://ahrefs.com/robot/)"
36.133.115.36 - - [15/Feb/2026:03:10:18 +0800] "POST /wp-cron.php?doing_wp_cron=1771096218.7177300453186035156250 HTTP/1.1" 200 31 "-" "WordPress/6.9; http://cqqizhou.com"
45.153.34.187 - - [15/Feb/2026:03:10:19 +0800] "GET / HTTP/1.1" 200 157069 "-" "Mozilla/5.0"
36.133.115.36 - - [15/Feb/2026:03:12:13 +0800] "POST /wp-cron.php?doing_wp_cron=1771096333.7790598869323730468750 HTTP/1.1" 200 31 "-" "WordPress/6.9; http://cqqizhou.com"
66.249.74.9 - - [15/Feb/2026:03:12:13 +0800] "GET /media/ HTTP/1.1" 301 5 "-" "Mozilla/5.0 (Linux; Android 6.0.1; Nexus 5X Build/MMB29P) AppleWebKit/537.36 (KHTML, like Gecko) Chrome/144.0.7559.132 Mobile Safari/537.36 (compatible; Googlebot/2.1; +http://www.google.com/bot.html)"
66.249.74.7 - - [15/Feb/2026:03:12:15 +0800] "GET /media HTTP/1.1" 200 26065 "-" "Mozilla/5.0 (Linux; Android 6.0.1; Nexus 5X Build/MMB29P) AppleWebKit/537.36 (KHTML, like Gecko) Chrome/144.0.7559.132 Mobile Safari/537.36 (compatible; Googlebot/2.1; +http://www.google.com/bot.html)"
36.133.115.36 - - [15/Feb/2026:03:18:57 +0800] "POST /wp-cron.php?doing_wp_cron=1771096737.0384678840637207031250 HTTP/1.1" 200 31 "-" "WordPress/6.9; http://cqqizhou.com"
116.179.32.221 - - [15/Feb/2026:03:18:57 +0800] "GET /2373/ HTTP/1.1" 301 5 "-" "Mozilla/5.0 (compatible; Baiduspider/2.0; +http://www.baidu.com/search/spider.html)"
116.179.32.89 - - [15/Feb/2026:03:18:57 +0800] "GET /news/2373 HTTP/1.1" 200 26414 "-" "Mozilla/5.0 (compatible; Baiduspider/2.0; +http://www.baidu.com/search/spider.html)"
116.179.37.205 - - [15/Feb/2026:03:19:00 +0800] "GET /wp-content/uploads/2025/12/1766388807-Article_images_202507245.webp HTTP/1.1" 200 63930 "http://cqqizhou.com/news/2373" "Mozilla/5.0 (compatible; Baiduspider-render/2.0; +http://www.baidu.com/search/spider.html)"
45.3.48.248 - - [15/Feb/2026:03:30:46 +0800] "GET /wp-content/uploads/2026/01/1769513871-Article_images_W900%C3%97500px202601273.webp HTTP/1.1" 200 61532 "-" "Mozilla/5.0 (X11; Linux x86_64; rv:137.0) Gecko/20100101 Firefox/137.0"
65.111.8.133 - - [15/Feb/2026:03:30:46 +0800] "GET /wp-content/uploads/2026/01/1769511379-Article_images_W900%C3%97500px202601271.webp HTTP/1.1" 200 67912 "-" "Mozilla/5.0 (X11; Fedora; Linux x86_64; rv:147.0) Gecko/20100101 Firefox/147.0"
36.133.115.36 - - [15/Feb/2026:03:35:45 +0800] "POST /wp-cron.php?doing_wp_cron=1771097745.5526320934295654296875 HTTP/1.1" 200 31 "-" "WordPress/6.9; http://cqqizhou.com"
204.76.203.69 - - [15/Feb/2026:03:35:46 +0800] "GET / HTTP/1.1" 200 157069 "-" "-"
36.133.115.36 - - [15/Feb/2026:03:37:13 +0800] "POST /wp-cron.php?doing_wp_cron=1771097833.8879339694976806640625 HTTP/1.1" 200 31 "-" "WordPress/6.9; http://cqqizhou.com"
66.249.74.7 - - [15/Feb/2026:03:37:13 +0800] "GET /news/2418 HTTP/1.1" 200 23392 "-" "Mozilla/5.0 (Linux; Android 6.0.1; Nexus 5X Build/MMB29P) AppleWebKit/537.36 (KHTML, like Gecko) Chrome/144.0.7559.132 Mobile Safari/537.36 (compatible; Googlebot/2.1; +http://www.google.com/bot.html)"
36.133.115.36 - - [15/Feb/2026:03:47:10 +0800] "POST /wp-cron.php?doing_wp_cron=1771098430.0014181137084960937500 HTTP/1.1" 200 31 "-" "WordPress/6.9; http://cqqizhou.com"
112.124.58.78 - - [15/Feb/2026:03:47:10 +0800] "HEAD / HTTP/1.1" 301 0 "-" "-"
36.133.115.36 - - [15/Feb/2026:03:58:35 +0800] "POST /wp-cron.php?doing_wp_cron=1771099115.4680769443511962890625 HTTP/1.1" 200 31 "-" "WordPress/6.9; http://cqqizhou.com"
212.227.231.243 - - [15/Feb/2026:03:58:35 +0800] "POST /xmlrpc.php HTTP/1.1" 200 217 "-" "Mozilla/5.0 (Windows NT 10.0; Win64; x64) AppleWebKit/537.43 (KHTML, like Gecko) Chrome/139.0.0.0 Safari/537.36 OPR/123.0.0.0"
36.133.115.36 - - [15/Feb/2026:04:02:14 +0800] "POST /wp-cron.php?doing_wp_cron=1771099333.9775300025939941406250 HTTP/1.1" 200 31 "-" "WordPress/6.9; http://cqqizhou.com"
66.249.74.7 - - [15/Feb/2026:04:02:14 +0800] "GET /news/2464 HTTP/1.1" 200 19592 "-" "Mozilla/5.0 (Linux; Android 6.0.1; Nexus 5X Build/MMB29P) AppleWebKit/537.36 (KHTML, like Gecko) Chrome/144.0.7559.132 Mobile Safari/537.36 (compatible; Googlebot/2.1; +http://www.google.com/bot.html)"
36.133.115.36 - - [15/Feb/2026:04:03:12 +0800] "POST /wp-cron.php?doing_wp_cron=1771099392.3045608997344970703125 HTTP/1.1" 200 31 "-" "WordPress/6.9; http://cqqizhou.com"
37.59.204.136 - - [15/Feb/2026:04:03:12 +0800] "GET /news/tag/%E5%8D%9A%E8%81%94%E8%BE%BE HTTP/1.1" 200 21144 "-" "Mozilla/5.0 (compatible; AhrefsBot/7.0; +http://ahrefs.com/robot/)"
36.133.115.36 - - [15/Feb/2026:04:21:14 +0800] "POST /wp-cron.php?doing_wp_cron=1771100474.3982770442962646484375 HTTP/1.1" 200 31 "-" "WordPress/6.9; http://cqqizhou.com"
179.181.11.10 - - [15/Feb/2026:04:21:14 +0800] "GET / HTTP/1.1" 301 5 "-" "Go-http-client/1.1"
36.133.115.36 - - [15/Feb/2026:04:27:14 +0800] "POST /wp-cron.php?doing_wp_cron=1771100834.6885879039764404296875 HTTP/1.1" 200 31 "-" "WordPress/6.9; http://cqqizhou.com"
66.249.74.8 - - [15/Feb/2026:04:27:14 +0800] "GET /news/2502 HTTP/1.1" 200 20643 "-" "Mozilla/5.0 (Linux; Android 6.0.1; Nexus 5X Build/MMB29P) AppleWebKit/537.36 (KHTML, like Gecko) Chrome/144.0.7559.132 Mobile Safari/537.36 (compatible; Googlebot/2.1; +http://www.google.com/bot.html)"
36.133.115.36 - - [15/Feb/2026:04:41:04 +0800] "POST /wp-cron.php?doing_wp_cron=1771101664.4975099563598632812500 HTTP/1.1" 200 31 "-" "WordPress/6.9; http://cqqizhou.com"
116.179.32.217 - - [15/Feb/2026:04:41:04 +0800] "GET /wp-json/oembed/1.0/embed?url=http%3A%2F%2Fcqqizhou.com%2Fnews%2Fportfolio%2Fpickled-coil HTTP/1.1" 200 1222 "-" "Mozilla/5.0 (compatible; Baiduspider/2.0; +http://www.baidu.com/search/spider.html)"
36.133.115.36 - - [15/Feb/2026:04:42:50 +0800] "POST /wp-cron.php?doing_wp_cron=1771101770.6752500534057617187500 HTTP/1.1" 200 31 "-" "WordPress/6.9; http://cqqizhou.com"
60.188.57.0 - - [15/Feb/2026:04:42:50 +0800] "GET / HTTP/1.1" 200 34806 "-" "Mozilla/5.0 (iPhone; CPU iPhone OS 13_2_3 like Mac OS X) AppleWebKit/605.1.15 (KHTML, like Gecko) Version/13.0.3 Mobile/15E148 Safari/604.1"
180.153.236.37 - - [15/Feb/2026:04:43:20 +0800] "GET / HTTP/1.1" 200 35253 "http://cqqizhou.com" "Mozilla/5.0 (Windows NT 10.0; Win64; x64) AppleWebKit/537.36 (KHTML, like Gecko) Chrome/140.0.0.0 Safari/537.36 Edg/140.0.0.0; 360Spider"
36.133.115.36 - - [15/Feb/2026:04:46:23 +0800] "POST /wp-cron.php?doing_wp_cron=1771101983.4954819679260253906250 HTTP/1.1" 200 31 "-" "WordPress/6.9; http://cqqizhou.com"
121.199.160.16 - - [15/Feb/2026:04:46:23 +0800] "GET / HTTP/1.1" 301 5 "-" "Mozilla/5.0 (Windows NT 10.0; Win64; x64) AppleWebKit/537.36 (KHTML, like Gecko) Chrome/59.0.3071.115 Safari/537.36"
36.133.115.36 - - [15/Feb/2026:04:48:06 +0800] "POST /wp-cron.php?doing_wp_cron=1771102086.6691360473632812500000 HTTP/1.1" 200 31 "-" "WordPress/6.9; http://cqqizhou.com"
74.208.118.55 - - [15/Feb/2026:04:48:06 +0800] "POST /xmlrpc.php HTTP/1.1" 200 217 "-" "Mozilla/5.0 (Windows NT 10.0; WOW64) AppleWebKit/537.43 (KHTML, like Gecko) Chrome/135.0.0.0 Safari/537.36 OPR/120.0.0.0"
36.133.115.36 - - [15/Feb/2026:04:51:48 +0800] "POST /wp-cron.php?doing_wp_cron=1771102308.0945889949798583984375 HTTP/1.1" 200 31 "-" "WordPress/6.9; http://cqqizhou.com"
34.140.135.10 - - [15/Feb/2026:04:51:48 +0800] "GET / HTTP/1.1" 301 5 "-" "python-requests/2.32.5"
36.133.115.36 - - [15/Feb/2026:04:58:33 +0800] "POST /wp-cron.php?doing_wp_cron=1771102713.4870579242706298828125 HTTP/1.1" 200 31 "-" "WordPress/6.9; http://cqqizhou.com"
87.120.191.67 - - [15/Feb/2026:04:58:33 +0800] "POST / HTTP/1.1" 200 34809 "-" "Mozilla/5.0 (Windows NT 10.0; Win64; x64) AppleWebKit/537.36"
36.133.115.36 - - [15/Feb/2026:05:07:23 +0800] "POST /wp-cron.php?doing_wp_cron=1771103243.3760209083557128906250 HTTP/1.1" 200 31 "-" "WordPress/6.9; http://cqqizhou.com"
43.157.158.178 - - [15/Feb/2026:05:07:23 +0800] "GET / HTTP/1.1" 200 34808 "-" "Mozilla/5.0 (iPhone; CPU iPhone OS 13_2_3 like Mac OS X) AppleWebKit/605.1.15 (KHTML, like Gecko) Version/13.0.3 Mobile/15E148 Safari/604.1"
185.242.226.102 - - [15/Feb/2026:05:13:38 +0800] "GET / HTTP/1.1" 499 0 "-" "python-requests/2.26.0"
36.133.115.36 - - [15/Feb/2026:05:13:39 +0800] "POST /wp-cron.php?doing_wp_cron=1771103619.0434041023254394531250 HTTP/1.1" 200 31 "-" "WordPress/6.9; http://cqqizhou.com"
36.133.115.36 - - [15/Feb/2026:05:35:20 +0800] "POST /wp-cron.php?doing_wp_cron=1771104920.1342530250549316406250 HTTP/1.1" 200 31 "-" "WordPress/6.9; http://cqqizhou.com"
45.153.34.187 - - [15/Feb/2026:05:35:20 +0800] "GET / HTTP/1.1" 200 157069 "-" "Mozilla/5.0"
51.68.107.150 - - [15/Feb/2026:05:36:02 +0800] "GET /robots.txt HTTP/1.1" 200 190 "-" "Mozilla/5.0 (compatible; MJ12bot/v2.0.4; http://mj12bot.com/)"
51.68.107.150 - - [15/Feb/2026:05:36:02 +0800] "GET / HTTP/1.1" 200 35253 "-" "Mozilla/5.0 (compatible; MJ12bot/v2.0.4; http://mj12bot.com/)"
36.133.115.36 - - [15/Feb/2026:05:42:40 +0800] "POST /wp-cron.php?doing_wp_cron=1771105360.1317000389099121093750 HTTP/1.1" 200 31 "-" "WordPress/6.9; http://cqqizhou.com"
195.3.221.86 - - [15/Feb/2026:05:42:40 +0800] "GET / HTTP/1.1" 200 109837 "-" "Mozilla/5.0 (X11; Linux x86_64; rv:144.0) Gecko/20100101 Firefox/144.0"
40.77.167.70 - - [15/Feb/2026:05:46:56 +0800] "GET /logistics HTTP/1.1" 200 30909 "-" "Mozilla/5.0 AppleWebKit/537.36 (KHTML, like Gecko; compatible; bingbot/2.0; +http://www.bing.com/bingbot.htm) Chrome/116.0.1938.76 Safari/537.36"
36.133.115.36 - - [15/Feb/2026:05:49:02 +0800] "POST /wp-cron.php?doing_wp_cron=1771105742.3904740810394287109375 HTTP/1.1" 200 31 "-" "WordPress/6.9; http://cqqizhou.com"
79.162.235.144 - - [15/Feb/2026:05:49:02 +0800] "POST /xmlrpc.php HTTP/1.1" 200 217 "-" "Mozilla/5.0 (Windows NT 10.0; rv:145.0) Gecko/20100101 Firefox/145.0"
36.133.115.36 - - [15/Feb/2026:05:54:50 +0800] "POST /wp-cron.php?doing_wp_cron=1771106090.9417240619659423828125 HTTP/1.1" 200 31 "-" "WordPress/6.9; http://cqqizhou.com"
49.51.178.45 - - [15/Feb/2026:05:54:50 +0800] "GET / HTTP/1.1" 200 34808 "-" "Mozilla/5.0 (iPhone; CPU iPhone OS 13_2_3 like Mac OS X) AppleWebKit/605.1.15 (KHTML, like Gecko) Version/13.0.3 Mobile/15E148 Safari/604.1"
36.133.115.36 - - [15/Feb/2026:05:55:33 +0800] "POST /wp-cron.php?doing_wp_cron=1771106133.8525900840759277343750 HTTP/1.1" 200 31 "-" "WordPress/6.9; http://cqqizhou.com"
52.165.81.64 - - [15/Feb/2026:05:55:33 +0800] "GET / HTTP/1.1" 301 5 "-" "Mozilla/5.0 zgrab/0.x"
54.37.118.94 - - [15/Feb/2026:06:02:59 +0800] "GET / HTTP/1.1" 200 35253 "-" "Mozilla/5.0 (compatible; AhrefsBot/7.0; +http://ahrefs.com/robot/)"
36.133.115.36 - - [15/Feb/2026:06:07:44 +0800] "POST /wp-cron.php?doing_wp_cron=1771106864.3755700588226318359375 HTTP/1.1" 200 31 "-" "WordPress/6.9; http://cqqizhou.com"
43.153.12.58 - - [15/Feb/2026:06:07:44 +0800] "GET / HTTP/1.1" 200 34808 "-" "Mozilla/5.0 (iPhone; CPU iPhone OS 13_2_3 like Mac OS X) AppleWebKit/605.1.15 (KHTML, like Gecko) Version/13.0.3 Mobile/15E148 Safari/604.1"
66.181.39.1 - - [15/Feb/2026:06:08:05 +0800] "GET /wp-login.php HTTP/1.1" 200 2853 "https://duckduckgo.com/" "Mozilla/5.0 (X11; Linux x86_64) AppleWebKit/537.36 (KHTML, like Gecko) Chrome/120.0.0.0 Safari/537.36"
66.181.39.1 - - [15/Feb/2026:06:08:07 +0800] "GET /?author=1 HTTP/1.1" 301 5 "-" "Mozilla/5.0 (Windows NT 10.0; Win64; x64) AppleWebKit/537.36 (KHTML, like Gecko) Chrome/119.0.0.0 Safari/537.36"
36.133.115.36 - - [15/Feb/2026:06:08:08 +0800] "POST /wp-cron.php?doing_wp_cron=1771106888.7020769119262695312500 HTTP/1.1" 200 31 "-" "WordPress/6.9; http://cqqizhou.com"
66.181.39.1 - - [15/Feb/2026:06:08:08 +0800] "GET /news/author/admin HTTP/1.1" 200 25813 "-" "Mozilla/5.0 (Windows NT 10.0; Win64; x64) AppleWebKit/537.36 (KHTML, like Gecko) Chrome/119.0.0.0 Safari/537.36"
66.181.39.1 - - [15/Feb/2026:06:08:13 +0800] "GET /?author=2 HTTP/1.1" 404 8949 "" "Mozilla/5.0 (Windows NT 10.0; Win64; x64; rv:121.0) Gecko/20100101 Firefox/121.0"
66.181.39.1 - - [15/Feb/2026:06:08:14 +0800] "GET /?author=3 HTTP/1.1" 404 8950 "-" "Mozilla/5.0 (Windows NT 11.0; Win64; x64; rv:120.0) Gecko/20100101 Firefox/120.0"
66.181.39.1 - - [15/Feb/2026:06:08:16 +0800] "GET /?author=4 HTTP/1.1" 404 8949 "-" "Mozilla/5.0 (Windows NT 11.0; Win64; x64; rv:120.0) Gecko/20100101 Firefox/120.0"
66.181.39.1 - - [15/Feb/2026:06:08:17 +0800] "GET /?author=5 HTTP/1.1" 404 8949 "-" "Mozilla/5.0 (Windows NT 11.0; Win64; x64; rv:121.0) Gecko/20100101 Firefox/121.0"
66.181.39.1 - - [15/Feb/2026:06:08:19 +0800] "GET /?author=6 HTTP/1.1" 404 8949 "https://www.google.com/" "Mozilla/5.0 (Windows NT 11.0; Win64; x64) AppleWebKit/537.36 (KHTML, like Gecko) Chrome/120.0.0.0 Safari/537.36"
66.181.39.1 - - [15/Feb/2026:06:08:20 +0800] "GET /?author=7 HTTP/1.1" 404 8946 "" "Mozilla/5.0 (Windows NT 11.0; Win64; x64) AppleWebKit/537.36 (KHTML, like Gecko) Chrome/118.0.0.0 Safari/537.36"
66.181.39.1 - - [15/Feb/2026:06:08:22 +0800] "GET /?author=8 HTTP/1.1" 404 8949 "-" "Mozilla/5.0 (Macintosh; Intel Mac OS X 10_15_7; rv:119.0) Gecko/20100101 Firefox/119.0"
66.181.39.1 - - [15/Feb/2026:06:08:23 +0800] "GET /?author=9 HTTP/1.1" 404 8949 "-" "Mozilla/5.0 (Macintosh; Intel Mac OS X 10_15_7) AppleWebKit/605.1.15 (KHTML, like Gecko) Version/17.1 Safari/605.1.15"
66.181.39.1 - - [15/Feb/2026:06:08:24 +0800] "GET /wp-json/wp/v2/users HTTP/1.1" 200 284 "https://duckduckgo.com/" "Mozilla/5.0 (Macintosh; Intel Mac OS X 10_15_7; rv:118.0) Gecko/20100101 Firefox/118.0"
66.181.39.1 - - [15/Feb/2026:06:08:24 +0800] "GET / HTTP/1.1" 200 35253 "-" "Mozilla/5.0 (Macintosh; Intel Mac OS X 13_6_1) AppleWebKit/605.1.15 (KHTML, like Gecko) Version/17.2 Safari/605.1.15"
66.181.39.1 - - [15/Feb/2026:06:08:30 +0800] "POST /wp-login.php HTTP/1.1" 200 2999 "http://cqqizhou.com/wp-login.php" "Mozilla/5.0 (Macintosh; Intel Mac OS X 10_15_7; rv:118.0) Gecko/20100101 Firefox/118.0"
66.181.39.1 - - [15/Feb/2026:06:08:31 +0800] "GET /wp-admin/index.php HTTP/1.1" 302 5 "http://cqqizhou.com/wp-login.php" "Mozilla/5.0 (Windows NT 10.0; Win64; x64; rv:121.0) Gecko/20100101 Firefox/121.0"
66.181.39.1 - - [15/Feb/2026:06:08:32 +0800] "GET /wp-login.php?redirect_to=http%3A%2F%2Fcqqizhou.com%2Fwp-admin%2Findex.php&reauth=1 HTTP/1.1" 200 2858 "http://cqqizhou.com/wp-login.php" "Mozilla/5.0 (Windows NT 10.0; Win64; x64; rv:121.0) Gecko/20100101 Firefox/121.0"
66.181.39.1 - - [15/Feb/2026:06:08:33 +0800] "POST /wp-login.php HTTP/1.1" 200 2999 "http://cqqizhou.com/wp-login.php" "Mozilla/5.0 (Macintosh; Intel Mac OS X 10_15_7; rv:120.0) Gecko/20100101 Firefox/120.0"
66.181.39.1 - - [15/Feb/2026:06:08:34 +0800] "GET /wp-admin/index.php HTTP/1.1" 302 5 "http://cqqizhou.com/wp-login.php" "Mozilla/5.0 (Windows NT 11.0; Win64; x64; rv:118.0) Gecko/20100101 Firefox/118.0"
66.181.39.1 - - [15/Feb/2026:06:08:35 +0800] "GET /wp-login.php?redirect_to=http%3A%2F%2Fcqqizhou.com%2Fwp-admin%2Findex.php&reauth=1 HTTP/1.1" 200 2858 "http://cqqizhou.com/wp-login.php" "Mozilla/5.0 (Windows NT 11.0; Win64; x64; rv:118.0) Gecko/20100101 Firefox/118.0"
66.181.39.1 - - [15/Feb/2026:06:08:37 +0800] "POST /wp-login.php HTTP/1.1" 200 2999 "http://cqqizhou.com/wp-login.php" "Mozilla/5.0 (Macintosh; Intel Mac OS X 13_6_1) AppleWebKit/537.36 (KHTML, like Gecko) Chrome/121.0.0.0 Safari/537.36"
66.181.39.1 - - [15/Feb/2026:06:08:38 +0800] "GET /wp-admin/index.php HTTP/1.1" 302 5 "http://cqqizhou.com/wp-login.php" "Mozilla/5.0 (Windows NT 11.0; Win64; x64; rv:121.0) Gecko/20100101 Firefox/121.0"
66.181.39.1 - - [15/Feb/2026:06:08:39 +0800] "GET /wp-login.php?redirect_to=http%3A%2F%2Fcqqizhou.com%2Fwp-admin%2Findex.php&reauth=1 HTTP/1.1" 200 2858 "http://cqqizhou.com/wp-login.php" "Mozilla/5.0 (Windows NT 11.0; Win64; x64; rv:121.0) Gecko/20100101 Firefox/121.0"
66.181.39.1 - - [15/Feb/2026:06:08:40 +0800] "POST /wp-login.php HTTP/1.1" 200 2999 "http://cqqizhou.com/wp-login.php" "Mozilla/5.0 (Windows NT 10.0; Win64; x64; rv:121.0) Gecko/20100101 Firefox/121.0"
66.181.39.1 - - [15/Feb/2026:06:08:41 +0800] "GET /wp-admin/index.php HTTP/1.1" 302 5 "http://cqqizhou.com/wp-login.php" "Mozilla/5.0 (Macintosh; Intel Mac OS X 10_15_7) AppleWebKit/537.36 (KHTML, like Gecko) Chrome/119.0.0.0 Safari/537.36"
66.181.39.1 - - [15/Feb/2026:06:08:42 +0800] "GET /wp-login.php?redirect_to=http%3A%2F%2Fcqqizhou.com%2Fwp-admin%2Findex.php&reauth=1 HTTP/1.1" 200 2858 "http://cqqizhou.com/wp-login.php" "Mozilla/5.0 (Macintosh; Intel Mac OS X 10_15_7) AppleWebKit/537.36 (KHTML, like Gecko) Chrome/119.0.0.0 Safari/537.36"
66.181.39.1 - - [15/Feb/2026:06:08:44 +0800] "POST /wp-login.php HTTP/1.1" 200 2999 "http://cqqizhou.com/wp-login.php" "Mozilla/5.0 (X11; Linux x86_64) AppleWebKit/537.36 (KHTML, like Gecko) Chrome/120.0.0.0 Safari/537.36"
66.181.39.1 - - [15/Feb/2026:06:08:45 +0800] "GET /wp-admin/index.php HTTP/1.1" 302 5 "http://cqqizhou.com/wp-login.php" "Mozilla/5.0 (Windows NT 11.0; Win64; x64; rv:118.0) Gecko/20100101 Firefox/118.0"
66.181.39.1 - - [15/Feb/2026:06:08:46 +0800] "GET /wp-login.php?redirect_to=http%3A%2F%2Fcqqizhou.com%2Fwp-admin%2Findex.php&reauth=1 HTTP/1.1" 200 2858 "http://cqqizhou.com/wp-login.php" "Mozilla/5.0 (Windows NT 11.0; Win64; x64; rv:118.0) Gecko/20100101 Firefox/118.0"
66.181.39.1 - - [15/Feb/2026:06:08:47 +0800] "POST /wp-login.php HTTP/1.1" 200 2999 "http://cqqizhou.com/wp-login.php" "Mozilla/5.0 (X11; Ubuntu; Linux x86_64) AppleWebKit/537.36 (KHTML, like Gecko) Chrome/119.0.0.0 Safari/537.36"
66.181.39.1 - - [15/Feb/2026:06:08:48 +0800] "GET /wp-admin/index.php HTTP/1.1" 302 5 "http://cqqizhou.com/wp-login.php" "Mozilla/5.0 (X11; Ubuntu; Linux x86_64) AppleWebKit/537.36 (KHTML, like Gecko) Chrome/119.0.0.0 Safari/537.36"
66.181.39.1 - - [15/Feb/2026:06:08:49 +0800] "GET /wp-login.php?redirect_to=http%3A%2F%2Fcqqizhou.com%2Fwp-admin%2Findex.php&reauth=1 HTTP/1.1" 200 2858 "http://cqqizhou.com/wp-login.php" "Mozilla/5.0 (X11; Ubuntu; Linux x86_64) AppleWebKit/537.36 (KHTML, like Gecko) Chrome/119.0.0.0 Safari/537.36"
66.181.39.1 - - [15/Feb/2026:06:08:51 +0800] "POST /wp-login.php HTTP/1.1" 200 2999 "http://cqqizhou.com/wp-login.php" "Mozilla/5.0 (Macintosh; Intel Mac OS X 10_15_7) AppleWebKit/537.36 (KHTML, like Gecko) Chrome/119.0.0.0 Safari/537.36"
66.181.39.1 - - [15/Feb/2026:06:08:52 +0800] "GET /wp-admin/index.php HTTP/1.1" 302 5 "http://cqqizhou.com/wp-login.php" "Mozilla/5.0 (Macintosh; Intel Mac OS X 13_6_1; rv:119.0) Gecko/20100101 Firefox/119.0"
66.181.39.1 - - [15/Feb/2026:06:08:53 +0800] "GET /wp-login.php?redirect_to=http%3A%2F%2Fcqqizhou.com%2Fwp-admin%2Findex.php&reauth=1 HTTP/1.1" 200 2858 "http://cqqizhou.com/wp-login.php" "Mozilla/5.0 (Macintosh; Intel Mac OS X 13_6_1; rv:119.0) Gecko/20100101 Firefox/119.0"
66.181.39.1 - - [15/Feb/2026:06:08:54 +0800] "POST /wp-login.php HTTP/1.1" 200 2999 "http://cqqizhou.com/wp-login.php" "Mozilla/5.0 (Macintosh; Intel Mac OS X 13_6_1) AppleWebKit/537.36 (KHTML, like Gecko) Chrome/121.0.0.0 Safari/537.36"
66.181.39.1 - - [15/Feb/2026:06:08:55 +0800] "GET /wp-admin/index.php HTTP/1.1" 302 5 "http://cqqizhou.com/wp-login.php" "Mozilla/5.0 (Macintosh; Intel Mac OS X 10_15_7) AppleWebKit/605.1.15 (KHTML, like Gecko) Version/17.2 Safari/605.1.15"
