36.133.115.36 - - [28/Dec/2025:09:55:12 +0800] "POST /wp-cron.php?doing_wp_cron=1766886912.5144889354705810546875 HTTP/1.1" 200 31 "-" "WordPress/6.8.3; http://cqqizhou.com"
178.63.214.90 - - [28/Dec/2025:09:55:12 +0800] "POST /xmlrpc.php HTTP/1.1" 200 217 "-" "Mozilla/5.0 (Windows NT 10.0; Win64; x64; rv:42.0) Gecko/20100101 Firefox/42.0"
36.133.115.36 - - [28/Dec/2025:10:04:44 +0800] "POST /wp-cron.php?doing_wp_cron=1766887484.2855660915374755859375 HTTP/1.1" 200 31 "-" "WordPress/6.8.3; http://cqqizhou.com"
66.249.68.70 - - [28/Dec/2025:10:04:44 +0800] "GET /work-safety/ HTTP/1.1" 200 17989 "-" "Mozilla/5.0 (Linux; Android 6.0.1; Nexus 5X Build/MMB29P) AppleWebKit/537.36 (KHTML, like Gecko) Chrome/141.0.7390.122 Mobile Safari/537.36 (compatible; GoogleOther)"
36.133.115.36 - - [28/Dec/2025:10:04:51 +0800] "POST /wp-cron.php?doing_wp_cron=1766887491.2516229152679443359375 HTTP/1.1" 200 31 "-" "WordPress/6.8.3; http://cqqizhou.com"
66.249.68.70 - - [28/Dec/2025:10:04:51 +0800] "GET /company-news/ HTTP/1.1" 200 19698 "-" "Mozilla/5.0 (Linux; Android 6.0.1; Nexus 5X Build/MMB29P) AppleWebKit/537.36 (KHTML, like Gecko) Chrome/141.0.7390.122 Mobile Safari/537.36 (compatible; GoogleOther)"
66.249.68.70 - - [28/Dec/2025:10:04:58 +0800] "GET /2373/ HTTP/1.1" 200 22313 "-" "Mozilla/5.0 (Linux; Android 6.0.1; Nexus 5X Build/MMB29P) AppleWebKit/537.36 (KHTML, like Gecko) Chrome/141.0.7390.122 Mobile Safari/537.36 (compatible; GoogleOther)"
36.133.115.36 - - [28/Dec/2025:10:07:13 +0800] "POST /wp-cron.php?doing_wp_cron=1766887633.5991110801696777343750 HTTP/1.1" 200 31 "-" "WordPress/6.8.3; http://cqqizhou.com"
38.46.221.123 - - [28/Dec/2025:10:07:13 +0800] "GET http://check.9tb.org/ HTTP/1.1" 301 5 "-" "Go-http-client/1.1"
38.46.221.123 - - [28/Dec/2025:10:07:14 +0800] "GET http://cqqizhou.com/ HTTP/1.1" 200 34109 "http://check.9tb.org" "Go-http-client/1.1"
101.75.209.72 - - [28/Dec/2025:10:13:28 +0800] "GET /about/ HTTP/1.1" 200 29976 "-" "Mozilla/5.0 (Windows NT 6.2; WOW64) AppleWebKit/537.36 (KHTML, like Gecko) Chrome/27.0.1453.93 Safari/537.36"
36.133.115.36 - - [28/Dec/2025:10:16:04 +0800] "POST /wp-cron.php?doing_wp_cron=1766888164.0008211135864257812500 HTTP/1.1" 200 31 "-" "WordPress/6.8.3; http://cqqizhou.com"
167.99.10.180 - - [28/Dec/2025:10:16:04 +0800] "GET / HTTP/1.1" 301 5 "-" "Mozilla/5.0 (X11; Linux x86_64) AppleWebKit/537.36 (KHTML, like Gecko) Chrome/142.0.0.0 Safari/537.36"
36.133.115.36 - - [28/Dec/2025:10:18:44 +0800] "POST /wp-cron.php?doing_wp_cron=1766888324.0240550041198730468750 HTTP/1.1" 200 31 "-" "WordPress/6.8.3; http://cqqizhou.com"
204.76.203.212 - - [28/Dec/2025:10:18:44 +0800] "GET / HTTP/1.1" 200 33679 "-" "Mozilla/5.0 (Windows NT 10.0; Win64; x64) AppleWebKit/537.36 (KHTML, like Gecko) Chrome/90.0.4430.85 Safari/537.36 Edg/90.0.818.46"
36.133.115.36 - - [28/Dec/2025:10:19:44 +0800] "POST /wp-cron.php?doing_wp_cron=1766888384.8846559524536132812500 HTTP/1.1" 200 31 "-" "WordPress/6.8.3; http://cqqizhou.com"
204.76.203.219 - - [28/Dec/2025:10:19:45 +0800] "GET / HTTP/1.1" 200 33679 "-" "Mozilla/5.0 (Windows NT 10.0; Win64; x64) AppleWebKit/537.36 (KHTML, like Gecko) Chrome/90.0.4430.85 Safari/537.36 Edg/90.0.818.46"
36.133.115.36 - - [28/Dec/2025:10:27:03 +0800] "POST /wp-cron.php?doing_wp_cron=1766888823.5141580104827880859375 HTTP/1.1" 200 31 "-" "WordPress/6.8.3; http://cqqizhou.com"
78.153.140.203 - - [28/Dec/2025:10:27:03 +0800] "GET /.env HTTP/1.1" 404 31364 "-" "Mozilla/5.0 (Linux; Android 7.0; SM-G930V Build/NRD90M) AppleWebKit/537.36 (KHTML, like Gecko) Chrome/61.0.3163.98 Mobile Safari/537.36"
78.153.140.203 - - [28/Dec/2025:10:27:05 +0800] "GET /api/.env HTTP/1.1" 404 31364 "-" "Mozilla/5.0 (Windows NT 6.2; Win64; x64) AppleWebKit/537.36 (KHTML, like Gecko) Chrome/61.0.3163.100 Safari/537.36"
78.153.140.203 - - [28/Dec/2025:10:27:07 +0800] "GET /backend/.env HTTP/1.1" 404 31364 "-" "Mozilla/4.0 (compatible; MSIE 5.0; Windows XP) Opera 6.06  [de]"
78.153.140.203 - - [28/Dec/2025:10:27:08 +0800] "GET /admin/.env HTTP/1.1" 404 31364 "-" "Mozilla/4.0 (compatible; MSIE 7.0; Windows NT 6.2; WOW64; Trident/7.0; .NET4.0C; .NET4.0E; .NET CLR 2.0.50727; .NET CLR 3.0.30729; .NET CLR 3.5.30729; Zoom 3.6.0)"
78.153.140.203 - - [28/Dec/2025:10:27:11 +0800] "GET /.env.example HTTP/1.1" 404 31364 "-" "Mozilla/5.0 (X11; U; Linux i686; en-US; rv:1.7.10) Gecko/20050720 Fedora/1.0.6-1.1.fc3 Firefox/1.0.6"
36.133.115.36 - - [28/Dec/2025:10:28:21 +0800] "POST /wp-cron.php?doing_wp_cron=1766888901.1041750907897949218750 HTTP/1.1" 200 31 "-" "WordPress/6.8.3; http://cqqizhou.com"
185.191.171.2 - - [28/Dec/2025:10:28:21 +0800] "GET /robots.txt HTTP/1.1" 200 190 "-" "Mozilla/5.0 (compatible; SemrushBot/7~bl; +http://www.semrush.com/bot.html)"
185.191.171.7 - - [28/Dec/2025:10:28:22 +0800] "GET /2153/ HTTP/1.1" 200 24280 "-" "Mozilla/5.0 (compatible; SemrushBot/7~bl; +http://www.semrush.com/bot.html)"
36.133.115.36 - - [28/Dec/2025:10:36:09 +0800] "POST /wp-cron.php?doing_wp_cron=1766889369.9387159347534179687500 HTTP/1.1" 200 31 "-" "WordPress/6.8.3; http://cqqizhou.com"
45.88.106.230 - - [28/Dec/2025:10:36:10 +0800] "POST /xmlrpc.php HTTP/1.1" 200 217 "-" "Mozilla/5.0 (Windows NT 10.0; Win64; x64; rv:81.0) Gecko/20100101 Firefox/81.0"
36.133.115.36 - - [28/Dec/2025:10:41:18 +0800] "POST /wp-cron.php?doing_wp_cron=1766889678.8719959259033203125000 HTTP/1.1" 200 31 "-" "WordPress/6.8.3; http://cqqizhou.com"
170.106.143.6 - - [28/Dec/2025:10:41:19 +0800] "GET / HTTP/1.1" 200 33679 "-" "Mozilla/5.0 (iPhone; CPU iPhone OS 13_2_3 like Mac OS X) AppleWebKit/605.1.15 (KHTML, like Gecko) Version/13.0.3 Mobile/15E148 Safari/604.1"
36.133.115.36 - - [28/Dec/2025:10:42:04 +0800] "POST /wp-cron.php?doing_wp_cron=1766889724.6515109539031982421875 HTTP/1.1" 200 31 "-" "WordPress/6.8.3; http://cqqizhou.com"
217.125.100.230 - - [28/Dec/2025:10:42:04 +0800] "POST /xmlrpc.php HTTP/1.1" 200 217 "-" "Mozilla/5.0 (Windows NT 10.0; Win64; x64; rv:98.0) Gecko/20100101 Firefox/98.0"
36.133.115.36 - - [28/Dec/2025:10:52:42 +0800] "POST /wp-cron.php?doing_wp_cron=1766890362.9075899124145507812500 HTTP/1.1" 200 31 "-" "WordPress/6.8.3; http://cqqizhou.com"
52.167.144.158 - - [28/Dec/2025:10:52:43 +0800] "GET /?s=2025 HTTP/1.1" 200 19787 "-" "Mozilla/5.0 AppleWebKit/537.36 (KHTML, like Gecko; compatible; bingbot/2.0; +http://www.bing.com/bingbot.htm) Chrome/116.0.1938.76 Safari/537.36"
36.133.115.36 - - [28/Dec/2025:11:06:34 +0800] "POST /wp-cron.php?doing_wp_cron=1766891194.7605140209197998046875 HTTP/1.1" 200 31 "-" "WordPress/6.8.3; http://cqqizhou.com"
47.114.89.255 - - [28/Dec/2025:11:06:34 +0800] "GET /Scripts/ueditor1_4_3-utf8-net/net/controller.ashx?action=catchimage HTTP/1.1" 404 8981 "-" "Mozilla/5.0 (Windows NT 10.0; Win64; x64)"
36.133.115.36 - - [28/Dec/2025:11:08:09 +0800] "POST /wp-cron.php?doing_wp_cron=1766891289.0717411041259765625000 HTTP/1.1" 200 31 "-" "WordPress/6.8.3; http://cqqizhou.com"
185.100.157.37 - - [28/Dec/2025:11:08:09 +0800] "POST /hello.world?%ADd+allow_url_include%3d1+%ADd+auto_prepend_file%3dphp://input HTTP/1.1" 404 31364 "-" "libredtail-http"
185.100.157.37 - - [28/Dec/2025:11:08:10 +0800] "POST /?%ADd+allow_url_include%3d1+%ADd+auto_prepend_file%3dphp://input HTTP/1.1" 200 152290 "-" "libredtail-http"
185.100.157.37 - - [28/Dec/2025:11:08:11 +0800] "GET /vendor/phpunit/phpunit/src/Util/PHP/eval-stdin.php HTTP/1.1" 404 27 "-" "libredtail-http"
185.100.157.37 - - [28/Dec/2025:11:08:12 +0800] "GET /vendor/phpunit/phpunit/Util/PHP/eval-stdin.php HTTP/1.1" 404 27 "-" "libredtail-http"
185.100.157.37 - - [28/Dec/2025:11:08:12 +0800] "GET /vendor/phpunit/src/Util/PHP/eval-stdin.php HTTP/1.1" 404 27 "-" "libredtail-http"
185.100.157.37 - - [28/Dec/2025:11:08:13 +0800] "GET /vendor/phpunit/Util/PHP/eval-stdin.php HTTP/1.1" 404 27 "-" "libredtail-http"
185.100.157.37 - - [28/Dec/2025:11:08:13 +0800] "GET /vendor/phpunit/phpunit/LICENSE/eval-stdin.php HTTP/1.1" 404 27 "-" "libredtail-http"
185.100.157.37 - - [28/Dec/2025:11:08:13 +0800] "GET /vendor/vendor/phpunit/phpunit/src/Util/PHP/eval-stdin.php HTTP/1.1" 404 27 "-" "libredtail-http"
185.100.157.37 - - [28/Dec/2025:11:08:14 +0800] "GET /phpunit/phpunit/src/Util/PHP/eval-stdin.php HTTP/1.1" 404 27 "-" "libredtail-http"
185.100.157.37 - - [28/Dec/2025:11:08:14 +0800] "GET /phpunit/phpunit/Util/PHP/eval-stdin.php HTTP/1.1" 404 27 "-" "libredtail-http"
185.100.157.37 - - [28/Dec/2025:11:08:14 +0800] "GET /phpunit/src/Util/PHP/eval-stdin.php HTTP/1.1" 404 27 "-" "libredtail-http"
185.100.157.37 - - [28/Dec/2025:11:08:15 +0800] "GET /phpunit/Util/PHP/eval-stdin.php HTTP/1.1" 404 27 "-" "libredtail-http"
185.100.157.37 - - [28/Dec/2025:11:08:15 +0800] "GET /lib/phpunit/phpunit/src/Util/PHP/eval-stdin.php HTTP/1.1" 404 27 "-" "libredtail-http"
185.100.157.37 - - [28/Dec/2025:11:08:15 +0800] "GET /lib/phpunit/phpunit/Util/PHP/eval-stdin.php HTTP/1.1" 404 27 "-" "libredtail-http"
185.100.157.37 - - [28/Dec/2025:11:08:16 +0800] "GET /lib/phpunit/src/Util/PHP/eval-stdin.php HTTP/1.1" 404 27 "-" "libredtail-http"
185.100.157.37 - - [28/Dec/2025:11:08:16 +0800] "GET /lib/phpunit/Util/PHP/eval-stdin.php HTTP/1.1" 404 27 "-" "libredtail-http"
185.100.157.37 - - [28/Dec/2025:11:08:16 +0800] "GET /lib/vendor/phpunit/phpunit/src/Util/PHP/eval-stdin.php HTTP/1.1" 404 27 "-" "libredtail-http"
185.100.157.37 - - [28/Dec/2025:11:08:17 +0800] "GET /laravel/vendor/phpunit/phpunit/src/Util/PHP/eval-stdin.php HTTP/1.1" 404 27 "-" "libredtail-http"
185.100.157.37 - - [28/Dec/2025:11:08:17 +0800] "GET /www/vendor/phpunit/phpunit/src/Util/PHP/eval-stdin.php HTTP/1.1" 404 27 "-" "libredtail-http"
185.100.157.37 - - [28/Dec/2025:11:08:17 +0800] "GET /ws/vendor/phpunit/phpunit/src/Util/PHP/eval-stdin.php HTTP/1.1" 404 27 "-" "libredtail-http"
185.100.157.37 - - [28/Dec/2025:11:08:18 +0800] "GET /yii/vendor/phpunit/phpunit/src/Util/PHP/eval-stdin.php HTTP/1.1" 404 27 "-" "libredtail-http"
185.100.157.37 - - [28/Dec/2025:11:08:18 +0800] "GET /zend/vendor/phpunit/phpunit/src/Util/PHP/eval-stdin.php HTTP/1.1" 404 27 "-" "libredtail-http"
185.100.157.37 - - [28/Dec/2025:11:08:18 +0800] "GET /ws/ec/vendor/phpunit/phpunit/src/Util/PHP/eval-stdin.php HTTP/1.1" 404 27 "-" "libredtail-http"
185.100.157.37 - - [28/Dec/2025:11:08:18 +0800] "GET /V2/vendor/phpunit/phpunit/src/Util/PHP/eval-stdin.php HTTP/1.1" 404 27 "-" "libredtail-http"
185.100.157.37 - - [28/Dec/2025:11:08:19 +0800] "GET /tests/vendor/phpunit/phpunit/src/Util/PHP/eval-stdin.php HTTP/1.1" 404 27 "-" "libredtail-http"
185.100.157.37 - - [28/Dec/2025:11:08:19 +0800] "GET /test/vendor/phpunit/phpunit/src/Util/PHP/eval-stdin.php HTTP/1.1" 404 27 "-" "libredtail-http"
185.100.157.37 - - [28/Dec/2025:11:08:20 +0800] "GET /testing/vendor/phpunit/phpunit/src/Util/PHP/eval-stdin.php HTTP/1.1" 404 27 "-" "libredtail-http"
185.100.157.37 - - [28/Dec/2025:11:08:20 +0800] "GET /api/vendor/phpunit/phpunit/src/Util/PHP/eval-stdin.php HTTP/1.1" 404 27 "-" "libredtail-http"
185.100.157.37 - - [28/Dec/2025:11:08:20 +0800] "GET /demo/vendor/phpunit/phpunit/src/Util/PHP/eval-stdin.php HTTP/1.1" 404 27 "-" "libredtail-http"
185.100.157.37 - - [28/Dec/2025:11:08:21 +0800] "GET /cms/vendor/phpunit/phpunit/src/Util/PHP/eval-stdin.php HTTP/1.1" 404 27 "-" "libredtail-http"
185.100.157.37 - - [28/Dec/2025:11:08:21 +0800] "GET /crm/vendor/phpunit/phpunit/src/Util/PHP/eval-stdin.php HTTP/1.1" 404 27 "-" "libredtail-http"
185.100.157.37 - - [28/Dec/2025:11:08:21 +0800] "GET /admin/vendor/phpunit/phpunit/src/Util/PHP/eval-stdin.php HTTP/1.1" 404 27 "-" "libredtail-http"
185.100.157.37 - - [28/Dec/2025:11:08:22 +0800] "GET /backup/vendor/phpunit/phpunit/src/Util/PHP/eval-stdin.php HTTP/1.1" 404 27 "-" "libredtail-http"
185.100.157.37 - - [28/Dec/2025:11:08:22 +0800] "GET /blog/vendor/phpunit/phpunit/src/Util/PHP/eval-stdin.php HTTP/1.1" 404 27 "-" "libredtail-http"
185.100.157.37 - - [28/Dec/2025:11:08:22 +0800] "GET /workspace/drupal/vendor/phpunit/phpunit/src/Util/PHP/eval-stdin.php HTTP/1.1" 404 27 "-" "libredtail-http"
185.100.157.37 - - [28/Dec/2025:11:08:23 +0800] "GET /panel/vendor/phpunit/phpunit/src/Util/PHP/eval-stdin.php HTTP/1.1" 404 27 "-" "libredtail-http"
185.100.157.37 - - [28/Dec/2025:11:08:23 +0800] "GET /public/vendor/phpunit/phpunit/src/Util/PHP/eval-stdin.php HTTP/1.1" 404 27 "-" "libredtail-http"
185.100.157.37 - - [28/Dec/2025:11:08:23 +0800] "GET /apps/vendor/phpunit/phpunit/src/Util/PHP/eval-stdin.php HTTP/1.1" 404 27 "-" "libredtail-http"
185.100.157.37 - - [28/Dec/2025:11:08:24 +0800] "GET /app/vendor/phpunit/phpunit/src/Util/PHP/eval-stdin.php HTTP/1.1" 404 27 "-" "libredtail-http"
185.100.157.37 - - [28/Dec/2025:11:08:25 +0800] "GET /index.php?s=/index/\x5Cthink\x5Capp/invokefunction&function=call_user_func_array&vars[0]=md5&vars[1][]=Hello HTTP/1.1" 200 65249 "-" "libredtail-http"
185.100.157.37 - - [28/Dec/2025:11:08:26 +0800] "GET /public/index.php?s=/index/\x5Cthink\x5Capp/invokefunction&function=call_user_func_array&vars[0]=md5&vars[1][]=Hello HTTP/1.1" 404 27 "-" "libredtail-http"
185.100.157.37 - - [28/Dec/2025:11:08:28 +0800] "GET /index.php?lang=../../../../../../../../usr/local/lib/php/pearcmd&+config-create+/&/<?echo(md5(\x22hi\x22));?>+/tmp/index1.php HTTP/1.1" 200 152290 "-" "libredtail-http"
185.100.157.37 - - [28/Dec/2025:11:08:29 +0800] "GET /index.php?lang=../../../../../../../../tmp/index1 HTTP/1.1" 200 152290 "-" "libredtail-http"
185.100.157.37 - - [28/Dec/2025:11:08:31 +0800] "GET /containers/json HTTP/1.1" 301 5 "-" "libredtail-http"
185.100.157.37 - - [28/Dec/2025:11:08:32 +0800] "GET /containers/json HTTP/1.1" 301 5 "-" "libredtail-http"
118.251.41.146 - - [28/Dec/2025:11:08:39 +0800] "GET http://cqqizhou.com/ HTTP/1.1" 200 34109 "-" "Mozilla/5.0 (Windows NT 10.0; Win64; x64) AppleWebKit/537.36 (KHTML, like Gecko) Chrome/136.0.0.0 Safari/537.36"
120.227.215.195 - - [28/Dec/2025:11:08:40 +0800] "GET / HTTP/1.1" 301 5 "-" "Mozilla/5.0 (Windows NT 10.0; Win64; x64) AppleWebKit/537.36 (KHTML, like Gecko) Chrome/136.0.0.0 Safari/537.36"
120.227.215.195 - - [28/Dec/2025:11:08:40 +0800] "GET / HTTP/1.1" 200 34109 "-" "Mozilla/5.0 (Windows NT 10.0; Win64; x64) AppleWebKit/537.36 (KHTML, like Gecko) Chrome/136.0.0.0 Safari/537.36"
120.227.215.195 - - [28/Dec/2025:11:08:40 +0800] "GET / HTTP/1.1" 200 34109 "-" "Mozilla/5.0 (Windows NT 10.0; Win64; x64) AppleWebKit/537.36 (KHTML, like Gecko) Chrome/136.0.0.0 Safari/537.36"
36.133.115.36 - - [28/Dec/2025:11:08:57 +0800] "POST /wp-cron.php?doing_wp_cron=1766891337.1945409774780273437500 HTTP/1.1" 200 31 "-" "WordPress/6.8.3; http://cqqizhou.com"
120.77.174.138 - - [28/Dec/2025:11:08:57 +0800] "POST /wp-login.php HTTP/1.1" 200 9111 "-" "Mozilla/5.0"
120.77.174.138 - - [28/Dec/2025:11:08:57 +0800] "POST /wp-login.php HTTP/1.1" 200 9111 "-" "Mozilla/5.0"
120.77.174.138 - - [28/Dec/2025:11:08:57 +0800] "POST /wp-login.php HTTP/1.1" 200 9111 "-" "Mozilla/5.0"
120.77.174.138 - - [28/Dec/2025:11:08:57 +0800] "POST /wp-login.php HTTP/1.1" 200 9111 "-" "Mozilla/5.0"
120.77.174.138 - - [28/Dec/2025:11:08:57 +0800] "POST /wp-login.php HTTP/1.1" 200 9111 "-" "Mozilla/5.0"
120.77.174.138 - - [28/Dec/2025:11:08:57 +0800] "POST /wp-login.php HTTP/1.1" 200 9111 "-" "Mozilla/5.0"
120.77.174.138 - - [28/Dec/2025:11:08:57 +0800] "POST /wp-login.php HTTP/1.1" 200 9111 "-" "Mozilla/5.0"
120.77.174.138 - - [28/Dec/2025:11:08:58 +0800] "POST /wp-login.php HTTP/1.1" 200 9111 "-" "Mozilla/5.0"
120.77.174.138 - - [28/Dec/2025:11:08:58 +0800] "POST /wp-login.php HTTP/1.1" 200 9111 "-" "Mozilla/5.0"
120.77.174.138 - - [28/Dec/2025:11:08:59 +0800] "POST /wp-login.php HTTP/1.1" 200 9111 "-" "Mozilla/5.0"
120.77.174.138 - - [28/Dec/2025:11:08:59 +0800] "POST /wp-login.php HTTP/1.1" 200 9111 "-" "Mozilla/5.0"
120.77.174.138 - - [28/Dec/2025:11:08:59 +0800] "POST /wp-login.php HTTP/1.1" 200 9111 "-" "Mozilla/5.0"
120.77.174.138 - - [28/Dec/2025:11:09:00 +0800] "POST /wp-login.php HTTP/1.1" 200 9111 "-" "Mozilla/5.0"
120.77.174.138 - - [28/Dec/2025:11:09:00 +0800] "POST /wp-login.php HTTP/1.1" 200 9111 "-" "Mozilla/5.0"
120.77.174.138 - - [28/Dec/2025:11:09:01 +0800] "POST /wp-login.php HTTP/1.1" 200 9111 "-" "Mozilla/5.0"
120.77.174.138 - - [28/Dec/2025:11:09:01 +0800] "POST /wp-login.php HTTP/1.1" 200 9111 "-" "Mozilla/5.0"
120.77.174.138 - - [28/Dec/2025:11:09:02 +0800] "POST /wp-login.php HTTP/1.1" 200 9111 "-" "Mozilla/5.0"
120.77.174.138 - - [28/Dec/2025:11:09:03 +0800] "POST /wp-login.php HTTP/1.1" 200 9111 "-" "Mozilla/5.0"
120.77.174.138 - - [28/Dec/2025:11:09:03 +0800] "POST /wp-login.php HTTP/1.1" 200 9111 "-" "Mozilla/5.0"
120.77.174.138 - - [28/Dec/2025:11:09:04 +0800] "POST /wp-login.php HTTP/1.1" 200 9111 "-" "Mozilla/5.0"
120.77.174.138 - - [28/Dec/2025:11:09:04 +0800] "POST /wp-login.php HTTP/1.1" 200 9111 "-" "Mozilla/5.0"
120.77.174.138 - - [28/Dec/2025:11:09:05 +0800] "POST /wp-login.php HTTP/1.1" 200 9111 "-" "Mozilla/5.0"
120.77.174.138 - - [28/Dec/2025:11:09:05 +0800] "POST /wp-login.php HTTP/1.1" 200 9111 "-" "Mozilla/5.0"
120.77.174.138 - - [28/Dec/2025:11:09:06 +0800] "POST /wp-login.php HTTP/1.1" 200 9111 "-" "Mozilla/5.0"
118.251.41.146 - - [28/Dec/2025:11:09:06 +0800] "GET http://cqqizhou.com/ HTTP/1.1" 200 34109 "http://cqqizhou.com" "Mozilla/5.0 (Windows NT 10.0; Win64; x64) AppleWebKit/537.36 (KHTML, like Gecko) Chrome/136.0.0.0 Safari/537.36"
120.227.215.195 - - [28/Dec/2025:11:09:06 +0800] "GET / HTTP/1.1" 301 5 "http://www.cqqizhou.com" "Mozilla/5.0 (Windows NT 10.0; Win64; x64) AppleWebKit/537.36 (KHTML, like Gecko) Chrome/136.0.0.0 Safari/537.36"
120.227.215.195 - - [28/Dec/2025:11:09:07 +0800] "GET / HTTP/1.1" 200 34109 "http://www.cqqizhou.com" "Mozilla/5.0 (Windows NT 10.0; Win64; x64) AppleWebKit/537.36 (KHTML, like Gecko) Chrome/136.0.0.0 Safari/537.36"
120.77.174.138 - - [28/Dec/2025:11:09:07 +0800] "POST /wp-login.php HTTP/1.1" 200 9111 "-" "Mozilla/5.0"
120.227.215.195 - - [28/Dec/2025:11:09:07 +0800] "GET / HTTP/1.1" 200 34109 "http://www.cqqizhou.com" "Mozilla/5.0 (Windows NT 10.0; Win64; x64) AppleWebKit/537.36 (KHTML, like Gecko) Chrome/136.0.0.0 Safari/537.36"
120.77.174.138 - - [28/Dec/2025:11:09:07 +0800] "POST /wp-login.php HTTP/1.1" 200 9111 "-" "Mozilla/5.0"
120.77.174.138 - - [28/Dec/2025:11:09:08 +0800] "POST /wp-login.php HTTP/1.1" 200 9111 "-" "Mozilla/5.0"
120.77.174.138 - - [28/Dec/2025:11:09:09 +0800] "POST /wp-login.php HTTP/1.1" 200 9111 "-" "Mozilla/5.0"
120.77.174.138 - - [28/Dec/2025:11:09:09 +0800] "POST /wp-login.php HTTP/1.1" 200 9111 "-" "Mozilla/5.0"
120.77.174.138 - - [28/Dec/2025:11:09:10 +0800] "POST /wp-login.php HTTP/1.1" 200 9111 "-" "Mozilla/5.0"
120.77.174.138 - - [28/Dec/2025:11:09:10 +0800] "POST /wp-login.php HTTP/1.1" 200 9111 "-" "Mozilla/5.0"
120.77.174.138 - - [28/Dec/2025:11:09:11 +0800] "POST /wp-login.php HTTP/1.1" 200 9111 "-" "Mozilla/5.0"
120.77.174.138 - - [28/Dec/2025:11:09:11 +0800] "POST /wp-login.php HTTP/1.1" 200 9111 "-" "Mozilla/5.0"
120.77.174.138 - - [28/Dec/2025:11:09:12 +0800] "POST /wp-login.php HTTP/1.1" 200 9111 "-" "Mozilla/5.0"
120.77.174.138 - - [28/Dec/2025:11:09:12 +0800] "POST /wp-login.php HTTP/1.1" 200 9111 "-" "Mozilla/5.0"
120.77.174.138 - - [28/Dec/2025:11:09:13 +0800] "POST /wp-login.php HTTP/1.1" 200 9111 "-" "Mozilla/5.0"
120.77.174.138 - - [28/Dec/2025:11:09:13 +0800] "POST /wp-login.php HTTP/1.1" 200 9111 "-" "Mozilla/5.0"
120.77.174.138 - - [28/Dec/2025:11:09:13 +0800] "POST /wp-login.php HTTP/1.1" 200 9111 "-" "Mozilla/5.0"
120.77.174.138 - - [28/Dec/2025:11:09:14 +0800] "POST /wp-login.php HTTP/1.1" 200 9111 "-" "Mozilla/5.0"
120.77.174.138 - - [28/Dec/2025:11:09:14 +0800] "POST /wp-login.php HTTP/1.1" 200 9111 "-" "Mozilla/5.0"
120.77.174.138 - - [28/Dec/2025:11:09:15 +0800] "POST /wp-login.php HTTP/1.1" 200 9111 "-" "Mozilla/5.0"
120.77.174.138 - - [28/Dec/2025:11:09:15 +0800] "POST /wp-login.php HTTP/1.1" 200 9111 "-" "Mozilla/5.0"
120.77.174.138 - - [28/Dec/2025:11:09:15 +0800] "POST /wp-login.php HTTP/1.1" 200 9111 "-" "Mozilla/5.0"
120.77.174.138 - - [28/Dec/2025:11:09:16 +0800] "POST /wp-login.php HTTP/1.1" 200 9111 "-" "Mozilla/5.0"
120.77.174.138 - - [28/Dec/2025:11:09:16 +0800] "POST /wp-login.php HTTP/1.1" 200 9111 "-" "Mozilla/5.0"
120.77.174.138 - - [28/Dec/2025:11:09:17 +0800] "POST /wp-login.php HTTP/1.1" 200 9111 "-" "Mozilla/5.0"
120.77.174.138 - - [28/Dec/2025:11:09:17 +0800] "POST /wp-login.php HTTP/1.1" 200 9111 "-" "Mozilla/5.0"
120.77.174.138 - - [28/Dec/2025:11:09:17 +0800] "POST /wp-login.php HTTP/1.1" 200 9111 "-" "Mozilla/5.0"
120.77.174.138 - - [28/Dec/2025:11:09:18 +0800] "POST /wp-login.php HTTP/1.1" 200 9111 "-" "Mozilla/5.0"
120.77.174.138 - - [28/Dec/2025:11:09:18 +0800] "POST /wp-login.php HTTP/1.1" 200 9111 "-" "Mozilla/5.0"
120.77.174.138 - - [28/Dec/2025:11:09:19 +0800] "POST /wp-login.php HTTP/1.1" 200 9111 "-" "Mozilla/5.0"
120.77.174.138 - - [28/Dec/2025:11:09:19 +0800] "POST /wp-login.php HTTP/1.1" 200 9111 "-" "Mozilla/5.0"
120.77.174.138 - - [28/Dec/2025:11:09:20 +0800] "POST /wp-login.php HTTP/1.1" 200 9111 "-" "Mozilla/5.0"
120.77.174.138 - - [28/Dec/2025:11:09:20 +0800] "POST /wp-login.php HTTP/1.1" 200 9111 "-" "Mozilla/5.0"
120.77.174.138 - - [28/Dec/2025:11:09:21 +0800] "POST /wp-login.php HTTP/1.1" 200 9111 "-" "Mozilla/5.0"
120.77.174.138 - - [28/Dec/2025:11:09:21 +0800] "POST /wp-login.php HTTP/1.1" 200 9111 "-" "Mozilla/5.0"
120.77.174.138 - - [28/Dec/2025:11:09:22 +0800] "POST /wp-login.php HTTP/1.1" 200 9111 "-" "Mozilla/5.0"
120.77.174.138 - - [28/Dec/2025:11:09:23 +0800] "POST /wp-login.php HTTP/1.1" 200 9111 "-" "Mozilla/5.0"
120.77.174.138 - - [28/Dec/2025:11:09:23 +0800] "POST /wp-login.php HTTP/1.1" 200 9111 "-" "Mozilla/5.0"
120.77.174.138 - - [28/Dec/2025:11:09:24 +0800] "POST /wp-login.php HTTP/1.1" 200 9111 "-" "Mozilla/5.0"
120.77.174.138 - - [28/Dec/2025:11:09:24 +0800] "POST /wp-login.php HTTP/1.1" 200 9111 "-" "Mozilla/5.0"
120.77.174.138 - - [28/Dec/2025:11:09:25 +0800] "POST /wp-login.php HTTP/1.1" 200 9111 "-" "Mozilla/5.0"
120.77.174.138 - - [28/Dec/2025:11:09:26 +0800] "POST /wp-login.php HTTP/1.1" 200 9111 "-" "Mozilla/5.0"
118.251.41.146 - - [28/Dec/2025:11:09:26 +0800] "GET http://cqqizhou.com/contacts/ HTTP/1.1" 200 21595 "http://cqqizhou.com" "Mozilla/5.0 (Windows NT 10.0; Win64; x64) AppleWebKit/537.36 (KHTML, like Gecko) Chrome/136.0.0.0 Safari/537.36"
120.227.215.195 - - [28/Dec/2025:11:09:26 +0800] "GET /contacts/ HTTP/1.1" 200 21595 "http://www.cqqizhou.com" "Mozilla/5.0 (Windows NT 10.0; Win64; x64) AppleWebKit/537.36 (KHTML, like Gecko) Chrome/136.0.0.0 Safari/537.36"
120.77.174.138 - - [28/Dec/2025:11:09:26 +0800] "POST /wp-login.php HTTP/1.1" 200 9111 "-" "Mozilla/5.0"
120.77.174.138 - - [28/Dec/2025:11:09:27 +0800] "POST /wp-login.php HTTP/1.1" 200 9111 "-" "Mozilla/5.0"
120.77.174.138 - - [28/Dec/2025:11:09:28 +0800] "POST /wp-login.php HTTP/1.1" 200 9111 "-" "Mozilla/5.0"
120.77.174.138 - - [28/Dec/2025:11:09:29 +0800] "POST /wp-login.php HTTP/1.1" 200 9111 "-" "Mozilla/5.0"
120.77.174.138 - - [28/Dec/2025:11:09:29 +0800] "POST /wp-login.php HTTP/1.1" 200 9111 "-" "Mozilla/5.0"
120.77.174.138 - - [28/Dec/2025:11:09:30 +0800] "POST /wp-login.php HTTP/1.1" 200 9111 "-" "Mozilla/5.0"
120.77.174.138 - - [28/Dec/2025:11:09:31 +0800] "POST /wp-login.php HTTP/1.1" 200 9111 "-" "Mozilla/5.0"
120.77.174.138 - - [28/Dec/2025:11:09:33 +0800] "POST /wp-login.php HTTP/1.1" 200 9111 "-" "Mozilla/5.0"
120.77.174.138 - - [28/Dec/2025:11:09:35 +0800] "POST /wp-login.php HTTP/1.1" 200 9111 "-" "Mozilla/5.0"
120.77.174.138 - - [28/Dec/2025:11:09:36 +0800] "POST /wp-login.php HTTP/1.1" 200 9111 "-" "Mozilla/5.0"
120.77.174.138 - - [28/Dec/2025:11:09:37 +0800] "POST /wp-login.php HTTP/1.1" 200 9111 "-" "Mozilla/5.0"
120.77.174.138 - - [28/Dec/2025:11:09:38 +0800] "POST /wp-login.php HTTP/1.1" 200 9111 "-" "Mozilla/5.0"
120.77.174.138 - - [28/Dec/2025:11:09:39 +0800] "POST /wp-login.php HTTP/1.1" 200 9111 "-" "Mozilla/5.0"
120.77.174.138 - - [28/Dec/2025:11:09:40 +0800] "POST /wp-login.php HTTP/1.1" 200 9111 "-" "Mozilla/5.0"
120.77.174.138 - - [28/Dec/2025:11:09:41 +0800] "POST /wp-login.php HTTP/1.1" 200 9111 "-" "Mozilla/5.0"
120.77.174.138 - - [28/Dec/2025:11:09:42 +0800] "POST /wp-login.php HTTP/1.1" 200 9111 "-" "Mozilla/5.0"
120.77.174.138 - - [28/Dec/2025:11:09:43 +0800] "POST /wp-login.php HTTP/1.1" 200 9111 "-" "Mozilla/5.0"
120.77.174.138 - - [28/Dec/2025:11:09:44 +0800] "POST /wp-login.php HTTP/1.1" 200 9111 "-" "Mozilla/5.0"
118.251.41.146 - - [28/Dec/2025:11:09:45 +0800] "GET http://cqqizhou.com/contacts/ HTTP/1.1" 200 21595 "http://cqqizhou.com/contacts/" "Mozilla/5.0 (Windows NT 10.0; Win64; x64) AppleWebKit/537.36 (KHTML, like Gecko) Chrome/136.0.0.0 Safari/537.36"
120.227.215.195 - - [28/Dec/2025:11:09:45 +0800] "GET /contacts/ HTTP/1.1" 200 21595 "http://cqqizhou.com/contacts/" "Mozilla/5.0 (Windows NT 10.0; Win64; x64) AppleWebKit/537.36 (KHTML, like Gecko) Chrome/136.0.0.0 Safari/537.36"
120.77.174.138 - - [28/Dec/2025:11:09:45 +0800] "POST /wp-login.php HTTP/1.1" 200 9111 "-" "Mozilla/5.0"
36.133.115.36 - - [28/Dec/2025:11:09:46 +0800] "POST /wp-cron.php?doing_wp_cron=1766891386.0904109477996826171875 HTTP/1.1" 200 31 "-" "WordPress/6.8.3; http://cqqizhou.com"
120.77.174.138 - - [28/Dec/2025:11:09:46 +0800] "POST /wp-login.php HTTP/1.1" 200 9111 "-" "Mozilla/5.0"
120.77.174.138 - - [28/Dec/2025:11:09:47 +0800] "POST /wp-login.php HTTP/1.1" 200 9111 "-" "Mozilla/5.0"
36.133.115.36 - - [28/Dec/2025:11:13:19 +0800] "POST /wp-cron.php?doing_wp_cron=1766891599.0636188983917236328125 HTTP/1.1" 200 31 "-" "WordPress/6.8.3; http://cqqizhou.com"
204.76.203.219 - - [28/Dec/2025:11:13:19 +0800] "GET / HTTP/1.1" 200 33679 "-" "Mozilla/5.0 (Windows NT 10.0; Win64; x64) AppleWebKit/537.36 (KHTML, like Gecko) Chrome/90.0.4430.85 Safari/537.36 Edg/90.0.818.46"
180.153.236.174 - - [28/Dec/2025:11:15:30 +0800] "GET / HTTP/1.1" 200 34109 "http://cqqizhou.com" "Mozilla/5.0 (Windows NT 10.0; Win64; x64) AppleWebKit/537.36 (KHTML, like Gecko) Chrome/140.0.0.0 Safari/537.36 Edg/140.0.0.0; 360Spider"
36.133.115.36 - - [28/Dec/2025:11:24:51 +0800] "POST /wp-cron.php?doing_wp_cron=1766892291.1738948822021484375000 HTTP/1.1" 200 31 "-" "WordPress/6.8.3; http://cqqizhou.com"
162.240.102.83 - - [28/Dec/2025:11:24:51 +0800] "POST /xmlrpc.php HTTP/1.1" 200 217 "-" "Mozilla/5.0 (Windows NT 10.0; Win64; x64; rv:41.0) Gecko/20100101 Firefox/41.0"
38.46.221.123 - - [28/Dec/2025:11:25:30 +0800] "GET http://check.9tb.org/ HTTP/1.1" 301 5 "-" "Go-http-client/1.1"
38.46.221.123 - - [28/Dec/2025:11:25:31 +0800] "GET http://cqqizhou.com/ HTTP/1.1" 200 34109 "http://check.9tb.org" "Go-http-client/1.1"
36.133.115.36 - - [28/Dec/2025:11:26:50 +0800] "POST /wp-cron.php?doing_wp_cron=1766892409.9898219108581542968750 HTTP/1.1" 200 31 "-" "WordPress/6.8.3; http://cqqizhou.com"
51.89.129.48 - - [28/Dec/2025:11:26:50 +0800] "GET /portfolio/ HTTP/1.1" 200 20575 "-" "Mozilla/5.0 (compatible; AhrefsBot/7.0; +http://ahrefs.com/robot/)"
36.133.115.36 - - [28/Dec/2025:11:32:06 +0800] "POST /wp-cron.php?doing_wp_cron=1766892726.6942269802093505859375 HTTP/1.1" 200 31 "-" "WordPress/6.8.3; http://cqqizhou.com"
125.94.144.102 - - [28/Dec/2025:11:32:06 +0800] "GET / HTTP/1.1" 301 5 "-" "Mozilla/5.0 (iPhone; CPU iPhone OS 13_2_3 like Mac OS X) AppleWebKit/605.1.15 (KHTML, like Gecko) Version/13.0.3 Mobile/15E148 Safari/604.1"
125.94.144.102 - - [28/Dec/2025:11:32:08 +0800] "GET / HTTP/1.1" 200 33679 "http://www.cqqizhou.com" "Mozilla/5.0 (iPhone; CPU iPhone OS 13_2_3 like Mac OS X) AppleWebKit/605.1.15 (KHTML, like Gecko) Version/13.0.3 Mobile/15E148 Safari/604.1"
36.133.115.36 - - [28/Dec/2025:11:34:30 +0800] "POST /wp-cron.php?doing_wp_cron=1766892870.6750159263610839843750 HTTP/1.1" 200 31 "-" "WordPress/6.8.3; http://cqqizhou.com"
95.214.55.71 - - [28/Dec/2025:11:34:30 +0800] "GET / HTTP/1.1" 200 33679 "-" "Mozilla/5.0 (Windows NT 10.0; Win64; x64; rv:143.0) Gecko/20100101 Firefox/143.0"
4.190.186.103 - - [28/Dec/2025:11:43:48 +0800] "GET /.well-known/rk2.php HTTP/1.1" 404 27 "https://duckduckgo.com/" "Mozilla/5.0 (Linux; Android 13; SM-G991U) AppleWebKit/537.36 (KHTML, like Gecko) Chrome/117.0.0.0 Mobile Safari/537.36"
4.190.186.103 - - [28/Dec/2025:11:43:48 +0800] "GET /ioxi-o.php HTTP/1.1" 404 27 "https://www.google.co.uk/" "Mozilla/5.0 (iPhone; CPU iPhone OS 17_1_1 like Mac OS X) AppleWebKit/605.1.15 (KHTML, like Gecko) Version/17.1 Mobile/15E148 Safari/604.1"
4.190.186.103 - - [28/Dec/2025:11:43:48 +0800] "GET /0x.php HTTP/1.1" 404 27 "https://www.google.fr/" "Mozilla/5.0 (Linux; Android 10; LM-Q720) AppleWebKit/537.36 (KHTML, like Gecko) Chrome/116.0.0.0 Mobile Safari/537.36"
4.190.186.103 - - [28/Dec/2025:11:43:48 +0800] "GET /222.php HTTP/1.1" 404 27 "https://www.google.fr/" "Mozilla/5.0 (iPad; CPU OS 17_0_3 like Mac OS X) AppleWebKit/605.1.15 (KHTML, like Gecko) Version/17.0.1 Mobile/15E148 Safari/604.1"
4.190.186.103 - - [28/Dec/2025:11:43:49 +0800] "GET /aa.php HTTP/1.1" 404 27 "https://www.google.com/" "Mozilla/5.0 (Linux; Android 14; Pixel 8 Pro) AppleWebKit/537.36 (KHTML, like Gecko) Chrome/119.0.0.0 Mobile Safari/537.36"
4.190.186.103 - - [28/Dec/2025:11:43:49 +0800] "GET /abcd.php HTTP/1.1" 404 27 "https://www.bing.com/" "Mozilla/5.0 (Linux; Android 10; K) AppleWebKit/537.36 (KHTML, like Gecko) Chrome/117.0.0.0 Mobile Safari/537.36"
4.190.186.103 - - [28/Dec/2025:11:43:49 +0800] "GET /admin.php HTTP/1.1" 404 27 "https://www.bing.com/" "Mozilla/5.0 (iPhone; CPU iPhone OS 15_7_9 like Mac OS X) AppleWebKit/605.1.15 (KHTML, like Gecko) Version/15.6.5 Mobile/15E148 Safari/604.1"
4.190.186.103 - - [28/Dec/2025:11:43:49 +0800] "GET /admin/controller/extension/extension/jnweppgp.php HTTP/1.1" 404 27 "https://www.google.co.uk/" "Mozilla/5.0 (Linux; Android 10; K) AppleWebKit/537.36 (KHTML, like Gecko) Chrome/117.0.0.0 Mobile Safari/537.36"
4.190.186.103 - - [28/Dec/2025:11:43:49 +0800] "GET /adminfuns.php HTTP/1.1" 404 27 "https://duckduckgo.com/" "Mozilla/5.0 (iPad; CPU OS 16_7_2 like Mac OS X) AppleWebKit/605.1.15 (KHTML, like Gecko) Version/16.6 Mobile/15E148 Safari/604.1"
4.190.186.103 - - [28/Dec/2025:11:43:49 +0800] "GET /akc.php HTTP/1.1" 404 27 "https://www.google.fr/" "Mozilla/5.0 (iPad; CPU OS 16_7_2 like Mac OS X) AppleWebKit/605.1.15 (KHTML, like Gecko) Version/16.6 Mobile/15E148 Safari/604.1"
4.190.186.103 - - [28/Dec/2025:11:43:49 +0800] "GET /buy.php HTTP/1.1" 404 27 "https://www.yahoo.com/" "Mozilla/5.0 (iPad; CPU OS 17_0_3 like Mac OS X) AppleWebKit/605.1.15 (KHTML, like Gecko) Version/17.0.1 Mobile/15E148 Safari/604.1"
4.190.186.103 - - [28/Dec/2025:11:43:49 +0800] "GET /cong.php HTTP/1.1" 404 27 "https://www.bing.com/" "Mozilla/5.0 (Linux; Android 13; M2101K6G) AppleWebKit/537.36 (KHTML, like Gecko) Chrome/116.0.0.0 Mobile Safari/537.36"
4.190.186.103 - - [28/Dec/2025:11:43:50 +0800] "GET /css/classwithtostring.php HTTP/1.1" 404 27 "https://www.google.de/" "Mozilla/5.0 (Linux; Android 11; 21081111RG) AppleWebKit/537.36 (KHTML, like Gecko) Chrome/116.0.0.0 Mobile Safari/537.36"
4.190.186.103 - - [28/Dec/2025:11:43:50 +0800] "GET /db.php HTTP/1.1" 404 27 "https://www.google.co.uk/" "Mozilla/5.0 (Linux; Android 12; V2134) AppleWebKit/537.36 (KHTML, like Gecko) Chrome/116.0.0.0 Mobile Safari/537.36"
4.190.186.103 - - [28/Dec/2025:11:43:50 +0800] "GET /dropdown.php HTTP/1.1" 404 27 "https://www.google.de/" "Mozilla/5.0 (iPad; CPU OS 17_0_3 like Mac OS X) AppleWebKit/605.1.15 (KHTML, like Gecko) Version/17.0.1 Mobile/15E148 Safari/604.1"
4.190.186.103 - - [28/Dec/2025:11:43:50 +0800] "GET /file.php HTTP/1.1" 404 27 "https://www.bing.com/" "Mozilla/5.0 (Linux; Android 10; K) AppleWebKit/537.36 (KHTML, like Gecko) Chrome/117.0.0.0 Mobile Safari/537.36"
4.190.186.103 - - [28/Dec/2025:11:43:50 +0800] "GET /goods.php HTTP/1.1" 404 27 "https://www.bing.com/" "Mozilla/5.0 (iPhone; CPU iPhone OS 17_1_1 like Mac OS X) AppleWebKit/605.1.15 (KHTML, like Gecko) Version/17.1 Mobile/15E148 Safari/604.1"
4.190.186.103 - - [28/Dec/2025:11:43:50 +0800] "GET /hplfuns.php HTTP/1.1" 404 27 "https://www.google.de/" "Mozilla/5.0 (Linux; Android 11; CPH2251) AppleWebKit/537.36 (KHTML, like Gecko) Chrome/116.0.0.0 Mobile Safari/537.36"
4.190.186.103 - - [28/Dec/2025:11:43:50 +0800] "GET /htaccess.php HTTP/1.1" 404 27 "https://www.google.com/" "Mozilla/5.0 (Linux; Android 12; SM-A525F) AppleWebKit/537.36 (KHTML, like Gecko) Chrome/117.0.0.0 Mobile Safari/537.36"
4.190.186.103 - - [28/Dec/2025:11:43:50 +0800] "GET /images/wso.php HTTP/1.1" 404 27 "https://www.google.com/" "Mozilla/5.0 (iPad; CPU OS 16_7_2 like Mac OS X) AppleWebKit/605.1.15 (KHTML, like Gecko) Version/16.6 Mobile/15E148 Safari/604.1"
4.190.186.103 - - [28/Dec/2025:11:43:50 +0800] "GET /index/function.php HTTP/1.1" 404 27 "https://www.bing.com/" "Mozilla/5.0 (Linux; Android 11; 21081111RG) AppleWebKit/537.36 (KHTML, like Gecko) Chrome/116.0.0.0 Mobile Safari/537.36"
4.190.186.103 - - [28/Dec/2025:11:43:51 +0800] "GET /info.php HTTP/1.1" 200 29 "https://www.google.fr/" "Mozilla/5.g (Linux; Android 13; Pixel 7) AppleWebKit/537.36 (KHTML, like Gecko) Chrome/116.0.0.0 Mobile Safari/537.36"
4.190.186.103 - - [28/Dec/2025:11:43:51 +0800] "GET /profile.php HTTP/1.1" 404 27 "https://www.yahoo.com/" "Mozilla/5.0 (iPad; CPU OS 17_0_3 like Mac OS X) AppleWebKit/605.1.15 (KHTML, like Gecko) Version/17.0.1 Mobile/15E148 Safari/604.1"
4.190.186.103 - - [28/Dec/2025:11:43:51 +0800] "GET /sx.php HTTP/1.1" 404 27 "https://www.bing.com/" "Mozilla/5.0 (iPhone; CPU iPhone OS 16_0 like Mac OS X) AppleWebKit/605.1.15 (KHTML, like Gecko) FxiOS/118.0 Mobile/15E148 Safari/605.1.15"
4.190.186.103 - - [28/Dec/2025:11:43:51 +0800] "GET /wp-admin/css/colors/blue/index.php HTTP/1.1" 404 27 "https://duckduckgo.com/" "Mozilla/5.0 (iPhone; CPU iPhone OS 16_6_1 like Mac OS X) AppleWebKit/605.1.15 (KHTML, like Gecko) Version/16.6 Mobile/15E148 Safari/604.1"
4.190.186.103 - - [28/Dec/2025:11:43:51 +0800] "GET /wp-admin/images/admin.php HTTP/1.1" 404 27 "https://www.google.com/" "Mozilla/5.0 (Linux; Android 12; SM-A525F) AppleWebKit/537.36 (KHTML, like Gecko) Chrome/117.0.0.0 Mobile Safari/537.36"
4.190.186.103 - - [28/Dec/2025:11:43:51 +0800] "GET /wp-admin/includes/ HTTP/1.1" 403 146 "https://www.google.de/" "Mozilla/5.0 (iPhone; CPU iPhone OS 17_0_3 like Mac OS X) AppleWebKit/605.1.15 (KHTML, like Gecko) Version/17.0.1 Mobile/15E148 Safari/604.1"
4.190.186.103 - - [28/Dec/2025:11:43:51 +0800] "GET /wp-admin/js/index.php HTTP/1.1" 404 27 "https://www.yahoo.com/" "Mozilla/5.0 (Linux; Android 10; K) AppleWebKit/537.36 (KHTML, like Gecko) Chrome/117.0.0.0 Mobile Safari/537.36"
4.190.186.103 - - [28/Dec/2025:11:43:51 +0800] "GET /wp-admin/js/widgets/ HTTP/1.1" 403 548 "https://www.google.de/" "Mozilla/5.0 (Linux; Android 11; CPH2251) AppleWebKit/537.36 (KHTML, like Gecko) Chrome/116.0.0.0 Mobile Safari/537.36"
4.190.186.103 - - [28/Dec/2025:11:43:51 +0800] "GET /wp-content/about.php HTTP/1.1" 404 27 "https://www.google.com/" "Mozilla/5.0 (iPhone; CPU iPhone OS 17_1 like Mac OS X) AppleWebKit/605.1.15 (KHTML, like Gecko) CriOS/119.0.6045.109 Mobile/15E148 Safari/604.1"
4.190.186.103 - - [28/Dec/2025:11:43:52 +0800] "GET /wp-content/admin-header.php HTTP/1.1" 404 27 "https://www.google.de/" "Mozilla/5.0 (iPhone; CPU iPhone OS 17_1_1 like Mac OS X) AppleWebKit/605.1.15 (KHTML, like Gecko) Version/17.1 Mobile/15E148 Safari/604.1"
4.190.186.103 - - [28/Dec/2025:11:43:52 +0800] "GET /wp-content/admin.php HTTP/1.1" 404 27 "https://www.google.fr/" "Mozilla/5.0 (Linux; Android 12; V2134) AppleWebKit/537.36 (KHTML, like Gecko) Chrome/116.0.0.0 Mobile Safari/537.36"
4.190.186.103 - - [28/Dec/2025:11:43:52 +0800] "GET /wp-content/content.php HTTP/1.1" 404 27 "https://www.yahoo.com/" "Mozilla/5.0 (iPad; CPU OS 16_7_2 like Mac OS X) AppleWebKit/605.1.15 (KHTML, like Gecko) Version/16.6 Mobile/15E148 Safari/604.1"
4.190.186.103 - - [28/Dec/2025:11:43:52 +0800] "GET /wp-content/index.php HTTP/1.1" 200 5 "https://www.google.co.uk/" "Mozilla/5.0 (iPhone; CPU iPhone OS 17_0_3 like Mac OS X) AppleWebKit/605.1.15 (KHTML, like Gecko) Version/17.0.1 Mobile/15E148 Safari/604.1"
36.133.115.36 - - [28/Dec/2025:11:43:53 +0800] "POST /wp-cron.php?doing_wp_cron=1766893433.0689349174499511718750 HTTP/1.1" 200 31 "-" "WordPress/6.8.3; http://cqqizhou.com"
4.190.186.103 - - [28/Dec/2025:11:43:53 +0800] "GET /wp-content/plugins/Ultimate_VC_Addons/assets/alfa-rex.php7 HTTP/1.1" 404 31364 "https://www.google.com/" "Mozilla/5.0 (iPad; CPU OS 16_7_2 like Mac OS X) AppleWebKit/605.1.15 (KHTML, like Gecko) Version/16.6 Mobile/15E148 Safari/604.1"
4.190.186.103 - - [28/Dec/2025:11:43:53 +0800] "GET /wp-content/plugins/about.php HTTP/1.1" 404 27 "https://www.google.com/" "Mozilla/5.g (Linux; Android 13; Pixel 7) AppleWebKit/537.36 (KHTML, like Gecko) Chrome/116.0.0.0 Mobile Safari/537.36"
4.190.186.103 - - [28/Dec/2025:11:43:53 +0800] "GET /wp-content/plugins/admin.php HTTP/1.1" 404 27 "https://www.google.de/" "Mozilla/5.0 (Linux; Android 12; V2134) AppleWebKit/537.36 (KHTML, like Gecko) Chrome/116.0.0.0 Mobile Safari/537.36"
4.190.186.103 - - [28/Dec/2025:11:43:53 +0800] "GET /wp-content/plugins/classic-editor/wp-login.php HTTP/1.1" 404 27 "https://www.google.com/" "Mozilla/5.0 (iPad; CPU OS 17_0_3 like Mac OS X) AppleWebKit/605.1.15 (KHTML, like Gecko) Version/17.0.1 Mobile/15E148 Safari/604.1"
4.190.186.103 - - [28/Dec/2025:11:43:53 +0800] "GET /wp-content/plugins/yanierin/akc.php HTTP/1.1" 404 27 "https://www.yahoo.com/" "Mozilla/5.g (Linux; Android 13; Pixel 7) AppleWebKit/537.36 (KHTML, like Gecko) Chrome/116.0.0.0 Mobile Safari/537.36"
4.190.186.103 - - [28/Dec/2025:11:43:53 +0800] "GET /wp-content/themes/about.php HTTP/1.1" 404 27 "https://www.yahoo.com/" "Mozilla/5.0 (iPhone; CPU iPhone OS 16_0 like Mac OS X) AppleWebKit/605.1.15 (KHTML, like Gecko) FxiOS/118.0 Mobile/15E148 Safari/605.1.15"
4.190.186.103 - - [28/Dec/2025:11:43:53 +0800] "GET /wp-content/themes/admin.php HTTP/1.1" 404 27 "https://www.google.co.uk/" "Mozilla/5.0 (Linux; Android 11; 21081111RG) AppleWebKit/537.36 (KHTML, like Gecko) Chrome/116.0.0.0 Mobile Safari/537.36"
4.190.186.103 - - [28/Dec/2025:11:43:54 +0800] "GET /wp-content/upgrade/index.php HTTP/1.1" 404 27 "https://www.yahoo.com/" "Mozilla/5.0 (iPhone; CPU iPhone OS 15_7_9 like Mac OS X) AppleWebKit/605.1.15 (KHTML, like Gecko) Version/15.6.5 Mobile/15E148 Safari/604.1"
4.190.186.103 - - [28/Dec/2025:11:43:54 +0800] "GET /wp-content/uploads/ HTTP/1.1" 403 548 "https://www.google.co.uk/" "Mozilla/5.0 (Linux; Android 12; V2134) AppleWebKit/537.36 (KHTML, like Gecko) Chrome/116.0.0.0 Mobile Safari/537.36"
4.190.186.103 - - [28/Dec/2025:11:43:54 +0800] "GET /wp-content/uploads/2025/ HTTP/1.1" 403 548 "https://www.google.de/" "Mozilla/5.0 (Linux; Android 12; 2201116SG) AppleWebKit/537.36 (KHTML, like Gecko) Chrome/116.0.0.0 Mobile Safari/537.36"
4.190.186.103 - - [28/Dec/2025:11:43:54 +0800] "GET /wp-content/uploads/admin.php HTTP/1.1" 404 27 "https://www.google.fr/" "Mozilla/5.0 (iPhone; CPU iPhone OS 17_0_3 like Mac OS X) AppleWebKit/605.1.15 (KHTML, like Gecko) Version/17.0.1 Mobile/15E148 Safari/604.1"
4.190.186.103 - - [28/Dec/2025:11:43:54 +0800] "GET /wp-fclass.php HTTP/1.1" 404 27 "https://www.bing.com/" "Mozilla/5.g (Linux; Android 13; Pixel 7) AppleWebKit/537.36 (KHTML, like Gecko) Chrome/116.0.0.0 Mobile Safari/537.36"
4.190.186.103 - - [28/Dec/2025:11:43:54 +0800] "GET /wp-includes/ID3/ HTTP/1.1" 403 548 "https://www.bing.com/" "Mozilla/5.0 (Linux; Android 11; CPH2251) AppleWebKit/537.36 (KHTML, like Gecko) Chrome/116.0.0.0 Mobile Safari/537.36"
4.190.186.103 - - [28/Dec/2025:11:43:54 +0800] "GET /wp-includes/PHPMailer/ HTTP/1.1" 403 548 "https://www.google.co.uk/" "Mozilla/5.0 (Linux; Android 12; 2201116SG) AppleWebKit/537.36 (KHTML, like Gecko) Chrome/116.0.0.0 Mobile Safari/537.36"
4.190.186.103 - - [28/Dec/2025:11:43:54 +0800] "GET /wp-includes/Requests/about.php HTTP/1.1" 404 27 "https://www.bing.com/" "Mozilla/5.0 (Linux; Android 11; CPH2251) AppleWebKit/537.36 (KHTML, like Gecko) Chrome/116.0.0.0 Mobile Safari/537.36"
4.190.186.103 - - [28/Dec/2025:11:43:54 +0800] "GET /wp-includes/Requests/alfa-rex.php HTTP/1.1" 404 27 "https://www.google.com/" "Mozilla/5.g (Linux; Android 13; Pixel 7) AppleWebKit/537.36 (KHTML, like Gecko) Chrome/116.0.0.0 Mobile Safari/537.36"
4.190.186.103 - - [28/Dec/2025:11:43:55 +0800] "GET /wp-includes/Requests/src/Cookie/ HTTP/1.1" 403 146 "https://www.yahoo.com/" "Mozilla/5.0 (iPhone; CPU iPhone OS 15_7_9 like Mac OS X) AppleWebKit/605.1.15 (KHTML, like Gecko) Version/15.6.5 Mobile/15E148 Safari/604.1"
4.190.186.103 - - [28/Dec/2025:11:43:55 +0800] "GET /wp-includes/Requests/src/Response/about.php HTTP/1.1" 404 27 "https://www.google.com/" "Mozilla/5.g (Linux; Android 13; Pixel 7) AppleWebKit/537.36 (KHTML, like Gecko) Chrome/116.0.0.0 Mobile Safari/537.36"
4.190.186.103 - - [28/Dec/2025:11:43:55 +0800] "GET /wp-includes/Text/Diff/Renderer/ HTTP/1.1" 403 548 "https://www.google.com/" "Mozilla/5.0 (Linux; Android 12; SM-A525F) AppleWebKit/537.36 (KHTML, like Gecko) Chrome/117.0.0.0 Mobile Safari/537.36"
4.190.186.103 - - [28/Dec/2025:11:43:55 +0800] "GET /wp-includes/Text/index.php HTTP/1.1" 404 27 "https://www.yahoo.com/" "Mozilla/5.0 (Linux; Android 13; SM-G991U) AppleWebKit/537.36 (KHTML, like Gecko) Chrome/117.0.0.0 Mobile Safari/537.36"
4.190.186.103 - - [28/Dec/2025:11:43:55 +0800] "GET /wp-includes/Text/xwx1.php HTTP/1.1" 404 27 "https://www.google.de/" "Mozilla/5.0 (Linux; Android 14; Pixel 8 Pro) AppleWebKit/537.36 (KHTML, like Gecko) Chrome/119.0.0.0 Mobile Safari/537.36"
4.190.186.103 - - [28/Dec/2025:11:43:55 +0800] "GET /wp-includes/assets/about.php HTTP/1.1" 404 27 "https://www.google.fr/" "Mozilla/5.0 (Linux; Android 12; 2201116SG) AppleWebKit/537.36 (KHTML, like Gecko) Chrome/116.0.0.0 Mobile Safari/537.36"
4.190.186.103 - - [28/Dec/2025:11:43:55 +0800] "GET /wp-includes/block-patterns/ HTTP/1.1" 403 548 "https://www.google.com/" "Mozilla/5.0 (Linux; Android 13; SM-G991U) AppleWebKit/537.36 (KHTML, like Gecko) Chrome/117.0.0.0 Mobile Safari/537.36"
4.190.186.103 - - [28/Dec/2025:11:43:55 +0800] "GET /wp-includes/blocks/ HTTP/1.1" 200 12 "https://www.google.co.uk/" "Mozilla/5.0 (Linux; Android 11; 21081111RG) AppleWebKit/537.36 (KHTML, like Gecko) Chrome/116.0.0.0 Mobile Safari/537.36"
4.190.186.103 - - [28/Dec/2025:11:43:55 +0800] "GET /wp-includes/customize/class-wp-customize-cropped-image-control.php HTTP/1.1" 500 5 "https://www.google.co.uk/" "Mozilla/5.0 (Linux; Android 11; CPH2251) AppleWebKit/537.36 (KHTML, like Gecko) Chrome/116.0.0.0 Mobile Safari/537.36"
4.190.186.103 - - [28/Dec/2025:11:43:56 +0800] "GET /wp-includes/images/media/ HTTP/1.1" 403 146 "https://www.google.com/" "Mozilla/5.0 (iPhone; CPU iPhone OS 15_7_9 like Mac OS X) AppleWebKit/605.1.15 (KHTML, like Gecko) Version/15.6.5 Mobile/15E148 Safari/604.1"
4.190.186.103 - - [28/Dec/2025:11:43:56 +0800] "GET /wp-includes/images/smilies/about.php HTTP/1.1" 404 27 "https://duckduckgo.com/" "Mozilla/5.0 (Linux; Android 13; SM-G991U) AppleWebKit/537.36 (KHTML, like Gecko) Chrome/117.0.0.0 Mobile Safari/537.36"
4.190.186.103 - - [28/Dec/2025:11:43:56 +0800] "GET /wp-includes/images/wp-login.php HTTP/1.1" 404 27 "https://www.bing.com/" "Mozilla/5.0 (iPhone; CPU iPhone OS 17_1 like Mac OS X) AppleWebKit/605.1.15 (KHTML, like Gecko) CriOS/119.0.6045.109 Mobile/15E148 Safari/604.1"
4.190.186.103 - - [28/Dec/2025:11:43:56 +0800] "GET /wp-includes/js/dist/script-modules/block-library/search/about.php HTTP/1.1" 404 27 "https://www.google.com/" "Mozilla/5.0 (Linux; Android 11; 21081111RG) AppleWebKit/537.36 (KHTML, like Gecko) Chrome/116.0.0.0 Mobile Safari/537.36"
4.190.186.103 - - [28/Dec/2025:11:43:56 +0800] "GET /wp-includes/style-engine/ HTTP/1.1" 403 548 "https://duckduckgo.com/" "Mozilla/5.0 (Linux; Android 12; 2201116SG) AppleWebKit/537.36 (KHTML, like Gecko) Chrome/116.0.0.0 Mobile Safari/537.36"
4.190.186.103 - - [28/Dec/2025:11:43:56 +0800] "GET /wp-themes.php HTTP/1.1" 404 27 "https://www.google.fr/" "Mozilla/5.0 (iPhone; CPU iPhone OS 16_6_1 like Mac OS X) AppleWebKit/605.1.15 (KHTML, like Gecko) Version/16.6 Mobile/15E148 Safari/604.1"
4.190.186.103 - - [28/Dec/2025:11:43:57 +0800] "GET /xmlrpc.php HTTP/1.1" 405 53 "https://www.google.de/" "Mozilla/5.0 (iPad; CPU OS 17_0_3 like Mac OS X) AppleWebKit/605.1.15 (KHTML, like Gecko) Version/17.0.1 Mobile/15E148 Safari/604.1"
36.133.115.36 - - [28/Dec/2025:12:06:20 +0800] "POST /wp-cron.php?doing_wp_cron=1766894780.6680319309234619140625 HTTP/1.1" 200 31 "-" "WordPress/6.8.3; http://cqqizhou.com"
43.155.140.157 - - [28/Dec/2025:12:06:20 +0800] "GET / HTTP/1.1" 301 5 "-" "Mozilla/5.0 (iPhone; CPU iPhone OS 13_2_3 like Mac OS X) AppleWebKit/605.1.15 (KHTML, like Gecko) Version/13.0.3 Mobile/15E148 Safari/604.1"
43.155.140.157 - - [28/Dec/2025:12:06:22 +0800] "GET / HTTP/1.1" 200 33679 "http://www.cqqizhou.com" "Mozilla/5.0 (iPhone; CPU iPhone OS 13_2_3 like Mac OS X) AppleWebKit/605.1.15 (KHTML, like Gecko) Version/13.0.3 Mobile/15E148 Safari/604.1"
137.74.192.205 - - [28/Dec/2025:12:06:45 +0800] "POST /xmlrpc.php HTTP/1.1" 200 217 "-" "Mozilla/5.0 (Windows NT 10.0; Win64; x64; rv:55.0) Gecko/20100101 Firefox/55.0"
36.133.115.36 - - [28/Dec/2025:12:23:05 +0800] "POST /wp-cron.php?doing_wp_cron=1766895785.8142158985137939453125 HTTP/1.1" 200 31 "-" "WordPress/6.8.3; http://cqqizhou.com"
193.142.147.209 - - [28/Dec/2025:12:23:06 +0800] "POST / HTTP/1.1" 200 33678 "-" "Mozilla/5.0 (Windows NT 10.0; Win64; x64) AppleWebKit/537.36"
36.133.115.36 - - [28/Dec/2025:12:28:04 +0800] "POST /wp-cron.php?doing_wp_cron=1766896084.3628690242767333984375 HTTP/1.1" 200 31 "-" "WordPress/6.8.3; http://cqqizhou.com"
204.76.203.212 - - [28/Dec/2025:12:28:04 +0800] "GET / HTTP/1.1" 200 33679 "-" "Mozilla/5.0 (Windows NT 10.0; Win64; x64) AppleWebKit/537.36 (KHTML, like Gecko) Chrome/90.0.4430.85 Safari/537.36 Edg/90.0.818.46"
36.133.115.36 - - [28/Dec/2025:12:29:46 +0800] "POST /wp-cron.php?doing_wp_cron=1766896186.2667689323425292968750 HTTP/1.1" 200 31 "-" "WordPress/6.8.3; http://cqqizhou.com"
116.178.152.172 - - [28/Dec/2025:12:29:46 +0800] "GET /club/ HTTP/1.1" 200 13029 "-" "Mozilla/5.0 (Windows NT 10.0; Win64; x64) AppleWebKit/537.36 (KHTML, like Gecko) Chrome/80.0.3987.132 Safari/537.36"
36.133.115.36 - - [28/Dec/2025:12:53:53 +0800] "POST /wp-cron.php?doing_wp_cron=1766897633.6615190505981445312500 HTTP/1.1" 200 31 "-" "WordPress/6.8.3; http://cqqizhou.com"
77.68.115.185 - - [28/Dec/2025:12:53:53 +0800] "POST /xmlrpc.php HTTP/1.1" 200 217 "-" "Mozilla/5.0 (Windows NT 10.0; Win64; x64; rv:76.0) Gecko/20100101 Firefox/76.0"
66.249.79.228 - - [28/Dec/2025:12:54:20 +0800] "GET /robots.txt HTTP/1.1" 301 5 "-" "Mozilla/5.0 (compatible; Googlebot/2.1; +http://www.google.com/bot.html)"
66.249.68.64 - - [28/Dec/2025:12:54:22 +0800] "GET /robots.txt HTTP/1.1" 200 190 "-" "Mozilla/5.0 (compatible; Googlebot/2.1; +http://www.google.com/bot.html)"
66.249.79.226 - - [28/Dec/2025:12:54:23 +0800] "GET / HTTP/1.1" 301 5 "-" "Mozilla/5.0 (Linux; Android 6.0.1; Nexus 5X Build/MMB29P) AppleWebKit/537.36 (KHTML, like Gecko) Chrome/141.0.7390.122 Mobile Safari/537.36 (compatible; Googlebot/2.1; +http://www.google.com/bot.html)"
66.249.68.70 - - [28/Dec/2025:12:54:24 +0800] "GET / HTTP/1.1" 200 33677 "-" "Mozilla/5.0 (Linux; Android 6.0.1; Nexus 5X Build/MMB29P) AppleWebKit/537.36 (KHTML, like Gecko) Chrome/141.0.7390.122 Mobile Safari/537.36 (compatible; Googlebot/2.1; +http://www.google.com/bot.html)"
36.133.115.36 - - [28/Dec/2025:13:02:47 +0800] "POST /wp-cron.php?doing_wp_cron=1766898167.5173919200897216796875 HTTP/1.1" 200 31 "-" "WordPress/6.8.3; http://cqqizhou.com"
185.191.171.9 - - [28/Dec/2025:13:02:47 +0800] "GET /robots.txt HTTP/1.1" 200 190 "-" "Mozilla/5.0 (compatible; SemrushBot/7~bl; +http://www.semrush.com/bot.html)"
185.191.171.13 - - [28/Dec/2025:13:02:48 +0800] "GET /portfolio/ HTTP/1.1" 200 20594 "-" "Mozilla/5.0 (compatible; SemrushBot/7~bl; +http://www.semrush.com/bot.html)"
204.76.203.219 - - [28/Dec/2025:13:03:26 +0800] "GET / HTTP/1.1" 200 33679 "-" "Mozilla/5.0 (Windows NT 10.0; Win64; x64) AppleWebKit/537.36 (KHTML, like Gecko) Chrome/90.0.4430.85 Safari/537.36 Edg/90.0.818.46"
36.133.115.36 - - [28/Dec/2025:13:11:04 +0800] "POST /wp-cron.php?doing_wp_cron=1766898664.4430329799652099609375 HTTP/1.1" 200 31 "-" "WordPress/6.8.3; http://cqqizhou.com"
34.226.120.205 - - [28/Dec/2025:13:11:04 +0800] "POST /xmlrpc.php HTTP/1.1" 200 217 "-" "Mozilla/5.0 (Windows NT 10.0; Win64; x64; rv:66.0) Gecko/20100101 Firefox/66.0"
185.39.19.97 - - [28/Dec/2025:13:22:11 +0800] "GET / HTTP/1.0" 200 153956 "http://cqqizhou.com/" "Mozilla/5.0 (Windows NT 10.0; Win64; x64) AppleWebKit/537.36 (KHTML, like Gecko) Chrome/131.0.0.0 Safari/537.36"
185.39.19.97 - - [28/Dec/2025:13:22:15 +0800] "GET /contacts/ HTTP/1.0" 200 76700 "http://cqqizhou.com/contacts/" "Mozilla/5.0 (Windows NT 10.0; Win64; x64) AppleWebKit/537.36 (KHTML, like Gecko) Chrome/131.0.0.0 Safari/537.36"
36.133.115.36 - - [28/Dec/2025:13:22:25 +0800] "POST /wp-cron.php?doing_wp_cron=1766899345.4359889030456542968750 HTTP/1.1" 200 31 "-" "WordPress/6.8.3; http://cqqizhou.com"
185.39.19.97 - - [28/Dec/2025:13:22:26 +0800] "POST /contacts/ HTTP/1.0" 200 69071 "http://cqqizhou.com/contacts/" "Mozilla/5.0 (Windows NT 10.0; Win64; x64) AppleWebKit/537.36 (KHTML, like Gecko) Chrome/131.0.0.0 Safari/537.36"
36.133.115.36 - - [28/Dec/2025:13:28:09 +0800] "POST /wp-cron.php?doing_wp_cron=1766899689.6372530460357666015625 HTTP/1.1" 200 31 "-" "WordPress/6.8.3; http://cqqizhou.com"
66.249.68.64 - - [28/Dec/2025:13:28:09 +0800] "GET /2354/ HTTP/1.1" 200 20326 "-" "Mozilla/5.0 (Linux; Android 6.0.1; Nexus 5X Build/MMB29P) AppleWebKit/537.36 (KHTML, like Gecko) Chrome/141.0.7390.122 Mobile Safari/537.36 (compatible; GoogleOther)"
36.133.115.36 - - [28/Dec/2025:13:34:58 +0800] "POST /wp-cron.php?doing_wp_cron=1766900098.0913820266723632812500 HTTP/1.1" 200 31 "-" "WordPress/6.8.3; http://cqqizhou.com"
