4.194.64.166 - - [28/Dec/2025:03:43:27 +0800] "GET /admin.php HTTP/1.1" 404 27 "https://www.bing.com/" "Mozilla/5.0 (iPhone; CPU iPhone OS 17_0_3 like Mac OS X) AppleWebKit/605.1.15 (KHTML, like Gecko) Version/17.0.1 Mobile/15E148 Safari/604.1"
4.194.64.166 - - [28/Dec/2025:03:43:27 +0800] "GET /admin/controller/extension/extension/jnweppgp.php HTTP/1.1" 404 27 "https://duckduckgo.com/" "Mozilla/5.0 (Linux; Android 12; V2134) AppleWebKit/537.36 (KHTML, like Gecko) Chrome/116.0.0.0 Mobile Safari/537.36"
4.194.64.166 - - [28/Dec/2025:03:43:27 +0800] "GET /adminfuns.php HTTP/1.1" 404 27 "https://www.yahoo.com/" "Mozilla/5.0 (Linux; Android 12; 2201116SG) AppleWebKit/537.36 (KHTML, like Gecko) Chrome/116.0.0.0 Mobile Safari/537.36"
4.194.64.166 - - [28/Dec/2025:03:43:27 +0800] "GET /akc.php HTTP/1.1" 404 27 "https://www.google.co.uk/" "Mozilla/5.0 (iPhone; CPU iPhone OS 17_0_3 like Mac OS X) AppleWebKit/605.1.15 (KHTML, like Gecko) Version/17.0.1 Mobile/15E148 Safari/604.1"
4.194.64.166 - - [28/Dec/2025:03:43:27 +0800] "GET /buy.php HTTP/1.1" 404 27 "https://www.bing.com/" "Mozilla/5.0 (iPad; CPU OS 16_7_2 like Mac OS X) AppleWebKit/605.1.15 (KHTML, like Gecko) Version/16.6 Mobile/15E148 Safari/604.1"
4.194.64.166 - - [28/Dec/2025:03:43:27 +0800] "GET /cong.php HTTP/1.1" 404 27 "https://www.bing.com/" "Mozilla/5.0 (iPhone; CPU iPhone OS 17_0_3 like Mac OS X) AppleWebKit/605.1.15 (KHTML, like Gecko) Version/17.0.1 Mobile/15E148 Safari/604.1"
4.194.64.166 - - [28/Dec/2025:03:43:27 +0800] "GET /css/classwithtostring.php HTTP/1.1" 404 27 "https://www.google.de/" "Mozilla/5.0 (iPhone; CPU iPhone OS 15_7_9 like Mac OS X) AppleWebKit/605.1.15 (KHTML, like Gecko) Version/15.6.5 Mobile/15E148 Safari/604.1"
4.194.64.166 - - [28/Dec/2025:03:43:27 +0800] "GET /db.php HTTP/1.1" 404 27 "https://www.google.com/" "Mozilla/5.0 (Linux; Android 13; SM-G991U) AppleWebKit/537.36 (KHTML, like Gecko) Chrome/117.0.0.0 Mobile Safari/537.36"
4.194.64.166 - - [28/Dec/2025:03:43:27 +0800] "GET /dropdown.php HTTP/1.1" 404 27 "https://duckduckgo.com/" "Mozilla/5.0 (iPhone; CPU iPhone OS 17_1 like Mac OS X) AppleWebKit/605.1.15 (KHTML, like Gecko) CriOS/119.0.6045.109 Mobile/15E148 Safari/604.1"
4.194.64.166 - - [28/Dec/2025:03:43:27 +0800] "GET /file.php HTTP/1.1" 404 27 "https://www.google.co.uk/" "Mozilla/5.0 (iPad; CPU OS 16_7_2 like Mac OS X) AppleWebKit/605.1.15 (KHTML, like Gecko) Version/16.6 Mobile/15E148 Safari/604.1"
4.194.64.166 - - [28/Dec/2025:03:43:27 +0800] "GET /goods.php HTTP/1.1" 404 27 "https://www.google.co.uk/" "Mozilla/5.0 (iPhone; CPU iPhone OS 17_1 like Mac OS X) AppleWebKit/605.1.15 (KHTML, like Gecko) CriOS/119.0.6045.109 Mobile/15E148 Safari/604.1"
4.194.64.166 - - [28/Dec/2025:03:43:27 +0800] "GET /hplfuns.php HTTP/1.1" 404 27 "https://www.google.com/" "Mozilla/5.0 (iPhone; CPU iPhone OS 17_0_3 like Mac OS X) AppleWebKit/605.1.15 (KHTML, like Gecko) Version/17.0.1 Mobile/15E148 Safari/604.1"
4.194.64.166 - - [28/Dec/2025:03:43:27 +0800] "GET /htaccess.php HTTP/1.1" 404 27 "https://www.bing.com/" "Mozilla/5.0 (Linux; Android 13; M2101K6G) AppleWebKit/537.36 (KHTML, like Gecko) Chrome/116.0.0.0 Mobile Safari/537.36"
4.194.64.166 - - [28/Dec/2025:03:43:27 +0800] "GET /images/wso.php HTTP/1.1" 404 27 "https://www.bing.com/" "Mozilla/5.0 (iPad; CPU OS 17_0_3 like Mac OS X) AppleWebKit/605.1.15 (KHTML, like Gecko) Version/17.0.1 Mobile/15E148 Safari/604.1"
4.194.64.166 - - [28/Dec/2025:03:43:28 +0800] "GET /index/function.php HTTP/1.1" 404 27 "https://www.google.co.uk/" "Mozilla/5.0 (iPhone; CPU iPhone OS 17_0_3 like Mac OS X) AppleWebKit/605.1.15 (KHTML, like Gecko) Version/17.0.1 Mobile/15E148 Safari/604.1"
4.194.64.166 - - [28/Dec/2025:03:43:28 +0800] "GET /info.php HTTP/1.1" 200 29 "https://www.google.co.uk/" "Mozilla/5.0 (iPhone; CPU iPhone OS 17_0_3 like Mac OS X) AppleWebKit/605.1.15 (KHTML, like Gecko) Version/17.0.1 Mobile/15E148 Safari/604.1"
4.194.64.166 - - [28/Dec/2025:03:43:28 +0800] "GET /profile.php HTTP/1.1" 404 27 "https://www.google.co.uk/" "Mozilla/5.0 (iPhone; CPU iPhone OS 17_0_3 like Mac OS X) AppleWebKit/605.1.15 (KHTML, like Gecko) Version/17.0.1 Mobile/15E148 Safari/604.1"
4.194.64.166 - - [28/Dec/2025:03:43:28 +0800] "GET /sx.php HTTP/1.1" 404 27 "https://www.google.fr/" "Mozilla/5.0 (Linux; Android 13; SM-G991U) AppleWebKit/537.36 (KHTML, like Gecko) Chrome/117.0.0.0 Mobile Safari/537.36"
4.194.64.166 - - [28/Dec/2025:03:43:28 +0800] "GET /wp-admin/css/colors/blue/index.php HTTP/1.1" 404 27 "https://duckduckgo.com/" "Mozilla/5.0 (iPhone; CPU iPhone OS 17_1 like Mac OS X) AppleWebKit/605.1.15 (KHTML, like Gecko) CriOS/119.0.6045.109 Mobile/15E148 Safari/604.1"
4.194.64.166 - - [28/Dec/2025:03:43:28 +0800] "GET /wp-admin/images/admin.php HTTP/1.1" 404 27 "https://duckduckgo.com/" "Mozilla/5.0 (Linux; Android 11; 21081111RG) AppleWebKit/537.36 (KHTML, like Gecko) Chrome/116.0.0.0 Mobile Safari/537.36"
4.194.64.166 - - [28/Dec/2025:03:43:28 +0800] "GET /wp-admin/includes/ HTTP/1.1" 403 146 "https://www.google.com/" "Mozilla/5.0 (iPhone; CPU iPhone OS 15_7_9 like Mac OS X) AppleWebKit/605.1.15 (KHTML, like Gecko) Version/15.6.5 Mobile/15E148 Safari/604.1"
4.194.64.166 - - [28/Dec/2025:03:43:28 +0800] "GET /wp-admin/js/index.php HTTP/1.1" 404 27 "https://www.google.fr/" "Mozilla/5.0 (Linux; Android 13; SM-G991U) AppleWebKit/537.36 (KHTML, like Gecko) Chrome/117.0.0.0 Mobile Safari/537.36"
4.194.64.166 - - [28/Dec/2025:03:43:28 +0800] "GET /wp-admin/js/widgets/ HTTP/1.1" 403 146 "https://www.google.co.uk/" "Mozilla/5.0 (iPad; CPU OS 17_0_3 like Mac OS X) AppleWebKit/605.1.15 (KHTML, like Gecko) Version/17.0.1 Mobile/15E148 Safari/604.1"
4.194.64.166 - - [28/Dec/2025:03:43:28 +0800] "GET /wp-content/about.php HTTP/1.1" 404 27 "https://www.google.com/" "Mozilla/5.0 (iPhone; CPU iPhone OS 17_0_3 like Mac OS X) AppleWebKit/605.1.15 (KHTML, like Gecko) Version/17.0.1 Mobile/15E148 Safari/604.1"
4.194.64.166 - - [28/Dec/2025:03:43:28 +0800] "GET /wp-content/admin-header.php HTTP/1.1" 404 27 "https://www.google.com/" "Mozilla/5.0 (Linux; Android 13; M2101K6G) AppleWebKit/537.36 (KHTML, like Gecko) Chrome/116.0.0.0 Mobile Safari/537.36"
4.194.64.166 - - [28/Dec/2025:03:43:28 +0800] "GET /wp-content/admin.php HTTP/1.1" 404 27 "https://www.google.de/" "Mozilla/5.0 (iPad; CPU OS 16_7_2 like Mac OS X) AppleWebKit/605.1.15 (KHTML, like Gecko) Version/16.6 Mobile/15E148 Safari/604.1"
4.194.64.166 - - [28/Dec/2025:03:43:28 +0800] "GET /wp-content/content.php HTTP/1.1" 404 27 "https://duckduckgo.com/" "Mozilla/5.0 (Linux; Android 12; V2134) AppleWebKit/537.36 (KHTML, like Gecko) Chrome/116.0.0.0 Mobile Safari/537.36"
4.194.64.166 - - [28/Dec/2025:03:43:29 +0800] "GET /wp-content/index.php HTTP/1.1" 200 5 "https://www.google.com/" "Mozilla/5.0 (Linux; Android 13; SM-S908E) AppleWebKit/537.36 (KHTML, like Gecko) Chrome/116.0.0.0 Mobile Safari/537.36"
36.133.115.36 - - [28/Dec/2025:03:43:29 +0800] "POST /wp-cron.php?doing_wp_cron=1766864609.6735260486602783203125 HTTP/1.1" 200 31 "-" "WordPress/6.8.3; http://cqqizhou.com"
4.194.64.166 - - [28/Dec/2025:03:43:29 +0800] "GET /wp-content/plugins/Ultimate_VC_Addons/assets/alfa-rex.php7 HTTP/1.1" 404 31364 "https://www.google.co.uk/" "Mozilla/5.0 (iPhone; CPU iPhone OS 16_6_1 like Mac OS X) AppleWebKit/605.1.15 (KHTML, like Gecko) Version/16.6 Mobile/15E148 Safari/604.1"
4.194.64.166 - - [28/Dec/2025:03:43:29 +0800] "GET /wp-content/plugins/about.php HTTP/1.1" 404 27 "https://www.google.fr/" "Mozilla/5.0 (iPhone; CPU iPhone OS 17_1 like Mac OS X) AppleWebKit/605.1.15 (KHTML, like Gecko) CriOS/119.0.6045.109 Mobile/15E148 Safari/604.1"
4.194.64.166 - - [28/Dec/2025:03:43:29 +0800] "GET /wp-content/plugins/admin.php HTTP/1.1" 404 27 "https://www.google.de/" "Mozilla/5.0 (iPhone; CPU iPhone OS 15_7_9 like Mac OS X) AppleWebKit/605.1.15 (KHTML, like Gecko) Version/15.6.5 Mobile/15E148 Safari/604.1"
4.194.64.166 - - [28/Dec/2025:03:43:30 +0800] "GET /wp-content/plugins/classic-editor/wp-login.php HTTP/1.1" 404 27 "https://www.google.co.uk/" "Mozilla/5.0 (Linux; Android 12; SM-A525F) AppleWebKit/537.36 (KHTML, like Gecko) Chrome/117.0.0.0 Mobile Safari/537.36"
4.194.64.166 - - [28/Dec/2025:03:43:30 +0800] "GET /wp-content/plugins/yanierin/akc.php HTTP/1.1" 404 27 "https://www.bing.com/" "Mozilla/5.0 (Linux; Android 13; SM-S908E) AppleWebKit/537.36 (KHTML, like Gecko) Chrome/116.0.0.0 Mobile Safari/537.36"
4.194.64.166 - - [28/Dec/2025:03:43:30 +0800] "GET /wp-content/themes/about.php HTTP/1.1" 404 27 "https://www.google.fr/" "Mozilla/5.0 (iPhone; CPU iPhone OS 15_7_9 like Mac OS X) AppleWebKit/605.1.15 (KHTML, like Gecko) Version/15.6.5 Mobile/15E148 Safari/604.1"
4.194.64.166 - - [28/Dec/2025:03:43:30 +0800] "GET /wp-content/themes/admin.php HTTP/1.1" 404 27 "https://duckduckgo.com/" "Mozilla/5.0 (Linux; Android 13; SM-S908E) AppleWebKit/537.36 (KHTML, like Gecko) Chrome/116.0.0.0 Mobile Safari/537.36"
4.194.64.166 - - [28/Dec/2025:03:43:30 +0800] "GET /wp-content/upgrade/index.php HTTP/1.1" 404 27 "https://www.yahoo.com/" "Mozilla/5.0 (Linux; Android 13; M2101K6G) AppleWebKit/537.36 (KHTML, like Gecko) Chrome/116.0.0.0 Mobile Safari/537.36"
4.194.64.166 - - [28/Dec/2025:03:43:30 +0800] "GET /wp-content/uploads/ HTTP/1.1" 403 548 "https://www.bing.com/" "Mozilla/5.0 (Linux; Android 10; LM-Q720) AppleWebKit/537.36 (KHTML, like Gecko) Chrome/116.0.0.0 Mobile Safari/537.36"
4.194.64.166 - - [28/Dec/2025:03:43:30 +0800] "GET /wp-content/uploads/2025/ HTTP/1.1" 403 146 "https://www.bing.com/" "Mozilla/5.0 (iPhone; CPU iPhone OS 16_0 like Mac OS X) AppleWebKit/605.1.15 (KHTML, like Gecko) FxiOS/118.0 Mobile/15E148 Safari/605.1.15"
4.194.64.166 - - [28/Dec/2025:03:43:30 +0800] "GET /wp-content/uploads/admin.php HTTP/1.1" 404 27 "https://www.google.de/" "Mozilla/5.0 (iPhone; CPU iPhone OS 17_1_1 like Mac OS X) AppleWebKit/605.1.15 (KHTML, like Gecko) Version/17.1 Mobile/15E148 Safari/604.1"
4.194.64.166 - - [28/Dec/2025:03:43:30 +0800] "GET /wp-fclass.php HTTP/1.1" 404 27 "https://www.google.de/" "Mozilla/5.0 (iPhone; CPU iPhone OS 17_0_3 like Mac OS X) AppleWebKit/605.1.15 (KHTML, like Gecko) Version/17.0.1 Mobile/15E148 Safari/604.1"
4.194.64.166 - - [28/Dec/2025:03:43:30 +0800] "GET /wp-includes/ID3/ HTTP/1.1" 403 146 "https://www.google.fr/" "Mozilla/5.0 (iPad; CPU OS 17_0_3 like Mac OS X) AppleWebKit/605.1.15 (KHTML, like Gecko) Version/17.0.1 Mobile/15E148 Safari/604.1"
4.194.64.166 - - [28/Dec/2025:03:43:30 +0800] "GET /wp-includes/PHPMailer/ HTTP/1.1" 403 146 "https://www.bing.com/" "Mozilla/5.0 (iPad; CPU OS 17_0_3 like Mac OS X) AppleWebKit/605.1.15 (KHTML, like Gecko) Version/17.0.1 Mobile/15E148 Safari/604.1"
4.194.64.166 - - [28/Dec/2025:03:43:30 +0800] "GET /wp-includes/Requests/about.php HTTP/1.1" 404 27 "https://duckduckgo.com/" "Mozilla/5.0 (Linux; Android 10; K) AppleWebKit/537.36 (KHTML, like Gecko) Chrome/117.0.0.0 Mobile Safari/537.36"
4.194.64.166 - - [28/Dec/2025:03:43:30 +0800] "GET /wp-includes/Requests/alfa-rex.php HTTP/1.1" 404 27 "https://www.bing.com/" "Mozilla/5.0 (iPhone; CPU iPhone OS 17_0_3 like Mac OS X) AppleWebKit/605.1.15 (KHTML, like Gecko) Version/17.0.1 Mobile/15E148 Safari/604.1"
4.194.64.166 - - [28/Dec/2025:03:43:30 +0800] "GET /wp-includes/Requests/src/Cookie/ HTTP/1.1" 403 146 "https://www.google.co.uk/" "Mozilla/5.0 (iPhone; CPU iPhone OS 15_7_9 like Mac OS X) AppleWebKit/605.1.15 (KHTML, like Gecko) Version/15.6.5 Mobile/15E148 Safari/604.1"
4.194.64.166 - - [28/Dec/2025:03:43:31 +0800] "GET /wp-includes/Requests/src/Response/about.php HTTP/1.1" 404 27 "https://www.google.de/" "Mozilla/5.0 (iPhone; CPU iPhone OS 17_0_3 like Mac OS X) AppleWebKit/605.1.15 (KHTML, like Gecko) Version/17.0.1 Mobile/15E148 Safari/604.1"
4.194.64.166 - - [28/Dec/2025:03:43:31 +0800] "GET /wp-includes/Text/Diff/Renderer/ HTTP/1.1" 403 548 "https://www.google.com/" "Mozilla/5.0 (Linux; Android 13; SM-S908E) AppleWebKit/537.36 (KHTML, like Gecko) Chrome/116.0.0.0 Mobile Safari/537.36"
4.194.64.166 - - [28/Dec/2025:03:43:31 +0800] "GET /wp-includes/Text/index.php HTTP/1.1" 404 27 "https://www.google.de/" "Mozilla/5.0 (iPhone; CPU iPhone OS 17_1_1 like Mac OS X) AppleWebKit/605.1.15 (KHTML, like Gecko) Version/17.1 Mobile/15E148 Safari/604.1"
4.194.64.166 - - [28/Dec/2025:03:43:31 +0800] "GET /wp-includes/Text/xwx1.php HTTP/1.1" 404 27 "https://www.google.co.uk/" "Mozilla/5.0 (Linux; Android 10; K) AppleWebKit/537.36 (KHTML, like Gecko) Chrome/117.0.0.0 Mobile Safari/537.36"
4.194.64.166 - - [28/Dec/2025:03:43:31 +0800] "GET /wp-includes/assets/about.php HTTP/1.1" 404 27 "https://www.google.co.uk/" "Mozilla/5.0 (Linux; Android 13; SM-G991U) AppleWebKit/537.36 (KHTML, like Gecko) Chrome/117.0.0.0 Mobile Safari/537.36"
4.194.64.166 - - [28/Dec/2025:03:43:31 +0800] "GET /wp-includes/block-patterns/ HTTP/1.1" 403 548 "https://duckduckgo.com/" "Mozilla/5.0 (Linux; Android 11; 21081111RG) AppleWebKit/537.36 (KHTML, like Gecko) Chrome/116.0.0.0 Mobile Safari/537.36"
4.194.64.166 - - [28/Dec/2025:03:43:31 +0800] "GET /wp-includes/blocks/ HTTP/1.1" 200 12 "https://www.google.fr/" "Mozilla/5.0 (Linux; Android 13; SM-S908E) AppleWebKit/537.36 (KHTML, like Gecko) Chrome/116.0.0.0 Mobile Safari/537.36"
4.194.64.166 - - [28/Dec/2025:03:43:31 +0800] "GET /wp-includes/customize/class-wp-customize-cropped-image-control.php HTTP/1.1" 500 5 "https://www.bing.com/" "Mozilla/5.0 (Linux; Android 13; M2101K6G) AppleWebKit/537.36 (KHTML, like Gecko) Chrome/116.0.0.0 Mobile Safari/537.36"
4.194.64.166 - - [28/Dec/2025:03:43:31 +0800] "GET /wp-includes/images/media/ HTTP/1.1" 403 146 "https://www.google.fr/" "Mozilla/5.0 (iPhone; CPU iPhone OS 16_0 like Mac OS X) AppleWebKit/605.1.15 (KHTML, like Gecko) FxiOS/118.0 Mobile/15E148 Safari/605.1.15"
4.194.64.166 - - [28/Dec/2025:03:43:31 +0800] "GET /wp-includes/images/smilies/about.php HTTP/1.1" 404 27 "https://www.google.com/" "Mozilla/5.0 (Linux; Android 14; Pixel 8 Pro) AppleWebKit/537.36 (KHTML, like Gecko) Chrome/119.0.0.0 Mobile Safari/537.36"
4.194.64.166 - - [28/Dec/2025:03:43:31 +0800] "GET /wp-includes/images/wp-login.php HTTP/1.1" 404 27 "https://duckduckgo.com/" "Mozilla/5.0 (iPad; CPU OS 16_7_2 like Mac OS X) AppleWebKit/605.1.15 (KHTML, like Gecko) Version/16.6 Mobile/15E148 Safari/604.1"
4.194.64.166 - - [28/Dec/2025:03:43:31 +0800] "GET /wp-includes/js/dist/script-modules/block-library/search/about.php HTTP/1.1" 404 27 "https://www.google.com/" "Mozilla/5.0 (iPhone; CPU iPhone OS 15_7_9 like Mac OS X) AppleWebKit/605.1.15 (KHTML, like Gecko) Version/15.6.5 Mobile/15E148 Safari/604.1"
4.194.64.166 - - [28/Dec/2025:03:43:31 +0800] "GET /wp-includes/style-engine/ HTTP/1.1" 403 548 "https://www.google.de/" "Mozilla/5.0 (Linux; Android 11; 21081111RG) AppleWebKit/537.36 (KHTML, like Gecko) Chrome/116.0.0.0 Mobile Safari/537.36"
4.194.64.166 - - [28/Dec/2025:03:43:32 +0800] "GET /wp-themes.php HTTP/1.1" 404 27 "https://www.google.fr/" "Mozilla/5.0 (iPhone; CPU iPhone OS 16_0 like Mac OS X) AppleWebKit/605.1.15 (KHTML, like Gecko) FxiOS/118.0 Mobile/15E148 Safari/605.1.15"
4.194.64.166 - - [28/Dec/2025:03:43:32 +0800] "GET /xmlrpc.php HTTP/1.1" 405 53 "https://www.bing.com/" "Mozilla/5.0 (Linux; Android 11; 21081111RG) AppleWebKit/537.36 (KHTML, like Gecko) Chrome/116.0.0.0 Mobile Safari/537.36"
36.133.115.36 - - [28/Dec/2025:03:44:47 +0800] "POST /wp-cron.php?doing_wp_cron=1766864687.1431760787963867187500 HTTP/1.1" 200 31 "-" "WordPress/6.8.3; http://cqqizhou.com"
64.227.26.18 - - [28/Dec/2025:03:44:47 +0800] "GET / HTTP/1.1" 301 5 "-" "Mozilla/5.0 (Macintosh; Intel Mac OS X 10_15_7) AppleWebKit/537.36 (KHTML, like Gecko) Chrome/92.0.4515.159 Safari/537.36"
64.227.26.18 - - [28/Dec/2025:03:44:48 +0800] "GET / HTTP/1.1" 200 34109 "http://36.133.115.36/" "Mozilla/5.0 (Macintosh; Intel Mac OS X 10_15_7) AppleWebKit/537.36 (KHTML, like Gecko) Chrome/92.0.4515.159 Safari/537.36"
36.133.115.36 - - [28/Dec/2025:03:46:05 +0800] "POST /wp-cron.php?doing_wp_cron=1766864765.5883169174194335937500 HTTP/1.1" 200 31 "-" "WordPress/6.8.3; http://cqqizhou.com"
143.110.140.58 - - [28/Dec/2025:03:46:05 +0800] "GET / HTTP/1.1" 301 5 "-" "Mozilla/5.0 (Macintosh; Intel Mac OS X 10_15_7) AppleWebKit/537.36 (KHTML, like Gecko) Chrome/92.0.4515.159 Safari/537.36"
143.110.140.58 - - [28/Dec/2025:03:46:06 +0800] "GET / HTTP/1.1" 200 34109 "http://36.133.115.36/" "Mozilla/5.0 (Macintosh; Intel Mac OS X 10_15_7) AppleWebKit/537.36 (KHTML, like Gecko) Chrome/92.0.4515.159 Safari/537.36"
36.133.115.36 - - [28/Dec/2025:03:47:25 +0800] "POST /wp-cron.php?doing_wp_cron=1766864845.7570579051971435546875 HTTP/1.1" 200 31 "-" "WordPress/6.8.3; http://cqqizhou.com"
45.56.126.85 - - [28/Dec/2025:03:47:25 +0800] "POST /wsman HTTP/1.1" 404 8981 "-" "Mozilla/5.0 (Macintosh; Intel Mac OS X 10_15_7) AppleWebKit/537.36 (KHTML, like Gecko) Chrome/92.0.4515.159 Safari/537.36"
36.133.115.36 - - [28/Dec/2025:03:48:16 +0800] "POST /wp-cron.php?doing_wp_cron=1766864896.0388360023498535156250 HTTP/1.1" 200 31 "-" "WordPress/6.8.3; http://cqqizhou.com"
120.77.174.138 - - [28/Dec/2025:03:48:16 +0800] "POST /wp-login.php HTTP/1.1" 200 9111 "-" "Mozilla/5.0"
120.77.174.138 - - [28/Dec/2025:03:48:16 +0800] "POST /wp-login.php HTTP/1.1" 200 9111 "-" "Mozilla/5.0"
120.77.174.138 - - [28/Dec/2025:03:48:16 +0800] "POST /wp-login.php HTTP/1.1" 200 9111 "-" "Mozilla/5.0"
120.77.174.138 - - [28/Dec/2025:03:48:16 +0800] "POST /wp-login.php HTTP/1.1" 200 9111 "-" "Mozilla/5.0"
120.77.174.138 - - [28/Dec/2025:03:48:16 +0800] "POST /wp-login.php HTTP/1.1" 200 9111 "-" "Mozilla/5.0"
120.77.174.138 - - [28/Dec/2025:03:48:16 +0800] "POST /wp-login.php HTTP/1.1" 200 9111 "-" "Mozilla/5.0"
120.77.174.138 - - [28/Dec/2025:03:48:16 +0800] "POST /wp-login.php HTTP/1.1" 200 9111 "-" "Mozilla/5.0"
120.77.174.138 - - [28/Dec/2025:03:48:17 +0800] "POST /wp-login.php HTTP/1.1" 200 9111 "-" "Mozilla/5.0"
120.77.174.138 - - [28/Dec/2025:03:48:17 +0800] "POST /wp-login.php HTTP/1.1" 200 9111 "-" "Mozilla/5.0"
120.77.174.138 - - [28/Dec/2025:03:48:18 +0800] "POST /wp-login.php HTTP/1.1" 200 9111 "-" "Mozilla/5.0"
120.77.174.138 - - [28/Dec/2025:03:48:18 +0800] "POST /wp-login.php HTTP/1.1" 200 9111 "-" "Mozilla/5.0"
120.77.174.138 - - [28/Dec/2025:03:48:19 +0800] "POST /wp-login.php HTTP/1.1" 200 9111 "-" "Mozilla/5.0"
120.77.174.138 - - [28/Dec/2025:03:48:19 +0800] "POST /wp-login.php HTTP/1.1" 200 9111 "-" "Mozilla/5.0"
120.77.174.138 - - [28/Dec/2025:03:48:20 +0800] "POST /wp-login.php HTTP/1.1" 200 9111 "-" "Mozilla/5.0"
120.77.174.138 - - [28/Dec/2025:03:48:20 +0800] "POST /wp-login.php HTTP/1.1" 200 9111 "-" "Mozilla/5.0"
120.77.174.138 - - [28/Dec/2025:03:48:21 +0800] "POST /wp-login.php HTTP/1.1" 200 9111 "-" "Mozilla/5.0"
120.77.174.138 - - [28/Dec/2025:03:48:21 +0800] "POST /wp-login.php HTTP/1.1" 200 9111 "-" "Mozilla/5.0"
120.77.174.138 - - [28/Dec/2025:03:48:22 +0800] "POST /wp-login.php HTTP/1.1" 200 9111 "-" "Mozilla/5.0"
120.77.174.138 - - [28/Dec/2025:03:48:23 +0800] "POST /wp-login.php HTTP/1.1" 200 9111 "-" "Mozilla/5.0"
120.77.174.138 - - [28/Dec/2025:03:48:23 +0800] "POST /wp-login.php HTTP/1.1" 200 9111 "-" "Mozilla/5.0"
120.77.174.138 - - [28/Dec/2025:03:48:24 +0800] "POST /wp-login.php HTTP/1.1" 200 9111 "-" "Mozilla/5.0"
120.77.174.138 - - [28/Dec/2025:03:48:24 +0800] "POST /wp-login.php HTTP/1.1" 200 9111 "-" "Mozilla/5.0"
120.77.174.138 - - [28/Dec/2025:03:48:25 +0800] "POST /wp-login.php HTTP/1.1" 200 9111 "-" "Mozilla/5.0"
120.77.174.138 - - [28/Dec/2025:03:48:26 +0800] "POST /wp-login.php HTTP/1.1" 200 9111 "-" "Mozilla/5.0"
120.77.174.138 - - [28/Dec/2025:03:48:26 +0800] "POST /wp-login.php HTTP/1.1" 200 9111 "-" "Mozilla/5.0"
120.77.174.138 - - [28/Dec/2025:03:48:27 +0800] "POST /wp-login.php HTTP/1.1" 200 9111 "-" "Mozilla/5.0"
120.77.174.138 - - [28/Dec/2025:03:48:28 +0800] "POST /wp-login.php HTTP/1.1" 200 9111 "-" "Mozilla/5.0"
120.77.174.138 - - [28/Dec/2025:03:48:28 +0800] "POST /wp-login.php HTTP/1.1" 200 9111 "-" "Mozilla/5.0"
120.77.174.138 - - [28/Dec/2025:03:48:29 +0800] "POST /wp-login.php HTTP/1.1" 200 9111 "-" "Mozilla/5.0"
120.77.174.138 - - [28/Dec/2025:03:48:29 +0800] "POST /wp-login.php HTTP/1.1" 200 9111 "-" "Mozilla/5.0"
120.77.174.138 - - [28/Dec/2025:03:48:30 +0800] "POST /wp-login.php HTTP/1.1" 200 9111 "-" "Mozilla/5.0"
120.77.174.138 - - [28/Dec/2025:03:48:31 +0800] "POST /wp-login.php HTTP/1.1" 200 9111 "-" "Mozilla/5.0"
120.77.174.138 - - [28/Dec/2025:03:48:31 +0800] "POST /wp-login.php HTTP/1.1" 200 9111 "-" "Mozilla/5.0"
120.77.174.138 - - [28/Dec/2025:03:48:32 +0800] "POST /wp-login.php HTTP/1.1" 200 9111 "-" "Mozilla/5.0"
120.77.174.138 - - [28/Dec/2025:03:48:33 +0800] "POST /wp-login.php HTTP/1.1" 200 9111 "-" "Mozilla/5.0"
120.77.174.138 - - [28/Dec/2025:03:48:33 +0800] "POST /wp-login.php HTTP/1.1" 200 9111 "-" "Mozilla/5.0"
120.77.174.138 - - [28/Dec/2025:03:48:34 +0800] "POST /wp-login.php HTTP/1.1" 200 9111 "-" "Mozilla/5.0"
120.77.174.138 - - [28/Dec/2025:03:48:34 +0800] "POST /wp-login.php HTTP/1.1" 200 9111 "-" "Mozilla/5.0"
120.77.174.138 - - [28/Dec/2025:03:48:35 +0800] "POST /wp-login.php HTTP/1.1" 200 9111 "-" "Mozilla/5.0"
120.77.174.138 - - [28/Dec/2025:03:48:35 +0800] "POST /wp-login.php HTTP/1.1" 200 9111 "-" "Mozilla/5.0"
120.77.174.138 - - [28/Dec/2025:03:48:36 +0800] "POST /wp-login.php HTTP/1.1" 200 9111 "-" "Mozilla/5.0"
120.77.174.138 - - [28/Dec/2025:03:48:36 +0800] "POST /wp-login.php HTTP/1.1" 200 9111 "-" "Mozilla/5.0"
120.77.174.138 - - [28/Dec/2025:03:48:37 +0800] "POST /wp-login.php HTTP/1.1" 200 9111 "-" "Mozilla/5.0"
120.77.174.138 - - [28/Dec/2025:03:48:37 +0800] "POST /wp-login.php HTTP/1.1" 200 9111 "-" "Mozilla/5.0"
120.77.174.138 - - [28/Dec/2025:03:48:38 +0800] "POST /wp-login.php HTTP/1.1" 200 9111 "-" "Mozilla/5.0"
120.77.174.138 - - [28/Dec/2025:03:48:38 +0800] "POST /wp-login.php HTTP/1.1" 200 9111 "-" "Mozilla/5.0"
120.77.174.138 - - [28/Dec/2025:03:48:38 +0800] "POST /wp-login.php HTTP/1.1" 200 9111 "-" "Mozilla/5.0"
120.77.174.138 - - [28/Dec/2025:03:48:39 +0800] "POST /wp-login.php HTTP/1.1" 200 9111 "-" "Mozilla/5.0"
120.77.174.138 - - [28/Dec/2025:03:48:39 +0800] "POST /wp-login.php HTTP/1.1" 200 9111 "-" "Mozilla/5.0"
120.77.174.138 - - [28/Dec/2025:03:48:40 +0800] "POST /wp-login.php HTTP/1.1" 200 9111 "-" "Mozilla/5.0"
69.164.205.212 - - [28/Dec/2025:03:48:40 +0800] "GET / HTTP/1.1" 301 5 "-" "Mozilla/5.0 (Macintosh; Intel Mac OS X 10_15_7) AppleWebKit/537.36 (KHTML, like Gecko) Chrome/92.0.4515.159 Safari/537.36"
120.77.174.138 - - [28/Dec/2025:03:48:40 +0800] "POST /wp-login.php HTTP/1.1" 200 9111 "-" "Mozilla/5.0"
69.164.205.212 - - [28/Dec/2025:03:48:40 +0800] "GET / HTTP/1.1" 200 34109 "http://36.133.115.36/" "Mozilla/5.0 (Macintosh; Intel Mac OS X 10_15_7) AppleWebKit/537.36 (KHTML, like Gecko) Chrome/92.0.4515.159 Safari/537.36"
120.77.174.138 - - [28/Dec/2025:03:48:41 +0800] "POST /wp-login.php HTTP/1.1" 200 9111 "-" "Mozilla/5.0"
120.77.174.138 - - [28/Dec/2025:03:48:41 +0800] "POST /wp-login.php HTTP/1.1" 200 9111 "-" "Mozilla/5.0"
69.164.205.212 - - [28/Dec/2025:03:48:42 +0800] "GET /auth.html HTTP/1.1" 404 8981 "-" "Mozilla/5.0 (Macintosh; Intel Mac OS X 10_15_7) AppleWebKit/537.36 (KHTML, like Gecko) Chrome/92.0.4515.159 Safari/537.36"
120.77.174.138 - - [28/Dec/2025:03:48:42 +0800] "POST /wp-login.php HTTP/1.1" 200 9111 "-" "Mozilla/5.0"
120.77.174.138 - - [28/Dec/2025:03:48:42 +0800] "POST /wp-login.php HTTP/1.1" 200 9111 "-" "Mozilla/5.0"
69.164.205.212 - - [28/Dec/2025:03:48:43 +0800] "GET /auth1.html HTTP/1.1" 404 8981 "-" "Mozilla/5.0 (Macintosh; Intel Mac OS X 10_15_7) AppleWebKit/537.36 (KHTML, like Gecko) Chrome/92.0.4515.159 Safari/537.36"
120.77.174.138 - - [28/Dec/2025:03:48:43 +0800] "POST /wp-login.php HTTP/1.1" 200 9111 "-" "Mozilla/5.0"
120.77.174.138 - - [28/Dec/2025:03:48:44 +0800] "POST /wp-login.php HTTP/1.1" 200 9111 "-" "Mozilla/5.0"
69.164.205.212 - - [28/Dec/2025:03:48:44 +0800] "GET /sslvpnLogin.html HTTP/1.1" 404 8981 "-" "Mozilla/5.0 (Macintosh; Intel Mac OS X 10_15_7) AppleWebKit/537.36 (KHTML, like Gecko) Chrome/92.0.4515.159 Safari/537.36"
120.77.174.138 - - [28/Dec/2025:03:48:44 +0800] "POST /wp-login.php HTTP/1.1" 200 9111 "-" "Mozilla/5.0"
120.77.174.138 - - [28/Dec/2025:03:48:45 +0800] "POST /wp-login.php HTTP/1.1" 200 9111 "-" "Mozilla/5.0"
69.164.205.212 - - [28/Dec/2025:03:48:45 +0800] "GET /api/sonicos/auth HTTP/1.1" 404 8981 "-" "Mozilla/5.0 (Macintosh; Intel Mac OS X 10_15_7) AppleWebKit/537.36 (KHTML, like Gecko) Chrome/92.0.4515.159 Safari/537.36"
120.77.174.138 - - [28/Dec/2025:03:48:45 +0800] "POST /wp-login.php HTTP/1.1" 200 9111 "-" "Mozilla/5.0"
36.133.115.36 - - [28/Dec/2025:03:48:46 +0800] "POST /wp-cron.php?doing_wp_cron=1766864926.0534620285034179687500 HTTP/1.1" 200 31 "-" "WordPress/6.8.3; http://cqqizhou.com"
120.77.174.138 - - [28/Dec/2025:03:48:46 +0800] "POST /wp-login.php HTTP/1.1" 200 9111 "-" "Mozilla/5.0"
69.164.205.212 - - [28/Dec/2025:03:48:46 +0800] "GET /api/sonicos/tfa HTTP/1.1" 404 8981 "-" "Mozilla/5.0 (Macintosh; Intel Mac OS X 10_15_7) AppleWebKit/537.36 (KHTML, like Gecko) Chrome/92.0.4515.159 Safari/537.36"
120.77.174.138 - - [28/Dec/2025:03:48:46 +0800] "POST /wp-login.php HTTP/1.1" 200 9111 "-" "Mozilla/5.0"
120.77.174.138 - - [28/Dec/2025:03:48:47 +0800] "POST /wp-login.php HTTP/1.1" 200 9111 "-" "Mozilla/5.0"
120.77.174.138 - - [28/Dec/2025:03:48:47 +0800] "POST /wp-login.php HTTP/1.1" 200 9111 "-" "Mozilla/5.0"
120.77.174.138 - - [28/Dec/2025:03:48:48 +0800] "POST /wp-login.php HTTP/1.1" 200 9111 "-" "Mozilla/5.0"
120.77.174.138 - - [28/Dec/2025:03:48:48 +0800] "POST /wp-login.php HTTP/1.1" 200 9111 "-" "Mozilla/5.0"
120.77.174.138 - - [28/Dec/2025:03:48:49 +0800] "POST /wp-login.php HTTP/1.1" 200 9111 "-" "Mozilla/5.0"
120.77.174.138 - - [28/Dec/2025:03:48:49 +0800] "POST /wp-login.php HTTP/1.1" 200 9111 "-" "Mozilla/5.0"
120.77.174.138 - - [28/Dec/2025:03:48:50 +0800] "POST /wp-login.php HTTP/1.1" 200 9111 "-" "Mozilla/5.0"
120.77.174.138 - - [28/Dec/2025:03:48:50 +0800] "POST /wp-login.php HTTP/1.1" 200 9111 "-" "Mozilla/5.0"
120.77.174.138 - - [28/Dec/2025:03:48:51 +0800] "POST /wp-login.php HTTP/1.1" 200 9111 "-" "Mozilla/5.0"
120.77.174.138 - - [28/Dec/2025:03:48:52 +0800] "POST /wp-login.php HTTP/1.1" 200 9111 "-" "Mozilla/5.0"
120.77.174.138 - - [28/Dec/2025:03:48:52 +0800] "POST /wp-login.php HTTP/1.1" 200 9111 "-" "Mozilla/5.0"
120.77.174.138 - - [28/Dec/2025:03:48:53 +0800] "POST /wp-login.php HTTP/1.1" 200 9111 "-" "Mozilla/5.0"
120.77.174.138 - - [28/Dec/2025:03:48:54 +0800] "POST /wp-login.php HTTP/1.1" 200 9111 "-" "Mozilla/5.0"
120.77.174.138 - - [28/Dec/2025:03:48:54 +0800] "POST /wp-login.php HTTP/1.1" 200 9111 "-" "Mozilla/5.0"
120.77.174.138 - - [28/Dec/2025:03:48:55 +0800] "POST /wp-login.php HTTP/1.1" 200 9111 "-" "Mozilla/5.0"
120.77.174.138 - - [28/Dec/2025:03:48:56 +0800] "POST /wp-login.php HTTP/1.1" 200 9111 "-" "Mozilla/5.0"
120.77.174.138 - - [28/Dec/2025:03:48:56 +0800] "POST /wp-login.php HTTP/1.1" 200 9111 "-" "Mozilla/5.0"
120.77.174.138 - - [28/Dec/2025:03:48:57 +0800] "POST /wp-login.php HTTP/1.1" 200 9111 "-" "Mozilla/5.0"
120.77.174.138 - - [28/Dec/2025:03:48:58 +0800] "POST /wp-login.php HTTP/1.1" 200 9111 "-" "Mozilla/5.0"
120.77.174.138 - - [28/Dec/2025:03:48:58 +0800] "POST /wp-login.php HTTP/1.1" 200 9111 "-" "Mozilla/5.0"
120.77.174.138 - - [28/Dec/2025:03:48:59 +0800] "POST /wp-login.php HTTP/1.1" 200 9111 "-" "Mozilla/5.0"
120.77.174.138 - - [28/Dec/2025:03:49:00 +0800] "POST /wp-login.php HTTP/1.1" 200 9111 "-" "Mozilla/5.0"
36.133.115.36 - - [28/Dec/2025:03:50:29 +0800] "POST /wp-cron.php?doing_wp_cron=1766865029.2756819725036621093750 HTTP/1.1" 200 31 "-" "WordPress/6.8.3; http://cqqizhou.com"
159.223.186.43 - - [28/Dec/2025:03:50:29 +0800] "GET / HTTP/1.1" 301 5 "-" "Mozilla/5.0 (Windows NT 10.0; Win64; x64) AppleWebKit/537.36 (KHTML, like Gecko) Chrome/83.0.4103.61 Safari/537.36"
159.223.186.43 - - [28/Dec/2025:03:50:29 +0800] "GET / HTTP/1.1" 200 34109 "-" "Mozilla/5.0 (Windows NT 10.0; Win64; x64) AppleWebKit/537.36 (KHTML, like Gecko) Chrome/83.0.4103.61 Safari/537.36"
43.153.54.138 - - [28/Dec/2025:03:51:31 +0800] "GET /wp-content/uploads/2025/12/1765891413-20251209103501-768x427.webp HTTP/1.1" 200 33494 "-" "Mozilla/5.0 (iPhone; CPU iPhone OS 13_2_3 like Mac OS X) AppleWebKit/605.1.15 (KHTML, like Gecko) Version/13.0.3 Mobile/15E148 Safari/604.1"
36.133.115.36 - - [28/Dec/2025:03:58:23 +0800] "POST /wp-cron.php?doing_wp_cron=1766865503.0303130149841308593750 HTTP/1.1" 200 31 "-" "WordPress/6.8.3; http://cqqizhou.com"
159.223.112.171 - - [28/Dec/2025:03:58:23 +0800] "GET / HTTP/1.0" 301 0 "-" "-"
36.133.115.36 - - [28/Dec/2025:03:59:50 +0800] "POST /wp-cron.php?doing_wp_cron=1766865590.3559629917144775390625 HTTP/1.1" 200 31 "-" "WordPress/6.8.3; http://cqqizhou.com"
157.245.83.171 - - [28/Dec/2025:03:59:50 +0800] "GET / HTTP/1.0" 301 0 "-" "-"
162.62.213.165 - - [28/Dec/2025:03:59:52 +0800] "GET /wp-content/uploads/2025/12/1765248735-20251209104226_108_60-300x225.webp HTTP/1.1" 200 14478 "-" "Mozilla/5.0 (iPhone; CPU iPhone OS 13_2_3 like Mac OS X) AppleWebKit/605.1.15 (KHTML, like Gecko) Version/13.0.3 Mobile/15E148 Safari/604.1"
36.133.115.36 - - [28/Dec/2025:04:02:08 +0800] "POST /wp-cron.php?doing_wp_cron=1766865728.0182890892028808593750 HTTP/1.1" 200 31 "-" "WordPress/6.8.3; http://cqqizhou.com"
135.235.137.93 - - [28/Dec/2025:04:02:08 +0800] "POST /xmlrpc.php HTTP/1.1" 200 217 "-" "Mozilla/5.0 (Windows NT 10.0; Win64; x64; rv:76.0) Gecko/20100101 Firefox/76.0"
36.133.115.36 - - [28/Dec/2025:04:03:08 +0800] "POST /wp-cron.php?doing_wp_cron=1766865788.3789279460906982421875 HTTP/1.1" 200 31 "-" "WordPress/6.8.3; http://cqqizhou.com"
40.77.167.136 - - [28/Dec/2025:04:03:08 +0800] "GET /?s= HTTP/1.1" 200 19739 "-" "Mozilla/5.0 AppleWebKit/537.36 (KHTML, like Gecko; compatible; bingbot/2.0; +http://www.bing.com/bingbot.htm) Chrome/116.0.1938.76 Safari/537.36"
36.133.115.36 - - [28/Dec/2025:04:08:17 +0800] "POST /wp-cron.php?doing_wp_cron=1766866097.2971661090850830078125 HTTP/1.1" 200 31 "-" "WordPress/6.8.3; http://cqqizhou.com"
204.76.203.212 - - [28/Dec/2025:04:08:17 +0800] "GET / HTTP/1.1" 200 33679 "-" "Mozilla/5.0 (Windows NT 10.0; Win64; x64) AppleWebKit/537.36 (KHTML, like Gecko) Chrome/90.0.4430.85 Safari/537.36 Edg/90.0.818.46"
36.133.115.36 - - [28/Dec/2025:04:11:46 +0800] "POST /wp-cron.php?doing_wp_cron=1766866306.0698759555816650390625 HTTP/1.1" 200 31 "-" "WordPress/6.8.3; http://cqqizhou.com"
150.109.46.88 - - [28/Dec/2025:04:11:46 +0800] "GET /wp-json/oembed/1.0/embed?url=http%3A%2F%2Fcqqizhou.com%2F2339%2F HTTP/1.1" 200 1266 "-" "Mozilla/5.0 (iPhone; CPU iPhone OS 13_2_3 like Mac OS X) AppleWebKit/605.1.15 (KHTML, like Gecko) Version/13.0.3 Mobile/15E148 Safari/604.1"
36.133.115.36 - - [28/Dec/2025:04:29:12 +0800] "POST /wp-cron.php?doing_wp_cron=1766867352.1531579494476318359375 HTTP/1.1" 200 31 "-" "WordPress/6.8.3; http://cqqizhou.com"
116.179.32.107 - - [28/Dec/2025:04:29:12 +0800] "GET /portfolio-category/remaining-rolls/ HTTP/1.1" 200 21052 "-" "Mozilla/5.0 (compatible; Baiduspider/2.0; +http://www.baidu.com/search/spider.html)"
36.133.115.36 - - [28/Dec/2025:04:31:01 +0800] "POST /wp-cron.php?doing_wp_cron=1766867461.7695710659027099609375 HTTP/1.1" 200 31 "-" "WordPress/6.8.3; http://cqqizhou.com"
65.108.78.33 - - [28/Dec/2025:04:31:01 +0800] "GET /robots.txt HTTP/1.1" 200 390 "-" "Mozilla/5.0 (compatible; MJ12bot/v1.4.8; http://mj12bot.com/)"
65.108.78.33 - - [28/Dec/2025:04:31:03 +0800] "GET /portfolio/%E5%86%B7%E8%BD%A7%E5%8D%B7/ HTTP/1.1" 200 22115 "-" "Mozilla/5.0 (compatible; MJ12bot/v1.4.8; http://mj12bot.com/)"
207.46.13.153 - - [28/Dec/2025:04:36:06 +0800] "GET /wp-content/uploads/2025/11/1762864378-QZ_Photo-5.webp HTTP/1.1" 200 150306 "-" "Mozilla/5.0 AppleWebKit/537.36 (KHTML, like Gecko; compatible; bingbot/2.0; +http://www.bing.com/bingbot.htm) Chrome/116.0.1938.76 Safari/537.36"
36.133.115.36 - - [28/Dec/2025:04:49:35 +0800] "POST /wp-cron.php?doing_wp_cron=1766868575.4285190105438232421875 HTTP/1.1" 200 31 "-" "WordPress/6.8.3; http://cqqizhou.com"
204.76.203.219 - - [28/Dec/2025:04:49:35 +0800] "GET / HTTP/1.1" 200 33679 "-" "Mozilla/5.0 (Windows NT 10.0; Win64; x64) AppleWebKit/537.36 (KHTML, like Gecko) Chrome/90.0.4430.85 Safari/537.36 Edg/90.0.818.46"
36.133.115.36 - - [28/Dec/2025:04:51:13 +0800] "POST /wp-cron.php?doing_wp_cron=1766868672.9805169105529785156250 HTTP/1.1" 200 31 "-" "WordPress/6.8.3; http://cqqizhou.com"
43.157.174.69 - - [28/Dec/2025:04:51:13 +0800] "GET / HTTP/1.1" 301 5 "-" "Mozilla/5.0 (iPhone; CPU iPhone OS 13_2_3 like Mac OS X) AppleWebKit/605.1.15 (KHTML, like Gecko) Version/13.0.3 Mobile/15E148 Safari/604.1"
43.157.174.69 - - [28/Dec/2025:04:51:15 +0800] "GET / HTTP/1.1" 200 33678 "http://36.133.115.36" "Mozilla/5.0 (iPhone; CPU iPhone OS 13_2_3 like Mac OS X) AppleWebKit/605.1.15 (KHTML, like Gecko) Version/13.0.3 Mobile/15E148 Safari/604.1"
82.223.101.71 - - [28/Dec/2025:04:51:27 +0800] "POST /xmlrpc.php HTTP/1.1" 200 217 "-" "Mozilla/5.0 (Windows NT 10.0; Win64; x64; rv:61.0) Gecko/20100101 Firefox/61.0"
36.133.115.36 - - [28/Dec/2025:04:51:52 +0800] "POST /wp-cron.php?doing_wp_cron=1766868712.7364819049835205078125 HTTP/1.1" 200 31 "-" "WordPress/6.8.3; http://cqqizhou.com"
141.98.11.140 - - [28/Dec/2025:04:51:52 +0800] "GET /login.asp HTTP/1.1" 301 5 "-" "Mozilla/5.0"
36.133.115.36 - - [28/Dec/2025:05:06:14 +0800] "POST /wp-cron.php?doing_wp_cron=1766869574.5447719097137451171875 HTTP/1.1" 200 31 "-" "WordPress/6.8.3; http://cqqizhou.com"
43.135.133.241 - - [28/Dec/2025:05:06:14 +0800] "GET / HTTP/1.1" 200 33679 "-" "Mozilla/5.0 (iPhone; CPU iPhone OS 13_2_3 like Mac OS X) AppleWebKit/605.1.15 (KHTML, like Gecko) Version/13.0.3 Mobile/15E148 Safari/604.1"
36.133.115.36 - - [28/Dec/2025:05:15:26 +0800] "POST /wp-cron.php?doing_wp_cron=1766870126.3450949192047119140625 HTTP/1.1" 200 31 "-" "WordPress/6.8.3; http://cqqizhou.com"
5.187.35.158 - - [28/Dec/2025:05:15:26 +0800] "GET /SDK/webLanguage HTTP/1.1" 301 5 "-" "Mozilla/5.0 (Windows NT 10.0; Win64; x64) AppleWebKit/537.36 (KHTML, like Gecko) Chrome/90.0.4430.85 Safari/537.36 Edg/90.0.818.46"
43.153.71.132 - - [28/Dec/2025:05:15:28 +0800] "GET /wp-content/uploads/2025/07/1753453096- HTTP/1.1" 404 8981 "-" "Mozilla/5.0 (iPhone; CPU iPhone OS 13_2_3 like Mac OS X) AppleWebKit/605.1.15 (KHTML, like Gecko) Version/13.0.3 Mobile/15E148 Safari/604.1"
36.133.115.36 - - [28/Dec/2025:05:31:04 +0800] "POST /wp-cron.php?doing_wp_cron=1766871064.8953509330749511718750 HTTP/1.1" 200 31 "-" "WordPress/6.8.3; http://cqqizhou.com"
216.249.99.220 - - [28/Dec/2025:05:31:04 +0800] "POST /xmlrpc.php HTTP/1.1" 200 217 "-" "Mozilla/5.0 (Windows NT 10.0; Win64; x64; rv:40.0) Gecko/20100101 Firefox/40.0"
85.90.208.132 - - [28/Dec/2025:05:37:15 +0800] "GET /bug/ HTTP/1.1" 200 12840 "http://cqqizhou.com/" "Mozilla/5.0 (X11; Fedora; Linux x86_64; rv:114.0) Gecko/20100101 Firefox/114.0"
36.133.115.36 - - [28/Dec/2025:05:37:17 +0800] "POST /wp-cron.php?doing_wp_cron=1766871437.2114949226379394531250 HTTP/1.1" 200 31 "-" "WordPress/6.8.3; http://cqqizhou.com"
85.90.208.132 - - [28/Dec/2025:05:37:17 +0800] "GET /wp-admin/admin-ajax.php HTTP/1.1" 400 11 "http://cqqizhou.com/bug/" "Mozilla/5.0 (Windows NT 6.3; Win64; x64) AppleWebKit/537.36 (KHTML, like Gecko) Chrome/103.0.0.0 Safari/537.36"
85.90.208.132 - - [28/Dec/2025:05:37:18 +0800] "GET /wp-admin/admin-ajax.php?action=register HTTP/1.1" 400 11 "http://cqqizhou.com/wp-admin/admin-ajax.php" "Mozilla/5.0 (Windows NT 6.3; Win64; x64) AppleWebKit/537.36 (KHTML, like Gecko) Chrome/103.0.0.0 Safari/537.36"
36.133.115.36 - - [28/Dec/2025:05:41:12 +0800] "POST /wp-cron.php?doing_wp_cron=1766871672.0704829692840576171875 HTTP/1.1" 200 31 "-" "WordPress/6.8.3; http://cqqizhou.com"
106.119.167.146 - - [28/Dec/2025:05:41:12 +0800] "GET / HTTP/1.1" 200 33679 "-" "Mozilla/5.0 (iPhone; CPU iPhone OS 13_2_3 like Mac OS X) AppleWebKit/605.1.15 (KHTML, like Gecko) Version/13.0.3 Mobile/15E148 Safari/604.1"
36.133.115.36 - - [28/Dec/2025:05:44:04 +0800] "POST /wp-cron.php?doing_wp_cron=1766871844.9191861152648925781250 HTTP/1.1" 200 31 "-" "WordPress/6.8.3; http://cqqizhou.com"
87.121.84.44 - - [28/Dec/2025:05:44:04 +0800] "GET / HTTP/1.0" 301 0 "-" "Mozilla/5.0 (X11; Linux x86_64; rv:140.0) Gecko/20100101 Firefox/140.0"
36.133.115.36 - - [28/Dec/2025:06:02:24 +0800] "POST /wp-cron.php?doing_wp_cron=1766872944.3936550617218017578125 HTTP/1.1" 200 31 "-" "WordPress/6.8.3; http://cqqizhou.com"
157.55.39.8 - - [28/Dec/2025:06:02:24 +0800] "GET /sitemap.xml HTTP/1.1" 200 501 "-" "Mozilla/5.0 AppleWebKit/537.36 (KHTML, like Gecko; compatible; bingbot/2.0; +http://www.bing.com/bingbot.htm) Chrome/116.0.1938.76 Safari/537.36"
36.133.115.36 - - [28/Dec/2025:06:03:53 +0800] "POST /wp-cron.php?doing_wp_cron=1766873033.7059628963470458984375 HTTP/1.1" 200 31 "-" "WordPress/6.8.3; http://cqqizhou.com"
204.76.203.212 - - [28/Dec/2025:06:03:54 +0800] "GET / HTTP/1.1" 200 33679 "-" "Mozilla/5.0 (Windows NT 10.0; Win64; x64) AppleWebKit/537.36 (KHTML, like Gecko) Chrome/90.0.4430.85 Safari/537.36 Edg/90.0.818.46"
36.133.115.36 - - [28/Dec/2025:06:14:32 +0800] "POST /wp-cron.php?doing_wp_cron=1766873672.8429000377655029296875 HTTP/1.1" 200 31 "-" "WordPress/6.8.3; http://cqqizhou.com"
51.195.183.31 - - [28/Dec/2025:06:14:32 +0800] "GET /robots.txt HTTP/1.1" 200 190 "-" "Mozilla/5.0 (compatible; AhrefsBot/7.0; +http://ahrefs.com/robot/)"
198.244.240.27 - - [28/Dec/2025:06:14:37 +0800] "GET /2163/ HTTP/1.1" 200 23787 "-" "Mozilla/5.0 (compatible; AhrefsBot/7.0; +http://ahrefs.com/robot/)"
36.133.115.36 - - [28/Dec/2025:06:17:47 +0800] "POST /wp-cron.php?doing_wp_cron=1766873867.8162961006164550781250 HTTP/1.1" 200 31 "-" "WordPress/6.8.3; http://cqqizhou.com"
85.186.88.250 - - [28/Dec/2025:06:17:47 +0800] "POST /xmlrpc.php HTTP/1.1" 200 217 "-" "Mozilla/5.0 (Windows NT 10.0; Win64; x64; rv:50.0) Gecko/20100101 Firefox/50.0"
91.224.92.121 - - [28/Dec/2025:06:34:00 +0800] "OPTIONS / HTTP/1.1" 405 552 "-" "Mozilla/5.0 (Windows NT 10.0; Win64; x64) AppleWebKit/537.36 (KHTML, like Gecko) Chrome/114.0.5735.199 Safari/537.36"
36.133.115.36 - - [28/Dec/2025:06:34:10 +0800] "POST /wp-cron.php?doing_wp_cron=1766874850.9024429321289062500000 HTTP/1.1" 200 31 "-" "WordPress/6.8.3; http://cqqizhou.com"
89.42.231.239 - - [28/Dec/2025:06:34:10 +0800] "GET /SDK/webLanguage HTTP/1.1" 301 5 "-" "Mozilla/5.0 (Windows NT 10.0; Win64; x64) AppleWebKit/537.36 (KHTML, like Gecko) Chrome/90.0.4430.85 Safari/537.36 Edg/90.0.818.46"
36.133.115.36 - - [28/Dec/2025:06:42:29 +0800] "POST /wp-cron.php?doing_wp_cron=1766875349.5184350013732910156250 HTTP/1.1" 200 31 "-" "WordPress/6.8.3; http://cqqizhou.com"
204.76.203.219 - - [28/Dec/2025:06:42:29 +0800] "GET / HTTP/1.1" 200 33678 "-" "Mozilla/5.0 (Windows NT 10.0; Win64; x64) AppleWebKit/537.36 (KHTML, like Gecko) Chrome/90.0.4430.85 Safari/537.36 Edg/90.0.818.46"
36.133.115.36 - - [28/Dec/2025:06:42:59 +0800] "POST /wp-cron.php?doing_wp_cron=1766875379.3863279819488525390625 HTTP/1.1" 200 31 "-" "WordPress/6.8.3; http://cqqizhou.com"
193.142.147.209 - - [28/Dec/2025:06:43:00 +0800] "POST / HTTP/1.1" 200 33679 "-" "Mozilla/5.0 (Windows NT 10.0; Win64; x64) AppleWebKit/537.36"
36.133.115.36 - - [28/Dec/2025:06:55:10 +0800] "POST /wp-cron.php?doing_wp_cron=1766876110.8663070201873779296875 HTTP/1.1" 200 31 "-" "WordPress/6.8.3; http://cqqizhou.com"
147.185.133.153 - - [28/Dec/2025:06:55:11 +0800] "GET / HTTP/1.1" 200 33679 "-" "Hello from Palo Alto Networks, find out more about our scans in https://docs-cortex.paloaltonetworks.com/r/1/Cortex-Xpanse/Scanning-activity"
36.133.115.36 - - [28/Dec/2025:06:55:51 +0800] "POST /wp-cron.php?doing_wp_cron=1766876151.0537130832672119140625 HTTP/1.1" 200 31 "-" "WordPress/6.8.3; http://cqqizhou.com"
216.244.66.245 - - [28/Dec/2025:06:55:51 +0800] "GET /robots.txt HTTP/1.1" 200 390 "-" "Mozilla/5.0 (compatible; DotBot/1.2; +https://opensiteexplorer.org/dotbot; help@moz.com)"
36.133.115.36 - - [28/Dec/2025:07:00:28 +0800] "POST /wp-cron.php?doing_wp_cron=1766876428.0274651050567626953125 HTTP/1.1" 200 31 "-" "WordPress/6.8.3; http://cqqizhou.com"
138.197.8.163 - - [28/Dec/2025:07:00:28 +0800] "POST /xmlrpc.php HTTP/1.1" 200 217 "-" "Mozilla/5.0 (Windows NT 10.0; Win64; x64; rv:91.0) Gecko/20100101 Firefox/91.0"
36.133.115.36 - - [28/Dec/2025:07:04:26 +0800] "POST /wp-cron.php?doing_wp_cron=1766876666.6621170043945312500000 HTTP/1.1" 200 31 "-" "WordPress/6.8.3; http://cqqizhou.com"
43.173.1.57 - - [28/Dec/2025:07:04:26 +0800] "GET / HTTP/1.1" 200 33677 "-" "Mozilla/5.0 (iPhone; CPU iPhone OS 13_2_3 like Mac OS X) AppleWebKit/605.1.15 (KHTML, like Gecko) Version/13.0.3 Mobile/15E148 Safari/604.1"
36.133.115.36 - - [28/Dec/2025:07:11:09 +0800] "POST /wp-cron.php?doing_wp_cron=1766877069.2135028839111328125000 HTTP/1.1" 200 31 "-" "WordPress/6.8.3; http://cqqizhou.com"
66.249.68.71 - - [28/Dec/2025:07:11:09 +0800] "GET /news/page/2/ HTTP/1.1" 200 19107 "-" "Mozilla/5.0 (Linux; Android 6.0.1; Nexus 5X Build/MMB29P) AppleWebKit/537.36 (KHTML, like Gecko) Chrome/141.0.7390.122 Mobile Safari/537.36 (compatible; Googlebot/2.1; +http://www.google.com/bot.html)"
36.133.115.36 - - [28/Dec/2025:07:20:58 +0800] "POST /wp-cron.php?doing_wp_cron=1766877658.0496149063110351562500 HTTP/1.1" 200 31 "-" "WordPress/6.8.3; http://cqqizhou.com"
43.166.129.247 - - [28/Dec/2025:07:20:58 +0800] "GET / HTTP/1.1" 200 33677 "-" "Mozilla/5.0 (iPhone; CPU iPhone OS 13_2_3 like Mac OS X) AppleWebKit/605.1.15 (KHTML, like Gecko) Version/13.0.3 Mobile/15E148 Safari/604.1"
36.133.115.36 - - [28/Dec/2025:07:27:31 +0800] "POST /wp-cron.php?doing_wp_cron=1766878051.1238989830017089843750 HTTP/1.1" 200 31 "-" "WordPress/6.8.3; http://cqqizhou.com"
43.135.134.127 - - [28/Dec/2025:07:27:31 +0800] "GET / HTTP/1.1" 200 33679 "-" "Mozilla/5.0 (iPhone; CPU iPhone OS 13_2_3 like Mac OS X) AppleWebKit/605.1.15 (KHTML, like Gecko) Version/13.0.3 Mobile/15E148 Safari/604.1"
36.133.115.36 - - [28/Dec/2025:07:30:20 +0800] "POST /wp-cron.php?doing_wp_cron=1766878220.7306399345397949218750 HTTP/1.1" 200 31 "-" "WordPress/6.8.3; http://cqqizhou.com"
38.46.221.123 - - [28/Dec/2025:07:30:20 +0800] "GET http://check.9tb.org/ HTTP/1.1" 301 5 "-" "Go-http-client/1.1"
38.46.221.123 - - [28/Dec/2025:07:30:21 +0800] "GET http://cqqizhou.com/ HTTP/1.1" 200 34109 "http://check.9tb.org" "Go-http-client/1.1"
36.133.115.36 - - [28/Dec/2025:07:42:07 +0800] "POST /wp-cron.php?doing_wp_cron=1766878927.0917470455169677734375 HTTP/1.1" 200 31 "-" "WordPress/6.8.3; http://cqqizhou.com"
198.235.24.72 - - [28/Dec/2025:07:42:07 +0800] "GET / HTTP/1.0" 301 0 "-" "Hello from Palo Alto Networks, find out more about our scans in https://docs-cortex.paloaltonetworks.com/r/1/Cortex-Xpanse/Scanning-activity"
36.133.115.36 - - [28/Dec/2025:07:46:05 +0800] "POST /wp-cron.php?doing_wp_cron=1766879165.3251519203186035156250 HTTP/1.1" 200 31 "-" "WordPress/6.8.3; http://cqqizhou.com"
83.166.244.97 - - [28/Dec/2025:07:46:05 +0800] "POST /xmlrpc.php HTTP/1.1" 200 217 "-" "Mozilla/5.0 (Windows NT 10.0; Win64; x64; rv:40.0) Gecko/20100101 Firefox/40.0"
36.133.115.36 - - [28/Dec/2025:07:48:21 +0800] "POST /wp-cron.php?doing_wp_cron=1766879301.5244250297546386718750 HTTP/1.1" 200 31 "-" "WordPress/6.8.3; http://cqqizhou.com"
157.55.39.197 - - [28/Dec/2025:07:48:21 +0800] "GET /202512/ HTTP/1.1" 404 8981 "-" "Mozilla/5.0 AppleWebKit/537.36 (KHTML, like Gecko; compatible; bingbot/2.0; +http://www.bing.com/bingbot.htm) Chrome/116.0.1938.76 Safari/537.36"
62.109.140.115 - - [28/Dec/2025:07:48:31 +0800] "GET / HTTP/1.1" 200 34109 "-" "Mozilla/5.0 (Macintosh; Intel Mac OS X 10_15_7) AppleWebKit/605.1.15 (KHTML, like Gecko) Version/18.5 Safari/605.1.15"
36.133.115.36 - - [28/Dec/2025:07:48:51 +0800] "POST /wp-cron.php?doing_wp_cron=1766879331.0523200035095214843750 HTTP/1.1" 200 31 "-" "WordPress/6.8.3; http://cqqizhou.com"
157.55.39.197 - - [28/Dec/2025:07:48:51 +0800] "GET /202512/ HTTP/1.1" 404 8981 "-" "Mozilla/5.0 AppleWebKit/537.36 (KHTML, like Gecko; compatible; bingbot/2.0; +http://www.bing.com/bingbot.htm) Chrome/116.0.1938.76 Safari/537.36"
36.133.115.36 - - [28/Dec/2025:08:07:07 +0800] "POST /wp-cron.php?doing_wp_cron=1766880427.4143619537353515625000 HTTP/1.1" 200 31 "-" "WordPress/6.8.3; http://cqqizhou.com"
110.249.201.103 - - [28/Dec/2025:08:07:07 +0800] "GET /robots.txt HTTP/1.1" 200 190 "-" "Mozilla/5.0 (Linux; Android 5.0) AppleWebKit/537.36 (KHTML, like Gecko) Mobile Safari/537.36 (compatible; Bytespider; https://zhanzhang.toutiao.com/)"
36.133.115.36 - - [28/Dec/2025:08:13:04 +0800] "POST /wp-cron.php?doing_wp_cron=1766880784.5785899162292480468750 HTTP/1.1" 200 31 "-" "WordPress/6.8.3; http://cqqizhou.com"
204.76.203.212 - - [28/Dec/2025:08:13:04 +0800] "GET / HTTP/1.1" 200 33679 "-" "Mozilla/5.0 (Windows NT 10.0; Win64; x64) AppleWebKit/537.36 (KHTML, like Gecko) Chrome/90.0.4430.85 Safari/537.36 Edg/90.0.818.46"
36.133.115.36 - - [28/Dec/2025:08:23:36 +0800] "POST /wp-cron.php?doing_wp_cron=1766881415.9885740280151367187500 HTTP/1.1" 200 31 "-" "WordPress/6.8.3; http://cqqizhou.com"
66.249.68.64 - - [28/Dec/2025:08:23:36 +0800] "GET /business/ HTTP/1.1" 404 8980 "-" "Mozilla/5.0 (Linux; Android 6.0.1; Nexus 5X Build/MMB29P) AppleWebKit/537.36 (KHTML, like Gecko) Chrome/141.0.7390.122 Mobile Safari/537.36 (compatible; Googlebot/2.1; +http://www.google.com/bot.html)"
36.133.115.36 - - [28/Dec/2025:08:27:01 +0800] "POST /wp-cron.php?doing_wp_cron=1766881621.3624289035797119140625 HTTP/1.1" 200 31 "-" "WordPress/6.8.3; http://cqqizhou.com"
185.243.11.191 - - [28/Dec/2025:08:27:01 +0800] "POST /xmlrpc.php HTTP/1.1" 200 217 "-" "Mozilla/5.0 (Windows NT 10.0; Win64; x64; rv:79.0) Gecko/20100101 Firefox/79.0"
172.86.91.124 - - [28/Dec/2025:08:29:14 +0800] "GET /unzipper.php HTTP/1.1" 404 27 "-" "Python-urllib/2.7"
36.133.115.36 - - [28/Dec/2025:08:30:49 +0800] "POST /wp-cron.php?doing_wp_cron=1766881849.7156450748443603515625 HTTP/1.1" 200 31 "-" "WordPress/6.8.3; http://cqqizhou.com"
204.76.203.219 - - [28/Dec/2025:08:30:50 +0800] "GET / HTTP/1.1" 200 33678 "-" "Mozilla/5.0 (Windows NT 10.0; Win64; x64) AppleWebKit/537.36 (KHTML, like Gecko) Chrome/90.0.4430.85 Safari/537.36 Edg/90.0.818.46"
198.244.183.13 - - [28/Dec/2025:08:37:50 +0800] "GET / HTTP/1.1" 200 34109 "-" "Mozilla/5.0 (compatible; AhrefsBot/7.0; +http://ahrefs.com/robot/)"
36.133.115.36 - - [28/Dec/2025:08:48:50 +0800] "POST /wp-cron.php?doing_wp_cron=1766882930.5178709030151367187500 HTTP/1.1" 200 31 "-" "WordPress/6.8.3; http://cqqizhou.com"
109.105.210.102 - - [28/Dec/2025:08:48:50 +0800] "GET / HTTP/1.1" 301 5 "-" "Mozilla/5.0 (Windows NT 10.0; Win64; x64) AppleWebKit/537.36 (KHTML, like Gecko) Chrome/60.0.3112.113 Safari/537.36"
109.105.210.105 - - [28/Dec/2025:08:48:51 +0800] "GET / HTTP/1.1" 200 34109 "http://36.133.115.36/" "Mozilla/5.0 (Windows NT 10.0; Win64; x64) AppleWebKit/537.36 (KHTML, like Gecko) Chrome/60.0.3112.113 Safari/537.36"
109.105.210.102 - - [28/Dec/2025:08:49:01 +0800] "GET / HTTP/1.1" 301 5 "-" "python-requests/2.31.0"
109.105.210.102 - - [28/Dec/2025:08:49:01 +0800] "GET / HTTP/1.1" 200 34109 "-" "python-requests/2.31.0"
36.133.115.36 - - [28/Dec/2025:09:03:20 +0800] "POST /wp-cron.php?doing_wp_cron=1766883800.8432309627532958984375 HTTP/1.1" 200 31 "-" "WordPress/6.8.3; http://cqqizhou.com"
64.227.76.184 - - [28/Dec/2025:09:03:20 +0800] "GET / HTTP/1.1" 301 5 "-" "Mozilla/5.0 (Windows NT 10.0; Win64; x64; rv:109.0) Gecko/20100101 Firefox/118.0"
36.133.115.36 - - [28/Dec/2025:09:07:42 +0800] "POST /wp-cron.php?doing_wp_cron=1766884062.0723409652709960937500 HTTP/1.1" 200 31 "-" "WordPress/6.8.3; http://cqqizhou.com"
36.133.108.121 - - [28/Dec/2025:09:07:42 +0800] "HEAD / HTTP/1.1" 301 0 "-" "Mozilla/5.0 (compatible; MSIE 10.0; Windows NT 6.1; Trident/6.0)"
36.133.115.36 - - [28/Dec/2025:09:08:52 +0800] "POST /wp-cron.php?doing_wp_cron=1766884131.9818229675292968750000 HTTP/1.1" 200 31 "-" "WordPress/6.8.3; http://cqqizhou.com"
75.127.14.16 - - [28/Dec/2025:09:08:52 +0800] "POST /xmlrpc.php HTTP/1.1" 200 217 "-" "Mozilla/5.0 (Windows NT 10.0; Win64; x64; rv:75.0) Gecko/20100101 Firefox/75.0"
36.133.115.36 - - [28/Dec/2025:09:10:33 +0800] "POST /wp-cron.php?doing_wp_cron=1766884232.9719359874725341796875 HTTP/1.1" 200 31 "-" "WordPress/6.8.3; http://cqqizhou.com"
193.142.147.209 - - [28/Dec/2025:09:10:33 +0800] "POST / HTTP/1.1" 200 33679 "-" "Mozilla/5.0 (Windows NT 10.0; Win64; x64) AppleWebKit/537.36"
36.133.115.36 - - [28/Dec/2025:09:43:23 +0800] "POST /wp-cron.php?doing_wp_cron=1766886203.9140570163726806640625 HTTP/1.1" 200 31 "-" "WordPress/6.8.3; http://cqqizhou.com"
120.77.174.138 - - [28/Dec/2025:09:43:23 +0800] "GET /wp-login.php HTTP/1.1" 200 2775 "-" "Mozilla/5.0"
120.77.174.138 - - [28/Dec/2025:09:43:24 +0800] "GET /?author=1 HTTP/1.1" 200 19737 "-" "Mozilla/5.0"
120.77.174.138 - - [28/Dec/2025:09:43:25 +0800] "GET /?feed=rss2 HTTP/1.1" 301 5 "-" "Mozilla/5.0"
120.77.174.138 - - [28/Dec/2025:09:43:26 +0800] "GET /feed/ HTTP/1.1" 200 50803 "-" "Mozilla/5.0"
36.133.115.36 - - [28/Dec/2025:09:44:46 +0800] "POST /wp-cron.php?doing_wp_cron=1766886286.2338659763336181640625 HTTP/1.1" 200 31 "-" "WordPress/6.8.3; http://cqqizhou.com"
46.151.178.49 - - [28/Dec/2025:09:44:46 +0800] "GET / HTTP/1.1" 200 33679 "-" "Mozilla/5.0 (Windows NT 10.0; Win64; x64) AppleWebKit/537.36"
36.133.115.36 - - [28/Dec/2025:09:53:05 +0800] "POST /wp-cron.php?doing_wp_cron=1766886785.7642099857330322265625 HTTP/1.1" 200 31 "-" "WordPress/6.8.3; http://cqqizhou.com"
206.168.34.215 - - [28/Dec/2025:09:53:05 +0800] "GET / HTTP/1.1" 301 5 "-" "Mozilla/5.0 (compatible; CensysInspect/1.1; +https://about.censys.io/)"
206.168.34.215 - - [28/Dec/2025:09:53:20 +0800] "GET /robots.txt HTTP/1.1" 200 190 "-" "Mozilla/5.0 (compatible; CensysInspect/1.1; +https://about.censys.io/)"
