HEX
Server: nginx/1.16.1
System: Linux ecs-04358622 4.19.90-2107.6.0.0100.oe1.bclinux.x86_64 #1 SMP Wed Dec 1 19:59:44 CST 2021 x86_64
User: nginx (994)
PHP: 8.0.0
Disabled: NONE
Upload Files
File: /home/logs/cqqizhou_access_2025-12-28.log
36.133.115.36 - - [28/Dec/2025:00:06:10 +0800] "POST /wp-cron.php?doing_wp_cron=1766851570.4693009853363037109375 HTTP/1.1" 200 31 "-" "WordPress/6.8.3; http://cqqizhou.com"
85.208.96.199 - - [28/Dec/2025:00:06:10 +0800] "GET /robots.txt HTTP/1.1" 200 190 "-" "Mozilla/5.0 (compatible; SemrushBot/7~bl; +http://www.semrush.com/bot.html)"
85.208.96.196 - - [28/Dec/2025:00:06:11 +0800] "GET /portfolio/remaining-rolls/ HTTP/1.1" 200 22191 "-" "Mozilla/5.0 (compatible; SemrushBot/7~bl; +http://www.semrush.com/bot.html)"
36.133.115.36 - - [28/Dec/2025:00:12:44 +0800] "POST /wp-cron.php?doing_wp_cron=1766851964.2317988872528076171875 HTTP/1.1" 200 31 "-" "WordPress/6.8.3; http://cqqizhou.com"
204.76.203.219 - - [28/Dec/2025:00:12:44 +0800] "GET / HTTP/1.1" 200 33679 "-" "Mozilla/5.0 (Windows NT 10.0; Win64; x64) AppleWebKit/537.36 (KHTML, like Gecko) Chrome/90.0.4430.85 Safari/537.36 Edg/90.0.818.46"
36.133.115.36 - - [28/Dec/2025:00:15:09 +0800] "POST /wp-cron.php?doing_wp_cron=1766852109.8286309242248535156250 HTTP/1.1" 200 31 "-" "WordPress/6.8.3; http://cqqizhou.com"
95.214.55.71 - - [28/Dec/2025:00:15:10 +0800] "GET / HTTP/1.1" 200 109842 "-" "python-requests/2.31.0"
36.133.115.36 - - [28/Dec/2025:00:26:38 +0800] "POST /wp-cron.php?doing_wp_cron=1766852798.0707631111145019531250 HTTP/1.1" 200 31 "-" "WordPress/6.8.3; http://cqqizhou.com"
38.46.221.123 - - [28/Dec/2025:00:26:38 +0800] "GET http://check.9tb.org/ HTTP/1.1" 301 5 "-" "Go-http-client/1.1"
38.46.221.123 - - [28/Dec/2025:00:26:38 +0800] "GET http://cqqizhou.com/ HTTP/1.1" 200 34109 "http://check.9tb.org" "Go-http-client/1.1"
36.133.115.36 - - [28/Dec/2025:00:27:37 +0800] "POST /wp-cron.php?doing_wp_cron=1766852857.7321989536285400390625 HTTP/1.1" 200 31 "-" "WordPress/6.8.3; http://cqqizhou.com"
91.232.238.106 - - [28/Dec/2025:00:27:37 +0800] "GET /robots.txt HTTP/1.0" 200 378 "-" "xfa1"
36.133.115.36 - - [28/Dec/2025:00:38:22 +0800] "POST /wp-cron.php?doing_wp_cron=1766853502.4369161128997802734375 HTTP/1.1" 200 31 "-" "WordPress/6.8.3; http://cqqizhou.com"
78.153.140.224 - - [28/Dec/2025:00:38:22 +0800] "GET /.env HTTP/1.1" 404 31364 "-" "Opera/9.80 (Windows NT 6.0; U; pl) Presto/2.10.229 Version/11.62"
78.153.140.224 - - [28/Dec/2025:00:38:24 +0800] "GET /api/.env HTTP/1.1" 404 31364 "-" "Mozilla/5.0 (Windows NT 6.2) AppleWebKit/537.36 (KHTML, like Gecko) Chrome/43.0.2357.81 Safari/537.36 OPR/30.1835.49 (Edition beta)"
78.153.140.224 - - [28/Dec/2025:00:38:29 +0800] "GET /backend/.env HTTP/1.1" 404 31364 "-" "Mozilla/5.0 (X11; U; OpenBSD amd64; en-US; rv:1.8.1.6) Gecko/20070817 Firefox/2.0.0.6"
78.153.140.224 - - [28/Dec/2025:00:38:31 +0800] "GET /admin/.env HTTP/1.1" 404 31364 "-" "Mozilla/5.0 (compatible; MSIE 9.0; Windows NT 6.0; Trident/5.0; BOIE9;ENUSMSE)"
78.153.140.224 - - [28/Dec/2025:00:38:43 +0800] "GET /.env.example HTTP/1.1" 404 31364 "-" "Mozilla/5.0 (Android 7.0; Tablet; rv:59.0) Gecko/59.0 Firefox/59.0"
36.133.115.36 - - [28/Dec/2025:00:40:04 +0800] "POST /wp-cron.php?doing_wp_cron=1766853604.7652590274810791015625 HTTP/1.1" 200 31 "-" "WordPress/6.8.3; http://cqqizhou.com"
5.9.248.74 - - [28/Dec/2025:00:40:04 +0800] "POST /xmlrpc.php HTTP/1.1" 200 217 "-" "Mozilla/5.0 (Windows NT 10.0; Win64; x64; rv:52.0) Gecko/20100101 Firefox/52.0"
36.133.115.36 - - [28/Dec/2025:00:44:51 +0800] "POST /wp-cron.php?doing_wp_cron=1766853891.7023239135742187500000 HTTP/1.1" 200 31 "-" "WordPress/6.8.3; http://cqqizhou.com"
20.196.91.24 - - [28/Dec/2025:00:44:51 +0800] "GET /index.php HTTP/1.1" 301 5 "-" "-"
20.196.91.24 - - [28/Dec/2025:00:44:52 +0800] "GET / HTTP/1.1" 200 153978 "-" "-"
20.196.91.24 - - [28/Dec/2025:00:44:52 +0800] "GET /wp-content/themes/ HTTP/1.1" 200 5 "-" "-"
20.196.91.24 - - [28/Dec/2025:00:44:52 +0800] "GET /wp-content/upgrade/index.php HTTP/1.1" 404 27 "-" "-"
20.196.91.24 - - [28/Dec/2025:00:44:52 +0800] "GET /wp-includes/SimplePie/about.php HTTP/1.1" 404 27 "-" "-"
20.196.91.24 - - [28/Dec/2025:00:44:53 +0800] "GET /assets/images/ HTTP/1.1" 404 31364 "-" "-"
20.196.91.24 - - [28/Dec/2025:00:44:53 +0800] "GET /cc.php HTTP/1.1" 404 27 "-" "-"
20.196.91.24 - - [28/Dec/2025:00:44:54 +0800] "GET /cgi-bin/ HTTP/1.1" 404 31364 "-" "-"
20.196.91.24 - - [28/Dec/2025:00:44:55 +0800] "GET /wp-includes/php-compat/ HTTP/1.1" 403 146 "-" "-"
20.196.91.24 - - [28/Dec/2025:00:44:55 +0800] "GET /classwithtostring.php HTTP/1.1" 404 27 "-" "-"
20.196.91.24 - - [28/Dec/2025:00:44:55 +0800] "GET /wp-content/upgrade/ HTTP/1.1" 403 146 "-" "-"
20.196.91.24 - - [28/Dec/2025:00:44:55 +0800] "GET /wp-includes/blocks/post-author-name/ HTTP/1.1" 403 146 "-" "-"
20.196.91.24 - - [28/Dec/2025:00:44:55 +0800] "GET /wp-includes/assets/autoload_classmap.php HTTP/1.1" 404 27 "-" "-"
20.196.91.24 - - [28/Dec/2025:00:44:56 +0800] "GET /wp-includes/css/ HTTP/1.1" 403 146 "-" "-"
20.196.91.24 - - [28/Dec/2025:00:44:56 +0800] "GET /wso.php HTTP/1.1" 404 27 "-" "-"
20.196.91.24 - - [28/Dec/2025:00:44:56 +0800] "GET /gecko.php HTTP/1.1" 404 27 "-" "-"
20.196.91.24 - - [28/Dec/2025:00:44:56 +0800] "GET /wp-includes/images/ HTTP/1.1" 403 146 "-" "-"
20.196.91.24 - - [28/Dec/2025:00:44:56 +0800] "GET /admin/controller/extension/extension/vx.php HTTP/1.1" 404 27 "-" "-"
20.196.91.24 - - [28/Dec/2025:00:44:56 +0800] "GET /wp-content/plugins/autoload_classmap.php HTTP/1.1" 404 27 "-" "-"
20.196.91.24 - - [28/Dec/2025:00:44:56 +0800] "GET /wp-includes/random_compat/vx.php HTTP/1.1" 404 27 "-" "-"
20.196.91.24 - - [28/Dec/2025:00:44:56 +0800] "GET /wp-admin/images/index.php HTTP/1.1" 404 27 "-" "-"
20.196.91.24 - - [28/Dec/2025:00:44:57 +0800] "GET /wp-content/about.php HTTP/1.1" 404 27 "-" "-"
20.196.91.24 - - [28/Dec/2025:00:44:57 +0800] "GET /wp-admin.php HTTP/1.1" 404 27 "-" "-"
20.196.91.24 - - [28/Dec/2025:00:44:57 +0800] "GET /wp-includes/Text/Diff/Engine/vx.php HTTP/1.1" 404 27 "-" "-"
20.196.91.24 - - [28/Dec/2025:00:44:57 +0800] "GET /wp-includes/assets/vx.php HTTP/1.1" 404 27 "-" "-"
20.196.91.24 - - [28/Dec/2025:00:44:57 +0800] "GET /xx.php HTTP/1.1" 404 27 "-" "-"
20.196.91.24 - - [28/Dec/2025:00:44:57 +0800] "GET /assets/vx.php HTTP/1.1" 404 27 "-" "-"
20.196.91.24 - - [28/Dec/2025:00:44:57 +0800] "GET /wp-includes/PHPMailer/index.php HTTP/1.1" 404 27 "-" "-"
20.196.91.24 - - [28/Dec/2025:00:44:57 +0800] "GET /wp-links.php HTTP/1.1" 404 27 "-" "-"
20.196.91.24 - - [28/Dec/2025:00:44:58 +0800] "GET /404.php HTTP/1.1" 404 27 "-" "-"
20.196.91.24 - - [28/Dec/2025:00:44:58 +0800] "GET /wp-content/plugins/about.php HTTP/1.1" 404 27 "-" "-"
20.196.91.24 - - [28/Dec/2025:00:44:58 +0800] "GET /wp-includes/Text/autoload_classmap.php/.well-known/acme-challenge/file.php HTTP/1.1" 404 27 "-" "-"
20.196.91.24 - - [28/Dec/2025:00:44:58 +0800] "GET /wp-includes/style-engine/ HTTP/1.1" 403 146 "-" "-"
20.196.91.24 - - [28/Dec/2025:00:44:58 +0800] "GET /0.php HTTP/1.1" 404 27 "-" "-"
20.196.91.24 - - [28/Dec/2025:00:44:59 +0800] "GET /1.php HTTP/1.1" 404 27 "-" "-"
20.196.91.24 - - [28/Dec/2025:00:44:59 +0800] "GET /admin/controller/extension/extension/ultra.php HTTP/1.1" 404 27 "-" "-"
20.196.91.24 - - [28/Dec/2025:00:44:59 +0800] "GET /images/images/vx.php HTTP/1.1" 404 27 "-" "-"
20.196.91.24 - - [28/Dec/2025:00:44:59 +0800] "GET /.well-known/error.php HTTP/1.1" 404 27 "-" "-"
20.196.91.24 - - [28/Dec/2025:00:45:00 +0800] "GET /mah.php HTTP/1.1" 404 27 "-" "-"
20.196.91.24 - - [28/Dec/2025:00:45:00 +0800] "GET /wp-admin/css/colors/midnight/ HTTP/1.1" 403 146 "-" "-"
20.196.91.24 - - [28/Dec/2025:00:45:01 +0800] "GET /wp-includes/bk/ HTTP/1.1" 404 31364 "-" "-"
20.196.91.24 - - [28/Dec/2025:00:45:01 +0800] "GET /12.php HTTP/1.1" 404 27 "-" "-"
20.196.91.24 - - [28/Dec/2025:00:45:01 +0800] "GET /403.php HTTP/1.1" 404 27 "-" "-"
20.196.91.24 - - [28/Dec/2025:00:45:02 +0800] "GET /dropdown.php HTTP/1.1" 404 27 "-" "-"
20.196.91.24 - - [28/Dec/2025:00:45:02 +0800] "GET /wp-content/languages/ HTTP/1.1" 403 146 "-" "-"
20.196.91.24 - - [28/Dec/2025:00:45:02 +0800] "GET /wp-includes/SimplePie/XML/ HTTP/1.1" 404 31364 "-" "-"
20.196.91.24 - - [28/Dec/2025:00:45:03 +0800] "GET /wp-includes/sitemaps/providers/ HTTP/1.1" 403 146 "-" "-"
20.196.91.24 - - [28/Dec/2025:00:45:03 +0800] "GET /app.php HTTP/1.1" 404 27 "-" "-"
20.196.91.24 - - [28/Dec/2025:00:45:03 +0800] "GET /wp-admin/includes/about.php HTTP/1.1" 404 27 "-" "-"
20.196.91.24 - - [28/Dec/2025:00:45:03 +0800] "GET /wp-includes/block-patterns/autoload_classmap.php HTTP/1.1" 404 27 "-" "-"
20.196.91.24 - - [28/Dec/2025:00:45:04 +0800] "GET /wp-includes/js/tinymce/plugins/colorpicker/wp-login.php HTTP/1.1" 404 27 "-" "-"
20.196.91.24 - - [28/Dec/2025:00:45:05 +0800] "GET /wp-trackback.php HTTP/1.1" 404 140 "-" "-"
20.196.91.24 - - [28/Dec/2025:00:45:05 +0800] "GET /xmrlpc.php HTTP/1.1" 404 27 "-" "-"
20.196.91.24 - - [28/Dec/2025:00:45:05 +0800] "GET /wp-admin/css/colors/blue/vx.php HTTP/1.1" 404 27 "-" "-"
20.196.91.24 - - [28/Dec/2025:00:45:05 +0800] "GET /wp-admin/css/vx.php HTTP/1.1" 404 27 "-" "-"
20.196.91.24 - - [28/Dec/2025:00:45:06 +0800] "GET /wp-includes/Text/Diff/Renderer/index.php HTTP/1.1" 404 27 "-" "-"
20.196.91.24 - - [28/Dec/2025:00:45:06 +0800] "GET /about/function.php HTTP/1.1" 404 27 "-" "-"
20.196.91.24 - - [28/Dec/2025:00:45:06 +0800] "GET /admin-header.php HTTP/1.1" 404 27 "-" "-"
20.196.91.24 - - [28/Dec/2025:00:45:06 +0800] "GET /config.php HTTP/1.1" 404 27 "-" "-"
20.196.91.24 - - [28/Dec/2025:00:45:06 +0800] "GET /wp-admin/product.php HTTP/1.1" 404 27 "-" "-"
20.196.91.24 - - [28/Dec/2025:00:45:06 +0800] "GET /wp-content/uploads/2025/ HTTP/1.1" 403 146 "-" "-"
20.196.91.24 - - [28/Dec/2025:00:45:06 +0800] "GET /wp-includes/customize/vx.php HTTP/1.1" 404 27 "-" "-"
20.196.91.24 - - [28/Dec/2025:00:45:06 +0800] "GET /autoload_classmap.php HTTP/1.1" 404 27 "-" "-"
20.196.91.24 - - [28/Dec/2025:00:45:07 +0800] "GET /wp-includes/block-bindings/vx.php HTTP/1.1" 404 27 "-" "-"
20.196.91.24 - - [28/Dec/2025:00:45:07 +0800] "GET /.well-known/acme-challenge/index.php HTTP/1.1" 404 27 "-" "-"
20.196.91.24 - - [28/Dec/2025:00:45:07 +0800] "GET /async-upload.php HTTP/1.1" 404 27 "-" "-"
20.196.91.24 - - [28/Dec/2025:00:45:08 +0800] "GET /test.php HTTP/1.1" 404 27 "-" "-"
20.196.91.24 - - [28/Dec/2025:00:45:08 +0800] "GET /wp-content/plugins/admin.php HTTP/1.1" 404 27 "-" "-"
20.196.91.24 - - [28/Dec/2025:00:45:08 +0800] "GET /wp-content/themes/pridmag/db.php?u HTTP/1.1" 404 27 "-" "-"
20.196.91.24 - - [28/Dec/2025:00:45:08 +0800] "GET /wp-includes/block-supports/vx.php HTTP/1.1" 404 27 "-" "-"
20.196.91.24 - - [28/Dec/2025:00:45:08 +0800] "GET /admin.php HTTP/1.1" 404 27 "-" "-"
20.196.91.24 - - [28/Dec/2025:00:45:09 +0800] "GET /ar.php HTTP/1.1" 404 27 "-" "-"
20.196.91.24 - - [28/Dec/2025:00:45:09 +0800] "GET /wp-includes/IXR/ HTTP/1.1" 403 146 "-" "-"
20.196.91.24 - - [28/Dec/2025:00:45:09 +0800] "GET /.tmb/wp-login.php HTTP/1.1" 404 27 "-" "-"
20.196.91.24 - - [28/Dec/2025:00:45:10 +0800] "GET /link.php HTTP/1.1" 404 27 "-" "-"
20.196.91.24 - - [28/Dec/2025:00:45:10 +0800] "GET /wp-admin/network/vx.php HTTP/1.1" 404 27 "-" "-"
20.196.91.24 - - [28/Dec/2025:00:45:10 +0800] "GET /wp-includes/js/tinymce/plugins/fullscreen/ HTTP/1.1" 403 146 "-" "-"
20.196.91.24 - - [28/Dec/2025:00:45:10 +0800] "GET /abcd.php HTTP/1.1" 404 27 "-" "-"
20.196.91.24 - - [28/Dec/2025:00:45:11 +0800] "GET /adminfuns.php/.well-known/acme-challenge/file.php HTTP/1.1" 404 27 "-" "-"
20.196.91.24 - - [28/Dec/2025:00:45:11 +0800] "GET /k.php HTTP/1.1" 404 27 "-" "-"
20.196.91.24 - - [28/Dec/2025:00:45:11 +0800] "GET /wp-includes/images/vx.php HTTP/1.1" 404 27 "-" "-"
20.196.91.24 - - [28/Dec/2025:00:45:11 +0800] "GET /wp-content/uploads/vx.php HTTP/1.1" 404 27 "-" "-"
20.196.91.24 - - [28/Dec/2025:00:45:11 +0800] "GET /wp-includes/Requests/index.php HTTP/1.1" 404 27 "-" "-"
20.196.91.24 - - [28/Dec/2025:00:45:12 +0800] "GET /update/gely.php HTTP/1.1" 404 27 "-" "-"
20.196.91.24 - - [28/Dec/2025:00:45:12 +0800] "GET /wp-admin/images/vx.php HTTP/1.1" 404 27 "-" "-"
20.196.91.24 - - [28/Dec/2025:00:45:12 +0800] "GET /wp-content/uploads/index.php HTTP/1.1" 404 27 "-" "-"
20.196.91.24 - - [28/Dec/2025:00:45:12 +0800] "GET /wp-includes/Text/Diff/ HTTP/1.1" 403 146 "-" "-"
20.196.91.24 - - [28/Dec/2025:00:45:12 +0800] "GET /wp-includes/admin.php HTTP/1.1" 404 27 "-" "-"
20.196.91.24 - - [28/Dec/2025:00:45:12 +0800] "GET /wp.php HTTP/1.1" 404 27 "-" "-"
20.196.91.24 - - [28/Dec/2025:00:45:13 +0800] "GET /wp-admin/classwithtostring.php HTTP/1.1" 404 27 "-" "-"
20.196.91.24 - - [28/Dec/2025:00:45:13 +0800] "GET /wp-includes/PHPMailer/vx.php HTTP/1.1" 404 27 "-" "-"
20.196.91.24 - - [28/Dec/2025:00:45:13 +0800] "GET /wp-includes/block-supports/ HTTP/1.1" 403 146 "-" "-"
20.196.91.24 - - [28/Dec/2025:00:45:13 +0800] "GET /menu.php HTTP/1.1" 404 27 "-" "-"
20.196.91.24 - - [28/Dec/2025:00:45:13 +0800] "GET /wp-admin/css/colors/ HTTP/1.1" 403 146 "-" "-"
20.196.91.24 - - [28/Dec/2025:00:45:14 +0800] "GET /wp-content/themes/about.php HTTP/1.1" 404 27 "-" "-"
20.196.91.24 - - [28/Dec/2025:00:45:14 +0800] "GET /fx.php HTTP/1.1" 404 27 "-" "-"
20.196.91.24 - - [28/Dec/2025:00:45:14 +0800] "GET /assets/images/about.php HTTP/1.1" 404 27 "-" "-"
20.196.91.24 - - [28/Dec/2025:00:45:14 +0800] "GET /c.php HTTP/1.1" 404 27 "-" "-"
20.196.91.24 - - [28/Dec/2025:00:45:15 +0800] "GET /db6d0/vx.php HTTP/1.1" 404 27 "-" "-"
20.196.91.24 - - [28/Dec/2025:00:45:15 +0800] "GET /wp-content/admin.php HTTP/1.1" 404 27 "-" "-"
20.196.91.24 - - [28/Dec/2025:00:45:16 +0800] "GET /wp-content/themes/chosen.php HTTP/1.1" 404 27 "-" "-"
20.196.91.24 - - [28/Dec/2025:00:45:16 +0800] "GET /about.php HTTP/1.1" 404 27 "-" "-"
20.196.91.24 - - [28/Dec/2025:00:45:17 +0800] "GET /wp-signin.php HTTP/1.1" 404 27 "-" "-"
20.196.91.24 - - [28/Dec/2025:00:45:17 +0800] "GET /xmldoc/vx.php HTTP/1.1" 404 27 "-" "-"
20.196.91.24 - - [28/Dec/2025:00:45:17 +0800] "GET /wp-admin/js/autoload_classmap.php HTTP/1.1" 404 27 "-" "-"
20.196.91.24 - - [28/Dec/2025:00:45:17 +0800] "GET /content.php HTTP/1.1" 404 27 "-" "-"
20.196.91.24 - - [28/Dec/2025:00:45:18 +0800] "GET /ee.php HTTP/1.1" 404 27 "-" "-"
20.196.91.24 - - [28/Dec/2025:00:45:18 +0800] "GET /vx.php HTTP/1.1" 404 27 "-" "-"
20.196.91.24 - - [28/Dec/2025:00:45:18 +0800] "GET /wp-admin/js/ HTTP/1.1" 403 146 "-" "-"
20.196.91.24 - - [28/Dec/2025:00:45:18 +0800] "GET /wp-admin/maint/ HTTP/1.1" 403 146 "-" "-"
20.196.91.24 - - [28/Dec/2025:00:45:18 +0800] "GET /gecko-new.php HTTP/1.1" 404 27 "-" "-"
20.196.91.24 - - [28/Dec/2025:00:45:18 +0800] "GET /wp-content/themes/pridmag/vx.php HTTP/1.1" 404 27 "-" "-"
20.196.91.24 - - [28/Dec/2025:00:45:18 +0800] "GET /wp-includes/Text/ HTTP/1.1" 403 146 "-" "-"
20.196.91.24 - - [28/Dec/2025:00:45:18 +0800] "GET /wp-includes/js/dist/development/ HTTP/1.1" 403 146 "-" "-"
20.196.91.24 - - [28/Dec/2025:00:45:19 +0800] "GET /.well-known/ HTTP/1.1" 404 31364 "-" "-"
20.196.91.24 - - [28/Dec/2025:00:45:20 +0800] "GET /gg.php HTTP/1.1" 404 27 "-" "-"
20.196.91.24 - - [28/Dec/2025:00:45:20 +0800] "GET /ioxi-o.php HTTP/1.1" 404 27 "-" "-"
20.196.91.24 - - [28/Dec/2025:00:45:21 +0800] "GET /wp-admin/network/admin.php HTTP/1.1" 302 5 "-" "-"
20.196.91.24 - - [28/Dec/2025:00:45:21 +0800] "GET /wp-login.php?redirect_to=http%3A%2F%2Fcqqizhou.com%2Fwp-admin%2Fnetwork%2Fadmin.php&reauth=1 HTTP/1.1" 200 8689 "-" "-"
20.196.91.24 - - [28/Dec/2025:00:45:22 +0800] "GET /admin.php/.well-known/acme-challenge/file.php HTTP/1.1" 404 27 "-" "-"
20.196.91.24 - - [28/Dec/2025:00:45:22 +0800] "GET /adminfuns.php?attempt=1 HTTP/1.1" 404 27 "-" "-"
20.196.91.24 - - [28/Dec/2025:00:45:22 +0800] "GET /wp-content/index.php HTTP/1.1" 200 5 "-" "-"
20.196.91.24 - - [28/Dec/2025:00:45:22 +0800] "GET /wp-includes/images/crystal/ HTTP/1.1" 403 146 "-" "-"
20.196.91.24 - - [28/Dec/2025:00:45:22 +0800] "GET /function/function.php HTTP/1.1" 404 27 "-" "-"
20.196.91.24 - - [28/Dec/2025:00:45:22 +0800] "GET /wp-admin/css/colors/ocean/vx.php HTTP/1.1" 404 27 "-" "-"
20.196.91.24 - - [28/Dec/2025:00:45:22 +0800] "GET /wp-content/vx.php HTTP/1.1" 404 27 "-" "-"
20.196.91.24 - - [28/Dec/2025:00:45:22 +0800] "GET /wp-includes/Requests/ HTTP/1.1" 403 146 "-" "-"
20.196.91.24 - - [28/Dec/2025:00:45:23 +0800] "GET /wp-includes/Text/autoload_classmap.php HTTP/1.1" 404 27 "-" "-"
20.196.91.24 - - [28/Dec/2025:00:45:23 +0800] "GET /wp-includes/fonts/autoload_classmap.php HTTP/1.1" 404 27 "-" "-"
20.196.91.24 - - [28/Dec/2025:00:45:23 +0800] "GET /wp-includes/js/ HTTP/1.1" 403 146 "-" "-"
20.196.91.24 - - [28/Dec/2025:00:45:24 +0800] "GET /wp-admin/classwithtostring.php/.well-known/acme-challenge/file.php HTTP/1.1" 404 27 "-" "-"
20.196.91.24 - - [28/Dec/2025:00:45:24 +0800] "GET /13.php HTTP/1.1" 404 27 "-" "-"
20.196.91.24 - - [28/Dec/2025:00:45:24 +0800] "GET /wp-content/uploads/wc-logs/vx.php HTTP/1.1" 404 27 "-" "-"
20.196.91.24 - - [28/Dec/2025:00:45:24 +0800] "GET /wp-includes/fonts/ HTTP/1.1" 403 146 "-" "-"
20.196.91.24 - - [28/Dec/2025:00:45:24 +0800] "GET /wp-includes/fonts/vx.php HTTP/1.1" 404 27 "-" "-"
20.196.91.24 - - [28/Dec/2025:00:45:24 +0800] "GET /file.php HTTP/1.1" 404 27 "-" "-"
20.196.91.24 - - [28/Dec/2025:00:45:25 +0800] "GET /wp-content/uploads/ HTTP/1.1" 403 146 "-" "-"
20.196.91.24 - - [28/Dec/2025:00:45:25 +0800] "GET /adminfuns.php HTTP/1.1" 404 27 "-" "-"
20.196.91.24 - - [28/Dec/2025:00:45:25 +0800] "GET /uploads/vx.php HTTP/1.1" 404 27 "-" "-"
20.196.91.24 - - [28/Dec/2025:00:45:25 +0800] "GET /wp-includes/Text/Diff/Engine/ HTTP/1.1" 403 146 "-" "-"
20.196.91.24 - - [28/Dec/2025:00:45:25 +0800] "GET /.well-known/acme-challenge/file.php HTTP/1.1" 404 27 "-" "-"
20.196.91.24 - - [28/Dec/2025:00:45:25 +0800] "GET /fm.php HTTP/1.1" 404 27 "-" "-"
20.196.91.24 - - [28/Dec/2025:00:45:25 +0800] "GET /wp-includes/blocks/code/ HTTP/1.1" 403 146 "-" "-"
20.196.91.24 - - [28/Dec/2025:00:45:26 +0800] "GET //wp-content/plugins/revslider/includes/external/page/index.php HTTP/1.1" 404 27 "-" "-"
20.196.91.24 - - [28/Dec/2025:00:45:26 +0800] "GET /atomlib.php HTTP/1.1" 404 27 "-" "-"
20.196.91.24 - - [28/Dec/2025:00:45:26 +0800] "GET /wp-admin/css/colors/blue/ HTTP/1.1" 403 146 "-" "-"
20.196.91.24 - - [28/Dec/2025:00:45:26 +0800] "GET /wp-includes/sitemaps/autoload_classmap.php/.well-known/acme-challenge/file.php HTTP/1.1" 404 27 "-" "-"
20.196.91.24 - - [28/Dec/2025:00:45:26 +0800] "GET /wp-includes/ID3/ HTTP/1.1" 403 146 "-" "-"
20.196.91.24 - - [28/Dec/2025:00:45:26 +0800] "GET /customize.php HTTP/1.1" 404 27 "-" "-"
20.196.91.24 - - [28/Dec/2025:00:45:26 +0800] "GET /i.php HTTP/1.1" 404 27 "-" "-"
20.196.91.24 - - [28/Dec/2025:00:45:27 +0800] "GET /wp-admin/includes/index.php HTTP/1.1" 404 27 "-" "-"
20.196.91.24 - - [28/Dec/2025:00:45:27 +0800] "GET /wp-admin/includes/vx.php HTTP/1.1" 404 27 "-" "-"
20.196.91.24 - - [28/Dec/2025:00:45:27 +0800] "GET /wp-includes/block-bindings/index.php HTTP/1.1" 404 27 "-" "-"
20.196.91.24 - - [28/Dec/2025:00:45:27 +0800] "GET /wp-includes/html-api/ HTTP/1.1" 403 146 "-" "-"
20.196.91.24 - - [28/Dec/2025:00:45:27 +0800] "GET //wp-content/plugins/pwnd/as.php HTTP/1.1" 404 27 "-" "-"
20.196.91.24 - - [28/Dec/2025:00:45:27 +0800] "GET /aa.php HTTP/1.1" 404 27 "-" "-"
20.196.91.24 - - [28/Dec/2025:00:45:27 +0800] "GET /ahax.php HTTP/1.1" 404 27 "-" "-"
20.196.91.24 - - [28/Dec/2025:00:45:27 +0800] "GET /wp-admin/css/about.php HTTP/1.1" 404 27 "-" "-"
20.196.91.24 - - [28/Dec/2025:00:45:28 +0800] "GET /wp-content/ HTTP/1.1" 200 5 "-" "-"
20.196.91.24 - - [28/Dec/2025:00:45:28 +0800] "GET /wp-content/languages/vx.php HTTP/1.1" 404 27 "-" "-"
20.196.91.24 - - [28/Dec/2025:00:45:28 +0800] "GET /wp-includes/customize/chosen.php HTTP/1.1" 404 27 "-" "-"
20.196.91.24 - - [28/Dec/2025:00:45:28 +0800] "GET /alf.php HTTP/1.1" 404 27 "-" "-"
20.196.91.24 - - [28/Dec/2025:00:45:28 +0800] "GET /.tresh/index.php HTTP/1.1" 404 27 "-" "-"
20.196.91.24 - - [28/Dec/2025:00:45:28 +0800] "GET /buy.php HTTP/1.1" 404 27 "-" "-"
20.196.91.24 - - [28/Dec/2025:00:45:28 +0800] "GET /info.php HTTP/1.1" 200 29 "-" "-"
20.196.91.24 - - [28/Dec/2025:00:45:29 +0800] "GET /user.php HTTP/1.1" 404 27 "-" "-"
20.196.91.24 - - [28/Dec/2025:00:45:29 +0800] "GET /wp-includes/ HTTP/1.1" 403 146 "-" "-"
20.196.91.24 - - [28/Dec/2025:00:45:29 +0800] "GET /wp-includes/widgets/about.php HTTP/1.1" 404 27 "-" "-"
20.196.91.24 - - [28/Dec/2025:00:45:30 +0800] "GET /ALFA_DATA/ HTTP/1.1" 404 31364 "-" "-"
20.196.91.24 - - [28/Dec/2025:00:45:31 +0800] "GET /shell.php HTTP/1.1" 404 27 "-" "-"
20.196.91.24 - - [28/Dec/2025:00:45:31 +0800] "GET /wp-admin/js/widgets/vx.php HTTP/1.1" 404 27 "-" "-"
20.196.91.24 - - [28/Dec/2025:00:45:31 +0800] "GET /wp-includes/block-bindings/ HTTP/1.1" 403 146 "-" "-"
20.196.91.24 - - [28/Dec/2025:00:45:32 +0800] "GET /edit.php HTTP/1.1" 404 27 "-" "-"
20.196.91.24 - - [28/Dec/2025:00:45:32 +0800] "GET /xxl.php HTTP/1.1" 404 27 "-" "-"
20.196.91.24 - - [28/Dec/2025:00:45:32 +0800] "GET /help.php HTTP/1.1" 404 27 "-" "-"
20.196.91.24 - - [28/Dec/2025:00:45:32 +0800] "GET /inputs.php HTTP/1.1" 404 27 "-" "-"
20.196.91.24 - - [28/Dec/2025:00:45:32 +0800] "GET /new.php HTTP/1.1" 404 27 "-" "-"
20.196.91.24 - - [28/Dec/2025:00:45:32 +0800] "GET /root.php HTTP/1.1" 404 27 "-" "-"
20.196.91.24 - - [28/Dec/2025:00:45:32 +0800] "GET /wp-content/packed.php HTTP/1.1" 404 27 "-" "-"
20.196.91.24 - - [28/Dec/2025:00:45:33 +0800] "GET /wp-includes/certificates/index.php HTTP/1.1" 404 27 "-" "-"
20.196.91.24 - - [28/Dec/2025:00:45:33 +0800] "GET /wp-includes/rest-api/vx.php HTTP/1.1" 404 27 "-" "-"
20.196.91.24 - - [28/Dec/2025:00:45:33 +0800] "GET /autoload_classmap/function.php HTTP/1.1" 404 27 "-" "-"
20.196.91.24 - - [28/Dec/2025:00:45:33 +0800] "GET /css/index.php HTTP/1.1" 404 27 "-" "-"
20.196.91.24 - - [28/Dec/2025:00:45:33 +0800] "GET /wp-admin/maint/index.php HTTP/1.1" 404 27 "-" "-"
20.196.91.24 - - [28/Dec/2025:00:45:33 +0800] "GET /wp-includes/ID3/autoload_classmap.php HTTP/1.1" 404 27 "-" "-"
20.196.91.24 - - [28/Dec/2025:00:45:33 +0800] "GET /as.php HTTP/1.1" 404 27 "-" "-"
20.196.91.24 - - [28/Dec/2025:00:45:33 +0800] "GET /assets/index.php HTTP/1.1" 404 27 "-" "-"
20.196.91.24 - - [28/Dec/2025:00:45:34 +0800] "GET /chosen.php HTTP/1.1" 404 27 "-" "-"
20.196.91.24 - - [28/Dec/2025:00:45:34 +0800] "GET /gel4y.php HTTP/1.1" 404 27 "-" "-"
20.196.91.24 - - [28/Dec/2025:00:45:34 +0800] "GET /index/function.php HTTP/1.1" 404 27 "-" "-"
20.196.91.24 - - [28/Dec/2025:00:45:35 +0800] "GET /admin/function.php HTTP/1.1" 404 27 "-" "-"
20.196.91.24 - - [28/Dec/2025:00:45:35 +0800] "GET /goods.php HTTP/1.1" 404 27 "-" "-"
20.196.91.24 - - [28/Dec/2025:00:45:36 +0800] "GET /wp-admin/ HTTP/1.1" 302 5 "-" "-"
20.196.91.24 - - [28/Dec/2025:00:45:37 +0800] "GET /wp-login.php?redirect_to=http%3A%2F%2Fcqqizhou.com%2Fwp-admin%2F&reauth=1 HTTP/1.1" 200 8672 "-" "-"
20.196.91.24 - - [28/Dec/2025:00:45:37 +0800] "GET /wp-includes/rest-api/fields/vx.php HTTP/1.1" 404 27 "-" "-"
20.196.91.24 - - [28/Dec/2025:00:45:37 +0800] "GET /api.php HTTP/1.1" 404 27 "-" "-"
20.196.91.24 - - [28/Dec/2025:00:45:37 +0800] "GET /wp-admin/css/colors/about.php HTTP/1.1" 404 27 "-" "-"
20.196.91.24 - - [28/Dec/2025:00:45:37 +0800] "GET /wp-content/themes/aahana/json.php HTTP/1.1" 404 27 "-" "-"
20.196.91.24 - - [28/Dec/2025:00:45:37 +0800] "GET /css/admin.php HTTP/1.1" 404 27 "-" "-"
20.196.91.24 - - [28/Dec/2025:00:45:38 +0800] "GET /public/assets/ HTTP/1.1" 404 31364 "-" "-"
20.196.91.24 - - [28/Dec/2025:00:45:40 +0800] "GET /termps.php HTTP/1.1" 404 27 "-" "-"
20.196.91.24 - - [28/Dec/2025:00:45:40 +0800] "GET /wp-includes/ID3/vx.php HTTP/1.1" 404 27 "-" "-"
20.196.91.24 - - [28/Dec/2025:00:45:40 +0800] "GET /2.php HTTP/1.1" 404 27 "-" "-"
20.196.91.24 - - [28/Dec/2025:00:45:40 +0800] "GET /num.php HTTP/1.1" 404 27 "-" "-"
20.196.91.24 - - [28/Dec/2025:00:45:41 +0800] "GET /wp-admin/vx.php HTTP/1.1" 404 27 "-" "-"
20.196.91.24 - - [28/Dec/2025:00:45:41 +0800] "GET /wp-includes/PHPMailer/ HTTP/1.1" 403 146 "-" "-"
20.196.91.24 - - [28/Dec/2025:00:45:41 +0800] "GET /.well-known/gecko-litespeed.php HTTP/1.1" 404 27 "-" "-"
20.196.91.24 - - [28/Dec/2025:00:45:42 +0800] "GET /assets/ HTTP/1.1" 404 31364 "-" "-"
20.196.91.24 - - [28/Dec/2025:00:45:42 +0800] "GET /bolt.php HTTP/1.1" 404 27 "-" "-"
20.196.91.24 - - [28/Dec/2025:00:45:42 +0800] "GET /images/index.php HTTP/1.1" 404 27 "-" "-"
20.196.91.24 - - [28/Dec/2025:00:45:43 +0800] "GET /wp-includes/assets/admin.php HTTP/1.1" 404 27 "-" "-"
20.196.91.24 - - [28/Dec/2025:00:45:44 +0800] "GET /.well-known/alfacgiapi/getdir.alfa HTTP/1.1" 404 31364 "-" "-"
20.196.91.24 - - [28/Dec/2025:00:45:45 +0800] "GET /wp-content/themes/twentytwentyfour/ HTTP/1.1" 404 31364 "-" "-"
20.196.91.24 - - [28/Dec/2025:00:45:45 +0800] "GET /alfa.php HTTP/1.1" 404 27 "-" "-"
20.196.91.24 - - [28/Dec/2025:00:45:45 +0800] "GET /wp-content/themes/vx.php HTTP/1.1" 404 27 "-" "-"
20.196.91.24 - - [28/Dec/2025:00:45:46 +0800] "GET /alfa-rex.php HTTP/1.1" 404 27 "-" "-"
20.196.91.24 - - [28/Dec/2025:00:45:46 +0800] "GET /alfashell.php HTTP/1.1" 404 27 "-" "-"
20.196.91.24 - - [28/Dec/2025:00:45:46 +0800] "GET /tiny.php HTTP/1.1" 404 27 "-" "-"
36.133.115.36 - - [28/Dec/2025:00:50:01 +0800] "POST /wp-cron.php?doing_wp_cron=1766854201.0332949161529541015625 HTTP/1.1" 200 31 "-" "WordPress/6.8.3; http://cqqizhou.com"
36.213.23.199 - - [28/Dec/2025:00:50:01 +0800] "GET /cms/manage/login.aspx HTTP/1.1" 404 8981 "-" "Mozilla/5.0 (Windows NT 10.0; Win64; x64) AppleWebKit/537.36 (KHTML, like Gecko) Chrome/127.0.0.0 Safari/537.36"
36.133.115.36 - - [28/Dec/2025:00:52:14 +0800] "POST /wp-cron.php?doing_wp_cron=1766854334.2689459323883056640625 HTTP/1.1" 200 31 "-" "WordPress/6.8.3; http://cqqizhou.com"
193.142.147.209 - - [28/Dec/2025:00:52:15 +0800] "POST / HTTP/1.1" 200 33679 "-" "Mozilla/5.0 (Windows NT 10.0; Win64; x64) AppleWebKit/537.36"
217.31.60.61 - - [28/Dec/2025:00:54:34 +0800] "GET / HTTP/1.1" 200 34109 "-" "Mozilla/5.0 (Macintosh; Intel Mac OS X 10_15_7) AppleWebKit/605.1.15 (KHTML, like Gecko) Version/18.5 Safari/605.1.15"
36.133.115.36 - - [28/Dec/2025:00:56:21 +0800] "POST /wp-cron.php?doing_wp_cron=1766854581.2394518852233886718750 HTTP/1.1" 200 31 "-" "WordPress/6.8.3; http://cqqizhou.com"
52.167.144.65 - - [28/Dec/2025:00:56:21 +0800] "GET /robots.txt HTTP/1.1" 200 190 "-" "Mozilla/5.0 AppleWebKit/537.36 (KHTML, like Gecko; compatible; bingbot/2.0; +http://www.bing.com/bingbot.htm) Chrome/116.0.1938.76 Safari/537.36"
52.167.144.197 - - [28/Dec/2025:00:56:26 +0800] "GET /2361/ HTTP/1.1" 200 24955 "-" "Mozilla/5.0 AppleWebKit/537.36 (KHTML, like Gecko; compatible; bingbot/2.0; +http://www.bing.com/bingbot.htm) Chrome/116.0.1938.76 Safari/537.36"
36.133.115.36 - - [28/Dec/2025:00:59:45 +0800] "POST /wp-cron.php?doing_wp_cron=1766854785.9331860542297363281250 HTTP/1.1" 200 31 "-" "WordPress/6.8.3; http://cqqizhou.com"
95.217.160.4 - - [28/Dec/2025:00:59:46 +0800] "POST /xmlrpc.php HTTP/1.1" 200 217 "-" "Mozilla/5.0 (Windows NT 10.0; Win64; x64; rv:70.0) Gecko/20100101 Firefox/70.0"
36.133.115.36 - - [28/Dec/2025:01:07:00 +0800] "POST /wp-cron.php?doing_wp_cron=1766855220.1749289035797119140625 HTTP/1.1" 200 31 "-" "WordPress/6.8.3; http://cqqizhou.com"
43.135.148.92 - - [28/Dec/2025:01:07:00 +0800] "GET / HTTP/1.1" 200 33679 "-" "Mozilla/5.0 (iPhone; CPU iPhone OS 13_2_3 like Mac OS X) AppleWebKit/605.1.15 (KHTML, like Gecko) Version/13.0.3 Mobile/15E148 Safari/604.1"
36.133.115.36 - - [28/Dec/2025:01:13:06 +0800] "POST /wp-cron.php?doing_wp_cron=1766855586.5677800178527832031250 HTTP/1.1" 200 31 "-" "WordPress/6.8.3; http://cqqizhou.com"
51.68.111.241 - - [28/Dec/2025:01:13:06 +0800] "GET /robots.txt HTTP/1.1" 200 190 "-" "Mozilla/5.0 (compatible; MJ12bot/v2.0.4; http://mj12bot.com/)"
51.68.111.241 - - [28/Dec/2025:01:13:07 +0800] "GET / HTTP/1.1" 200 34109 "-" "Mozilla/5.0 (compatible; MJ12bot/v2.0.4; http://mj12bot.com/)"
204.76.203.219 - - [28/Dec/2025:01:13:38 +0800] "GET / HTTP/1.1" 200 33679 "-" "Mozilla/5.0 (Windows NT 10.0; Win64; x64) AppleWebKit/537.36 (KHTML, like Gecko) Chrome/90.0.4430.85 Safari/537.36 Edg/90.0.818.46"
36.133.115.36 - - [28/Dec/2025:01:30:17 +0800] "POST /wp-cron.php?doing_wp_cron=1766856617.2143089771270751953125 HTTP/1.1" 200 31 "-" "WordPress/6.8.3; http://cqqizhou.com"
162.62.213.187 - - [28/Dec/2025:01:30:17 +0800] "GET /wp-content/uploads/2025/07/1753453127- HTTP/1.1" 404 8981 "-" "Mozilla/5.0 (iPhone; CPU iPhone OS 13_2_3 like Mac OS X) AppleWebKit/605.1.15 (KHTML, like Gecko) Version/13.0.3 Mobile/15E148 Safari/604.1"
36.133.115.36 - - [28/Dec/2025:01:38:40 +0800] "POST /wp-cron.php?doing_wp_cron=1766857120.5401079654693603515625 HTTP/1.1" 200 31 "-" "WordPress/6.8.3; http://cqqizhou.com"
40.77.167.41 - - [28/Dec/2025:01:38:40 +0800] "GET /?s=2025 HTTP/1.1" 200 19786 "-" "Mozilla/5.0 AppleWebKit/537.36 (KHTML, like Gecko; compatible; bingbot/2.0; +http://www.bing.com/bingbot.htm) Chrome/116.0.1938.76 Safari/537.36"
36.133.115.36 - - [28/Dec/2025:01:39:43 +0800] "POST /wp-cron.php?doing_wp_cron=1766857183.0913460254669189453125 HTTP/1.1" 200 31 "-" "WordPress/6.8.3; http://cqqizhou.com"
120.77.174.138 - - [28/Dec/2025:01:39:43 +0800] "GET / HTTP/1.1" 301 5 "-" "Mozilla/5.0 (Windows NT 10.0; Win64; x64) AppleWebKit/537.36 (KHTML, like Gecko) Chrome/88.0.4240.193 Safari/537.36"
120.77.174.138 - - [28/Dec/2025:01:39:43 +0800] "GET / HTTP/1.1" 200 153978 "-" "Mozilla/5.0 (Windows NT 10.0; Win64; x64) AppleWebKit/537.36 (KHTML, like Gecko) Chrome/88.0.4240.193 Safari/537.36"
120.77.174.138 - - [28/Dec/2025:01:39:44 +0800] "GET //wp-includes/wlwmanifest.xml HTTP/1.1" 301 5 "-" "Mozilla/5.0 (Windows NT 10.0; Win64; x64) AppleWebKit/537.36 (KHTML, like Gecko) Chrome/88.0.4240.193 Safari/537.36"
120.77.174.138 - - [28/Dec/2025:01:39:44 +0800] "GET //xmlrpc.php?rsd HTTP/1.1" 200 700 "-" "Mozilla/5.0 (Windows NT 10.0; Win64; x64) AppleWebKit/537.36 (KHTML, like Gecko) Chrome/88.0.4240.193 Safari/537.36"
120.77.174.138 - - [28/Dec/2025:01:39:45 +0800] "GET //?author=1 HTTP/1.1" 301 5 "-" "Mozilla/5.0 (Windows NT 10.0; Win64; x64) AppleWebKit/537.36 (KHTML, like Gecko) Chrome/88.0.4240.193 Safari/537.36"
36.133.115.36 - - [28/Dec/2025:01:39:46 +0800] "POST /wp-cron.php?doing_wp_cron=1766857186.0050671100616455078125 HTTP/1.1" 200 31 "-" "WordPress/6.8.3; http://cqqizhou.com"
120.77.174.138 - - [28/Dec/2025:01:39:46 +0800] "GET //?author=2 HTTP/1.1" 301 5 "-" "Mozilla/5.0 (Windows NT 10.0; Win64; x64) AppleWebKit/537.36 (KHTML, like Gecko) Chrome/88.0.4240.193 Safari/537.36"
120.77.174.138 - - [28/Dec/2025:01:39:46 +0800] "GET //?author=3 HTTP/1.1" 301 5 "-" "Mozilla/5.0 (Windows NT 10.0; Win64; x64) AppleWebKit/537.36 (KHTML, like Gecko) Chrome/88.0.4240.193 Safari/537.36"
120.77.174.138 - - [28/Dec/2025:01:39:47 +0800] "GET //wp-json/wp/v2/users/ HTTP/1.1" 200 498 "-" "Mozilla/5.0 (Windows NT 10.0; Win64; x64) AppleWebKit/537.36 (KHTML, like Gecko) Chrome/88.0.4240.193 Safari/537.36"
120.77.174.138 - - [28/Dec/2025:01:39:48 +0800] "POST //xmlrpc.php HTTP/1.1" 200 415 "-" "Mozilla/5.0 (Windows NT 10.0; Win64; x64) AppleWebKit/537.36 (KHTML, like Gecko) Chrome/88.0.4240.193 Safari/537.36"
115.159.33.43 - - [28/Dec/2025:01:40:22 +0800] "GET / HTTP/1.1" 301 5 "-" "Mozilla/5.0 (Windows NT 10.0; Win64; x64) AppleWebKit/537.36 (KHTML, like Gecko) Chrome/79.0.3945.117 Safari/537.36"
36.133.115.36 - - [28/Dec/2025:01:42:46 +0800] "POST /wp-cron.php?doing_wp_cron=1766857366.0049669742584228515625 HTTP/1.1" 200 31 "-" "WordPress/6.8.3; http://cqqizhou.com"
170.106.160.90 - - [28/Dec/2025:01:42:46 +0800] "GET /portfolio-category/remaining-rolls/ HTTP/1.1" 200 17739 "-" "Mozilla/5.0 (iPhone; CPU iPhone OS 13_2_3 like Mac OS X) AppleWebKit/605.1.15 (KHTML, like Gecko) Version/13.0.3 Mobile/15E148 Safari/604.1"
36.133.115.36 - - [28/Dec/2025:01:44:48 +0800] "POST /wp-cron.php?doing_wp_cron=1766857488.5296039581298828125000 HTTP/1.1" 200 31 "-" "WordPress/6.8.3; http://cqqizhou.com"
38.46.221.123 - - [28/Dec/2025:01:44:48 +0800] "GET http://check.9tb.org/ HTTP/1.1" 301 5 "-" "Go-http-client/1.1"
38.46.221.123 - - [28/Dec/2025:01:44:48 +0800] "GET http://cqqizhou.com/ HTTP/1.1" 200 34109 "http://check.9tb.org" "Go-http-client/1.1"
36.133.115.36 - - [28/Dec/2025:01:46:38 +0800] "POST /wp-cron.php?doing_wp_cron=1766857598.4156770706176757812500 HTTP/1.1" 200 31 "-" "WordPress/6.8.3; http://cqqizhou.com"
43.131.39.179 - - [28/Dec/2025:01:46:38 +0800] "GET / HTTP/1.1" 301 5 "-" "Mozilla/5.0 (iPhone; CPU iPhone OS 13_2_3 like Mac OS X) AppleWebKit/605.1.15 (KHTML, like Gecko) Version/13.0.3 Mobile/15E148 Safari/604.1"
43.131.39.179 - - [28/Dec/2025:01:46:41 +0800] "GET / HTTP/1.1" 200 33679 "http://www.cqqizhou.com" "Mozilla/5.0 (iPhone; CPU iPhone OS 13_2_3 like Mac OS X) AppleWebKit/605.1.15 (KHTML, like Gecko) Version/13.0.3 Mobile/15E148 Safari/604.1"
36.133.115.36 - - [28/Dec/2025:01:47:34 +0800] "POST /wp-cron.php?doing_wp_cron=1766857654.9050319194793701171875 HTTP/1.1" 200 31 "-" "WordPress/6.8.3; http://cqqizhou.com"
162.142.125.194 - - [28/Dec/2025:01:47:34 +0800] "GET /sitemap.xml HTTP/1.1" 200 501 "-" "Mozilla/5.0 (compatible; CensysInspect/1.1; +https://about.censys.io/)"
36.133.115.36 - - [28/Dec/2025:01:48:56 +0800] "POST /wp-cron.php?doing_wp_cron=1766857736.7144899368286132812500 HTTP/1.1" 200 31 "-" "WordPress/6.8.3; http://cqqizhou.com"
124.156.172.52 - - [28/Dec/2025:01:48:56 +0800] "GET /logistics HTTP/1.1" 301 5 "-" "Mozilla/5.0 (Windows NT 10.0; Win64; x64) AppleWebKit/537.36 (KHTML, like Gecko) Chrome/120.0.0.0 Safari/537.36 Edg/120.0.0.0"
124.156.172.52 - - [28/Dec/2025:01:48:57 +0800] "GET /logistics/ HTTP/1.1" 200 83603 "-" "Mozilla/5.0 (Windows NT 10.0; Win64; x64) AppleWebKit/537.36 (KHTML, like Gecko) Chrome/120.0.0.0 Safari/537.36 Edg/120.0.0.0"
36.133.115.36 - - [28/Dec/2025:01:50:07 +0800] "POST /wp-cron.php?doing_wp_cron=1766857807.5035579204559326171875 HTTP/1.1" 200 31 "-" "WordPress/6.8.3; http://cqqizhou.com"
49.51.243.95 - - [28/Dec/2025:01:50:07 +0800] "GET /wp-json/oembed/1.0/embed?url=http%3A%2F%2Fcqqizhou.com%2F HTTP/1.1" 200 1097 "-" "Mozilla/5.0 (iPhone; CPU iPhone OS 13_2_3 like Mac OS X) AppleWebKit/605.1.15 (KHTML, like Gecko) Version/13.0.3 Mobile/15E148 Safari/604.1"
36.133.115.36 - - [28/Dec/2025:01:53:42 +0800] "POST /wp-cron.php?doing_wp_cron=1766858022.7718050479888916015625 HTTP/1.1" 200 31 "-" "WordPress/6.8.3; http://cqqizhou.com"
213.209.159.150 - - [28/Dec/2025:01:53:42 +0800] "GET /.git/config HTTP/1.1" 404 31364 "-" "Mozilla/5.0"
213.209.159.150 - - [28/Dec/2025:01:53:44 +0800] "GET /update/.git/config HTTP/1.1" 404 31364 "-" "Mozilla/5.0"
213.209.159.150 - - [28/Dec/2025:01:53:45 +0800] "GET /app/.git/config HTTP/1.1" 404 31364 "-" "Mozilla/5.0"
36.133.115.36 - - [28/Dec/2025:01:53:47 +0800] "POST /wp-cron.php?doing_wp_cron=1766858027.6828989982604980468750 HTTP/1.1" 200 31 "-" "WordPress/6.8.3; http://cqqizhou.com"
213.209.159.150 - - [28/Dec/2025:01:53:47 +0800] "GET /admin/.git/config HTTP/1.1" 404 31364 "-" "Mozilla/5.0"
213.209.159.150 - - [28/Dec/2025:01:53:50 +0800] "GET /private/.git/config HTTP/1.1" 404 31364 "-" "Mozilla/5.0"
213.209.159.150 - - [28/Dec/2025:01:53:52 +0800] "GET /home/.git/config HTTP/1.1" 404 31364 "-" "Mozilla/5.0"
213.209.159.150 - - [28/Dec/2025:01:53:53 +0800] "GET /src/.git/config HTTP/1.1" 404 31364 "-" "Mozilla/5.0"
213.209.159.150 - - [28/Dec/2025:01:53:54 +0800] "GET /backend/.git/config HTTP/1.1" 404 31364 "-" "Mozilla/5.0"
213.209.159.150 - - [28/Dec/2025:01:53:56 +0800] "GET /frontend/.git/config HTTP/1.1" 404 31364 "-" "Mozilla/5.0"
213.209.159.150 - - [28/Dec/2025:01:53:57 +0800] "GET /api/.git/config HTTP/1.1" 404 31364 "-" "Mozilla/5.0"
213.209.159.150 - - [28/Dec/2025:01:53:58 +0800] "GET /dev/.git/config HTTP/1.1" 404 31364 "-" "Mozilla/5.0"
213.209.159.150 - - [28/Dec/2025:01:54:00 +0800] "GET /backup/.git/config HTTP/1.1" 404 31364 "-" "Mozilla/5.0"
213.209.159.150 - - [28/Dec/2025:01:54:01 +0800] "GET /production/.git/config HTTP/1.1" 404 31364 "-" "Mozilla/5.0"
213.209.159.150 - - [28/Dec/2025:01:54:02 +0800] "GET /website/.git/config HTTP/1.1" 404 31364 "-" "Mozilla/5.0"
213.209.159.150 - - [28/Dec/2025:01:54:03 +0800] "GET /portal/.git/config HTTP/1.1" 404 31364 "-" "Mozilla/5.0"
213.209.159.150 - - [28/Dec/2025:01:54:05 +0800] "GET /dashboard/.git/config HTTP/1.1" 404 31364 "-" "Mozilla/5.0"
213.209.159.150 - - [28/Dec/2025:01:54:06 +0800] "GET /cms/.git/config HTTP/1.1" 404 31364 "-" "Mozilla/5.0"
213.209.159.150 - - [28/Dec/2025:01:54:07 +0800] "GET /wp-content/.git/config HTTP/1.1" 404 31364 "-" "Mozilla/5.0"
213.209.159.150 - - [28/Dec/2025:01:54:09 +0800] "GET /blog/.git/config HTTP/1.1" 404 31364 "-" "Mozilla/5.0"
123.57.13.121 - - [28/Dec/2025:01:58:04 +0800] "GET / HTTP/1.1" 200 34109 "-" "Mozilla/5.0 (Windows NT 10.0; Win64; x64) AppleWebKit/537.36 (KHTML, like Gecko) Chrome/104.0.0.0 Safari/537.36"
36.133.115.36 - - [28/Dec/2025:01:58:05 +0800] "POST /wp-cron.php?doing_wp_cron=1766858285.6007180213928222656250 HTTP/1.1" 200 31 "-" "WordPress/6.8.3; http://cqqizhou.com"
123.57.13.121 - - [28/Dec/2025:01:58:05 +0800] "GET / HTTP/1.1" 301 5 "-" "Mozilla/5.0 (Windows NT 10.0; Win64; x64) AppleWebKit/537.36 (KHTML, like Gecko) Chrome/104.0.0.0 Safari/537.36"
36.133.115.36 - - [28/Dec/2025:02:01:14 +0800] "POST /wp-cron.php?doing_wp_cron=1766858474.7525110244750976562500 HTTP/1.1" 200 31 "-" "WordPress/6.8.3; http://cqqizhou.com"
170.106.180.246 - - [28/Dec/2025:02:01:14 +0800] "GET /wp-content/uploads/2025/07/1753456770- HTTP/1.1" 404 8983 "-" "Mozilla/5.0 (iPhone; CPU iPhone OS 13_2_3 like Mac OS X) AppleWebKit/605.1.15 (KHTML, like Gecko) Version/13.0.3 Mobile/15E148 Safari/604.1"
36.133.115.36 - - [28/Dec/2025:02:06:03 +0800] "POST /wp-cron.php?doing_wp_cron=1766858763.0711441040039062500000 HTTP/1.1" 200 31 "-" "WordPress/6.8.3; http://cqqizhou.com"
121.43.55.201 - - [28/Dec/2025:02:06:03 +0800] "GET / HTTP/1.0" 301 0 "-" "-"
121.43.55.201 - - [28/Dec/2025:02:06:12 +0800] "GET / HTTP/1.0" 301 0 "-" "-"
121.43.55.201 - - [28/Dec/2025:02:06:12 +0800] "POST /sdk HTTP/1.1" 404 31364 "-" "Mozilla/5.0 (compatible; Nmap Scripting Engine; https://nmap.org/book/nse.html)"
121.43.55.201 - - [28/Dec/2025:02:06:12 +0800] "GET /nmaplowercheck1766858767 HTTP/1.1" 404 31364 "-" "Mozilla/5.0 (compatible; Nmap Scripting Engine; https://nmap.org/book/nse.html)"
121.43.55.201 - - [28/Dec/2025:02:06:13 +0800] "GET /evox/about HTTP/1.1" 404 31364 "-" "Mozilla/5.0 (compatible; Nmap Scripting Engine; https://nmap.org/book/nse.html)"
121.43.55.201 - - [28/Dec/2025:02:06:22 +0800] "GET / HTTP/1.0" 301 0 "-" "-"
141.98.11.140 - - [28/Dec/2025:02:06:39 +0800] "GET /login.asp HTTP/1.1" 301 5 "-" "Mozilla/5.0"
36.133.115.36 - - [28/Dec/2025:02:08:39 +0800] "POST /wp-cron.php?doing_wp_cron=1766858919.4780819416046142578125 HTTP/1.1" 200 31 "-" "WordPress/6.8.3; http://cqqizhou.com"
185.242.226.102 - - [28/Dec/2025:02:08:39 +0800] "GET / HTTP/1.1" 301 5 "-" "Mozilla/5.0 (Windows NT 10.0; Win64; x64) AppleWebKit/537.36 (KHTML, like Gecko) Chrome/88.0.4324.190 Safari/537.36"
185.242.226.102 - - [28/Dec/2025:02:08:47 +0800] "GET / HTTP/1.1" 200 34109 "http://36.133.115.36:80/" "Mozilla/5.0 (Windows NT 10.0; Win64; x64) AppleWebKit/537.36 (KHTML, like Gecko) Chrome/88.0.4324.190 Safari/537.36"
36.133.115.36 - - [28/Dec/2025:02:09:32 +0800] "POST /wp-cron.php?doing_wp_cron=1766858971.9857270717620849609375 HTTP/1.1" 200 31 "-" "WordPress/6.8.3; http://cqqizhou.com"
138.197.78.152 - - [28/Dec/2025:02:09:32 +0800] "POST /xmlrpc.php HTTP/1.1" 200 217 "-" "Mozilla/5.0 (Windows NT 10.0; Win64; x64; rv:75.0) Gecko/20100101 Firefox/75.0"
36.133.115.36 - - [28/Dec/2025:02:11:40 +0800] "POST /wp-cron.php?doing_wp_cron=1766859100.2837319374084472656250 HTTP/1.1" 200 31 "-" "WordPress/6.8.3; http://cqqizhou.com"
43.153.96.233 - - [28/Dec/2025:02:11:40 +0800] "GET /portfolio-category/hot-dip-galvanized-coil/ HTTP/1.1" 200 17766 "-" "Mozilla/5.0 (iPhone; CPU iPhone OS 13_2_3 like Mac OS X) AppleWebKit/605.1.15 (KHTML, like Gecko) Version/13.0.3 Mobile/15E148 Safari/604.1"
36.133.115.36 - - [28/Dec/2025:02:12:56 +0800] "POST /wp-cron.php?doing_wp_cron=1766859176.0437669754028320312500 HTTP/1.1" 200 31 "-" "WordPress/6.8.3; http://cqqizhou.com"
180.153.236.219 - - [28/Dec/2025:02:12:56 +0800] "GET / HTTP/1.1" 200 33677 "http://cqqizhou.com/" "Mozilla/5.0 (Linux; Android 10; K) AppleWebKit/537.36 (KHTML, like Gecko) Chrome/131.0.0.0 Mobile Safari/537.36; 360Spider"
36.133.115.36 - - [28/Dec/2025:02:20:14 +0800] "POST /wp-cron.php?doing_wp_cron=1766859614.4974319934844970703125 HTTP/1.1" 200 31 "-" "WordPress/6.8.3; http://cqqizhou.com"
120.77.174.138 - - [28/Dec/2025:02:20:14 +0800] "GET /wp-login.php HTTP/1.1" 200 2774 "-" "Mozilla/5.0"
120.77.174.138 - - [28/Dec/2025:02:20:15 +0800] "GET /?author=1 HTTP/1.1" 200 19736 "-" "Mozilla/5.0"
120.77.174.138 - - [28/Dec/2025:02:20:16 +0800] "GET /?feed=rss2 HTTP/1.1" 301 5 "-" "Mozilla/5.0"
120.77.174.138 - - [28/Dec/2025:02:20:16 +0800] "GET /feed/ HTTP/1.1" 200 50803 "-" "Mozilla/5.0"
36.133.115.36 - - [28/Dec/2025:02:21:00 +0800] "POST /wp-cron.php?doing_wp_cron=1766859660.8477408885955810546875 HTTP/1.1" 200 31 "-" "WordPress/6.8.3; http://cqqizhou.com"
110.164.132.3 - - [28/Dec/2025:02:21:01 +0800] "POST /customer/address_file/upload HTTP/1.1" 404 8981 "-" "Mozilla/5.0 (Windows NT 10.0; Win64; x64) AppleWebKit/537.36 (KHTML, like Gecko) Chrome/80.0.3987.132 Safari/537.36"
170.106.192.3 - - [28/Dec/2025:02:21:45 +0800] "GET /bug HTTP/1.1" 301 5 "-" "Mozilla/5.0 (iPhone; CPU iPhone OS 13_2_3 like Mac OS X) AppleWebKit/605.1.15 (KHTML, like Gecko) Version/13.0.3 Mobile/15E148 Safari/604.1"
36.133.115.36 - - [28/Dec/2025:02:21:49 +0800] "POST /wp-cron.php?doing_wp_cron=1766859709.3899528980255126953125 HTTP/1.1" 200 31 "-" "WordPress/6.8.3; http://cqqizhou.com"
170.106.192.3 - - [28/Dec/2025:02:21:49 +0800] "GET /bug/ HTTP/1.1" 200 11677 "http://cqqizhou.com/bug" "Mozilla/5.0 (iPhone; CPU iPhone OS 13_2_3 like Mac OS X) AppleWebKit/605.1.15 (KHTML, like Gecko) Version/13.0.3 Mobile/15E148 Safari/604.1"
36.133.115.36 - - [28/Dec/2025:02:29:54 +0800] "POST /wp-cron.php?doing_wp_cron=1766860194.4328389167785644531250 HTTP/1.1" 200 31 "-" "WordPress/6.8.3; http://cqqizhou.com"
45.194.92.18 - - [28/Dec/2025:02:29:54 +0800] "GET / HTTP/1.1" 200 33679 "-" "Mozilla/5.0 (Windows NT 10.0; Win64; x64) AppleWebKit/537.36 (KHTML, like Gecko) Chrome/90.0.4430.85 Safari/537.36 Edg/90.0.818.46"
82.223.26.75 - - [28/Dec/2025:02:30:07 +0800] "POST /xmlrpc.php HTTP/1.1" 200 217 "-" "Mozilla/5.0 (Windows NT 10.0; Win64; x64; rv:62.0) Gecko/20100101 Firefox/62.0"
36.133.115.36 - - [28/Dec/2025:02:42:00 +0800] "POST /wp-cron.php?doing_wp_cron=1766860920.3567559719085693359375 HTTP/1.1" 200 31 "-" "WordPress/6.8.3; http://cqqizhou.com"
49.51.253.83 - - [28/Dec/2025:02:42:00 +0800] "GET /2231/ HTTP/1.1" 200 19539 "-" "Mozilla/5.0 (iPhone; CPU iPhone OS 13_2_3 like Mac OS X) AppleWebKit/605.1.15 (KHTML, like Gecko) Version/13.0.3 Mobile/15E148 Safari/604.1"
36.133.115.36 - - [28/Dec/2025:02:50:48 +0800] "POST /wp-cron.php?doing_wp_cron=1766861448.7406868934631347656250 HTTP/1.1" 200 31 "-" "WordPress/6.8.3; http://cqqizhou.com"
43.156.204.134 - - [28/Dec/2025:02:50:48 +0800] "GET /wp-content/uploads/2025/12/1765265398-qizhou_Slider_3840 HTTP/1.1" 404 8981 "-" "Mozilla/5.0 (iPhone; CPU iPhone OS 13_2_3 like Mac OS X) AppleWebKit/605.1.15 (KHTML, like Gecko) Version/13.0.3 Mobile/15E148 Safari/604.1"
36.133.115.36 - - [28/Dec/2025:02:56:02 +0800] "POST /wp-cron.php?doing_wp_cron=1766861762.1718180179595947265625 HTTP/1.1" 200 31 "-" "WordPress/6.8.3; http://cqqizhou.com"
81.167.26.57 - - [28/Dec/2025:02:56:02 +0800] "GET /robots.txt HTTP/1.1" 200 390 "-" "Mozilla/5.0 (compatible; MJ12bot/v1.4.8; http://mj12bot.com/)"
81.167.26.57 - - [28/Dec/2025:02:56:03 +0800] "GET /portfolio-tag/%E9%9E%8D%E9%92%A2%E8%92%82%E6%A3%AE/ HTTP/1.1" 200 22871 "-" "Mozilla/5.0 (compatible; MJ12bot/v1.4.8; http://mj12bot.com/)"
81.167.26.57 - - [28/Dec/2025:02:56:05 +0800] "GET /portfolio/%E5%86%B7%E8%BD%A7%E5%8D%B7/ HTTP/1.1" 200 22115 "-" "Mozilla/5.0 (compatible; MJ12bot/v1.4.8; http://mj12bot.com/)"
81.167.26.57 - - [28/Dec/2025:02:56:07 +0800] "GET /portfolio/%E5%86%B7%E8%BD%A7%E6%9D%BF/ HTTP/1.1" 200 22137 "-" "Mozilla/5.0 (compatible; MJ12bot/v1.4.8; http://mj12bot.com/)"
162.62.213.165 - - [28/Dec/2025:03:00:55 +0800] "GET /wp-content/uploads/2025/07/1751425283-qizhou.kf_.qq_.com_.webp HTTP/1.1" 200 16864 "-" "Mozilla/5.0 (iPhone; CPU iPhone OS 13_2_3 like Mac OS X) AppleWebKit/605.1.15 (KHTML, like Gecko) Version/13.0.3 Mobile/15E148 Safari/604.1"
36.133.115.36 - - [28/Dec/2025:03:02:05 +0800] "POST /wp-cron.php?doing_wp_cron=1766862125.0079550743103027343750 HTTP/1.1" 200 31 "-" "WordPress/6.8.3; http://cqqizhou.com"
66.249.68.70 - - [28/Dec/2025:03:02:05 +0800] "GET /services HTTP/1.1" 301 5 "-" "Mozilla/5.0 (Linux; Android 6.0.1; Nexus 5X Build/MMB29P) AppleWebKit/537.36 (KHTML, like Gecko) Chrome/141.0.7390.122 Mobile Safari/537.36 (compatible; Googlebot/2.1; +http://www.google.com/bot.html)"
66.249.68.64 - - [28/Dec/2025:03:02:06 +0800] "GET /services/ HTTP/1.1" 200 25813 "-" "Mozilla/5.0 (Linux; Android 6.0.1; Nexus 5X Build/MMB29P) AppleWebKit/537.36 (KHTML, like Gecko) Chrome/141.0.7390.122 Mobile Safari/537.36 (compatible; Googlebot/2.1; +http://www.google.com/bot.html)"
1.14.47.253 - - [28/Dec/2025:03:02:33 +0800] "GET / HTTP/1.1" 499 0 "-" "python-requests/2.28.1"
36.133.115.36 - - [28/Dec/2025:03:12:30 +0800] "POST /wp-cron.php?doing_wp_cron=1766862750.2792079448699951171875 HTTP/1.1" 200 31 "-" "WordPress/6.8.3; http://cqqizhou.com"
170.106.165.186 - - [28/Dec/2025:03:12:30 +0800] "GET /2339/ HTTP/1.1" 200 20554 "-" "Mozilla/5.0 (iPhone; CPU iPhone OS 13_2_3 like Mac OS X) AppleWebKit/605.1.15 (KHTML, like Gecko) Version/13.0.3 Mobile/15E148 Safari/604.1"
38.46.221.123 - - [28/Dec/2025:03:12:40 +0800] "GET http://check.9tb.org/ HTTP/1.1" 301 5 "-" "Go-http-client/1.1"
38.46.221.123 - - [28/Dec/2025:03:12:40 +0800] "GET http://cqqizhou.com/ HTTP/1.1" 200 34109 "http://check.9tb.org" "Go-http-client/1.1"
36.133.115.36 - - [28/Dec/2025:03:18:02 +0800] "POST /wp-cron.php?doing_wp_cron=1766863082.1175310611724853515625 HTTP/1.1" 200 31 "-" "WordPress/6.8.3; http://cqqizhou.com"
125.23.86.26 - - [28/Dec/2025:03:18:02 +0800] "POST /xmlrpc.php HTTP/1.1" 200 217 "-" "Mozilla/5.0 (Windows NT 10.0; Win64; x64; rv:90.0) Gecko/20100101 Firefox/90.0"
36.133.115.36 - - [28/Dec/2025:03:20:23 +0800] "POST /wp-cron.php?doing_wp_cron=1766863223.3459460735321044921875 HTTP/1.1" 200 31 "-" "WordPress/6.8.3; http://cqqizhou.com"
43.159.152.4 - - [28/Dec/2025:03:20:23 +0800] "GET /wp-json/oembed/1.0/embed?url=http%3A%2F%2Fcqqizhou.com%2Fbug%2F HTTP/1.1" 200 1106 "-" "Mozilla/5.0 (iPhone; CPU iPhone OS 13_2_3 like Mac OS X) AppleWebKit/605.1.15 (KHTML, like Gecko) Version/13.0.3 Mobile/15E148 Safari/604.1"
36.133.115.36 - - [28/Dec/2025:03:27:11 +0800] "POST /wp-cron.php?doing_wp_cron=1766863631.4962689876556396484375 HTTP/1.1" 200 31 "-" "WordPress/6.8.3; http://cqqizhou.com"
193.142.147.209 - - [28/Dec/2025:03:27:12 +0800] "POST / HTTP/1.1" 200 33679 "-" "Mozilla/5.0 (Windows NT 10.0; Win64; x64) AppleWebKit/537.36"
36.133.115.36 - - [28/Dec/2025:03:32:17 +0800] "POST /wp-cron.php?doing_wp_cron=1766863937.0860960483551025390625 HTTP/1.1" 200 31 "-" "WordPress/6.8.3; http://cqqizhou.com"
43.135.134.127 - - [28/Dec/2025:03:32:17 +0800] "GET /company-news/ HTTP/1.1" 200 19698 "-" "Mozilla/5.0 (iPhone; CPU iPhone OS 13_2_3 like Mac OS X) AppleWebKit/605.1.15 (KHTML, like Gecko) Version/13.0.3 Mobile/15E148 Safari/604.1"
36.133.115.36 - - [28/Dec/2025:03:34:09 +0800] "POST /wp-cron.php?doing_wp_cron=1766864049.6996169090270996093750 HTTP/1.1" 200 31 "-" "WordPress/6.8.3; http://cqqizhou.com"
121.43.116.163 - - [28/Dec/2025:03:34:09 +0800] "GET / HTTP/1.1" 301 5 "-" "Mozilla/5.0 (Windows NT 10.0; Win64; x64) AppleWebKit/537.36 (KHTML, like Gecko) Chrome/59.0.3071.115 Safari/537.36"
36.133.115.36 - - [28/Dec/2025:03:41:40 +0800] "POST /wp-cron.php?doing_wp_cron=1766864500.9158670902252197265625 HTTP/1.1" 200 31 "-" "WordPress/6.8.3; http://cqqizhou.com"
170.106.180.246 - - [28/Dec/2025:03:41:41 +0800] "GET /2354/ HTTP/1.1" 200 20328 "-" "Mozilla/5.0 (iPhone; CPU iPhone OS 13_2_3 like Mac OS X) AppleWebKit/605.1.15 (KHTML, like Gecko) Version/13.0.3 Mobile/15E148 Safari/604.1"
4.194.64.166 - - [28/Dec/2025:03:43:26 +0800] "GET /.well-known/rk2.php HTTP/1.1" 404 27 "https://www.yahoo.com/" "Mozilla/5.0 (iPad; CPU OS 17_0_3 like Mac OS X) AppleWebKit/605.1.15 (KHTML, like Gecko) Version/17.0.1 Mobile/15E148 Safari/604.1"
4.194.64.166 - - [28/Dec/2025:03:43:26 +0800] "GET /ioxi-o.php HTTP/1.1" 404 27 "https://www.google.fr/" "Mozilla/5.0 (Linux; Android 14; Pixel 8 Pro) AppleWebKit/537.36 (KHTML, like Gecko) Chrome/119.0.0.0 Mobile Safari/537.36"
4.194.64.166 - - [28/Dec/2025:03:43:26 +0800] "GET /0x.php HTTP/1.1" 404 27 "https://www.google.com/" "Mozilla/5.0 (Linux; Android 14; Pixel 8 Pro) AppleWebKit/537.36 (KHTML, like Gecko) Chrome/119.0.0.0 Mobile Safari/537.36"
4.194.64.166 - - [28/Dec/2025:03:43:26 +0800] "GET /222.php HTTP/1.1" 404 27 "https://www.bing.com/" "Mozilla/5.0 (Linux; Android 13; SM-G991U) AppleWebKit/537.36 (KHTML, like Gecko) Chrome/117.0.0.0 Mobile Safari/537.36"
4.194.64.166 - - [28/Dec/2025:03:43:26 +0800] "GET /aa.php HTTP/1.1" 404 27 "https://www.google.fr/" "Mozilla/5.0 (iPhone; CPU iPhone OS 16_0 like Mac OS X) AppleWebKit/605.1.15 (KHTML, like Gecko) FxiOS/118.0 Mobile/15E148 Safari/605.1.15"
4.194.64.166 - - [28/Dec/2025:03:43:26 +0800] "GET /abcd.php HTTP/1.1" 404 27 "https://duckduckgo.com/" "Mozilla/5.g (Linux; Android 13; Pixel 7) AppleWebKit/537.36 (KHTML, like Gecko) Chrome/116.0.0.0 Mobile Safari/537.36"
