74.225.247.240 - - [28/Dec/2025:19:40:18 +0800] "GET /wp-includes/Requests/ HTTP/1.1" 403 146 "-" "-"
74.225.247.240 - - [28/Dec/2025:19:40:18 +0800] "GET /wp-includes/Text/autoload_classmap.php HTTP/1.1" 404 27 "-" "-"
74.225.247.240 - - [28/Dec/2025:19:40:19 +0800] "GET /wp-includes/fonts/autoload_classmap.php HTTP/1.1" 404 27 "-" "-"
74.225.247.240 - - [28/Dec/2025:19:40:19 +0800] "GET /wp-includes/js/ HTTP/1.1" 403 146 "-" "-"
74.225.247.240 - - [28/Dec/2025:19:40:19 +0800] "GET /wp-admin/classwithtostring.php/.well-known/acme-challenge/file.php HTTP/1.1" 404 27 "-" "-"
74.225.247.240 - - [28/Dec/2025:19:40:19 +0800] "GET /13.php HTTP/1.1" 404 27 "-" "-"
74.225.247.240 - - [28/Dec/2025:19:40:19 +0800] "GET /wp-content/uploads/wc-logs/vx.php HTTP/1.1" 404 27 "-" "-"
74.225.247.240 - - [28/Dec/2025:19:40:19 +0800] "GET /wp-includes/fonts/ HTTP/1.1" 403 146 "-" "-"
74.225.247.240 - - [28/Dec/2025:19:40:20 +0800] "GET /wp-includes/fonts/vx.php HTTP/1.1" 404 27 "-" "-"
74.225.247.240 - - [28/Dec/2025:19:40:20 +0800] "GET /file.php HTTP/1.1" 404 27 "-" "-"
74.225.247.240 - - [28/Dec/2025:19:40:20 +0800] "GET /wp-content/uploads/ HTTP/1.1" 403 146 "-" "-"
74.225.247.240 - - [28/Dec/2025:19:40:20 +0800] "GET /adminfuns.php HTTP/1.1" 404 27 "-" "-"
74.225.247.240 - - [28/Dec/2025:19:40:20 +0800] "GET /uploads/vx.php HTTP/1.1" 404 27 "-" "-"
74.225.247.240 - - [28/Dec/2025:19:40:20 +0800] "GET /wp-includes/Text/Diff/Engine/ HTTP/1.1" 403 146 "-" "-"
74.225.247.240 - - [28/Dec/2025:19:40:20 +0800] "GET /.well-known/acme-challenge/file.php HTTP/1.1" 404 27 "-" "-"
74.225.247.240 - - [28/Dec/2025:19:40:20 +0800] "GET /fm.php HTTP/1.1" 404 27 "-" "-"
74.225.247.240 - - [28/Dec/2025:19:40:21 +0800] "GET /wp-includes/blocks/code/ HTTP/1.1" 403 146 "-" "-"
74.225.247.240 - - [28/Dec/2025:19:40:21 +0800] "GET //wp-content/plugins/revslider/includes/external/page/index.php HTTP/1.1" 404 27 "-" "-"
74.225.247.240 - - [28/Dec/2025:19:40:21 +0800] "GET /atomlib.php HTTP/1.1" 404 27 "-" "-"
74.225.247.240 - - [28/Dec/2025:19:40:21 +0800] "GET /wp-admin/css/colors/blue/ HTTP/1.1" 403 146 "-" "-"
74.225.247.240 - - [28/Dec/2025:19:40:21 +0800] "GET /wp-includes/sitemaps/autoload_classmap.php/.well-known/acme-challenge/file.php HTTP/1.1" 404 27 "-" "-"
74.225.247.240 - - [28/Dec/2025:19:40:21 +0800] "GET /wp-includes/ID3/ HTTP/1.1" 403 146 "-" "-"
74.225.247.240 - - [28/Dec/2025:19:40:21 +0800] "GET /customize.php HTTP/1.1" 404 27 "-" "-"
74.225.247.240 - - [28/Dec/2025:19:40:21 +0800] "GET /i.php HTTP/1.1" 404 27 "-" "-"
74.225.247.240 - - [28/Dec/2025:19:40:22 +0800] "GET /wp-admin/includes/index.php HTTP/1.1" 404 27 "-" "-"
74.225.247.240 - - [28/Dec/2025:19:40:22 +0800] "GET /wp-admin/includes/vx.php HTTP/1.1" 404 27 "-" "-"
74.225.247.240 - - [28/Dec/2025:19:40:22 +0800] "GET /wp-includes/block-bindings/index.php HTTP/1.1" 404 27 "-" "-"
74.225.247.240 - - [28/Dec/2025:19:40:22 +0800] "GET /wp-includes/html-api/ HTTP/1.1" 403 146 "-" "-"
74.225.247.240 - - [28/Dec/2025:19:40:22 +0800] "GET //wp-content/plugins/pwnd/as.php HTTP/1.1" 404 27 "-" "-"
74.225.247.240 - - [28/Dec/2025:19:40:23 +0800] "GET /aa.php HTTP/1.1" 404 27 "-" "-"
74.225.247.240 - - [28/Dec/2025:19:40:23 +0800] "GET /ahax.php HTTP/1.1" 404 27 "-" "-"
74.225.247.240 - - [28/Dec/2025:19:40:23 +0800] "GET /wp-admin/css/about.php HTTP/1.1" 404 27 "-" "-"
74.225.247.240 - - [28/Dec/2025:19:40:23 +0800] "GET /wp-content/ HTTP/1.1" 200 5 "-" "-"
74.225.247.240 - - [28/Dec/2025:19:40:23 +0800] "GET /wp-content/languages/vx.php HTTP/1.1" 404 27 "-" "-"
74.225.247.240 - - [28/Dec/2025:19:40:23 +0800] "GET /wp-includes/customize/chosen.php HTTP/1.1" 404 27 "-" "-"
74.225.247.240 - - [28/Dec/2025:19:40:23 +0800] "GET /alf.php HTTP/1.1" 404 27 "-" "-"
74.225.247.240 - - [28/Dec/2025:19:40:24 +0800] "GET /.tresh/index.php HTTP/1.1" 404 27 "-" "-"
74.225.247.240 - - [28/Dec/2025:19:40:24 +0800] "GET /buy.php HTTP/1.1" 404 27 "-" "-"
74.225.247.240 - - [28/Dec/2025:19:40:24 +0800] "GET /info.php HTTP/1.1" 200 29 "-" "-"
74.225.247.240 - - [28/Dec/2025:19:40:24 +0800] "GET /user.php HTTP/1.1" 404 27 "-" "-"
74.225.247.240 - - [28/Dec/2025:19:40:24 +0800] "GET /wp-includes/ HTTP/1.1" 403 146 "-" "-"
74.225.247.240 - - [28/Dec/2025:19:40:24 +0800] "GET /wp-includes/widgets/about.php HTTP/1.1" 404 27 "-" "-"
74.225.247.240 - - [28/Dec/2025:19:40:25 +0800] "GET /ALFA_DATA/ HTTP/1.1" 404 31364 "-" "-"
74.225.247.240 - - [28/Dec/2025:19:40:25 +0800] "GET /shell.php HTTP/1.1" 404 27 "-" "-"
74.225.247.240 - - [28/Dec/2025:19:40:25 +0800] "GET /wp-admin/js/widgets/vx.php HTTP/1.1" 404 27 "-" "-"
74.225.247.240 - - [28/Dec/2025:19:40:26 +0800] "GET /wp-includes/block-bindings/ HTTP/1.1" 403 146 "-" "-"
74.225.247.240 - - [28/Dec/2025:19:40:26 +0800] "GET /edit.php HTTP/1.1" 404 27 "-" "-"
74.225.247.240 - - [28/Dec/2025:19:40:26 +0800] "GET /xxl.php HTTP/1.1" 404 27 "-" "-"
74.225.247.240 - - [28/Dec/2025:19:40:26 +0800] "GET /help.php HTTP/1.1" 404 27 "-" "-"
74.225.247.240 - - [28/Dec/2025:19:40:26 +0800] "GET /inputs.php HTTP/1.1" 404 27 "-" "-"
74.225.247.240 - - [28/Dec/2025:19:40:26 +0800] "GET /new.php HTTP/1.1" 404 27 "-" "-"
74.225.247.240 - - [28/Dec/2025:19:40:26 +0800] "GET /root.php HTTP/1.1" 404 27 "-" "-"
74.225.247.240 - - [28/Dec/2025:19:40:26 +0800] "GET /wp-content/packed.php HTTP/1.1" 404 27 "-" "-"
74.225.247.240 - - [28/Dec/2025:19:40:26 +0800] "GET /wp-includes/certificates/index.php HTTP/1.1" 404 27 "-" "-"
74.225.247.240 - - [28/Dec/2025:19:40:27 +0800] "GET /wp-includes/rest-api/vx.php HTTP/1.1" 404 27 "-" "-"
74.225.247.240 - - [28/Dec/2025:19:40:27 +0800] "GET /autoload_classmap/function.php HTTP/1.1" 404 27 "-" "-"
74.225.247.240 - - [28/Dec/2025:19:40:27 +0800] "GET /css/index.php HTTP/1.1" 404 27 "-" "-"
74.225.247.240 - - [28/Dec/2025:19:40:27 +0800] "GET /wp-admin/maint/index.php HTTP/1.1" 404 27 "-" "-"
74.225.247.240 - - [28/Dec/2025:19:40:27 +0800] "GET /wp-includes/ID3/autoload_classmap.php HTTP/1.1" 404 27 "-" "-"
74.225.247.240 - - [28/Dec/2025:19:40:27 +0800] "GET /as.php HTTP/1.1" 404 27 "-" "-"
74.225.247.240 - - [28/Dec/2025:19:40:27 +0800] "GET /assets/index.php HTTP/1.1" 404 27 "-" "-"
74.225.247.240 - - [28/Dec/2025:19:40:27 +0800] "GET /chosen.php HTTP/1.1" 404 27 "-" "-"
74.225.247.240 - - [28/Dec/2025:19:40:28 +0800] "GET /gel4y.php HTTP/1.1" 404 27 "-" "-"
74.225.247.240 - - [28/Dec/2025:19:40:28 +0800] "GET /index/function.php HTTP/1.1" 404 27 "-" "-"
74.225.247.240 - - [28/Dec/2025:19:40:28 +0800] "GET /admin/function.php HTTP/1.1" 404 27 "-" "-"
74.225.247.240 - - [28/Dec/2025:19:40:28 +0800] "GET /goods.php HTTP/1.1" 404 27 "-" "-"
74.225.247.240 - - [28/Dec/2025:19:40:29 +0800] "GET /wp-admin/ HTTP/1.1" 302 5 "-" "-"
74.225.247.240 - - [28/Dec/2025:19:40:30 +0800] "GET /wp-login.php?redirect_to=http%3A%2F%2Fcqqizhou.com%2Fwp-admin%2F&reauth=1 HTTP/1.1" 200 8672 "-" "-"
74.225.247.240 - - [28/Dec/2025:19:40:30 +0800] "GET /wp-includes/rest-api/fields/vx.php HTTP/1.1" 404 27 "-" "-"
74.225.247.240 - - [28/Dec/2025:19:40:30 +0800] "GET /api.php HTTP/1.1" 404 27 "-" "-"
74.225.247.240 - - [28/Dec/2025:19:40:30 +0800] "GET /wp-admin/css/colors/about.php HTTP/1.1" 404 27 "-" "-"
74.225.247.240 - - [28/Dec/2025:19:40:30 +0800] "GET /wp-content/themes/aahana/json.php HTTP/1.1" 404 27 "-" "-"
74.225.247.240 - - [28/Dec/2025:19:40:30 +0800] "GET /css/admin.php HTTP/1.1" 404 27 "-" "-"
74.225.247.240 - - [28/Dec/2025:19:40:31 +0800] "GET /public/assets/ HTTP/1.1" 404 31364 "-" "-"
74.225.247.240 - - [28/Dec/2025:19:40:32 +0800] "GET /termps.php HTTP/1.1" 404 27 "-" "-"
74.225.247.240 - - [28/Dec/2025:19:40:32 +0800] "GET /wp-includes/ID3/vx.php HTTP/1.1" 404 27 "-" "-"
74.225.247.240 - - [28/Dec/2025:19:40:32 +0800] "GET /2.php HTTP/1.1" 404 27 "-" "-"
74.225.247.240 - - [28/Dec/2025:19:40:32 +0800] "GET /num.php HTTP/1.1" 404 27 "-" "-"
74.225.247.240 - - [28/Dec/2025:19:40:32 +0800] "GET /wp-admin/vx.php HTTP/1.1" 404 27 "-" "-"
74.225.247.240 - - [28/Dec/2025:19:40:33 +0800] "GET /wp-includes/PHPMailer/ HTTP/1.1" 403 146 "-" "-"
74.225.247.240 - - [28/Dec/2025:19:40:33 +0800] "GET /.well-known/gecko-litespeed.php HTTP/1.1" 404 27 "-" "-"
74.225.247.240 - - [28/Dec/2025:19:40:33 +0800] "GET /assets/ HTTP/1.1" 404 31364 "-" "-"
74.225.247.240 - - [28/Dec/2025:19:40:34 +0800] "GET /bolt.php HTTP/1.1" 404 27 "-" "-"
74.225.247.240 - - [28/Dec/2025:19:40:34 +0800] "GET /images/index.php HTTP/1.1" 404 27 "-" "-"
74.225.247.240 - - [28/Dec/2025:19:40:34 +0800] "GET /wp-includes/assets/admin.php HTTP/1.1" 404 27 "-" "-"
74.225.247.240 - - [28/Dec/2025:19:40:35 +0800] "GET /.well-known/alfacgiapi/getdir.alfa HTTP/1.1" 404 31364 "-" "-"
74.225.247.240 - - [28/Dec/2025:19:40:36 +0800] "GET /wp-content/themes/twentytwentyfour/ HTTP/1.1" 404 31364 "-" "-"
74.225.247.240 - - [28/Dec/2025:19:40:36 +0800] "GET /alfa.php HTTP/1.1" 404 27 "-" "-"
74.225.247.240 - - [28/Dec/2025:19:40:36 +0800] "GET /wp-content/themes/vx.php HTTP/1.1" 404 27 "-" "-"
74.225.247.240 - - [28/Dec/2025:19:40:36 +0800] "GET /alfa-rex.php HTTP/1.1" 404 27 "-" "-"
74.225.247.240 - - [28/Dec/2025:19:40:36 +0800] "GET /alfashell.php HTTP/1.1" 404 27 "-" "-"
74.225.247.240 - - [28/Dec/2025:19:40:36 +0800] "GET /tiny.php HTTP/1.1" 404 27 "-" "-"
36.133.115.36 - - [28/Dec/2025:19:44:47 +0800] "POST /wp-cron.php?doing_wp_cron=1766922287.0686130523681640625000 HTTP/1.1" 200 31 "-" "WordPress/6.8.3; http://cqqizhou.com"
114.119.135.84 - - [28/Dec/2025:19:44:47 +0800] "GET /wp-sitemap.xml HTTP/1.1" 501 253 "-" "Mozilla/5.0 (Linux; Android 7.0;) AppleWebKit/537.36 (KHTML, like Gecko) Mobile Safari/537.36 (compatible; PetalBot;+https://webmaster.petalsearch.com/site/petalbot)"
36.133.115.36 - - [28/Dec/2025:19:49:15 +0800] "POST /wp-cron.php?doing_wp_cron=1766922555.6853659152984619140625 HTTP/1.1" 200 31 "-" "WordPress/6.8.3; http://cqqizhou.com"
5.187.35.158 - - [28/Dec/2025:19:49:15 +0800] "GET /SDK/webLanguage HTTP/1.1" 301 5 "-" "Mozilla/5.0 (Windows NT 10.0; Win64; x64) AppleWebKit/537.36 (KHTML, like Gecko) Chrome/90.0.4430.85 Safari/537.36 Edg/90.0.818.46"
1.14.252.35 - - [28/Dec/2025:19:50:26 +0800] "GET /phpmyadmin/index.php HTTP/1.1" 404 47 "-" "Mozilla/5.0 (Windows NT 6.1; WOW64; rv:6.0) Gecko/20100101 Firefox/6.0"
1.14.252.35 - - [28/Dec/2025:19:50:26 +0800] "GET /phpmyadmin4.8.5/index.php HTTP/1.1" 404 47 "-" "Mozilla/5.0 (Windows NT 6.1; WOW64; rv:6.0) Gecko/20100101 Firefox/6.0"
1.14.252.35 - - [28/Dec/2025:19:50:26 +0800] "GET /pmd/index.php HTTP/1.1" 404 47 "-" "Mozilla/4.0 (compatible; MSIE 7.0; Windows NT 6.1; WOW64; Trident/5.0; SLCC2; .NET CLR 2.0.50727; .NET CLR 3.5.30729; .NET CLR 3.0.30729; Media Center PC 6.0; InfoPath.3; .NET4.0C; .NET4.0E)"
36.133.115.36 - - [28/Dec/2025:19:50:28 +0800] "POST /wp-cron.php?doing_wp_cron=1766922628.0574951171875000000000 HTTP/1.1" 200 31 "-" "WordPress/6.8.3; http://cqqizhou.com"
1.14.252.35 - - [28/Dec/2025:19:50:28 +0800] "GET /index.php HTTP/1.1" 200 33679 "-" "Mozilla/5.0 (Windows; U; Windows NT 6.1; ) AppleWebKit/534.12 (KHTML, like Gecko) Maxthon/3.0 Safari/534.12"
36.133.115.36 - - [28/Dec/2025:19:58:59 +0800] "POST /wp-cron.php?doing_wp_cron=1766923139.5557498931884765625000 HTTP/1.1" 200 31 "-" "WordPress/6.8.3; http://cqqizhou.com"
167.235.255.92 - - [28/Dec/2025:19:58:59 +0800] "POST /xmlrpc.php HTTP/1.1" 200 217 "-" "Mozilla/5.0 (Windows NT 10.0; Win64; x64; rv:43.0) Gecko/20100101 Firefox/43.0"
162.154.146.47 - - [28/Dec/2025:19:59:19 +0800] "GET / HTTP/1.0" 200 152268 "-" "-"
36.133.115.36 - - [28/Dec/2025:20:06:07 +0800] "POST /wp-cron.php?doing_wp_cron=1766923567.0510780811309814453125 HTTP/1.1" 200 31 "-" "WordPress/6.8.3; http://cqqizhou.com"
93.174.93.12 - - [28/Dec/2025:20:06:07 +0800] "GET / HTTP/1.0" 301 0 "-" "Mozilla/5.0 (Linux; Android 9; SM-G950F) AppleWebKit/537.36 (KHTML, like Gecko) Chrome/76.0.3809.89 Mobile Safari/537.36"
36.133.115.36 - - [28/Dec/2025:20:11:50 +0800] "POST /wp-cron.php?doing_wp_cron=1766923910.0138909816741943359375 HTTP/1.1" 200 31 "-" "WordPress/6.8.3; http://cqqizhou.com"
43.153.73.200 - - [28/Dec/2025:20:11:50 +0800] "GET / HTTP/1.1" 301 5 "-" "Mozilla/5.0 (iPhone; CPU iPhone OS 13_2_3 like Mac OS X) AppleWebKit/605.1.15 (KHTML, like Gecko) Version/13.0.3 Mobile/15E148 Safari/604.1"
43.153.73.200 - - [28/Dec/2025:20:11:52 +0800] "GET / HTTP/1.1" 200 33676 "http://www.cqqizhou.com" "Mozilla/5.0 (iPhone; CPU iPhone OS 13_2_3 like Mac OS X) AppleWebKit/605.1.15 (KHTML, like Gecko) Version/13.0.3 Mobile/15E148 Safari/604.1"
36.133.115.36 - - [28/Dec/2025:20:13:39 +0800] "POST /wp-cron.php?doing_wp_cron=1766924018.9975149631500244140625 HTTP/1.1" 200 31 "-" "WordPress/6.8.3; http://cqqizhou.com"
212.38.94.93 - - [28/Dec/2025:20:13:39 +0800] "POST /xmlrpc.php HTTP/1.1" 200 217 "-" "Mozilla/5.0 (Windows NT 10.0; Win64; x64; rv:41.0) Gecko/20100101 Firefox/41.0"
141.98.11.140 - - [28/Dec/2025:20:13:44 +0800] "GET /login.asp HTTP/1.1" 301 5 "-" "Mozilla/5.0"
36.133.115.36 - - [28/Dec/2025:20:18:38 +0800] "POST /wp-cron.php?doing_wp_cron=1766924318.0012109279632568359375 HTTP/1.1" 200 31 "-" "WordPress/6.8.3; http://cqqizhou.com"
114.119.152.54 - - [28/Dec/2025:20:18:38 +0800] "GET /wp-sitemap.xml HTTP/1.1" 501 253 "-" "Mozilla/5.0 (Linux; Android 7.0;) AppleWebKit/537.36 (KHTML, like Gecko) Mobile Safari/537.36 (compatible; PetalBot;+https://webmaster.petalsearch.com/site/petalbot)"
36.133.115.36 - - [28/Dec/2025:20:20:47 +0800] "POST /wp-cron.php?doing_wp_cron=1766924447.7493948936462402343750 HTTP/1.1" 200 31 "-" "WordPress/6.8.3; http://cqqizhou.com"
204.76.203.219 - - [28/Dec/2025:20:20:48 +0800] "GET / HTTP/1.1" 200 33677 "-" "Mozilla/5.0 (Windows NT 10.0; Win64; x64) AppleWebKit/537.36 (KHTML, like Gecko) Chrome/90.0.4430.85 Safari/537.36 Edg/90.0.818.46"
36.133.115.36 - - [28/Dec/2025:20:21:46 +0800] "POST /wp-cron.php?doing_wp_cron=1766924506.1923279762268066406250 HTTP/1.1" 200 31 "-" "WordPress/6.8.3; http://cqqizhou.com"
66.249.68.71 - - [28/Dec/2025:20:21:46 +0800] "GET /robots.txt HTTP/1.1" 200 190 "-" "Mozilla/5.0 (compatible; Googlebot/2.1; +http://www.google.com/bot.html)"
66.249.68.64 - - [28/Dec/2025:20:21:47 +0800] "GET /2373/ HTTP/1.1" 200 22337 "-" "Mozilla/5.0 (Linux; Android 6.0.1; Nexus 5X Build/MMB29P) AppleWebKit/537.36 (KHTML, like Gecko) Chrome/141.0.7390.122 Mobile Safari/537.36 (compatible; Googlebot/2.1; +http://www.google.com/bot.html)"
36.133.115.36 - - [28/Dec/2025:20:37:13 +0800] "POST /wp-cron.php?doing_wp_cron=1766925433.5906369686126708984375 HTTP/1.1" 200 31 "-" "WordPress/6.8.3; http://cqqizhou.com"
38.46.221.123 - - [28/Dec/2025:20:37:13 +0800] "GET http://check.9tb.org/ HTTP/1.1" 301 5 "-" "Go-http-client/1.1"
38.46.221.123 - - [28/Dec/2025:20:37:13 +0800] "GET http://cqqizhou.com/ HTTP/1.1" 200 34109 "http://check.9tb.org" "Go-http-client/1.1"
40.83.101.78 - - [28/Dec/2025:20:39:49 +0800] "GET /.well-known/rk2.php HTTP/1.1" 404 27 "https://www.google.fr/" "Mozilla/5.0 (Linux; Android 12; 2201116SG) AppleWebKit/537.36 (KHTML, like Gecko) Chrome/116.0.0.0 Mobile Safari/537.36"
40.83.101.78 - - [28/Dec/2025:20:39:49 +0800] "GET /ioxi-o.php HTTP/1.1" 404 27 "https://www.google.fr/" "Mozilla/5.0 (iPad; CPU OS 16_7_2 like Mac OS X) AppleWebKit/605.1.15 (KHTML, like Gecko) Version/16.6 Mobile/15E148 Safari/604.1"
40.83.101.78 - - [28/Dec/2025:20:39:49 +0800] "GET /0x.php HTTP/1.1" 404 27 "https://duckduckgo.com/" "Mozilla/5.0 (Linux; Android 13; M2101K6G) AppleWebKit/537.36 (KHTML, like Gecko) Chrome/116.0.0.0 Mobile Safari/537.36"
40.83.101.78 - - [28/Dec/2025:20:39:49 +0800] "GET /222.php HTTP/1.1" 404 27 "https://duckduckgo.com/" "Mozilla/5.0 (Linux; Android 12; V2134) AppleWebKit/537.36 (KHTML, like Gecko) Chrome/116.0.0.0 Mobile Safari/537.36"
40.83.101.78 - - [28/Dec/2025:20:39:50 +0800] "GET /aa.php HTTP/1.1" 404 27 "https://www.google.de/" "Mozilla/5.0 (iPhone; CPU iPhone OS 15_7_9 like Mac OS X) AppleWebKit/605.1.15 (KHTML, like Gecko) Version/15.6.5 Mobile/15E148 Safari/604.1"
40.83.101.78 - - [28/Dec/2025:20:39:50 +0800] "GET /abcd.php HTTP/1.1" 404 27 "https://www.google.fr/" "Mozilla/5.0 (Linux; Android 11; CPH2251) AppleWebKit/537.36 (KHTML, like Gecko) Chrome/116.0.0.0 Mobile Safari/537.36"
40.83.101.78 - - [28/Dec/2025:20:39:50 +0800] "GET /admin.php HTTP/1.1" 404 27 "https://www.bing.com/" "Mozilla/5.0 (Linux; Android 10; K) AppleWebKit/537.36 (KHTML, like Gecko) Chrome/117.0.0.0 Mobile Safari/537.36"
40.83.101.78 - - [28/Dec/2025:20:39:50 +0800] "GET /admin/controller/extension/extension/jnweppgp.php HTTP/1.1" 404 27 "https://www.google.co.uk/" "Mozilla/5.0 (Linux; Android 11; 21081111RG) AppleWebKit/537.36 (KHTML, like Gecko) Chrome/116.0.0.0 Mobile Safari/537.36"
40.83.101.78 - - [28/Dec/2025:20:39:50 +0800] "GET /adminfuns.php HTTP/1.1" 404 27 "https://duckduckgo.com/" "Mozilla/5.0 (Linux; Android 13; SM-G991U) AppleWebKit/537.36 (KHTML, like Gecko) Chrome/117.0.0.0 Mobile Safari/537.36"
40.83.101.78 - - [28/Dec/2025:20:39:50 +0800] "GET /akc.php HTTP/1.1" 404 27 "https://www.bing.com/" "Mozilla/5.0 (Linux; Android 12; SM-A525F) AppleWebKit/537.36 (KHTML, like Gecko) Chrome/117.0.0.0 Mobile Safari/537.36"
40.83.101.78 - - [28/Dec/2025:20:39:50 +0800] "GET /buy.php HTTP/1.1" 404 27 "https://www.google.com/" "Mozilla/5.0 (iPhone; CPU iPhone OS 17_1 like Mac OS X) AppleWebKit/605.1.15 (KHTML, like Gecko) CriOS/119.0.6045.109 Mobile/15E148 Safari/604.1"
40.83.101.78 - - [28/Dec/2025:20:39:50 +0800] "GET /cong.php HTTP/1.1" 404 27 "https://www.yahoo.com/" "Mozilla/5.0 (iPad; CPU OS 17_0_3 like Mac OS X) AppleWebKit/605.1.15 (KHTML, like Gecko) Version/17.0.1 Mobile/15E148 Safari/604.1"
40.83.101.78 - - [28/Dec/2025:20:39:50 +0800] "GET /css/classwithtostring.php HTTP/1.1" 404 27 "https://www.bing.com/" "Mozilla/5.0 (iPad; CPU OS 16_7_2 like Mac OS X) AppleWebKit/605.1.15 (KHTML, like Gecko) Version/16.6 Mobile/15E148 Safari/604.1"
40.83.101.78 - - [28/Dec/2025:20:39:51 +0800] "GET /db.php HTTP/1.1" 404 27 "https://www.google.co.uk/" "Mozilla/5.0 (Linux; Android 12; 2201116SG) AppleWebKit/537.36 (KHTML, like Gecko) Chrome/116.0.0.0 Mobile Safari/537.36"
40.83.101.78 - - [28/Dec/2025:20:39:51 +0800] "GET /dropdown.php HTTP/1.1" 404 27 "https://www.yahoo.com/" "Mozilla/5.g (Linux; Android 13; Pixel 7) AppleWebKit/537.36 (KHTML, like Gecko) Chrome/116.0.0.0 Mobile Safari/537.36"
40.83.101.78 - - [28/Dec/2025:20:39:51 +0800] "GET /file.php HTTP/1.1" 404 27 "https://www.bing.com/" "Mozilla/5.0 (Linux; Android 12; SM-A525F) AppleWebKit/537.36 (KHTML, like Gecko) Chrome/117.0.0.0 Mobile Safari/537.36"
40.83.101.78 - - [28/Dec/2025:20:39:51 +0800] "GET /goods.php HTTP/1.1" 404 27 "https://www.bing.com/" "Mozilla/5.0 (Linux; Android 14; Pixel 8 Pro) AppleWebKit/537.36 (KHTML, like Gecko) Chrome/119.0.0.0 Mobile Safari/537.36"
40.83.101.78 - - [28/Dec/2025:20:39:51 +0800] "GET /hplfuns.php HTTP/1.1" 404 27 "https://www.google.de/" "Mozilla/5.0 (iPhone; CPU iPhone OS 15_7_9 like Mac OS X) AppleWebKit/605.1.15 (KHTML, like Gecko) Version/15.6.5 Mobile/15E148 Safari/604.1"
40.83.101.78 - - [28/Dec/2025:20:39:51 +0800] "GET /htaccess.php HTTP/1.1" 404 27 "https://www.bing.com/" "Mozilla/5.0 (Linux; Android 11; CPH2251) AppleWebKit/537.36 (KHTML, like Gecko) Chrome/116.0.0.0 Mobile Safari/537.36"
40.83.101.78 - - [28/Dec/2025:20:39:51 +0800] "GET /images/wso.php HTTP/1.1" 404 27 "https://www.google.co.uk/" "Mozilla/5.g (Linux; Android 13; Pixel 7) AppleWebKit/537.36 (KHTML, like Gecko) Chrome/116.0.0.0 Mobile Safari/537.36"
40.83.101.78 - - [28/Dec/2025:20:39:52 +0800] "GET /index/function.php HTTP/1.1" 404 27 "https://www.google.com/" "Mozilla/5.0 (iPad; CPU OS 16_7_2 like Mac OS X) AppleWebKit/605.1.15 (KHTML, like Gecko) Version/16.6 Mobile/15E148 Safari/604.1"
40.83.101.78 - - [28/Dec/2025:20:39:52 +0800] "GET /info.php HTTP/1.1" 200 29 "https://www.yahoo.com/" "Mozilla/5.0 (Linux; Android 13; SM-G991U) AppleWebKit/537.36 (KHTML, like Gecko) Chrome/117.0.0.0 Mobile Safari/537.36"
40.83.101.78 - - [28/Dec/2025:20:39:52 +0800] "GET /profile.php HTTP/1.1" 404 27 "https://www.yahoo.com/" "Mozilla/5.0 (Linux; Android 13; SM-G991U) AppleWebKit/537.36 (KHTML, like Gecko) Chrome/117.0.0.0 Mobile Safari/537.36"
40.83.101.78 - - [28/Dec/2025:20:39:52 +0800] "GET /sx.php HTTP/1.1" 404 27 "https://www.yahoo.com/" "Mozilla/5.0 (iPhone; CPU iPhone OS 17_1_1 like Mac OS X) AppleWebKit/605.1.15 (KHTML, like Gecko) Version/17.1 Mobile/15E148 Safari/604.1"
40.83.101.78 - - [28/Dec/2025:20:39:52 +0800] "GET /wp-admin/css/colors/blue/index.php HTTP/1.1" 404 27 "https://www.bing.com/" "Mozilla/5.0 (iPhone; CPU iPhone OS 15_7_9 like Mac OS X) AppleWebKit/605.1.15 (KHTML, like Gecko) Version/15.6.5 Mobile/15E148 Safari/604.1"
40.83.101.78 - - [28/Dec/2025:20:39:52 +0800] "GET /wp-admin/images/admin.php HTTP/1.1" 404 27 "https://www.google.de/" "Mozilla/5.0 (Linux; Android 13; SM-S908E) AppleWebKit/537.36 (KHTML, like Gecko) Chrome/116.0.0.0 Mobile Safari/537.36"
40.83.101.78 - - [28/Dec/2025:20:39:52 +0800] "GET /wp-admin/includes/ HTTP/1.1" 403 548 "https://www.google.com/" "Mozilla/5.0 (Linux; Android 10; K) AppleWebKit/537.36 (KHTML, like Gecko) Chrome/117.0.0.0 Mobile Safari/537.36"
40.83.101.78 - - [28/Dec/2025:20:39:53 +0800] "GET /wp-admin/js/index.php HTTP/1.1" 404 27 "https://www.google.com/" "Mozilla/5.0 (Linux; Android 13; M2101K6G) AppleWebKit/537.36 (KHTML, like Gecko) Chrome/116.0.0.0 Mobile Safari/537.36"
40.83.101.78 - - [28/Dec/2025:20:39:53 +0800] "GET /wp-admin/js/widgets/ HTTP/1.1" 403 548 "https://duckduckgo.com/" "Mozilla/5.0 (Linux; Android 10; LM-Q720) AppleWebKit/537.36 (KHTML, like Gecko) Chrome/116.0.0.0 Mobile Safari/537.36"
40.83.101.78 - - [28/Dec/2025:20:39:53 +0800] "GET /wp-content/about.php HTTP/1.1" 404 27 "https://www.yahoo.com/" "Mozilla/5.0 (Linux; Android 11; 21081111RG) AppleWebKit/537.36 (KHTML, like Gecko) Chrome/116.0.0.0 Mobile Safari/537.36"
40.83.101.78 - - [28/Dec/2025:20:39:53 +0800] "GET /wp-content/admin-header.php HTTP/1.1" 404 27 "https://www.google.co.uk/" "Mozilla/5.0 (Linux; Android 12; SM-A525F) AppleWebKit/537.36 (KHTML, like Gecko) Chrome/117.0.0.0 Mobile Safari/537.36"
40.83.101.78 - - [28/Dec/2025:20:39:53 +0800] "GET /wp-content/admin.php HTTP/1.1" 404 27 "https://www.google.com/" "Mozilla/5.0 (Linux; Android 10; K) AppleWebKit/537.36 (KHTML, like Gecko) Chrome/117.0.0.0 Mobile Safari/537.36"
40.83.101.78 - - [28/Dec/2025:20:39:53 +0800] "GET /wp-content/content.php HTTP/1.1" 404 27 "https://www.google.co.uk/" "Mozilla/5.0 (iPhone; CPU iPhone OS 15_7_9 like Mac OS X) AppleWebKit/605.1.15 (KHTML, like Gecko) Version/15.6.5 Mobile/15E148 Safari/604.1"
40.83.101.78 - - [28/Dec/2025:20:39:53 +0800] "GET /wp-content/index.php HTTP/1.1" 200 5 "https://www.google.com/" "Mozilla/5.0 (Linux; Android 12; SM-A525F) AppleWebKit/537.36 (KHTML, like Gecko) Chrome/117.0.0.0 Mobile Safari/537.36"
36.133.115.36 - - [28/Dec/2025:20:39:54 +0800] "POST /wp-cron.php?doing_wp_cron=1766925594.3893449306488037109375 HTTP/1.1" 200 31 "-" "WordPress/6.8.3; http://cqqizhou.com"
40.83.101.78 - - [28/Dec/2025:20:39:54 +0800] "GET /wp-content/plugins/Ultimate_VC_Addons/assets/alfa-rex.php7 HTTP/1.1" 404 31364 "https://www.google.com/" "Mozilla/5.0 (iPad; CPU OS 17_0_3 like Mac OS X) AppleWebKit/605.1.15 (KHTML, like Gecko) Version/17.0.1 Mobile/15E148 Safari/604.1"
40.83.101.78 - - [28/Dec/2025:20:39:54 +0800] "GET /wp-content/plugins/about.php HTTP/1.1" 404 27 "https://www.google.fr/" "Mozilla/5.0 (iPad; CPU OS 17_0_3 like Mac OS X) AppleWebKit/605.1.15 (KHTML, like Gecko) Version/17.0.1 Mobile/15E148 Safari/604.1"
40.83.101.78 - - [28/Dec/2025:20:39:54 +0800] "GET /wp-content/plugins/admin.php HTTP/1.1" 404 27 "https://www.yahoo.com/" "Mozilla/5.0 (Linux; Android 10; K) AppleWebKit/537.36 (KHTML, like Gecko) Chrome/117.0.0.0 Mobile Safari/537.36"
40.83.101.78 - - [28/Dec/2025:20:39:54 +0800] "GET /wp-content/plugins/classic-editor/wp-login.php HTTP/1.1" 404 27 "https://www.google.co.uk/" "Mozilla/5.0 (iPhone; CPU iPhone OS 16_0 like Mac OS X) AppleWebKit/605.1.15 (KHTML, like Gecko) FxiOS/118.0 Mobile/15E148 Safari/605.1.15"
40.83.101.78 - - [28/Dec/2025:20:39:54 +0800] "GET /wp-content/plugins/yanierin/akc.php HTTP/1.1" 404 27 "https://www.google.com/" "Mozilla/5.0 (Linux; Android 10; LM-Q720) AppleWebKit/537.36 (KHTML, like Gecko) Chrome/116.0.0.0 Mobile Safari/537.36"
40.83.101.78 - - [28/Dec/2025:20:39:55 +0800] "GET /wp-content/themes/about.php HTTP/1.1" 404 27 "https://www.yahoo.com/" "Mozilla/5.0 (Linux; Android 13; M2101K6G) AppleWebKit/537.36 (KHTML, like Gecko) Chrome/116.0.0.0 Mobile Safari/537.36"
40.83.101.78 - - [28/Dec/2025:20:39:55 +0800] "GET /wp-content/themes/admin.php HTTP/1.1" 404 27 "https://www.google.fr/" "Mozilla/5.0 (Linux; Android 13; M2101K6G) AppleWebKit/537.36 (KHTML, like Gecko) Chrome/116.0.0.0 Mobile Safari/537.36"
40.83.101.78 - - [28/Dec/2025:20:39:55 +0800] "GET /wp-content/upgrade/index.php HTTP/1.1" 404 27 "https://www.bing.com/" "Mozilla/5.0 (Linux; Android 12; SM-A525F) AppleWebKit/537.36 (KHTML, like Gecko) Chrome/117.0.0.0 Mobile Safari/537.36"
40.83.101.78 - - [28/Dec/2025:20:39:56 +0800] "GET /wp-content/uploads/ HTTP/1.1" 403 146 "https://www.google.de/" "Mozilla/5.0 (iPhone; CPU iPhone OS 17_1_1 like Mac OS X) AppleWebKit/605.1.15 (KHTML, like Gecko) Version/17.1 Mobile/15E148 Safari/604.1"
40.83.101.78 - - [28/Dec/2025:20:39:56 +0800] "GET /wp-content/uploads/2025/ HTTP/1.1" 403 548 "https://www.google.com/" "Mozilla/5.0 (Linux; Android 13; SM-S908E) AppleWebKit/537.36 (KHTML, like Gecko) Chrome/116.0.0.0 Mobile Safari/537.36"
40.83.101.78 - - [28/Dec/2025:20:39:56 +0800] "GET /wp-content/uploads/admin.php HTTP/1.1" 404 27 "https://www.google.de/" "Mozilla/5.0 (iPhone; CPU iPhone OS 15_7_9 like Mac OS X) AppleWebKit/605.1.15 (KHTML, like Gecko) Version/15.6.5 Mobile/15E148 Safari/604.1"
40.83.101.78 - - [28/Dec/2025:20:39:56 +0800] "GET /wp-fclass.php HTTP/1.1" 404 27 "https://www.yahoo.com/" "Mozilla/5.0 (Linux; Android 13; SM-G991U) AppleWebKit/537.36 (KHTML, like Gecko) Chrome/117.0.0.0 Mobile Safari/537.36"
40.83.101.78 - - [28/Dec/2025:20:39:56 +0800] "GET /wp-includes/ID3/ HTTP/1.1" 403 146 "https://www.yahoo.com/" "Mozilla/5.0 (iPad; CPU OS 17_0_3 like Mac OS X) AppleWebKit/605.1.15 (KHTML, like Gecko) Version/17.0.1 Mobile/15E148 Safari/604.1"
40.83.101.78 - - [28/Dec/2025:20:39:56 +0800] "GET /wp-includes/PHPMailer/ HTTP/1.1" 403 146 "https://www.google.de/" "Mozilla/5.0 (iPad; CPU OS 16_7_2 like Mac OS X) AppleWebKit/605.1.15 (KHTML, like Gecko) Version/16.6 Mobile/15E148 Safari/604.1"
40.83.101.78 - - [28/Dec/2025:20:39:56 +0800] "GET /wp-includes/Requests/about.php HTTP/1.1" 404 27 "https://www.google.com/" "Mozilla/5.0 (iPhone; CPU iPhone OS 17_1 like Mac OS X) AppleWebKit/605.1.15 (KHTML, like Gecko) CriOS/119.0.6045.109 Mobile/15E148 Safari/604.1"
40.83.101.78 - - [28/Dec/2025:20:39:57 +0800] "GET /wp-includes/Requests/alfa-rex.php HTTP/1.1" 404 27 "https://www.yahoo.com/" "Mozilla/5.0 (Linux; Android 11; CPH2251) AppleWebKit/537.36 (KHTML, like Gecko) Chrome/116.0.0.0 Mobile Safari/537.36"
40.83.101.78 - - [28/Dec/2025:20:39:57 +0800] "GET /wp-includes/Requests/src/Cookie/ HTTP/1.1" 403 146 "https://www.google.com/" "Mozilla/5.0 (iPad; CPU OS 16_7_2 like Mac OS X) AppleWebKit/605.1.15 (KHTML, like Gecko) Version/16.6 Mobile/15E148 Safari/604.1"
40.83.101.78 - - [28/Dec/2025:20:39:57 +0800] "GET /wp-includes/Requests/src/Response/about.php HTTP/1.1" 404 27 "https://www.yahoo.com/" "Mozilla/5.0 (iPhone; CPU iPhone OS 17_1 like Mac OS X) AppleWebKit/605.1.15 (KHTML, like Gecko) CriOS/119.0.6045.109 Mobile/15E148 Safari/604.1"
40.83.101.78 - - [28/Dec/2025:20:39:57 +0800] "GET /wp-includes/Text/Diff/Renderer/ HTTP/1.1" 403 146 "https://www.google.co.uk/" "Mozilla/5.0 (iPad; CPU OS 16_7_2 like Mac OS X) AppleWebKit/605.1.15 (KHTML, like Gecko) Version/16.6 Mobile/15E148 Safari/604.1"
40.83.101.78 - - [28/Dec/2025:20:39:57 +0800] "GET /wp-includes/Text/index.php HTTP/1.1" 404 27 "https://www.google.de/" "Mozilla/5.0 (Linux; Android 11; 21081111RG) AppleWebKit/537.36 (KHTML, like Gecko) Chrome/116.0.0.0 Mobile Safari/537.36"
40.83.101.78 - - [28/Dec/2025:20:39:57 +0800] "GET /wp-includes/Text/xwx1.php HTTP/1.1" 404 27 "https://www.google.fr/" "Mozilla/5.0 (Linux; Android 12; V2134) AppleWebKit/537.36 (KHTML, like Gecko) Chrome/116.0.0.0 Mobile Safari/537.36"
40.83.101.78 - - [28/Dec/2025:20:39:57 +0800] "GET /wp-includes/assets/about.php HTTP/1.1" 404 27 "https://www.google.fr/" "Mozilla/5.0 (Linux; Android 10; LM-Q720) AppleWebKit/537.36 (KHTML, like Gecko) Chrome/116.0.0.0 Mobile Safari/537.36"
40.83.101.78 - - [28/Dec/2025:20:39:58 +0800] "GET /wp-includes/block-patterns/ HTTP/1.1" 403 548 "https://www.yahoo.com/" "Mozilla/5.0 (Linux; Android 12; SM-A525F) AppleWebKit/537.36 (KHTML, like Gecko) Chrome/117.0.0.0 Mobile Safari/537.36"
40.83.101.78 - - [28/Dec/2025:20:39:58 +0800] "GET /wp-includes/blocks/ HTTP/1.1" 200 12 "https://www.yahoo.com/" "Mozilla/5.0 (iPhone; CPU iPhone OS 17_1 like Mac OS X) AppleWebKit/605.1.15 (KHTML, like Gecko) CriOS/119.0.6045.109 Mobile/15E148 Safari/604.1"
40.83.101.78 - - [28/Dec/2025:20:39:58 +0800] "GET /wp-includes/customize/class-wp-customize-cropped-image-control.php HTTP/1.1" 500 5 "https://duckduckgo.com/" "Mozilla/5.0 (Linux; Android 11; 21081111RG) AppleWebKit/537.36 (KHTML, like Gecko) Chrome/116.0.0.0 Mobile Safari/537.36"
40.83.101.78 - - [28/Dec/2025:20:39:58 +0800] "GET /wp-includes/images/media/ HTTP/1.1" 403 548 "https://www.yahoo.com/" "Mozilla/5.0 (Linux; Android 13; SM-G991U) AppleWebKit/537.36 (KHTML, like Gecko) Chrome/117.0.0.0 Mobile Safari/537.36"
40.83.101.78 - - [28/Dec/2025:20:39:58 +0800] "GET /wp-includes/images/smilies/about.php HTTP/1.1" 404 27 "https://www.bing.com/" "Mozilla/5.0 (Linux; Android 10; K) AppleWebKit/537.36 (KHTML, like Gecko) Chrome/117.0.0.0 Mobile Safari/537.36"
40.83.101.78 - - [28/Dec/2025:20:39:58 +0800] "GET /wp-includes/images/wp-login.php HTTP/1.1" 404 27 "https://www.bing.com/" "Mozilla/5.g (Linux; Android 13; Pixel 7) AppleWebKit/537.36 (KHTML, like Gecko) Chrome/116.0.0.0 Mobile Safari/537.36"
40.83.101.78 - - [28/Dec/2025:20:39:58 +0800] "GET /wp-includes/js/dist/script-modules/block-library/search/about.php HTTP/1.1" 404 27 "https://www.yahoo.com/" "Mozilla/5.0 (iPhone; CPU iPhone OS 16_0 like Mac OS X) AppleWebKit/605.1.15 (KHTML, like Gecko) FxiOS/118.0 Mobile/15E148 Safari/605.1.15"
40.83.101.78 - - [28/Dec/2025:20:39:58 +0800] "GET /wp-includes/style-engine/ HTTP/1.1" 403 146 "https://www.google.fr/" "Mozilla/5.0 (iPhone; CPU iPhone OS 17_0_3 like Mac OS X) AppleWebKit/605.1.15 (KHTML, like Gecko) Version/17.0.1 Mobile/15E148 Safari/604.1"
40.83.101.78 - - [28/Dec/2025:20:39:58 +0800] "GET /wp-themes.php HTTP/1.1" 404 27 "https://www.google.fr/" "Mozilla/5.0 (Linux; Android 14; Pixel 8 Pro) AppleWebKit/537.36 (KHTML, like Gecko) Chrome/119.0.0.0 Mobile Safari/537.36"
40.83.101.78 - - [28/Dec/2025:20:39:59 +0800] "GET /xmlrpc.php HTTP/1.1" 405 53 "https://www.google.com/" "Mozilla/5.0 (iPad; CPU OS 17_0_3 like Mac OS X) AppleWebKit/605.1.15 (KHTML, like Gecko) Version/17.0.1 Mobile/15E148 Safari/604.1"
36.133.115.36 - - [28/Dec/2025:20:45:22 +0800] "POST /wp-cron.php?doing_wp_cron=1766925922.7971010208129882812500 HTTP/1.1" 200 31 "-" "WordPress/6.8.3; http://cqqizhou.com"
15.235.140.2 - - [28/Dec/2025:20:45:22 +0800] "POST /xmlrpc.php HTTP/1.1" 200 217 "-" "Mozilla/5.0 (Windows NT 10.0; Win64; x64; rv:55.0) Gecko/20100101 Firefox/55.0"
36.133.115.36 - - [28/Dec/2025:20:48:17 +0800] "POST /wp-cron.php?doing_wp_cron=1766926097.8594639301300048828125 HTTP/1.1" 200 31 "-" "WordPress/6.8.3; http://cqqizhou.com"
51.77.218.189 - - [28/Dec/2025:20:48:17 +0800] "GET /robots.txt HTTP/1.1" 200 390 "-" "Mozilla/5.0 (compatible; MJ12bot/v1.4.8; http://mj12bot.com/)"
36.133.115.36 - - [28/Dec/2025:20:49:43 +0800] "POST /wp-cron.php?doing_wp_cron=1766926183.2202839851379394531250 HTTP/1.1" 200 31 "-" "WordPress/6.8.3; http://cqqizhou.com"
162.62.231.139 - - [28/Dec/2025:20:49:43 +0800] "GET / HTTP/1.1" 301 5 "-" "Mozilla/5.0 (iPhone; CPU iPhone OS 13_2_3 like Mac OS X) AppleWebKit/605.1.15 (KHTML, like Gecko) Version/13.0.3 Mobile/15E148 Safari/604.1"
162.62.231.139 - - [28/Dec/2025:20:49:46 +0800] "GET / HTTP/1.1" 200 33677 "http://36.133.115.36" "Mozilla/5.0 (iPhone; CPU iPhone OS 13_2_3 like Mac OS X) AppleWebKit/605.1.15 (KHTML, like Gecko) Version/13.0.3 Mobile/15E148 Safari/604.1"
51.77.218.189 - - [28/Dec/2025:20:50:03 +0800] "GET /portfolio/%E5%86%B7%E8%BD%A7%E5%8D%B7/ HTTP/1.1" 200 22115 "-" "Mozilla/5.0 (compatible; MJ12bot/v1.4.8; http://mj12bot.com/)"
36.133.115.36 - - [28/Dec/2025:20:51:21 +0800] "POST /wp-cron.php?doing_wp_cron=1766926281.1994340419769287109375 HTTP/1.1" 200 31 "-" "WordPress/6.8.3; http://cqqizhou.com"
193.142.147.209 - - [28/Dec/2025:20:51:22 +0800] "POST / HTTP/1.1" 200 33677 "-" "Mozilla/5.0 (Windows NT 10.0; Win64; x64) AppleWebKit/537.36"
51.195.244.250 - - [28/Dec/2025:20:52:05 +0800] "GET /2162/ HTTP/1.1" 200 25170 "-" "Mozilla/5.0 (compatible; AhrefsBot/7.0; +http://ahrefs.com/robot/)"
36.133.115.36 - - [28/Dec/2025:21:05:52 +0800] "POST /wp-cron.php?doing_wp_cron=1766927152.2937738895416259765625 HTTP/1.1" 200 31 "-" "WordPress/6.8.3; http://cqqizhou.com"
157.55.39.10 - - [28/Dec/2025:21:05:52 +0800] "GET /?s=2026 HTTP/1.1" 200 17797 "-" "Mozilla/5.0 AppleWebKit/537.36 (KHTML, like Gecko; compatible; bingbot/2.0; +http://www.bing.com/bingbot.htm) Chrome/116.0.1938.76 Safari/537.36"
36.133.115.36 - - [28/Dec/2025:21:13:30 +0800] "POST /wp-cron.php?doing_wp_cron=1766927610.2296481132507324218750 HTTP/1.1" 200 31 "-" "WordPress/6.8.3; http://cqqizhou.com"
204.76.203.219 - - [28/Dec/2025:21:13:30 +0800] "GET / HTTP/1.1" 200 33677 "-" "Mozilla/5.0 (Windows NT 10.0; Win64; x64) AppleWebKit/537.36 (KHTML, like Gecko) Chrome/90.0.4430.85 Safari/537.36 Edg/90.0.818.46"
36.133.115.36 - - [28/Dec/2025:21:17:16 +0800] "POST /wp-cron.php?doing_wp_cron=1766927836.5639491081237792968750 HTTP/1.1" 200 31 "-" "WordPress/6.8.3; http://cqqizhou.com"
204.76.203.212 - - [28/Dec/2025:21:17:16 +0800] "GET / HTTP/1.1" 200 33678 "-" "Mozilla/5.0 (Windows NT 10.0; Win64; x64) AppleWebKit/537.36 (KHTML, like Gecko) Chrome/90.0.4430.85 Safari/537.36 Edg/90.0.818.46"
36.133.115.36 - - [28/Dec/2025:21:21:32 +0800] "POST /wp-cron.php?doing_wp_cron=1766928092.6281070709228515625000 HTTP/1.1" 200 31 "-" "WordPress/6.8.3; http://cqqizhou.com"
95.214.55.71 - - [28/Dec/2025:21:21:32 +0800] "GET / HTTP/1.1" 200 33677 "-" "Mozilla/5.0 (Windows NT 10.0; Win64; x64; rv:143.0) Gecko/20100101 Firefox/143.0"
36.133.115.36 - - [28/Dec/2025:21:22:51 +0800] "POST /wp-cron.php?doing_wp_cron=1766928171.7511379718780517578125 HTTP/1.1" 200 31 "-" "WordPress/6.8.3; http://cqqizhou.com"
121.199.5.239 - - [28/Dec/2025:21:22:51 +0800] "GET / HTTP/1.0" 301 0 "-" "-"
121.199.5.239 - - [28/Dec/2025:21:23:02 +0800] "GET / HTTP/1.0" 301 0 "-" "-"
121.199.5.239 - - [28/Dec/2025:21:23:02 +0800] "GET /nmaplowercheck1766928177 HTTP/1.1" 404 31364 "-" "Mozilla/5.0 (compatible; Nmap Scripting Engine; https://nmap.org/book/nse.html)"
121.199.5.239 - - [28/Dec/2025:21:23:02 +0800] "POST /sdk HTTP/1.1" 404 31364 "-" "Mozilla/5.0 (compatible; Nmap Scripting Engine; https://nmap.org/book/nse.html)"
121.199.5.239 - - [28/Dec/2025:21:23:03 +0800] "GET /HNAP1 HTTP/1.1" 404 31364 "-" "Mozilla/5.0 (compatible; Nmap Scripting Engine; https://nmap.org/book/nse.html)"
121.199.5.239 - - [28/Dec/2025:21:23:03 +0800] "GET /evox/about HTTP/1.1" 404 31364 "-" "Mozilla/5.0 (compatible; Nmap Scripting Engine; https://nmap.org/book/nse.html)"
121.199.5.239 - - [28/Dec/2025:21:23:12 +0800] "GET / HTTP/1.0" 301 0 "-" "-"
121.199.5.239 - - [28/Dec/2025:21:23:13 +0800] "GET / HTTP/1.1" 301 5 "-" "-"
36.133.115.36 - - [28/Dec/2025:21:27:24 +0800] "POST /wp-cron.php?doing_wp_cron=1766928444.6443779468536376953125 HTTP/1.1" 200 31 "-" "WordPress/6.8.3; http://cqqizhou.com"
198.244.168.53 - - [28/Dec/2025:21:27:24 +0800] "GET /portfolio/duplex-stainless-steel/ HTTP/1.1" 200 22158 "-" "Mozilla/5.0 (compatible; AhrefsBot/7.0; +http://ahrefs.com/robot/)"
36.133.115.36 - - [28/Dec/2025:21:34:40 +0800] "POST /wp-cron.php?doing_wp_cron=1766928880.7017469406127929687500 HTTP/1.1" 200 31 "-" "WordPress/6.8.3; http://cqqizhou.com"
178.63.98.224 - - [28/Dec/2025:21:34:40 +0800] "POST /xmlrpc.php HTTP/1.1" 200 217 "-" "Mozilla/5.0 (Windows NT 10.0; Win64; x64; rv:89.0) Gecko/20100101 Firefox/89.0"
36.133.115.36 - - [28/Dec/2025:21:34:55 +0800] "POST /wp-cron.php?doing_wp_cron=1766928895.2669160366058349609375 HTTP/1.1" 200 31 "-" "WordPress/6.8.3; http://cqqizhou.com"
146.190.240.206 - - [28/Dec/2025:21:34:55 +0800] "GET /.env HTTP/1.1" 404 8982 "-" "Mozilla/5.0; Keydrop.io/1.0(onlyscans.com/about);"
146.190.240.206 - - [28/Dec/2025:21:34:56 +0800] "GET /.git/config HTTP/1.1" 404 8982 "-" "Mozilla/5.0; Keydrop.io/1.0(onlyscans.com/about);"
36.133.115.36 - - [28/Dec/2025:21:45:18 +0800] "POST /wp-cron.php?doing_wp_cron=1766929518.6775829792022705078125 HTTP/1.1" 200 31 "-" "WordPress/6.8.3; http://cqqizhou.com"
87.121.84.172 - - [28/Dec/2025:21:45:18 +0800] "GET http://httpbin.org/ip HTTP/1.1" 404 8981 "-" "ProxyPool-Scanner/2.0"
36.133.115.36 - - [28/Dec/2025:21:47:38 +0800] "POST /wp-cron.php?doing_wp_cron=1766929658.9462668895721435546875 HTTP/1.1" 200 31 "-" "WordPress/6.8.3; http://cqqizhou.com"
141.98.11.140 - - [28/Dec/2025:21:47:39 +0800] "GET / HTTP/1.1" 200 152290 "-" "-"
36.133.115.36 - - [28/Dec/2025:21:50:32 +0800] "POST /wp-cron.php?doing_wp_cron=1766929832.0904750823974609375000 HTTP/1.1" 200 31 "-" "WordPress/6.8.3; http://cqqizhou.com"
36.133.108.121 - - [28/Dec/2025:21:50:32 +0800] "HEAD /SDK/webLanguage HTTP/1.1" 404 0 "-" "Mozilla/5.0 (Macintosh; Intel Mac OS X 10_7_3) AppleWebKit/534.55.3 (KHTML, like Gecko) Version/5.1.3 Safari/534.53.10"
36.133.115.36 - - [28/Dec/2025:21:57:11 +0800] "POST /wp-cron.php?doing_wp_cron=1766930231.0176548957824707031250 HTTP/1.1" 200 31 "-" "WordPress/6.8.3; http://cqqizhou.com"
38.46.221.123 - - [28/Dec/2025:21:57:11 +0800] "GET http://check.9tb.org/ HTTP/1.1" 301 5 "-" "Go-http-client/1.1"
38.46.221.123 - - [28/Dec/2025:21:57:11 +0800] "GET http://cqqizhou.com/ HTTP/1.1" 200 34109 "http://check.9tb.org" "Go-http-client/1.1"
51.195.244.172 - - [28/Dec/2025:22:00:24 +0800] "GET /2160/ HTTP/1.1" 200 29449 "-" "Mozilla/5.0 (compatible; AhrefsBot/7.0; +http://ahrefs.com/robot/)"
36.133.115.36 - - [28/Dec/2025:22:00:34 +0800] "POST /wp-cron.php?doing_wp_cron=1766930434.1649188995361328125000 HTTP/1.1" 200 31 "-" "WordPress/6.8.3; http://cqqizhou.com"
35.203.210.8 - - [28/Dec/2025:22:00:34 +0800] "GET /.well-known/security.txt HTTP/1.1" 301 5 "-" "Hello from Palo Alto Networks, find out more about our scans in https://docs-cortex.paloaltonetworks.com/r/1/Cortex-Xpanse/Scanning-activity"
35.203.210.8 - - [28/Dec/2025:22:00:35 +0800] "GET /.well-known/security.txt HTTP/1.1" 404 31364 "http://36.133.115.36:80/.well-known/security.txt" "Hello from Palo Alto Networks, find out more about our scans in https://docs-cortex.paloaltonetworks.com/r/1/Cortex-Xpanse/Scanning-activity"
36.133.115.36 - - [28/Dec/2025:22:06:54 +0800] "POST /wp-cron.php?doing_wp_cron=1766930814.4109969139099121093750 HTTP/1.1" 200 31 "-" "WordPress/6.8.3; http://cqqizhou.com"
204.76.203.219 - - [28/Dec/2025:22:06:54 +0800] "GET / HTTP/1.1" 200 33677 "-" "Mozilla/5.0 (Windows NT 10.0; Win64; x64) AppleWebKit/537.36 (KHTML, like Gecko) Chrome/90.0.4430.85 Safari/537.36 Edg/90.0.818.46"
36.133.115.36 - - [28/Dec/2025:22:20:34 +0800] "POST /wp-cron.php?doing_wp_cron=1766931634.2945559024810791015625 HTTP/1.1" 200 31 "-" "WordPress/6.8.3; http://cqqizhou.com"
36.133.115.36 - - [28/Dec/2025:22:20:34 +0800] "POST /wp-cron.php?doing_wp_cron=1766931634.2947831153869628906250 HTTP/1.1" 200 31 "-" "WordPress/6.8.3; http://cqqizhou.com"
195.178.110.18 - - [28/Dec/2025:22:20:34 +0800] "GET /.git/config HTTP/1.1" 404 8976 "-" "Mozilla/5.0 (Windows NT 10.0; Win64; x64) AppleWebKit/537.36"
195.178.110.18 - - [28/Dec/2025:22:20:34 +0800] "GET /.git/config HTTP/1.1" 404 8976 "-" "Mozilla/5.0 (Windows NT 10.0; Win64; x64) AppleWebKit/537.36"
36.133.115.36 - - [28/Dec/2025:22:22:21 +0800] "POST /wp-cron.php?doing_wp_cron=1766931741.7293720245361328125000 HTTP/1.1" 200 31 "-" "WordPress/6.8.3; http://cqqizhou.com"
185.88.197.19 - - [28/Dec/2025:22:22:21 +0800] "POST /xmlrpc.php HTTP/1.1" 200 217 "-" "Mozilla/5.0 (Windows NT 10.0; Win64; x64; rv:92.0) Gecko/20100101 Firefox/92.0"
36.133.115.36 - - [28/Dec/2025:22:37:16 +0800] "POST /wp-cron.php?doing_wp_cron=1766932636.1667459011077880859375 HTTP/1.1" 200 31 "-" "WordPress/6.8.3; http://cqqizhou.com"
18.212.191.79 - - [28/Dec/2025:22:37:16 +0800] "GET / HTTP/1.1" 301 5 "-" "Mozilla/5.0 (Windows NT 10.0; Win64; x64) AppleWebKit/537.36 (KHTML, like Gecko) Chrome/136.0.0.0 Safari/537.36"
36.133.115.36 - - [28/Dec/2025:22:39:51 +0800] "POST /wp-cron.php?doing_wp_cron=1766932791.0713970661163330078125 HTTP/1.1" 200 31 "-" "WordPress/6.8.3; http://cqqizhou.com"
111.225.148.92 - - [28/Dec/2025:22:39:51 +0800] "GET /robots.txt HTTP/1.1" 200 190 "-" "Mozilla/5.0 (Linux; Android 5.0) AppleWebKit/537.36 (KHTML, like Gecko) Mobile Safari/537.36 (compatible; Bytespider; https://zhanzhang.toutiao.com/)"
103.19.190.182 - - [28/Dec/2025:22:41:20 +0800] "GET /public/static/admin/hui/lib/webuploader/0.1.5/server/preview.php HTTP/1.1" 404 47 "-" "Mozilla/5.0 (Windows NT 10.0; Win64; x64)"
36.133.115.36 - - [28/Dec/2025:22:51:52 +0800] "POST /wp-cron.php?doing_wp_cron=1766933512.1675438880920410156250 HTTP/1.1" 200 31 "-" "WordPress/6.8.3; http://cqqizhou.com"
45.148.10.244 - - [28/Dec/2025:22:51:52 +0800] "GET /.git/config HTTP/1.1" 301 5 "-" "Mozilla/5.0 (Windows NT 10.0; rv:91.0) Gecko/20100101 Firefox/91.0"
45.148.10.244 - - [28/Dec/2025:22:52:01 +0800] "GET / HTTP/1.1" 200 152290 "-" "-"
45.148.10.244 - - [28/Dec/2025:22:52:14 +0800] "GET / HTTP/1.1" 200 152290 "-" "-"
79.124.40.174 - - [28/Dec/2025:22:52:30 +0800] "GET /?XDEBUG_SESSION_START=phpstorm HTTP/1.1" 200 33677 "-" "Mozilla/5.0 (Windows NT 10.0; Win64; x64) AppleWebKit/537.36 (KHTML, like Gecko) Chrome/78.0.3904.108 Safari/537.36"
36.133.115.36 - - [28/Dec/2025:22:59:43 +0800] "POST /wp-cron.php?doing_wp_cron=1766933983.0626840591430664062500 HTTP/1.1" 200 31 "-" "WordPress/6.8.3; http://cqqizhou.com"
204.76.203.219 - - [28/Dec/2025:22:59:43 +0800] "GET / HTTP/1.1" 200 33677 "-" "Mozilla/5.0 (Windows NT 10.0; Win64; x64) AppleWebKit/537.36 (KHTML, like Gecko) Chrome/90.0.4430.85 Safari/537.36 Edg/90.0.818.46"
36.133.115.36 - - [28/Dec/2025:23:04:38 +0800] "POST /wp-cron.php?doing_wp_cron=1766934278.0511219501495361328125 HTTP/1.1" 200 31 "-" "WordPress/6.8.3; http://cqqizhou.com"
164.52.24.178 - - [28/Dec/2025:23:04:38 +0800] "GET / HTTP/1.1" 301 5 "-" "Mozilla/5.0 (Windows NT 10.0; Win64; x64) AppleWebKit/537.36 (KHTML, like Gecko) Chrome/114.0.0.0 Safari/537.36"
164.52.24.178 - - [28/Dec/2025:23:04:42 +0800] "GET / HTTP/1.1" 301 5 "-" "-"
164.52.24.178 - - [28/Dec/2025:23:04:45 +0800] "GET / HTTP/1.1" 200 153978 "-" "Mozilla/5.0 (Windows NT 10.0; Win64; x64) AppleWebKit/537.36 (KHTML, like Gecko) Chrome/114.0.0.0 Safari/537.36"
36.133.115.36 - - [28/Dec/2025:23:07:56 +0800] "POST /wp-cron.php?doing_wp_cron=1766934476.0950429439544677734375 HTTP/1.1" 200 31 "-" "WordPress/6.8.3; http://cqqizhou.com"
138.68.86.74 - - [28/Dec/2025:23:07:56 +0800] "POST /xmlrpc.php HTTP/1.1" 200 217 "-" "Mozilla/5.0 (Windows NT 10.0; Win64; x64; rv:64.0) Gecko/20100101 Firefox/64.0"
120.85.119.230 - - [28/Dec/2025:23:08:13 +0800] "POST /HNAP1/ HTTP/1.0" 400 0 "-" "-"
36.133.115.36 - - [28/Dec/2025:23:11:22 +0800] "POST /wp-cron.php?doing_wp_cron=1766934682.3279249668121337890625 HTTP/1.1" 200 31 "-" "WordPress/6.8.3; http://cqqizhou.com"
171.42.25.79 - - [28/Dec/2025:23:11:22 +0800] "GET / HTTP/1.1" 301 5 "-" "Mozilla/5.0 (Windows NT 10.3; Win64; x64) AppleWebKit/537.36 (KHTML, like Gecko) Chrome/72.0.1832.88 Safari/537.36"
171.42.25.79 - - [28/Dec/2025:23:11:22 +0800] "GET / HTTP/1.1" 200 34109 "-" "Mozilla/5.0 (Windows NT 10.3; Win64; x64) AppleWebKit/537.36 (KHTML, like Gecko) Chrome/72.0.1832.88 Safari/537.36"
171.42.25.79 - - [28/Dec/2025:23:11:22 +0800] "GET /contacts/ HTTP/1.1" 200 21595 "-" "Mozilla/5.0 (Windows NT 8.8; Win64; x64) AppleWebKit/537.36 (KHTML, like Gecko) Chrome/78.0.3462.88 Safari/537.36"
36.133.115.36 - - [28/Dec/2025:23:12:23 +0800] "POST /wp-cron.php?doing_wp_cron=1766934743.2305541038513183593750 HTTP/1.1" 200 31 "-" "WordPress/6.8.3; http://cqqizhou.com"
116.179.32.93 - - [28/Dec/2025:23:12:23 +0800] "GET /business/ HTTP/1.1" 404 8976 "-" "Mozilla/5.0 (compatible; Baiduspider/2.0; +http://www.baidu.com/search/spider.html)"
36.133.115.36 - - [28/Dec/2025:23:14:21 +0800] "POST /wp-cron.php?doing_wp_cron=1766934861.7369499206542968750000 HTTP/1.1" 200 31 "-" "WordPress/6.8.3; http://cqqizhou.com"
204.76.203.212 - - [28/Dec/2025:23:14:22 +0800] "GET / HTTP/1.1" 200 33677 "-" "Mozilla/5.0 (Windows NT 10.0; Win64; x64) AppleWebKit/537.36 (KHTML, like Gecko) Chrome/90.0.4430.85 Safari/537.36 Edg/90.0.818.46"
185.11.61.87 - - [28/Dec/2025:23:23:23 +0800] "GET / HTTP/1.0" 200 153956 "http://cqqizhou.com/" "Mozilla/5.0 (Windows NT 10.0; Win64; x64) AppleWebKit/537.36 (KHTML, like Gecko) Chrome/131.0.0.0 Safari/537.36"
185.11.61.87 - - [28/Dec/2025:23:23:24 +0800] "GET /contacts/ HTTP/1.0" 200 76700 "http://cqqizhou.com/contacts/" "Mozilla/5.0 (Windows NT 10.0; Win64; x64) AppleWebKit/537.36 (KHTML, like Gecko) Chrome/131.0.0.0 Safari/537.36"
36.133.115.36 - - [28/Dec/2025:23:48:00 +0800] "POST /wp-cron.php?doing_wp_cron=1766936880.7963659763336181640625 HTTP/1.1" 200 31 "-" "WordPress/6.8.3; http://cqqizhou.com"
193.142.147.209 - - [28/Dec/2025:23:48:01 +0800] "POST / HTTP/1.1" 200 33678 "-" "Mozilla/5.0 (Windows NT 10.0; Win64; x64) AppleWebKit/537.36"
36.133.115.36 - - [28/Dec/2025:23:49:11 +0800] "POST /wp-cron.php?doing_wp_cron=1766936951.4022359848022460937500 HTTP/1.1" 200 31 "-" "WordPress/6.8.3; http://cqqizhou.com"
37.59.204.142 - - [28/Dec/2025:23:49:11 +0800] "GET /robots.txt HTTP/1.1" 200 190 "-" "Mozilla/5.0 (compatible; AhrefsBot/7.0; +http://ahrefs.com/robot/)"
54.38.147.31 - - [28/Dec/2025:23:49:15 +0800] "GET /2159/ HTTP/1.1" 200 28652 "-" "Mozilla/5.0 (compatible; AhrefsBot/7.0; +http://ahrefs.com/robot/)"
36.133.115.36 - - [28/Dec/2025:23:51:19 +0800] "POST /wp-cron.php?doing_wp_cron=1766937079.4215900897979736328125 HTTP/1.1" 200 31 "-" "WordPress/6.8.3; http://cqqizhou.com"
43.159.149.216 - - [28/Dec/2025:23:51:19 +0800] "GET / HTTP/1.1" 200 33678 "-" "Mozilla/5.0 (iPhone; CPU iPhone OS 13_2_3 like Mac OS X) AppleWebKit/605.1.15 (KHTML, like Gecko) Version/13.0.3 Mobile/15E148 Safari/604.1"
14.108.234.20 - - [28/Dec/2025:23:54:57 +0800] "GET / HTTP/1.1" 200 34109 "-" "Mozilla/5.0 (Windows NT 10.0; Win64; x64) AppleWebKit/537.36 (KHTML, like Gecko) Chrome/143.0.0.0 Safari/537.36 Edg/143.0.0.0"
14.108.234.20 - - [28/Dec/2025:23:54:57 +0800] "GET /wp-content/uploads/2025/07/1751425283-qizhou.kf_.qq_.com_.webp HTTP/1.1" 200 16864 "http://cqqizhou.com/" "Mozilla/5.0 (Windows NT 10.0; Win64; x64) AppleWebKit/537.36 (KHTML, like Gecko) Chrome/143.0.0.0 Safari/537.36 Edg/143.0.0.0"
14.108.234.20 - - [28/Dec/2025:23:54:58 +0800] "GET /wp-content/uploads/2025/12/1765268955-qizhou_Slider1_3840%C3%972160_20251210-scaled.webp HTTP/1.1" 200 152162 "http://cqqizhou.com/" "Mozilla/5.0 (Windows NT 10.0; Win64; x64) AppleWebKit/537.36 (KHTML, like Gecko) Chrome/143.0.0.0 Safari/537.36 Edg/143.0.0.0"
14.108.234.20 - - [28/Dec/2025:23:54:58 +0800] "GET /wp-content/uploads/2025/07/1753453096-%E5%8F%8C%E7%9B%B8%E9%92%A2product_Single600%C3%97284.webp HTTP/1.1" 200 14562 "http://cqqizhou.com/" "Mozilla/5.0 (Windows NT 10.0; Win64; x64) AppleWebKit/537.36 (KHTML, like Gecko) Chrome/143.0.0.0 Safari/537.36 Edg/143.0.0.0"
14.108.234.20 - - [28/Dec/2025:23:54:58 +0800] "GET /wp-content/uploads/2025/07/1753456723-%E5%8F%8C%E7%9B%B8%E9%92%A2roduct_Single600.webp HTTP/1.1" 200 22790 "http://cqqizhou.com/" "Mozilla/5.0 (Windows NT 10.0; Win64; x64) AppleWebKit/537.36 (KHTML, like Gecko) Chrome/143.0.0.0 Safari/537.36 Edg/143.0.0.0"
14.108.234.20 - - [28/Dec/2025:23:54:58 +0800] "GET /wp-content/uploads/2025/07/1753456770-%E7%83%AD%E9%95%80%E9%94%8C%E5%8D%B7product_Single600.webp HTTP/1.1" 200 27502 "http://cqqizhou.com/" "Mozilla/5.0 (Windows NT 10.0; Win64; x64) AppleWebKit/537.36 (KHTML, like Gecko) Chrome/143.0.0.0 Safari/537.36 Edg/143.0.0.0"
14.108.234.20 - - [28/Dec/2025:23:54:58 +0800] "GET /wp-content/uploads/2025/07/1753453127-%E4%BD%99%E5%8D%B7product_Single600%C3%97284.webp HTTP/1.1" 200 18744 "http://cqqizhou.com/" "Mozilla/5.0 (Windows NT 10.0; Win64; x64) AppleWebKit/537.36 (KHTML, like Gecko) Chrome/143.0.0.0 Safari/537.36 Edg/143.0.0.0"
14.108.234.20 - - [28/Dec/2025:23:54:58 +0800] "GET /wp-content/uploads/revslider/slider-1/1750861156-logistics_Slider_3840%C3%972160_20250625191356-scaled-50x100.webp HTTP/1.1" 200 1416 "http://cqqizhou.com/" "Mozilla/5.0 (Windows NT 10.0; Win64; x64) AppleWebKit/537.36 (KHTML, like Gecko) Chrome/143.0.0.0 Safari/537.36 Edg/143.0.0.0"
14.108.234.20 - - [28/Dec/2025:23:54:58 +0800] "GET /wp-content/uploads/2025/12/1765265398-qizhou_Slider_3840%C3%972160_20251209-scaled-50x100.webp HTTP/1.1" 200 2166 "http://cqqizhou.com/" "Mozilla/5.0 (Windows NT 10.0; Win64; x64) AppleWebKit/537.36 (KHTML, like Gecko) Chrome/143.0.0.0 Safari/537.36 Edg/143.0.0.0"
36.133.115.36 - - [28/Dec/2025:23:54:59 +0800] "POST /wp-cron.php?doing_wp_cron=1766937299.4484910964965820312500 HTTP/1.1" 200 31 "-" "WordPress/6.8.3; http://cqqizhou.com"
14.108.234.20 - - [28/Dec/2025:23:54:59 +0800] "GET /wp-json/sliderrevolution/sliders/1?srengine=7&slideid=3 HTTP/1.1" 200 2286 "http://cqqizhou.com/" "Mozilla/5.0 (Windows NT 10.0; Win64; x64) AppleWebKit/537.36 (KHTML, like Gecko) Chrome/143.0.0.0 Safari/537.36 Edg/143.0.0.0"
