103.203.57.3 - - [28/Dec/2025:13:34:58 +0800] "GET / HTTP/1.1" 301 5 "-" "Mozilla/5.0 zgrab/0.x"
36.133.115.36 - - [28/Dec/2025:13:35:49 +0800] "POST /wp-cron.php?doing_wp_cron=1766900149.2511339187622070312500 HTTP/1.1" 200 31 "-" "WordPress/6.8.3; http://cqqizhou.com"
18.118.108.129 - - [28/Dec/2025:13:35:49 +0800] "POST /xmlrpc.php HTTP/1.1" 200 217 "-" "Mozilla/5.0 (Windows NT 10.0; Win64; x64; rv:48.0) Gecko/20100101 Firefox/48.0"
36.133.115.36 - - [28/Dec/2025:13:41:14 +0800] "POST /wp-cron.php?doing_wp_cron=1766900474.6081960201263427734375 HTTP/1.1" 200 31 "-" "WordPress/6.8.3; http://cqqizhou.com"
85.90.208.132 - - [28/Dec/2025:13:41:14 +0800] "GET /2160/ HTTP/1.1" 200 29430 "http://cqqizhou.com/" "Mozilla/5.0 (Windows NT 10.0; WOW64) AppleWebKit/537.36 (KHTML, like Gecko) Chrome/114.0.0.0 Safari/537.36 Vivaldi/5.3.2679.68"
85.90.208.132 - - [28/Dec/2025:13:41:16 +0800] "GET /wp-admin/admin-ajax.php HTTP/1.1" 400 11 "http://cqqizhou.com/2160/" "Mozilla/5.0 (Windows NT 6.3; Win64; x64) AppleWebKit/537.36 (KHTML, like Gecko) Chrome/103.0.0.0 Safari/537.36"
85.90.208.132 - - [28/Dec/2025:13:41:18 +0800] "GET /wp-admin/admin-ajax.php?action=register HTTP/1.1" 400 11 "http://cqqizhou.com/wp-admin/admin-ajax.php" "Mozilla/5.0 (Windows NT 6.3; Win64; x64) AppleWebKit/537.36 (KHTML, like Gecko) Chrome/103.0.0.0 Safari/537.36"
36.133.115.36 - - [28/Dec/2025:13:43:25 +0800] "POST /wp-cron.php?doing_wp_cron=1766900605.4406349658966064453125 HTTP/1.1" 200 31 "-" "WordPress/6.8.3; http://cqqizhou.com"
43.157.179.227 - - [28/Dec/2025:13:43:25 +0800] "GET / HTTP/1.1" 301 5 "-" "Mozilla/5.0 (iPhone; CPU iPhone OS 13_2_3 like Mac OS X) AppleWebKit/605.1.15 (KHTML, like Gecko) Version/13.0.3 Mobile/15E148 Safari/604.1"
43.157.179.227 - - [28/Dec/2025:13:43:27 +0800] "GET / HTTP/1.1" 200 33677 "http://36.133.115.36" "Mozilla/5.0 (iPhone; CPU iPhone OS 13_2_3 like Mac OS X) AppleWebKit/605.1.15 (KHTML, like Gecko) Version/13.0.3 Mobile/15E148 Safari/604.1"
36.133.115.36 - - [28/Dec/2025:13:53:20 +0800] "POST /wp-cron.php?doing_wp_cron=1766901200.6117429733276367187500 HTTP/1.1" 200 31 "-" "WordPress/6.8.3; http://cqqizhou.com"
204.76.203.219 - - [28/Dec/2025:13:53:20 +0800] "GET / HTTP/1.1" 200 33678 "-" "Mozilla/5.0 (Windows NT 10.0; Win64; x64) AppleWebKit/537.36 (KHTML, like Gecko) Chrome/90.0.4430.85 Safari/537.36 Edg/90.0.818.46"
36.133.115.36 - - [28/Dec/2025:14:04:56 +0800] "POST /wp-cron.php?doing_wp_cron=1766901896.3983240127563476562500 HTTP/1.1" 200 31 "-" "WordPress/6.8.3; http://cqqizhou.com"
87.121.84.181 - - [28/Dec/2025:14:04:56 +0800] "GET / HTTP/1.0" 301 0 "-" "Mozilla/5.0 (X11; Linux x86_64; rv:140.0) Gecko/20100101 Firefox/140.0"
36.133.115.36 - - [28/Dec/2025:14:10:22 +0800] "POST /wp-cron.php?doing_wp_cron=1766902222.8031640052795410156250 HTTP/1.1" 200 31 "-" "WordPress/6.8.3; http://cqqizhou.com"
66.249.68.70 - - [28/Dec/2025:14:10:23 +0800] "GET /media/ HTTP/1.1" 200 23990 "-" "Mozilla/5.0 (Linux; Android 6.0.1; Nexus 5X Build/MMB29P) AppleWebKit/537.36 (KHTML, like Gecko) Chrome/141.0.7390.122 Mobile Safari/537.36 (compatible; Googlebot/2.1; +http://www.google.com/bot.html)"
36.133.115.36 - - [28/Dec/2025:14:12:53 +0800] "POST /wp-cron.php?doing_wp_cron=1766902373.4220399856567382812500 HTTP/1.1" 200 31 "-" "WordPress/6.8.3; http://cqqizhou.com"
213.209.159.150 - - [28/Dec/2025:14:12:53 +0800] "GET /.git/config HTTP/1.1" 404 8979 "-" "Mozilla/5.0 (Windows NT 10.0; Win64; x64; WOW64; rv:41.0) Gecko/20100101 Firefox/140.0.1 (x64 de)"
36.133.115.36 - - [28/Dec/2025:14:25:40 +0800] "POST /wp-cron.php?doing_wp_cron=1766903140.4057209491729736328125 HTTP/1.1" 200 31 "-" "WordPress/6.8.3; http://cqqizhou.com"
148.113.204.52 - - [28/Dec/2025:14:25:40 +0800] "POST /xmlrpc.php HTTP/1.1" 200 217 "-" "Mozilla/5.0 (Windows NT 10.0; Win64; x64; rv:68.0) Gecko/20100101 Firefox/68.0"
36.133.115.36 - - [28/Dec/2025:14:32:25 +0800] "POST /wp-cron.php?doing_wp_cron=1766903545.7022519111633300781250 HTTP/1.1" 200 31 "-" "WordPress/6.8.3; http://cqqizhou.com"
95.214.55.246 - - [28/Dec/2025:14:32:26 +0800] "GET / HTTP/1.1" 200 152290 "-" "-"
36.133.115.36 - - [28/Dec/2025:14:39:00 +0800] "POST /wp-cron.php?doing_wp_cron=1766903940.4883220195770263671875 HTTP/1.1" 200 31 "-" "WordPress/6.8.3; http://cqqizhou.com"
204.76.203.212 - - [28/Dec/2025:14:39:00 +0800] "GET / HTTP/1.1" 200 33679 "-" "Mozilla/5.0 (Windows NT 10.0; Win64; x64) AppleWebKit/537.36 (KHTML, like Gecko) Chrome/90.0.4430.85 Safari/537.36 Edg/90.0.818.46"
36.133.115.36 - - [28/Dec/2025:14:43:09 +0800] "POST /wp-cron.php?doing_wp_cron=1766904189.4644451141357421875000 HTTP/1.1" 200 31 "-" "WordPress/6.8.3; http://cqqizhou.com"
66.249.68.71 - - [28/Dec/2025:14:43:09 +0800] "GET /2339/ HTTP/1.1" 200 20553 "-" "Mozilla/5.0 (Linux; Android 6.0.1; Nexus 5X Build/MMB29P) AppleWebKit/537.36 (KHTML, like Gecko) Chrome/141.0.7390.122 Mobile Safari/537.36 (compatible; GoogleOther)"
36.133.115.36 - - [28/Dec/2025:14:45:24 +0800] "POST /wp-cron.php?doing_wp_cron=1766904324.4415578842163085937500 HTTP/1.1" 200 31 "-" "WordPress/6.8.3; http://cqqizhou.com"
66.249.68.70 - - [28/Dec/2025:14:45:24 +0800] "GET /2214/ HTTP/1.1" 200 21899 "-" "Mozilla/5.0 (Linux; Android 6.0.1; Nexus 5X Build/MMB29P) AppleWebKit/537.36 (KHTML, like Gecko) Chrome/141.0.7390.122 Mobile Safari/537.36 (compatible; Googlebot/2.1; +http://www.google.com/bot.html)"
36.133.115.36 - - [28/Dec/2025:14:54:38 +0800] "POST /wp-cron.php?doing_wp_cron=1766904878.4114480018615722656250 HTTP/1.1" 200 31 "-" "WordPress/6.8.3; http://cqqizhou.com"
3.143.33.63 - - [28/Dec/2025:14:54:38 +0800] "GET / HTTP/1.1" 301 5 "-" "cypex.ai/scanning Mozilla/5.0 (Macintosh; Intel Mac OS X 10_15_7) Chrome/126.0.0.0 Safari/537.36"
3.143.33.63 - - [28/Dec/2025:14:54:39 +0800] "GET / HTTP/1.1" 200 34109 "http://36.133.115.36/" "cypex.ai/scanning Mozilla/5.0 (Macintosh; Intel Mac OS X 10_15_7) Chrome/126.0.0.0 Safari/537.36"
36.133.115.36 - - [28/Dec/2025:14:56:04 +0800] "POST /wp-cron.php?doing_wp_cron=1766904964.6942889690399169921875 HTTP/1.1" 200 31 "-" "WordPress/6.8.3; http://cqqizhou.com"
3.143.33.63 - - [28/Dec/2025:14:56:04 +0800] "GET / HTTP/1.1" 301 5 "-" "cypex.ai/scanning Mozilla/5.0 (Macintosh; Intel Mac OS X 10_15_7) Chrome/126.0.0.0 Safari/537.36"
36.133.115.36 - - [28/Dec/2025:15:04:48 +0800] "POST /wp-cron.php?doing_wp_cron=1766905488.8062109947204589843750 HTTP/1.1" 200 31 "-" "WordPress/6.8.3; http://cqqizhou.com"
207.46.13.151 - - [28/Dec/2025:15:04:48 +0800] "GET /sitemap.xml HTTP/1.1" 200 501 "-" "Mozilla/5.0 AppleWebKit/537.36 (KHTML, like Gecko; compatible; bingbot/2.0; +http://www.bing.com/bingbot.htm) Chrome/116.0.1938.76 Safari/537.36"
36.133.115.36 - - [28/Dec/2025:15:06:36 +0800] "POST /wp-cron.php?doing_wp_cron=1766905596.2010920047760009765625 HTTP/1.1" 200 31 "-" "WordPress/6.8.3; http://cqqizhou.com"
193.142.147.209 - - [28/Dec/2025:15:06:37 +0800] "POST / HTTP/1.1" 200 33679 "-" "Mozilla/5.0 (Windows NT 10.0; Win64; x64) AppleWebKit/537.36"
36.133.115.36 - - [28/Dec/2025:15:08:38 +0800] "POST /wp-cron.php?doing_wp_cron=1766905718.5241789817810058593750 HTTP/1.1" 200 31 "-" "WordPress/6.8.3; http://cqqizhou.com"
138.197.78.152 - - [28/Dec/2025:15:08:38 +0800] "POST /xmlrpc.php HTTP/1.1" 200 217 "-" "Mozilla/5.0 (Windows NT 10.0; Win64; x64; rv:71.0) Gecko/20100101 Firefox/71.0"
36.133.115.36 - - [28/Dec/2025:15:08:54 +0800] "POST /wp-cron.php?doing_wp_cron=1766905734.4085860252380371093750 HTTP/1.1" 200 31 "-" "WordPress/6.8.3; http://cqqizhou.com"
84.173.174.167 - - [28/Dec/2025:15:08:54 +0800] "POST /hello.world?%ADd+allow_url_include%3d1+%ADd+auto_prepend_file%3dphp://input HTTP/1.1" 404 31364 "-" "libredtail-http"
84.173.174.167 - - [28/Dec/2025:15:09:03 +0800] "POST /?%ADd+allow_url_include%3d1+%ADd+auto_prepend_file%3dphp://input HTTP/1.1" 200 152290 "-" "libredtail-http"
84.173.174.167 - - [28/Dec/2025:15:09:08 +0800] "GET /vendor/phpunit/phpunit/src/Util/PHP/eval-stdin.php HTTP/1.1" 404 27 "-" "libredtail-http"
84.173.174.167 - - [28/Dec/2025:15:09:14 +0800] "GET /vendor/phpunit/phpunit/Util/PHP/eval-stdin.php HTTP/1.1" 404 27 "-" "libredtail-http"
84.173.174.167 - - [28/Dec/2025:15:09:23 +0800] "GET /vendor/phpunit/src/Util/PHP/eval-stdin.php HTTP/1.1" 404 27 "-" "libredtail-http"
84.173.174.167 - - [28/Dec/2025:15:09:28 +0800] "GET /vendor/phpunit/Util/PHP/eval-stdin.php HTTP/1.1" 404 27 "-" "libredtail-http"
84.173.174.167 - - [28/Dec/2025:15:09:32 +0800] "GET /vendor/phpunit/phpunit/LICENSE/eval-stdin.php HTTP/1.1" 404 27 "-" "libredtail-http"
84.173.174.167 - - [28/Dec/2025:15:09:40 +0800] "GET /vendor/vendor/phpunit/phpunit/src/Util/PHP/eval-stdin.php HTTP/1.1" 404 27 "-" "libredtail-http"
84.173.174.167 - - [28/Dec/2025:15:09:44 +0800] "GET /phpunit/phpunit/src/Util/PHP/eval-stdin.php HTTP/1.1" 404 27 "-" "libredtail-http"
84.173.174.167 - - [28/Dec/2025:15:09:48 +0800] "GET /phpunit/phpunit/Util/PHP/eval-stdin.php HTTP/1.1" 404 27 "-" "libredtail-http"
84.173.174.167 - - [28/Dec/2025:15:09:54 +0800] "GET /phpunit/src/Util/PHP/eval-stdin.php HTTP/1.1" 404 27 "-" "libredtail-http"
84.173.174.167 - - [28/Dec/2025:15:09:58 +0800] "GET /phpunit/Util/PHP/eval-stdin.php HTTP/1.1" 404 27 "-" "libredtail-http"
84.173.174.167 - - [28/Dec/2025:15:10:03 +0800] "GET /lib/phpunit/phpunit/src/Util/PHP/eval-stdin.php HTTP/1.1" 404 27 "-" "libredtail-http"
84.173.174.167 - - [28/Dec/2025:15:10:07 +0800] "GET /lib/phpunit/phpunit/Util/PHP/eval-stdin.php HTTP/1.1" 404 27 "-" "libredtail-http"
84.173.174.167 - - [28/Dec/2025:15:10:12 +0800] "GET /lib/phpunit/src/Util/PHP/eval-stdin.php HTTP/1.1" 404 27 "-" "libredtail-http"
84.173.174.167 - - [28/Dec/2025:15:10:18 +0800] "GET /lib/phpunit/Util/PHP/eval-stdin.php HTTP/1.1" 404 27 "-" "libredtail-http"
84.173.174.167 - - [28/Dec/2025:15:10:23 +0800] "GET /lib/vendor/phpunit/phpunit/src/Util/PHP/eval-stdin.php HTTP/1.1" 404 27 "-" "libredtail-http"
84.173.174.167 - - [28/Dec/2025:15:10:28 +0800] "GET /laravel/vendor/phpunit/phpunit/src/Util/PHP/eval-stdin.php HTTP/1.1" 404 27 "-" "libredtail-http"
84.173.174.167 - - [28/Dec/2025:15:10:32 +0800] "GET /www/vendor/phpunit/phpunit/src/Util/PHP/eval-stdin.php HTTP/1.1" 404 27 "-" "libredtail-http"
84.173.174.167 - - [28/Dec/2025:15:10:38 +0800] "GET /ws/vendor/phpunit/phpunit/src/Util/PHP/eval-stdin.php HTTP/1.1" 404 27 "-" "libredtail-http"
84.173.174.167 - - [28/Dec/2025:15:10:41 +0800] "GET /yii/vendor/phpunit/phpunit/src/Util/PHP/eval-stdin.php HTTP/1.1" 404 27 "-" "libredtail-http"
84.173.174.167 - - [28/Dec/2025:15:10:47 +0800] "GET /zend/vendor/phpunit/phpunit/src/Util/PHP/eval-stdin.php HTTP/1.1" 404 27 "-" "libredtail-http"
84.173.174.167 - - [28/Dec/2025:15:10:53 +0800] "GET /ws/ec/vendor/phpunit/phpunit/src/Util/PHP/eval-stdin.php HTTP/1.1" 404 27 "-" "libredtail-http"
84.173.174.167 - - [28/Dec/2025:15:10:58 +0800] "GET /V2/vendor/phpunit/phpunit/src/Util/PHP/eval-stdin.php HTTP/1.1" 404 27 "-" "libredtail-http"
84.173.174.167 - - [28/Dec/2025:15:11:03 +0800] "GET /tests/vendor/phpunit/phpunit/src/Util/PHP/eval-stdin.php HTTP/1.1" 404 27 "-" "libredtail-http"
84.173.174.167 - - [28/Dec/2025:15:11:06 +0800] "GET /test/vendor/phpunit/phpunit/src/Util/PHP/eval-stdin.php HTTP/1.1" 404 27 "-" "libredtail-http"
84.173.174.167 - - [28/Dec/2025:15:11:13 +0800] "GET /testing/vendor/phpunit/phpunit/src/Util/PHP/eval-stdin.php HTTP/1.1" 404 27 "-" "libredtail-http"
84.173.174.167 - - [28/Dec/2025:15:11:17 +0800] "GET /api/vendor/phpunit/phpunit/src/Util/PHP/eval-stdin.php HTTP/1.1" 404 27 "-" "libredtail-http"
84.173.174.167 - - [28/Dec/2025:15:11:23 +0800] "GET /demo/vendor/phpunit/phpunit/src/Util/PHP/eval-stdin.php HTTP/1.1" 404 27 "-" "libredtail-http"
84.173.174.167 - - [28/Dec/2025:15:11:26 +0800] "GET /cms/vendor/phpunit/phpunit/src/Util/PHP/eval-stdin.php HTTP/1.1" 404 27 "-" "libredtail-http"
84.173.174.167 - - [28/Dec/2025:15:11:31 +0800] "GET /crm/vendor/phpunit/phpunit/src/Util/PHP/eval-stdin.php HTTP/1.1" 404 27 "-" "libredtail-http"
84.173.174.167 - - [28/Dec/2025:15:11:36 +0800] "GET /admin/vendor/phpunit/phpunit/src/Util/PHP/eval-stdin.php HTTP/1.1" 404 27 "-" "libredtail-http"
84.173.174.167 - - [28/Dec/2025:15:11:42 +0800] "GET /backup/vendor/phpunit/phpunit/src/Util/PHP/eval-stdin.php HTTP/1.1" 404 27 "-" "libredtail-http"
84.173.174.167 - - [28/Dec/2025:15:11:48 +0800] "GET /blog/vendor/phpunit/phpunit/src/Util/PHP/eval-stdin.php HTTP/1.1" 404 27 "-" "libredtail-http"
84.173.174.167 - - [28/Dec/2025:15:11:52 +0800] "GET /workspace/drupal/vendor/phpunit/phpunit/src/Util/PHP/eval-stdin.php HTTP/1.1" 404 27 "-" "libredtail-http"
84.173.174.167 - - [28/Dec/2025:15:11:57 +0800] "GET /panel/vendor/phpunit/phpunit/src/Util/PHP/eval-stdin.php HTTP/1.1" 404 27 "-" "libredtail-http"
84.173.174.167 - - [28/Dec/2025:15:11:59 +0800] "GET /public/vendor/phpunit/phpunit/src/Util/PHP/eval-stdin.php HTTP/1.1" 404 27 "-" "libredtail-http"
84.173.174.167 - - [28/Dec/2025:15:12:06 +0800] "GET /apps/vendor/phpunit/phpunit/src/Util/PHP/eval-stdin.php HTTP/1.1" 404 27 "-" "libredtail-http"
84.173.174.167 - - [28/Dec/2025:15:12:13 +0800] "GET /app/vendor/phpunit/phpunit/src/Util/PHP/eval-stdin.php HTTP/1.1" 404 27 "-" "libredtail-http"
36.133.115.36 - - [28/Dec/2025:15:12:17 +0800] "POST /wp-cron.php?doing_wp_cron=1766905937.7253940105438232421875 HTTP/1.1" 200 31 "-" "WordPress/6.8.3; http://cqqizhou.com"
84.173.174.167 - - [28/Dec/2025:15:12:17 +0800] "GET /index.php?s=/index/\x5Cthink\x5Capp/invokefunction&function=call_user_func_array&vars[0]=md5&vars[1][]=Hello HTTP/1.1" 200 65249 "-" "libredtail-http"
84.173.174.167 - - [28/Dec/2025:15:12:25 +0800] "GET /public/index.php?s=/index/\x5Cthink\x5Capp/invokefunction&function=call_user_func_array&vars[0]=md5&vars[1][]=Hello HTTP/1.1" 404 27 "-" "libredtail-http"
84.173.174.167 - - [28/Dec/2025:15:12:31 +0800] "GET /index.php?lang=../../../../../../../../usr/local/lib/php/pearcmd&+config-create+/&/<?echo(md5(\x22hi\x22));?>+/tmp/index1.php HTTP/1.1" 200 152290 "-" "libredtail-http"
84.173.174.167 - - [28/Dec/2025:15:12:39 +0800] "GET /index.php?lang=../../../../../../../../tmp/index1 HTTP/1.1" 200 152290 "-" "libredtail-http"
36.133.115.36 - - [28/Dec/2025:15:12:47 +0800] "POST /wp-cron.php?doing_wp_cron=1766905967.2518000602722167968750 HTTP/1.1" 200 31 "-" "WordPress/6.8.3; http://cqqizhou.com"
84.173.174.167 - - [28/Dec/2025:15:12:47 +0800] "GET /containers/json HTTP/1.1" 301 5 "-" "libredtail-http"
84.173.174.167 - - [28/Dec/2025:15:12:53 +0800] "GET /containers/json HTTP/1.1" 301 5 "-" "libredtail-http"
36.133.115.36 - - [28/Dec/2025:15:30:05 +0800] "POST /wp-cron.php?doing_wp_cron=1766907005.2557399272918701171875 HTTP/1.1" 200 31 "-" "WordPress/6.8.3; http://cqqizhou.com"
36.133.108.119 - - [28/Dec/2025:15:30:05 +0800] "HEAD /wp-login.php HTTP/1.1" 200 0 "-" "Mozilla/5.0 (compatible; MSIE 8.0; Windows NT 5.1; Trident/4.0; .NET CLR 1.1.4322; .NET CLR 2.0.50727)"
36.133.115.36 - - [28/Dec/2025:15:35:17 +0800] "POST /wp-cron.php?doing_wp_cron=1766907317.1902799606323242187500 HTTP/1.1" 200 31 "-" "WordPress/6.8.3; http://cqqizhou.com"
15.235.96.153 - - [28/Dec/2025:15:35:17 +0800] "GET /robots.txt HTTP/1.1" 200 190 "-" "Mozilla/5.0 (compatible; AhrefsBot/7.0; +http://ahrefs.com/robot/)"
51.195.244.145 - - [28/Dec/2025:15:35:22 +0800] "GET /industry/ HTTP/1.1" 200 22073 "-" "Mozilla/5.0 (compatible; AhrefsBot/7.0; +http://ahrefs.com/robot/)"
40.77.167.2 - - [28/Dec/2025:15:37:29 +0800] "GET /2373/ HTTP/1.1" 200 22622 "-" "Mozilla/5.0 AppleWebKit/537.36 (KHTML, like Gecko; compatible; bingbot/2.0; +http://www.bing.com/bingbot.htm) Chrome/116.0.1938.76 Safari/537.36"
36.133.115.36 - - [28/Dec/2025:15:45:49 +0800] "POST /wp-cron.php?doing_wp_cron=1766907949.6042408943176269531250 HTTP/1.1" 200 31 "-" "WordPress/6.8.3; http://cqqizhou.com"
204.76.203.219 - - [28/Dec/2025:15:45:49 +0800] "GET / HTTP/1.1" 200 33679 "-" "Mozilla/5.0 (Windows NT 10.0; Win64; x64) AppleWebKit/537.36 (KHTML, like Gecko) Chrome/90.0.4430.85 Safari/537.36 Edg/90.0.818.46"
180.153.236.58 - - [28/Dec/2025:15:49:17 +0800] "GET / HTTP/1.1" 200 34109 "http://cqqizhou.com/" "Mozilla/5.0 (Windows NT 10.0; Win64; x64) AppleWebKit/537.36 (KHTML, like Gecko) Chrome/140.0.0.0 Safari/537.36 Edg/140.0.0.0; 360Spider"
180.153.236.39 - - [28/Dec/2025:15:49:22 +0800] "GET / HTTP/1.1" 200 34109 "http://cqqizhou.com/" "Mozilla/5.0 (Windows NT 10.0; Win64; x64) AppleWebKit/537.36 (KHTML, like Gecko) Chrome/140.0.0.0 Safari/537.36 Edg/140.0.0.0; 360Spider"
180.153.236.104 - - [28/Dec/2025:15:49:25 +0800] "GET / HTTP/1.1" 200 34109 "http://cqqizhou.com/" "Mozilla/5.0 (Windows NT 10.0; Win64; x64) AppleWebKit/537.36 (KHTML, like Gecko) Chrome/140.0.0.0 Safari/537.36 Edg/140.0.0.0; 360Spider"
180.153.236.20 - - [28/Dec/2025:15:49:31 +0800] "GET / HTTP/1.1" 200 34109 "http://cqqizhou.com/" "Mozilla/5.0 (Windows NT 10.0; Win64; x64) AppleWebKit/537.36 (KHTML, like Gecko) Chrome/140.0.0.0 Safari/537.36 Edg/140.0.0.0; 360Spider"
36.133.115.36 - - [28/Dec/2025:15:56:52 +0800] "POST /wp-cron.php?doing_wp_cron=1766908612.6002089977264404296875 HTTP/1.1" 200 31 "-" "WordPress/6.8.3; http://cqqizhou.com"
216.180.246.32 - - [28/Dec/2025:15:56:52 +0800] "GET / HTTP/1.0" 301 0 "-" "'Mozilla/5.0 (compatible; GenomeCrawlerd/1.0; +https://www.nokia.com/genomecrawler)'"
36.133.115.36 - - [28/Dec/2025:15:57:54 +0800] "POST /wp-cron.php?doing_wp_cron=1766908674.5447969436645507812500 HTTP/1.1" 200 31 "-" "WordPress/6.8.3; http://cqqizhou.com"
216.180.246.32 - - [28/Dec/2025:15:57:54 +0800] "GET / HTTP/1.1" 301 5 "-" "'Mozilla/5.0 (compatible; GenomeCrawlerd/1.0; +https://www.nokia.com/genomecrawler)'"
36.133.115.36 - - [28/Dec/2025:15:59:08 +0800] "POST /wp-cron.php?doing_wp_cron=1766908748.5632290840148925781250 HTTP/1.1" 200 31 "-" "WordPress/6.8.3; http://cqqizhou.com"
152.53.37.34 - - [28/Dec/2025:15:59:08 +0800] "POST /xmlrpc.php HTTP/1.1" 200 217 "-" "Mozilla/5.0 (Windows NT 10.0; Win64; x64; rv:42.0) Gecko/20100101 Firefox/42.0"
216.180.246.32 - - [28/Dec/2025:15:59:14 +0800] "GET /manage/account/login HTTP/1.1" 404 8982 "-" "'Mozilla/5.0 (compatible; GenomeCrawlerd/1.0; +https://www.nokia.com/genomecrawler)'"
36.133.115.36 - - [28/Dec/2025:16:00:28 +0800] "POST /wp-cron.php?doing_wp_cron=1766908828.4116749763488769531250 HTTP/1.1" 200 31 "-" "WordPress/6.8.3; http://cqqizhou.com"
216.180.246.32 - - [28/Dec/2025:16:00:28 +0800] "GET /admin/index.html HTTP/1.1" 404 8981 "-" "'Mozilla/5.0 (compatible; GenomeCrawlerd/1.0; +https://www.nokia.com/genomecrawler)'"
216.180.246.32 - - [28/Dec/2025:16:01:30 +0800] "GET /index.html HTTP/1.1" 200 8721 "-" "'Mozilla/5.0 (compatible; GenomeCrawlerd/1.0; +https://www.nokia.com/genomecrawler)'"
36.133.115.36 - - [28/Dec/2025:16:04:13 +0800] "POST /wp-cron.php?doing_wp_cron=1766909053.5437378883361816406250 HTTP/1.1" 200 31 "-" "WordPress/6.8.3; http://cqqizhou.com"
180.153.236.171 - - [28/Dec/2025:16:04:13 +0800] "GET / HTTP/1.1" 301 5 "http://www.cqqizhou.com/" "Mozilla/5.0 (Windows NT 10.0; Win64; x64) AppleWebKit/537.36 (KHTML, like Gecko) Chrome/140.0.0.0 Safari/537.36 Edg/140.0.0.0; 360Spider"
180.153.236.245 - - [28/Dec/2025:16:04:18 +0800] "GET / HTTP/1.1" 200 34109 "http://cqqizhou.com/" "Mozilla/5.0 (Windows NT 10.0; Win64; x64) AppleWebKit/537.36 (KHTML, like Gecko) Chrome/140.0.0.0 Safari/537.36 Edg/140.0.0.0; 360Spider"
36.133.115.36 - - [28/Dec/2025:16:10:39 +0800] "POST /wp-cron.php?doing_wp_cron=1766909439.7221219539642333984375 HTTP/1.1" 200 31 "-" "WordPress/6.8.3; http://cqqizhou.com"
216.180.246.140 - - [28/Dec/2025:16:10:39 +0800] "GET / HTTP/1.0" 301 0 "-" "'Mozilla/5.0 (compatible; GenomeCrawlerd/1.0; +https://www.nokia.com/genomecrawler)'"
36.133.115.36 - - [28/Dec/2025:16:11:25 +0800] "POST /wp-cron.php?doing_wp_cron=1766909485.4831249713897705078125 HTTP/1.1" 200 31 "-" "WordPress/6.8.3; http://cqqizhou.com"
31.31.203.16 - - [28/Dec/2025:16:11:25 +0800] "POST /xmlrpc.php HTTP/1.1" 200 217 "-" "Mozilla/5.0 (Windows NT 10.0; Win64; x64; rv:65.0) Gecko/20100101 Firefox/65.0"
216.180.246.140 - - [28/Dec/2025:16:11:31 +0800] "GET / HTTP/1.1" 301 5 "-" "'Mozilla/5.0 (compatible; GenomeCrawlerd/1.0; +https://www.nokia.com/genomecrawler)'"
36.133.115.36 - - [28/Dec/2025:16:13:19 +0800] "POST /wp-cron.php?doing_wp_cron=1766909599.5632719993591308593750 HTTP/1.1" 200 31 "-" "WordPress/6.8.3; http://cqqizhou.com"
216.180.246.140 - - [28/Dec/2025:16:13:19 +0800] "GET /manage/account/login HTTP/1.1" 404 8981 "-" "'Mozilla/5.0 (compatible; GenomeCrawlerd/1.0; +https://www.nokia.com/genomecrawler)'"
36.133.115.36 - - [28/Dec/2025:16:14:06 +0800] "POST /wp-cron.php?doing_wp_cron=1766909645.9975440502166748046875 HTTP/1.1" 200 31 "-" "WordPress/6.8.3; http://cqqizhou.com"
216.180.246.140 - - [28/Dec/2025:16:14:06 +0800] "GET /admin/index.html HTTP/1.1" 404 8980 "-" "'Mozilla/5.0 (compatible; GenomeCrawlerd/1.0; +https://www.nokia.com/genomecrawler)'"
216.180.246.140 - - [28/Dec/2025:16:14:44 +0800] "GET /index.html HTTP/1.1" 200 8721 "-" "'Mozilla/5.0 (compatible; GenomeCrawlerd/1.0; +https://www.nokia.com/genomecrawler)'"
36.133.115.36 - - [28/Dec/2025:16:15:53 +0800] "POST /wp-cron.php?doing_wp_cron=1766909753.7449998855590820312500 HTTP/1.1" 200 31 "-" "WordPress/6.8.3; http://cqqizhou.com"
148.153.56.58 - - [28/Dec/2025:16:15:53 +0800] "GET /FMqX HTTP/1.1" 301 5 "-" "Mozilla/5.0 (Macintosh; Intel Mac OS X 10.9; rv:32.0) Gecko/20100101 Firefox/32.0"
148.153.56.58 - - [28/Dec/2025:16:15:54 +0800] "GET /A1qz HTTP/1.1" 301 5 "-" "Mozilla/5.0 (Macintosh; Intel Mac OS X 10.9; rv:32.0) Gecko/20100101 Firefox/32.0"
148.153.56.58 - - [28/Dec/2025:16:15:55 +0800] "GET /A1qz HTTP/1.1" 404 8981 "http://36.133.115.36:80/A1qz" "Mozilla/5.0 (Macintosh; Intel Mac OS X 10.9; rv:32.0) Gecko/20100101 Firefox/32.0"
148.153.56.58 - - [28/Dec/2025:16:15:57 +0800] "GET /aab9 HTTP/1.1" 301 5 "-" "Mozilla/5.0 (Macintosh; Intel Mac OS X 10.9; rv:32.0) Gecko/20100101 Firefox/32.0"
36.133.115.36 - - [28/Dec/2025:16:29:56 +0800] "POST /wp-cron.php?doing_wp_cron=1766910596.9301679134368896484375 HTTP/1.1" 200 31 "-" "WordPress/6.8.3; http://cqqizhou.com"
43.153.49.151 - - [28/Dec/2025:16:29:57 +0800] "GET / HTTP/1.1" 200 33679 "-" "Mozilla/5.0 (iPhone; CPU iPhone OS 13_2_3 like Mac OS X) AppleWebKit/605.1.15 (KHTML, like Gecko) Version/13.0.3 Mobile/15E148 Safari/604.1"
36.133.115.36 - - [28/Dec/2025:16:39:51 +0800] "POST /wp-cron.php?doing_wp_cron=1766911191.0474131107330322265625 HTTP/1.1" 200 31 "-" "WordPress/6.8.3; http://cqqizhou.com"
204.76.203.219 - - [28/Dec/2025:16:39:51 +0800] "GET / HTTP/1.1" 200 33679 "-" "Mozilla/5.0 (Windows NT 10.0; Win64; x64) AppleWebKit/537.36 (KHTML, like Gecko) Chrome/90.0.4430.85 Safari/537.36 Edg/90.0.818.46"
38.46.221.123 - - [28/Dec/2025:16:40:24 +0800] "GET http://check.9tb.org/ HTTP/1.1" 301 5 "-" "Go-http-client/1.1"
38.46.221.123 - - [28/Dec/2025:16:40:24 +0800] "GET http://cqqizhou.com/ HTTP/1.1" 200 34109 "http://check.9tb.org" "Go-http-client/1.1"
54.38.147.132 - - [28/Dec/2025:16:40:42 +0800] "GET /portfolio/remaining-rolls/ HTTP/1.1" 200 22191 "-" "Mozilla/5.0 (compatible; AhrefsBot/7.0; +http://ahrefs.com/robot/)"
3.138.185.30 - - [28/Dec/2025:16:42:26 +0800] "GET / HTTP/1.1" 200 34109 "-" "cypex.ai/scanning Mozilla/5.0 (Macintosh; Intel Mac OS X 10_15_7) Chrome/126.0.0.0 Safari/537.36"
36.133.115.36 - - [28/Dec/2025:16:44:06 +0800] "POST /wp-cron.php?doing_wp_cron=1766911446.7679030895233154296875 HTTP/1.1" 200 31 "-" "WordPress/6.8.3; http://cqqizhou.com"
5.187.35.158 - - [28/Dec/2025:16:44:06 +0800] "GET /SDK/webLanguage HTTP/1.1" 301 5 "-" "Mozilla/5.0 (Windows NT 10.0; Win64; x64) AppleWebKit/537.36 (KHTML, like Gecko) Chrome/90.0.4430.85 Safari/537.36 Edg/90.0.818.46"
36.133.115.36 - - [28/Dec/2025:16:45:54 +0800] "POST /wp-cron.php?doing_wp_cron=1766911554.6108839511871337890625 HTTP/1.1" 200 31 "-" "WordPress/6.8.3; http://cqqizhou.com"
172.252.211.246 - - [28/Dec/2025:16:45:54 +0800] "POST /xmlrpc.php HTTP/1.1" 200 217 "-" "Mozilla/5.0 (Windows NT 10.0; Win64; x64; rv:63.0) Gecko/20100101 Firefox/63.0"
36.133.115.36 - - [28/Dec/2025:16:51:32 +0800] "POST /wp-cron.php?doing_wp_cron=1766911892.3598980903625488281250 HTTP/1.1" 200 31 "-" "WordPress/6.8.3; http://cqqizhou.com"
167.94.138.43 - - [28/Dec/2025:16:51:32 +0800] "GET /security.txt HTTP/1.1" 200 19708 "-" "Mozilla/5.0 (compatible; CensysInspect/1.1; +https://about.censys.io/)"
36.133.115.36 - - [28/Dec/2025:17:05:38 +0800] "POST /wp-cron.php?doing_wp_cron=1766912738.9224879741668701171875 HTTP/1.1" 200 31 "-" "WordPress/6.8.3; http://cqqizhou.com"
64.62.197.182 - - [28/Dec/2025:17:05:38 +0800] "GET / HTTP/1.1" 301 5 "-" "Mozilla/5.0 (X11; Linux x86_64) AppleWebKit/537.36 (KHTML, like Gecko) Chrome/124.0.0.0 Safari/537.36"
36.133.115.36 - - [28/Dec/2025:17:06:28 +0800] "POST /wp-cron.php?doing_wp_cron=1766912788.9293448925018310546875 HTTP/1.1" 200 31 "-" "WordPress/6.8.3; http://cqqizhou.com"
64.62.197.182 - - [28/Dec/2025:17:06:29 +0800] "GET /webui/ HTTP/1.1" 404 8981 "-" "Mozilla/5.0 (Macintosh; Intel Mac OS X 10_15_7) AppleWebKit/537.36 (KHTML, like Gecko) Chrome/139.0.0.0 Safari/537.36"
36.133.115.36 - - [28/Dec/2025:17:06:50 +0800] "POST /wp-cron.php?doing_wp_cron=1766912810.1476330757141113281250 HTTP/1.1" 200 31 "-" "WordPress/6.8.3; http://cqqizhou.com"
64.62.197.192 - - [28/Dec/2025:17:06:50 +0800] "GET / HTTP/1.1" 301 5 "-" "Mozilla/5.0 (Macintosh; Intel Mac OS X 10_15_7) AppleWebKit/537.36 (KHTML, like Gecko) Chrome/139.0.0.0 Safari/537.36"
64.62.197.188 - - [28/Dec/2025:17:06:51 +0800] "GET / HTTP/1.1" 200 34109 "http://36.133.115.36/" "Mozilla/5.0 (Macintosh; Intel Mac OS X 10_15_7) AppleWebKit/537.36 (KHTML, like Gecko) Chrome/139.0.0.0 Safari/537.36"
36.133.115.36 - - [28/Dec/2025:17:08:08 +0800] "POST /wp-cron.php?doing_wp_cron=1766912888.9049789905548095703125 HTTP/1.1" 200 31 "-" "WordPress/6.8.3; http://cqqizhou.com"
64.62.197.182 - - [28/Dec/2025:17:08:08 +0800] "GET /geoserver/web/ HTTP/1.1" 404 8981 "-" "Mozilla/5.0 (X11; Linux x86_64) AppleWebKit/537.36 (KHTML, like Gecko) Chrome/124.0.0.0 Safari/537.36"
36.133.115.36 - - [28/Dec/2025:17:10:34 +0800] "POST /wp-cron.php?doing_wp_cron=1766913034.8177270889282226562500 HTTP/1.1" 200 31 "-" "WordPress/6.8.3; http://cqqizhou.com"
40.77.167.75 - - [28/Dec/2025:17:10:35 +0800] "GET /?s= HTTP/1.1" 200 19738 "-" "Mozilla/5.0 AppleWebKit/537.36 (KHTML, like Gecko; compatible; bingbot/2.0; +http://www.bing.com/bingbot.htm) Chrome/116.0.1938.76 Safari/537.36"
36.133.115.36 - - [28/Dec/2025:17:20:31 +0800] "POST /wp-cron.php?doing_wp_cron=1766913631.2101991176605224609375 HTTP/1.1" 200 31 "-" "WordPress/6.8.3; http://cqqizhou.com"
36.133.108.119 - - [28/Dec/2025:17:20:31 +0800] "HEAD /a HTTP/1.1" 404 0 "-" "Mozilla/5.0 (Macintosh; U; Intel Mac OS X 10_5_8; zh-cn) AppleWebKit/533.18.1 (KHTML, like Gecko) Version/5.0.2 Safari/533.18.5"
36.133.115.36 - - [28/Dec/2025:17:33:28 +0800] "POST /wp-cron.php?doing_wp_cron=1766914407.9656260013580322265625 HTTP/1.1" 200 31 "-" "WordPress/6.8.3; http://cqqizhou.com"
18.236.94.167 - - [28/Dec/2025:17:33:28 +0800] "POST /xmlrpc.php HTTP/1.1" 200 217 "-" "Mozilla/5.0 (Windows NT 10.0; Win64; x64; rv:57.0) Gecko/20100101 Firefox/57.0"
36.133.115.36 - - [28/Dec/2025:17:35:06 +0800] "POST /wp-cron.php?doing_wp_cron=1766914506.6425800323486328125000 HTTP/1.1" 200 31 "-" "WordPress/6.8.3; http://cqqizhou.com"
198.244.226.239 - - [28/Dec/2025:17:35:06 +0800] "GET /portfolio/hot-dip-galvanized-coil/ HTTP/1.1" 200 22286 "-" "Mozilla/5.0 (compatible; AhrefsBot/7.0; +http://ahrefs.com/robot/)"
36.133.115.36 - - [28/Dec/2025:17:48:59 +0800] "POST /wp-cron.php?doing_wp_cron=1766915339.0399899482727050781250 HTTP/1.1" 200 31 "-" "WordPress/6.8.3; http://cqqizhou.com"
117.62.235.53 - - [28/Dec/2025:17:48:59 +0800] "GET / HTTP/1.1" 200 33679 "-" "Mozilla/5.0 (iPhone; CPU iPhone OS 13_2_3 like Mac OS X) AppleWebKit/605.1.15 (KHTML, like Gecko) Version/13.0.3 Mobile/15E148 Safari/604.1"
36.133.115.36 - - [28/Dec/2025:17:53:03 +0800] "POST /wp-cron.php?doing_wp_cron=1766915583.5666780471801757812500 HTTP/1.1" 200 31 "-" "WordPress/6.8.3; http://cqqizhou.com"
193.142.147.209 - - [28/Dec/2025:17:53:04 +0800] "POST / HTTP/1.1" 200 33678 "-" "Mozilla/5.0 (Windows NT 10.0; Win64; x64) AppleWebKit/537.36"
95.214.55.71 - - [28/Dec/2025:17:53:07 +0800] "GET / HTTP/1.1" 200 33678 "-" "Mozilla/5.0 (Windows NT 10.0; Win64; x64; rv:143.0) Gecko/20100101 Firefox/143.0"
36.133.115.36 - - [28/Dec/2025:18:01:07 +0800] "POST /wp-cron.php?doing_wp_cron=1766916067.4359049797058105468750 HTTP/1.1" 200 31 "-" "WordPress/6.8.3; http://cqqizhou.com"
185.191.171.7 - - [28/Dec/2025:18:01:07 +0800] "GET /robots.txt HTTP/1.1" 200 190 "-" "Mozilla/5.0 (compatible; SemrushBot/7~bl; +http://www.semrush.com/bot.html)"
185.191.171.17 - - [28/Dec/2025:18:01:09 +0800] "GET /portfolio-category/dual-phase-steel/ HTTP/1.1" 200 21080 "-" "Mozilla/5.0 (compatible; SemrushBot/7~bl; +http://www.semrush.com/bot.html)"
91.224.92.121 - - [28/Dec/2025:18:03:53 +0800] "OPTIONS / HTTP/1.1" 405 552 "-" "Mozilla/5.0 (Windows NT 10.0; Win64; x64) AppleWebKit/537.36 (KHTML, like Gecko) Chrome/114.0.5735.199 Safari/537.36"
36.133.115.36 - - [28/Dec/2025:18:04:05 +0800] "POST /wp-cron.php?doing_wp_cron=1766916245.1567430496215820312500 HTTP/1.1" 200 31 "-" "WordPress/6.8.3; http://cqqizhou.com"
89.42.231.239 - - [28/Dec/2025:18:04:05 +0800] "GET /SDK/webLanguage HTTP/1.1" 301 5 "-" "Mozilla/5.0 (Windows NT 10.0; Win64; x64) AppleWebKit/537.36 (KHTML, like Gecko) Chrome/90.0.4430.85 Safari/537.36 Edg/90.0.818.46"
36.133.115.36 - - [28/Dec/2025:18:14:47 +0800] "POST /wp-cron.php?doing_wp_cron=1766916887.8280799388885498046875 HTTP/1.1" 200 31 "-" "WordPress/6.8.3; http://cqqizhou.com"
36.133.108.121 - - [28/Dec/2025:18:14:47 +0800] "HEAD /download/file.ext HTTP/1.1" 404 0 "-" "Mozilla/5.0 (Macintosh; U; Intel Mac OS X 10_6_6; es-es) AppleWebKit/533.20.25 (KHTML, like Gecko) Version/5.0.4 Safari/533.20.27"
43.130.57.46 - - [28/Dec/2025:18:14:49 +0800] "GET / HTTP/1.1" 200 33679 "-" "Mozilla/5.0 (iPhone; CPU iPhone OS 13_2_3 like Mac OS X) AppleWebKit/605.1.15 (KHTML, like Gecko) Version/13.0.3 Mobile/15E148 Safari/604.1"
36.133.115.36 - - [28/Dec/2025:18:21:20 +0800] "POST /wp-cron.php?doing_wp_cron=1766917280.7988131046295166015625 HTTP/1.1" 200 31 "-" "WordPress/6.8.3; http://cqqizhou.com"
210.87.91.38 - - [28/Dec/2025:18:21:20 +0800] "POST /xmlrpc.php HTTP/1.1" 200 217 "-" "Mozilla/5.0 (Windows NT 10.0; Win64; x64; rv:44.0) Gecko/20100101 Firefox/44.0"
198.244.226.158 - - [28/Dec/2025:18:22:03 +0800] "GET /2361/ HTTP/1.1" 200 24974 "-" "Mozilla/5.0 (compatible; AhrefsBot/7.0; +http://ahrefs.com/robot/)"
36.133.115.36 - - [28/Dec/2025:18:29:35 +0800] "POST /wp-cron.php?doing_wp_cron=1766917775.7060239315032958984375 HTTP/1.1" 200 31 "-" "WordPress/6.8.3; http://cqqizhou.com"
204.76.203.219 - - [28/Dec/2025:18:29:36 +0800] "GET / HTTP/1.1" 200 33679 "-" "Mozilla/5.0 (Windows NT 10.0; Win64; x64) AppleWebKit/537.36 (KHTML, like Gecko) Chrome/90.0.4430.85 Safari/537.36 Edg/90.0.818.46"
36.133.115.36 - - [28/Dec/2025:18:34:15 +0800] "POST /wp-cron.php?doing_wp_cron=1766918054.9825489521026611328125 HTTP/1.1" 200 31 "-" "WordPress/6.8.3; http://cqqizhou.com"
110.249.201.147 - - [28/Dec/2025:18:34:15 +0800] "GET /robots.txt HTTP/1.1" 200 190 "-" "Mozilla/5.0 (Linux; Android 5.0) AppleWebKit/537.36 (KHTML, like Gecko) Mobile Safari/537.36 (compatible; Bytespider; https://zhanzhang.toutiao.com/)"
36.133.115.36 - - [28/Dec/2025:18:58:01 +0800] "POST /wp-cron.php?doing_wp_cron=1766919481.8664610385894775390625 HTTP/1.1" 200 31 "-" "WordPress/6.8.3; http://cqqizhou.com"
204.76.203.212 - - [28/Dec/2025:18:58:02 +0800] "GET / HTTP/1.1" 200 33679 "-" "Mozilla/5.0 (Windows NT 10.0; Win64; x64) AppleWebKit/537.36 (KHTML, like Gecko) Chrome/90.0.4430.85 Safari/537.36 Edg/90.0.818.46"
36.133.115.36 - - [28/Dec/2025:18:59:24 +0800] "POST /wp-cron.php?doing_wp_cron=1766919564.3646171092987060546875 HTTP/1.1" 200 31 "-" "WordPress/6.8.3; http://cqqizhou.com"
52.167.144.216 - - [28/Dec/2025:18:59:24 +0800] "GET /?s=2026 HTTP/1.1" 200 17775 "-" "Mozilla/5.0 AppleWebKit/537.36 (KHTML, like Gecko; compatible; bingbot/2.0; +http://www.bing.com/bingbot.htm) Chrome/116.0.1938.76 Safari/537.36"
40.77.167.55 - - [28/Dec/2025:19:02:31 +0800] "GET /wp-content/uploads/2025/07/1753454299-Article_images_W900px.webp HTTP/1.1" 200 52418 "-" "Mozilla/5.0 AppleWebKit/537.36 (KHTML, like Gecko; compatible; bingbot/2.0; +http://www.bing.com/bingbot.htm) Chrome/116.0.1938.76 Safari/537.36"
36.133.115.36 - - [28/Dec/2025:19:07:20 +0800] "POST /wp-cron.php?doing_wp_cron=1766920040.2871260643005371093750 HTTP/1.1" 200 31 "-" "WordPress/6.8.3; http://cqqizhou.com"
134.122.71.153 - - [28/Dec/2025:19:07:20 +0800] "POST /xmlrpc.php HTTP/1.1" 200 217 "-" "Mozilla/5.0 (Windows NT 10.0; Win64; x64; rv:79.0) Gecko/20100101 Firefox/79.0"
205.210.31.10 - - [28/Dec/2025:19:12:43 +0800] "GET / HTTP/1.1" 200 153978 "-" "-"
36.133.115.36 - - [28/Dec/2025:19:19:45 +0800] "POST /wp-cron.php?doing_wp_cron=1766920785.6849110126495361328125 HTTP/1.1" 200 31 "-" "WordPress/6.8.3; http://cqqizhou.com"
38.46.221.123 - - [28/Dec/2025:19:19:45 +0800] "GET http://check.9tb.org/ HTTP/1.1" 301 5 "-" "Go-http-client/1.1"
38.46.221.123 - - [28/Dec/2025:19:19:46 +0800] "GET http://cqqizhou.com/ HTTP/1.1" 200 34109 "http://check.9tb.org" "Go-http-client/1.1"
204.76.203.219 - - [28/Dec/2025:19:19:49 +0800] "GET / HTTP/1.1" 200 33679 "-" "Mozilla/5.0 (Windows NT 10.0; Win64; x64) AppleWebKit/537.36 (KHTML, like Gecko) Chrome/90.0.4430.85 Safari/537.36 Edg/90.0.818.46"
36.133.115.36 - - [28/Dec/2025:19:22:41 +0800] "POST /wp-cron.php?doing_wp_cron=1766920961.0188190937042236328125 HTTP/1.1" 200 31 "-" "WordPress/6.8.3; http://cqqizhou.com"
195.201.199.99 - - [28/Dec/2025:19:22:41 +0800] "GET /robots.txt HTTP/1.1" 200 390 "-" "Mozilla/5.0 (compatible; MJ12bot/v1.4.8; http://mj12bot.com/)"
195.201.199.99 - - [28/Dec/2025:19:22:45 +0800] "GET /portfolio-tag/%E9%9E%8D%E9%92%A2%E8%92%82%E6%A3%AE/ HTTP/1.1" 200 22871 "-" "Mozilla/5.0 (compatible; MJ12bot/v1.4.8; http://mj12bot.com/)"
195.201.199.99 - - [28/Dec/2025:19:22:50 +0800] "GET /portfolio/%E5%86%B7%E8%BD%A7%E5%8D%B7/ HTTP/1.1" 200 22115 "-" "Mozilla/5.0 (compatible; MJ12bot/v1.4.8; http://mj12bot.com/)"
195.201.199.99 - - [28/Dec/2025:19:22:53 +0800] "GET /portfolio/%E5%86%B7%E8%BD%A7%E6%9D%BF/ HTTP/1.1" 200 22137 "-" "Mozilla/5.0 (compatible; MJ12bot/v1.4.8; http://mj12bot.com/)"
36.133.115.36 - - [28/Dec/2025:19:24:19 +0800] "POST /wp-cron.php?doing_wp_cron=1766921059.8180060386657714843750 HTTP/1.1" 200 31 "-" "WordPress/6.8.3; http://cqqizhou.com"
114.119.145.140 - - [28/Dec/2025:19:24:19 +0800] "GET /wp-sitemap.xml HTTP/1.1" 501 253 "-" "Mozilla/5.0 (Linux; Android 7.0;) AppleWebKit/537.36 (KHTML, like Gecko) Mobile Safari/537.36 (compatible; PetalBot;+https://webmaster.petalsearch.com/site/petalbot)"
36.133.115.36 - - [28/Dec/2025:19:29:17 +0800] "POST /wp-cron.php?doing_wp_cron=1766921357.8654310703277587890625 HTTP/1.1" 200 31 "-" "WordPress/6.8.3; http://cqqizhou.com"
114.119.146.179 - - [28/Dec/2025:19:29:17 +0800] "GET /wp-sitemap.xml HTTP/1.1" 501 253 "-" "Mozilla/5.0 (Linux; Android 7.0;) AppleWebKit/537.36 (KHTML, like Gecko) Mobile Safari/537.36 (compatible; PetalBot;+https://webmaster.petalsearch.com/site/petalbot)"
36.133.115.36 - - [28/Dec/2025:19:31:48 +0800] "POST /wp-cron.php?doing_wp_cron=1766921508.3895220756530761718750 HTTP/1.1" 200 31 "-" "WordPress/6.8.3; http://cqqizhou.com"
74.7.227.147 - - [28/Dec/2025:19:31:48 +0800] "GET /wp-sitemap.xml HTTP/1.1" 501 253 "-" "Mozilla/5.0 AppleWebKit/537.36 (KHTML, like Gecko; compatible; GPTBot/1.3; +https://openai.com/gptbot)"
74.7.228.41 - - [28/Dec/2025:19:31:50 +0800] "GET /robots.txt HTTP/1.1" 200 190 "-" "Mozilla/5.0 (Macintosh; Intel Mac OS X 10_15_7) AppleWebKit/537.36 (KHTML, like Gecko) Chrome/131.0.0.0 Safari/537.36; compatible; OAI-SearchBot/1.3; robots.txt; +https://openai.com/searchbot"
36.133.115.36 - - [28/Dec/2025:19:35:45 +0800] "POST /wp-cron.php?doing_wp_cron=1766921745.3751630783081054687500 HTTP/1.1" 200 31 "-" "WordPress/6.8.3; http://cqqizhou.com"
114.119.140.87 - - [28/Dec/2025:19:35:45 +0800] "GET /wp-sitemap.xml HTTP/1.1" 501 253 "-" "Mozilla/5.0 (Linux; Android 7.0;) AppleWebKit/537.36 (KHTML, like Gecko) Mobile Safari/537.36 (compatible; PetalBot;+https://webmaster.petalsearch.com/site/petalbot)"
36.133.115.36 - - [28/Dec/2025:19:39:18 +0800] "POST /wp-cron.php?doing_wp_cron=1766921958.5809609889984130859375 HTTP/1.1" 200 31 "-" "WordPress/6.8.3; http://cqqizhou.com"
114.119.132.88 - - [28/Dec/2025:19:39:18 +0800] "GET /wp-sitemap.xml HTTP/1.1" 501 253 "-" "Mozilla/5.0 (Linux; Android 7.0;) AppleWebKit/537.36 (KHTML, like Gecko) Mobile Safari/537.36 (compatible; PetalBot;+https://webmaster.petalsearch.com/site/petalbot)"
36.133.115.36 - - [28/Dec/2025:19:39:54 +0800] "POST /wp-cron.php?doing_wp_cron=1766921994.2720420360565185546875 HTTP/1.1" 200 31 "-" "WordPress/6.8.3; http://cqqizhou.com"
74.225.247.240 - - [28/Dec/2025:19:39:54 +0800] "GET /index.php HTTP/1.1" 301 5 "-" "-"
74.225.247.240 - - [28/Dec/2025:19:39:54 +0800] "GET / HTTP/1.1" 200 153978 "-" "-"
74.225.247.240 - - [28/Dec/2025:19:39:54 +0800] "GET /wp-content/themes/ HTTP/1.1" 200 5 "-" "-"
74.225.247.240 - - [28/Dec/2025:19:39:55 +0800] "GET /wp-content/upgrade/index.php HTTP/1.1" 404 27 "-" "-"
74.225.247.240 - - [28/Dec/2025:19:39:55 +0800] "GET /wp-includes/SimplePie/about.php HTTP/1.1" 404 27 "-" "-"
74.225.247.240 - - [28/Dec/2025:19:39:55 +0800] "GET /assets/images/ HTTP/1.1" 404 31364 "-" "-"
74.225.247.240 - - [28/Dec/2025:19:39:56 +0800] "GET /cc.php HTTP/1.1" 404 27 "-" "-"
20.83.49.34 - - [28/Dec/2025:19:39:56 +0800] "GET /developmentserver/metadatauploader HTTP/1.1" 404 8980 "-" "Mozilla/5.0 zgrab/0.x"
74.225.247.240 - - [28/Dec/2025:19:39:56 +0800] "GET /cgi-bin/ HTTP/1.1" 404 31364 "-" "-"
74.225.247.240 - - [28/Dec/2025:19:39:57 +0800] "GET /wp-includes/php-compat/ HTTP/1.1" 403 146 "-" "-"
74.225.247.240 - - [28/Dec/2025:19:39:57 +0800] "GET /classwithtostring.php HTTP/1.1" 404 27 "-" "-"
74.225.247.240 - - [28/Dec/2025:19:39:57 +0800] "GET /wp-content/upgrade/ HTTP/1.1" 403 146 "-" "-"
74.225.247.240 - - [28/Dec/2025:19:39:57 +0800] "GET /wp-includes/blocks/post-author-name/ HTTP/1.1" 403 146 "-" "-"
74.225.247.240 - - [28/Dec/2025:19:39:57 +0800] "GET /wp-includes/assets/autoload_classmap.php HTTP/1.1" 404 27 "-" "-"
74.225.247.240 - - [28/Dec/2025:19:39:57 +0800] "GET /wp-includes/css/ HTTP/1.1" 403 146 "-" "-"
74.225.247.240 - - [28/Dec/2025:19:39:58 +0800] "GET /wso.php HTTP/1.1" 404 27 "-" "-"
74.225.247.240 - - [28/Dec/2025:19:39:58 +0800] "GET /gecko.php HTTP/1.1" 404 27 "-" "-"
74.225.247.240 - - [28/Dec/2025:19:39:58 +0800] "GET /wp-includes/images/ HTTP/1.1" 403 146 "-" "-"
74.225.247.240 - - [28/Dec/2025:19:39:58 +0800] "GET /admin/controller/extension/extension/vx.php HTTP/1.1" 404 27 "-" "-"
74.225.247.240 - - [28/Dec/2025:19:39:58 +0800] "GET /wp-content/plugins/autoload_classmap.php HTTP/1.1" 404 27 "-" "-"
74.225.247.240 - - [28/Dec/2025:19:39:58 +0800] "GET /wp-includes/random_compat/vx.php HTTP/1.1" 404 27 "-" "-"
74.225.247.240 - - [28/Dec/2025:19:39:58 +0800] "GET /wp-admin/images/index.php HTTP/1.1" 404 27 "-" "-"
74.225.247.240 - - [28/Dec/2025:19:39:58 +0800] "GET /wp-content/about.php HTTP/1.1" 404 27 "-" "-"
74.225.247.240 - - [28/Dec/2025:19:39:59 +0800] "GET /wp-admin.php HTTP/1.1" 404 27 "-" "-"
74.225.247.240 - - [28/Dec/2025:19:39:59 +0800] "GET /wp-includes/Text/Diff/Engine/vx.php HTTP/1.1" 404 27 "-" "-"
74.225.247.240 - - [28/Dec/2025:19:39:59 +0800] "GET /wp-includes/assets/vx.php HTTP/1.1" 404 27 "-" "-"
74.225.247.240 - - [28/Dec/2025:19:39:59 +0800] "GET /xx.php HTTP/1.1" 404 27 "-" "-"
74.225.247.240 - - [28/Dec/2025:19:39:59 +0800] "GET /assets/vx.php HTTP/1.1" 404 27 "-" "-"
74.225.247.240 - - [28/Dec/2025:19:39:59 +0800] "GET /wp-includes/PHPMailer/index.php HTTP/1.1" 404 27 "-" "-"
74.225.247.240 - - [28/Dec/2025:19:39:59 +0800] "GET /wp-links.php HTTP/1.1" 404 27 "-" "-"
74.225.247.240 - - [28/Dec/2025:19:39:59 +0800] "GET /404.php HTTP/1.1" 404 27 "-" "-"
74.225.247.240 - - [28/Dec/2025:19:39:59 +0800] "GET /wp-content/plugins/about.php HTTP/1.1" 404 27 "-" "-"
74.225.247.240 - - [28/Dec/2025:19:40:00 +0800] "GET /wp-includes/Text/autoload_classmap.php/.well-known/acme-challenge/file.php HTTP/1.1" 404 27 "-" "-"
74.225.247.240 - - [28/Dec/2025:19:40:00 +0800] "GET /wp-includes/style-engine/ HTTP/1.1" 403 146 "-" "-"
74.225.247.240 - - [28/Dec/2025:19:40:00 +0800] "GET /0.php HTTP/1.1" 404 27 "-" "-"
74.225.247.240 - - [28/Dec/2025:19:40:00 +0800] "GET /1.php HTTP/1.1" 404 27 "-" "-"
74.225.247.240 - - [28/Dec/2025:19:40:00 +0800] "GET /admin/controller/extension/extension/ultra.php HTTP/1.1" 404 27 "-" "-"
74.225.247.240 - - [28/Dec/2025:19:40:00 +0800] "GET /images/images/vx.php HTTP/1.1" 404 27 "-" "-"
74.225.247.240 - - [28/Dec/2025:19:40:00 +0800] "GET /.well-known/error.php HTTP/1.1" 404 27 "-" "-"
74.225.247.240 - - [28/Dec/2025:19:40:00 +0800] "GET /mah.php HTTP/1.1" 404 27 "-" "-"
74.225.247.240 - - [28/Dec/2025:19:40:01 +0800] "GET /wp-admin/css/colors/midnight/ HTTP/1.1" 403 146 "-" "-"
74.225.247.240 - - [28/Dec/2025:19:40:01 +0800] "GET /wp-includes/bk/ HTTP/1.1" 404 31364 "-" "-"
74.225.247.240 - - [28/Dec/2025:19:40:02 +0800] "GET /12.php HTTP/1.1" 404 27 "-" "-"
74.225.247.240 - - [28/Dec/2025:19:40:02 +0800] "GET /403.php HTTP/1.1" 404 27 "-" "-"
74.225.247.240 - - [28/Dec/2025:19:40:02 +0800] "GET /dropdown.php HTTP/1.1" 404 27 "-" "-"
74.225.247.240 - - [28/Dec/2025:19:40:02 +0800] "GET /wp-content/languages/ HTTP/1.1" 403 146 "-" "-"
74.225.247.240 - - [28/Dec/2025:19:40:03 +0800] "GET /wp-includes/SimplePie/XML/ HTTP/1.1" 404 31364 "-" "-"
74.225.247.240 - - [28/Dec/2025:19:40:03 +0800] "GET /wp-includes/sitemaps/providers/ HTTP/1.1" 403 146 "-" "-"
74.225.247.240 - - [28/Dec/2025:19:40:03 +0800] "GET /app.php HTTP/1.1" 404 27 "-" "-"
74.225.247.240 - - [28/Dec/2025:19:40:03 +0800] "GET /wp-admin/includes/about.php HTTP/1.1" 404 27 "-" "-"
74.225.247.240 - - [28/Dec/2025:19:40:03 +0800] "GET /wp-includes/block-patterns/autoload_classmap.php HTTP/1.1" 404 27 "-" "-"
74.225.247.240 - - [28/Dec/2025:19:40:03 +0800] "GET /wp-includes/js/tinymce/plugins/colorpicker/wp-login.php HTTP/1.1" 404 27 "-" "-"
74.225.247.240 - - [28/Dec/2025:19:40:04 +0800] "GET /wp-trackback.php HTTP/1.1" 404 140 "-" "-"
74.225.247.240 - - [28/Dec/2025:19:40:04 +0800] "GET /xmrlpc.php HTTP/1.1" 404 27 "-" "-"
74.225.247.240 - - [28/Dec/2025:19:40:04 +0800] "GET /wp-admin/css/colors/blue/vx.php HTTP/1.1" 404 27 "-" "-"
74.225.247.240 - - [28/Dec/2025:19:40:04 +0800] "GET /wp-admin/css/vx.php HTTP/1.1" 404 27 "-" "-"
74.225.247.240 - - [28/Dec/2025:19:40:05 +0800] "GET /wp-includes/Text/Diff/Renderer/index.php HTTP/1.1" 404 27 "-" "-"
74.225.247.240 - - [28/Dec/2025:19:40:05 +0800] "GET /about/function.php HTTP/1.1" 404 27 "-" "-"
74.225.247.240 - - [28/Dec/2025:19:40:05 +0800] "GET /admin-header.php HTTP/1.1" 404 27 "-" "-"
74.225.247.240 - - [28/Dec/2025:19:40:05 +0800] "GET /config.php HTTP/1.1" 404 27 "-" "-"
74.225.247.240 - - [28/Dec/2025:19:40:05 +0800] "GET /wp-admin/product.php HTTP/1.1" 404 27 "-" "-"
74.225.247.240 - - [28/Dec/2025:19:40:05 +0800] "GET /wp-content/uploads/2025/ HTTP/1.1" 403 146 "-" "-"
74.225.247.240 - - [28/Dec/2025:19:40:05 +0800] "GET /wp-includes/customize/vx.php HTTP/1.1" 404 27 "-" "-"
74.225.247.240 - - [28/Dec/2025:19:40:05 +0800] "GET /autoload_classmap.php HTTP/1.1" 404 27 "-" "-"
74.225.247.240 - - [28/Dec/2025:19:40:06 +0800] "GET /wp-includes/block-bindings/vx.php HTTP/1.1" 404 27 "-" "-"
74.225.247.240 - - [28/Dec/2025:19:40:06 +0800] "GET /.well-known/acme-challenge/index.php HTTP/1.1" 404 27 "-" "-"
74.225.247.240 - - [28/Dec/2025:19:40:06 +0800] "GET /async-upload.php HTTP/1.1" 404 27 "-" "-"
74.225.247.240 - - [28/Dec/2025:19:40:06 +0800] "GET /test.php HTTP/1.1" 404 27 "-" "-"
74.225.247.240 - - [28/Dec/2025:19:40:06 +0800] "GET /wp-content/plugins/admin.php HTTP/1.1" 404 27 "-" "-"
74.225.247.240 - - [28/Dec/2025:19:40:06 +0800] "GET /wp-content/themes/pridmag/db.php?u HTTP/1.1" 404 27 "-" "-"
74.225.247.240 - - [28/Dec/2025:19:40:06 +0800] "GET /wp-includes/block-supports/vx.php HTTP/1.1" 404 27 "-" "-"
74.225.247.240 - - [28/Dec/2025:19:40:06 +0800] "GET /admin.php HTTP/1.1" 404 27 "-" "-"
74.225.247.240 - - [28/Dec/2025:19:40:06 +0800] "GET /ar.php HTTP/1.1" 404 27 "-" "-"
74.225.247.240 - - [28/Dec/2025:19:40:07 +0800] "GET /wp-includes/IXR/ HTTP/1.1" 403 146 "-" "-"
74.225.247.240 - - [28/Dec/2025:19:40:07 +0800] "GET /.tmb/wp-login.php HTTP/1.1" 404 27 "-" "-"
74.225.247.240 - - [28/Dec/2025:19:40:07 +0800] "GET /link.php HTTP/1.1" 404 27 "-" "-"
74.225.247.240 - - [28/Dec/2025:19:40:07 +0800] "GET /wp-admin/network/vx.php HTTP/1.1" 404 27 "-" "-"
74.225.247.240 - - [28/Dec/2025:19:40:07 +0800] "GET /wp-includes/js/tinymce/plugins/fullscreen/ HTTP/1.1" 403 146 "-" "-"
74.225.247.240 - - [28/Dec/2025:19:40:07 +0800] "GET /abcd.php HTTP/1.1" 404 27 "-" "-"
74.225.247.240 - - [28/Dec/2025:19:40:08 +0800] "GET /adminfuns.php/.well-known/acme-challenge/file.php HTTP/1.1" 404 27 "-" "-"
74.225.247.240 - - [28/Dec/2025:19:40:08 +0800] "GET /k.php HTTP/1.1" 404 27 "-" "-"
74.225.247.240 - - [28/Dec/2025:19:40:08 +0800] "GET /wp-includes/images/vx.php HTTP/1.1" 404 27 "-" "-"
74.225.247.240 - - [28/Dec/2025:19:40:08 +0800] "GET /wp-content/uploads/vx.php HTTP/1.1" 404 27 "-" "-"
74.225.247.240 - - [28/Dec/2025:19:40:08 +0800] "GET /wp-includes/Requests/index.php HTTP/1.1" 404 27 "-" "-"
74.225.247.240 - - [28/Dec/2025:19:40:08 +0800] "GET /update/gely.php HTTP/1.1" 404 27 "-" "-"
74.225.247.240 - - [28/Dec/2025:19:40:08 +0800] "GET /wp-admin/images/vx.php HTTP/1.1" 404 27 "-" "-"
74.225.247.240 - - [28/Dec/2025:19:40:08 +0800] "GET /wp-content/uploads/index.php HTTP/1.1" 404 27 "-" "-"
74.225.247.240 - - [28/Dec/2025:19:40:09 +0800] "GET /wp-includes/Text/Diff/ HTTP/1.1" 403 146 "-" "-"
74.225.247.240 - - [28/Dec/2025:19:40:09 +0800] "GET /wp-includes/admin.php HTTP/1.1" 404 27 "-" "-"
74.225.247.240 - - [28/Dec/2025:19:40:09 +0800] "GET /wp.php HTTP/1.1" 404 27 "-" "-"
74.225.247.240 - - [28/Dec/2025:19:40:09 +0800] "GET /wp-admin/classwithtostring.php HTTP/1.1" 404 27 "-" "-"
74.225.247.240 - - [28/Dec/2025:19:40:09 +0800] "GET /wp-includes/PHPMailer/vx.php HTTP/1.1" 404 27 "-" "-"
74.225.247.240 - - [28/Dec/2025:19:40:09 +0800] "GET /wp-includes/block-supports/ HTTP/1.1" 403 146 "-" "-"
74.225.247.240 - - [28/Dec/2025:19:40:09 +0800] "GET /menu.php HTTP/1.1" 404 27 "-" "-"
74.225.247.240 - - [28/Dec/2025:19:40:09 +0800] "GET /wp-admin/css/colors/ HTTP/1.1" 403 146 "-" "-"
74.225.247.240 - - [28/Dec/2025:19:40:09 +0800] "GET /wp-content/themes/about.php HTTP/1.1" 404 27 "-" "-"
74.225.247.240 - - [28/Dec/2025:19:40:10 +0800] "GET /fx.php HTTP/1.1" 404 27 "-" "-"
74.225.247.240 - - [28/Dec/2025:19:40:10 +0800] "GET /assets/images/about.php HTTP/1.1" 404 27 "-" "-"
74.225.247.240 - - [28/Dec/2025:19:40:10 +0800] "GET /c.php HTTP/1.1" 404 27 "-" "-"
74.225.247.240 - - [28/Dec/2025:19:40:10 +0800] "GET /db6d0/vx.php HTTP/1.1" 404 27 "-" "-"
74.225.247.240 - - [28/Dec/2025:19:40:10 +0800] "GET /wp-content/admin.php HTTP/1.1" 404 27 "-" "-"
74.225.247.240 - - [28/Dec/2025:19:40:10 +0800] "GET /wp-content/themes/chosen.php HTTP/1.1" 404 27 "-" "-"
74.225.247.240 - - [28/Dec/2025:19:40:10 +0800] "GET /about.php HTTP/1.1" 404 27 "-" "-"
74.225.247.240 - - [28/Dec/2025:19:40:11 +0800] "GET /wp-signin.php HTTP/1.1" 404 27 "-" "-"
74.225.247.240 - - [28/Dec/2025:19:40:11 +0800] "GET /xmldoc/vx.php HTTP/1.1" 404 27 "-" "-"
74.225.247.240 - - [28/Dec/2025:19:40:11 +0800] "GET /wp-admin/js/autoload_classmap.php HTTP/1.1" 404 27 "-" "-"
74.225.247.240 - - [28/Dec/2025:19:40:11 +0800] "GET /content.php HTTP/1.1" 404 27 "-" "-"
74.225.247.240 - - [28/Dec/2025:19:40:11 +0800] "GET /ee.php HTTP/1.1" 404 27 "-" "-"
74.225.247.240 - - [28/Dec/2025:19:40:11 +0800] "GET /vx.php HTTP/1.1" 404 27 "-" "-"
74.225.247.240 - - [28/Dec/2025:19:40:11 +0800] "GET /wp-admin/js/ HTTP/1.1" 403 146 "-" "-"
74.225.247.240 - - [28/Dec/2025:19:40:11 +0800] "GET /wp-admin/maint/ HTTP/1.1" 403 146 "-" "-"
74.225.247.240 - - [28/Dec/2025:19:40:12 +0800] "GET /gecko-new.php HTTP/1.1" 404 27 "-" "-"
74.225.247.240 - - [28/Dec/2025:19:40:12 +0800] "GET /wp-content/themes/pridmag/vx.php HTTP/1.1" 404 27 "-" "-"
74.225.247.240 - - [28/Dec/2025:19:40:12 +0800] "GET /wp-includes/Text/ HTTP/1.1" 403 146 "-" "-"
74.225.247.240 - - [28/Dec/2025:19:40:12 +0800] "GET /wp-includes/js/dist/development/ HTTP/1.1" 403 146 "-" "-"
74.225.247.240 - - [28/Dec/2025:19:40:13 +0800] "GET /.well-known/ HTTP/1.1" 404 31364 "-" "-"
74.225.247.240 - - [28/Dec/2025:19:40:13 +0800] "GET /gg.php HTTP/1.1" 404 27 "-" "-"
74.225.247.240 - - [28/Dec/2025:19:40:13 +0800] "GET /ioxi-o.php HTTP/1.1" 404 27 "-" "-"
74.225.247.240 - - [28/Dec/2025:19:40:16 +0800] "GET /wp-admin/network/admin.php HTTP/1.1" 302 5 "-" "-"
74.225.247.240 - - [28/Dec/2025:19:40:17 +0800] "GET /wp-login.php?redirect_to=http%3A%2F%2Fcqqizhou.com%2Fwp-admin%2Fnetwork%2Fadmin.php&reauth=1 HTTP/1.1" 200 8689 "-" "-"
74.225.247.240 - - [28/Dec/2025:19:40:17 +0800] "GET /admin.php/.well-known/acme-challenge/file.php HTTP/1.1" 404 27 "-" "-"
74.225.247.240 - - [28/Dec/2025:19:40:17 +0800] "GET /adminfuns.php?attempt=1 HTTP/1.1" 404 27 "-" "-"
74.225.247.240 - - [28/Dec/2025:19:40:17 +0800] "GET /wp-content/index.php HTTP/1.1" 200 5 "-" "-"
74.225.247.240 - - [28/Dec/2025:19:40:18 +0800] "GET /wp-includes/images/crystal/ HTTP/1.1" 403 146 "-" "-"
74.225.247.240 - - [28/Dec/2025:19:40:18 +0800] "GET /function/function.php HTTP/1.1" 404 27 "-" "-"
74.225.247.240 - - [28/Dec/2025:19:40:18 +0800] "GET /wp-admin/css/colors/ocean/vx.php HTTP/1.1" 404 27 "-" "-"
74.225.247.240 - - [28/Dec/2025:19:40:18 +0800] "GET /wp-content/vx.php HTTP/1.1" 404 27 "-" "-"
