121.199.163.16 - - [14/Dec/2025:05:02:54 +0800] "GET / HTTP/1.0" 301 0 "-" "-"
121.199.163.16 - - [14/Dec/2025:05:03:04 +0800] "GET / HTTP/1.0" 301 0 "-" "-"
121.199.163.16 - - [14/Dec/2025:05:03:04 +0800] "GET /nmaplowercheck1765659781 HTTP/1.1" 404 31364 "-" "Mozilla/5.0 (compatible; Nmap Scripting Engine; https://nmap.org/book/nse.html)"
121.199.163.16 - - [14/Dec/2025:05:03:05 +0800] "POST /sdk HTTP/1.1" 404 31364 "-" "Mozilla/5.0 (compatible; Nmap Scripting Engine; https://nmap.org/book/nse.html)"
121.199.163.16 - - [14/Dec/2025:05:03:05 +0800] "GET /evox/about HTTP/1.1" 404 31364 "-" "Mozilla/5.0 (compatible; Nmap Scripting Engine; https://nmap.org/book/nse.html)"
121.199.163.16 - - [14/Dec/2025:05:03:05 +0800] "GET /HNAP1 HTTP/1.1" 404 31364 "-" "Mozilla/5.0 (compatible; Nmap Scripting Engine; https://nmap.org/book/nse.html)"
121.199.163.16 - - [14/Dec/2025:05:03:15 +0800] "GET / HTTP/1.0" 301 0 "-" "-"
121.199.163.16 - - [14/Dec/2025:05:03:15 +0800] "GET / HTTP/1.1" 301 5 "-" "-"
36.133.115.36 - - [14/Dec/2025:05:06:58 +0800] "POST /wp-cron.php?doing_wp_cron=1765660018.1534240245819091796875 HTTP/1.1" 200 31 "-" "WordPress/6.8.3; http://cqqizhou.com"
20.65.154.117 - - [14/Dec/2025:05:06:58 +0800] "GET / HTTP/1.1" 301 5 "-" "Mozilla/5.0 zgrab/0.x"
36.133.115.36 - - [14/Dec/2025:05:20:10 +0800] "POST /wp-cron.php?doing_wp_cron=1765660810.4307630062103271484375 HTTP/1.1" 200 31 "-" "WordPress/6.8.3; http://cqqizhou.com"
38.58.179.181 - - [14/Dec/2025:05:20:10 +0800] "GET http://check.9tb.org/ HTTP/1.1" 301 5 "-" "Mozilla/5.0 (Windows NT 10.0; Win64; x64) AppleWebKit/537.36"
38.58.179.181 - - [14/Dec/2025:05:20:10 +0800] "GET http://cqqizhou.com/ HTTP/1.1" 200 34106 "http://check.9tb.org" "Mozilla/5.0 (Windows NT 10.0; Win64; x64) AppleWebKit/537.36"
36.133.115.36 - - [14/Dec/2025:05:38:19 +0800] "POST /wp-cron.php?doing_wp_cron=1765661899.8877499103546142578125 HTTP/1.1" 200 31 "-" "WordPress/6.8.3; http://cqqizhou.com"
204.76.203.212 - - [14/Dec/2025:05:38:20 +0800] "GET / HTTP/1.1" 200 33673 "-" "Mozilla/5.0 (Windows NT 10.0; Win64; x64) AppleWebKit/537.36 (KHTML, like Gecko) Chrome/90.0.4430.85 Safari/537.36 Edg/90.0.818.46"
36.133.115.36 - - [14/Dec/2025:05:44:34 +0800] "POST /wp-cron.php?doing_wp_cron=1765662274.3136799335479736328125 HTTP/1.1" 200 31 "-" "WordPress/6.8.3; http://cqqizhou.com"
216.244.66.245 - - [14/Dec/2025:05:44:34 +0800] "GET /robots.txt HTTP/1.1" 200 390 "-" "Mozilla/5.0 (compatible; DotBot/1.2; +https://opensiteexplorer.org/dotbot; help@moz.com)"
216.244.66.245 - - [14/Dec/2025:05:51:19 +0800] "GET /2155/ HTTP/1.1" 200 97241 "-" "Mozilla/5.0 (compatible; DotBot/1.2; +https://opensiteexplorer.org/dotbot; help@moz.com)"
36.133.115.36 - - [14/Dec/2025:06:03:58 +0800] "POST /wp-cron.php?doing_wp_cron=1765663438.5086789131164550781250 HTTP/1.1" 200 31 "-" "WordPress/6.8.3; http://cqqizhou.com"
43.164.197.177 - - [14/Dec/2025:06:03:58 +0800] "GET / HTTP/1.1" 200 33674 "-" "Mozilla/5.0 (iPhone; CPU iPhone OS 13_2_3 like Mac OS X) AppleWebKit/605.1.15 (KHTML, like Gecko) Version/13.0.3 Mobile/15E148 Safari/604.1"
45.135.194.23 - - [14/Dec/2025:06:04:36 +0800] "GET / HTTP/1.1" 200 152290 "-" "-"
36.133.115.36 - - [14/Dec/2025:06:24:58 +0800] "POST /wp-cron.php?doing_wp_cron=1765664698.3601839542388916015625 HTTP/1.1" 200 31 "-" "WordPress/6.8.3; http://cqqizhou.com"
141.98.11.140 - - [14/Dec/2025:06:24:59 +0800] "GET / HTTP/1.1" 200 152290 "-" "-"
36.133.115.36 - - [14/Dec/2025:06:27:07 +0800] "POST /wp-cron.php?doing_wp_cron=1765664827.7989439964294433593750 HTTP/1.1" 200 31 "-" "WordPress/6.8.3; http://cqqizhou.com"
193.142.147.209 - - [14/Dec/2025:06:27:07 +0800] "GET /cgi-bin/luci/;stok=/locale HTTP/1.1" 301 5 "-" "-"
193.142.147.209 - - [14/Dec/2025:06:27:09 +0800] "GET /cgi-bin/luci/;stok=/locale HTTP/1.1" 404 31364 "http://36.133.115.36:80/cgi-bin/luci/;stok=/locale" "-"
204.76.203.212 - - [14/Dec/2025:06:27:26 +0800] "GET / HTTP/1.1" 200 33674 "-" "Mozilla/5.0 (Windows NT 10.0; Win64; x64) AppleWebKit/537.36 (KHTML, like Gecko) Chrome/90.0.4430.85 Safari/537.36 Edg/90.0.818.46"
36.133.115.36 - - [14/Dec/2025:06:37:13 +0800] "POST /wp-cron.php?doing_wp_cron=1765665433.8747251033782958984375 HTTP/1.1" 200 31 "-" "WordPress/6.8.3; http://cqqizhou.com"
39.191.209.30 - - [14/Dec/2025:06:37:13 +0800] "GET http://js-live-screenshot.gitv.tv/gitv_live/G_CCTV-1-HQ/G_CCTV-1-HQ.m3u8 HTTP/1.1" 404 31364 "-" "ZTE/1.0.33"
199.127.63.154 - - [14/Dec/2025:06:37:18 +0800] "GET /robots.txt HTTP/1.0" 200 378 "-" "xfa1"
36.133.115.36 - - [14/Dec/2025:07:02:48 +0800] "POST /wp-cron.php?doing_wp_cron=1765666968.1026248931884765625000 HTTP/1.1" 200 31 "-" "WordPress/6.8.3; http://cqqizhou.com"
149.50.103.48 - - [14/Dec/2025:07:02:48 +0800] "GET / HTTP/1.1" 200 33673 "-" "Mozilla/5.0 (Windows NT 10.0; Win64; x64) AppleWebKit/537.36 (KHTML, like Gecko) Chrome/90.0.4430.85 Safari/537.36 Edg/90.0.818.46"
36.133.115.36 - - [14/Dec/2025:07:15:25 +0800] "POST /wp-cron.php?doing_wp_cron=1765667725.7989609241485595703125 HTTP/1.1" 200 31 "-" "WordPress/6.8.3; http://cqqizhou.com"
204.76.203.212 - - [14/Dec/2025:07:15:26 +0800] "GET / HTTP/1.1" 200 33674 "-" "Mozilla/5.0 (Windows NT 10.0; Win64; x64) AppleWebKit/537.36 (KHTML, like Gecko) Chrome/90.0.4430.85 Safari/537.36 Edg/90.0.818.46"
36.133.115.36 - - [14/Dec/2025:07:15:53 +0800] "POST /wp-cron.php?doing_wp_cron=1765667753.8800799846649169921875 HTTP/1.1" 200 31 "-" "WordPress/6.8.3; http://cqqizhou.com"
176.31.139.29 - - [14/Dec/2025:07:15:53 +0800] "GET /robots.txt HTTP/1.1" 200 190 "-" "Mozilla/5.0 (compatible; AhrefsBot/7.0; +http://ahrefs.com/robot/)"
94.23.188.215 - - [14/Dec/2025:07:15:57 +0800] "GET /portfolio-category/dual-phase-steel/ HTTP/1.1" 200 21036 "-" "Mozilla/5.0 (compatible; AhrefsBot/7.0; +http://ahrefs.com/robot/)"
36.133.115.36 - - [14/Dec/2025:07:18:36 +0800] "POST /wp-cron.php?doing_wp_cron=1765667916.5530440807342529296875 HTTP/1.1" 200 31 "-" "WordPress/6.8.3; http://cqqizhou.com"
216.244.66.245 - - [14/Dec/2025:07:18:36 +0800] "GET /robots.txt HTTP/1.1" 200 390 "-" "Mozilla/5.0 (compatible; DotBot/1.2; +https://opensiteexplorer.org/dotbot; help@moz.com)"
165.154.228.227 - - [14/Dec/2025:07:18:59 +0800] "GET / HTTP/1.1" 200 153978 "-" "Mozilla/5.0 (Windows NT 10.0; Win64; x64) AppleWebKit/537.36 (KHTML, like Gecko) Chrome/125.0.0.0 Safari/537.36"
36.133.115.36 - - [14/Dec/2025:07:19:03 +0800] "POST /wp-cron.php?doing_wp_cron=1765667943.5407259464263916015625 HTTP/1.1" 200 31 "-" "WordPress/6.8.3; http://cqqizhou.com"
165.154.228.227 - - [14/Dec/2025:07:19:03 +0800] "GET /robots.txt HTTP/1.1" 301 5 "-" "Go-http-client/1.1"
165.154.228.227 - - [14/Dec/2025:07:19:04 +0800] "GET /robots.txt HTTP/1.1" 200 190 "http://cqqizhou.com:80/robots.txt" "Go-http-client/1.1"
216.244.66.245 - - [14/Dec/2025:07:26:22 +0800] "GET /news/page/2/ HTTP/1.1" 200 80095 "-" "Mozilla/5.0 (compatible; DotBot/1.2; +https://opensiteexplorer.org/dotbot; help@moz.com)"
36.133.115.36 - - [14/Dec/2025:07:37:47 +0800] "POST /wp-cron.php?doing_wp_cron=1765669067.7706089019775390625000 HTTP/1.1" 200 31 "-" "WordPress/6.8.3; http://cqqizhou.com"
5.187.35.156 - - [14/Dec/2025:07:37:48 +0800] "GET / HTTP/1.1" 200 33674 "-" "Mozilla/5.0 (Windows NT 10.0; Win64; x64) AppleWebKit/537.36 (KHTML, like Gecko) Chrome/90.0.4430.85 Safari/537.36 Edg/90.0.818.46"
36.133.115.36 - - [14/Dec/2025:07:54:15 +0800] "POST /wp-cron.php?doing_wp_cron=1765670055.1672930717468261718750 HTTP/1.1" 200 31 "-" "WordPress/6.8.3; http://cqqizhou.com"
35.195.241.97 - - [14/Dec/2025:07:54:15 +0800] "GET / HTTP/1.1" 301 5 "-" "python-requests/2.32.5"
36.133.115.36 - - [14/Dec/2025:07:55:17 +0800] "POST /wp-cron.php?doing_wp_cron=1765670117.7577350139617919921875 HTTP/1.1" 200 31 "-" "WordPress/6.8.3; http://cqqizhou.com"
43.156.156.96 - - [14/Dec/2025:07:55:18 +0800] "GET / HTTP/1.1" 200 33673 "-" "Mozilla/5.0 (iPhone; CPU iPhone OS 13_2_3 like Mac OS X) AppleWebKit/605.1.15 (KHTML, like Gecko) Version/13.0.3 Mobile/15E148 Safari/604.1"
36.133.115.36 - - [14/Dec/2025:08:02:53 +0800] "POST /wp-cron.php?doing_wp_cron=1765670573.6180830001831054687500 HTTP/1.1" 200 31 "-" "WordPress/6.8.3; http://cqqizhou.com"
204.76.203.212 - - [14/Dec/2025:08:02:53 +0800] "GET / HTTP/1.1" 200 33674 "-" "Mozilla/5.0 (Windows NT 10.0; Win64; x64) AppleWebKit/537.36 (KHTML, like Gecko) Chrome/90.0.4430.85 Safari/537.36 Edg/90.0.818.46"
36.133.115.36 - - [14/Dec/2025:08:08:32 +0800] "POST /wp-cron.php?doing_wp_cron=1765670912.3105518817901611328125 HTTP/1.1" 200 31 "-" "WordPress/6.8.3; http://cqqizhou.com"
216.244.66.245 - - [14/Dec/2025:08:08:32 +0800] "GET /robots.txt HTTP/1.1" 200 390 "-" "Mozilla/5.0 (compatible; DotBot/1.2; +https://opensiteexplorer.org/dotbot; help@moz.com)"
216.244.66.245 - - [14/Dec/2025:08:15:25 +0800] "GET /business/ HTTP/1.1" 200 84958 "-" "Mozilla/5.0 (compatible; DotBot/1.2; +https://opensiteexplorer.org/dotbot; help@moz.com)"
36.133.115.36 - - [14/Dec/2025:08:25:38 +0800] "POST /wp-cron.php?doing_wp_cron=1765671938.4444439411163330078125 HTTP/1.1" 200 31 "-" "WordPress/6.8.3; http://cqqizhou.com"
176.65.148.246 - - [14/Dec/2025:08:25:39 +0800] "GET / HTTP/1.0" 200 152268 "-" "Mozilla/5.0 (X11; Linux x86_64; rv:140.0) Gecko/20100101 Firefox/140.0"
36.133.115.36 - - [14/Dec/2025:08:26:52 +0800] "POST /wp-cron.php?doing_wp_cron=1765672012.6729030609130859375000 HTTP/1.1" 200 31 "-" "WordPress/6.8.3; http://cqqizhou.com"
193.142.147.209 - - [14/Dec/2025:08:26:52 +0800] "GET /cgi-bin/luci/;stok=/locale HTTP/1.1" 301 5 "-" "-"
193.142.147.209 - - [14/Dec/2025:08:26:54 +0800] "GET /cgi-bin/luci/;stok=/locale HTTP/1.1" 404 31364 "http://36.133.115.36:80/cgi-bin/luci/;stok=/locale" "-"
36.133.115.36 - - [14/Dec/2025:08:31:23 +0800] "POST /wp-cron.php?doing_wp_cron=1765672283.2829189300537109375000 HTTP/1.1" 200 31 "-" "WordPress/6.8.3; http://cqqizhou.com"
49.233.45.47 - - [14/Dec/2025:08:31:23 +0800] "GET / HTTP/1.1" 301 5 "-" "Mozilla/5.0 (iPhone; CPU iPhone OS 13_2_3 like Mac OS X) AppleWebKit/605.1.15 (KHTML, like Gecko) Version/13.0.3 Mobile/15E148 Safari/604.1"
49.233.45.47 - - [14/Dec/2025:08:31:25 +0800] "GET / HTTP/1.1" 200 33674 "http://www.cqqizhou.com" "Mozilla/5.0 (iPhone; CPU iPhone OS 13_2_3 like Mac OS X) AppleWebKit/605.1.15 (KHTML, like Gecko) Version/13.0.3 Mobile/15E148 Safari/604.1"
36.133.115.36 - - [14/Dec/2025:08:57:11 +0800] "POST /wp-cron.php?doing_wp_cron=1765673831.5108358860015869140625 HTTP/1.1" 200 31 "-" "WordPress/6.8.3; http://cqqizhou.com"
216.244.66.245 - - [14/Dec/2025:08:57:11 +0800] "GET /robots.txt HTTP/1.1" 200 390 "-" "Mozilla/5.0 (compatible; DotBot/1.2; +https://opensiteexplorer.org/dotbot; help@moz.com)"
36.133.115.36 - - [14/Dec/2025:09:03:13 +0800] "POST /wp-cron.php?doing_wp_cron=1765674193.0980100631713867187500 HTTP/1.1" 200 31 "-" "WordPress/6.8.3; http://cqqizhou.com"
167.99.142.36 - - [14/Dec/2025:09:03:13 +0800] "GET / HTTP/1.1" 301 5 "-" "Mozilla/5.0 (Windows NT 10.0; Win64; x64; rv:109.0) Gecko/20100101 Firefox/118.0"
37.59.204.141 - - [14/Dec/2025:09:21:13 +0800] "GET /portfolio-category/cold-rolled-coil/ HTTP/1.1" 200 21054 "-" "Mozilla/5.0 (compatible; AhrefsBot/7.0; +http://ahrefs.com/robot/)"
36.133.115.36 - - [14/Dec/2025:09:43:00 +0800] "POST /wp-cron.php?doing_wp_cron=1765676580.0217790603637695312500 HTTP/1.1" 200 31 "-" "WordPress/6.8.3; http://cqqizhou.com"
216.244.66.245 - - [14/Dec/2025:09:43:00 +0800] "GET /robots.txt HTTP/1.1" 200 390 "-" "Mozilla/5.0 (compatible; DotBot/1.2; +https://opensiteexplorer.org/dotbot; help@moz.com)"
204.76.203.212 - - [14/Dec/2025:09:43:20 +0800] "GET / HTTP/1.1" 200 33672 "-" "Mozilla/5.0 (Windows NT 10.0; Win64; x64) AppleWebKit/537.36 (KHTML, like Gecko) Chrome/90.0.4430.85 Safari/537.36 Edg/90.0.818.46"
36.133.115.36 - - [14/Dec/2025:09:47:05 +0800] "POST /wp-cron.php?doing_wp_cron=1765676825.4383599758148193359375 HTTP/1.1" 200 31 "-" "WordPress/6.8.3; http://cqqizhou.com"
43.159.152.187 - - [14/Dec/2025:09:47:05 +0800] "GET / HTTP/1.1" 301 5 "-" "Mozilla/5.0 (iPhone; CPU iPhone OS 13_2_3 like Mac OS X) AppleWebKit/605.1.15 (KHTML, like Gecko) Version/13.0.3 Mobile/15E148 Safari/604.1"
43.159.152.187 - - [14/Dec/2025:09:47:07 +0800] "GET / HTTP/1.1" 200 33674 "http://www.cqqizhou.com" "Mozilla/5.0 (iPhone; CPU iPhone OS 13_2_3 like Mac OS X) AppleWebKit/605.1.15 (KHTML, like Gecko) Version/13.0.3 Mobile/15E148 Safari/604.1"
216.244.66.245 - - [14/Dec/2025:09:49:45 +0800] "GET /wp-content/uploads/2025/11/1762864376-QZ_Photo-4.webp HTTP/1.1" 200 249734 "-" "Mozilla/5.0 (compatible; DotBot/1.2; +https://opensiteexplorer.org/dotbot; help@moz.com)"
36.133.115.36 - - [14/Dec/2025:09:59:34 +0800] "POST /wp-cron.php?doing_wp_cron=1765677574.4406769275665283203125 HTTP/1.1" 200 31 "-" "WordPress/6.8.3; http://cqqizhou.com"
103.203.57.3 - - [14/Dec/2025:09:59:34 +0800] "GET / HTTP/1.1" 301 5 "-" "Mozilla/5.0 zgrab/0.x"
36.133.115.36 - - [14/Dec/2025:10:00:39 +0800] "POST /wp-cron.php?doing_wp_cron=1765677639.4906389713287353515625 HTTP/1.1" 200 31 "-" "WordPress/6.8.3; http://cqqizhou.com"
204.76.203.8 - - [14/Dec/2025:10:00:40 +0800] "GET / HTTP/1.1" 200 152290 "-" "-"
36.133.115.36 - - [14/Dec/2025:10:05:49 +0800] "POST /wp-cron.php?doing_wp_cron=1765677949.1474781036376953125000 HTTP/1.1" 200 31 "-" "WordPress/6.8.3; http://cqqizhou.com"
45.156.129.179 - - [14/Dec/2025:10:05:49 +0800] "GET / HTTP/1.1" 301 5 "-" "Mozilla/5.0 (Windows NT 10.0; Win64; x64) AppleWebKit/537.36 (KHTML, like Gecko) Chrome/60.0.3112.113 Safari/537.36"
45.156.129.178 - - [14/Dec/2025:10:05:50 +0800] "GET / HTTP/1.1" 301 5 "-" "Mozilla/5.0 (Windows NT 10.0; Win64; x64) AppleWebKit/537.36 (KHTML, like Gecko) Chrome/60.0.3112.113 Safari/537.36"
45.156.129.179 - - [14/Dec/2025:10:05:52 +0800] "GET / HTTP/1.1" 200 34106 "http://36.133.115.36/" "Mozilla/5.0 (Windows NT 10.0; Win64; x64) AppleWebKit/537.36 (KHTML, like Gecko) Chrome/60.0.3112.113 Safari/537.36"
45.156.129.178 - - [14/Dec/2025:10:06:08 +0800] "GET /license.txt HTTP/1.1" 200 7304 "-" "Mozilla/5.0 (Windows NT 10.0; Win64; x64) AppleWebKit/537.36 (KHTML, like Gecko) Chrome/60.0.3112.113 Safari/537.36"
45.156.129.179 - - [14/Dec/2025:10:06:24 +0800] "GET /wp-content/plugins/code-snippets/readme.txt HTTP/1.1" 404 8977 "-" "Mozilla/5.0 (Windows NT 10.0; Win64; x64) AppleWebKit/537.36 (KHTML, like Gecko) Chrome/60.0.3112.113 Safari/537.36"
45.156.129.176 - - [14/Dec/2025:10:06:37 +0800] "GET /wp-content/plugins/fancy-product-designer/readme.txt HTTP/1.1" 404 8976 "-" "Mozilla/5.0 (Windows NT 10.0; Win64; x64) AppleWebKit/537.36 (KHTML, like Gecko) Chrome/60.0.3112.113 Safari/537.36"
45.156.129.178 - - [14/Dec/2025:10:06:42 +0800] "GET /wp-content/plugins/wpschoolpress/readme.txt HTTP/1.1" 404 8982 "-" "Mozilla/5.0 (Windows NT 10.0; Win64; x64) AppleWebKit/537.36 (KHTML, like Gecko) Chrome/60.0.3112.113 Safari/537.36"
36.133.115.36 - - [14/Dec/2025:10:06:48 +0800] "POST /wp-cron.php?doing_wp_cron=1765678008.8626630306243896484375 HTTP/1.1" 200 31 "-" "WordPress/6.8.3; http://cqqizhou.com"
45.156.129.178 - - [14/Dec/2025:10:06:48 +0800] "GET /wp-content/plugins/iwp-client/readme.txt HTTP/1.1" 404 8976 "-" "Mozilla/5.0 (Windows NT 10.0; Win64; x64) AppleWebKit/537.36 (KHTML, like Gecko) Chrome/60.0.3112.113 Safari/537.36"
45.156.129.179 - - [14/Dec/2025:10:06:54 +0800] "GET /wp-content/plugins/wordpress-database-reset/readme.txt HTTP/1.1" 404 8977 "-" "Mozilla/5.0 (Windows NT 10.0; Win64; x64) AppleWebKit/537.36 (KHTML, like Gecko) Chrome/60.0.3112.113 Safari/537.36"
45.156.129.177 - - [14/Dec/2025:10:07:03 +0800] "GET /wp-content/plugins/optinmonster/readme.txt HTTP/1.1" 404 8982 "-" "Mozilla/5.0 (Windows NT 10.0; Win64; x64) AppleWebKit/537.36 (KHTML, like Gecko) Chrome/60.0.3112.113 Safari/537.36"
45.156.129.179 - - [14/Dec/2025:10:07:09 +0800] "GET /wp-content/plugins/elementor/readme.txt HTTP/1.1" 200 10261 "-" "Mozilla/5.0 (Windows NT 10.0; Win64; x64) AppleWebKit/537.36 (KHTML, like Gecko) Chrome/60.0.3112.113 Safari/537.36"
45.156.129.176 - - [14/Dec/2025:10:07:15 +0800] "GET /wp-content/plugins/wp-fastest-cache/readme.txt HTTP/1.1" 404 8976 "-" "Mozilla/5.0 (Windows NT 10.0; Win64; x64) AppleWebKit/537.36 (KHTML, like Gecko) Chrome/60.0.3112.113 Safari/537.36"
45.156.128.127 - - [14/Dec/2025:10:07:17 +0800] "GET / HTTP/1.1" 301 5 "-" "Mozilla/5.0 (Windows NT 10.0; Win64; x64) AppleWebKit/537.36 (KHTML, like Gecko) Chrome/60.0.3112.113 Safari/537.36"
45.156.128.41 - - [14/Dec/2025:10:07:19 +0800] "GET / HTTP/1.1" 200 34106 "http://36.133.115.36/" "Mozilla/5.0 (Windows NT 10.0; Win64; x64) AppleWebKit/537.36 (KHTML, like Gecko) Chrome/60.0.3112.113 Safari/537.36"
45.156.128.127 - - [14/Dec/2025:10:07:21 +0800] "GET /lc/libs/livecycle/core/content/login.html HTTP/1.1" 404 8976 "-" "Mozilla/5.0 (Windows NT 10.0; Win64; x64) AppleWebKit/537.36 (KHTML, like Gecko) Chrome/60.0.3112.113 Safari/537.36"
45.156.129.176 - - [14/Dec/2025:10:07:21 +0800] "GET /wp-content/plugins/wp-user-avatar/readme.txt HTTP/1.1" 404 8976 "-" "Mozilla/5.0 (Windows NT 10.0; Win64; x64) AppleWebKit/537.36 (KHTML, like Gecko) Chrome/60.0.3112.113 Safari/537.36"
45.156.129.177 - - [14/Dec/2025:10:07:27 +0800] "GET /wp-content/plugins/wp-video-lightbox/readme.txt HTTP/1.1" 404 8976 "-" "Mozilla/5.0 (Windows NT 10.0; Win64; x64) AppleWebKit/537.36 (KHTML, like Gecko) Chrome/60.0.3112.113 Safari/537.36"
45.156.129.178 - - [14/Dec/2025:10:07:34 +0800] "GET /wp-content/plugins/bbpress/readme.txt HTTP/1.1" 404 8977 "-" "Mozilla/5.0 (Windows NT 10.0; Win64; x64) AppleWebKit/537.36 (KHTML, like Gecko) Chrome/60.0.3112.113 Safari/537.36"
45.156.129.176 - - [14/Dec/2025:10:07:43 +0800] "GET /wp-content/plugins/wp-central/readme.txt HTTP/1.1" 404 8976 "-" "Mozilla/5.0 (Windows NT 10.0; Win64; x64) AppleWebKit/537.36 (KHTML, like Gecko) Chrome/60.0.3112.113 Safari/537.36"
36.133.115.36 - - [14/Dec/2025:10:07:48 +0800] "POST /wp-cron.php?doing_wp_cron=1765678068.5732769966125488281250 HTTP/1.1" 200 31 "-" "WordPress/6.8.3; http://cqqizhou.com"
45.156.129.177 - - [14/Dec/2025:10:07:48 +0800] "GET /wp-content/plugins/kingcomposer/readme.txt HTTP/1.1" 404 8976 "-" "Mozilla/5.0 (Windows NT 10.0; Win64; x64) AppleWebKit/537.36 (KHTML, like Gecko) Chrome/60.0.3112.113 Safari/537.36"
45.156.129.176 - - [14/Dec/2025:10:07:55 +0800] "GET /wp-content/plugins/wp-time-capsule/readme.txt HTTP/1.1" 404 8976 "-" "Mozilla/5.0 (Windows NT 10.0; Win64; x64) AppleWebKit/537.36 (KHTML, like Gecko) Chrome/60.0.3112.113 Safari/537.36"
45.156.129.178 - - [14/Dec/2025:10:08:04 +0800] "GET /wp-content/plugins/contact-form-7/readme.txt HTTP/1.1" 200 4596 "-" "Mozilla/5.0 (Windows NT 10.0; Win64; x64) AppleWebKit/537.36 (KHTML, like Gecko) Chrome/60.0.3112.113 Safari/537.36"
45.156.129.179 - - [14/Dec/2025:10:08:04 +0800] "GET /wp-content/plugins/duplicate-page/readme.txt HTTP/1.1" 200 5782 "-" "Mozilla/5.0 (Windows NT 10.0; Win64; x64) AppleWebKit/537.36 (KHTML, like Gecko) Chrome/60.0.3112.113 Safari/537.36"
45.156.129.179 - - [14/Dec/2025:10:08:06 +0800] "GET /wp-content/plugins/akismet/readme.txt HTTP/1.1" 404 8976 "-" "Mozilla/5.0 (Windows NT 10.0; Win64; x64) AppleWebKit/537.36 (KHTML, like Gecko) Chrome/60.0.3112.113 Safari/537.36"
45.156.129.177 - - [14/Dec/2025:10:08:06 +0800] "GET /wp-content/plugins/limit-login-attempts-reloaded/readme.txt HTTP/1.1" 404 8976 "-" "Mozilla/5.0 (Windows NT 10.0; Win64; x64) AppleWebKit/537.36 (KHTML, like Gecko) Chrome/60.0.3112.113 Safari/537.36"
45.156.129.179 - - [14/Dec/2025:10:08:06 +0800] "GET /wp-content/plugins/wpforms-lite/readme.txt HTTP/1.1" 404 8976 "-" "Mozilla/5.0 (Windows NT 10.0; Win64; x64) AppleWebKit/537.36 (KHTML, like Gecko) Chrome/60.0.3112.113 Safari/537.36"
45.156.129.179 - - [14/Dec/2025:10:08:07 +0800] "GET /wp-content/plugins/loginizer/readme.txt HTTP/1.1" 404 8976 "-" "Mozilla/5.0 (Windows NT 10.0; Win64; x64) AppleWebKit/537.36 (KHTML, like Gecko) Chrome/60.0.3112.113 Safari/537.36"
45.156.129.176 - - [14/Dec/2025:10:08:07 +0800] "GET /wp-content/plugins/woocommerce/readme.txt HTTP/1.1" 404 8976 "-" "Mozilla/5.0 (Windows NT 10.0; Win64; x64) AppleWebKit/537.36 (KHTML, like Gecko) Chrome/60.0.3112.113 Safari/537.36"
45.156.129.176 - - [14/Dec/2025:10:08:07 +0800] "GET /wp-content/plugins/all-in-one-wp-migration/readme.txt HTTP/1.1" 404 8976 "-" "Mozilla/5.0 (Windows NT 10.0; Win64; x64) AppleWebKit/537.36 (KHTML, like Gecko) Chrome/60.0.3112.113 Safari/537.36"
45.156.129.179 - - [14/Dec/2025:10:08:07 +0800] "GET /wp-content/plugins/wp-super-cache/readme.txt HTTP/1.1" 404 8976 "-" "Mozilla/5.0 (Windows NT 10.0; Win64; x64) AppleWebKit/537.36 (KHTML, like Gecko) Chrome/60.0.3112.113 Safari/537.36"
45.156.129.177 - - [14/Dec/2025:10:08:07 +0800] "GET /wp-content/plugins/w3-total-cache/readme.txt HTTP/1.1" 404 8976 "-" "Mozilla/5.0 (Windows NT 10.0; Win64; x64) AppleWebKit/537.36 (KHTML, like Gecko) Chrome/60.0.3112.113 Safari/537.36"
45.156.129.177 - - [14/Dec/2025:10:08:07 +0800] "GET /wp-content/plugins/disable-comments/readme.txt HTTP/1.1" 404 8976 "-" "Mozilla/5.0 (Windows NT 10.0; Win64; x64) AppleWebKit/537.36 (KHTML, like Gecko) Chrome/60.0.3112.113 Safari/537.36"
45.156.129.177 - - [14/Dec/2025:10:08:07 +0800] "GET /wp-content/plugins/mailchimp-for-wp/readme.txt HTTP/1.1" 404 8976 "-" "Mozilla/5.0 (Windows NT 10.0; Win64; x64) AppleWebKit/537.36 (KHTML, like Gecko) Chrome/60.0.3112.113 Safari/537.36"
45.156.129.178 - - [14/Dec/2025:10:08:07 +0800] "GET /wp-content/plugins/insert-headers-and-footers/readme.txt HTTP/1.1" 404 8976 "-" "Mozilla/5.0 (Windows NT 10.0; Win64; x64) AppleWebKit/537.36 (KHTML, like Gecko) Chrome/60.0.3112.113 Safari/537.36"
45.156.129.176 - - [14/Dec/2025:10:08:07 +0800] "GET /wp-content/plugins/smart-slider-3/readme.txt HTTP/1.1" 404 8976 "-" "Mozilla/5.0 (Windows NT 10.0; Win64; x64) AppleWebKit/537.36 (KHTML, like Gecko) Chrome/60.0.3112.113 Safari/537.36"
45.156.129.179 - - [14/Dec/2025:10:08:07 +0800] "GET /wp-content/plugins/google-site-kit/readme.txt HTTP/1.1" 404 8976 "-" "Mozilla/5.0 (Windows NT 10.0; Win64; x64) AppleWebKit/537.36 (KHTML, like Gecko) Chrome/60.0.3112.113 Safari/537.36"
45.156.129.178 - - [14/Dec/2025:10:08:07 +0800] "GET /wp-content/plugins/essential-addons-for-elementor-lite/readme.txt HTTP/1.1" 404 8976 "-" "Mozilla/5.0 (Windows NT 10.0; Win64; x64) AppleWebKit/537.36 (KHTML, like Gecko) Chrome/60.0.3112.113 Safari/537.36"
45.156.129.177 - - [14/Dec/2025:10:08:07 +0800] "GET /wp-content/plugins/wordpress-seo/readme.txt HTTP/1.1" 404 8976 "-" "Mozilla/5.0 (Windows NT 10.0; Win64; x64) AppleWebKit/537.36 (KHTML, like Gecko) Chrome/60.0.3112.113 Safari/537.36"
45.156.129.178 - - [14/Dec/2025:10:08:07 +0800] "GET /wp-content/plugins/wp-optimize/readme.txt HTTP/1.1" 404 8976 "-" "Mozilla/5.0 (Windows NT 10.0; Win64; x64) AppleWebKit/537.36 (KHTML, like Gecko) Chrome/60.0.3112.113 Safari/537.36"
45.156.129.177 - - [14/Dec/2025:10:08:07 +0800] "GET /wp-content/plugins/redux-framework/readme.txt HTTP/1.1" 404 8976 "-" "Mozilla/5.0 (Windows NT 10.0; Win64; x64) AppleWebKit/537.36 (KHTML, like Gecko) Chrome/60.0.3112.113 Safari/537.36"
45.156.129.179 - - [14/Dec/2025:10:08:07 +0800] "GET /wp-content/plugins/wordfence/readme.txt HTTP/1.1" 404 8976 "-" "Mozilla/5.0 (Windows NT 10.0; Win64; x64) AppleWebKit/537.36 (KHTML, like Gecko) Chrome/60.0.3112.113 Safari/537.36"
45.156.129.176 - - [14/Dec/2025:10:08:07 +0800] "GET /wp-content/plugins/wps-hide-login/readme.txt HTTP/1.1" 404 8976 "-" "Mozilla/5.0 (Windows NT 10.0; Win64; x64) AppleWebKit/537.36 (KHTML, like Gecko) Chrome/60.0.3112.113 Safari/537.36"
45.156.129.176 - - [14/Dec/2025:10:08:07 +0800] "GET /wp-content/plugins/google-analytics-for-wordpress/readme.txt HTTP/1.1" 404 8976 "-" "Mozilla/5.0 (Windows NT 10.0; Win64; x64) AppleWebKit/537.36 (KHTML, like Gecko) Chrome/60.0.3112.113 Safari/537.36"
45.156.129.179 - - [14/Dec/2025:10:08:07 +0800] "GET /wp-content/plugins/all-in-one-seo-pack/readme.txt HTTP/1.1" 404 8976 "-" "Mozilla/5.0 (Windows NT 10.0; Win64; x64) AppleWebKit/537.36 (KHTML, like Gecko) Chrome/60.0.3112.113 Safari/537.36"
45.156.129.176 - - [14/Dec/2025:10:08:07 +0800] "GET /wp-content/plugins/better-search-replace/readme.txt HTTP/1.1" 404 8976 "-" "Mozilla/5.0 (Windows NT 10.0; Win64; x64) AppleWebKit/537.36 (KHTML, like Gecko) Chrome/60.0.3112.113 Safari/537.36"
45.156.129.179 - - [14/Dec/2025:10:08:07 +0800] "GET /wp-content/plugins/duplicator/readme.txt HTTP/1.1" 404 8976 "-" "Mozilla/5.0 (Windows NT 10.0; Win64; x64) AppleWebKit/537.36 (KHTML, like Gecko) Chrome/60.0.3112.113 Safari/537.36"
45.156.129.177 - - [14/Dec/2025:10:08:07 +0800] "GET /wp-content/plugins/header-footer-elementor/readme.txt HTTP/1.1" 404 8976 "-" "Mozilla/5.0 (Windows NT 10.0; Win64; x64) AppleWebKit/537.36 (KHTML, like Gecko) Chrome/60.0.3112.113 Safari/537.36"
45.156.129.176 - - [14/Dec/2025:10:08:07 +0800] "GET /wp-content/plugins/wp-file-manager/readme.txt HTTP/1.1" 404 8976 "-" "Mozilla/5.0 (Windows NT 10.0; Win64; x64) AppleWebKit/537.36 (KHTML, like Gecko) Chrome/60.0.3112.113 Safari/537.36"
45.156.129.177 - - [14/Dec/2025:10:08:07 +0800] "GET /wp-content/plugins/jetpack/readme.txt HTTP/1.1" 404 8976 "-" "Mozilla/5.0 (Windows NT 10.0; Win64; x64) AppleWebKit/537.36 (KHTML, like Gecko) Chrome/60.0.3112.113 Safari/537.36"
45.156.129.178 - - [14/Dec/2025:10:08:07 +0800] "GET /wp-content/plugins/seo-by-rank-math/readme.txt HTTP/1.1" 404 8976 "-" "Mozilla/5.0 (Windows NT 10.0; Win64; x64) AppleWebKit/537.36 (KHTML, like Gecko) Chrome/60.0.3112.113 Safari/537.36"
45.156.129.179 - - [14/Dec/2025:10:08:08 +0800] "GET /wp-content/plugins/really-simple-ssl/readme.txt HTTP/1.1" 404 8976 "-" "Mozilla/5.0 (Windows NT 10.0; Win64; x64) AppleWebKit/537.36 (KHTML, like Gecko) Chrome/60.0.3112.113 Safari/537.36"
45.156.129.179 - - [14/Dec/2025:10:08:08 +0800] "GET /wp-content/plugins/updraftplus/readme.txt HTTP/1.1" 404 8976 "-" "Mozilla/5.0 (Windows NT 10.0; Win64; x64) AppleWebKit/537.36 (KHTML, like Gecko) Chrome/60.0.3112.113 Safari/537.36"
45.156.129.178 - - [14/Dec/2025:10:08:08 +0800] "GET /wp-content/plugins/svg-support/readme.txt HTTP/1.1" 404 8976 "-" "Mozilla/5.0 (Windows NT 10.0; Win64; x64) AppleWebKit/537.36 (KHTML, like Gecko) Chrome/60.0.3112.113 Safari/537.36"
45.156.129.178 - - [14/Dec/2025:10:08:08 +0800] "GET /wp-content/plugins/litespeed-cache/readme.txt HTTP/1.1" 404 8976 "-" "Mozilla/5.0 (Windows NT 10.0; Win64; x64) AppleWebKit/537.36 (KHTML, like Gecko) Chrome/60.0.3112.113 Safari/537.36"
45.156.129.178 - - [14/Dec/2025:10:08:08 +0800] "GET /wp-content/plugins/hostinger/readme.txt HTTP/1.1" 404 8976 "-" "Mozilla/5.0 (Windows NT 10.0; Win64; x64) AppleWebKit/537.36 (KHTML, like Gecko) Chrome/60.0.3112.113 Safari/537.36"
45.156.129.177 - - [14/Dec/2025:10:08:08 +0800] "GET /wp-content/plugins/advanced-custom-fields/readme.txt HTTP/1.1" 404 8976 "-" "Mozilla/5.0 (Windows NT 10.0; Win64; x64) AppleWebKit/537.36 (KHTML, like Gecko) Chrome/60.0.3112.113 Safari/537.36"
45.156.129.178 - - [14/Dec/2025:10:08:08 +0800] "GET /wp-content/plugins/duplicate-post/readme.txt HTTP/1.1" 404 8976 "-" "Mozilla/5.0 (Windows NT 10.0; Win64; x64) AppleWebKit/537.36 (KHTML, like Gecko) Chrome/60.0.3112.113 Safari/537.36"
45.156.129.176 - - [14/Dec/2025:10:08:08 +0800] "GET /wp-content/plugins/redirection/readme.txt HTTP/1.1" 404 8976 "-" "Mozilla/5.0 (Windows NT 10.0; Win64; x64) AppleWebKit/537.36 (KHTML, like Gecko) Chrome/60.0.3112.113 Safari/537.36"
45.156.129.179 - - [14/Dec/2025:10:08:08 +0800] "GET /wp-content/plugins/all-in-one-wp-security-and-firewall/readme.txt HTTP/1.1" 404 8976 "-" "Mozilla/5.0 (Windows NT 10.0; Win64; x64) AppleWebKit/537.36 (KHTML, like Gecko) Chrome/60.0.3112.113 Safari/537.36"
45.156.129.177 - - [14/Dec/2025:10:08:08 +0800] "GET /wp-content/plugins/astra-sites/readme.txt HTTP/1.1" 404 8976 "-" "Mozilla/5.0 (Windows NT 10.0; Win64; x64) AppleWebKit/537.36 (KHTML, like Gecko) Chrome/60.0.3112.113 Safari/537.36"
45.156.129.177 - - [14/Dec/2025:10:08:08 +0800] "GET /wp-content/plugins/envato-elements/readme.txt HTTP/1.1" 404 8976 "-" "Mozilla/5.0 (Windows NT 10.0; Win64; x64) AppleWebKit/537.36 (KHTML, like Gecko) Chrome/60.0.3112.113 Safari/537.36"
45.156.129.177 - - [14/Dec/2025:10:08:08 +0800] "GET /wp-content/plugins/ultimate-addons-for-gutenberg/readme.txt HTTP/1.1" 404 8976 "-" "Mozilla/5.0 (Windows NT 10.0; Win64; x64) AppleWebKit/537.36 (KHTML, like Gecko) Chrome/60.0.3112.113 Safari/537.36"
45.156.129.178 - - [14/Dec/2025:10:08:08 +0800] "GET /wp-content/plugins/ewww-image-optimizer/readme.txt HTTP/1.1" 404 8976 "-" "Mozilla/5.0 (Windows NT 10.0; Win64; x64) AppleWebKit/537.36 (KHTML, like Gecko) Chrome/60.0.3112.113 Safari/537.36"
45.156.129.176 - - [14/Dec/2025:10:08:08 +0800] "GET /wp-content/plugins/autoptimize/readme.txt HTTP/1.1" 404 8976 "-" "Mozilla/5.0 (Windows NT 10.0; Win64; x64) AppleWebKit/537.36 (KHTML, like Gecko) Chrome/60.0.3112.113 Safari/537.36"
45.156.129.176 - - [14/Dec/2025:10:08:08 +0800] "GET /wp-content/plugins/sg-security/readme.txt HTTP/1.1" 404 8976 "-" "Mozilla/5.0 (Windows NT 10.0; Win64; x64) AppleWebKit/537.36 (KHTML, like Gecko) Chrome/60.0.3112.113 Safari/537.36"
45.156.129.179 - - [14/Dec/2025:10:08:08 +0800] "GET /wp-content/plugins/coming-soon/readme.txt HTTP/1.1" 404 8976 "-" "Mozilla/5.0 (Windows NT 10.0; Win64; x64) AppleWebKit/537.36 (KHTML, like Gecko) Chrome/60.0.3112.113 Safari/537.36"
45.156.129.179 - - [14/Dec/2025:10:08:08 +0800] "GET /wp-content/plugins/better-wp-security/readme.txt HTTP/1.1" 404 8976 "-" "Mozilla/5.0 (Windows NT 10.0; Win64; x64) AppleWebKit/537.36 (KHTML, like Gecko) Chrome/60.0.3112.113 Safari/537.36"
45.156.129.178 - - [14/Dec/2025:10:08:08 +0800] "GET /wp-content/plugins/complianz-gdpr/readme.txt HTTP/1.1" 404 8976 "-" "Mozilla/5.0 (Windows NT 10.0; Win64; x64) AppleWebKit/537.36 (KHTML, like Gecko) Chrome/60.0.3112.113 Safari/537.36"
45.156.129.178 - - [14/Dec/2025:10:08:15 +0800] "GET /login.html HTTP/1.1" 404 8976 "-" "Mozilla/5.0 (Windows NT 10.0; Win64; x64) AppleWebKit/537.36 (KHTML, like Gecko) Chrome/60.0.3112.113 Safari/537.36"
45.156.129.178 - - [14/Dec/2025:10:08:22 +0800] "GET /jasperserver/login.html HTTP/1.1" 404 8982 "-" "Mozilla/5.0 (Windows NT 10.0; Win64; x64) AppleWebKit/537.36 (KHTML, like Gecko) Chrome/60.0.3112.113 Safari/537.36"
45.156.129.179 - - [14/Dec/2025:10:08:31 +0800] "GET /jasperserver-pro/login.html HTTP/1.1" 404 8976 "-" "Mozilla/5.0 (Windows NT 10.0; Win64; x64) AppleWebKit/537.36 (KHTML, like Gecko) Chrome/60.0.3112.113 Safari/537.36"
45.156.129.177 - - [14/Dec/2025:10:08:38 +0800] "GET /jasperserverTest/login.html HTTP/1.1" 404 8976 "-" "Mozilla/5.0 (Windows NT 10.0; Win64; x64) AppleWebKit/537.36 (KHTML, like Gecko) Chrome/60.0.3112.113 Safari/537.36"
36.133.115.36 - - [14/Dec/2025:10:08:46 +0800] "POST /wp-cron.php?doing_wp_cron=1765678126.6262969970703125000000 HTTP/1.1" 200 31 "-" "WordPress/6.8.3; http://cqqizhou.com"
45.156.129.178 - - [14/Dec/2025:10:08:46 +0800] "GET /solr/ HTTP/1.1" 404 8982 "-" "Mozilla/5.0 (Windows NT 10.0; Win64; x64) AppleWebKit/537.36 (KHTML, like Gecko) Chrome/60.0.3112.113 Safari/537.36"
45.156.129.177 - - [14/Dec/2025:10:09:01 +0800] "GET /identity HTTP/1.1" 404 8976 "-" "Mozilla/5.0 (Windows NT 10.0; Win64; x64) AppleWebKit/537.36 (KHTML, like Gecko) Chrome/60.0.3112.113 Safari/537.36"
45.156.129.176 - - [14/Dec/2025:10:09:06 +0800] "GET /index.jsp HTTP/1.1" 404 8976 "-" "Mozilla/5.0 (Windows NT 10.0; Win64; x64) AppleWebKit/537.36 (KHTML, like Gecko) Chrome/60.0.3112.113 Safari/537.36"
45.156.129.176 - - [14/Dec/2025:10:09:16 +0800] "GET /sitecore/shell/sitecore.version.xml HTTP/1.1" 404 8976 "-" "Mozilla/5.0 (Windows NT 10.0; Win64; x64) AppleWebKit/537.36 (KHTML, like Gecko) Chrome/60.0.3112.113 Safari/537.36"
45.156.129.176 - - [14/Dec/2025:10:09:23 +0800] "GET / HTTP/1.1" 301 5 "-" "Mozilla/5.0 (Windows NT 10.0; Win64; x64) AppleWebKit/537.36 (KHTML, like Gecko) Chrome/60.0.3112.113 Safari/537.36"
45.156.129.177 - - [14/Dec/2025:10:09:24 +0800] "GET / HTTP/1.1" 200 34106 "http://36.133.115.36/" "Mozilla/5.0 (Windows NT 10.0; Win64; x64) AppleWebKit/537.36 (KHTML, like Gecko) Chrome/60.0.3112.113 Safari/537.36"
45.156.129.177 - - [14/Dec/2025:10:09:25 +0800] "GET /internal_forms_authentication HTTP/1.1" 404 8976 "-" "Mozilla/5.0 (Windows NT 10.0; Win64; x64) AppleWebKit/537.36 (KHTML, like Gecko) Chrome/60.0.3112.113 Safari/537.36"
45.156.129.178 - - [14/Dec/2025:10:09:31 +0800] "GET / HTTP/1.1" 301 5 "-" "Mozilla/5.0 (Windows NT 10.0; Win64; x64) AppleWebKit/537.36 (KHTML, like Gecko) Chrome/60.0.3112.113 Safari/537.36"
45.156.129.177 - - [14/Dec/2025:10:09:32 +0800] "GET / HTTP/1.1" 200 34106 "http://36.133.115.36/" "Mozilla/5.0 (Windows NT 10.0; Win64; x64) AppleWebKit/537.36 (KHTML, like Gecko) Chrome/60.0.3112.113 Safari/537.36"
45.156.129.179 - - [14/Dec/2025:10:09:33 +0800] "GET /owncloud/status.php HTTP/1.1" 404 47 "-" "Mozilla/5.0 (Windows NT 10.0; Win64; x64) AppleWebKit/537.36 (KHTML, like Gecko) Chrome/60.0.3112.113 Safari/537.36"
45.156.129.178 - - [14/Dec/2025:10:09:51 +0800] "GET /status.php HTTP/1.1" 404 47 "-" "Mozilla/5.0 (Windows NT 10.0; Win64; x64) AppleWebKit/537.36 (KHTML, like Gecko) Chrome/60.0.3112.113 Safari/537.36"
36.133.115.36 - - [14/Dec/2025:10:09:57 +0800] "POST /wp-cron.php?doing_wp_cron=1765678197.7705459594726562500000 HTTP/1.1" 200 31 "-" "WordPress/6.8.3; http://cqqizhou.com"
45.156.129.176 - - [14/Dec/2025:10:09:57 +0800] "GET /ssi.cgi/Login.htm HTTP/1.1" 404 8976 "-" "Mozilla/5.0 (Windows NT 10.0; Win64; x64) AppleWebKit/537.36 (KHTML, like Gecko) Chrome/60.0.3112.113 Safari/537.36"
45.156.129.179 - - [14/Dec/2025:10:10:02 +0800] "GET /OA_HTML/AppsLocalLogin.jsp HTTP/1.1" 404 8982 "-" "Mozilla/5.0 (Windows NT 10.0; Win64; x64) AppleWebKit/537.36 (KHTML, like Gecko) Chrome/60.0.3112.113 Safari/537.36"
45.156.129.177 - - [14/Dec/2025:10:10:09 +0800] "GET /Telerik.Web.UI.WebResource.axd?type=rau HTTP/1.1" 404 8982 "-" "Mozilla/5.0 (Windows NT 10.0; Win64; x64) AppleWebKit/537.36 (KHTML, like Gecko) Chrome/60.0.3112.113 Safari/537.36"
45.156.129.176 - - [14/Dec/2025:10:10:11 +0800] "GET /helpdesk/WebObjects/Helpdesk.woa HTTP/1.1" 404 8982 "-" "Mozilla/5.0 (Windows NT 10.0; Win64; x64) AppleWebKit/537.36 (KHTML, like Gecko) Chrome/60.0.3112.113 Safari/537.36"
45.156.129.179 - - [14/Dec/2025:10:10:14 +0800] "GET /cgi-bin/main.pl HTTP/1.1" 404 8983 "-" "Mozilla/5.0 (Windows NT 10.0; Win64; x64) AppleWebKit/537.36 (KHTML, like Gecko) Chrome/60.0.3112.113 Safari/537.36"
45.156.129.179 - - [14/Dec/2025:10:10:15 +0800] "GET /aspera/faspex/ HTTP/1.1" 404 8982 "-" "Mozilla/5.0 (Windows NT 10.0; Win64; x64) AppleWebKit/537.36 (KHTML, like Gecko) Chrome/60.0.3112.113 Safari/537.36"
45.156.129.176 - - [14/Dec/2025:10:10:17 +0800] "GET /xmldata?item=all HTTP/1.1" 404 8982 "-" "Mozilla/5.0 (Windows NT 10.0; Win64; x64) AppleWebKit/537.36 (KHTML, like Gecko) Chrome/60.0.3112.113 Safari/537.36"
45.156.129.177 - - [14/Dec/2025:10:10:18 +0800] "GET /sugar_version.json HTTP/1.1" 404 8982 "-" "Mozilla/5.0 (Windows NT 10.0; Win64; x64) AppleWebKit/537.36 (KHTML, like Gecko) Chrome/60.0.3112.113 Safari/537.36"
45.156.129.176 - - [14/Dec/2025:10:10:20 +0800] "GET /partymgr/control/main HTTP/1.1" 404 8981 "-" "Mozilla/5.0 (Windows NT 10.0; Win64; x64) AppleWebKit/537.36 (KHTML, like Gecko) Chrome/60.0.3112.113 Safari/537.36"
45.156.129.177 - - [14/Dec/2025:10:10:22 +0800] "GET /WebInterface/ HTTP/1.1" 404 8982 "-" "Mozilla/5.0 (Windows NT 10.0; Win64; x64) AppleWebKit/537.36 (KHTML, like Gecko) Chrome/60.0.3112.113 Safari/537.36"
45.156.129.176 - - [14/Dec/2025:10:10:23 +0800] "GET /api/session/properties HTTP/1.1" 404 8982 "-" "Mozilla/5.0 (Windows NT 10.0; Win64; x64) AppleWebKit/537.36 (KHTML, like Gecko) Chrome/60.0.3112.113 Safari/537.36"
45.156.129.178 - - [14/Dec/2025:10:10:24 +0800] "GET /admin/ HTTP/1.1" 302 5 "-" "Mozilla/5.0 (Windows NT 10.0; Win64; x64) AppleWebKit/537.36 (KHTML, like Gecko) Chrome/60.0.3112.113 Safari/537.36"
45.156.129.176 - - [14/Dec/2025:10:10:26 +0800] "GET /Web/Auth HTTP/1.1" 404 8982 "-" "Mozilla/5.0 (Windows NT 10.0; Win64; x64) AppleWebKit/537.36 (KHTML, like Gecko) Chrome/60.0.3112.113 Safari/537.36"
45.156.129.179 - - [14/Dec/2025:10:10:30 +0800] "GET /cgi-bin/authLogin.cgi HTTP/1.1" 404 8981 "-" "Mozilla/5.0 (Windows NT 10.0; Win64; x64) AppleWebKit/537.36 (KHTML, like Gecko) Chrome/60.0.3112.113 Safari/537.36"
45.156.129.179 - - [14/Dec/2025:10:10:32 +0800] "GET /console HTTP/1.1" 404 8982 "-" "Mozilla/5.0 (Windows NT 10.0; Win64; x64) AppleWebKit/537.36 (KHTML, like Gecko) Chrome/60.0.3112.113 Safari/537.36"
45.156.129.177 - - [14/Dec/2025:10:10:37 +0800] "GET /showLogin.cc HTTP/1.1" 404 8982 "-" "Mozilla/5.0 (Windows NT 10.0; Win64; x64) AppleWebKit/537.36 (KHTML, like Gecko) Chrome/60.0.3112.113 Safari/537.36"
45.156.129.178 - - [14/Dec/2025:10:10:38 +0800] "GET /webfig/ HTTP/1.1" 404 8982 "-" "Mozilla/5.0 (Windows NT 10.0; Win64; x64) AppleWebKit/537.36 (KHTML, like Gecko) Chrome/60.0.3112.113 Safari/537.36"
45.156.129.179 - - [14/Dec/2025:10:10:40 +0800] "GET /login/login HTTP/1.1" 404 8981 "-" "Mozilla/5.0 (Windows NT 10.0; Win64; x64) AppleWebKit/537.36 (KHTML, like Gecko) Chrome/60.0.3112.113 Safari/537.36"
45.156.129.179 - - [14/Dec/2025:10:10:41 +0800] "GET /login.do HTTP/1.1" 404 8982 "-" "Mozilla/5.0 (Windows NT 10.0; Win64; x64) AppleWebKit/537.36 (KHTML, like Gecko) Chrome/60.0.3112.113 Safari/537.36"
36.133.115.36 - - [14/Dec/2025:10:28:58 +0800] "POST /wp-cron.php?doing_wp_cron=1765679338.2472798824310302734375 HTTP/1.1" 200 31 "-" "WordPress/6.8.3; http://cqqizhou.com"
216.244.66.245 - - [14/Dec/2025:10:28:58 +0800] "GET /robots.txt HTTP/1.1" 200 390 "-" "Mozilla/5.0 (compatible; DotBot/1.2; +https://opensiteexplorer.org/dotbot; help@moz.com)"
36.133.115.36 - - [14/Dec/2025:10:35:03 +0800] "POST /wp-cron.php?doing_wp_cron=1765679703.5278580188751220703125 HTTP/1.1" 200 31 "-" "WordPress/6.8.3; http://cqqizhou.com"
38.58.179.181 - - [14/Dec/2025:10:35:03 +0800] "GET http://check.9tb.org/ HTTP/1.1" 301 5 "-" "Mozilla/5.0 (Windows NT 10.0; Win64; x64) AppleWebKit/537.36"
38.58.179.181 - - [14/Dec/2025:10:35:04 +0800] "GET http://cqqizhou.com/ HTTP/1.1" 200 34106 "http://check.9tb.org" "Mozilla/5.0 (Windows NT 10.0; Win64; x64) AppleWebKit/537.36"
216.244.66.245 - - [14/Dec/2025:10:36:01 +0800] "GET /wp-content/uploads/2025/07/1750649212-qizhou1920x1080_10.webp HTTP/1.1" 200 143362 "-" "Mozilla/5.0 (compatible; DotBot/1.2; +https://opensiteexplorer.org/dotbot; help@moz.com)"
36.133.115.36 - - [14/Dec/2025:10:49:22 +0800] "POST /wp-cron.php?doing_wp_cron=1765680562.8507978916168212890625 HTTP/1.1" 200 31 "-" "WordPress/6.8.3; http://cqqizhou.com"
121.237.36.31 - - [14/Dec/2025:10:49:23 +0800] "GET / HTTP/1.1" 200 33674 "-" "Dalvik/2.1.0 (Linux; U; Android 9.0; ZTE BA520 Build/MRA58K)"
193.142.147.209 - - [14/Dec/2025:10:49:33 +0800] "GET /cgi-bin/luci/;stok=/locale HTTP/1.1" 301 5 "-" "-"
193.142.147.209 - - [14/Dec/2025:10:49:34 +0800] "GET /cgi-bin/luci/;stok=/locale HTTP/1.1" 404 31364 "http://36.133.115.36:80/cgi-bin/luci/;stok=/locale" "-"
36.133.115.36 - - [14/Dec/2025:11:03:21 +0800] "POST /wp-cron.php?doing_wp_cron=1765681401.7670190334320068359375 HTTP/1.1" 200 31 "-" "WordPress/6.8.3; http://cqqizhou.com"
64.226.116.131 - - [14/Dec/2025:11:03:21 +0800] "GET / HTTP/1.1" 301 5 "-" "Mozilla/5.0 (Windows NT 10.0; Win64; x64) AppleWebKit/537.36 (KHTML, like Gecko) Chrome/108.0.0.0 Safari/537.36"
64.226.116.131 - - [14/Dec/2025:11:03:24 +0800] "GET / HTTP/1.1" 200 34106 "http://36.133.115.36/" "Mozilla/5.0 (Windows NT 10.0; Win64; x64) AppleWebKit/537.36 (KHTML, like Gecko) Chrome/108.0.0.0 Safari/537.36"
64.226.116.131 - - [14/Dec/2025:11:03:25 +0800] "GET /form.html HTTP/1.1" 404 8976 "-" "curl/8.1.2"
64.226.116.131 - - [14/Dec/2025:11:03:26 +0800] "GET /upl.php HTTP/1.1" 404 47 "-" "Mozilla/5.0"
64.226.116.131 - - [14/Dec/2025:11:03:27 +0800] "GET /t4 HTTP/1.1" 404 8976 "-" "Mozilla/5.0"
64.226.116.131 - - [14/Dec/2025:11:03:30 +0800] "GET /geoip/ HTTP/1.1" 404 8974 "-" "Mozilla/5.0 (Windows NT 10.0; Win64; x64) AppleWebKit/537.36 (KHTML, like Gecko) Chrome/108.0.0.0 Safari/537.36"
64.226.116.131 - - [14/Dec/2025:11:03:32 +0800] "GET /1.php HTTP/1.1" 404 47 "-" "Mozilla/5.0 (Windows NT 10.0; Win64; x64) AppleWebKit/537.36 (KHTML, like Gecko) Chrome/108.0.0.0 Safari/537.36"
64.226.116.131 - - [14/Dec/2025:11:03:34 +0800] "GET /systembc/password.php HTTP/1.1" 404 47 "-" "Mozilla/5.0 (Windows NT 10.0; Win64; x64) AppleWebKit/537.36 (KHTML, like Gecko) Chrome/108.0.0.0 Safari/537.36"
64.226.116.131 - - [14/Dec/2025:11:03:34 +0800] "GET /password.php HTTP/1.1" 404 47 "-" "Mozilla/5.0 (Windows NT 10.0; Win64; x64) AppleWebKit/537.36 (KHTML, like Gecko) Chrome/108.0.0.0 Safari/537.36"
123.57.13.121 - - [14/Dec/2025:11:12:34 +0800] "GET / HTTP/1.1" 200 34106 "-" "Mozilla/5.0 (Windows NT 10.0; Win64; x64) AppleWebKit/537.36 (KHTML, like Gecko) Chrome/104.0.0.0 Safari/537.36"
36.133.115.36 - - [14/Dec/2025:11:14:05 +0800] "POST /wp-cron.php?doing_wp_cron=1765682045.9642970561981201171875 HTTP/1.1" 200 31 "-" "WordPress/6.8.3; http://cqqizhou.com"
94.26.88.18 - - [14/Dec/2025:11:14:06 +0800] "GET /.git/config HTTP/1.1" 404 8982 "-" "Mozilla/5.0 (Windows NT 6.1) AppleWebKit/537.36 (KHTML, like Gecko) Chrome/76.0.3809.100 Safari/537.36"
36.133.115.36 - - [14/Dec/2025:11:29:22 +0800] "POST /wp-cron.php?doing_wp_cron=1765682962.3588929176330566406250 HTTP/1.1" 200 31 "-" "WordPress/6.8.3; http://cqqizhou.com"
204.76.203.212 - - [14/Dec/2025:11:29:22 +0800] "GET / HTTP/1.1" 200 33674 "-" "Mozilla/5.0 (Windows NT 10.0; Win64; x64) AppleWebKit/537.36 (KHTML, like Gecko) Chrome/90.0.4430.85 Safari/537.36 Edg/90.0.818.46"
37.19.223.100 - - [14/Dec/2025:11:43:15 +0800] "GET / HTTP/1.0" 200 153956 "http://cqqizhou.com/" "Mozilla/5.0 (Windows NT 10.0; Win64; x64) AppleWebKit/537.36 (KHTML, like Gecko) Chrome/131.0.0.0 Safari/537.36 Avast/131.0.0.0"
37.19.223.100 - - [14/Dec/2025:11:43:18 +0800] "GET /contacts/ HTTP/1.0" 200 78571 "http://cqqizhou.com/contacts/" "Mozilla/5.0 (Windows NT 10.0; Win64; x64) AppleWebKit/537.36 (KHTML, like Gecko) Chrome/131.0.0.0 Safari/537.36 Avast/131.0.0.0"
36.133.115.36 - - [14/Dec/2025:11:43:20 +0800] "POST /wp-cron.php?doing_wp_cron=1765683800.5646719932556152343750 HTTP/1.1" 200 31 "-" "WordPress/6.8.3; http://cqqizhou.com"
37.19.223.100 - - [14/Dec/2025:11:43:22 +0800] "POST /contacts/ HTTP/1.0" 200 69734 "http://cqqizhou.com/contacts/" "Mozilla/5.0 (Windows NT 10.0; Win64; x64) AppleWebKit/537.36 (KHTML, like Gecko) Chrome/131.0.0.0 Safari/537.36 Avast/131.0.0.0"
36.133.115.36 - - [14/Dec/2025:11:46:16 +0800] "POST /wp-cron.php?doing_wp_cron=1765683976.3730139732360839843750 HTTP/1.1" 200 31 "-" "WordPress/6.8.3; http://cqqizhou.com"
149.50.103.48 - - [14/Dec/2025:11:46:16 +0800] "GET / HTTP/1.1" 200 33674 "-" "Mozilla/5.0 (Windows NT 10.0; Win64; x64) AppleWebKit/537.36 (KHTML, like Gecko) Chrome/90.0.4430.85 Safari/537.36 Edg/90.0.818.46"
36.133.115.36 - - [14/Dec/2025:12:00:24 +0800] "POST /wp-cron.php?doing_wp_cron=1765684824.0566298961639404296875 HTTP/1.1" 200 31 "-" "WordPress/6.8.3; http://cqqizhou.com"
216.244.66.245 - - [14/Dec/2025:12:00:24 +0800] "GET /robots.txt HTTP/1.1" 200 390 "-" "Mozilla/5.0 (compatible; DotBot/1.2; +https://opensiteexplorer.org/dotbot; help@moz.com)"
219.124.197.109 - - [14/Dec/2025:12:06:25 +0800] "GET /sql/webadmin/index.php?lang=en HTTP/1.1" 404 47 "-" "Mozilla/5.0 (Windows NT 10.0; Win64; x64) AppleWebKit/537.36 (KHTML, like Gecko) Chrome/137.0.0.0 Safari/537.36"
219.124.197.109 - - [14/Dec/2025:12:06:25 +0800] "GET /phpMyAdmin-5.2/index.php?lang=en HTTP/1.1" 404 47 "-" "Mozilla/5.0 (Windows NT 10.0; Win64; x64) AppleWebKit/537.36 (KHTML, like Gecko) Chrome/137.0.0.0 Safari/537.36"
216.244.66.245 - - [14/Dec/2025:12:07:09 +0800] "GET /wp-content/uploads/2025/07/1750649215-qizhou1920x1080_11.webp HTTP/1.1" 200 171642 "-" "Mozilla/5.0 (compatible; DotBot/1.2; +https://opensiteexplorer.org/dotbot; help@moz.com)"
36.133.115.36 - - [14/Dec/2025:12:13:23 +0800] "POST /wp-cron.php?doing_wp_cron=1765685603.9339189529418945312500 HTTP/1.1" 200 31 "-" "WordPress/6.8.3; http://cqqizhou.com"
204.76.203.212 - - [14/Dec/2025:12:13:24 +0800] "GET / HTTP/1.1" 200 33674 "-" "Mozilla/5.0 (Windows NT 10.0; Win64; x64) AppleWebKit/537.36 (KHTML, like Gecko) Chrome/90.0.4430.85 Safari/537.36 Edg/90.0.818.46"
36.133.115.36 - - [14/Dec/2025:12:32:13 +0800] "POST /wp-cron.php?doing_wp_cron=1765686733.4103410243988037109375 HTTP/1.1" 200 31 "-" "WordPress/6.8.3; http://cqqizhou.com"
119.28.101.51 - - [14/Dec/2025:12:32:13 +0800] "GET /robots.txt HTTP/1.1" 200 190 "-" "Mozilla/5.0 (Windows NT 10.0; Win64; x64) AppleWebKit/537.36 (KHTML, like Gecko) Chrome/131.0.0.0 Safari/537.36"
105.106.196.227 - - [14/Dec/2025:12:32:34 +0800] "GET http://cqqizhou.com/2159/ HTTP/1.1" 200 29116 "-" "Mozilla/5.0 (Windows NT 6.1; Win64; x64) AppleWebKit/537.36 (KHTML, like Gecko) Chrome/126.0.6478.114 Safari/537.36"
186.121.165.20 - - [14/Dec/2025:12:32:38 +0800] "GET http://cqqizhou.com/wp-content/uploads/2025/07/1753454299-Article_images_W900px-150x150.webp HTTP/1.1" 200 7416 "http://cqqizhou.com/2159/" "Mozilla/5.0 (Windows NT 6.1; Win64; x64) AppleWebKit/537.36 (KHTML, like Gecko) Chrome/126.0.6478.114 Safari/537.36"
45.166.204.33 - - [14/Dec/2025:12:32:38 +0800] "GET http://cqqizhou.com/wp-content/uploads/2025/07/1753453986-Article_images_W900px-150x150.webp HTTP/1.1" 200 7296 "http://cqqizhou.com/2159/" "Mozilla/5.0 (Windows NT 6.1; Win64; x64) AppleWebKit/537.36 (KHTML, like Gecko) Chrome/126.0.6478.114 Safari/537.36"
191.99.28.234 - - [14/Dec/2025:12:32:50 +0800] "GET http://cqqizhou.com/2159/ HTTP/1.1" 200 29116 "-" "Mozilla/5.0 (Windows NT 6.1; Win64; x64) AppleWebKit/537.36 (KHTML, like Gecko) Chrome/126.0.6478.114 Safari/537.36"
156.193.253.66 - - [14/Dec/2025:12:32:52 +0800] "GET http://cqqizhou.com/wp-content/uploads/2025/07/1753453986-Article_images_W900px-150x150.webp HTTP/1.1" 200 7296 "http://cqqizhou.com/2159/" "Mozilla/5.0 (Windows NT 6.1; Win64; x64) AppleWebKit/537.36 (KHTML, like Gecko) Chrome/126.0.6478.114 Safari/537.36"
186.22.16.177 - - [14/Dec/2025:12:32:55 +0800] "GET http://cqqizhou.com/wp-content/uploads/2025/07/1753454299-Article_images_W900px-150x150.webp HTTP/1.1" 200 7416 "http://cqqizhou.com/2159/" "Mozilla/5.0 (Windows NT 6.1; Win64; x64) AppleWebKit/537.36 (KHTML, like Gecko) Chrome/126.0.6478.114 Safari/537.36"
189.5.177.165 - - [14/Dec/2025:12:32:58 +0800] "GET http://cqqizhou.com/wp-content/uploads/2025/07/1751425283-qizhou.kf_.qq_.com_.webp HTTP/1.1" 200 16864 "http://cqqizhou.com/2159/" "Mozilla/5.0 (Windows NT 6.1; Win64; x64) AppleWebKit/537.36 (KHTML, like Gecko) Chrome/126.0.6478.114 Safari/537.36"
169.224.64.191 - - [14/Dec/2025:12:33:01 +0800] "GET http://cqqizhou.com/wp-content/uploads/2025/07/1753410289-News2000%C3%97400_202571.webp HTTP/1.1" 200 17830 "http://cqqizhou.com/2159/" "Mozilla/5.0 (Windows NT 6.1; Win64; x64) AppleWebKit/537.36 (KHTML, like Gecko) Chrome/126.0.6478.114 Safari/537.36"
36.133.115.36 - - [14/Dec/2025:12:34:02 +0800] "POST /wp-cron.php?doing_wp_cron=1765686842.4214398860931396484375 HTTP/1.1" 200 31 "-" "WordPress/6.8.3; http://cqqizhou.com"
38.58.179.181 - - [14/Dec/2025:12:34:02 +0800] "GET http://check.9tb.org/ HTTP/1.1" 301 5 "-" "Mozilla/5.0 (Windows NT 10.0; Win64; x64) AppleWebKit/537.36"
38.58.179.181 - - [14/Dec/2025:12:34:02 +0800] "GET http://cqqizhou.com/ HTTP/1.1" 200 34106 "http://check.9tb.org" "Mozilla/5.0 (Windows NT 10.0; Win64; x64) AppleWebKit/537.36"
36.133.115.36 - - [14/Dec/2025:12:40:13 +0800] "POST /wp-cron.php?doing_wp_cron=1765687213.7972929477691650390625 HTTP/1.1" 200 31 "-" "WordPress/6.8.3; http://cqqizhou.com"
65.108.2.171 - - [14/Dec/2025:12:40:13 +0800] "GET /robots.txt HTTP/1.1" 200 390 "-" "Mozilla/5.0 (compatible; MJ12bot/v1.4.8; http://mj12bot.com/)"
65.108.2.171 - - [14/Dec/2025:12:40:15 +0800] "GET /portfolio-tag/%E9%9E%8D%E9%92%A2%E8%92%82%E6%A3%AE/ HTTP/1.1" 200 22787 "-" "Mozilla/5.0 (compatible; MJ12bot/v1.4.8; http://mj12bot.com/)"
65.108.2.171 - - [14/Dec/2025:12:40:19 +0800] "GET /portfolio/%E5%86%B7%E8%BD%A7%E5%8D%B7/ HTTP/1.1" 200 22077 "-" "Mozilla/5.0 (compatible; MJ12bot/v1.4.8; http://mj12bot.com/)"
65.108.2.171 - - [14/Dec/2025:12:40:26 +0800] "GET /portfolio/%E5%86%B7%E8%BD%A7%E6%9D%BF/ HTTP/1.1" 200 18951 "-" "Mozilla/5.0 (compatible; MJ12bot/v1.4.8; http://mj12bot.com/)"
36.133.115.36 - - [14/Dec/2025:12:42:56 +0800] "POST /wp-cron.php?doing_wp_cron=1765687376.3201730251312255859375 HTTP/1.1" 200 31 "-" "WordPress/6.8.3; http://cqqizhou.com"
112.34.110.21 - - [14/Dec/2025:12:42:56 +0800] "GET / HTTP/1.1" 200 33674 "http://www.baidu.com/" "Mozilla/5.0 (iPhone; CPU iPhone OS 16_6 like Mac OS X) AppleWebKit/605.1.15 (KHTML, like Gecko) Version/16.6 Mobile/15E148 Safari/604.1"
36.133.115.36 - - [14/Dec/2025:13:03:15 +0800] "POST /wp-cron.php?doing_wp_cron=1765688595.4161698818206787109375 HTTP/1.1" 200 31 "-" "WordPress/6.8.3; http://cqqizhou.com"
204.76.203.212 - - [14/Dec/2025:13:03:15 +0800] "GET / HTTP/1.1" 200 33674 "-" "Mozilla/5.0 (Windows NT 10.0; Win64; x64) AppleWebKit/537.36 (KHTML, like Gecko) Chrome/90.0.4430.85 Safari/537.36 Edg/90.0.818.46"
36.133.115.36 - - [14/Dec/2025:13:19:05 +0800] "POST /wp-cron.php?doing_wp_cron=1765689545.7554590702056884765625 HTTP/1.1" 200 31 "-" "WordPress/6.8.3; http://cqqizhou.com"
125.36.180.131 - - [14/Dec/2025:13:19:05 +0800] "GET / HTTP/1.1" 301 5 "-" "Mozilla/5.0 (Windows NT 6.1; WOW64) AppleWebKit/537.36 (KHTML, like Gecko) Chrome/54.0.2840.99 Safari/537.36"
125.36.180.131 - - [14/Dec/2025:13:19:08 +0800] "GET / HTTP/1.1" 200 34106 "-" "Mozilla/5.0 (Windows NT 6.1; WOW64) AppleWebKit/537.36 (KHTML, like Gecko) Chrome/54.0.2840.99 Safari/537.36"
36.133.115.36 - - [14/Dec/2025:13:20:39 +0800] "POST /wp-cron.php?doing_wp_cron=1765689639.6078751087188720703125 HTTP/1.1" 200 31 "-" "WordPress/6.8.3; http://cqqizhou.com"
