File: /home/logs/cqqizhou_access_2025-12-14.log
36.133.115.36 - - [14/Dec/2025:00:10:16 +0800] "POST /wp-cron.php?doing_wp_cron=1765642216.0925719738006591796875 HTTP/1.1" 200 31 "-" "WordPress/6.8.3; http://cqqizhou.com"
216.244.66.245 - - [14/Dec/2025:00:10:16 +0800] "GET /robots.txt HTTP/1.1" 200 390 "-" "Mozilla/5.0 (compatible; DotBot/1.2; +https://opensiteexplorer.org/dotbot; help@moz.com)"
36.133.115.36 - - [14/Dec/2025:00:15:15 +0800] "POST /wp-cron.php?doing_wp_cron=1765642515.2097449302673339843750 HTTP/1.1" 200 31 "-" "WordPress/6.8.3; http://cqqizhou.com"
161.132.242.5 - - [14/Dec/2025:00:15:15 +0800] "GET / HTTP/1.1" 200 152290 "-" "Mozilla/5.0 (Windows NT 6.1; WOW64) AppleWebKit/537.36 (KHTML, like Gecko) Chrome/52.0.2743.116 Safari/537.36"
216.244.66.245 - - [14/Dec/2025:00:17:36 +0800] "GET /uncategorized/ HTTP/1.1" 200 74930 "-" "Mozilla/5.0 (compatible; DotBot/1.2; +https://opensiteexplorer.org/dotbot; help@moz.com)"
36.133.115.36 - - [14/Dec/2025:00:24:50 +0800] "POST /wp-cron.php?doing_wp_cron=1765643090.9467070102691650390625 HTTP/1.1" 200 31 "-" "WordPress/6.8.3; http://cqqizhou.com"
221.228.177.11 - - [14/Dec/2025:00:24:51 +0800] "GET /Ly9jcXFpemhvdS5jb20vd3AtY29udGVudC91cGxvYWRzL3JldnNsaWRlci9zbGlkZXItMS8xNzUxMzU4MjE5LXFpemhvdWRhbG91X1NsaWRlcl8zODQww5cyMTYwXzIwMjUwNzAxMTYxNTA1LXNjYWxlZC53ZWJw HTTP/1.1" 404 8975 "-" "Mozilla/5.0 (Windows NT 6.1; WOW64) AppleWebKit/537.36 (KHTML, like Gecko) Chrome/71.0.3578.33"
123.57.13.121 - - [14/Dec/2025:00:32:47 +0800] "GET / HTTP/1.1" 200 34106 "-" "Mozilla/5.0 (Windows NT 10.0; Win64; x64) AppleWebKit/537.36 (KHTML, like Gecko) Chrome/104.0.0.0 Safari/537.36"
36.133.115.36 - - [14/Dec/2025:00:32:49 +0800] "POST /wp-cron.php?doing_wp_cron=1765643569.5601699352264404296875 HTTP/1.1" 200 31 "-" "WordPress/6.8.3; http://cqqizhou.com"
123.57.13.121 - - [14/Dec/2025:00:32:49 +0800] "GET / HTTP/1.1" 301 5 "-" "Mozilla/5.0 (Windows NT 10.0; Win64; x64) AppleWebKit/537.36 (KHTML, like Gecko) Chrome/104.0.0.0 Safari/537.36"
47.114.89.255 - - [14/Dec/2025:00:38:19 +0800] "GET /H-ui.admin/lib/webuploader/0.1.5/server/preview.php HTTP/1.1" 404 47 "-" "Mozilla/5.0 (Windows NT 10.0; Win64; x64)"
36.133.115.36 - - [14/Dec/2025:00:40:42 +0800] "POST /wp-cron.php?doing_wp_cron=1765644042.4131600856781005859375 HTTP/1.1" 200 31 "-" "WordPress/6.8.3; http://cqqizhou.com"
121.233.134.174 - - [14/Dec/2025:00:40:42 +0800] "GET /Ly9jcXFpemhvdS5jb20vd3AtY29udGVudC91cGxvYWRzLzIwMjUvMTIvMTc2NTI2NTM5OC1xaXpob3VfU2xpZGVyXzM4NDDDlzIxNjBfMjAyNTEyMDktc2NhbGVkLndlYnA= HTTP/1.1" 404 8981 "-" "Mozilla/5.0 (Windows NT 6.2; WOW64) AppleWebKit/537.36 (KHTML, like Gecko) Chrome/75.0.3770.140"
36.133.115.36 - - [14/Dec/2025:00:46:38 +0800] "POST /wp-cron.php?doing_wp_cron=1765644398.1478610038757324218750 HTTP/1.1" 200 31 "-" "WordPress/6.8.3; http://cqqizhou.com"
204.76.203.212 - - [14/Dec/2025:00:46:38 +0800] "GET / HTTP/1.1" 200 33674 "-" "Mozilla/5.0 (Windows NT 10.0; Win64; x64) AppleWebKit/537.36 (KHTML, like Gecko) Chrome/90.0.4430.85 Safari/537.36 Edg/90.0.818.46"
36.133.115.36 - - [14/Dec/2025:00:50:20 +0800] "POST /wp-cron.php?doing_wp_cron=1765644620.1540849208831787109375 HTTP/1.1" 200 31 "-" "WordPress/6.8.3; http://cqqizhou.com"
183.199.123.163 - - [14/Dec/2025:00:50:20 +0800] "GET /Ly9jcXFpemhvdS5jb20vd3AtY29udGVudC91cGxvYWRzLzIwMjUvMTIvMTc2NTI2ODk1NS1xaXpob3VfU2xpZGVyMV8zODQww5cyMTYwXzIwMjUxMjEwLXNjYWxlZC53ZWJw HTTP/1.1" 404 8980 "-" "Mozilla/5.0 (Windows NT 6.2) AppleWebKit/537.36 (KHTML, like Gecko) Chrome/85.0.4183.87"
36.133.115.36 - - [14/Dec/2025:00:54:30 +0800] "POST /wp-cron.php?doing_wp_cron=1765644870.3328619003295898437500 HTTP/1.1" 200 31 "-" "WordPress/6.8.3; http://cqqizhou.com"
167.94.138.54 - - [14/Dec/2025:00:54:30 +0800] "GET /security.txt HTTP/1.1" 200 19538 "-" "Mozilla/5.0 (compatible; CensysInspect/1.1; +https://about.censys.io/)"
36.133.115.36 - - [14/Dec/2025:01:01:10 +0800] "POST /wp-cron.php?doing_wp_cron=1765645270.0852758884429931640625 HTTP/1.1" 200 31 "-" "WordPress/6.8.3; http://cqqizhou.com"
89.42.231.241 - - [14/Dec/2025:01:01:10 +0800] "GET / HTTP/1.1" 200 33673 "-" "Mozilla/5.0 (Windows NT 10.0; Win64; x64) AppleWebKit/537.36 (KHTML, like Gecko) Chrome/90.0.4430.85 Safari/537.36 Edg/90.0.818.46"
36.133.115.36 - - [14/Dec/2025:01:03:18 +0800] "POST /wp-cron.php?doing_wp_cron=1765645398.4525458812713623046875 HTTP/1.1" 200 31 "-" "WordPress/6.8.3; http://cqqizhou.com"
171.222.189.94 - - [14/Dec/2025:01:03:18 +0800] "GET /Ly9jcXFpemhvdS5jb20vd3AtY29udGVudC91cGxvYWRzL3JldnNsaWRlci9zbGlkZXItMS8xNzUwODYxMTU2LWxvZ2lzdGljc19TbGlkZXJfMzg0MMOXMjE2MF8yMDI1MDYyNTE5MTM1Ni1zY2FsZWQud2VicA== HTTP/1.1" 404 8976 "-" "Mozilla/5.0 (Windows NT 6.1) AppleWebKit/537.36 (KHTML, like Gecko) Chrome/88.0.4324.27"
36.133.115.36 - - [14/Dec/2025:01:06:53 +0800] "POST /wp-cron.php?doing_wp_cron=1765645613.4531679153442382812500 HTTP/1.1" 200 31 "-" "WordPress/6.8.3; http://cqqizhou.com"
8.219.209.185 - - [14/Dec/2025:01:06:53 +0800] "GET http://passport.baidu.com/ HTTP/1.1" 200 33675 "-" "-"
36.133.115.36 - - [14/Dec/2025:01:15:22 +0800] "POST /wp-cron.php?doing_wp_cron=1765646122.0259768962860107421875 HTTP/1.1" 200 31 "-" "WordPress/6.8.3; http://cqqizhou.com"
193.142.147.209 - - [14/Dec/2025:01:15:22 +0800] "GET /cgi-bin/luci/;stok=/locale HTTP/1.1" 301 5 "-" "-"
193.142.147.209 - - [14/Dec/2025:01:15:23 +0800] "GET /cgi-bin/luci/;stok=/locale HTTP/1.1" 404 31364 "http://36.133.115.36:80/cgi-bin/luci/;stok=/locale" "-"
185.243.242.17 - - [14/Dec/2025:01:19:11 +0800] "GET /admin.php HTTP/1.1" 404 47 "-" "Mozilla/5.0 (iPhone; CPU iPhone OS 17_0 like Mac OS X) AppleWebKit/605.1.15 (KHTML, like Gecko) Mobile/15E148 Safari/604.1"
36.133.115.36 - - [14/Dec/2025:01:19:24 +0800] "POST /wp-cron.php?doing_wp_cron=1765646364.4737548828125000000000 HTTP/1.1" 200 31 "-" "WordPress/6.8.3; http://cqqizhou.com"
185.243.242.17 - - [14/Dec/2025:01:19:24 +0800] "GET /admin HTTP/1.1" 302 5 "-" "Mozilla/5.0 (Macintosh; Intel Mac OS X 10_15_7) AppleWebKit/605.1.15 (KHTML, like Gecko) Version/17.0 Safari/605.1.15"
223.111.157.108 - - [14/Dec/2025:01:19:30 +0800] "GET / HTTP/1.1" 200 33674 "-" "Mozilla/5.0 (iPhone; CPU iPhone OS 13_2_3 like Mac OS X) AppleWebKit/605.1.15 (KHTML, like Gecko) Version/13.0.3 Mobile/15E148 Safari/604.1 Edg/114.0.0.0"
223.111.157.108 - - [14/Dec/2025:01:19:40 +0800] "GET / HTTP/1.1" 200 33674 "-" "Mozilla/5.0 (iPhone; CPU iPhone OS 13_2_3 like Mac OS X) AppleWebKit/605.1.15 (KHTML, like Gecko) Version/13.0.3 Mobile/15E148 Safari/604.1 Edg/114.0.0.0"
185.243.242.17 - - [14/Dec/2025:01:19:41 +0800] "GET /wp-admin/ HTTP/1.1" 499 0 "-" "Mozilla/5.0 (Macintosh; Intel Mac OS X 10_15_7) AppleWebKit/605.1.15 (KHTML, like Gecko) Version/17.0 Safari/605.1.15"
223.111.157.108 - - [14/Dec/2025:01:19:49 +0800] "GET /wp-content/uploads/2025/07/1751425283-qizhou.kf_.qq_.com_.webp HTTP/1.1" 200 16864 "http://cqqizhou.com/" "Mozilla/5.0 (iPhone; CPU iPhone OS 13_2_3 like Mac OS X) AppleWebKit/605.1.15 (KHTML, like Gecko) Version/13.0.3 Mobile/15E148 Safari/604.1 Edg/114.0.0.0"
36.133.115.36 - - [14/Dec/2025:01:19:54 +0800] "POST /wp-cron.php?doing_wp_cron=1765646394.7908239364624023437500 HTTP/1.1" 200 31 "-" "WordPress/6.8.3; http://cqqizhou.com"
223.111.157.108 - - [14/Dec/2025:01:20:00 +0800] "GET /wp-content/uploads/2025/07/1753456723-%E5%8F%8C%E7%9B%B8%E9%92%A2roduct_Single600.webp HTTP/1.1" 200 22790 "http://cqqizhou.com/" "Mozilla/5.0 (iPhone; CPU iPhone OS 13_2_3 like Mac OS X) AppleWebKit/605.1.15 (KHTML, like Gecko) Version/13.0.3 Mobile/15E148 Safari/604.1 Edg/114.0.0.0"
223.111.157.108 - - [14/Dec/2025:01:20:00 +0800] "GET /wp-content/uploads/2025/07/1753453096-%E5%8F%8C%E7%9B%B8%E9%92%A2product_Single600%C3%97284.webp HTTP/1.1" 200 14562 "http://cqqizhou.com/" "Mozilla/5.0 (iPhone; CPU iPhone OS 13_2_3 like Mac OS X) AppleWebKit/605.1.15 (KHTML, like Gecko) Version/13.0.3 Mobile/15E148 Safari/604.1 Edg/114.0.0.0"
223.111.157.108 - - [14/Dec/2025:01:20:00 +0800] "GET /wp-content/uploads/2025/07/1753453127-%E4%BD%99%E5%8D%B7product_Single600%C3%97284.webp HTTP/1.1" 200 18744 "http://cqqizhou.com/" "Mozilla/5.0 (iPhone; CPU iPhone OS 13_2_3 like Mac OS X) AppleWebKit/605.1.15 (KHTML, like Gecko) Version/13.0.3 Mobile/15E148 Safari/604.1 Edg/114.0.0.0"
223.111.157.108 - - [14/Dec/2025:01:20:00 +0800] "GET /wp-content/uploads/2025/07/1753456770-%E7%83%AD%E9%95%80%E9%94%8C%E5%8D%B7product_Single600.webp HTTP/1.1" 200 27502 "http://cqqizhou.com/" "Mozilla/5.0 (iPhone; CPU iPhone OS 13_2_3 like Mac OS X) AppleWebKit/605.1.15 (KHTML, like Gecko) Version/13.0.3 Mobile/15E148 Safari/604.1 Edg/114.0.0.0"
223.111.157.108 - - [14/Dec/2025:01:20:12 +0800] "GET /wp-content/uploads/2025/12/1765268955-qizhou_Slider1_3840%C3%972160_20251210-scaled.webp HTTP/1.1" 200 152162 "http://cqqizhou.com/" "Mozilla/5.0 (iPhone; CPU iPhone OS 13_2_3 like Mac OS X) AppleWebKit/605.1.15 (KHTML, like Gecko) Version/13.0.3 Mobile/15E148 Safari/604.1 Edg/114.0.0.0"
223.111.157.108 - - [14/Dec/2025:01:20:13 +0800] "GET /wp-content/uploads/revslider/slider-1/1750861156-logistics_Slider_3840%C3%972160_20250625191356-scaled-50x100.webp HTTP/1.1" 200 1416 "http://cqqizhou.com/" "Mozilla/5.0 (iPhone; CPU iPhone OS 13_2_3 like Mac OS X) AppleWebKit/605.1.15 (KHTML, like Gecko) Version/13.0.3 Mobile/15E148 Safari/604.1 Edg/114.0.0.0"
223.111.157.108 - - [14/Dec/2025:01:20:13 +0800] "GET /wp-content/uploads/2025/12/1765265398-qizhou_Slider_3840%C3%972160_20251209-scaled-50x100.webp HTTP/1.1" 200 2166 "http://cqqizhou.com/" "Mozilla/5.0 (iPhone; CPU iPhone OS 13_2_3 like Mac OS X) AppleWebKit/605.1.15 (KHTML, like Gecko) Version/13.0.3 Mobile/15E148 Safari/604.1 Edg/114.0.0.0"
223.111.157.108 - - [14/Dec/2025:01:20:14 +0800] "GET /wp-json/sliderrevolution/sliders/1?srengine=7&slideid=3 HTTP/1.1" 200 2286 "http://cqqizhou.com/" "Mozilla/5.0 (iPhone; CPU iPhone OS 13_2_3 like Mac OS X) AppleWebKit/605.1.15 (KHTML, like Gecko) Version/13.0.3 Mobile/15E148 Safari/604.1 Edg/114.0.0.0"
223.111.157.108 - - [14/Dec/2025:01:20:14 +0800] "GET /wp-json/sliderrevolution/sliders/1?srengine=7&slideid=2 HTTP/1.1" 200 2058 "http://cqqizhou.com/" "Mozilla/5.0 (iPhone; CPU iPhone OS 13_2_3 like Mac OS X) AppleWebKit/605.1.15 (KHTML, like Gecko) Version/13.0.3 Mobile/15E148 Safari/604.1 Edg/114.0.0.0"
223.111.157.108 - - [14/Dec/2025:01:20:17 +0800] "GET /wp-content/uploads/revslider/slider-1/1750861156-logistics_Slider_3840%C3%972160_20250625191356-scaled.webp HTTP/1.1" 200 197360 "http://cqqizhou.com/" "Mozilla/5.0 (iPhone; CPU iPhone OS 13_2_3 like Mac OS X) AppleWebKit/605.1.15 (KHTML, like Gecko) Version/13.0.3 Mobile/15E148 Safari/604.1 Edg/114.0.0.0"
223.111.157.108 - - [14/Dec/2025:01:20:19 +0800] "GET /wp-content/uploads/2025/12/1765265398-qizhou_Slider_3840%C3%972160_20251209-scaled.webp HTTP/1.1" 200 175208 "http://cqqizhou.com/" "Mozilla/5.0 (iPhone; CPU iPhone OS 13_2_3 like Mac OS X) AppleWebKit/605.1.15 (KHTML, like Gecko) Version/13.0.3 Mobile/15E148 Safari/604.1 Edg/114.0.0.0"
223.111.157.108 - - [14/Dec/2025:01:20:22 +0800] "GET /wp-content/uploads/2025/12/1765268955-qizhou_Slider1_3840%C3%972160_20251210-scaled-50x100.webp HTTP/1.1" 200 1812 "http://cqqizhou.com/" "Mozilla/5.0 (iPhone; CPU iPhone OS 13_2_3 like Mac OS X) AppleWebKit/605.1.15 (KHTML, like Gecko) Version/13.0.3 Mobile/15E148 Safari/604.1 Edg/114.0.0.0"
223.111.157.108 - - [14/Dec/2025:01:20:30 +0800] "GET / HTTP/1.1" 200 33674 "-" "Mozilla/5.0 (iPhone; CPU iPhone OS 13_2_3 like Mac OS X) AppleWebKit/605.1.15 (KHTML, like Gecko) Version/13.0.3 Mobile/15E148 Safari/604.1 Edg/114.0.0.0"
36.133.115.36 - - [14/Dec/2025:01:21:00 +0800] "POST /wp-cron.php?doing_wp_cron=1765646460.1440229415893554687500 HTTP/1.1" 200 31 "-" "WordPress/6.8.3; http://cqqizhou.com"
223.111.157.108 - - [14/Dec/2025:01:21:00 +0800] "GET / HTTP/1.1" 200 33673 "-" "Mozilla/5.0 (iPhone; CPU iPhone OS 13_2_3 like Mac OS X) AppleWebKit/605.1.15 (KHTML, like Gecko) Version/13.0.3 Mobile/15E148 Safari/604.1 Edg/114.0.0.0"
36.133.115.36 - - [14/Dec/2025:01:23:40 +0800] "POST /wp-cron.php?doing_wp_cron=1765646620.4973089694976806640625 HTTP/1.1" 200 31 "-" "WordPress/6.8.3; http://cqqizhou.com"
43.157.168.43 - - [14/Dec/2025:01:23:40 +0800] "GET / HTTP/1.1" 200 33674 "-" "Mozilla/5.0 (iPhone; CPU iPhone OS 13_2_3 like Mac OS X) AppleWebKit/605.1.15 (KHTML, like Gecko) Version/13.0.3 Mobile/15E148 Safari/604.1"
36.133.115.36 - - [14/Dec/2025:01:41:35 +0800] "POST /wp-cron.php?doing_wp_cron=1765647695.6451039314270019531250 HTTP/1.1" 200 31 "-" "WordPress/6.8.3; http://cqqizhou.com"
115.159.33.43 - - [14/Dec/2025:01:41:35 +0800] "GET / HTTP/1.1" 301 5 "-" "Mozilla/5.0 (Windows NT 10.0; Win64; x64) AppleWebKit/537.36 (KHTML, like Gecko) Chrome/79.0.3945.117 Safari/537.36"
36.133.115.36 - - [14/Dec/2025:01:51:02 +0800] "POST /wp-cron.php?doing_wp_cron=1765648262.1511709690093994140625 HTTP/1.1" 200 31 "-" "WordPress/6.8.3; http://cqqizhou.com"
149.50.103.48 - - [14/Dec/2025:01:51:02 +0800] "GET / HTTP/1.1" 200 33674 "-" "Mozilla/5.0 (Windows NT 10.0; Win64; x64) AppleWebKit/537.36 (KHTML, like Gecko) Chrome/90.0.4430.85 Safari/537.36 Edg/90.0.818.46"
36.133.115.36 - - [14/Dec/2025:02:20:31 +0800] "POST /wp-cron.php?doing_wp_cron=1765650031.9318859577178955078125 HTTP/1.1" 200 31 "-" "WordPress/6.8.3; http://cqqizhou.com"
204.76.203.212 - - [14/Dec/2025:02:20:32 +0800] "GET / HTTP/1.1" 200 33674 "-" "Mozilla/5.0 (Windows NT 10.0; Win64; x64) AppleWebKit/537.36 (KHTML, like Gecko) Chrome/90.0.4430.85 Safari/537.36 Edg/90.0.818.46"
36.133.115.36 - - [14/Dec/2025:02:22:02 +0800] "POST /wp-cron.php?doing_wp_cron=1765650122.4070410728454589843750 HTTP/1.1" 200 31 "-" "WordPress/6.8.3; http://cqqizhou.com"
43.157.67.70 - - [14/Dec/2025:02:22:02 +0800] "GET / HTTP/1.1" 301 5 "-" "Mozilla/5.0 (iPhone; CPU iPhone OS 13_2_3 like Mac OS X) AppleWebKit/605.1.15 (KHTML, like Gecko) Version/13.0.3 Mobile/15E148 Safari/604.1"
43.157.67.70 - - [14/Dec/2025:02:22:04 +0800] "GET / HTTP/1.1" 200 33674 "http://www.cqqizhou.com" "Mozilla/5.0 (iPhone; CPU iPhone OS 13_2_3 like Mac OS X) AppleWebKit/605.1.15 (KHTML, like Gecko) Version/13.0.3 Mobile/15E148 Safari/604.1"
36.133.115.36 - - [14/Dec/2025:02:31:21 +0800] "POST /wp-cron.php?doing_wp_cron=1765650681.9279019832611083984375 HTTP/1.1" 200 31 "-" "WordPress/6.8.3; http://cqqizhou.com"
49.7.227.204 - - [14/Dec/2025:02:31:22 +0800] "GET / HTTP/1.1" 200 33674 "-" "Mozilla/5.0 (iPhone; CPU iPhone OS 13_2_3 like Mac OS X) AppleWebKit/605.1.15 (KHTML, like Gecko) Version/13.0.3 Mobile/15E148 Safari/604.1"
51.68.247.220 - - [14/Dec/2025:02:36:21 +0800] "GET /2155/ HTTP/1.1" 200 29586 "-" "Mozilla/5.0 (compatible; AhrefsBot/7.0; +http://ahrefs.com/robot/)"
36.133.115.36 - - [14/Dec/2025:02:42:54 +0800] "POST /wp-cron.php?doing_wp_cron=1765651373.9831020832061767578125 HTTP/1.1" 200 31 "-" "WordPress/6.8.3; http://cqqizhou.com"
45.156.128.49 - - [14/Dec/2025:02:42:54 +0800] "GET / HTTP/1.1" 301 5 "-" "Mozilla/5.0 (Windows NT 10.0; Win64; x64) AppleWebKit/537.36 (KHTML, like Gecko) Chrome/60.0.3112.113 Safari/537.36"
45.156.128.49 - - [14/Dec/2025:02:42:55 +0800] "GET / HTTP/1.1" 200 34106 "http://36.133.115.36/" "Mozilla/5.0 (Windows NT 10.0; Win64; x64) AppleWebKit/537.36 (KHTML, like Gecko) Chrome/60.0.3112.113 Safari/537.36"
121.237.36.31 - - [14/Dec/2025:02:46:50 +0800] "GET / HTTP/1.1" 200 34106 "-" "Mozilla/5.0 (Macintosh; Intel Mac OS X 10_11) AppleWebKit/601.1.27 (KHTML, like Gecko) Chrome/47.0.2526.106 Safari/601.1.27"
36.133.115.36 - - [14/Dec/2025:02:53:40 +0800] "POST /wp-cron.php?doing_wp_cron=1765652020.6652610301971435546875 HTTP/1.1" 200 31 "-" "WordPress/6.8.3; http://cqqizhou.com"
167.94.138.178 - - [14/Dec/2025:02:53:40 +0800] "GET / HTTP/1.1" 301 5 "-" "Mozilla/5.0 (compatible; CensysInspect/1.1; +https://about.censys.io/)"
36.133.115.36 - - [14/Dec/2025:02:53:52 +0800] "POST /wp-cron.php?doing_wp_cron=1765652032.2377328872680664062500 HTTP/1.1" 200 31 "-" "WordPress/6.8.3; http://cqqizhou.com"
167.94.138.178 - - [14/Dec/2025:02:53:52 +0800] "GET /sitemap.xml HTTP/1.1" 200 499 "-" "Mozilla/5.0 (compatible; CensysInspect/1.1; +https://about.censys.io/)"
54.37.118.95 - - [14/Dec/2025:03:28:10 +0800] "GET /portfolio-category/remaining-rolls/ HTTP/1.1" 200 21005 "-" "Mozilla/5.0 (compatible; AhrefsBot/7.0; +http://ahrefs.com/robot/)"
36.133.115.36 - - [14/Dec/2025:03:36:00 +0800] "POST /wp-cron.php?doing_wp_cron=1765654560.6610760688781738281250 HTTP/1.1" 200 31 "-" "WordPress/6.8.3; http://cqqizhou.com"
40.124.186.157 - - [14/Dec/2025:03:36:00 +0800] "GET /manager/html HTTP/1.1" 404 8975 "-" "Mozilla/5.0 zgrab/0.x"
36.133.115.36 - - [14/Dec/2025:03:41:52 +0800] "POST /wp-cron.php?doing_wp_cron=1765654912.4634850025177001953125 HTTP/1.1" 200 31 "-" "WordPress/6.8.3; http://cqqizhou.com"
193.142.147.209 - - [14/Dec/2025:03:41:52 +0800] "GET /cgi-bin/luci/;stok=/locale HTTP/1.1" 301 5 "-" "-"
193.142.147.209 - - [14/Dec/2025:03:41:53 +0800] "GET /cgi-bin/luci/;stok=/locale HTTP/1.1" 404 31364 "http://36.133.115.36:80/cgi-bin/luci/;stok=/locale" "-"
36.133.115.36 - - [14/Dec/2025:03:43:07 +0800] "POST /wp-cron.php?doing_wp_cron=1765654987.7267489433288574218750 HTTP/1.1" 200 31 "-" "WordPress/6.8.3; http://cqqizhou.com"
223.111.157.108 - - [14/Dec/2025:03:43:08 +0800] "GET / HTTP/1.1" 200 33674 "-" "Mozilla/5.0 (Linux; Android 6.0; Nexus 5 Build/MRA58N) AppleWebKit/537.36 (KHTML, like Gecko) Chrome/113.0.0.0 Mobile Safari/537.36 Edg/113.0.1774.50"
223.111.157.108 - - [14/Dec/2025:03:43:14 +0800] "GET / HTTP/1.1" 200 33674 "-" "Mozilla/5.0 (Linux; Android 6.0; Nexus 5 Build/MRA58N) AppleWebKit/537.36 (KHTML, like Gecko) Chrome/113.0.0.0 Mobile Safari/537.36 Edg/113.0.1774.50"
223.111.157.108 - - [14/Dec/2025:03:43:15 +0800] "GET /wp-content/uploads/2025/07/1751425283-qizhou.kf_.qq_.com_.webp HTTP/1.1" 200 16864 "-" "Mozilla/5.0 (Linux; Android 6.0; Nexus 5 Build/MRA58N) AppleWebKit/537.36 (KHTML, like Gecko) Chrome/113.0.0.0 Mobile Safari/537.36 Edg/113.0.1774.50"
223.111.157.108 - - [14/Dec/2025:03:43:15 +0800] "GET / HTTP/1.1" 200 33674 "-" "Mozilla/5.0 (Linux; Android 6.0; Nexus 5 Build/MRA58N) AppleWebKit/537.36 (KHTML, like Gecko) Chrome/113.0.0.0 Mobile Safari/537.36 Edg/113.0.1774.50"
223.111.157.108 - - [14/Dec/2025:03:43:36 +0800] "GET /wp-content/uploads/2025/07/1751425283-qizhou.kf_.qq_.com_.webp HTTP/1.1" 200 16864 "http://cqqizhou.com/" "Mozilla/5.0 (Linux; Android 6.0; Nexus 5 Build/MRA58N) AppleWebKit/537.36 (KHTML, like Gecko) Chrome/113.0.0.0 Mobile Safari/537.36 Edg/113.0.1774.50"
36.133.115.36 - - [14/Dec/2025:03:44:11 +0800] "POST /wp-cron.php?doing_wp_cron=1765655051.2131168842315673828125 HTTP/1.1" 200 31 "-" "WordPress/6.8.3; http://cqqizhou.com"
5.9.120.8 - - [14/Dec/2025:03:44:11 +0800] "GET /robots.txt HTTP/1.1" 200 190 "-" "Mozilla/5.0 (compatible; SERankingBacklinksBot/1.0; +https://seranking.com/backlinks-crawler)"
5.9.120.8 - - [14/Dec/2025:03:44:11 +0800] "GET /2153/ HTTP/1.1" 200 24762 "-" "Mozilla/5.0 (compatible; SERankingBacklinksBot/1.0; +https://seranking.com/backlinks-crawler)"
5.9.120.8 - - [14/Dec/2025:03:44:15 +0800] "GET /2155/ HTTP/1.1" 200 29586 "-" "Mozilla/5.0 (compatible; SERankingBacklinksBot/1.0; +https://seranking.com/backlinks-crawler)"
5.9.120.8 - - [14/Dec/2025:03:44:18 +0800] "GET /2165/ HTTP/1.1" 200 27381 "-" "Mozilla/5.0 (compatible; SERankingBacklinksBot/1.0; +https://seranking.com/backlinks-crawler)"
5.9.120.8 - - [14/Dec/2025:03:44:23 +0800] "GET /2214/ HTTP/1.1" 200 24962 "-" "Mozilla/5.0 (compatible; SERankingBacklinksBot/1.0; +https://seranking.com/backlinks-crawler)"
5.9.120.8 - - [14/Dec/2025:03:44:27 +0800] "GET /2215/ HTTP/1.1" 200 24381 "-" "Mozilla/5.0 (compatible; SERankingBacklinksBot/1.0; +https://seranking.com/backlinks-crawler)"
5.9.120.8 - - [14/Dec/2025:03:44:30 +0800] "GET /2231/ HTTP/1.1" 200 19962 "-" "Mozilla/5.0 (compatible; SERankingBacklinksBot/1.0; +https://seranking.com/backlinks-crawler)"
5.9.120.8 - - [14/Dec/2025:03:44:34 +0800] "GET /2339/ HTTP/1.1" 200 21005 "-" "Mozilla/5.0 (compatible; SERankingBacklinksBot/1.0; +https://seranking.com/backlinks-crawler)"
5.9.120.8 - - [14/Dec/2025:03:44:38 +0800] "GET /news/ HTTP/1.1" 200 19837 "-" "Mozilla/5.0 (compatible; SERankingBacklinksBot/1.0; +https://seranking.com/backlinks-crawler)"
185.191.171.14 - - [14/Dec/2025:03:44:44 +0800] "GET /business/ HTTP/1.1" 200 22998 "-" "Mozilla/5.0 (compatible; SemrushBot/7~bl; +http://www.semrush.com/bot.html)"
5.9.120.8 - - [14/Dec/2025:03:44:46 +0800] "GET /portfolio/ HTTP/1.1" 200 20595 "-" "Mozilla/5.0 (compatible; SERankingBacklinksBot/1.0; +https://seranking.com/backlinks-crawler)"
36.133.115.36 - - [14/Dec/2025:03:44:52 +0800] "POST /wp-cron.php?doing_wp_cron=1765655092.1858129501342773437500 HTTP/1.1" 200 31 "-" "WordPress/6.8.3; http://cqqizhou.com"
5.9.120.8 - - [14/Dec/2025:03:44:52 +0800] "GET /process/processing HTTP/1.1" 301 5 "-" "Mozilla/5.0 (compatible; SERankingBacklinksBot/1.0; +https://seranking.com/backlinks-crawler)"
5.9.120.8 - - [14/Dec/2025:03:44:52 +0800] "GET /services/processing/ HTTP/1.1" 200 19235 "-" "Mozilla/5.0 (compatible; SERankingBacklinksBot/1.0; +https://seranking.com/backlinks-crawler)"
5.9.120.8 - - [14/Dec/2025:03:44:56 +0800] "GET /portfolio/pickled-coil/ HTTP/1.1" 200 22165 "-" "Mozilla/5.0 (compatible; SERankingBacklinksBot/1.0; +https://seranking.com/backlinks-crawler)"
5.9.120.8 - - [14/Dec/2025:03:44:59 +0800] "GET /portfolio-tag/%E9%9E%8D%E9%92%A2%E8%92%82%E6%A3%AE/ HTTP/1.1" 200 22787 "-" "Mozilla/5.0 (compatible; SERankingBacklinksBot/1.0; +https://seranking.com/backlinks-crawler)"
223.111.157.108 - - [14/Dec/2025:03:45:10 +0800] "GET / HTTP/1.1" 200 33674 "-" "Mozilla/5.0 (Linux; Android 6.0; Nexus 5 Build/MRA58N) AppleWebKit/537.36 (KHTML, like Gecko) Chrome/113.0.0.0 Mobile Safari/537.36 Edg/113.0.1774.50"
223.111.157.108 - - [14/Dec/2025:03:45:14 +0800] "GET / HTTP/1.1" 200 33675 "-" "Mozilla/5.0 (Linux; Android 6.0; Nexus 5 Build/MRA58N) AppleWebKit/537.36 (KHTML, like Gecko) Chrome/113.0.0.0 Mobile Safari/537.36 Edg/113.0.1774.50"
223.111.157.108 - - [14/Dec/2025:03:45:19 +0800] "GET /wp-content/uploads/2025/07/1751425283-qizhou.kf_.qq_.com_.webp HTTP/1.1" 200 16864 "-" "Mozilla/5.0 (Linux; Android 6.0; Nexus 5 Build/MRA58N) AppleWebKit/537.36 (KHTML, like Gecko) Chrome/113.0.0.0 Mobile Safari/537.36 Edg/113.0.1774.50"
223.111.157.108 - - [14/Dec/2025:03:45:58 +0800] "GET /wp-content/uploads/2025/07/1753456723-%E5%8F%8C%E7%9B%B8%E9%92%A2roduct_Single600.webp HTTP/1.1" 200 22790 "http://cqqizhou.com/" "Mozilla/5.0 (Linux; Android 6.0; Nexus 5 Build/MRA58N) AppleWebKit/537.36 (KHTML, like Gecko) Chrome/113.0.0.0 Mobile Safari/537.36 Edg/113.0.1774.50"
223.111.157.108 - - [14/Dec/2025:03:45:58 +0800] "GET /wp-content/uploads/2025/07/1753453096-%E5%8F%8C%E7%9B%B8%E9%92%A2product_Single600%C3%97284.webp HTTP/1.1" 200 14562 "http://cqqizhou.com/" "Mozilla/5.0 (Linux; Android 6.0; Nexus 5 Build/MRA58N) AppleWebKit/537.36 (KHTML, like Gecko) Chrome/113.0.0.0 Mobile Safari/537.36 Edg/113.0.1774.50"
223.111.157.108 - - [14/Dec/2025:03:45:58 +0800] "GET /wp-content/uploads/2025/07/1753456770-%E7%83%AD%E9%95%80%E9%94%8C%E5%8D%B7product_Single600.webp HTTP/1.1" 200 27502 "http://cqqizhou.com/" "Mozilla/5.0 (Linux; Android 6.0; Nexus 5 Build/MRA58N) AppleWebKit/537.36 (KHTML, like Gecko) Chrome/113.0.0.0 Mobile Safari/537.36 Edg/113.0.1774.50"
223.111.157.108 - - [14/Dec/2025:03:45:58 +0800] "GET /wp-content/uploads/2025/07/1753453127-%E4%BD%99%E5%8D%B7product_Single600%C3%97284.webp HTTP/1.1" 200 18744 "http://cqqizhou.com/" "Mozilla/5.0 (Linux; Android 6.0; Nexus 5 Build/MRA58N) AppleWebKit/537.36 (KHTML, like Gecko) Chrome/113.0.0.0 Mobile Safari/537.36 Edg/113.0.1774.50"
223.111.157.108 - - [14/Dec/2025:03:45:59 +0800] "GET /wp-content/uploads/2025/07/1753456723-%E5%8F%8C%E7%9B%B8%E9%92%A2roduct_Single600.webp HTTP/1.1" 200 22790 "-" "Mozilla/5.0 (Linux; Android 6.0; Nexus 5 Build/MRA58N) AppleWebKit/537.36 (KHTML, like Gecko) Chrome/113.0.0.0 Mobile Safari/537.36 Edg/113.0.1774.50"
223.111.157.108 - - [14/Dec/2025:03:45:59 +0800] "GET /wp-content/uploads/2025/07/1753453127-%E4%BD%99%E5%8D%B7product_Single600%C3%97284.webp HTTP/1.1" 200 18744 "-" "Mozilla/5.0 (Linux; Android 6.0; Nexus 5 Build/MRA58N) AppleWebKit/537.36 (KHTML, like Gecko) Chrome/113.0.0.0 Mobile Safari/537.36 Edg/113.0.1774.50"
223.111.157.108 - - [14/Dec/2025:03:46:00 +0800] "GET /wp-content/uploads/2025/12/1765268955-qizhou_Slider1_3840%C3%972160_20251210-scaled.webp HTTP/1.1" 200 45144 "-" "Mozilla/5.0 (Linux; Android 6.0; Nexus 5 Build/MRA58N) AppleWebKit/537.36 (KHTML, like Gecko) Chrome/113.0.0.0 Mobile Safari/537.36 Edg/113.0.1774.50"
223.111.157.108 - - [14/Dec/2025:03:46:06 +0800] "GET /wp-content/uploads/2025/07/1753456770-%E7%83%AD%E9%95%80%E9%94%8C%E5%8D%B7product_Single600.webp HTTP/1.1" 200 27502 "-" "Mozilla/5.0 (Linux; Android 6.0; Nexus 5 Build/MRA58N) AppleWebKit/537.36 (KHTML, like Gecko) Chrome/113.0.0.0 Mobile Safari/537.36 Edg/113.0.1774.50"
223.111.157.108 - - [14/Dec/2025:03:46:06 +0800] "GET /wp-content/uploads/2025/12/1765268955-qizhou_Slider1_3840%C3%972160_20251210-scaled.webp HTTP/1.1" 200 152162 "http://cqqizhou.com/" "Mozilla/5.0 (Linux; Android 6.0; Nexus 5 Build/MRA58N) AppleWebKit/537.36 (KHTML, like Gecko) Chrome/113.0.0.0 Mobile Safari/537.36 Edg/113.0.1774.50"
223.111.157.108 - - [14/Dec/2025:03:46:08 +0800] "GET /wp-content/uploads/2025/12/1765265398-qizhou_Slider_3840%C3%972160_20251209-scaled-50x100.webp HTTP/1.1" 200 2166 "http://cqqizhou.com/" "Mozilla/5.0 (Linux; Android 6.0; Nexus 5 Build/MRA58N) AppleWebKit/537.36 (KHTML, like Gecko) Chrome/113.0.0.0 Mobile Safari/537.36 Edg/113.0.1774.50"
223.111.157.108 - - [14/Dec/2025:03:46:08 +0800] "GET /wp-content/uploads/revslider/slider-1/1750861156-logistics_Slider_3840%C3%972160_20250625191356-scaled-50x100.webp HTTP/1.1" 200 1416 "http://cqqizhou.com/" "Mozilla/5.0 (Linux; Android 6.0; Nexus 5 Build/MRA58N) AppleWebKit/537.36 (KHTML, like Gecko) Chrome/113.0.0.0 Mobile Safari/537.36 Edg/113.0.1774.50"
223.111.157.108 - - [14/Dec/2025:03:46:08 +0800] "GET /wp-content/uploads/revslider/slider-1/1750861156-logistics_Slider_3840%C3%972160_20250625191356-scaled-50x100.webp HTTP/1.1" 200 1416 "-" "Mozilla/5.0 (Linux; Android 6.0; Nexus 5 Build/MRA58N) AppleWebKit/537.36 (KHTML, like Gecko) Chrome/113.0.0.0 Mobile Safari/537.36 Edg/113.0.1774.50"
223.111.157.108 - - [14/Dec/2025:03:46:08 +0800] "GET /wp-content/uploads/2025/12/1765265398-qizhou_Slider_3840%C3%972160_20251209-scaled-50x100.webp HTTP/1.1" 200 2166 "-" "Mozilla/5.0 (Linux; Android 6.0; Nexus 5 Build/MRA58N) AppleWebKit/537.36 (KHTML, like Gecko) Chrome/113.0.0.0 Mobile Safari/537.36 Edg/113.0.1774.50"
36.133.115.36 - - [14/Dec/2025:03:46:09 +0800] "POST /wp-cron.php?doing_wp_cron=1765655169.4332280158996582031250 HTTP/1.1" 200 31 "-" "WordPress/6.8.3; http://cqqizhou.com"
223.111.157.108 - - [14/Dec/2025:03:46:09 +0800] "GET /wp-json/sliderrevolution/sliders/1?srengine=7&slideid=2 HTTP/1.1" 200 2058 "http://cqqizhou.com/" "Mozilla/5.0 (Linux; Android 6.0; Nexus 5 Build/MRA58N) AppleWebKit/537.36 (KHTML, like Gecko) Chrome/113.0.0.0 Mobile Safari/537.36 Edg/113.0.1774.50"
223.111.157.108 - - [14/Dec/2025:03:46:09 +0800] "GET /wp-json/sliderrevolution/sliders/1?srengine=7&slideid=3 HTTP/1.1" 200 2286 "http://cqqizhou.com/" "Mozilla/5.0 (Linux; Android 6.0; Nexus 5 Build/MRA58N) AppleWebKit/537.36 (KHTML, like Gecko) Chrome/113.0.0.0 Mobile Safari/537.36 Edg/113.0.1774.50"
223.111.157.108 - - [14/Dec/2025:03:46:10 +0800] "GET /wp-json/sliderrevolution/sliders/1?srengine=7&slideid=3 HTTP/1.1" 200 2286 "-" "Mozilla/5.0 (Linux; Android 6.0; Nexus 5 Build/MRA58N) AppleWebKit/537.36 (KHTML, like Gecko) Chrome/113.0.0.0 Mobile Safari/537.36 Edg/113.0.1774.50"
223.111.157.108 - - [14/Dec/2025:03:46:13 +0800] "GET /wp-content/uploads/2025/12/1765265398-qizhou_Slider_3840%C3%972160_20251209-scaled-50x100.webp HTTP/1.1" 200 2166 "-" "Mozilla/5.0 (Linux; Android 6.0; Nexus 5 Build/MRA58N) AppleWebKit/537.36 (KHTML, like Gecko) Chrome/113.0.0.0 Mobile Safari/537.36 Edg/113.0.1774.50"
223.111.157.108 - - [14/Dec/2025:03:46:13 +0800] "GET /wp-content/uploads/revslider/slider-1/1750861156-logistics_Slider_3840%C3%972160_20250625191356-scaled-50x100.webp HTTP/1.1" 200 1416 "-" "Mozilla/5.0 (Linux; Android 6.0; Nexus 5 Build/MRA58N) AppleWebKit/537.36 (KHTML, like Gecko) Chrome/113.0.0.0 Mobile Safari/537.36 Edg/113.0.1774.50"
223.111.157.108 - - [14/Dec/2025:03:46:14 +0800] "GET /wp-content/uploads/2025/12/1765265398-qizhou_Slider_3840%C3%972160_20251209-scaled.webp HTTP/1.1" 200 45144 "-" "Mozilla/5.0 (Linux; Android 6.0; Nexus 5 Build/MRA58N) AppleWebKit/537.36 (KHTML, like Gecko) Chrome/113.0.0.0 Mobile Safari/537.36 Edg/113.0.1774.50"
223.111.157.108 - - [14/Dec/2025:03:46:15 +0800] "GET /wp-content/uploads/2025/07/1753453096-%E5%8F%8C%E7%9B%B8%E9%92%A2product_Single600%C3%97284.webp HTTP/1.1" 200 14562 "-" "Mozilla/5.0 (Linux; Android 6.0; Nexus 5 Build/MRA58N) AppleWebKit/537.36 (KHTML, like Gecko) Chrome/113.0.0.0 Mobile Safari/537.36 Edg/113.0.1774.50"
223.111.157.108 - - [14/Dec/2025:03:46:17 +0800] "GET /wp-content/uploads/2025/12/1765265398-qizhou_Slider_3840%C3%972160_20251209-scaled.webp HTTP/1.1" 200 175208 "http://cqqizhou.com/" "Mozilla/5.0 (Linux; Android 6.0; Nexus 5 Build/MRA58N) AppleWebKit/537.36 (KHTML, like Gecko) Chrome/113.0.0.0 Mobile Safari/537.36 Edg/113.0.1774.50"
223.111.157.108 - - [14/Dec/2025:03:46:17 +0800] "GET /wp-json/sliderrevolution/sliders/1?srengine=7&slideid=2 HTTP/1.1" 200 2058 "-" "Mozilla/5.0 (Linux; Android 6.0; Nexus 5 Build/MRA58N) AppleWebKit/537.36 (KHTML, like Gecko) Chrome/113.0.0.0 Mobile Safari/537.36 Edg/113.0.1774.50"
223.111.157.108 - - [14/Dec/2025:03:46:17 +0800] "GET /wp-content/uploads/revslider/slider-1/1750861156-logistics_Slider_3840%C3%972160_20250625191356-scaled.webp HTTP/1.1" 200 45144 "-" "Mozilla/5.0 (Linux; Android 6.0; Nexus 5 Build/MRA58N) AppleWebKit/537.36 (KHTML, like Gecko) Chrome/113.0.0.0 Mobile Safari/537.36 Edg/113.0.1774.50"
223.111.157.108 - - [14/Dec/2025:03:46:22 +0800] "GET /wp-content/uploads/revslider/slider-1/1750861156-logistics_Slider_3840%C3%972160_20250625191356-scaled.webp HTTP/1.1" 200 197360 "http://cqqizhou.com/" "Mozilla/5.0 (Linux; Android 6.0; Nexus 5 Build/MRA58N) AppleWebKit/537.36 (KHTML, like Gecko) Chrome/113.0.0.0 Mobile Safari/537.36 Edg/113.0.1774.50"
223.111.157.108 - - [14/Dec/2025:03:46:29 +0800] "GET /wp-content/uploads/2025/12/1765268955-qizhou_Slider1_3840%C3%972160_20251210-scaled-50x100.webp HTTP/1.1" 200 1812 "http://cqqizhou.com/" "Mozilla/5.0 (Linux; Android 6.0; Nexus 5 Build/MRA58N) AppleWebKit/537.36 (KHTML, like Gecko) Chrome/113.0.0.0 Mobile Safari/537.36 Edg/113.0.1774.50"
223.111.157.108 - - [14/Dec/2025:03:46:29 +0800] "GET /wp-content/uploads/2025/12/1765268955-qizhou_Slider1_3840%C3%972160_20251210-scaled-50x100.webp HTTP/1.1" 200 1812 "-" "Mozilla/5.0 (Linux; Android 6.0; Nexus 5 Build/MRA58N) AppleWebKit/537.36 (KHTML, like Gecko) Chrome/113.0.0.0 Mobile Safari/537.36 Edg/113.0.1774.50"
223.111.157.108 - - [14/Dec/2025:03:46:36 +0800] "GET /wp-content/uploads/2025/12/1765268955-qizhou_Slider1_3840%C3%972160_20251210-scaled-50x100.webp HTTP/1.1" 200 1812 "-" "Mozilla/5.0 (Linux; Android 6.0; Nexus 5 Build/MRA58N) AppleWebKit/537.36 (KHTML, like Gecko) Chrome/113.0.0.0 Mobile Safari/537.36 Edg/113.0.1774.50"
223.111.157.108 - - [14/Dec/2025:03:46:44 +0800] "GET /wp-content/uploads/2025/07/1753454089-Article_images_W900px.webp HTTP/1.1" 200 27552 "http://cqqizhou.com/" "Mozilla/5.0 (Linux; Android 6.0; Nexus 5 Build/MRA58N) AppleWebKit/537.36 (KHTML, like Gecko) Chrome/113.0.0.0 Mobile Safari/537.36 Edg/113.0.1774.50"
223.111.157.108 - - [14/Dec/2025:03:46:45 +0800] "GET /wp-content/uploads/2025/07/1751829454-Smart-warehousing800x500.webp HTTP/1.1" 200 43776 "http://cqqizhou.com/wp-content/uploads/elementor/css/post-1666.css?ver=1765281897" "Mozilla/5.0 (Linux; Android 6.0; Nexus 5 Build/MRA58N) AppleWebKit/537.36 (KHTML, like Gecko) Chrome/113.0.0.0 Mobile Safari/537.36 Edg/113.0.1774.50"
223.111.157.108 - - [14/Dec/2025:03:46:45 +0800] "GET /wp-content/uploads/2025/07/1753454089-Article_images_W900px.webp HTTP/1.1" 200 27552 "-" "Mozilla/5.0 (Linux; Android 6.0; Nexus 5 Build/MRA58N) AppleWebKit/537.36 (KHTML, like Gecko) Chrome/113.0.0.0 Mobile Safari/537.36 Edg/113.0.1774.50"
223.111.157.108 - - [14/Dec/2025:03:46:46 +0800] "GET / HTTP/1.1" 200 33674 "-" "Mozilla/5.0 (Linux; Android 6.0; Nexus 5 Build/MRA58N) AppleWebKit/537.36 (KHTML, like Gecko) Chrome/113.0.0.0 Mobile Safari/537.36 Edg/113.0.1774.50"
223.111.157.108 - - [14/Dec/2025:03:46:46 +0800] "GET / HTTP/1.1" 200 33674 "-" "Mozilla/5.0 (Linux; Android 6.0; Nexus 5 Build/MRA58N) AppleWebKit/537.36 (KHTML, like Gecko) Chrome/113.0.0.0 Mobile Safari/537.36 Edg/113.0.1774.50"
223.111.157.108 - - [14/Dec/2025:03:46:46 +0800] "GET /wp-content/uploads/2025/07/1751425283-qizhou.kf_.qq_.com_.webp HTTP/1.1" 200 16864 "-" "Mozilla/5.0 (Linux; Android 6.0; Nexus 5 Build/MRA58N) AppleWebKit/537.36 (KHTML, like Gecko) Chrome/113.0.0.0 Mobile Safari/537.36 Edg/113.0.1774.50"
223.111.157.108 - - [14/Dec/2025:03:46:51 +0800] "GET /wp-content/uploads/2025/07/1751829454-Smart-warehousing800x500.webp HTTP/1.1" 200 45144 "-" "Mozilla/5.0 (Linux; Android 6.0; Nexus 5 Build/MRA58N) AppleWebKit/537.36 (KHTML, like Gecko) Chrome/113.0.0.0 Mobile Safari/537.36 Edg/113.0.1774.50"
223.111.157.108 - - [14/Dec/2025:03:46:52 +0800] "GET /wp-content/uploads/2025/07/1753456770-%E7%83%AD%E9%95%80%E9%94%8C%E5%8D%B7product_Single600.webp HTTP/1.1" 200 27502 "-" "Mozilla/5.0 (Linux; Android 6.0; Nexus 5 Build/MRA58N) AppleWebKit/537.36 (KHTML, like Gecko) Chrome/113.0.0.0 Mobile Safari/537.36 Edg/113.0.1774.50"
223.111.157.108 - - [14/Dec/2025:03:46:53 +0800] "GET /wp-content/uploads/2025/07/1753456723-%E5%8F%8C%E7%9B%B8%E9%92%A2roduct_Single600.webp HTTP/1.1" 200 22790 "-" "Mozilla/5.0 (Linux; Android 6.0; Nexus 5 Build/MRA58N) AppleWebKit/537.36 (KHTML, like Gecko) Chrome/113.0.0.0 Mobile Safari/537.36 Edg/113.0.1774.50"
223.111.157.108 - - [14/Dec/2025:03:46:53 +0800] "GET /wp-content/uploads/2025/07/1753453096-%E5%8F%8C%E7%9B%B8%E9%92%A2product_Single600%C3%97284.webp HTTP/1.1" 200 14562 "-" "Mozilla/5.0 (Linux; Android 6.0; Nexus 5 Build/MRA58N) AppleWebKit/537.36 (KHTML, like Gecko) Chrome/113.0.0.0 Mobile Safari/537.36 Edg/113.0.1774.50"
223.111.157.108 - - [14/Dec/2025:03:46:53 +0800] "GET /wp-content/uploads/2025/07/1753453127-%E4%BD%99%E5%8D%B7product_Single600%C3%97284.webp HTTP/1.1" 200 18744 "-" "Mozilla/5.0 (Linux; Android 6.0; Nexus 5 Build/MRA58N) AppleWebKit/537.36 (KHTML, like Gecko) Chrome/113.0.0.0 Mobile Safari/537.36 Edg/113.0.1774.50"
36.133.115.36 - - [14/Dec/2025:03:46:53 +0800] "POST /wp-cron.php?doing_wp_cron=1765655213.6308100223541259765625 HTTP/1.1" 200 31 "-" "WordPress/6.8.3; http://cqqizhou.com"
223.111.157.108 - - [14/Dec/2025:03:46:53 +0800] "GET /wp-json/sliderrevolution/sliders/1?srengine=7&slideid=2 HTTP/1.1" 200 2058 "http://cqqizhou.com/" "Mozilla/5.0 (Linux; Android 6.0; Nexus 5 Build/MRA58N) AppleWebKit/537.36 (KHTML, like Gecko) Chrome/113.0.0.0 Mobile Safari/537.36 Edg/113.0.1774.50"
223.111.157.108 - - [14/Dec/2025:03:46:53 +0800] "GET /wp-json/sliderrevolution/sliders/1?srengine=7&slideid=3 HTTP/1.1" 200 2286 "-" "Mozilla/5.0 (Linux; Android 6.0; Nexus 5 Build/MRA58N) AppleWebKit/537.36 (KHTML, like Gecko) Chrome/113.0.0.0 Mobile Safari/537.36 Edg/113.0.1774.50"
223.111.157.108 - - [14/Dec/2025:03:46:53 +0800] "GET /wp-json/sliderrevolution/sliders/1?srengine=7&slideid=3 HTTP/1.1" 200 2286 "http://cqqizhou.com/" "Mozilla/5.0 (Linux; Android 6.0; Nexus 5 Build/MRA58N) AppleWebKit/537.36 (KHTML, like Gecko) Chrome/113.0.0.0 Mobile Safari/537.36 Edg/113.0.1774.50"
223.111.157.108 - - [14/Dec/2025:03:46:53 +0800] "GET /wp-content/uploads/2025/12/1765265398-qizhou_Slider_3840%C3%972160_20251209-scaled.webp HTTP/1.1" 200 45144 "-" "Mozilla/5.0 (Linux; Android 6.0; Nexus 5 Build/MRA58N) AppleWebKit/537.36 (KHTML, like Gecko) Chrome/113.0.0.0 Mobile Safari/537.36 Edg/113.0.1774.50"
223.111.157.108 - - [14/Dec/2025:03:46:53 +0800] "GET /wp-content/uploads/2025/12/1765265398-qizhou_Slider_3840%C3%972160_20251209-scaled-50x100.webp HTTP/1.1" 200 2166 "-" "Mozilla/5.0 (Linux; Android 6.0; Nexus 5 Build/MRA58N) AppleWebKit/537.36 (KHTML, like Gecko) Chrome/113.0.0.0 Mobile Safari/537.36 Edg/113.0.1774.50"
223.111.157.108 - - [14/Dec/2025:03:46:54 +0800] "GET /wp-content/uploads/2025/07/1753454089-Article_images_W900px.webp HTTP/1.1" 200 27552 "http://cqqizhou.com/" "Mozilla/5.0 (Linux; Android 6.0; Nexus 5 Build/MRA58N) AppleWebKit/537.36 (KHTML, like Gecko) Chrome/113.0.0.0 Mobile Safari/537.36 Edg/113.0.1774.50"
223.111.157.108 - - [14/Dec/2025:03:46:54 +0800] "GET /wp-content/uploads/revslider/slider-1/1750861156-logistics_Slider_3840%C3%972160_20250625191356-scaled-50x100.webp HTTP/1.1" 200 1416 "-" "Mozilla/5.0 (Linux; Android 6.0; Nexus 5 Build/MRA58N) AppleWebKit/537.36 (KHTML, like Gecko) Chrome/113.0.0.0 Mobile Safari/537.36 Edg/113.0.1774.50"
223.111.157.108 - - [14/Dec/2025:03:46:56 +0800] "GET /wp-content/uploads/revslider/slider-1/1750861156-logistics_Slider_3840%C3%972160_20250625191356-scaled-50x100.webp HTTP/1.1" 200 1416 "-" "Mozilla/5.0 (Linux; Android 6.0; Nexus 5 Build/MRA58N) AppleWebKit/537.36 (KHTML, like Gecko) Chrome/113.0.0.0 Mobile Safari/537.36 Edg/113.0.1774.50"
223.111.157.108 - - [14/Dec/2025:03:46:56 +0800] "GET /wp-content/uploads/2025/12/1765265398-qizhou_Slider_3840%C3%972160_20251209-scaled-50x100.webp HTTP/1.1" 200 2166 "-" "Mozilla/5.0 (Linux; Android 6.0; Nexus 5 Build/MRA58N) AppleWebKit/537.36 (KHTML, like Gecko) Chrome/113.0.0.0 Mobile Safari/537.36 Edg/113.0.1774.50"
223.111.157.108 - - [14/Dec/2025:03:46:58 +0800] "GET /wp-json/sliderrevolution/sliders/1?srengine=7&slideid=2 HTTP/1.1" 200 2058 "-" "Mozilla/5.0 (Linux; Android 6.0; Nexus 5 Build/MRA58N) AppleWebKit/537.36 (KHTML, like Gecko) Chrome/113.0.0.0 Mobile Safari/537.36 Edg/113.0.1774.50"
223.111.157.108 - - [14/Dec/2025:03:46:59 +0800] "GET /wp-content/uploads/2025/12/1765268955-qizhou_Slider1_3840%C3%972160_20251210-scaled.webp HTTP/1.1" 200 45144 "-" "Mozilla/5.0 (Linux; Android 6.0; Nexus 5 Build/MRA58N) AppleWebKit/537.36 (KHTML, like Gecko) Chrome/113.0.0.0 Mobile Safari/537.36 Edg/113.0.1774.50"
223.111.157.108 - - [14/Dec/2025:03:46:59 +0800] "GET /wp-content/uploads/2025/07/1753454089-Article_images_W900px.webp HTTP/1.1" 200 27552 "-" "Mozilla/5.0 (Linux; Android 6.0; Nexus 5 Build/MRA58N) AppleWebKit/537.36 (KHTML, like Gecko) Chrome/113.0.0.0 Mobile Safari/537.36 Edg/113.0.1774.50"
223.111.157.108 - - [14/Dec/2025:03:47:02 +0800] "GET /wp-content/uploads/revslider/slider-1/1750861156-logistics_Slider_3840%C3%972160_20250625191356-scaled.webp HTTP/1.1" 200 49248 "-" "Mozilla/5.0 (Linux; Android 6.0; Nexus 5 Build/MRA58N) AppleWebKit/537.36 (KHTML, like Gecko) Chrome/113.0.0.0 Mobile Safari/537.36 Edg/113.0.1774.50"
36.133.115.36 - - [14/Dec/2025:03:56:00 +0800] "POST /wp-cron.php?doing_wp_cron=1765655760.3391499519348144531250 HTTP/1.1" 200 31 "-" "WordPress/6.8.3; http://cqqizhou.com"
43.133.139.6 - - [14/Dec/2025:03:56:00 +0800] "GET / HTTP/1.1" 301 5 "-" "Mozilla/5.0 (iPhone; CPU iPhone OS 13_2_3 like Mac OS X) AppleWebKit/605.1.15 (KHTML, like Gecko) Version/13.0.3 Mobile/15E148 Safari/604.1"
43.133.139.6 - - [14/Dec/2025:03:56:02 +0800] "GET / HTTP/1.1" 200 33674 "http://36.133.115.36" "Mozilla/5.0 (iPhone; CPU iPhone OS 13_2_3 like Mac OS X) AppleWebKit/605.1.15 (KHTML, like Gecko) Version/13.0.3 Mobile/15E148 Safari/604.1"
36.133.115.36 - - [14/Dec/2025:03:59:48 +0800] "POST /wp-cron.php?doing_wp_cron=1765655988.4818789958953857421875 HTTP/1.1" 200 31 "-" "WordPress/6.8.3; http://cqqizhou.com"
204.76.203.212 - - [14/Dec/2025:03:59:48 +0800] "GET / HTTP/1.1" 200 33674 "-" "Mozilla/5.0 (Windows NT 10.0; Win64; x64) AppleWebKit/537.36 (KHTML, like Gecko) Chrome/90.0.4430.85 Safari/537.36 Edg/90.0.818.46"
124.156.172.52 - - [14/Dec/2025:04:00:02 +0800] "GET /logistics HTTP/1.1" 301 5 "-" "Mozilla/5.0 (Windows NT 10.0; Win64; x64) AppleWebKit/537.36 (KHTML, like Gecko) Chrome/91.0.4472.124 Safari/537.36"
124.156.172.52 - - [14/Dec/2025:04:00:02 +0800] "GET /logistics/ HTTP/1.1" 200 74753 "-" "Mozilla/5.0 (Windows NT 10.0; Win64; x64) AppleWebKit/537.36 (KHTML, like Gecko) Chrome/91.0.4472.124 Safari/537.36"
124.156.172.52 - - [14/Dec/2025:04:00:04 +0800] "GET /logistics HTTP/1.1" 301 5 "-" "Mozilla/5.0 (Windows NT 10.0; Win64; x64) AppleWebKit/537.36 (KHTML, like Gecko) Chrome/91.0.4472.124 Safari/537.36"
124.156.172.52 - - [14/Dec/2025:04:00:04 +0800] "GET /logistics/ HTTP/1.1" 200 74753 "-" "Mozilla/5.0 (Windows NT 10.0; Win64; x64) AppleWebKit/537.36 (KHTML, like Gecko) Chrome/91.0.4472.124 Safari/537.36"
36.133.115.36 - - [14/Dec/2025:04:07:27 +0800] "POST /wp-cron.php?doing_wp_cron=1765656447.8326139450073242187500 HTTP/1.1" 200 31 "-" "WordPress/6.8.3; http://cqqizhou.com"
42.236.101.214 - - [14/Dec/2025:04:07:27 +0800] "GET /wp-sitemap.xml HTTP/1.1" 501 253 "http://cqqizhou.com/wp-sitemap.xml" "Mozilla/5.0 (Windows NT 6.1; WOW64) AppleWebKit/537.36 (KHTML, like Gecko) Chrome/50.0.2661.102 Safari/537.36; 360Spider"
51.75.236.130 - - [14/Dec/2025:04:10:21 +0800] "GET /portfolio-category/hot-dip-galvanized-coil/ HTTP/1.1" 200 21038 "-" "Mozilla/5.0 (compatible; AhrefsBot/7.0; +http://ahrefs.com/robot/)"
36.133.115.36 - - [14/Dec/2025:04:13:15 +0800] "POST /wp-cron.php?doing_wp_cron=1765656795.8520638942718505859375 HTTP/1.1" 200 31 "-" "WordPress/6.8.3; http://cqqizhou.com"
45.135.194.23 - - [14/Dec/2025:04:13:16 +0800] "GET / HTTP/1.1" 200 33673 "-" "Linux Gnu (cow)"
141.98.11.170 - - [14/Dec/2025:04:13:36 +0800] "GET / HTTP/1.1" 200 33672 "-" "Mozilla/5.0 (Windows NT 10.0; Win64; x64) AppleWebKit/537.36 (KHTML, like Gecko) Chrome/90.0.4430.85 Safari/537.36 Edg/90.0.818.46"
36.133.115.36 - - [14/Dec/2025:04:34:45 +0800] "POST /wp-cron.php?doing_wp_cron=1765658085.5367560386657714843750 HTTP/1.1" 200 31 "-" "WordPress/6.8.3; http://cqqizhou.com"
149.50.103.48 - - [14/Dec/2025:04:34:45 +0800] "GET / HTTP/1.1" 200 33674 "-" "Mozilla/5.0 (Windows NT 10.0; Win64; x64) AppleWebKit/537.36 (KHTML, like Gecko) Chrome/90.0.4430.85 Safari/537.36 Edg/90.0.818.46"
36.133.115.36 - - [14/Dec/2025:04:50:02 +0800] "POST /wp-cron.php?doing_wp_cron=1765659002.4158430099487304687500 HTTP/1.1" 200 31 "-" "WordPress/6.8.3; http://cqqizhou.com"
204.76.203.212 - - [14/Dec/2025:04:50:02 +0800] "GET / HTTP/1.1" 200 33674 "-" "Mozilla/5.0 (Windows NT 10.0; Win64; x64) AppleWebKit/537.36 (KHTML, like Gecko) Chrome/90.0.4430.85 Safari/537.36 Edg/90.0.818.46"
36.133.115.36 - - [14/Dec/2025:04:54:42 +0800] "POST /wp-cron.php?doing_wp_cron=1765659282.4395520687103271484375 HTTP/1.1" 200 31 "-" "WordPress/6.8.3; http://cqqizhou.com"
134.209.100.31 - - [14/Dec/2025:04:54:42 +0800] "POST /hello.world?%ADd+allow_url_include%3d1+%ADd+auto_prepend_file%3dphp://input HTTP/1.1" 404 31364 "-" "libredtail-http"
134.209.100.31 - - [14/Dec/2025:04:54:43 +0800] "POST /?%ADd+allow_url_include%3d1+%ADd+auto_prepend_file%3dphp://input HTTP/1.1" 200 152290 "-" "libredtail-http"
134.209.100.31 - - [14/Dec/2025:04:54:44 +0800] "GET /vendor/phpunit/phpunit/src/Util/PHP/eval-stdin.php HTTP/1.1" 404 27 "-" "libredtail-http"
134.209.100.31 - - [14/Dec/2025:04:54:45 +0800] "GET /vendor/phpunit/phpunit/Util/PHP/eval-stdin.php HTTP/1.1" 404 27 "-" "libredtail-http"
134.209.100.31 - - [14/Dec/2025:04:54:46 +0800] "GET /vendor/phpunit/src/Util/PHP/eval-stdin.php HTTP/1.1" 404 27 "-" "libredtail-http"
134.209.100.31 - - [14/Dec/2025:04:54:47 +0800] "GET /vendor/phpunit/Util/PHP/eval-stdin.php HTTP/1.1" 404 27 "-" "libredtail-http"
134.209.100.31 - - [14/Dec/2025:04:54:48 +0800] "GET /vendor/phpunit/phpunit/LICENSE/eval-stdin.php HTTP/1.1" 404 27 "-" "libredtail-http"
134.209.100.31 - - [14/Dec/2025:04:54:48 +0800] "GET /vendor/vendor/phpunit/phpunit/src/Util/PHP/eval-stdin.php HTTP/1.1" 404 27 "-" "libredtail-http"
134.209.100.31 - - [14/Dec/2025:04:54:48 +0800] "GET /phpunit/phpunit/src/Util/PHP/eval-stdin.php HTTP/1.1" 404 27 "-" "libredtail-http"
134.209.100.31 - - [14/Dec/2025:04:54:49 +0800] "GET /phpunit/phpunit/Util/PHP/eval-stdin.php HTTP/1.1" 404 27 "-" "libredtail-http"
134.209.100.31 - - [14/Dec/2025:04:54:49 +0800] "GET /phpunit/src/Util/PHP/eval-stdin.php HTTP/1.1" 404 27 "-" "libredtail-http"
134.209.100.31 - - [14/Dec/2025:04:54:50 +0800] "GET /phpunit/Util/PHP/eval-stdin.php HTTP/1.1" 404 27 "-" "libredtail-http"
134.209.100.31 - - [14/Dec/2025:04:54:50 +0800] "GET /lib/phpunit/phpunit/src/Util/PHP/eval-stdin.php HTTP/1.1" 404 27 "-" "libredtail-http"
134.209.100.31 - - [14/Dec/2025:04:54:50 +0800] "GET /lib/phpunit/phpunit/Util/PHP/eval-stdin.php HTTP/1.1" 404 27 "-" "libredtail-http"
134.209.100.31 - - [14/Dec/2025:04:54:50 +0800] "GET /lib/phpunit/src/Util/PHP/eval-stdin.php HTTP/1.1" 404 27 "-" "libredtail-http"
134.209.100.31 - - [14/Dec/2025:04:54:50 +0800] "GET /lib/phpunit/Util/PHP/eval-stdin.php HTTP/1.1" 404 27 "-" "libredtail-http"
134.209.100.31 - - [14/Dec/2025:04:54:50 +0800] "GET /lib/vendor/phpunit/phpunit/src/Util/PHP/eval-stdin.php HTTP/1.1" 404 27 "-" "libredtail-http"
134.209.100.31 - - [14/Dec/2025:04:54:50 +0800] "GET /laravel/vendor/phpunit/phpunit/src/Util/PHP/eval-stdin.php HTTP/1.1" 404 27 "-" "libredtail-http"
134.209.100.31 - - [14/Dec/2025:04:54:51 +0800] "GET /www/vendor/phpunit/phpunit/src/Util/PHP/eval-stdin.php HTTP/1.1" 404 27 "-" "libredtail-http"
134.209.100.31 - - [14/Dec/2025:04:54:51 +0800] "GET /ws/vendor/phpunit/phpunit/src/Util/PHP/eval-stdin.php HTTP/1.1" 404 27 "-" "libredtail-http"
134.209.100.31 - - [14/Dec/2025:04:54:51 +0800] "GET /yii/vendor/phpunit/phpunit/src/Util/PHP/eval-stdin.php HTTP/1.1" 404 27 "-" "libredtail-http"
134.209.100.31 - - [14/Dec/2025:04:54:51 +0800] "GET /zend/vendor/phpunit/phpunit/src/Util/PHP/eval-stdin.php HTTP/1.1" 404 27 "-" "libredtail-http"
134.209.100.31 - - [14/Dec/2025:04:54:51 +0800] "GET /ws/ec/vendor/phpunit/phpunit/src/Util/PHP/eval-stdin.php HTTP/1.1" 404 27 "-" "libredtail-http"
134.209.100.31 - - [14/Dec/2025:04:54:52 +0800] "GET /V2/vendor/phpunit/phpunit/src/Util/PHP/eval-stdin.php HTTP/1.1" 404 27 "-" "libredtail-http"
134.209.100.31 - - [14/Dec/2025:04:54:52 +0800] "GET /tests/vendor/phpunit/phpunit/src/Util/PHP/eval-stdin.php HTTP/1.1" 404 27 "-" "libredtail-http"
134.209.100.31 - - [14/Dec/2025:04:54:52 +0800] "GET /test/vendor/phpunit/phpunit/src/Util/PHP/eval-stdin.php HTTP/1.1" 404 27 "-" "libredtail-http"
134.209.100.31 - - [14/Dec/2025:04:54:52 +0800] "GET /testing/vendor/phpunit/phpunit/src/Util/PHP/eval-stdin.php HTTP/1.1" 404 27 "-" "libredtail-http"
134.209.100.31 - - [14/Dec/2025:04:54:52 +0800] "GET /api/vendor/phpunit/phpunit/src/Util/PHP/eval-stdin.php HTTP/1.1" 404 27 "-" "libredtail-http"
134.209.100.31 - - [14/Dec/2025:04:54:53 +0800] "GET /demo/vendor/phpunit/phpunit/src/Util/PHP/eval-stdin.php HTTP/1.1" 404 27 "-" "libredtail-http"
134.209.100.31 - - [14/Dec/2025:04:54:53 +0800] "GET /cms/vendor/phpunit/phpunit/src/Util/PHP/eval-stdin.php HTTP/1.1" 404 27 "-" "libredtail-http"
134.209.100.31 - - [14/Dec/2025:04:54:53 +0800] "GET /crm/vendor/phpunit/phpunit/src/Util/PHP/eval-stdin.php HTTP/1.1" 404 27 "-" "libredtail-http"
134.209.100.31 - - [14/Dec/2025:04:54:53 +0800] "GET /admin/vendor/phpunit/phpunit/src/Util/PHP/eval-stdin.php HTTP/1.1" 404 27 "-" "libredtail-http"
134.209.100.31 - - [14/Dec/2025:04:54:53 +0800] "GET /backup/vendor/phpunit/phpunit/src/Util/PHP/eval-stdin.php HTTP/1.1" 404 27 "-" "libredtail-http"
134.209.100.31 - - [14/Dec/2025:04:54:53 +0800] "GET /blog/vendor/phpunit/phpunit/src/Util/PHP/eval-stdin.php HTTP/1.1" 404 27 "-" "libredtail-http"
134.209.100.31 - - [14/Dec/2025:04:54:53 +0800] "GET /workspace/drupal/vendor/phpunit/phpunit/src/Util/PHP/eval-stdin.php HTTP/1.1" 404 27 "-" "libredtail-http"
134.209.100.31 - - [14/Dec/2025:04:54:54 +0800] "GET /panel/vendor/phpunit/phpunit/src/Util/PHP/eval-stdin.php HTTP/1.1" 404 27 "-" "libredtail-http"
134.209.100.31 - - [14/Dec/2025:04:54:54 +0800] "GET /public/vendor/phpunit/phpunit/src/Util/PHP/eval-stdin.php HTTP/1.1" 404 27 "-" "libredtail-http"
134.209.100.31 - - [14/Dec/2025:04:54:54 +0800] "GET /apps/vendor/phpunit/phpunit/src/Util/PHP/eval-stdin.php HTTP/1.1" 404 27 "-" "libredtail-http"
134.209.100.31 - - [14/Dec/2025:04:54:54 +0800] "GET /app/vendor/phpunit/phpunit/src/Util/PHP/eval-stdin.php HTTP/1.1" 404 27 "-" "libredtail-http"
36.133.115.36 - - [14/Dec/2025:04:54:54 +0800] "POST /wp-cron.php?doing_wp_cron=1765659294.9422419071197509765625 HTTP/1.1" 200 31 "-" "WordPress/6.8.3; http://cqqizhou.com"
134.209.100.31 - - [14/Dec/2025:04:54:55 +0800] "GET /index.php?s=/index/\x5Cthink\x5Capp/invokefunction&function=call_user_func_array&vars[0]=md5&vars[1][]=Hello HTTP/1.1" 200 65507 "-" "libredtail-http"
134.209.100.31 - - [14/Dec/2025:04:54:55 +0800] "GET /public/index.php?s=/index/\x5Cthink\x5Capp/invokefunction&function=call_user_func_array&vars[0]=md5&vars[1][]=Hello HTTP/1.1" 404 27 "-" "libredtail-http"
134.209.100.31 - - [14/Dec/2025:04:54:56 +0800] "GET /index.php?lang=../../../../../../../../usr/local/lib/php/pearcmd&+config-create+/&/<?echo(md5(\x22hi\x22));?>+/tmp/index1.php HTTP/1.1" 200 152290 "-" "libredtail-http"
134.209.100.31 - - [14/Dec/2025:04:54:57 +0800] "GET /index.php?lang=../../../../../../../../tmp/index1 HTTP/1.1" 200 152290 "-" "libredtail-http"
134.209.100.31 - - [14/Dec/2025:04:54:58 +0800] "GET /containers/json HTTP/1.1" 301 5 "-" "libredtail-http"
134.209.100.31 - - [14/Dec/2025:04:54:59 +0800] "GET /containers/json HTTP/1.1" 301 5 "-" "libredtail-http"
36.133.115.36 - - [14/Dec/2025:05:02:54 +0800] "POST /wp-cron.php?doing_wp_cron=1765659774.0645310878753662109375 HTTP/1.1" 200 31 "-" "WordPress/6.8.3; http://cqqizhou.com"
