193.142.147.209 - - [14/Dec/2025:13:20:39 +0800] "GET /cgi-bin/luci/;stok=/locale HTTP/1.1" 301 5 "-" "-"
193.142.147.209 - - [14/Dec/2025:13:20:41 +0800] "GET /cgi-bin/luci/;stok=/locale HTTP/1.1" 404 31364 "http://36.133.115.36:80/cgi-bin/luci/;stok=/locale" "-"
36.133.115.36 - - [14/Dec/2025:13:40:15 +0800] "POST /wp-cron.php?doing_wp_cron=1765690815.8514699935913085937500 HTTP/1.1" 200 31 "-" "WordPress/6.8.3; http://cqqizhou.com"
129.226.93.214 - - [14/Dec/2025:13:40:16 +0800] "GET / HTTP/1.1" 200 33674 "-" "Mozilla/5.0 (iPhone; CPU iPhone OS 13_2_3 like Mac OS X) AppleWebKit/605.1.15 (KHTML, like Gecko) Version/13.0.3 Mobile/15E148 Safari/604.1"
112.34.110.157 - - [14/Dec/2025:13:40:19 +0800] "GET / HTTP/1.1" 301 5 "http://www.baidu.com/" "Mozilla/5.0 (iPhone; CPU iPhone OS 16_6 like Mac OS X) AppleWebKit/605.1.15 (KHTML, like Gecko) Version/16.6 Mobile/15E148 Safari/604.1"
112.34.110.157 - - [14/Dec/2025:13:40:21 +0800] "GET / HTTP/1.1" 200 33674 "http://www.baidu.com/" "Mozilla/5.0 (iPhone; CPU iPhone OS 16_6 like Mac OS X) AppleWebKit/605.1.15 (KHTML, like Gecko) Version/16.6 Mobile/15E148 Safari/604.1"
36.133.115.36 - - [14/Dec/2025:13:51:13 +0800] "POST /wp-cron.php?doing_wp_cron=1765691473.3306770324707031250000 HTTP/1.1" 200 31 "-" "WordPress/6.8.3; http://cqqizhou.com"
204.76.203.212 - - [14/Dec/2025:13:51:13 +0800] "GET / HTTP/1.1" 200 33674 "-" "Mozilla/5.0 (Windows NT 10.0; Win64; x64) AppleWebKit/537.36 (KHTML, like Gecko) Chrome/90.0.4430.85 Safari/537.36 Edg/90.0.818.46"
36.133.115.36 - - [14/Dec/2025:14:17:07 +0800] "POST /wp-cron.php?doing_wp_cron=1765693027.7298300266265869140625 HTTP/1.1" 200 31 "-" "WordPress/6.8.3; http://cqqizhou.com"
216.244.66.245 - - [14/Dec/2025:14:17:07 +0800] "GET /robots.txt HTTP/1.1" 200 390 "-" "Mozilla/5.0 (compatible; DotBot/1.2; +https://opensiteexplorer.org/dotbot; help@moz.com)"
36.133.115.36 - - [14/Dec/2025:14:20:56 +0800] "POST /wp-cron.php?doing_wp_cron=1765693256.1264750957489013671875 HTTP/1.1" 200 31 "-" "WordPress/6.8.3; http://cqqizhou.com"
149.50.103.48 - - [14/Dec/2025:14:20:56 +0800] "GET / HTTP/1.1" 200 33674 "-" "Mozilla/5.0 (Windows NT 10.0; Win64; x64) AppleWebKit/537.36 (KHTML, like Gecko) Chrome/90.0.4430.85 Safari/537.36 Edg/90.0.818.46"
216.244.66.245 - - [14/Dec/2025:14:25:05 +0800] "GET /wp-content/uploads/2025/07/1750649179-qizhou1920x1080_1.webp HTTP/1.1" 200 172154 "-" "Mozilla/5.0 (compatible; DotBot/1.2; +https://opensiteexplorer.org/dotbot; help@moz.com)"
36.133.115.36 - - [14/Dec/2025:14:29:15 +0800] "POST /wp-cron.php?doing_wp_cron=1765693755.2474720478057861328125 HTTP/1.1" 200 31 "-" "WordPress/6.8.3; http://cqqizhou.com"
35.203.210.89 - - [14/Dec/2025:14:29:15 +0800] "GET /.well-known/security.txt HTTP/1.1" 301 5 "-" "Hello from Palo Alto Networks, find out more about our scans in https://docs-cortex.paloaltonetworks.com/r/1/Cortex-Xpanse/Scanning-activity"
35.203.210.89 - - [14/Dec/2025:14:29:17 +0800] "GET /.well-known/security.txt HTTP/1.1" 404 31364 "http://36.133.115.36:80/.well-known/security.txt" "Hello from Palo Alto Networks, find out more about our scans in https://docs-cortex.paloaltonetworks.com/r/1/Cortex-Xpanse/Scanning-activity"
36.133.115.36 - - [14/Dec/2025:14:31:44 +0800] "POST /wp-cron.php?doing_wp_cron=1765693904.7752070426940917968750 HTTP/1.1" 200 31 "-" "WordPress/6.8.3; http://cqqizhou.com"
178.150.14.250 - - [14/Dec/2025:14:31:44 +0800] "GET /robots.txt HTTP/1.1" 200 390 "-" "Mozilla/5.0 (compatible; MJ12bot/v1.4.8; http://mj12bot.com/)"
178.150.14.250 - - [14/Dec/2025:14:31:46 +0800] "GET /portfolio/%E5%86%B7%E8%BD%A7%E5%8D%B7/ HTTP/1.1" 200 22077 "-" "Mozilla/5.0 (compatible; MJ12bot/v1.4.8; http://mj12bot.com/)"
36.133.115.36 - - [14/Dec/2025:14:39:43 +0800] "POST /wp-cron.php?doing_wp_cron=1765694383.7536048889160156250000 HTTP/1.1" 200 31 "-" "WordPress/6.8.3; http://cqqizhou.com"
204.76.203.212 - - [14/Dec/2025:14:39:44 +0800] "GET / HTTP/1.1" 200 33674 "-" "Mozilla/5.0 (Windows NT 10.0; Win64; x64) AppleWebKit/537.36 (KHTML, like Gecko) Chrome/90.0.4430.85 Safari/537.36 Edg/90.0.818.46"
36.133.115.36 - - [14/Dec/2025:14:48:33 +0800] "POST /wp-cron.php?doing_wp_cron=1765694913.0738620758056640625000 HTTP/1.1" 200 31 "-" "WordPress/6.8.3; http://cqqizhou.com"
60.188.57.0 - - [14/Dec/2025:14:48:33 +0800] "GET / HTTP/1.1" 200 33673 "-" "Mozilla/5.0 (iPhone; CPU iPhone OS 13_2_3 like Mac OS X) AppleWebKit/605.1.15 (KHTML, like Gecko) Version/13.0.3 Mobile/15E148 Safari/604.1"
36.133.115.36 - - [14/Dec/2025:14:53:39 +0800] "POST /wp-cron.php?doing_wp_cron=1765695219.8840200901031494140625 HTTP/1.1" 200 31 "-" "WordPress/6.8.3; http://cqqizhou.com"
43.156.168.214 - - [14/Dec/2025:14:53:40 +0800] "GET / HTTP/1.1" 200 33674 "-" "Mozilla/5.0 (iPhone; CPU iPhone OS 13_2_3 like Mac OS X) AppleWebKit/605.1.15 (KHTML, like Gecko) Version/13.0.3 Mobile/15E148 Safari/604.1"
185.242.226.102 - - [14/Dec/2025:15:15:18 +0800] "GET / HTTP/1.1" 499 0 "-" "python-requests/2.26.0"
36.133.115.36 - - [14/Dec/2025:15:15:18 +0800] "POST /wp-cron.php?doing_wp_cron=1765696518.7649469375610351562500 HTTP/1.1" 200 31 "-" "WordPress/6.8.3; http://cqqizhou.com"
36.133.115.36 - - [14/Dec/2025:15:29:39 +0800] "POST /wp-cron.php?doing_wp_cron=1765697379.0129609107971191406250 HTTP/1.1" 200 31 "-" "WordPress/6.8.3; http://cqqizhou.com"
204.76.203.212 - - [14/Dec/2025:15:29:39 +0800] "GET / HTTP/1.1" 200 33674 "-" "Mozilla/5.0 (Windows NT 10.0; Win64; x64) AppleWebKit/537.36 (KHTML, like Gecko) Chrome/90.0.4430.85 Safari/537.36 Edg/90.0.818.46"
185.80.149.113 - - [14/Dec/2025:15:37:27 +0800] "GET / HTTP/1.1" 200 34106 "-" "Mozilla/5.0 (Windows NT 10.0; Win64; x64) AppleWebKit/537.36 (KHTML, like Gecko) Chrome/114.0.0.0 Safari/537.36"
36.133.115.36 - - [14/Dec/2025:15:38:14 +0800] "POST /wp-cron.php?doing_wp_cron=1765697894.4613718986511230468750 HTTP/1.1" 200 31 "-" "WordPress/6.8.3; http://cqqizhou.com"
92.119.40.93 - - [14/Dec/2025:15:38:14 +0800] "GET /wp-admin/admin-ajax.php HTTP/1.1" 400 11 "http://cqqizhou.com" "Mozilla/5.0 (Windows NT 6.3; Win64; x64) AppleWebKit/537.36 (KHTML, like Gecko) Chrome/103.0.0.0 Safari/537.36"
36.133.115.36 - - [14/Dec/2025:15:38:46 +0800] "POST /wp-cron.php?doing_wp_cron=1765697926.5630469322204589843750 HTTP/1.1" 200 31 "-" "WordPress/6.8.3; http://cqqizhou.com"
45.134.253.31 - - [14/Dec/2025:15:38:46 +0800] "GET /wp-admin/admin-ajax.php?action=register HTTP/1.1" 400 11 "http://cqqizhou.com/wp-admin/admin-ajax.php" "Mozilla/5.0 (Windows NT 6.3; Win64; x64) AppleWebKit/537.36 (KHTML, like Gecko) Chrome/103.0.0.0 Safari/537.36"
36.133.115.36 - - [14/Dec/2025:15:44:11 +0800] "POST /wp-cron.php?doing_wp_cron=1765698251.2734909057617187500000 HTTP/1.1" 200 31 "-" "WordPress/6.8.3; http://cqqizhou.com"
52.167.144.65 - - [14/Dec/2025:15:44:11 +0800] "GET /robots.txt HTTP/1.1" 200 190 "-" "Mozilla/5.0 AppleWebKit/537.36 (KHTML, like Gecko; compatible; bingbot/2.0; +http://www.bing.com/bingbot.htm) Chrome/116.0.1938.76 Safari/537.36"
52.167.144.181 - - [14/Dec/2025:15:44:16 +0800] "GET /2339/ HTTP/1.1" 304 0 "-" "Mozilla/5.0 AppleWebKit/537.36 (KHTML, like Gecko; compatible; bingbot/2.0; +http://www.bing.com/bingbot.htm) Chrome/116.0.1938.76 Safari/537.36"
193.142.147.209 - - [14/Dec/2025:15:44:40 +0800] "GET /cgi-bin/luci/;stok=/locale HTTP/1.1" 301 5 "-" "-"
193.142.147.209 - - [14/Dec/2025:15:44:41 +0800] "GET /cgi-bin/luci/;stok=/locale HTTP/1.1" 404 31364 "http://36.133.115.36:80/cgi-bin/luci/;stok=/locale" "-"
36.133.115.36 - - [14/Dec/2025:15:52:25 +0800] "POST /wp-cron.php?doing_wp_cron=1765698745.6595640182495117187500 HTTP/1.1" 200 31 "-" "WordPress/6.8.3; http://cqqizhou.com"
54.38.147.158 - - [14/Dec/2025:15:52:25 +0800] "GET /robots.txt HTTP/1.1" 200 190 "-" "Mozilla/5.0 (compatible; AhrefsBot/7.0; +http://ahrefs.com/robot/)"
176.31.139.10 - - [14/Dec/2025:15:52:29 +0800] "GET /2153/ HTTP/1.1" 200 24762 "-" "Mozilla/5.0 (compatible; AhrefsBot/7.0; +http://ahrefs.com/robot/)"
36.133.115.36 - - [14/Dec/2025:15:55:24 +0800] "POST /wp-cron.php?doing_wp_cron=1765698924.1181681156158447265625 HTTP/1.1" 200 31 "-" "WordPress/6.8.3; http://cqqizhou.com"
20.65.193.207 - - [14/Dec/2025:15:55:24 +0800] "GET /developmentserver/metadatauploader HTTP/1.1" 404 8976 "-" "Mozilla/5.0 zgrab/0.x"
91.224.92.55 - - [14/Dec/2025:15:58:31 +0800] "OPTIONS / HTTP/1.1" 405 552 "-" "Mozilla/5.0 (Windows NT 10.0; Win64; x64) AppleWebKit/537.36 (KHTML, like Gecko) Chrome/114.0.5735.199 Safari/537.36"
36.133.115.36 - - [14/Dec/2025:15:58:44 +0800] "POST /wp-cron.php?doing_wp_cron=1765699124.0718080997467041015625 HTTP/1.1" 200 31 "-" "WordPress/6.8.3; http://cqqizhou.com"
89.42.231.244 - - [14/Dec/2025:15:58:44 +0800] "GET /SDK/webLanguage HTTP/1.1" 301 5 "-" "Mozilla/5.0 (Windows NT 10.0; Win64; x64) AppleWebKit/537.36 (KHTML, like Gecko) Chrome/90.0.4430.85 Safari/537.36 Edg/90.0.818.46"
91.224.92.121 - - [14/Dec/2025:16:15:31 +0800] "OPTIONS / HTTP/1.1" 405 552 "-" "Mozilla/5.0 (Windows NT 10.0; Win64; x64) AppleWebKit/537.36 (KHTML, like Gecko) Chrome/114.0.5735.199 Safari/537.36"
36.133.115.36 - - [14/Dec/2025:16:15:42 +0800] "POST /wp-cron.php?doing_wp_cron=1765700142.8664729595184326171875 HTTP/1.1" 200 31 "-" "WordPress/6.8.3; http://cqqizhou.com"
89.42.231.244 - - [14/Dec/2025:16:15:42 +0800] "GET /SDK/webLanguage HTTP/1.1" 301 5 "-" "Mozilla/5.0 (Windows NT 10.0; Win64; x64) AppleWebKit/537.36 (KHTML, like Gecko) Chrome/90.0.4430.85 Safari/537.36 Edg/90.0.818.46"
36.133.115.36 - - [14/Dec/2025:16:17:56 +0800] "POST /wp-cron.php?doing_wp_cron=1765700276.8563420772552490234375 HTTP/1.1" 200 31 "-" "WordPress/6.8.3; http://cqqizhou.com"
206.189.27.193 - - [14/Dec/2025:16:17:56 +0800] "GET / HTTP/1.1" 301 5 "-" "Mozilla/5.0 (X11; Linux x86_64) AppleWebKit/537.36 (KHTML, like Gecko) Chrome/142.0.0.0 Safari/537.36"
36.133.115.36 - - [14/Dec/2025:16:18:46 +0800] "POST /wp-cron.php?doing_wp_cron=1765700326.2656331062316894531250 HTTP/1.1" 200 31 "-" "WordPress/6.8.3; http://cqqizhou.com"
204.76.203.212 - - [14/Dec/2025:16:18:46 +0800] "GET / HTTP/1.1" 200 33674 "-" "Mozilla/5.0 (Windows NT 10.0; Win64; x64) AppleWebKit/537.36 (KHTML, like Gecko) Chrome/90.0.4430.85 Safari/537.36 Edg/90.0.818.46"
91.224.92.109 - - [14/Dec/2025:16:22:41 +0800] "OPTIONS / HTTP/1.1" 405 552 "-" "Mozilla/5.0 (Windows NT 10.0; Win64; x64) AppleWebKit/537.36 (KHTML, like Gecko) Chrome/114.0.5735.199 Safari/537.36"
36.133.115.36 - - [14/Dec/2025:16:22:52 +0800] "POST /wp-cron.php?doing_wp_cron=1765700572.1963419914245605468750 HTTP/1.1" 200 31 "-" "WordPress/6.8.3; http://cqqizhou.com"
89.42.231.244 - - [14/Dec/2025:16:22:52 +0800] "GET /SDK/webLanguage HTTP/1.1" 301 5 "-" "Mozilla/5.0 (Windows NT 10.0; Win64; x64) AppleWebKit/537.36 (KHTML, like Gecko) Chrome/90.0.4430.85 Safari/537.36 Edg/90.0.818.46"
36.133.115.36 - - [14/Dec/2025:16:45:49 +0800] "POST /wp-cron.php?doing_wp_cron=1765701949.7923181056976318359375 HTTP/1.1" 200 31 "-" "WordPress/6.8.3; http://cqqizhou.com"
216.244.66.245 - - [14/Dec/2025:16:45:49 +0800] "GET /robots.txt HTTP/1.1" 200 390 "-" "Mozilla/5.0 (compatible; DotBot/1.2; +https://opensiteexplorer.org/dotbot; help@moz.com)"
36.133.115.36 - - [14/Dec/2025:16:47:57 +0800] "POST /wp-cron.php?doing_wp_cron=1765702077.2247469425201416015625 HTTP/1.1" 200 31 "-" "WordPress/6.8.3; http://cqqizhou.com"
149.50.103.48 - - [14/Dec/2025:16:47:57 +0800] "GET / HTTP/1.1" 200 33674 "-" "Mozilla/5.0 (Windows NT 10.0; Win64; x64) AppleWebKit/537.36 (KHTML, like Gecko) Chrome/90.0.4430.85 Safari/537.36 Edg/90.0.818.46"
91.224.92.109 - - [14/Dec/2025:16:48:54 +0800] "OPTIONS / HTTP/1.1" 405 552 "-" "Mozilla/5.0 (Windows NT 10.0; Win64; x64) AppleWebKit/537.36 (KHTML, like Gecko) Chrome/114.0.5735.199 Safari/537.36"
36.133.115.36 - - [14/Dec/2025:16:49:08 +0800] "POST /wp-cron.php?doing_wp_cron=1765702148.2350730895996093750000 HTTP/1.1" 200 31 "-" "WordPress/6.8.3; http://cqqizhou.com"
89.42.231.244 - - [14/Dec/2025:16:49:08 +0800] "GET /SDK/webLanguage HTTP/1.1" 301 5 "-" "Mozilla/5.0 (Windows NT 10.0; Win64; x64) AppleWebKit/537.36 (KHTML, like Gecko) Chrome/90.0.4430.85 Safari/537.36 Edg/90.0.818.46"
216.244.66.245 - - [14/Dec/2025:16:52:12 +0800] "GET /wp-content/uploads/2025/07/1750649200-qizhou1920x1080_7.webp HTTP/1.1" 200 238866 "-" "Mozilla/5.0 (compatible; DotBot/1.2; +https://opensiteexplorer.org/dotbot; help@moz.com)"
85.90.208.132 - - [14/Dec/2025:16:59:49 +0800] "GET / HTTP/1.0" 200 153956 "http://cqqizhou.com/" "Mozilla/5.0 (Windows NT 10.0; Win64; x64) AppleWebKit/537.36 (KHTML, like Gecko) Chrome/131.0.0.0 Safari/537.36 Avast/131.0.0.0"
36.133.115.36 - - [14/Dec/2025:16:59:52 +0800] "POST /wp-cron.php?doing_wp_cron=1765702792.4054610729217529296875 HTTP/1.1" 200 31 "-" "WordPress/6.8.3; http://cqqizhou.com"
85.90.208.132 - - [14/Dec/2025:16:59:52 +0800] "GET /wp-login.php?action=register HTTP/1.0" 302 0 "http://cqqizhou.com/wp-login.php?action=register" "Mozilla/5.0 (Windows NT 10.0; Win64; x64) AppleWebKit/537.36 (KHTML, like Gecko) Chrome/131.0.0.0 Safari/537.36 Avast/131.0.0.0"
85.90.208.132 - - [14/Dec/2025:16:59:53 +0800] "GET /wp-login.php?registration=disabled HTTP/1.0" 200 8840 "http://cqqizhou.com/wp-login.php?registration=disabled" "Mozilla/5.0 (Windows NT 10.0; Win64; x64) AppleWebKit/537.36 (KHTML, like Gecko) Chrome/131.0.0.0 Safari/537.36 Avast/131.0.0.0"
36.133.115.36 - - [14/Dec/2025:17:04:37 +0800] "POST /wp-cron.php?doing_wp_cron=1765703077.1797549724578857421875 HTTP/1.1" 200 31 "-" "WordPress/6.8.3; http://cqqizhou.com"
204.76.203.212 - - [14/Dec/2025:17:04:37 +0800] "GET / HTTP/1.1" 200 33674 "-" "Mozilla/5.0 (Windows NT 10.0; Win64; x64) AppleWebKit/537.36 (KHTML, like Gecko) Chrome/90.0.4430.85 Safari/537.36 Edg/90.0.818.46"
91.224.92.55 - - [14/Dec/2025:17:16:46 +0800] "OPTIONS / HTTP/1.1" 405 552 "-" "Mozilla/5.0 (Windows NT 10.0; Win64; x64) AppleWebKit/537.36 (KHTML, like Gecko) Chrome/114.0.5735.199 Safari/537.36"
36.133.115.36 - - [14/Dec/2025:17:16:57 +0800] "POST /wp-cron.php?doing_wp_cron=1765703817.0797760486602783203125 HTTP/1.1" 200 31 "-" "WordPress/6.8.3; http://cqqizhou.com"
89.42.231.244 - - [14/Dec/2025:17:16:57 +0800] "GET /SDK/webLanguage HTTP/1.1" 301 5 "-" "Mozilla/5.0 (Windows NT 10.0; Win64; x64) AppleWebKit/537.36 (KHTML, like Gecko) Chrome/90.0.4430.85 Safari/537.36 Edg/90.0.818.46"
36.133.115.36 - - [14/Dec/2025:17:17:53 +0800] "POST /wp-cron.php?doing_wp_cron=1765703873.3311769962310791015625 HTTP/1.1" 200 31 "-" "WordPress/6.8.3; http://cqqizhou.com"
43.167.245.18 - - [14/Dec/2025:17:17:53 +0800] "GET / HTTP/1.1" 301 5 "-" "Mozilla/5.0 (iPhone; CPU iPhone OS 13_2_3 like Mac OS X) AppleWebKit/605.1.15 (KHTML, like Gecko) Version/13.0.3 Mobile/15E148 Safari/604.1"
43.167.245.18 - - [14/Dec/2025:17:17:56 +0800] "GET / HTTP/1.1" 200 33674 "http://www.cqqizhou.com" "Mozilla/5.0 (iPhone; CPU iPhone OS 13_2_3 like Mac OS X) AppleWebKit/605.1.15 (KHTML, like Gecko) Version/13.0.3 Mobile/15E148 Safari/604.1"
91.224.92.121 - - [14/Dec/2025:17:22:10 +0800] "OPTIONS / HTTP/1.1" 405 552 "-" "Mozilla/5.0 (Windows NT 10.0; Win64; x64) AppleWebKit/537.36 (KHTML, like Gecko) Chrome/114.0.5735.199 Safari/537.36"
36.133.115.36 - - [14/Dec/2025:17:22:22 +0800] "POST /wp-cron.php?doing_wp_cron=1765704142.8509509563446044921875 HTTP/1.1" 200 31 "-" "WordPress/6.8.3; http://cqqizhou.com"
89.42.231.244 - - [14/Dec/2025:17:22:22 +0800] "GET /SDK/webLanguage HTTP/1.1" 301 5 "-" "Mozilla/5.0 (Windows NT 10.0; Win64; x64) AppleWebKit/537.36 (KHTML, like Gecko) Chrome/90.0.4430.85 Safari/537.36 Edg/90.0.818.46"
36.133.115.36 - - [14/Dec/2025:17:31:56 +0800] "POST /wp-cron.php?doing_wp_cron=1765704716.8427040576934814453125 HTTP/1.1" 200 31 "-" "WordPress/6.8.3; http://cqqizhou.com"
43.165.65.180 - - [14/Dec/2025:17:31:56 +0800] "GET / HTTP/1.1" 301 5 "-" "Mozilla/5.0 (iPhone; CPU iPhone OS 13_2_3 like Mac OS X) AppleWebKit/605.1.15 (KHTML, like Gecko) Version/13.0.3 Mobile/15E148 Safari/604.1"
43.165.65.180 - - [14/Dec/2025:17:31:59 +0800] "GET / HTTP/1.1" 200 33674 "http://36.133.115.36" "Mozilla/5.0 (iPhone; CPU iPhone OS 13_2_3 like Mac OS X) AppleWebKit/605.1.15 (KHTML, like Gecko) Version/13.0.3 Mobile/15E148 Safari/604.1"
36.133.115.36 - - [14/Dec/2025:17:39:01 +0800] "POST /wp-cron.php?doing_wp_cron=1765705141.6459639072418212890625 HTTP/1.1" 200 31 "-" "WordPress/6.8.3; http://cqqizhou.com"
3.143.33.63 - - [14/Dec/2025:17:39:01 +0800] "GET / HTTP/1.1" 301 5 "-" "cypex.ai/scanning Mozilla/5.0 (Macintosh; Intel Mac OS X 10_15_7) Chrome/126.0.0.0 Safari/537.36"
36.133.115.36 - - [14/Dec/2025:17:41:04 +0800] "POST /wp-cron.php?doing_wp_cron=1765705264.4294240474700927734375 HTTP/1.1" 200 31 "-" "WordPress/6.8.3; http://cqqizhou.com"
185.242.226.102 - - [14/Dec/2025:17:41:04 +0800] "GET / HTTP/1.1" 301 5 "-" "Mozilla/5.0 (Windows NT 10.0; Win64; x64) AppleWebKit/537.36 (KHTML, like Gecko) Chrome/88.0.4324.190 Safari/537.36"
185.242.226.102 - - [14/Dec/2025:17:41:08 +0800] "GET / HTTP/1.1" 200 34106 "http://36.133.115.36:80/" "Mozilla/5.0 (Windows NT 10.0; Win64; x64) AppleWebKit/537.36 (KHTML, like Gecko) Chrome/88.0.4324.190 Safari/537.36"
193.142.147.209 - - [14/Dec/2025:17:41:08 +0800] "GET /cgi-bin/luci/;stok=/locale HTTP/1.1" 301 5 "-" "-"
193.142.147.209 - - [14/Dec/2025:17:41:11 +0800] "GET /cgi-bin/luci/;stok=/locale HTTP/1.1" 404 31364 "http://36.133.115.36:80/cgi-bin/luci/;stok=/locale" "-"
36.133.115.36 - - [14/Dec/2025:17:50:44 +0800] "POST /wp-cron.php?doing_wp_cron=1765705844.2683470249176025390625 HTTP/1.1" 200 31 "-" "WordPress/6.8.3; http://cqqizhou.com"
193.142.147.209 - - [14/Dec/2025:17:50:44 +0800] "GET /index.asp HTTP/1.1" 301 5 "-" "Hello World/1.0"
36.133.115.36 - - [14/Dec/2025:17:51:34 +0800] "POST /wp-cron.php?doing_wp_cron=1765705893.9627430438995361328125 HTTP/1.1" 200 31 "-" "WordPress/6.8.3; http://cqqizhou.com"
141.98.11.140 - - [14/Dec/2025:17:51:34 +0800] "GET / HTTP/1.1" 200 152290 "-" "-"
37.59.204.129 - - [14/Dec/2025:17:55:32 +0800] "GET /portfolio/%E5%86%B7%E8%BD%A7%E5%8D%B7/ HTTP/1.1" 200 22077 "-" "Mozilla/5.0 (compatible; AhrefsBot/7.0; +http://ahrefs.com/robot/)"
36.133.115.36 - - [14/Dec/2025:17:57:02 +0800] "POST /wp-cron.php?doing_wp_cron=1765706221.9950780868530273437500 HTTP/1.1" 200 31 "-" "WordPress/6.8.3; http://cqqizhou.com"
204.76.203.212 - - [14/Dec/2025:17:57:02 +0800] "GET / HTTP/1.1" 200 33674 "-" "Mozilla/5.0 (Windows NT 10.0; Win64; x64) AppleWebKit/537.36 (KHTML, like Gecko) Chrome/90.0.4430.85 Safari/537.36 Edg/90.0.818.46"
36.133.115.36 - - [14/Dec/2025:18:04:51 +0800] "POST /wp-cron.php?doing_wp_cron=1765706691.8506259918212890625000 HTTP/1.1" 200 31 "-" "WordPress/6.8.3; http://cqqizhou.com"
164.52.24.178 - - [14/Dec/2025:18:04:51 +0800] "GET / HTTP/1.1" 301 5 "-" "Mozilla/5.0 (Windows NT 10.0; Win64; x64) AppleWebKit/537.36 (KHTML, like Gecko) Chrome/114.0.0.0 Safari/537.36"
164.52.24.178 - - [14/Dec/2025:18:04:56 +0800] "GET / HTTP/1.1" 301 5 "-" "-"
164.52.24.178 - - [14/Dec/2025:18:05:06 +0800] "GET / HTTP/1.1" 200 153978 "-" "Mozilla/5.0 (Windows NT 10.0; Win64; x64) AppleWebKit/537.36 (KHTML, like Gecko) Chrome/114.0.0.0 Safari/537.36"
36.133.115.36 - - [14/Dec/2025:18:16:04 +0800] "POST /wp-cron.php?doing_wp_cron=1765707364.5913460254669189453125 HTTP/1.1" 200 31 "-" "WordPress/6.8.3; http://cqqizhou.com"
66.249.68.70 - - [14/Dec/2025:18:16:04 +0800] "GET /robots.txt HTTP/1.1" 200 190 "-" "Mozilla/5.0 (compatible; Googlebot/2.1; +http://www.google.com/bot.html)"
66.249.68.64 - - [14/Dec/2025:18:16:06 +0800] "GET /media/ HTTP/1.1" 200 23990 "-" "Mozilla/5.0 (Linux; Android 6.0.1; Nexus 5X Build/MMB29P) AppleWebKit/537.36 (KHTML, like Gecko) Chrome/141.0.7390.122 Mobile Safari/537.36 (compatible; Googlebot/2.1; +http://www.google.com/bot.html)"
91.224.92.55 - - [14/Dec/2025:18:24:00 +0800] "OPTIONS / HTTP/1.1" 405 552 "-" "Mozilla/5.0 (Windows NT 10.0; Win64; x64) AppleWebKit/537.36 (KHTML, like Gecko) Chrome/114.0.5735.199 Safari/537.36"
36.133.115.36 - - [14/Dec/2025:18:24:12 +0800] "POST /wp-cron.php?doing_wp_cron=1765707852.6826291084289550781250 HTTP/1.1" 200 31 "-" "WordPress/6.8.3; http://cqqizhou.com"
89.42.231.244 - - [14/Dec/2025:18:24:12 +0800] "GET /SDK/webLanguage HTTP/1.1" 301 5 "-" "Mozilla/5.0 (Windows NT 10.0; Win64; x64) AppleWebKit/537.36 (KHTML, like Gecko) Chrome/90.0.4430.85 Safari/537.36 Edg/90.0.818.46"
36.133.115.36 - - [14/Dec/2025:18:37:04 +0800] "POST /wp-cron.php?doing_wp_cron=1765708624.6986589431762695312500 HTTP/1.1" 200 31 "-" "WordPress/6.8.3; http://cqqizhou.com"
114.119.134.41 - - [14/Dec/2025:18:37:04 +0800] "GET /wp-sitemap.xml HTTP/1.1" 501 253 "-" "Mozilla/5.0 (Linux; Android 7.0;) AppleWebKit/537.36 (KHTML, like Gecko) Mobile Safari/537.36 (compatible; PetalBot;+https://webmaster.petalsearch.com/site/petalbot)"
36.133.115.36 - - [14/Dec/2025:18:42:06 +0800] "POST /wp-cron.php?doing_wp_cron=1765708926.3952169418334960937500 HTTP/1.1" 200 31 "-" "WordPress/6.8.3; http://cqqizhou.com"
114.119.141.103 - - [14/Dec/2025:18:42:06 +0800] "GET /wp-sitemap.xml HTTP/1.1" 501 253 "-" "Mozilla/5.0 (Linux; Android 7.0;) AppleWebKit/537.36 (KHTML, like Gecko) Mobile Safari/537.36 (compatible; PetalBot;+https://webmaster.petalsearch.com/site/petalbot)"
36.133.115.36 - - [14/Dec/2025:18:45:23 +0800] "POST /wp-cron.php?doing_wp_cron=1765709123.1310360431671142578125 HTTP/1.1" 200 31 "-" "WordPress/6.8.3; http://cqqizhou.com"
193.142.147.209 - - [14/Dec/2025:18:45:23 +0800] "GET /index.asp HTTP/1.1" 301 5 "-" "Hello World/1.0"
204.76.203.212 - - [14/Dec/2025:18:45:25 +0800] "GET / HTTP/1.1" 200 33674 "-" "Mozilla/5.0 (Windows NT 10.0; Win64; x64) AppleWebKit/537.36 (KHTML, like Gecko) Chrome/90.0.4430.85 Safari/537.36 Edg/90.0.818.46"
36.133.115.36 - - [14/Dec/2025:18:47:07 +0800] "POST /wp-cron.php?doing_wp_cron=1765709227.5057499408721923828125 HTTP/1.1" 200 31 "-" "WordPress/6.8.3; http://cqqizhou.com"
114.119.137.173 - - [14/Dec/2025:18:47:07 +0800] "GET /wp-sitemap.xml HTTP/1.1" 501 253 "-" "Mozilla/5.0 (Linux; Android 7.0;) AppleWebKit/537.36 (KHTML, like Gecko) Mobile Safari/537.36 (compatible; PetalBot;+https://webmaster.petalsearch.com/site/petalbot)"
36.133.115.36 - - [14/Dec/2025:18:53:00 +0800] "POST /wp-cron.php?doing_wp_cron=1765709580.9193480014801025390625 HTTP/1.1" 200 31 "-" "WordPress/6.8.3; http://cqqizhou.com"
74.7.227.170 - - [14/Dec/2025:18:53:00 +0800] "GET /wp-sitemap.xml HTTP/1.1" 501 253 "-" "Mozilla/5.0 AppleWebKit/537.36 (KHTML, like Gecko; compatible; GPTBot/1.3; +https://openai.com/gptbot)"
36.133.115.36 - - [14/Dec/2025:19:12:11 +0800] "POST /wp-cron.php?doing_wp_cron=1765710731.1717998981475830078125 HTTP/1.1" 200 31 "-" "WordPress/6.8.3; http://cqqizhou.com"
204.76.203.8 - - [14/Dec/2025:19:12:11 +0800] "GET / HTTP/1.1" 200 152290 "-" "-"
36.133.115.36 - - [14/Dec/2025:19:25:29 +0800] "POST /wp-cron.php?doing_wp_cron=1765711529.3458909988403320312500 HTTP/1.1" 200 31 "-" "WordPress/6.8.3; http://cqqizhou.com"
149.50.103.48 - - [14/Dec/2025:19:25:29 +0800] "GET / HTTP/1.1" 200 33674 "-" "Mozilla/5.0 (Windows NT 10.0; Win64; x64) AppleWebKit/537.36 (KHTML, like Gecko) Chrome/90.0.4430.85 Safari/537.36 Edg/90.0.818.46"
36.133.115.36 - - [14/Dec/2025:19:31:04 +0800] "POST /wp-cron.php?doing_wp_cron=1765711864.0234010219573974609375 HTTP/1.1" 200 31 "-" "WordPress/6.8.3; http://cqqizhou.com"
66.249.79.228 - - [14/Dec/2025:19:31:04 +0800] "GET /robots.txt HTTP/1.1" 301 5 "-" "Mozilla/5.0 (compatible; Googlebot/2.1; +http://www.google.com/bot.html)"
66.249.68.71 - - [14/Dec/2025:19:31:08 +0800] "GET /robots.txt HTTP/1.1" 200 190 "-" "Mozilla/5.0 (compatible; Googlebot/2.1; +http://www.google.com/bot.html)"
66.249.79.227 - - [14/Dec/2025:19:31:09 +0800] "GET / HTTP/1.1" 301 5 "-" "Mozilla/5.0 (Linux; Android 6.0.1; Nexus 5X Build/MMB29P) AppleWebKit/537.36 (KHTML, like Gecko) Chrome/141.0.7390.122 Mobile Safari/537.36 (compatible; Googlebot/2.1; +http://www.google.com/bot.html)"
66.249.68.71 - - [14/Dec/2025:19:31:10 +0800] "GET / HTTP/1.1" 200 33674 "-" "Mozilla/5.0 (Linux; Android 6.0.1; Nexus 5X Build/MMB29P) AppleWebKit/537.36 (KHTML, like Gecko) Chrome/141.0.7390.122 Mobile Safari/537.36 (compatible; Googlebot/2.1; +http://www.google.com/bot.html)"
36.133.115.36 - - [14/Dec/2025:19:32:20 +0800] "POST /wp-cron.php?doing_wp_cron=1765711940.8128929138183593750000 HTTP/1.1" 200 31 "-" "WordPress/6.8.3; http://cqqizhou.com"
199.127.63.154 - - [14/Dec/2025:19:32:20 +0800] "GET /robots.txt HTTP/1.0" 200 378 "-" "xfa1"
36.133.115.36 - - [14/Dec/2025:19:35:53 +0800] "POST /wp-cron.php?doing_wp_cron=1765712153.5405719280242919921875 HTTP/1.1" 200 31 "-" "WordPress/6.8.3; http://cqqizhou.com"
204.76.203.212 - - [14/Dec/2025:19:35:53 +0800] "GET / HTTP/1.1" 200 33674 "-" "Mozilla/5.0 (Windows NT 10.0; Win64; x64) AppleWebKit/537.36 (KHTML, like Gecko) Chrome/90.0.4430.85 Safari/537.36 Edg/90.0.818.46"
36.133.115.36 - - [14/Dec/2025:19:59:16 +0800] "POST /wp-cron.php?doing_wp_cron=1765713556.6770150661468505859375 HTTP/1.1" 200 31 "-" "WordPress/6.8.3; http://cqqizhou.com"
40.77.167.159 - - [14/Dec/2025:19:59:16 +0800] "GET /?s=2025 HTTP/1.1" 200 19588 "-" "Mozilla/5.0 AppleWebKit/537.36 (KHTML, like Gecko; compatible; bingbot/2.0; +http://www.bing.com/bingbot.htm) Chrome/116.0.1938.76 Safari/537.36"
36.133.115.36 - - [14/Dec/2025:20:14:43 +0800] "POST /wp-cron.php?doing_wp_cron=1765714483.5827350616455078125000 HTTP/1.1" 200 31 "-" "WordPress/6.8.3; http://cqqizhou.com"
64.62.156.66 - - [14/Dec/2025:20:14:43 +0800] "GET / HTTP/1.1" 301 5 "-" "Mozilla/5.0 (Windows NT 6.1; Win64; x64; ) AppleWebKit/537.36 (KHTML, like Gecko) Chrome/122.0.6261.156 Not(A:Brand/24 YaBrowser/24.4.1.899 Yowser/2.5 Safari/537.36"
36.133.115.36 - - [14/Dec/2025:20:16:23 +0800] "POST /wp-cron.php?doing_wp_cron=1765714583.9433820247650146484375 HTTP/1.1" 200 31 "-" "WordPress/6.8.3; http://cqqizhou.com"
64.62.156.74 - - [14/Dec/2025:20:16:23 +0800] "GET / HTTP/1.1" 301 5 "-" "Mozilla/5.0 (Macintosh; Intel Mac OS X 10_15_7) AppleWebKit/605.1.15 (KHTML, like Gecko) Version/16.3 Safari/605.1.15"
36.133.115.36 - - [14/Dec/2025:20:18:36 +0800] "POST /wp-cron.php?doing_wp_cron=1765714716.8186531066894531250000 HTTP/1.1" 200 31 "-" "WordPress/6.8.3; http://cqqizhou.com"
193.142.147.209 - - [14/Dec/2025:20:18:36 +0800] "GET /cgi-bin/luci/;stok=/locale HTTP/1.1" 301 5 "-" "-"
193.142.147.209 - - [14/Dec/2025:20:18:38 +0800] "GET /cgi-bin/luci/;stok=/locale HTTP/1.1" 404 31364 "http://36.133.115.36:80/cgi-bin/luci/;stok=/locale" "-"
36.133.115.36 - - [14/Dec/2025:20:18:47 +0800] "POST /wp-cron.php?doing_wp_cron=1765714727.7841439247131347656250 HTTP/1.1" 200 31 "-" "WordPress/6.8.3; http://cqqizhou.com"
38.58.179.181 - - [14/Dec/2025:20:18:47 +0800] "GET http://check.9tb.org/ HTTP/1.1" 301 5 "-" "Mozilla/5.0 (Windows NT 10.0; Win64; x64) AppleWebKit/537.36"
38.58.179.181 - - [14/Dec/2025:20:18:48 +0800] "GET http://cqqizhou.com/ HTTP/1.1" 200 34106 "http://check.9tb.org" "Mozilla/5.0 (Windows NT 10.0; Win64; x64) AppleWebKit/537.36"
204.76.203.212 - - [14/Dec/2025:20:20:14 +0800] "GET / HTTP/1.1" 200 33673 "-" "Mozilla/5.0 (Windows NT 10.0; Win64; x64) AppleWebKit/537.36 (KHTML, like Gecko) Chrome/90.0.4430.85 Safari/537.36 Edg/90.0.818.46"
36.133.115.36 - - [14/Dec/2025:20:33:27 +0800] "POST /wp-cron.php?doing_wp_cron=1765715607.5186579227447509765625 HTTP/1.1" 200 31 "-" "WordPress/6.8.3; http://cqqizhou.com"
36.133.115.36 - - [14/Dec/2025:20:33:27 +0800] "POST /wp-cron.php?doing_wp_cron=1765715607.5193169116973876953125 HTTP/1.1" 200 31 "-" "WordPress/6.8.3; http://cqqizhou.com"
36.133.115.36 - - [14/Dec/2025:20:33:27 +0800] "POST /wp-cron.php?doing_wp_cron=1765715607.5194430351257324218750 HTTP/1.1" 200 31 "-" "WordPress/6.8.3; http://cqqizhou.com"
121.199.5.102 - - [14/Dec/2025:20:33:27 +0800] "GET / HTTP/1.0" 301 0 "-" "-"
121.199.5.102 - - [14/Dec/2025:20:33:27 +0800] "GET /nmaplowercheck1765715603 HTTP/1.1" 404 31364 "-" "Mozilla/5.0 (compatible; Nmap Scripting Engine; https://nmap.org/book/nse.html)"
121.199.5.102 - - [14/Dec/2025:20:33:27 +0800] "POST /sdk HTTP/1.1" 404 31364 "-" "Mozilla/5.0 (compatible; Nmap Scripting Engine; https://nmap.org/book/nse.html)"
121.199.5.102 - - [14/Dec/2025:20:33:28 +0800] "GET /HNAP1 HTTP/1.1" 404 31364 "-" "Mozilla/5.0 (compatible; Nmap Scripting Engine; https://nmap.org/book/nse.html)"
121.199.5.102 - - [14/Dec/2025:20:33:28 +0800] "GET /evox/about HTTP/1.1" 404 31364 "-" "Mozilla/5.0 (compatible; Nmap Scripting Engine; https://nmap.org/book/nse.html)"
121.199.5.102 - - [14/Dec/2025:20:33:37 +0800] "GET / HTTP/1.0" 301 0 "-" "-"
36.133.115.36 - - [14/Dec/2025:20:36:22 +0800] "POST /wp-cron.php?doing_wp_cron=1765715782.6818139553070068359375 HTTP/1.1" 200 31 "-" "WordPress/6.8.3; http://cqqizhou.com"
216.244.66.245 - - [14/Dec/2025:20:36:22 +0800] "GET /robots.txt HTTP/1.1" 200 390 "-" "Mozilla/5.0 (compatible; DotBot/1.2; +https://opensiteexplorer.org/dotbot; help@moz.com)"
36.133.115.36 - - [14/Dec/2025:20:37:56 +0800] "POST /wp-cron.php?doing_wp_cron=1765715876.5882110595703125000000 HTTP/1.1" 200 31 "-" "WordPress/6.8.3; http://cqqizhou.com"
66.228.53.4 - - [14/Dec/2025:20:37:56 +0800] "GET / HTTP/1.1" 301 5 "-" "Mozilla/5.0 (Macintosh; Intel Mac OS X 13_1) AppleWebKit/537.36 (KHTML, like Gecko) Chrome/108.0.0.0 Safari/537.36"
66.228.53.4 - - [14/Dec/2025:20:37:58 +0800] "GET / HTTP/1.1" 200 34106 "http://36.133.115.36/" "Mozilla/5.0 (Macintosh; Intel Mac OS X 13_1) AppleWebKit/537.36 (KHTML, like Gecko) Chrome/108.0.0.0 Safari/537.36"
216.244.66.245 - - [14/Dec/2025:20:44:14 +0800] "GET /wp-content/uploads/2025/07/1750649189-qizhou1920x1080_4.webp HTTP/1.1" 200 174962 "-" "Mozilla/5.0 (compatible; DotBot/1.2; +https://opensiteexplorer.org/dotbot; help@moz.com)"
36.133.115.36 - - [14/Dec/2025:20:46:04 +0800] "POST /wp-cron.php?doing_wp_cron=1765716364.6908500194549560546875 HTTP/1.1" 200 31 "-" "WordPress/6.8.3; http://cqqizhou.com"
66.249.68.70 - - [14/Dec/2025:20:46:04 +0800] "GET /services HTTP/1.1" 301 5 "-" "Mozilla/5.0 (Linux; Android 6.0.1; Nexus 5X Build/MMB29P) AppleWebKit/537.36 (KHTML, like Gecko) Chrome/141.0.7390.122 Mobile Safari/537.36 (compatible; Googlebot/2.1; +http://www.google.com/bot.html)"
66.249.68.71 - - [14/Dec/2025:20:46:06 +0800] "GET /services/ HTTP/1.1" 200 25813 "-" "Mozilla/5.0 (Linux; Android 6.0.1; Nexus 5X Build/MMB29P) AppleWebKit/537.36 (KHTML, like Gecko) Chrome/141.0.7390.122 Mobile Safari/537.36 (compatible; Googlebot/2.1; +http://www.google.com/bot.html)"
121.41.164.173 - - [14/Dec/2025:20:46:11 +0800] "HEAD / HTTP/1.1" 301 0 "-" "-"
36.133.115.36 - - [14/Dec/2025:21:01:17 +0800] "POST /wp-cron.php?doing_wp_cron=1765717276.9635879993438720703125 HTTP/1.1" 200 31 "-" "WordPress/6.8.3; http://cqqizhou.com"
43.166.132.142 - - [14/Dec/2025:21:01:17 +0800] "GET / HTTP/1.1" 200 33673 "-" "Mozilla/5.0 (iPhone; CPU iPhone OS 13_2_3 like Mac OS X) AppleWebKit/605.1.15 (KHTML, like Gecko) Version/13.0.3 Mobile/15E148 Safari/604.1"
36.133.115.36 - - [14/Dec/2025:21:11:13 +0800] "POST /wp-cron.php?doing_wp_cron=1765717873.5185010433197021484375 HTTP/1.1" 200 31 "-" "WordPress/6.8.3; http://cqqizhou.com"
204.76.203.212 - - [14/Dec/2025:21:11:13 +0800] "GET / HTTP/1.1" 200 33673 "-" "Mozilla/5.0 (Windows NT 10.0; Win64; x64) AppleWebKit/537.36 (KHTML, like Gecko) Chrome/90.0.4430.85 Safari/537.36 Edg/90.0.818.46"
36.133.115.36 - - [14/Dec/2025:21:13:21 +0800] "POST /wp-cron.php?doing_wp_cron=1765718001.5116150379180908203125 HTTP/1.1" 200 31 "-" "WordPress/6.8.3; http://cqqizhou.com"
148.153.189.62 - - [14/Dec/2025:21:13:21 +0800] "GET / HTTP/1.1" 200 33673 "-" "Mozilla/5.0 (X11; Linux x86_64) AppleWebKit/537.36 (KHTML, like Gecko) Chrome/86.0.4 240.111 Safari/537.36"
36.133.115.36 - - [14/Dec/2025:21:19:41 +0800] "POST /wp-cron.php?doing_wp_cron=1765718381.7485699653625488281250 HTTP/1.1" 200 31 "-" "WordPress/6.8.3; http://cqqizhou.com"
49.7.227.204 - - [14/Dec/2025:21:19:41 +0800] "GET / HTTP/1.1" 301 5 "-" "Mozilla/5.0 (iPhone; CPU iPhone OS 13_2_3 like Mac OS X) AppleWebKit/605.1.15 (KHTML, like Gecko) Version/13.0.3 Mobile/15E148 Safari/604.1"
49.7.227.204 - - [14/Dec/2025:21:19:46 +0800] "GET / HTTP/1.1" 200 33672 "http://www.cqqizhou.com" "Mozilla/5.0 (iPhone; CPU iPhone OS 13_2_3 like Mac OS X) AppleWebKit/605.1.15 (KHTML, like Gecko) Version/13.0.3 Mobile/15E148 Safari/604.1"
36.133.115.36 - - [14/Dec/2025:21:29:34 +0800] "POST /wp-cron.php?doing_wp_cron=1765718974.3389520645141601562500 HTTP/1.1" 200 31 "-" "WordPress/6.8.3; http://cqqizhou.com"
43.130.72.40 - - [14/Dec/2025:21:29:34 +0800] "GET / HTTP/1.1" 200 33672 "-" "Mozilla/5.0 (iPhone; CPU iPhone OS 13_2_3 like Mac OS X) AppleWebKit/605.1.15 (KHTML, like Gecko) Version/13.0.3 Mobile/15E148 Safari/604.1"
36.133.115.36 - - [14/Dec/2025:21:43:29 +0800] "POST /wp-cron.php?doing_wp_cron=1765719809.3492679595947265625000 HTTP/1.1" 200 31 "-" "WordPress/6.8.3; http://cqqizhou.com"
156.245.144.137 - - [14/Dec/2025:21:43:29 +0800] "GET / HTTP/1.1" 301 5 "-" "Mozilla/5.0 (Windows NT 10.0; Win64; x64; rv:142.0) Gecko/20100101 Firefox/142.0"
156.245.144.137 - - [14/Dec/2025:21:43:29 +0800] "GET / HTTP/1.1" 200 153978 "-" "Mozilla/5.0 (Windows NT 10.0; Win64; x64; rv:142.0) Gecko/20100101 Firefox/142.0"
36.133.115.36 - - [14/Dec/2025:21:59:25 +0800] "POST /wp-cron.php?doing_wp_cron=1765720765.6014969348907470703125 HTTP/1.1" 200 31 "-" "WordPress/6.8.3; http://cqqizhou.com"
204.76.203.212 - - [14/Dec/2025:21:59:25 +0800] "GET / HTTP/1.1" 200 33671 "-" "Mozilla/5.0 (Windows NT 10.0; Win64; x64) AppleWebKit/537.36 (KHTML, like Gecko) Chrome/90.0.4430.85 Safari/537.36 Edg/90.0.818.46"
91.199.82.162 - - [14/Dec/2025:21:59:36 +0800] "GET http://ip-api.com/json/ HTTP/1.1" 404 8981 "-" "Go-http-client/1.1"
36.133.115.36 - - [14/Dec/2025:22:04:08 +0800] "POST /wp-cron.php?doing_wp_cron=1765721048.3314430713653564453125 HTTP/1.1" 200 31 "-" "WordPress/6.8.3; http://cqqizhou.com"
149.50.103.48 - - [14/Dec/2025:22:04:08 +0800] "GET / HTTP/1.1" 200 33673 "-" "Mozilla/5.0 (Windows NT 10.0; Win64; x64) AppleWebKit/537.36 (KHTML, like Gecko) Chrome/90.0.4430.85 Safari/537.36 Edg/90.0.818.46"
36.133.115.36 - - [14/Dec/2025:22:30:35 +0800] "POST /wp-cron.php?doing_wp_cron=1765722635.2560679912567138671875 HTTP/1.1" 200 31 "-" "WordPress/6.8.3; http://cqqizhou.com"
193.142.147.209 - - [14/Dec/2025:22:30:35 +0800] "GET /cgi-bin/luci/;stok=/locale HTTP/1.1" 301 5 "-" "-"
193.142.147.209 - - [14/Dec/2025:22:30:36 +0800] "GET /cgi-bin/luci/;stok=/locale HTTP/1.1" 404 31364 "http://36.133.115.36:80/cgi-bin/luci/;stok=/locale" "-"
36.133.115.36 - - [14/Dec/2025:22:39:54 +0800] "POST /wp-cron.php?doing_wp_cron=1765723194.5170419216156005859375 HTTP/1.1" 200 31 "-" "WordPress/6.8.3; http://cqqizhou.com"
34.228.37.21 - - [14/Dec/2025:22:39:54 +0800] "GET / HTTP/1.1" 301 5 "-" "Mozilla/5.0 (Windows NT 10.0; Win64; x64) AppleWebKit/537.36 (KHTML, like Gecko) Chrome/136.0.0.0 Safari/537.36"
36.133.115.36 - - [14/Dec/2025:22:47:01 +0800] "POST /wp-cron.php?doing_wp_cron=1765723621.2798769474029541015625 HTTP/1.1" 200 31 "-" "WordPress/6.8.3; http://cqqizhou.com"
204.76.203.212 - - [14/Dec/2025:22:47:01 +0800] "GET / HTTP/1.1" 200 33673 "-" "Mozilla/5.0 (Windows NT 10.0; Win64; x64) AppleWebKit/537.36 (KHTML, like Gecko) Chrome/90.0.4430.85 Safari/537.36 Edg/90.0.818.46"
36.133.115.36 - - [14/Dec/2025:23:03:14 +0800] "POST /wp-cron.php?doing_wp_cron=1765724594.3084180355072021484375 HTTP/1.1" 200 31 "-" "WordPress/6.8.3; http://cqqizhou.com"
47.99.115.6 - - [14/Dec/2025:23:03:14 +0800] "GET / HTTP/1.1" 301 5 "-" "Mozilla/5.0 (Windows NT 10.0; Win64; x64) AppleWebKit/537.36 (KHTML, like Gecko) Chrome/59.0.3071.115 Safari/537.36"
36.133.115.36 - - [14/Dec/2025:23:04:48 +0800] "POST /wp-cron.php?doing_wp_cron=1765724688.5912868976593017578125 HTTP/1.1" 200 31 "-" "WordPress/6.8.3; http://cqqizhou.com"
216.244.66.245 - - [14/Dec/2025:23:04:48 +0800] "GET /robots.txt HTTP/1.1" 200 390 "-" "Mozilla/5.0 (compatible; DotBot/1.2; +https://opensiteexplorer.org/dotbot; help@moz.com)"
216.244.66.245 - - [14/Dec/2025:23:11:46 +0800] "GET /2339/ HTTP/1.1" 200 78028 "-" "Mozilla/5.0 (compatible; DotBot/1.2; +https://opensiteexplorer.org/dotbot; help@moz.com)"
216.244.66.245 - - [14/Dec/2025:23:11:57 +0800] "GET /wp-content/uploads/2025/11/1762864375-QZ_Photo-3.webp HTTP/1.1" 200 338100 "-" "Mozilla/5.0 (compatible; DotBot/1.2; +https://opensiteexplorer.org/dotbot; help@moz.com)"
5.39.1.242 - - [14/Dec/2025:23:13:37 +0800] "GET /uncategorized/ HTTP/1.1" 200 21030 "-" "Mozilla/5.0 (compatible; AhrefsBot/7.0; +http://ahrefs.com/robot/)"
36.133.115.36 - - [14/Dec/2025:23:35:52 +0800] "POST /wp-cron.php?doing_wp_cron=1765726552.3361849784851074218750 HTTP/1.1" 200 31 "-" "WordPress/6.8.3; http://cqqizhou.com"
204.76.203.212 - - [14/Dec/2025:23:35:52 +0800] "GET / HTTP/1.1" 200 33673 "-" "Mozilla/5.0 (Windows NT 10.0; Win64; x64) AppleWebKit/537.36 (KHTML, like Gecko) Chrome/90.0.4430.85 Safari/537.36 Edg/90.0.818.46"
217.154.34.179 - - [14/Dec/2025:23:36:43 +0800] "POST /hello.world?%ADd+allow_url_include%3d1+%ADd+auto_prepend_file%3dphp://input HTTP/1.1" 404 31364 "-" "libredtail-http"
217.154.34.179 - - [14/Dec/2025:23:36:45 +0800] "POST /?%ADd+allow_url_include%3d1+%ADd+auto_prepend_file%3dphp://input HTTP/1.1" 200 152290 "-" "libredtail-http"
217.154.34.179 - - [14/Dec/2025:23:36:46 +0800] "GET /vendor/phpunit/phpunit/src/Util/PHP/eval-stdin.php HTTP/1.1" 404 27 "-" "libredtail-http"
217.154.34.179 - - [14/Dec/2025:23:36:46 +0800] "GET /vendor/phpunit/phpunit/Util/PHP/eval-stdin.php HTTP/1.1" 404 27 "-" "libredtail-http"
217.154.34.179 - - [14/Dec/2025:23:36:46 +0800] "GET /vendor/phpunit/src/Util/PHP/eval-stdin.php HTTP/1.1" 404 27 "-" "libredtail-http"
217.154.34.179 - - [14/Dec/2025:23:36:46 +0800] "GET /vendor/phpunit/Util/PHP/eval-stdin.php HTTP/1.1" 404 27 "-" "libredtail-http"
217.154.34.179 - - [14/Dec/2025:23:36:47 +0800] "GET /vendor/phpunit/phpunit/LICENSE/eval-stdin.php HTTP/1.1" 404 27 "-" "libredtail-http"
217.154.34.179 - - [14/Dec/2025:23:36:49 +0800] "GET /vendor/vendor/phpunit/phpunit/src/Util/PHP/eval-stdin.php HTTP/1.1" 404 27 "-" "libredtail-http"
217.154.34.179 - - [14/Dec/2025:23:36:49 +0800] "GET /phpunit/phpunit/src/Util/PHP/eval-stdin.php HTTP/1.1" 404 27 "-" "libredtail-http"
217.154.34.179 - - [14/Dec/2025:23:36:49 +0800] "GET /phpunit/phpunit/Util/PHP/eval-stdin.php HTTP/1.1" 404 27 "-" "libredtail-http"
217.154.34.179 - - [14/Dec/2025:23:36:50 +0800] "GET /phpunit/src/Util/PHP/eval-stdin.php HTTP/1.1" 404 27 "-" "libredtail-http"
217.154.34.179 - - [14/Dec/2025:23:36:50 +0800] "GET /phpunit/Util/PHP/eval-stdin.php HTTP/1.1" 404 27 "-" "libredtail-http"
217.154.34.179 - - [14/Dec/2025:23:36:50 +0800] "GET /lib/phpunit/phpunit/src/Util/PHP/eval-stdin.php HTTP/1.1" 404 27 "-" "libredtail-http"
217.154.34.179 - - [14/Dec/2025:23:36:51 +0800] "GET /lib/phpunit/phpunit/Util/PHP/eval-stdin.php HTTP/1.1" 404 27 "-" "libredtail-http"
217.154.34.179 - - [14/Dec/2025:23:36:51 +0800] "GET /lib/phpunit/src/Util/PHP/eval-stdin.php HTTP/1.1" 404 27 "-" "libredtail-http"
217.154.34.179 - - [14/Dec/2025:23:36:51 +0800] "GET /lib/phpunit/Util/PHP/eval-stdin.php HTTP/1.1" 404 27 "-" "libredtail-http"
217.154.34.179 - - [14/Dec/2025:23:36:52 +0800] "GET /lib/vendor/phpunit/phpunit/src/Util/PHP/eval-stdin.php HTTP/1.1" 404 27 "-" "libredtail-http"
217.154.34.179 - - [14/Dec/2025:23:36:52 +0800] "GET /laravel/vendor/phpunit/phpunit/src/Util/PHP/eval-stdin.php HTTP/1.1" 404 27 "-" "libredtail-http"
217.154.34.179 - - [14/Dec/2025:23:36:53 +0800] "GET /www/vendor/phpunit/phpunit/src/Util/PHP/eval-stdin.php HTTP/1.1" 404 27 "-" "libredtail-http"
217.154.34.179 - - [14/Dec/2025:23:36:53 +0800] "GET /ws/vendor/phpunit/phpunit/src/Util/PHP/eval-stdin.php HTTP/1.1" 404 27 "-" "libredtail-http"
217.154.34.179 - - [14/Dec/2025:23:36:53 +0800] "GET /yii/vendor/phpunit/phpunit/src/Util/PHP/eval-stdin.php HTTP/1.1" 404 27 "-" "libredtail-http"
217.154.34.179 - - [14/Dec/2025:23:36:54 +0800] "GET /zend/vendor/phpunit/phpunit/src/Util/PHP/eval-stdin.php HTTP/1.1" 404 27 "-" "libredtail-http"
217.154.34.179 - - [14/Dec/2025:23:36:54 +0800] "GET /ws/ec/vendor/phpunit/phpunit/src/Util/PHP/eval-stdin.php HTTP/1.1" 404 27 "-" "libredtail-http"
217.154.34.179 - - [14/Dec/2025:23:36:54 +0800] "GET /V2/vendor/phpunit/phpunit/src/Util/PHP/eval-stdin.php HTTP/1.1" 404 27 "-" "libredtail-http"
217.154.34.179 - - [14/Dec/2025:23:36:55 +0800] "GET /tests/vendor/phpunit/phpunit/src/Util/PHP/eval-stdin.php HTTP/1.1" 404 27 "-" "libredtail-http"
217.154.34.179 - - [14/Dec/2025:23:36:55 +0800] "GET /test/vendor/phpunit/phpunit/src/Util/PHP/eval-stdin.php HTTP/1.1" 404 27 "-" "libredtail-http"
217.154.34.179 - - [14/Dec/2025:23:36:56 +0800] "GET /testing/vendor/phpunit/phpunit/src/Util/PHP/eval-stdin.php HTTP/1.1" 404 27 "-" "libredtail-http"
217.154.34.179 - - [14/Dec/2025:23:36:57 +0800] "GET /api/vendor/phpunit/phpunit/src/Util/PHP/eval-stdin.php HTTP/1.1" 404 27 "-" "libredtail-http"
217.154.34.179 - - [14/Dec/2025:23:36:57 +0800] "GET /demo/vendor/phpunit/phpunit/src/Util/PHP/eval-stdin.php HTTP/1.1" 404 27 "-" "libredtail-http"
217.154.34.179 - - [14/Dec/2025:23:36:57 +0800] "GET /cms/vendor/phpunit/phpunit/src/Util/PHP/eval-stdin.php HTTP/1.1" 404 27 "-" "libredtail-http"
217.154.34.179 - - [14/Dec/2025:23:36:58 +0800] "GET /crm/vendor/phpunit/phpunit/src/Util/PHP/eval-stdin.php HTTP/1.1" 404 27 "-" "libredtail-http"
217.154.34.179 - - [14/Dec/2025:23:36:59 +0800] "GET /admin/vendor/phpunit/phpunit/src/Util/PHP/eval-stdin.php HTTP/1.1" 404 27 "-" "libredtail-http"
217.154.34.179 - - [14/Dec/2025:23:36:59 +0800] "GET /backup/vendor/phpunit/phpunit/src/Util/PHP/eval-stdin.php HTTP/1.1" 404 27 "-" "libredtail-http"
217.154.34.179 - - [14/Dec/2025:23:37:00 +0800] "GET /blog/vendor/phpunit/phpunit/src/Util/PHP/eval-stdin.php HTTP/1.1" 404 27 "-" "libredtail-http"
217.154.34.179 - - [14/Dec/2025:23:37:02 +0800] "GET /workspace/drupal/vendor/phpunit/phpunit/src/Util/PHP/eval-stdin.php HTTP/1.1" 404 27 "-" "libredtail-http"
217.154.34.179 - - [14/Dec/2025:23:37:03 +0800] "GET /panel/vendor/phpunit/phpunit/src/Util/PHP/eval-stdin.php HTTP/1.1" 404 27 "-" "libredtail-http"
217.154.34.179 - - [14/Dec/2025:23:37:08 +0800] "GET /public/vendor/phpunit/phpunit/src/Util/PHP/eval-stdin.php HTTP/1.1" 404 27 "-" "libredtail-http"
217.154.34.179 - - [14/Dec/2025:23:37:09 +0800] "GET /apps/vendor/phpunit/phpunit/src/Util/PHP/eval-stdin.php HTTP/1.1" 404 27 "-" "libredtail-http"
217.154.34.179 - - [14/Dec/2025:23:37:09 +0800] "GET /app/vendor/phpunit/phpunit/src/Util/PHP/eval-stdin.php HTTP/1.1" 404 27 "-" "libredtail-http"
36.133.115.36 - - [14/Dec/2025:23:37:12 +0800] "POST /wp-cron.php?doing_wp_cron=1765726632.3240249156951904296875 HTTP/1.1" 200 31 "-" "WordPress/6.8.3; http://cqqizhou.com"
217.154.34.179 - - [14/Dec/2025:23:37:12 +0800] "GET /index.php?s=/index/\x5Cthink\x5Capp/invokefunction&function=call_user_func_array&vars[0]=md5&vars[1][]=Hello HTTP/1.1" 200 65507 "-" "libredtail-http"
148.253.53.169 - - [14/Dec/2025:23:43:52 +0800] "GET /2160/ HTTP/1.1" 200 98947 "-" "Mozilla/5.0 (Macintosh; Intel Mac OS X 10_15_7) AppleWebKit/537.36 (KHTML, like Gecko) Chrome/120.0.0.0 Safari/537.36"
122.247.217.167 - - [14/Dec/2025:23:43:52 +0800] "GET /2160/ HTTP/1.1" 200 30119 "-" "Mozilla/5.0 (Macintosh; Intel Mac OS X 10_15_7) AppleWebKit/537.36 (KHTML, like Gecko) Noi/0.4.0 Chrome/122.0.6261.129 Electron/29.1.4 Safari/537.36"
148.253.49.54 - - [14/Dec/2025:23:43:53 +0800] "GET /industry/ HTTP/1.1" 200 80094 "-" "Mozilla/5.0 (Macintosh; Intel Mac OS X 10_15_7) AppleWebKit/537.36 (KHTML, like Gecko) Chrome/120.0.0.0 Safari/537.36"
111.180.138.191 - - [14/Dec/2025:23:43:53 +0800] "GET /industry/ HTTP/1.1" 200 22050 "-" "Mozilla/5.0 (Windows NT 10.0) AppleWebKit/537.36 (KHTML, like Gecko) Chrome/103.1.0.119 Safari/537.36 QingHou/103.1.0.119"
36.133.115.36 - - [14/Dec/2025:23:45:38 +0800] "POST /wp-cron.php?doing_wp_cron=1765727138.4511599540710449218750 HTTP/1.1" 200 31 "-" "WordPress/6.8.3; http://cqqizhou.com"
206.168.34.223 - - [14/Dec/2025:23:45:38 +0800] "GET /robots.txt HTTP/1.1" 200 190 "-" "Mozilla/5.0 (compatible; CensysInspect/1.1; +https://about.censys.io/)"
36.133.115.36 - - [14/Dec/2025:23:47:15 +0800] "POST /wp-cron.php?doing_wp_cron=1765727235.7352070808410644531250 HTTP/1.1" 200 31 "-" "WordPress/6.8.3; http://cqqizhou.com"
38.101.149.116 - - [14/Dec/2025:23:47:16 +0800] "GET / HTTP/1.1" 200 33674 "-" "Linux Gnu (cow)"
121.237.36.28 - - [14/Dec/2025:23:50:57 +0800] "GET / HTTP/1.1" 200 34106 "-" "Mozilla/5.0 (Macintosh; Intel Mac OS X 10_11) AppleWebKit/601.1.27 (KHTML, like Gecko) Chrome/47.0.2526.106 Safari/601.1.27"
121.237.36.28 - - [14/Dec/2025:23:58:39 +0800] "GET / HTTP/1.1" 200 34106 "-" "Mozilla/5.0 (Macintosh; Intel Mac OS X 10_11) AppleWebKit/601.1.27 (KHTML, like Gecko) Chrome/47.0.2526.106 Safari/601.1.27"