48.210.70.5 - - [01/Dec/2025:18:51:28 +0800] "GET /ha.php HTTP/1.1" 404 27 "-" "-"
48.210.70.5 - - [01/Dec/2025:18:51:28 +0800] "GET /gg.php HTTP/1.1" 404 27 "-" "-"
48.210.70.5 - - [01/Dec/2025:18:51:29 +0800] "GET /we2.php HTTP/1.1" 404 27 "-" "-"
48.210.70.5 - - [01/Dec/2025:18:51:29 +0800] "GET /04.php HTTP/1.1" 404 27 "-" "-"
48.210.70.5 - - [01/Dec/2025:18:51:29 +0800] "GET /333.php HTTP/1.1" 404 27 "-" "-"
48.210.70.5 - - [01/Dec/2025:18:51:29 +0800] "GET /520.php HTTP/1.1" 404 27 "-" "-"
48.210.70.5 - - [01/Dec/2025:18:51:29 +0800] "GET /ar.php HTTP/1.1" 404 27 "-" "-"
48.210.70.5 - - [01/Dec/2025:18:51:29 +0800] "GET /x.php HTTP/1.1" 404 27 "-" "-"
48.210.70.5 - - [01/Dec/2025:18:51:29 +0800] "GET /xx.php HTTP/1.1" 404 27 "-" "-"
48.210.70.5 - - [01/Dec/2025:18:51:30 +0800] "GET /gifclass4.php HTTP/1.1" 404 27 "-" "-"
48.210.70.5 - - [01/Dec/2025:18:51:30 +0800] "GET /wp-freya.php HTTP/1.1" 404 27 "-" "-"
48.210.70.5 - - [01/Dec/2025:18:51:30 +0800] "GET /2clas.php HTTP/1.1" 404 27 "-" "-"
48.210.70.5 - - [01/Dec/2025:18:51:30 +0800] "GET /2eaa2.php HTTP/1.1" 404 27 "-" "-"
48.210.70.5 - - [01/Dec/2025:18:51:30 +0800] "GET /ave.php HTTP/1.1" 404 27 "-" "-"
48.210.70.5 - - [01/Dec/2025:18:51:30 +0800] "GET /wrt.php HTTP/1.1" 404 27 "-" "-"
48.210.70.5 - - [01/Dec/2025:18:51:30 +0800] "GET /bibil.php HTTP/1.1" 404 27 "-" "-"
48.210.70.5 - - [01/Dec/2025:18:51:30 +0800] "GET /radio.php HTTP/1.1" 404 27 "-" "-"
48.210.70.5 - - [01/Dec/2025:18:51:31 +0800] "GET /files.php HTTP/1.1" 404 27 "-" "-"
48.210.70.5 - - [01/Dec/2025:18:51:31 +0800] "GET /cord.php HTTP/1.1" 404 27 "-" "-"
48.210.70.5 - - [01/Dec/2025:18:51:31 +0800] "GET /gifclass.php HTTP/1.1" 404 27 "-" "-"
48.210.70.5 - - [01/Dec/2025:18:51:31 +0800] "GET /shlo.php HTTP/1.1" 404 27 "-" "-"
48.210.70.5 - - [01/Dec/2025:18:51:31 +0800] "GET /wp-admin/css/colors/midnight/about.php HTTP/1.1" 404 27 "-" "-"
48.210.70.5 - - [01/Dec/2025:18:51:31 +0800] "GET /nox.php HTTP/1.1" 404 27 "-" "-"
48.210.70.5 - - [01/Dec/2025:18:51:31 +0800] "GET /file48.php HTTP/1.1" 404 27 "-" "-"
48.210.70.5 - - [01/Dec/2025:18:51:32 +0800] "GET /info.php HTTP/1.1" 200 29 "-" "-"
36.133.115.36 - - [01/Dec/2025:19:00:23 +0800] "POST /wp-cron.php?doing_wp_cron=1764586823.3559670448303222656250 HTTP/1.1" 200 31 "-" "WordPress/6.8.3; http://cqqizhou.com"
204.76.203.212 - - [01/Dec/2025:19:00:23 +0800] "GET / HTTP/1.1" 200 33525 "-" "Mozilla/5.0 (Windows NT 10.0; Win64; x64) AppleWebKit/537.36 (KHTML, like Gecko) Chrome/90.0.4430.85 Safari/537.36 Edg/90.0.818.46"
36.133.115.36 - - [01/Dec/2025:19:03:46 +0800] "POST /wp-cron.php?doing_wp_cron=1764587026.0744659900665283203125 HTTP/1.1" 200 31 "-" "WordPress/6.8.3; http://cqqizhou.com"
204.76.203.52 - - [01/Dec/2025:19:03:46 +0800] "GET / HTTP/1.1" 200 33525 "-" "Mozilla/5.0 (Windows NT 10.0; Win64; x64) AppleWebKit/537.36 (KHTML, like Gecko) Chrome/90.0.4430.85 Safari/537.36 Edg/90.0.818.46"
36.133.115.36 - - [01/Dec/2025:19:07:56 +0800] "POST /wp-cron.php?doing_wp_cron=1764587276.2838249206542968750000 HTTP/1.1" 200 31 "-" "WordPress/6.8.3; http://cqqizhou.com"
167.99.81.88 - - [01/Dec/2025:19:07:56 +0800] "GET / HTTP/1.1" 200 33527 "-" "Mozilla/5.0 (Windows NT 10.0; Win64; x64) AppleWebKit/537.36 (KHTML, like Gecko) Chrome/90.0.4430.85 Safari/537.36 Edg/90.0.818.46"
36.133.115.36 - - [01/Dec/2025:19:17:04 +0800] "POST /wp-cron.php?doing_wp_cron=1764587824.0688669681549072265625 HTTP/1.1" 200 31 "-" "WordPress/6.8.3; http://cqqizhou.com"
204.76.203.52 - - [01/Dec/2025:19:17:04 +0800] "GET / HTTP/1.1" 200 33527 "-" "Mozilla/5.0 (Windows NT 10.0; Win64; x64) AppleWebKit/537.36 (KHTML, like Gecko) Chrome/90.0.4430.85 Safari/537.36 Edg/90.0.818.46"
36.133.115.36 - - [01/Dec/2025:19:28:06 +0800] "POST /wp-cron.php?doing_wp_cron=1764588486.8165879249572753906250 HTTP/1.1" 200 31 "-" "WordPress/6.8.3; http://cqqizhou.com"
204.76.203.52 - - [01/Dec/2025:19:28:07 +0800] "GET / HTTP/1.1" 200 33527 "-" "Mozilla/5.0 (Windows NT 10.0; Win64; x64) AppleWebKit/537.36 (KHTML, like Gecko) Chrome/90.0.4430.85 Safari/537.36 Edg/90.0.818.46"
36.133.115.36 - - [01/Dec/2025:19:32:09 +0800] "POST /wp-cron.php?doing_wp_cron=1764588729.8169569969177246093750 HTTP/1.1" 200 31 "-" "WordPress/6.8.3; http://cqqizhou.com"
167.99.81.88 - - [01/Dec/2025:19:32:10 +0800] "GET / HTTP/1.1" 200 33527 "-" "Mozilla/5.0 (Windows NT 10.0; Win64; x64) AppleWebKit/537.36 (KHTML, like Gecko) Chrome/90.0.4430.85 Safari/537.36 Edg/90.0.818.46"
36.133.115.36 - - [01/Dec/2025:19:34:45 +0800] "POST /wp-cron.php?doing_wp_cron=1764588885.7128660678863525390625 HTTP/1.1" 200 31 "-" "WordPress/6.8.3; http://cqqizhou.com"
134.209.169.174 - - [01/Dec/2025:19:34:45 +0800] "POST /xmlrpc.php HTTP/1.1" 200 217 "-" "Mozilla/5.0 (Windows NT 10.0; Win64; x64; rv:87.0) Gecko/20100101 Firefox/87.0"
158.94.210.44 - - [01/Dec/2025:19:36:17 +0800] "GET /index.html HTTP/1.1" 200 8721 "-" "Go-http-client/1.1"
36.133.115.36 - - [01/Dec/2025:19:42:12 +0800] "POST /wp-cron.php?doing_wp_cron=1764589332.3599219322204589843750 HTTP/1.1" 200 31 "-" "WordPress/6.8.3; http://cqqizhou.com"
204.76.203.52 - - [01/Dec/2025:19:42:12 +0800] "GET / HTTP/1.1" 200 33526 "-" "Mozilla/5.0 (Windows NT 10.0; Win64; x64) AppleWebKit/537.36 (KHTML, like Gecko) Chrome/90.0.4430.85 Safari/537.36 Edg/90.0.818.46"
36.133.115.36 - - [01/Dec/2025:19:46:06 +0800] "POST /wp-cron.php?doing_wp_cron=1764589566.6461069583892822265625 HTTP/1.1" 200 31 "-" "WordPress/6.8.3; http://cqqizhou.com"
204.76.203.212 - - [01/Dec/2025:19:46:06 +0800] "GET / HTTP/1.1" 200 33526 "-" "Mozilla/5.0 (Windows NT 10.0; Win64; x64) AppleWebKit/537.36 (KHTML, like Gecko) Chrome/90.0.4430.85 Safari/537.36 Edg/90.0.818.46"
15.235.96.187 - - [01/Dec/2025:19:47:59 +0800] "GET /services/ HTTP/1.1" 200 25614 "-" "Mozilla/5.0 (compatible; AhrefsBot/7.0; +http://ahrefs.com/robot/)"
54.39.136.249 - - [01/Dec/2025:19:50:51 +0800] "GET /wp-content/uploads/2025/07/1751829454-Smart-warehousing800x500.webp HTTP/1.1" 200 79504 "-" "Mozilla/5.0 (compatible; AhrefsBot/7.0; +http://ahrefs.com/robot/)"
148.113.128.248 - - [01/Dec/2025:19:50:54 +0800] "GET /wp-content/uploads/2025/07/1751857929-3D-one-stop-supply-chain-service-W900px2.webp HTTP/1.1" 200 38362 "-" "Mozilla/5.0 (compatible; AhrefsBot/7.0; +http://ahrefs.com/robot/)"
51.222.168.255 - - [01/Dec/2025:19:50:58 +0800] "GET /wp-content/uploads/2025/07/1751829518-Precision-processing-services800x500.webp HTTP/1.1" 200 28964 "-" "Mozilla/5.0 (compatible; AhrefsBot/7.0; +http://ahrefs.com/robot/)"
36.133.115.36 - - [01/Dec/2025:19:51:15 +0800] "POST /wp-cron.php?doing_wp_cron=1764589875.4015269279479980468750 HTTP/1.1" 200 31 "-" "WordPress/6.8.3; http://cqqizhou.com"
35.233.24.129 - - [01/Dec/2025:19:51:15 +0800] "GET / HTTP/1.1" 301 5 "-" "python-requests/2.32.5"
36.133.115.36 - - [01/Dec/2025:19:53:51 +0800] "POST /wp-cron.php?doing_wp_cron=1764590030.9972860813140869140625 HTTP/1.1" 200 31 "-" "WordPress/6.8.3; http://cqqizhou.com"
158.94.210.44 - - [01/Dec/2025:19:53:51 +0800] "GET /cgi-bin/luci HTTP/1.1" 301 5 "-" "Go-http-client/1.1"
158.94.210.44 - - [01/Dec/2025:19:53:51 +0800] "GET /cgi-bin/rtpd.cgi HTTP/1.1" 301 5 "-" "Go-http-client/1.1"
158.94.210.44 - - [01/Dec/2025:19:53:52 +0800] "GET /getcfg.php HTTP/1.1" 404 47 "-" "Go-http-client/1.1"
158.94.210.44 - - [01/Dec/2025:19:53:53 +0800] "GET /cgi HTTP/1.1" 301 5 "-" "Go-http-client/1.1"
158.94.210.44 - - [01/Dec/2025:19:53:53 +0800] "GET /webproc HTTP/1.1" 301 5 "-" "Go-http-client/1.1"
158.94.210.44 - - [01/Dec/2025:19:53:54 +0800] "GET /apply.cgi HTTP/1.1" 301 5 "-" "Go-http-client/1.1"
158.94.210.44 - - [01/Dec/2025:19:53:55 +0800] "GET /goform/formPing HTTP/1.1" 301 5 "-" "Go-http-client/1.1"
158.94.210.44 - - [01/Dec/2025:19:53:56 +0800] "GET /test.cgi HTTP/1.1" 301 5 "-" "Go-http-client/1.1"
158.94.210.44 - - [01/Dec/2025:19:53:57 +0800] "GET /system_tool.cgi HTTP/1.1" 301 5 "-" "Go-http-client/1.1"
158.94.210.44 - - [01/Dec/2025:19:53:58 +0800] "GET /ctrlt/DeviceUpgrade_1 HTTP/1.1" 301 5 "-" "Go-http-client/1.1"
158.94.210.44 - - [01/Dec/2025:19:53:59 +0800] "GET /locale HTTP/1.1" 301 5 "-" "Go-http-client/1.1"
158.94.210.44 - - [01/Dec/2025:19:54:00 +0800] "GET /telnetenable HTTP/1.1" 499 0 "-" "Go-http-client/1.1"
36.133.115.36 - - [01/Dec/2025:19:55:12 +0800] "POST /wp-cron.php?doing_wp_cron=1764590112.9622220993041992187500 HTTP/1.1" 200 31 "-" "WordPress/6.8.3; http://cqqizhou.com"
204.76.203.52 - - [01/Dec/2025:19:55:13 +0800] "GET / HTTP/1.1" 200 33527 "-" "Mozilla/5.0 (Windows NT 10.0; Win64; x64) AppleWebKit/537.36 (KHTML, like Gecko) Chrome/90.0.4430.85 Safari/537.36 Edg/90.0.818.46"
36.133.115.36 - - [01/Dec/2025:20:07:03 +0800] "POST /wp-cron.php?doing_wp_cron=1764590823.5261449813842773437500 HTTP/1.1" 200 31 "-" "WordPress/6.8.3; http://cqqizhou.com"
159.196.11.192 - - [01/Dec/2025:20:07:03 +0800] "GET / HTTP/1.1" 301 5 "-" "Mozilla/5.0 (Windows NT 10.0; WOW64) AppleWebKit/537.36 (KHTML, like Gecko) Chrome/51.0.2704.103 Safari/537.36"
36.133.115.36 - - [01/Dec/2025:20:07:57 +0800] "POST /wp-cron.php?doing_wp_cron=1764590877.8587810993194580078125 HTTP/1.1" 200 31 "-" "WordPress/6.8.3; http://cqqizhou.com"
141.98.11.170 - - [01/Dec/2025:20:07:58 +0800] "GET / HTTP/1.1" 200 33526 "-" "Mozilla/5.0 (Windows NT 10.0; Win64; x64) AppleWebKit/537.36 (KHTML, like Gecko) Chrome/90.0.4430.85 Safari/537.36 Edg/90.0.818.46"
148.153.45.235 - - [01/Dec/2025:20:08:12 +0800] "GET /Soc7 HTTP/1.1" 301 5 "-" "Mozilla/5.0 (Macintosh; Intel Mac OS X 10.9; rv:32.0) Gecko/20100101 Firefox/32.0"
148.153.45.235 - - [01/Dec/2025:20:08:14 +0800] "GET /Soc7 HTTP/1.1" 404 8985 "http://36.133.115.36:80/Soc7" "Mozilla/5.0 (Macintosh; Intel Mac OS X 10.9; rv:32.0) Gecko/20100101 Firefox/32.0"
148.153.45.235 - - [01/Dec/2025:20:08:15 +0800] "GET /SwGL HTTP/1.1" 301 5 "-" "Mozilla/5.0 (Macintosh; Intel Mac OS X 10.9; rv:32.0) Gecko/20100101 Firefox/32.0"
148.153.45.235 - - [01/Dec/2025:20:08:17 +0800] "GET /SwGL HTTP/1.1" 404 8984 "http://36.133.115.36:80/SwGL" "Mozilla/5.0 (Macintosh; Intel Mac OS X 10.9; rv:32.0) Gecko/20100101 Firefox/32.0"
148.153.45.235 - - [01/Dec/2025:20:08:19 +0800] "GET /aab8 HTTP/1.1" 301 5 "-" "Mozilla/5.0 (Macintosh; Intel Mac OS X 10.9; rv:32.0) Gecko/20100101 Firefox/32.0"
148.153.45.235 - - [01/Dec/2025:20:08:20 +0800] "GET /aab8 HTTP/1.1" 404 8983 "http://36.133.115.36:80/aab8" "Mozilla/5.0 (Macintosh; Intel Mac OS X 10.9; rv:32.0) Gecko/20100101 Firefox/32.0"
148.153.45.235 - - [01/Dec/2025:20:08:23 +0800] "GET /aab9 HTTP/1.1" 301 5 "-" "Mozilla/5.0 (Macintosh; Intel Mac OS X 10.9; rv:32.0) Gecko/20100101 Firefox/32.0"
148.153.45.235 - - [01/Dec/2025:20:08:24 +0800] "GET /aab9 HTTP/1.1" 404 8984 "http://36.133.115.36:80/aab9" "Mozilla/5.0 (Macintosh; Intel Mac OS X 10.9; rv:32.0) Gecko/20100101 Firefox/32.0"
36.133.115.36 - - [01/Dec/2025:20:13:16 +0800] "POST /wp-cron.php?doing_wp_cron=1764591196.5244810581207275390625 HTTP/1.1" 200 31 "-" "WordPress/6.8.3; http://cqqizhou.com"
162.216.150.141 - - [01/Dec/2025:20:13:16 +0800] "GET /wp-login.php HTTP/1.1" 200 8672 "-" "Hello from Palo Alto Networks, find out more about our scans in https://docs-cortex.paloaltonetworks.com/r/1/Cortex-Xpanse/Scanning-activity"
36.133.115.36 - - [01/Dec/2025:20:15:36 +0800] "POST /wp-cron.php?doing_wp_cron=1764591336.2660930156707763671875 HTTP/1.1" 200 31 "-" "WordPress/6.8.3; http://cqqizhou.com"
167.99.81.88 - - [01/Dec/2025:20:15:36 +0800] "GET / HTTP/1.1" 200 33525 "-" "Mozilla/5.0 (Windows NT 10.0; Win64; x64) AppleWebKit/537.36 (KHTML, like Gecko) Chrome/90.0.4430.85 Safari/537.36 Edg/90.0.818.46"
36.133.115.36 - - [01/Dec/2025:20:18:03 +0800] "POST /wp-cron.php?doing_wp_cron=1764591483.4584920406341552734375 HTTP/1.1" 200 31 "-" "WordPress/6.8.3; http://cqqizhou.com"
220.154.133.186 - - [01/Dec/2025:20:18:03 +0800] "POST /hello.world?%ADd+allow_url_include%3d1+%ADd+auto_prepend_file%3dphp://input HTTP/1.1" 404 31381 "-" "libredtail-http"
220.154.133.186 - - [01/Dec/2025:20:18:05 +0800] "POST /?%ADd+allow_url_include%3d1+%ADd+auto_prepend_file%3dphp://input HTTP/1.1" 200 152189 "-" "libredtail-http"
188.166.3.194 - - [01/Dec/2025:20:18:07 +0800] "GET / HTTP/1.1" 301 5 "-" "Mozilla/5.0 (X11; Linux x86_64) AppleWebKit/537.36 (KHTML, like Gecko) Chrome/139.0.0.0 Safari/537.36"
220.154.133.186 - - [01/Dec/2025:20:18:10 +0800] "GET /vendor/phpunit/phpunit/src/Util/PHP/eval-stdin.php HTTP/1.1" 404 27 "-" "libredtail-http"
220.154.133.186 - - [01/Dec/2025:20:18:10 +0800] "GET /vendor/phpunit/phpunit/Util/PHP/eval-stdin.php HTTP/1.1" 404 27 "-" "libredtail-http"
220.154.133.186 - - [01/Dec/2025:20:18:10 +0800] "GET /vendor/phpunit/src/Util/PHP/eval-stdin.php HTTP/1.1" 404 27 "-" "libredtail-http"
220.154.133.186 - - [01/Dec/2025:20:18:11 +0800] "GET /vendor/phpunit/Util/PHP/eval-stdin.php HTTP/1.1" 404 27 "-" "libredtail-http"
220.154.133.186 - - [01/Dec/2025:20:18:11 +0800] "GET /vendor/phpunit/phpunit/LICENSE/eval-stdin.php HTTP/1.1" 404 27 "-" "libredtail-http"
220.154.133.186 - - [01/Dec/2025:20:18:12 +0800] "GET /vendor/vendor/phpunit/phpunit/src/Util/PHP/eval-stdin.php HTTP/1.1" 404 27 "-" "libredtail-http"
220.154.133.186 - - [01/Dec/2025:20:18:12 +0800] "GET /phpunit/phpunit/src/Util/PHP/eval-stdin.php HTTP/1.1" 404 27 "-" "libredtail-http"
220.154.133.186 - - [01/Dec/2025:20:18:12 +0800] "GET /phpunit/phpunit/Util/PHP/eval-stdin.php HTTP/1.1" 404 27 "-" "libredtail-http"
220.154.133.186 - - [01/Dec/2025:20:18:12 +0800] "GET /phpunit/src/Util/PHP/eval-stdin.php HTTP/1.1" 404 27 "-" "libredtail-http"
220.154.133.186 - - [01/Dec/2025:20:18:12 +0800] "GET /phpunit/Util/PHP/eval-stdin.php HTTP/1.1" 404 27 "-" "libredtail-http"
220.154.133.186 - - [01/Dec/2025:20:18:13 +0800] "GET /lib/phpunit/phpunit/src/Util/PHP/eval-stdin.php HTTP/1.1" 404 27 "-" "libredtail-http"
220.154.133.186 - - [01/Dec/2025:20:18:13 +0800] "GET /lib/phpunit/phpunit/Util/PHP/eval-stdin.php HTTP/1.1" 404 27 "-" "libredtail-http"
220.154.133.186 - - [01/Dec/2025:20:18:13 +0800] "GET /lib/phpunit/src/Util/PHP/eval-stdin.php HTTP/1.1" 404 27 "-" "libredtail-http"
220.154.133.186 - - [01/Dec/2025:20:18:14 +0800] "GET /lib/phpunit/Util/PHP/eval-stdin.php HTTP/1.1" 404 27 "-" "libredtail-http"
220.154.133.186 - - [01/Dec/2025:20:18:15 +0800] "GET /lib/vendor/phpunit/phpunit/src/Util/PHP/eval-stdin.php HTTP/1.1" 404 27 "-" "libredtail-http"
220.154.133.186 - - [01/Dec/2025:20:18:15 +0800] "GET /laravel/vendor/phpunit/phpunit/src/Util/PHP/eval-stdin.php HTTP/1.1" 404 27 "-" "libredtail-http"
220.154.133.186 - - [01/Dec/2025:20:18:17 +0800] "GET /www/vendor/phpunit/phpunit/src/Util/PHP/eval-stdin.php HTTP/1.1" 404 27 "-" "libredtail-http"
220.154.133.186 - - [01/Dec/2025:20:18:17 +0800] "GET /ws/vendor/phpunit/phpunit/src/Util/PHP/eval-stdin.php HTTP/1.1" 404 27 "-" "libredtail-http"
220.154.133.186 - - [01/Dec/2025:20:18:18 +0800] "GET /yii/vendor/phpunit/phpunit/src/Util/PHP/eval-stdin.php HTTP/1.1" 404 27 "-" "libredtail-http"
220.154.133.186 - - [01/Dec/2025:20:18:18 +0800] "GET /zend/vendor/phpunit/phpunit/src/Util/PHP/eval-stdin.php HTTP/1.1" 404 27 "-" "libredtail-http"
220.154.133.186 - - [01/Dec/2025:20:18:19 +0800] "GET /ws/ec/vendor/phpunit/phpunit/src/Util/PHP/eval-stdin.php HTTP/1.1" 404 27 "-" "libredtail-http"
220.154.133.186 - - [01/Dec/2025:20:18:19 +0800] "GET /V2/vendor/phpunit/phpunit/src/Util/PHP/eval-stdin.php HTTP/1.1" 404 27 "-" "libredtail-http"
220.154.133.186 - - [01/Dec/2025:20:18:20 +0800] "GET /tests/vendor/phpunit/phpunit/src/Util/PHP/eval-stdin.php HTTP/1.1" 404 27 "-" "libredtail-http"
220.154.133.186 - - [01/Dec/2025:20:18:20 +0800] "GET /test/vendor/phpunit/phpunit/src/Util/PHP/eval-stdin.php HTTP/1.1" 404 27 "-" "libredtail-http"
220.154.133.186 - - [01/Dec/2025:20:18:20 +0800] "GET /testing/vendor/phpunit/phpunit/src/Util/PHP/eval-stdin.php HTTP/1.1" 404 27 "-" "libredtail-http"
220.154.133.186 - - [01/Dec/2025:20:18:20 +0800] "GET /api/vendor/phpunit/phpunit/src/Util/PHP/eval-stdin.php HTTP/1.1" 404 27 "-" "libredtail-http"
220.154.133.186 - - [01/Dec/2025:20:18:20 +0800] "GET /demo/vendor/phpunit/phpunit/src/Util/PHP/eval-stdin.php HTTP/1.1" 404 27 "-" "libredtail-http"
220.154.133.186 - - [01/Dec/2025:20:18:21 +0800] "GET /cms/vendor/phpunit/phpunit/src/Util/PHP/eval-stdin.php HTTP/1.1" 404 27 "-" "libredtail-http"
220.154.133.186 - - [01/Dec/2025:20:18:21 +0800] "GET /crm/vendor/phpunit/phpunit/src/Util/PHP/eval-stdin.php HTTP/1.1" 404 27 "-" "libredtail-http"
220.154.133.186 - - [01/Dec/2025:20:18:22 +0800] "GET /admin/vendor/phpunit/phpunit/src/Util/PHP/eval-stdin.php HTTP/1.1" 404 27 "-" "libredtail-http"
220.154.133.186 - - [01/Dec/2025:20:18:23 +0800] "GET /backup/vendor/phpunit/phpunit/src/Util/PHP/eval-stdin.php HTTP/1.1" 404 27 "-" "libredtail-http"
220.154.133.186 - - [01/Dec/2025:20:18:23 +0800] "GET /blog/vendor/phpunit/phpunit/src/Util/PHP/eval-stdin.php HTTP/1.1" 404 27 "-" "libredtail-http"
220.154.133.186 - - [01/Dec/2025:20:18:23 +0800] "GET /workspace/drupal/vendor/phpunit/phpunit/src/Util/PHP/eval-stdin.php HTTP/1.1" 404 27 "-" "libredtail-http"
220.154.133.186 - - [01/Dec/2025:20:18:24 +0800] "GET /panel/vendor/phpunit/phpunit/src/Util/PHP/eval-stdin.php HTTP/1.1" 404 27 "-" "libredtail-http"
220.154.133.186 - - [01/Dec/2025:20:18:24 +0800] "GET /public/vendor/phpunit/phpunit/src/Util/PHP/eval-stdin.php HTTP/1.1" 404 27 "-" "libredtail-http"
220.154.133.186 - - [01/Dec/2025:20:18:25 +0800] "GET /apps/vendor/phpunit/phpunit/src/Util/PHP/eval-stdin.php HTTP/1.1" 404 27 "-" "libredtail-http"
220.154.133.186 - - [01/Dec/2025:20:18:26 +0800] "GET /app/vendor/phpunit/phpunit/src/Util/PHP/eval-stdin.php HTTP/1.1" 404 27 "-" "libredtail-http"
220.154.133.186 - - [01/Dec/2025:20:18:26 +0800] "GET /index.php?s=/index/\x5Cthink\x5Capp/invokefunction&function=call_user_func_array&vars[0]=md5&vars[1][]=Hello HTTP/1.1" 200 65390 "-" "libredtail-http"
220.154.133.186 - - [01/Dec/2025:20:18:27 +0800] "GET /public/index.php?s=/index/\x5Cthink\x5Capp/invokefunction&function=call_user_func_array&vars[0]=md5&vars[1][]=Hello HTTP/1.1" 404 27 "-" "libredtail-http"
220.154.133.186 - - [01/Dec/2025:20:18:28 +0800] "GET /index.php?lang=../../../../../../../../usr/local/lib/php/pearcmd&+config-create+/&/<?echo(md5(\x22hi\x22));?>+/tmp/index1.php HTTP/1.1" 200 152189 "-" "libredtail-http"
220.154.133.186 - - [01/Dec/2025:20:18:32 +0800] "GET /index.php?lang=../../../../../../../../tmp/index1 HTTP/1.1" 200 152189 "-" "libredtail-http"
220.154.133.186 - - [01/Dec/2025:20:18:34 +0800] "GET /containers/json HTTP/1.1" 301 5 "-" "libredtail-http"
220.154.133.186 - - [01/Dec/2025:20:18:35 +0800] "GET /containers/json HTTP/1.1" 301 5 "-" "libredtail-http"
36.133.115.36 - - [01/Dec/2025:20:21:45 +0800] "POST /wp-cron.php?doing_wp_cron=1764591705.4496140480041503906250 HTTP/1.1" 200 31 "-" "WordPress/6.8.3; http://cqqizhou.com"
54.39.6.73 - - [01/Dec/2025:20:21:45 +0800] "GET /services HTTP/1.1" 301 5 "-" "Mozilla/5.0 (compatible; AhrefsBot/7.0; +http://ahrefs.com/robot/)"
36.133.115.36 - - [01/Dec/2025:20:24:26 +0800] "POST /wp-cron.php?doing_wp_cron=1764591866.1874670982360839843750 HTTP/1.1" 200 31 "-" "WordPress/6.8.3; http://cqqizhou.com"
204.76.203.52 - - [01/Dec/2025:20:24:26 +0800] "GET / HTTP/1.1" 200 33526 "-" "Mozilla/5.0 (Windows NT 10.0; Win64; x64) AppleWebKit/537.36 (KHTML, like Gecko) Chrome/90.0.4430.85 Safari/537.36 Edg/90.0.818.46"
36.133.115.36 - - [01/Dec/2025:20:26:18 +0800] "POST /wp-cron.php?doing_wp_cron=1764591978.3217821121215820312500 HTTP/1.1" 200 31 "-" "WordPress/6.8.3; http://cqqizhou.com"
193.142.147.209 - - [01/Dec/2025:20:26:18 +0800] "GET /cgi-bin/luci/;stok=/locale HTTP/1.1" 301 5 "-" "-"
193.142.147.209 - - [01/Dec/2025:20:26:19 +0800] "GET /cgi-bin/luci/;stok=/locale HTTP/1.1" 404 31381 "http://36.133.115.36:80/cgi-bin/luci/;stok=/locale" "-"
36.133.115.36 - - [01/Dec/2025:20:39:45 +0800] "POST /wp-cron.php?doing_wp_cron=1764592785.3758618831634521484375 HTTP/1.1" 200 31 "-" "WordPress/6.8.3; http://cqqizhou.com"
204.76.203.212 - - [01/Dec/2025:20:39:45 +0800] "GET / HTTP/1.1" 200 33526 "-" "Mozilla/5.0 (Windows NT 10.0; Win64; x64) AppleWebKit/537.36 (KHTML, like Gecko) Chrome/90.0.4430.85 Safari/537.36 Edg/90.0.818.46"
51.222.168.103 - - [01/Dec/2025:20:42:09 +0800] "GET /media/ HTTP/1.1" 200 24226 "-" "Mozilla/5.0 (compatible; AhrefsBot/7.0; +http://ahrefs.com/robot/)"
36.133.115.36 - - [01/Dec/2025:20:42:30 +0800] "POST /wp-cron.php?doing_wp_cron=1764592950.8563170433044433593750 HTTP/1.1" 200 31 "-" "WordPress/6.8.3; http://cqqizhou.com"
49.51.195.195 - - [01/Dec/2025:20:42:30 +0800] "GET / HTTP/1.1" 301 5 "-" "Mozilla/5.0 (iPhone; CPU iPhone OS 13_2_3 like Mac OS X) AppleWebKit/605.1.15 (KHTML, like Gecko) Version/13.0.3 Mobile/15E148 Safari/604.1"
49.51.195.195 - - [01/Dec/2025:20:42:32 +0800] "GET / HTTP/1.1" 200 33525 "http://www.cqqizhou.com" "Mozilla/5.0 (iPhone; CPU iPhone OS 13_2_3 like Mac OS X) AppleWebKit/605.1.15 (KHTML, like Gecko) Version/13.0.3 Mobile/15E148 Safari/604.1"
142.44.225.124 - - [01/Dec/2025:20:45:58 +0800] "GET /wp-content/uploads/2025/11/1762861549-%E5%85%A8%E6%99%AF%E5%90%AF%E8%88%9F%E5%9D%A4%E7%85%8C%E5%BA%93.webp HTTP/1.1" 200 18812 "-" "Mozilla/5.0 (compatible; AhrefsBot/7.0; +http://ahrefs.com/robot/)"
54.39.6.178 - - [01/Dec/2025:20:46:04 +0800] "GET /wp-content/uploads/2025/11/1762861550-%E4%B8%87%E5%98%89%E7%9B%9B%E5%BA%93%E5%85%A8%E6%99%AF%E5%9B%BE.webp HTTP/1.1" 200 24278 "-" "Mozilla/5.0 (compatible; AhrefsBot/7.0; +http://ahrefs.com/robot/)"
54.39.89.33 - - [01/Dec/2025:20:46:06 +0800] "GET /wp-content/uploads/media/qizhou_Brochure.webp HTTP/1.1" 200 26142 "-" "Mozilla/5.0 (compatible; AhrefsBot/7.0; +http://ahrefs.com/robot/)"
54.39.6.166 - - [01/Dec/2025:20:46:20 +0800] "GET /media/ HTTP/1.1" 200 24226 "-" "Mozilla/5.0 (compatible; AhrefsBot/7.0; +http://ahrefs.com/robot/)"
36.133.115.36 - - [01/Dec/2025:20:48:39 +0800] "POST /wp-cron.php?doing_wp_cron=1764593319.8705289363861083984375 HTTP/1.1" 200 31 "-" "WordPress/6.8.3; http://cqqizhou.com"
167.99.81.88 - - [01/Dec/2025:20:48:40 +0800] "GET / HTTP/1.1" 200 33525 "-" "Mozilla/5.0 (Windows NT 10.0; Win64; x64) AppleWebKit/537.36 (KHTML, like Gecko) Chrome/90.0.4430.85 Safari/537.36 Edg/90.0.818.46"
36.133.115.36 - - [01/Dec/2025:20:52:12 +0800] "POST /wp-cron.php?doing_wp_cron=1764593532.6707999706268310546875 HTTP/1.1" 200 31 "-" "WordPress/6.8.3; http://cqqizhou.com"
164.132.169.114 - - [01/Dec/2025:20:52:12 +0800] "POST /xmlrpc.php HTTP/1.1" 200 217 "-" "Mozilla/5.0 (Windows NT 10.0; Win64; x64; rv:42.0) Gecko/20100101 Firefox/42.0"
36.133.115.36 - - [01/Dec/2025:20:56:34 +0800] "POST /wp-cron.php?doing_wp_cron=1764593794.5568439960479736328125 HTTP/1.1" 200 31 "-" "WordPress/6.8.3; http://cqqizhou.com"
204.76.203.52 - - [01/Dec/2025:20:56:34 +0800] "GET / HTTP/1.1" 200 33526 "-" "Mozilla/5.0 (Windows NT 10.0; Win64; x64) AppleWebKit/537.36 (KHTML, like Gecko) Chrome/90.0.4430.85 Safari/537.36 Edg/90.0.818.46"
51.222.168.235 - - [01/Dec/2025:20:59:21 +0800] "GET /logistics/ HTTP/1.1" 200 22480 "-" "Mozilla/5.0 (compatible; AhrefsBot/7.0; +http://ahrefs.com/robot/)"
15.235.27.159 - - [01/Dec/2025:21:00:59 +0800] "GET /wp-content/uploads/2025/07/1751864682-Logistics800x500_2.webp HTTP/1.1" 200 27420 "-" "Mozilla/5.0 (compatible; AhrefsBot/7.0; +http://ahrefs.com/robot/)"
54.39.89.201 - - [01/Dec/2025:21:01:02 +0800] "GET /wp-content/uploads/2025/07/1751864664-Logistics800x500_1.webp HTTP/1.1" 200 76914 "-" "Mozilla/5.0 (compatible; AhrefsBot/7.0; +http://ahrefs.com/robot/)"
36.133.115.36 - - [01/Dec/2025:21:11:15 +0800] "POST /wp-cron.php?doing_wp_cron=1764594675.3887009620666503906250 HTTP/1.1" 200 31 "-" "WordPress/6.8.3; http://cqqizhou.com"
204.76.203.52 - - [01/Dec/2025:21:11:15 +0800] "GET / HTTP/1.1" 200 33526 "-" "Mozilla/5.0 (Windows NT 10.0; Win64; x64) AppleWebKit/537.36 (KHTML, like Gecko) Chrome/90.0.4430.85 Safari/537.36 Edg/90.0.818.46"
36.133.115.36 - - [01/Dec/2025:21:21:44 +0800] "POST /wp-cron.php?doing_wp_cron=1764595303.9812641143798828125000 HTTP/1.1" 200 31 "-" "WordPress/6.8.3; http://cqqizhou.com"
106.75.21.34 - - [01/Dec/2025:21:21:44 +0800] "GET /version HTTP/1.1" 301 5 "-" "-"
106.75.21.34 - - [01/Dec/2025:21:21:45 +0800] "GET / HTTP/1.1" 200 152189 "-" "-"
106.75.21.34 - - [01/Dec/2025:21:21:46 +0800] "GET / HTTP/1.1" 200 152189 "-" "-"
36.133.115.36 - - [01/Dec/2025:21:21:46 +0800] "POST /wp-cron.php?doing_wp_cron=1764595306.9465630054473876953125 HTTP/1.1" 200 31 "-" "WordPress/6.8.3; http://cqqizhou.com"
106.75.21.34 - - [01/Dec/2025:21:21:46 +0800] "GET /v1 HTTP/1.1" 301 5 "-" "-"
106.75.21.34 - - [01/Dec/2025:21:21:48 +0800] "GET / HTTP/1.1" 200 152189 "-" "-"
106.75.21.34 - - [01/Dec/2025:21:21:49 +0800] "GET / HTTP/1.1" 200 152189 "-" "Mozilla/5.0 (Windows NT 6.1) AppleWebKit/537.36 (KHTML, like Gecko) Chrome/49.0.2623.112 Safari/537.36"
106.75.129.228 - - [01/Dec/2025:21:21:52 +0800] "GET / HTTP/1.1" 301 5 "-" "Mozilla/5.0 (Windows NT 6.1) AppleWebKit/537.36 (KHTML, like Gecko) Chrome/49.0.2623.112 Safari/537.36"
106.75.142.158 - - [01/Dec/2025:21:21:53 +0800] "GET / HTTP/1.1" 200 153877 "-" "Mozilla/5.0 (Windows NT 6.1) AppleWebKit/537.36 (KHTML, like Gecko) Chrome/49.0.2623.112 Safari/537.36"
36.133.115.36 - - [01/Dec/2025:21:23:30 +0800] "POST /wp-cron.php?doing_wp_cron=1764595410.7018949985504150390625 HTTP/1.1" 200 31 "-" "WordPress/6.8.3; http://cqqizhou.com"
43.130.228.73 - - [01/Dec/2025:21:23:30 +0800] "GET / HTTP/1.1" 301 5 "-" "Mozilla/5.0 (iPhone; CPU iPhone OS 13_2_3 like Mac OS X) AppleWebKit/605.1.15 (KHTML, like Gecko) Version/13.0.3 Mobile/15E148 Safari/604.1"
43.130.228.73 - - [01/Dec/2025:21:23:32 +0800] "GET / HTTP/1.1" 200 33524 "http://36.133.115.36" "Mozilla/5.0 (iPhone; CPU iPhone OS 13_2_3 like Mac OS X) AppleWebKit/605.1.15 (KHTML, like Gecko) Version/13.0.3 Mobile/15E148 Safari/604.1"
36.133.115.36 - - [01/Dec/2025:21:26:54 +0800] "POST /wp-cron.php?doing_wp_cron=1764595614.0217061042785644531250 HTTP/1.1" 200 31 "-" "WordPress/6.8.3; http://cqqizhou.com"
167.99.81.88 - - [01/Dec/2025:21:26:54 +0800] "GET / HTTP/1.1" 200 33525 "-" "Mozilla/5.0 (Windows NT 10.0; Win64; x64) AppleWebKit/537.36 (KHTML, like Gecko) Chrome/90.0.4430.85 Safari/537.36 Edg/90.0.818.46"
54.39.203.103 - - [01/Dec/2025:21:33:39 +0800] "GET /contacts/ HTTP/1.1" 200 21606 "-" "Mozilla/5.0 (compatible; AhrefsBot/7.0; +http://ahrefs.com/robot/)"
36.133.115.36 - - [01/Dec/2025:21:34:14 +0800] "POST /wp-cron.php?doing_wp_cron=1764596054.3328270912170410156250 HTTP/1.1" 200 31 "-" "WordPress/6.8.3; http://cqqizhou.com"
78.153.140.179 - - [01/Dec/2025:21:34:14 +0800] "GET /.env HTTP/1.1" 404 31381 "-" "Mozilla/5.0 (Linux; U; Android 4.1.2; en-gb; GT-I8190N Build/JZO54K) AppleWebKit/534.30 (KHTML, like Gecko) Version/4.0 Mobile Safari/534.30"
78.153.140.179 - - [01/Dec/2025:21:34:16 +0800] "GET /api/.env HTTP/1.1" 404 31381 "-" "Mozilla/5.0 (X11; U; Linux x86_64; fr; rv:1.9) Gecko/2008061017 Firefox/3.0"
78.153.140.179 - - [01/Dec/2025:21:34:19 +0800] "GET /backend/.env HTTP/1.1" 404 31381 "-" "More Firefox 1.0.3 user agents strings -->>"
51.161.65.77 - - [01/Dec/2025:21:35:56 +0800] "GET /wp-content/uploads/2025/07/1750005875-qizhou_map2025616.webp HTTP/1.1" 200 348798 "-" "Mozilla/5.0 (compatible; AhrefsBot/7.0; +http://ahrefs.com/robot/)"
36.133.115.36 - - [01/Dec/2025:21:40:09 +0800] "POST /wp-cron.php?doing_wp_cron=1764596409.5587251186370849609375 HTTP/1.1" 200 31 "-" "WordPress/6.8.3; http://cqqizhou.com"
204.76.203.52 - - [01/Dec/2025:21:40:09 +0800] "GET / HTTP/1.1" 200 33524 "-" "Mozilla/5.0 (Windows NT 10.0; Win64; x64) AppleWebKit/537.36 (KHTML, like Gecko) Chrome/90.0.4430.85 Safari/537.36 Edg/90.0.818.46"
36.133.115.36 - - [01/Dec/2025:21:56:38 +0800] "POST /wp-cron.php?doing_wp_cron=1764597398.3784170150756835937500 HTTP/1.1" 200 31 "-" "WordPress/6.8.3; http://cqqizhou.com"
204.76.203.52 - - [01/Dec/2025:21:56:38 +0800] "GET / HTTP/1.1" 200 33526 "-" "Mozilla/5.0 (Windows NT 10.0; Win64; x64) AppleWebKit/537.36 (KHTML, like Gecko) Chrome/90.0.4430.85 Safari/537.36 Edg/90.0.818.46"
36.133.115.36 - - [01/Dec/2025:22:03:08 +0800] "POST /wp-cron.php?doing_wp_cron=1764597788.5349850654602050781250 HTTP/1.1" 200 31 "-" "WordPress/6.8.3; http://cqqizhou.com"
88.99.39.252 - - [01/Dec/2025:22:03:08 +0800] "POST /xmlrpc.php HTTP/1.1" 200 217 "-" "Mozilla/5.0 (Windows NT 10.0; Win64; x64; rv:43.0) Gecko/20100101 Firefox/43.0"
36.133.115.36 - - [01/Dec/2025:22:06:14 +0800] "POST /wp-cron.php?doing_wp_cron=1764597974.5438969135284423828125 HTTP/1.1" 200 31 "-" "WordPress/6.8.3; http://cqqizhou.com"
77.90.185.246 - - [01/Dec/2025:22:06:14 +0800] "GET /wp-login.php HTTP/1.1" 200 2782 "https://www.google.com/" "Mozilla/5.0 (Windows NT 10.0; Win64; x64) AppleWebKit/537.36 (KHTML, like Gecko) Chrome/120.0.0.0 Safari/537.36"
194.163.153.255 - - [01/Dec/2025:22:06:24 +0800] "POST /xmlrpc.php HTTP/1.1" 200 217 "http://cqqizhou.com" "Mozilla/5.0 (Macintosh; Intel Mac OS X 10_15_7) AppleWebKit/537.36 (KHTML, like Gecko) Chrome/126.0.0.0 Safari/537.36"
77.90.185.246 - - [01/Dec/2025:22:06:30 +0800] "POST /wp-login.php HTTP/1.1" 200 2982 "http://cqqizhou.com/wp-login.php" "Mozilla/5.0 (Windows NT 10.0; Win64; x64) AppleWebKit/537.36 (KHTML, like Gecko) Chrome/121.0.0.0 Safari/537.36"
36.133.115.36 - - [01/Dec/2025:22:06:55 +0800] "POST /wp-cron.php?doing_wp_cron=1764598015.9550909996032714843750 HTTP/1.1" 200 31 "-" "WordPress/6.8.3; http://cqqizhou.com"
77.90.185.246 - - [01/Dec/2025:22:06:56 +0800] "POST /wp-login.php HTTP/1.1" 200 2923 "http://cqqizhou.com/wp-login.php" "Mozilla/5.0 (Macintosh; Intel Mac OS X 13_6_1; rv:118.0) Gecko/20100101 Firefox/118.0"
77.90.185.246 - - [01/Dec/2025:22:07:44 +0800] "POST /wp-login.php HTTP/1.1" 200 2976 "http://cqqizhou.com/wp-login.php" "Mozilla/5.0 (Windows NT 10.0; Win64; x64; rv:120.0) Gecko/20100101 Firefox/120.0"
36.133.115.36 - - [01/Dec/2025:22:08:18 +0800] "POST /wp-cron.php?doing_wp_cron=1764598098.1854619979858398437500 HTTP/1.1" 200 31 "-" "WordPress/6.8.3; http://cqqizhou.com"
77.90.185.246 - - [01/Dec/2025:22:08:18 +0800] "POST /wp-login.php HTTP/1.1" 200 2977 "http://cqqizhou.com/wp-login.php" "Mozilla/5.0 (Windows NT 10.0; Win64; x64; rv:120.0) Gecko/20100101 Firefox/120.0"
36.133.115.36 - - [01/Dec/2025:22:08:50 +0800] "POST /wp-cron.php?doing_wp_cron=1764598130.7311730384826660156250 HTTP/1.1" 200 31 "-" "WordPress/6.8.3; http://cqqizhou.com"
77.90.185.246 - - [01/Dec/2025:22:08:50 +0800] "POST /wp-login.php HTTP/1.1" 200 2977 "http://cqqizhou.com/wp-login.php" "Mozilla/5.0 (Windows NT 11.0; Win64; x64) AppleWebKit/537.36 (KHTML, like Gecko) Chrome/121.0.0.0 Safari/537.36"
77.90.185.246 - - [01/Dec/2025:22:09:13 +0800] "POST /wp-login.php HTTP/1.1" 200 2924 "http://cqqizhou.com/wp-login.php" "Mozilla/5.0 (X11; Linux x86_64) AppleWebKit/537.36 (KHTML, like Gecko) Chrome/119.0.0.0 Safari/537.36"
77.90.185.246 - - [01/Dec/2025:22:09:17 +0800] "POST /wp-login.php HTTP/1.1" 200 2981 "http://cqqizhou.com/wp-login.php" "Mozilla/5.0 (Macintosh; Intel Mac OS X 13_6_1) AppleWebKit/605.1.15 (KHTML, like Gecko) Version/17.2 Safari/605.1.15"
77.90.185.246 - - [01/Dec/2025:22:09:21 +0800] "POST /wp-login.php HTTP/1.1" 200 2976 "http://cqqizhou.com/wp-login.php" "Mozilla/5.0 (Macintosh; Intel Mac OS X 13_6_1) AppleWebKit/605.1.15 (KHTML, like Gecko) Version/17.2 Safari/605.1.15"
77.90.185.246 - - [01/Dec/2025:22:09:24 +0800] "POST /wp-login.php HTTP/1.1" 200 2894 "http://cqqizhou.com/wp-login.php" "Mozilla/5.0 (Macintosh; Intel Mac OS X 13_6_1) AppleWebKit/605.1.15 (KHTML, like Gecko) Version/17.2 Safari/605.1.15"
77.90.185.246 - - [01/Dec/2025:22:09:29 +0800] "POST /wp-login.php HTTP/1.1" 200 2923 "http://cqqizhou.com/wp-login.php" "Mozilla/5.0 (X11; Ubuntu; Linux x86_64) AppleWebKit/537.36 (KHTML, like Gecko) Chrome/120.0.0.0 Safari/537.36"
77.90.185.246 - - [01/Dec/2025:22:09:33 +0800] "POST /wp-login.php HTTP/1.1" 200 2978 "http://cqqizhou.com/wp-login.php" "Mozilla/5.0 (Macintosh; Intel Mac OS X 13_6_1) AppleWebKit/605.1.15 (KHTML, like Gecko) Version/17.0 Safari/605.1.15"
77.90.185.246 - - [01/Dec/2025:22:09:39 +0800] "POST /wp-login.php HTTP/1.1" 200 2894 "http://cqqizhou.com/wp-login.php" "Mozilla/5.0 (Windows NT 11.0; Win64; x64; rv:121.0) Gecko/20100101 Firefox/121.0"
77.90.185.246 - - [01/Dec/2025:22:09:42 +0800] "POST /wp-login.php HTTP/1.1" 200 2894 "http://cqqizhou.com/wp-login.php" "Mozilla/5.0 (Windows NT 11.0; Win64; x64) AppleWebKit/537.36 (KHTML, like Gecko) Chrome/121.0.0.0 Safari/537.36"
77.90.185.246 - - [01/Dec/2025:22:09:45 +0800] "POST /wp-login.php HTTP/1.1" 200 2923 "http://cqqizhou.com/wp-login.php" "Mozilla/5.0 (X11; Ubuntu; Linux x86_64) AppleWebKit/537.36 (KHTML, like Gecko) Chrome/120.0.0.0 Safari/537.36"
36.133.115.36 - - [01/Dec/2025:22:09:50 +0800] "POST /wp-cron.php?doing_wp_cron=1764598190.8819661140441894531250 HTTP/1.1" 200 31 "-" "WordPress/6.8.3; http://cqqizhou.com"
77.90.185.246 - - [01/Dec/2025:22:09:50 +0800] "POST /wp-login.php HTTP/1.1" 200 2978 "http://cqqizhou.com/wp-login.php" "Mozilla/5.0 (X11; Ubuntu; Linux x86_64) AppleWebKit/537.36 (KHTML, like Gecko) Chrome/119.0.0.0 Safari/537.36"
77.90.185.246 - - [01/Dec/2025:22:09:55 +0800] "POST /wp-login.php HTTP/1.1" 200 2923 "http://cqqizhou.com/wp-login.php" "Mozilla/5.0 (Windows NT 11.0; Win64; x64) AppleWebKit/537.36 (KHTML, like Gecko) Chrome/119.0.0.0 Safari/537.36"
77.90.185.246 - - [01/Dec/2025:22:10:02 +0800] "POST /wp-login.php HTTP/1.1" 200 2977 "http://cqqizhou.com/wp-login.php" "Mozilla/5.0 (Macintosh; Intel Mac OS X 13_6_1) AppleWebKit/537.36 (KHTML, like Gecko) Chrome/120.0.0.0 Safari/537.36"
77.90.185.246 - - [01/Dec/2025:22:10:07 +0800] "POST /wp-login.php HTTP/1.1" 200 2977 "http://cqqizhou.com/wp-login.php" "Mozilla/5.0 (Windows NT 11.0; Win64; x64; rv:118.0) Gecko/20100101 Firefox/118.0"
77.90.185.246 - - [01/Dec/2025:22:10:24 +0800] "POST /wp-login.php HTTP/1.1" 200 2982 "http://cqqizhou.com/wp-login.php" "Mozilla/5.0 (Windows NT 10.0; Win64; x64; rv:120.0) Gecko/20100101 Firefox/120.0"
77.90.185.246 - - [01/Dec/2025:22:10:28 +0800] "POST /wp-login.php HTTP/1.1" 200 2894 "http://cqqizhou.com/wp-login.php" "Mozilla/5.0 (X11; Linux x86_64) AppleWebKit/537.36 (KHTML, like Gecko) Chrome/120.0.0.0 Safari/537.36"
77.90.185.246 - - [01/Dec/2025:22:10:32 +0800] "POST /wp-login.php HTTP/1.1" 200 2894 "http://cqqizhou.com/wp-login.php" "Mozilla/5.0 (X11; Ubuntu; Linux x86_64) AppleWebKit/537.36 (KHTML, like Gecko) Chrome/121.0.0.0 Safari/537.36"
77.90.185.246 - - [01/Dec/2025:22:10:37 +0800] "POST /wp-login.php HTTP/1.1" 200 2894 "http://cqqizhou.com/wp-login.php" "Mozilla/5.0 (Macintosh; Intel Mac OS X 13_6_1) AppleWebKit/605.1.15 (KHTML, like Gecko) Version/17.2 Safari/605.1.15"
77.90.185.246 - - [01/Dec/2025:22:10:43 +0800] "POST /wp-login.php HTTP/1.1" 200 2894 "http://cqqizhou.com/wp-login.php" "Mozilla/5.0 (Macintosh; Intel Mac OS X 13_6_1; rv:120.0) Gecko/20100101 Firefox/120.0"
51.222.95.89 - - [01/Dec/2025:22:10:51 +0800] "GET /club/ HTTP/1.1" 200 12114 "-" "Mozilla/5.0 (compatible; AhrefsBot/7.0; +http://ahrefs.com/robot/)"
36.133.115.36 - - [01/Dec/2025:22:10:52 +0800] "POST /wp-cron.php?doing_wp_cron=1764598251.9963970184326171875000 HTTP/1.1" 200 31 "-" "WordPress/6.8.3; http://cqqizhou.com"
77.90.185.246 - - [01/Dec/2025:22:10:52 +0800] "POST /wp-login.php HTTP/1.1" 200 2977 "http://cqqizhou.com/wp-login.php" "Mozilla/5.0 (Macintosh; Intel Mac OS X 13_6_1) AppleWebKit/537.36 (KHTML, like Gecko) Chrome/119.0.0.0 Safari/537.36"
77.90.185.246 - - [01/Dec/2025:22:11:00 +0800] "POST /wp-login.php HTTP/1.1" 200 2975 "http://cqqizhou.com/wp-login.php" "Mozilla/5.0 (Macintosh; Intel Mac OS X 13_6_1; rv:121.0) Gecko/20100101 Firefox/121.0"
77.90.185.246 - - [01/Dec/2025:22:11:10 +0800] "POST /wp-login.php HTTP/1.1" 200 2981 "http://cqqizhou.com/wp-login.php" "Mozilla/5.0 (Macintosh; Intel Mac OS X 13_6_1; rv:119.0) Gecko/20100101 Firefox/119.0"
77.90.185.246 - - [01/Dec/2025:22:11:27 +0800] "POST /wp-login.php HTTP/1.1" 200 2978 "http://cqqizhou.com/wp-login.php" "Mozilla/5.0 (X11; Ubuntu; Linux x86_64) AppleWebKit/537.36 (KHTML, like Gecko) Chrome/118.0.0.0 Safari/537.36"
204.76.203.212 - - [01/Dec/2025:22:11:36 +0800] "GET / HTTP/1.1" 200 33526 "-" "Mozilla/5.0 (Windows NT 10.0; Win64; x64) AppleWebKit/537.36 (KHTML, like Gecko) Chrome/90.0.4430.85 Safari/537.36 Edg/90.0.818.46"
77.90.185.246 - - [01/Dec/2025:22:11:44 +0800] "POST /wp-login.php HTTP/1.1" 200 2976 "http://cqqizhou.com/wp-login.php" "Mozilla/5.0 (X11; Ubuntu; Linux x86_64) AppleWebKit/537.36 (KHTML, like Gecko) Chrome/120.0.0.0 Safari/537.36"
36.133.115.36 - - [01/Dec/2025:22:12:11 +0800] "POST /wp-cron.php?doing_wp_cron=1764598331.3136439323425292968750 HTTP/1.1" 200 31 "-" "WordPress/6.8.3; http://cqqizhou.com"
204.76.203.52 - - [01/Dec/2025:22:12:11 +0800] "GET / HTTP/1.1" 200 33526 "-" "Mozilla/5.0 (Windows NT 10.0; Win64; x64) AppleWebKit/537.36 (KHTML, like Gecko) Chrome/90.0.4430.85 Safari/537.36 Edg/90.0.818.46"
77.90.185.246 - - [01/Dec/2025:22:12:14 +0800] "POST /wp-login.php HTTP/1.1" 200 2980 "http://cqqizhou.com/wp-login.php" "Mozilla/5.0 (Macintosh; Intel Mac OS X 13_6_1) AppleWebKit/537.36 (KHTML, like Gecko) Chrome/121.0.0.0 Safari/537.36"
128.199.163.66 - - [01/Dec/2025:22:12:44 +0800] "POST /xmlrpc.php HTTP/1.1" 200 217 "http://cqqizhou.com" "Mozilla/5.0 (Windows NT 11.0; Win64; x64) AppleWebKit/537.36 (KHTML, like Gecko) Chrome/126.0.0.0 Safari/537.36"
36.133.115.36 - - [01/Dec/2025:22:13:31 +0800] "POST /wp-cron.php?doing_wp_cron=1764598411.7921149730682373046875 HTTP/1.1" 200 31 "-" "WordPress/6.8.3; http://cqqizhou.com"
77.90.185.246 - - [01/Dec/2025:22:13:31 +0800] "POST /wp-login.php HTTP/1.1" 200 2979 "http://cqqizhou.com/wp-login.php" "Mozilla/5.0 (X11; Ubuntu; Linux x86_64) AppleWebKit/537.36 (KHTML, like Gecko) Chrome/119.0.0.0 Safari/537.36"
77.90.185.246 - - [01/Dec/2025:22:13:39 +0800] "POST /wp-login.php HTTP/1.1" 200 2977 "http://cqqizhou.com/wp-login.php" "Mozilla/5.0 (Macintosh; Intel Mac OS X 13_6_1; rv:121.0) Gecko/20100101 Firefox/121.0"
77.90.185.246 - - [01/Dec/2025:22:13:43 +0800] "POST /wp-login.php HTTP/1.1" 200 2982 "http://cqqizhou.com/wp-login.php" "Mozilla/5.0 (Macintosh; Intel Mac OS X 10_15_7) AppleWebKit/537.36 (KHTML, like Gecko) Chrome/121.0.0.0 Safari/537.36"
36.133.115.36 - - [01/Dec/2025:22:13:48 +0800] "POST /wp-cron.php?doing_wp_cron=1764598428.0103919506072998046875 HTTP/1.1" 200 31 "-" "WordPress/6.8.3; http://cqqizhou.com"
77.90.185.246 - - [01/Dec/2025:22:13:48 +0800] "POST /wp-login.php HTTP/1.1" 200 2975 "http://cqqizhou.com/wp-login.php" "Mozilla/5.0 (Macintosh; Intel Mac OS X 10_15_7) AppleWebKit/605.1.15 (KHTML, like Gecko) Version/17.0 Safari/605.1.15"
77.90.185.246 - - [01/Dec/2025:22:13:52 +0800] "POST /wp-login.php HTTP/1.1" 200 2894 "http://cqqizhou.com/wp-login.php" "Mozilla/5.0 (Macintosh; Intel Mac OS X 13_6_1) AppleWebKit/537.36 (KHTML, like Gecko) Chrome/121.0.0.0 Safari/537.36"
77.90.185.246 - - [01/Dec/2025:22:13:59 +0800] "POST /wp-login.php HTTP/1.1" 200 2975 "http://cqqizhou.com/wp-login.php" "Mozilla/5.0 (Macintosh; Intel Mac OS X 10_15_7; rv:121.0) Gecko/20100101 Firefox/121.0"
77.90.185.246 - - [01/Dec/2025:22:14:04 +0800] "POST /wp-login.php HTTP/1.1" 200 2894 "http://cqqizhou.com/wp-login.php" "Mozilla/5.0 (Macintosh; Intel Mac OS X 13_6_1) AppleWebKit/605.1.15 (KHTML, like Gecko) Version/17.1 Safari/605.1.15"
77.90.185.246 - - [01/Dec/2025:22:14:12 +0800] "POST /wp-login.php HTTP/1.1" 200 2894 "http://cqqizhou.com/wp-login.php" "Mozilla/5.0 (Windows NT 10.0; Win64; x64; rv:120.0) Gecko/20100101 Firefox/120.0"
77.90.185.246 - - [01/Dec/2025:22:14:15 +0800] "POST /wp-login.php HTTP/1.1" 200 2894 "http://cqqizhou.com/wp-login.php" "Mozilla/5.0 (X11; Linux x86_64) AppleWebKit/537.36 (KHTML, like Gecko) Chrome/118.0.0.0 Safari/537.36"
77.90.185.246 - - [01/Dec/2025:22:14:19 +0800] "POST /wp-login.php HTTP/1.1" 200 2894 "http://cqqizhou.com/wp-login.php" "Mozilla/5.0 (Windows NT 11.0; Win64; x64) AppleWebKit/537.36 (KHTML, like Gecko) Chrome/119.0.0.0 Safari/537.36"
36.133.115.36 - - [01/Dec/2025:22:14:49 +0800] "POST /wp-cron.php?doing_wp_cron=1764598489.4688251018524169921875 HTTP/1.1" 200 31 "-" "WordPress/6.8.3; http://cqqizhou.com"
77.90.185.246 - - [01/Dec/2025:22:14:49 +0800] "POST /wp-login.php HTTP/1.1" 200 2923 "http://cqqizhou.com/wp-login.php" "Mozilla/5.0 (Windows NT 10.0; Win64; x64; rv:118.0) Gecko/20100101 Firefox/118.0"
77.90.185.246 - - [01/Dec/2025:22:14:55 +0800] "POST /wp-login.php HTTP/1.1" 200 2923 "http://cqqizhou.com/wp-login.php" "Mozilla/5.0 (Windows NT 11.0; Win64; x64; rv:118.0) Gecko/20100101 Firefox/118.0"
77.90.185.246 - - [01/Dec/2025:22:15:04 +0800] "POST /wp-login.php HTTP/1.1" 200 2923 "http://cqqizhou.com/wp-login.php" "Mozilla/5.0 (Macintosh; Intel Mac OS X 13_6_1) AppleWebKit/605.1.15 (KHTML, like Gecko) Version/17.2 Safari/605.1.15"
77.90.185.246 - - [01/Dec/2025:22:15:08 +0800] "POST /wp-login.php HTTP/1.1" 200 2974 "http://cqqizhou.com/wp-login.php" "Mozilla/5.0 (Macintosh; Intel Mac OS X 13_6_1) AppleWebKit/605.1.15 (KHTML, like Gecko) Version/17.0 Safari/605.1.15"
77.90.185.246 - - [01/Dec/2025:22:15:14 +0800] "POST /wp-login.php HTTP/1.1" 200 2974 "http://cqqizhou.com/wp-login.php" "Mozilla/5.0 (X11; Ubuntu; Linux x86_64) AppleWebKit/537.36 (KHTML, like Gecko) Chrome/118.0.0.0 Safari/537.36"
77.90.185.246 - - [01/Dec/2025:22:15:42 +0800] "POST /wp-login.php HTTP/1.1" 200 2977 "http://cqqizhou.com/wp-login.php" "Mozilla/5.0 (Macintosh; Intel Mac OS X 10_15_7) AppleWebKit/605.1.15 (KHTML, like Gecko) Version/17.1 Safari/605.1.15"
35.244.42.91 - - [01/Dec/2025:22:15:45 +0800] "POST /xmlrpc.php HTTP/1.1" 200 217 "http://cqqizhou.com" "Mozilla/5.0 (Macintosh; Intel Mac OS X 10_15_7) AppleWebKit/537.36 (KHTML, like Gecko) Chrome/112.0.5615.138 Safari/537.36"
36.133.115.36 - - [01/Dec/2025:22:15:46 +0800] "POST /wp-cron.php?doing_wp_cron=1764598546.6870539188385009765625 HTTP/1.1" 200 31 "-" "WordPress/6.8.3; http://cqqizhou.com"
77.90.185.246 - - [01/Dec/2025:22:15:46 +0800] "POST /wp-login.php HTTP/1.1" 200 2923 "http://cqqizhou.com/wp-login.php" "Mozilla/5.0 (Macintosh; Intel Mac OS X 13_6_1) AppleWebKit/605.1.15 (KHTML, like Gecko) Version/17.2 Safari/605.1.15"
77.90.185.246 - - [01/Dec/2025:22:15:51 +0800] "POST /wp-login.php HTTP/1.1" 200 2923 "http://cqqizhou.com/wp-login.php" "Mozilla/5.0 (Windows NT 11.0; Win64; x64) AppleWebKit/537.36 (KHTML, like Gecko) Chrome/118.0.0.0 Safari/537.36"
77.90.185.246 - - [01/Dec/2025:22:15:55 +0800] "POST /wp-login.php HTTP/1.1" 200 2977 "http://cqqizhou.com/wp-login.php" "Mozilla/5.0 (Macintosh; Intel Mac OS X 13_6_1) AppleWebKit/605.1.15 (KHTML, like Gecko) Version/17.1 Safari/605.1.15"
77.90.185.246 - - [01/Dec/2025:22:16:01 +0800] "POST /wp-login.php HTTP/1.1" 200 2923 "http://cqqizhou.com/wp-login.php" "Mozilla/5.0 (Windows NT 11.0; Win64; x64; rv:118.0) Gecko/20100101 Firefox/118.0"
77.90.185.246 - - [01/Dec/2025:22:16:08 +0800] "POST /wp-login.php HTTP/1.1" 200 2982 "http://cqqizhou.com/wp-login.php" "Mozilla/5.0 (Macintosh; Intel Mac OS X 10_15_7) AppleWebKit/537.36 (KHTML, like Gecko) Chrome/120.0.0.0 Safari/537.36"
77.90.185.246 - - [01/Dec/2025:22:16:17 +0800] "POST /wp-login.php HTTP/1.1" 200 2982 "http://cqqizhou.com/wp-login.php" "Mozilla/5.0 (Macintosh; Intel Mac OS X 13_6_1) AppleWebKit/537.36 (KHTML, like Gecko) Chrome/121.0.0.0 Safari/537.36"
77.90.185.246 - - [01/Dec/2025:22:16:21 +0800] "POST /wp-login.php HTTP/1.1" 200 2977 "http://cqqizhou.com/wp-login.php" "Mozilla/5.0 (Macintosh; Intel Mac OS X 10_15_7) AppleWebKit/605.1.15 (KHTML, like Gecko) Version/16.6 Safari/605.1.15"
36.133.115.36 - - [01/Dec/2025:22:17:01 +0800] "POST /wp-cron.php?doing_wp_cron=1764598621.2863869667053222656250 HTTP/1.1" 200 31 "-" "WordPress/6.8.3; http://cqqizhou.com"
77.90.185.246 - - [01/Dec/2025:22:17:01 +0800] "POST /wp-login.php HTTP/1.1" 200 2978 "http://cqqizhou.com/wp-login.php" "Mozilla/5.0 (Macintosh; Intel Mac OS X 13_6_1) AppleWebKit/605.1.15 (KHTML, like Gecko) Version/16.6 Safari/605.1.15"
77.90.185.246 - - [01/Dec/2025:22:17:27 +0800] "POST /wp-login.php HTTP/1.1" 200 2980 "http://cqqizhou.com/wp-login.php" "Mozilla/5.0 (X11; Ubuntu; Linux x86_64) AppleWebKit/537.36 (KHTML, like Gecko) Chrome/119.0.0.0 Safari/537.36"
77.90.185.246 - - [01/Dec/2025:22:17:37 +0800] "POST /wp-login.php HTTP/1.1" 200 2923 "http://cqqizhou.com/wp-login.php" "Mozilla/5.0 (X11; Ubuntu; Linux x86_64) AppleWebKit/537.36 (KHTML, like Gecko) Chrome/121.0.0.0 Safari/537.36"
36.133.115.36 - - [01/Dec/2025:22:18:58 +0800] "POST /wp-cron.php?doing_wp_cron=1764598738.3969190120697021484375 HTTP/1.1" 200 31 "-" "WordPress/6.8.3; http://cqqizhou.com"
77.90.185.246 - - [01/Dec/2025:22:18:58 +0800] "POST /wp-login.php HTTP/1.1" 200 2974 "http://cqqizhou.com/wp-login.php" "Mozilla/5.0 (Windows NT 11.0; Win64; x64; rv:119.0) Gecko/20100101 Firefox/119.0"
77.90.185.246 - - [01/Dec/2025:22:19:03 +0800] "POST /wp-login.php HTTP/1.1" 200 2894 "http://cqqizhou.com/wp-login.php" "Mozilla/5.0 (X11; Linux x86_64) AppleWebKit/537.36 (KHTML, like Gecko) Chrome/119.0.0.0 Safari/537.36"
77.90.185.246 - - [01/Dec/2025:22:19:09 +0800] "POST /wp-login.php HTTP/1.1" 499 0 "http://cqqizhou.com/wp-login.php" "Mozilla/5.0 (Windows NT 10.0; Win64; x64; rv:118.0) Gecko/20100101 Firefox/118.0"
77.90.185.246 - - [01/Dec/2025:22:19:20 +0800] "POST /wp-login.php HTTP/1.1" 200 2894 "http://cqqizhou.com/wp-login.php" "Mozilla/5.0 (Macintosh; Intel Mac OS X 13_6_1) AppleWebKit/537.36 (KHTML, like Gecko) Chrome/119.0.0.0 Safari/537.36"
77.90.185.246 - - [01/Dec/2025:22:19:33 +0800] "POST /wp-login.php HTTP/1.1" 200 2894 "http://cqqizhou.com/wp-login.php" "Mozilla/5.0 (Windows NT 11.0; Win64; x64) AppleWebKit/537.36 (KHTML, like Gecko) Chrome/120.0.0.0 Safari/537.36"
77.90.185.246 - - [01/Dec/2025:22:19:40 +0800] "POST /wp-login.php HTTP/1.1" 200 2975 "http://cqqizhou.com/wp-login.php" "Mozilla/5.0 (X11; Linux x86_64) AppleWebKit/537.36 (KHTML, like Gecko) Chrome/118.0.0.0 Safari/537.36"
36.133.115.36 - - [01/Dec/2025:22:21:05 +0800] "POST /wp-cron.php?doing_wp_cron=1764598865.4484810829162597656250 HTTP/1.1" 200 31 "-" "WordPress/6.8.3; http://cqqizhou.com"
77.90.185.246 - - [01/Dec/2025:22:21:05 +0800] "POST /wp-login.php HTTP/1.1" 200 2975 "http://cqqizhou.com/wp-login.php" "Mozilla/5.0 (Macintosh; Intel Mac OS X 10_15_7) AppleWebKit/605.1.15 (KHTML, like Gecko) Version/17.0 Safari/605.1.15"
77.90.185.246 - - [01/Dec/2025:22:21:09 +0800] "POST /wp-login.php HTTP/1.1" 200 2975 "http://cqqizhou.com/wp-login.php" "Mozilla/5.0 (Windows NT 10.0; Win64; x64) AppleWebKit/537.36 (KHTML, like Gecko) Chrome/121.0.0.0 Safari/537.36"
77.90.185.246 - - [01/Dec/2025:22:21:29 +0800] "POST /wp-login.php HTTP/1.1" 200 2975 "http://cqqizhou.com/wp-login.php" "Mozilla/5.0 (Macintosh; Intel Mac OS X 13_6_1; rv:121.0) Gecko/20100101 Firefox/121.0"
77.90.185.246 - - [01/Dec/2025:22:21:39 +0800] "POST /wp-login.php HTTP/1.1" 200 2894 "http://cqqizhou.com/wp-login.php" "Mozilla/5.0 (X11; Linux x86_64) AppleWebKit/537.36 (KHTML, like Gecko) Chrome/119.0.0.0 Safari/537.36"
77.90.185.246 - - [01/Dec/2025:22:21:45 +0800] "POST /wp-login.php HTTP/1.1" 200 2894 "http://cqqizhou.com/wp-login.php" "Mozilla/5.0 (Macintosh; Intel Mac OS X 10_15_7) AppleWebKit/605.1.15 (KHTML, like Gecko) Version/17.0 Safari/605.1.15"
36.133.115.36 - - [01/Dec/2025:22:21:48 +0800] "POST /wp-cron.php?doing_wp_cron=1764598908.6841781139373779296875 HTTP/1.1" 200 31 "-" "WordPress/6.8.3; http://cqqizhou.com"
77.90.185.246 - - [01/Dec/2025:22:21:48 +0800] "POST /wp-login.php HTTP/1.1" 200 2894 "http://cqqizhou.com/wp-login.php" "Mozilla/5.0 (Macintosh; Intel Mac OS X 10_15_7; rv:118.0) Gecko/20100101 Firefox/118.0"
74.112.76.31 - - [01/Dec/2025:22:21:49 +0800] "POST /xmlrpc.php HTTP/1.1" 200 217 "http://cqqizhou.com" "Mozilla/5.0 (Windows NT 10.0; Win64; x64; rv:129.0) Gecko/20100101 Firefox/129.0"
77.90.185.246 - - [01/Dec/2025:22:21:53 +0800] "POST /wp-login.php HTTP/1.1" 200 2977 "http://cqqizhou.com/wp-login.php" "Mozilla/5.0 (Macintosh; Intel Mac OS X 10_15_7) AppleWebKit/537.36 (KHTML, like Gecko) Chrome/120.0.0.0 Safari/537.36"
77.90.185.246 - - [01/Dec/2025:22:21:59 +0800] "POST /wp-login.php HTTP/1.1" 200 2976 "http://cqqizhou.com/wp-login.php" "Mozilla/5.0 (X11; Linux x86_64) AppleWebKit/537.36 (KHTML, like Gecko) Chrome/119.0.0.0 Safari/537.36"
77.90.185.246 - - [01/Dec/2025:22:22:06 +0800] "POST /wp-login.php HTTP/1.1" 200 2978 "http://cqqizhou.com/wp-login.php" "Mozilla/5.0 (Macintosh; Intel Mac OS X 10_15_7) AppleWebKit/537.36 (KHTML, like Gecko) Chrome/121.0.0.0 Safari/537.36"
77.90.185.246 - - [01/Dec/2025:22:22:11 +0800] "POST /wp-login.php HTTP/1.1" 200 2923 "http://cqqizhou.com/wp-login.php" "Mozilla/5.0 (Macintosh; Intel Mac OS X 10_15_7; rv:121.0) Gecko/20100101 Firefox/121.0"
77.90.185.246 - - [01/Dec/2025:22:22:17 +0800] "POST /wp-login.php HTTP/1.1" 200 2976 "http://cqqizhou.com/wp-login.php" "Mozilla/5.0 (X11; Linux x86_64) AppleWebKit/537.36 (KHTML, like Gecko) Chrome/118.0.0.0 Safari/537.36"
77.90.185.246 - - [01/Dec/2025:22:22:23 +0800] "POST /wp-login.php HTTP/1.1" 200 2923 "http://cqqizhou.com/wp-login.php" "Mozilla/5.0 (Windows NT 10.0; Win64; x64) AppleWebKit/537.36 (KHTML, like Gecko) Chrome/121.0.0.0 Safari/537.36"
36.133.115.36 - - [01/Dec/2025:22:23:05 +0800] "POST /wp-cron.php?doing_wp_cron=1764598985.2064280509948730468750 HTTP/1.1" 200 31 "-" "WordPress/6.8.3; http://cqqizhou.com"
77.90.185.246 - - [01/Dec/2025:22:23:05 +0800] "POST /wp-login.php HTTP/1.1" 200 2981 "http://cqqizhou.com/wp-login.php" "Mozilla/5.0 (Macintosh; Intel Mac OS X 13_6_1) AppleWebKit/605.1.15 (KHTML, like Gecko) Version/17.2 Safari/605.1.15"
77.90.185.246 - - [01/Dec/2025:22:23:21 +0800] "POST /wp-login.php HTTP/1.1" 200 2894 "http://cqqizhou.com/wp-login.php" "Mozilla/5.0 (X11; Linux x86_64) AppleWebKit/537.36 (KHTML, like Gecko) Chrome/118.0.0.0 Safari/537.36"
