77.90.185.246 - - [01/Dec/2025:22:23:39 +0800] "POST /wp-login.php HTTP/1.1" 200 2975 "http://cqqizhou.com/wp-login.php" "Mozilla/5.0 (Macintosh; Intel Mac OS X 10_15_7) AppleWebKit/537.36 (KHTML, like Gecko) Chrome/118.0.0.0 Safari/537.36"
36.133.115.36 - - [01/Dec/2025:22:23:55 +0800] "POST /wp-cron.php?doing_wp_cron=1764599035.8405590057373046875000 HTTP/1.1" 200 31 "-" "WordPress/6.8.3; http://cqqizhou.com"
77.90.185.246 - - [01/Dec/2025:22:23:55 +0800] "POST /wp-login.php HTTP/1.1" 200 2975 "http://cqqizhou.com/wp-login.php" "Mozilla/5.0 (Windows NT 10.0; Win64; x64; rv:120.0) Gecko/20100101 Firefox/120.0"
77.90.185.246 - - [01/Dec/2025:22:24:00 +0800] "POST /wp-login.php HTTP/1.1" 200 2977 "http://cqqizhou.com/wp-login.php" "Mozilla/5.0 (Windows NT 10.0; Win64; x64; rv:118.0) Gecko/20100101 Firefox/118.0"
77.90.185.246 - - [01/Dec/2025:22:24:08 +0800] "POST /wp-login.php HTTP/1.1" 200 2977 "http://cqqizhou.com/wp-login.php" "Mozilla/5.0 (Macintosh; Intel Mac OS X 13_6_1) AppleWebKit/605.1.15 (KHTML, like Gecko) Version/16.6 Safari/605.1.15"
77.90.185.246 - - [01/Dec/2025:22:24:12 +0800] "POST /wp-login.php HTTP/1.1" 200 2923 "http://cqqizhou.com/wp-login.php" "Mozilla/5.0 (X11; Ubuntu; Linux x86_64) AppleWebKit/537.36 (KHTML, like Gecko) Chrome/118.0.0.0 Safari/537.36"
77.90.185.246 - - [01/Dec/2025:22:24:18 +0800] "POST /wp-login.php HTTP/1.1" 200 2977 "http://cqqizhou.com/wp-login.php" "Mozilla/5.0 (Macintosh; Intel Mac OS X 10_15_7) AppleWebKit/537.36 (KHTML, like Gecko) Chrome/120.0.0.0 Safari/537.36"
77.90.185.246 - - [01/Dec/2025:22:24:23 +0800] "POST /wp-login.php HTTP/1.1" 200 2923 "http://cqqizhou.com/wp-login.php" "Mozilla/5.0 (Windows NT 10.0; Win64; x64) AppleWebKit/537.36 (KHTML, like Gecko) Chrome/120.0.0.0 Safari/537.36"
77.90.185.246 - - [01/Dec/2025:22:24:28 +0800] "POST /wp-login.php HTTP/1.1" 200 2976 "http://cqqizhou.com/wp-login.php" "Mozilla/5.0 (Macintosh; Intel Mac OS X 13_6_1) AppleWebKit/537.36 (KHTML, like Gecko) Chrome/119.0.0.0 Safari/537.36"
77.90.185.246 - - [01/Dec/2025:22:24:34 +0800] "POST /wp-login.php HTTP/1.1" 200 2976 "http://cqqizhou.com/wp-login.php" "Mozilla/5.0 (Windows NT 11.0; Win64; x64) AppleWebKit/537.36 (KHTML, like Gecko) Chrome/119.0.0.0 Safari/537.36"
77.90.185.246 - - [01/Dec/2025:22:24:40 +0800] "POST /wp-login.php HTTP/1.1" 200 2975 "http://cqqizhou.com/wp-login.php" "Mozilla/5.0 (Macintosh; Intel Mac OS X 13_6_1) AppleWebKit/605.1.15 (KHTML, like Gecko) Version/16.6 Safari/605.1.15"
36.133.115.36 - - [01/Dec/2025:22:24:47 +0800] "POST /wp-cron.php?doing_wp_cron=1764599087.1103010177612304687500 HTTP/1.1" 200 31 "-" "WordPress/6.8.3; http://cqqizhou.com"
77.90.185.246 - - [01/Dec/2025:22:24:47 +0800] "POST /wp-login.php HTTP/1.1" 200 2923 "http://cqqizhou.com/wp-login.php" "Mozilla/5.0 (Macintosh; Intel Mac OS X 13_6_1) AppleWebKit/537.36 (KHTML, like Gecko) Chrome/119.0.0.0 Safari/537.36"
107.180.112.184 - - [01/Dec/2025:22:24:50 +0800] "POST /xmlrpc.php HTTP/1.1" 200 217 "http://cqqizhou.com" "Mozilla/5.0 (Macintosh; Intel Mac OS X 10_15_7; rv:128.0) Gecko/20100101 Firefox/128.0"
77.90.185.246 - - [01/Dec/2025:22:24:50 +0800] "POST /wp-login.php HTTP/1.1" 200 2923 "http://cqqizhou.com/wp-login.php" "Mozilla/5.0 (Macintosh; Intel Mac OS X 10_15_7) AppleWebKit/537.36 (KHTML, like Gecko) Chrome/120.0.0.0 Safari/537.36"
77.90.185.246 - - [01/Dec/2025:22:25:04 +0800] "POST /wp-login.php HTTP/1.1" 200 2978 "http://cqqizhou.com/wp-login.php" "Mozilla/5.0 (Macintosh; Intel Mac OS X 10_15_7) AppleWebKit/537.36 (KHTML, like Gecko) Chrome/120.0.0.0 Safari/537.36"
77.90.185.246 - - [01/Dec/2025:22:25:12 +0800] "POST /wp-login.php HTTP/1.1" 200 2979 "http://cqqizhou.com/wp-login.php" "Mozilla/5.0 (Windows NT 10.0; Win64; x64; rv:121.0) Gecko/20100101 Firefox/121.0"
77.90.185.246 - - [01/Dec/2025:22:25:18 +0800] "POST /wp-login.php HTTP/1.1" 200 2978 "http://cqqizhou.com/wp-login.php" "Mozilla/5.0 (X11; Ubuntu; Linux x86_64) AppleWebKit/537.36 (KHTML, like Gecko) Chrome/120.0.0.0 Safari/537.36"
77.90.185.246 - - [01/Dec/2025:22:25:24 +0800] "POST /wp-login.php HTTP/1.1" 200 2984 "http://cqqizhou.com/wp-login.php" "Mozilla/5.0 (Macintosh; Intel Mac OS X 13_6_1) AppleWebKit/605.1.15 (KHTML, like Gecko) Version/17.2 Safari/605.1.15"
77.90.185.246 - - [01/Dec/2025:22:25:30 +0800] "POST /wp-login.php HTTP/1.1" 200 2975 "http://cqqizhou.com/wp-login.php" "Mozilla/5.0 (Windows NT 10.0; Win64; x64; rv:118.0) Gecko/20100101 Firefox/118.0"
77.90.185.246 - - [01/Dec/2025:22:25:43 +0800] "POST /wp-login.php HTTP/1.1" 200 2923 "http://cqqizhou.com/wp-login.php" "Mozilla/5.0 (Macintosh; Intel Mac OS X 13_6_1) AppleWebKit/605.1.15 (KHTML, like Gecko) Version/17.0 Safari/605.1.15"
36.133.115.36 - - [01/Dec/2025:22:25:47 +0800] "POST /wp-cron.php?doing_wp_cron=1764599147.4322609901428222656250 HTTP/1.1" 200 31 "-" "WordPress/6.8.3; http://cqqizhou.com"
77.90.185.246 - - [01/Dec/2025:22:25:47 +0800] "POST /wp-login.php HTTP/1.1" 200 2981 "http://cqqizhou.com/wp-login.php" "Mozilla/5.0 (Windows NT 11.0; Win64; x64) AppleWebKit/537.36 (KHTML, like Gecko) Chrome/121.0.0.0 Safari/537.36"
77.90.185.246 - - [01/Dec/2025:22:25:51 +0800] "POST /wp-login.php HTTP/1.1" 200 2977 "http://cqqizhou.com/wp-login.php" "Mozilla/5.0 (Windows NT 10.0; Win64; x64; rv:121.0) Gecko/20100101 Firefox/121.0"
77.90.185.246 - - [01/Dec/2025:22:25:55 +0800] "POST /wp-login.php HTTP/1.1" 200 2975 "http://cqqizhou.com/wp-login.php" "Mozilla/5.0 (Windows NT 10.0; Win64; x64; rv:121.0) Gecko/20100101 Firefox/121.0"
77.90.185.246 - - [01/Dec/2025:22:26:05 +0800] "POST /wp-login.php HTTP/1.1" 200 2977 "http://cqqizhou.com/wp-login.php" "Mozilla/5.0 (Windows NT 10.0; Win64; x64; rv:119.0) Gecko/20100101 Firefox/119.0"
77.90.185.246 - - [01/Dec/2025:22:26:12 +0800] "POST /wp-login.php HTTP/1.1" 200 2976 "http://cqqizhou.com/wp-login.php" "Mozilla/5.0 (Macintosh; Intel Mac OS X 10_15_7) AppleWebKit/605.1.15 (KHTML, like Gecko) Version/17.2 Safari/605.1.15"
77.90.185.246 - - [01/Dec/2025:22:26:18 +0800] "POST /wp-login.php HTTP/1.1" 200 2978 "http://cqqizhou.com/wp-login.php" "Mozilla/5.0 (Macintosh; Intel Mac OS X 13_6_1; rv:121.0) Gecko/20100101 Firefox/121.0"
77.90.185.246 - - [01/Dec/2025:22:26:23 +0800] "POST /wp-login.php HTTP/1.1" 200 2894 "http://cqqizhou.com/wp-login.php" "Mozilla/5.0 (Macintosh; Intel Mac OS X 10_15_7) AppleWebKit/537.36 (KHTML, like Gecko) Chrome/121.0.0.0 Safari/537.36"
77.90.185.246 - - [01/Dec/2025:22:26:28 +0800] "POST /wp-login.php HTTP/1.1" 200 2976 "http://cqqizhou.com/wp-login.php" "Mozilla/5.0 (Macintosh; Intel Mac OS X 13_6_1; rv:120.0) Gecko/20100101 Firefox/120.0"
77.90.185.246 - - [01/Dec/2025:22:26:33 +0800] "POST /wp-login.php HTTP/1.1" 200 2985 "http://cqqizhou.com/wp-login.php" "Mozilla/5.0 (Macintosh; Intel Mac OS X 13_6_1) AppleWebKit/605.1.15 (KHTML, like Gecko) Version/17.2 Safari/605.1.15"
77.90.185.246 - - [01/Dec/2025:22:26:43 +0800] "POST /wp-login.php HTTP/1.1" 200 2982 "http://cqqizhou.com/wp-login.php" "Mozilla/5.0 (Windows NT 11.0; Win64; x64) AppleWebKit/537.36 (KHTML, like Gecko) Chrome/121.0.0.0 Safari/537.36"
36.133.115.36 - - [01/Dec/2025:22:26:50 +0800] "POST /wp-cron.php?doing_wp_cron=1764599210.1532139778137207031250 HTTP/1.1" 200 31 "-" "WordPress/6.8.3; http://cqqizhou.com"
77.90.185.246 - - [01/Dec/2025:22:26:50 +0800] "POST /wp-login.php HTTP/1.1" 200 2977 "http://cqqizhou.com/wp-login.php" "Mozilla/5.0 (Windows NT 10.0; Win64; x64) AppleWebKit/537.36 (KHTML, like Gecko) Chrome/121.0.0.0 Safari/537.36"
77.90.185.246 - - [01/Dec/2025:22:26:54 +0800] "POST /wp-login.php HTTP/1.1" 200 2923 "http://cqqizhou.com/wp-login.php" "Mozilla/5.0 (X11; Ubuntu; Linux x86_64) AppleWebKit/537.36 (KHTML, like Gecko) Chrome/119.0.0.0 Safari/537.36"
77.90.185.246 - - [01/Dec/2025:22:27:00 +0800] "POST /wp-login.php HTTP/1.1" 200 2977 "http://cqqizhou.com/wp-login.php" "Mozilla/5.0 (Windows NT 11.0; Win64; x64; rv:121.0) Gecko/20100101 Firefox/121.0"
77.90.185.246 - - [01/Dec/2025:22:27:09 +0800] "POST /wp-login.php HTTP/1.1" 200 2923 "http://cqqizhou.com/wp-login.php" "Mozilla/5.0 (Windows NT 11.0; Win64; x64; rv:120.0) Gecko/20100101 Firefox/120.0"
77.90.185.246 - - [01/Dec/2025:22:27:29 +0800] "POST /wp-login.php HTTP/1.1" 200 2923 "http://cqqizhou.com/wp-login.php" "Mozilla/5.0 (Windows NT 10.0; Win64; x64; rv:120.0) Gecko/20100101 Firefox/120.0"
77.90.185.246 - - [01/Dec/2025:22:27:33 +0800] "POST /wp-login.php HTTP/1.1" 200 2923 "http://cqqizhou.com/wp-login.php" "Mozilla/5.0 (Windows NT 10.0; Win64; x64) AppleWebKit/537.36 (KHTML, like Gecko) Chrome/119.0.0.0 Safari/537.36"
77.90.185.246 - - [01/Dec/2025:22:27:39 +0800] "POST /wp-login.php HTTP/1.1" 200 2923 "http://cqqizhou.com/wp-login.php" "Mozilla/5.0 (X11; Linux x86_64) AppleWebKit/537.36 (KHTML, like Gecko) Chrome/119.0.0.0 Safari/537.36"
77.90.185.246 - - [01/Dec/2025:22:27:39 +0800] "POST /wp-login.php HTTP/1.1" 200 2923 "http://cqqizhou.com/wp-login.php" "Mozilla/5.0 (Macintosh; Intel Mac OS X 13_6_1) AppleWebKit/605.1.15 (KHTML, like Gecko) Version/17.2 Safari/605.1.15"
36.133.115.36 - - [01/Dec/2025:22:27:46 +0800] "POST /wp-cron.php?doing_wp_cron=1764599266.8922638893127441406250 HTTP/1.1" 200 31 "-" "WordPress/6.8.3; http://cqqizhou.com"
77.90.185.246 - - [01/Dec/2025:22:27:46 +0800] "POST /wp-login.php HTTP/1.1" 200 2923 "http://cqqizhou.com/wp-login.php" "Mozilla/5.0 (Windows NT 10.0; Win64; x64; rv:119.0) Gecko/20100101 Firefox/119.0"
116.203.123.90 - - [01/Dec/2025:22:27:48 +0800] "POST /xmlrpc.php HTTP/1.1" 200 217 "http://cqqizhou.com" "Mozilla/5.0 (Windows NT 11.0; Win64; x64) AppleWebKit/537.36 (KHTML, like Gecko) Chrome/126.0.0.0 Safari/537.36"
77.90.185.246 - - [01/Dec/2025:22:27:53 +0800] "POST /wp-login.php HTTP/1.1" 200 2923 "http://cqqizhou.com/wp-login.php" "Mozilla/5.0 (Macintosh; Intel Mac OS X 13_6_1; rv:118.0) Gecko/20100101 Firefox/118.0"
77.90.185.246 - - [01/Dec/2025:22:27:59 +0800] "POST /wp-login.php HTTP/1.1" 200 2923 "http://cqqizhou.com/wp-login.php" "Mozilla/5.0 (Macintosh; Intel Mac OS X 13_6_1; rv:120.0) Gecko/20100101 Firefox/120.0"
77.90.185.246 - - [01/Dec/2025:22:28:06 +0800] "POST /wp-login.php HTTP/1.1" 200 2923 "http://cqqizhou.com/wp-login.php" "Mozilla/5.0 (Windows NT 10.0; Win64; x64; rv:120.0) Gecko/20100101 Firefox/120.0"
77.90.185.246 - - [01/Dec/2025:22:28:14 +0800] "POST /wp-login.php HTTP/1.1" 200 2923 "http://cqqizhou.com/wp-login.php" "Mozilla/5.0 (Macintosh; Intel Mac OS X 13_6_1) AppleWebKit/605.1.15 (KHTML, like Gecko) Version/17.1 Safari/605.1.15"
77.90.185.246 - - [01/Dec/2025:22:28:19 +0800] "POST /wp-login.php HTTP/1.1" 200 2923 "http://cqqizhou.com/wp-login.php" "Mozilla/5.0 (Macintosh; Intel Mac OS X 13_6_1) AppleWebKit/605.1.15 (KHTML, like Gecko) Version/17.1 Safari/605.1.15"
77.90.185.246 - - [01/Dec/2025:22:28:27 +0800] "POST /wp-login.php HTTP/1.1" 200 2923 "http://cqqizhou.com/wp-login.php" "Mozilla/5.0 (Windows NT 11.0; Win64; x64; rv:118.0) Gecko/20100101 Firefox/118.0"
77.90.185.246 - - [01/Dec/2025:22:28:36 +0800] "POST /wp-login.php HTTP/1.1" 200 2923 "http://cqqizhou.com/wp-login.php" "Mozilla/5.0 (Macintosh; Intel Mac OS X 13_6_1) AppleWebKit/537.36 (KHTML, like Gecko) Chrome/120.0.0.0 Safari/537.36"
77.90.185.246 - - [01/Dec/2025:22:28:41 +0800] "POST /wp-login.php HTTP/1.1" 200 2923 "http://cqqizhou.com/wp-login.php" "Mozilla/5.0 (X11; Linux x86_64) AppleWebKit/537.36 (KHTML, like Gecko) Chrome/121.0.0.0 Safari/537.36"
36.133.115.36 - - [01/Dec/2025:22:28:47 +0800] "POST /wp-cron.php?doing_wp_cron=1764599327.3652749061584472656250 HTTP/1.1" 200 31 "-" "WordPress/6.8.3; http://cqqizhou.com"
77.90.185.246 - - [01/Dec/2025:22:28:47 +0800] "POST /wp-login.php HTTP/1.1" 200 2923 "http://cqqizhou.com/wp-login.php" "Mozilla/5.0 (Macintosh; Intel Mac OS X 10_15_7; rv:120.0) Gecko/20100101 Firefox/120.0"
77.90.185.246 - - [01/Dec/2025:22:28:51 +0800] "POST /wp-login.php HTTP/1.1" 200 2923 "http://cqqizhou.com/wp-login.php" "Mozilla/5.0 (Windows NT 10.0; Win64; x64) AppleWebKit/537.36 (KHTML, like Gecko) Chrome/118.0.0.0 Safari/537.36"
77.90.185.246 - - [01/Dec/2025:22:28:55 +0800] "POST /wp-login.php HTTP/1.1" 200 2923 "http://cqqizhou.com/wp-login.php" "Mozilla/5.0 (X11; Linux x86_64) AppleWebKit/537.36 (KHTML, like Gecko) Chrome/119.0.0.0 Safari/537.36"
77.90.185.246 - - [01/Dec/2025:22:29:00 +0800] "POST /wp-login.php HTTP/1.1" 200 2923 "http://cqqizhou.com/wp-login.php" "Mozilla/5.0 (X11; Ubuntu; Linux x86_64) AppleWebKit/537.36 (KHTML, like Gecko) Chrome/118.0.0.0 Safari/537.36"
77.90.185.246 - - [01/Dec/2025:22:29:03 +0800] "POST /wp-login.php HTTP/1.1" 200 2923 "http://cqqizhou.com/wp-login.php" "Mozilla/5.0 (X11; Linux x86_64) AppleWebKit/537.36 (KHTML, like Gecko) Chrome/118.0.0.0 Safari/537.36"
77.90.185.246 - - [01/Dec/2025:22:29:07 +0800] "POST /wp-login.php HTTP/1.1" 200 2923 "http://cqqizhou.com/wp-login.php" "Mozilla/5.0 (Macintosh; Intel Mac OS X 13_6_1; rv:118.0) Gecko/20100101 Firefox/118.0"
77.90.185.246 - - [01/Dec/2025:22:29:12 +0800] "POST /wp-login.php HTTP/1.1" 200 2923 "http://cqqizhou.com/wp-login.php" "Mozilla/5.0 (Macintosh; Intel Mac OS X 13_6_1; rv:120.0) Gecko/20100101 Firefox/120.0"
77.90.185.246 - - [01/Dec/2025:22:29:16 +0800] "POST /wp-login.php HTTP/1.1" 200 2923 "http://cqqizhou.com/wp-login.php" "Mozilla/5.0 (Windows NT 11.0; Win64; x64; rv:119.0) Gecko/20100101 Firefox/119.0"
77.90.185.246 - - [01/Dec/2025:22:29:21 +0800] "POST /wp-login.php HTTP/1.1" 200 2978 "http://cqqizhou.com/wp-login.php" "Mozilla/5.0 (Windows NT 11.0; Win64; x64; rv:118.0) Gecko/20100101 Firefox/118.0"
77.90.185.246 - - [01/Dec/2025:22:29:27 +0800] "POST /wp-login.php HTTP/1.1" 200 2974 "http://cqqizhou.com/wp-login.php" "Mozilla/5.0 (X11; Linux x86_64) AppleWebKit/537.36 (KHTML, like Gecko) Chrome/120.0.0.0 Safari/537.36"
77.90.185.246 - - [01/Dec/2025:22:29:31 +0800] "POST /wp-login.php HTTP/1.1" 200 2923 "http://cqqizhou.com/wp-login.php" "Mozilla/5.0 (X11; Ubuntu; Linux x86_64) AppleWebKit/537.36 (KHTML, like Gecko) Chrome/119.0.0.0 Safari/537.36"
77.90.185.246 - - [01/Dec/2025:22:29:35 +0800] "POST /wp-login.php HTTP/1.1" 200 2923 "http://cqqizhou.com/wp-login.php" "Mozilla/5.0 (Macintosh; Intel Mac OS X 10_15_7) AppleWebKit/605.1.15 (KHTML, like Gecko) Version/16.6 Safari/605.1.15"
77.90.185.246 - - [01/Dec/2025:22:29:38 +0800] "POST /wp-login.php HTTP/1.1" 200 2927 "http://cqqizhou.com/wp-login.php" "Mozilla/5.0 (Macintosh; Intel Mac OS X 10_15_7) AppleWebKit/537.36 (KHTML, like Gecko) Chrome/120.0.0.0 Safari/537.36"
77.90.185.246 - - [01/Dec/2025:22:29:43 +0800] "POST /wp-login.php HTTP/1.1" 200 2976 "http://cqqizhou.com/wp-login.php" "Mozilla/5.0 (Macintosh; Intel Mac OS X 10_15_7) AppleWebKit/537.36 (KHTML, like Gecko) Chrome/120.0.0.0 Safari/537.36"
36.133.115.36 - - [01/Dec/2025:22:29:56 +0800] "POST /wp-cron.php?doing_wp_cron=1764599396.2775759696960449218750 HTTP/1.1" 200 31 "-" "WordPress/6.8.3; http://cqqizhou.com"
77.90.185.246 - - [01/Dec/2025:22:29:56 +0800] "POST /wp-login.php HTTP/1.1" 200 2976 "http://cqqizhou.com/wp-login.php" "Mozilla/5.0 (Macintosh; Intel Mac OS X 10_15_7) AppleWebKit/605.1.15 (KHTML, like Gecko) Version/17.2 Safari/605.1.15"
36.133.115.36 - - [01/Dec/2025:22:30:54 +0800] "POST /wp-cron.php?doing_wp_cron=1764599454.4116740226745605468750 HTTP/1.1" 200 31 "-" "WordPress/6.8.3; http://cqqizhou.com"
77.90.185.246 - - [01/Dec/2025:22:30:54 +0800] "POST /wp-login.php HTTP/1.1" 200 2975 "http://cqqizhou.com/wp-login.php" "Mozilla/5.0 (Macintosh; Intel Mac OS X 13_6_1) AppleWebKit/605.1.15 (KHTML, like Gecko) Version/17.2 Safari/605.1.15"
77.90.185.246 - - [01/Dec/2025:22:31:02 +0800] "POST /wp-login.php HTTP/1.1" 200 2976 "http://cqqizhou.com/wp-login.php" "Mozilla/5.0 (Macintosh; Intel Mac OS X 10_15_7) AppleWebKit/605.1.15 (KHTML, like Gecko) Version/17.2 Safari/605.1.15"
77.90.185.246 - - [01/Dec/2025:22:31:06 +0800] "POST /wp-login.php HTTP/1.1" 200 2923 "http://cqqizhou.com/wp-login.php" "Mozilla/5.0 (Windows NT 11.0; Win64; x64; rv:118.0) Gecko/20100101 Firefox/118.0"
77.90.185.246 - - [01/Dec/2025:22:31:10 +0800] "POST /wp-login.php HTTP/1.1" 200 2923 "http://cqqizhou.com/wp-login.php" "Mozilla/5.0 (Macintosh; Intel Mac OS X 13_6_1) AppleWebKit/537.36 (KHTML, like Gecko) Chrome/120.0.0.0 Safari/537.36"
77.90.185.246 - - [01/Dec/2025:22:31:16 +0800] "POST /wp-login.php HTTP/1.1" 200 2923 "http://cqqizhou.com/wp-login.php" "Mozilla/5.0 (Windows NT 10.0; Win64; x64) AppleWebKit/537.36 (KHTML, like Gecko) Chrome/118.0.0.0 Safari/537.36"
77.90.185.246 - - [01/Dec/2025:22:31:24 +0800] "POST /wp-login.php HTTP/1.1" 200 2923 "http://cqqizhou.com/wp-login.php" "Mozilla/5.0 (Windows NT 10.0; Win64; x64; rv:120.0) Gecko/20100101 Firefox/120.0"
77.90.185.246 - - [01/Dec/2025:22:31:35 +0800] "POST /wp-login.php HTTP/1.1" 200 2974 "http://cqqizhou.com/wp-login.php" "Mozilla/5.0 (Windows NT 11.0; Win64; x64) AppleWebKit/537.36 (KHTML, like Gecko) Chrome/119.0.0.0 Safari/537.36"
77.90.185.246 - - [01/Dec/2025:22:31:43 +0800] "POST /wp-login.php HTTP/1.1" 200 2976 "http://cqqizhou.com/wp-login.php" "Mozilla/5.0 (Macintosh; Intel Mac OS X 10_15_7) AppleWebKit/605.1.15 (KHTML, like Gecko) Version/17.1 Safari/605.1.15"
36.133.115.36 - - [01/Dec/2025:22:31:52 +0800] "POST /wp-cron.php?doing_wp_cron=1764599512.0414550304412841796875 HTTP/1.1" 200 31 "-" "WordPress/6.8.3; http://cqqizhou.com"
77.90.185.246 - - [01/Dec/2025:22:31:52 +0800] "POST /wp-login.php HTTP/1.1" 200 2977 "http://cqqizhou.com/wp-login.php" "Mozilla/5.0 (Windows NT 11.0; Win64; x64; rv:118.0) Gecko/20100101 Firefox/118.0"
77.90.185.246 - - [01/Dec/2025:22:32:01 +0800] "POST /wp-login.php HTTP/1.1" 200 2976 "http://cqqizhou.com/wp-login.php" "Mozilla/5.0 (Macintosh; Intel Mac OS X 13_6_1) AppleWebKit/537.36 (KHTML, like Gecko) Chrome/121.0.0.0 Safari/537.36"
77.90.185.246 - - [01/Dec/2025:22:32:14 +0800] "POST /wp-login.php HTTP/1.1" 200 2978 "http://cqqizhou.com/wp-login.php" "Mozilla/5.0 (Macintosh; Intel Mac OS X 13_6_1) AppleWebKit/537.36 (KHTML, like Gecko) Chrome/119.0.0.0 Safari/537.36"
77.90.185.246 - - [01/Dec/2025:22:32:18 +0800] "POST /wp-login.php HTTP/1.1" 200 2978 "http://cqqizhou.com/wp-login.php" "Mozilla/5.0 (X11; Linux x86_64) AppleWebKit/537.36 (KHTML, like Gecko) Chrome/119.0.0.0 Safari/537.36"
148.113.128.79 - - [01/Dec/2025:22:32:22 +0800] "GET /about/ HTTP/1.1" 200 24617 "-" "Mozilla/5.0 (compatible; AhrefsBot/7.0; +http://ahrefs.com/robot/)"
77.90.185.246 - - [01/Dec/2025:22:32:24 +0800] "POST /wp-login.php HTTP/1.1" 200 2974 "http://cqqizhou.com/wp-login.php" "Mozilla/5.0 (Windows NT 11.0; Win64; x64) AppleWebKit/537.36 (KHTML, like Gecko) Chrome/121.0.0.0 Safari/537.36"
36.133.115.36 - - [01/Dec/2025:22:32:49 +0800] "POST /wp-cron.php?doing_wp_cron=1764599569.6527218818664550781250 HTTP/1.1" 200 31 "-" "WordPress/6.8.3; http://cqqizhou.com"
77.90.185.246 - - [01/Dec/2025:22:32:49 +0800] "POST /wp-login.php HTTP/1.1" 200 2923 "http://cqqizhou.com/wp-login.php" "Mozilla/5.0 (Windows NT 10.0; Win64; x64) AppleWebKit/537.36 (KHTML, like Gecko) Chrome/121.0.0.0 Safari/537.36"
77.90.185.246 - - [01/Dec/2025:22:32:56 +0800] "POST /wp-login.php HTTP/1.1" 200 2974 "http://cqqizhou.com/wp-login.php" "Mozilla/5.0 (Macintosh; Intel Mac OS X 10_15_7) AppleWebKit/605.1.15 (KHTML, like Gecko) Version/17.0 Safari/605.1.15"
77.90.185.246 - - [01/Dec/2025:22:33:03 +0800] "POST /wp-login.php HTTP/1.1" 200 2974 "http://cqqizhou.com/wp-login.php" "Mozilla/5.0 (Macintosh; Intel Mac OS X 13_6_1) AppleWebKit/605.1.15 (KHTML, like Gecko) Version/17.0 Safari/605.1.15"
77.90.185.246 - - [01/Dec/2025:22:33:08 +0800] "POST /wp-login.php HTTP/1.1" 200 2977 "http://cqqizhou.com/wp-login.php" "Mozilla/5.0 (Macintosh; Intel Mac OS X 10_15_7; rv:120.0) Gecko/20100101 Firefox/120.0"
77.90.185.246 - - [01/Dec/2025:22:33:25 +0800] "POST /wp-login.php HTTP/1.1" 200 2923 "http://cqqizhou.com/wp-login.php" "Mozilla/5.0 (Windows NT 10.0; Win64; x64) AppleWebKit/537.36 (KHTML, like Gecko) Chrome/118.0.0.0 Safari/537.36"
91.99.220.162 - - [01/Dec/2025:22:33:44 +0800] "POST /xmlrpc.php HTTP/1.1" 200 217 "http://cqqizhou.com" "Mozilla/5.0 (Macintosh; Intel Mac OS X 10_15_7; rv:125.0.1) Gecko/20100101 Firefox/125.0.1"
77.90.185.246 - - [01/Dec/2025:22:33:44 +0800] "POST /wp-login.php HTTP/1.1" 200 2977 "http://cqqizhou.com/wp-login.php" "Mozilla/5.0 (Windows NT 10.0; Win64; x64; rv:118.0) Gecko/20100101 Firefox/118.0"
36.133.115.36 - - [01/Dec/2025:22:34:34 +0800] "POST /wp-cron.php?doing_wp_cron=1764599674.8873829841613769531250 HTTP/1.1" 200 31 "-" "WordPress/6.8.3; http://cqqizhou.com"
77.90.185.246 - - [01/Dec/2025:22:34:34 +0800] "POST /wp-login.php HTTP/1.1" 200 2923 "http://cqqizhou.com/wp-login.php" "Mozilla/5.0 (Windows NT 11.0; Win64; x64) AppleWebKit/537.36 (KHTML, like Gecko) Chrome/120.0.0.0 Safari/537.36"
77.90.185.246 - - [01/Dec/2025:22:34:44 +0800] "POST /wp-login.php HTTP/1.1" 200 2977 "http://cqqizhou.com/wp-login.php" "Mozilla/5.0 (Macintosh; Intel Mac OS X 13_6_1) AppleWebKit/537.36 (KHTML, like Gecko) Chrome/120.0.0.0 Safari/537.36"
36.133.115.36 - - [01/Dec/2025:22:34:53 +0800] "POST /wp-cron.php?doing_wp_cron=1764599693.0641338825225830078125 HTTP/1.1" 200 31 "-" "WordPress/6.8.3; http://cqqizhou.com"
77.90.185.246 - - [01/Dec/2025:22:34:53 +0800] "POST /wp-login.php HTTP/1.1" 200 2974 "http://cqqizhou.com/wp-login.php" "Mozilla/5.0 (Windows NT 11.0; Win64; x64) AppleWebKit/537.36 (KHTML, like Gecko) Chrome/118.0.0.0 Safari/537.36"
77.90.185.246 - - [01/Dec/2025:22:35:06 +0800] "POST /wp-login.php HTTP/1.1" 200 2923 "http://cqqizhou.com/wp-login.php" "Mozilla/5.0 (X11; Ubuntu; Linux x86_64) AppleWebKit/537.36 (KHTML, like Gecko) Chrome/121.0.0.0 Safari/537.36"
77.90.185.246 - - [01/Dec/2025:22:35:18 +0800] "POST /wp-login.php HTTP/1.1" 200 2977 "http://cqqizhou.com/wp-login.php" "Mozilla/5.0 (Macintosh; Intel Mac OS X 10_15_7) AppleWebKit/537.36 (KHTML, like Gecko) Chrome/120.0.0.0 Safari/537.36"
77.90.185.246 - - [01/Dec/2025:22:35:23 +0800] "POST /wp-login.php HTTP/1.1" 200 2974 "http://cqqizhou.com/wp-login.php" "Mozilla/5.0 (Windows NT 11.0; Win64; x64) AppleWebKit/537.36 (KHTML, like Gecko) Chrome/119.0.0.0 Safari/537.36"
51.161.37.152 - - [01/Dec/2025:22:35:59 +0800] "GET /wp-content/uploads/2025/07/1750671808-partner6_200x50.webp HTTP/1.1" 200 3004 "-" "Mozilla/5.0 (compatible; AhrefsBot/7.0; +http://ahrefs.com/robot/)"
54.39.210.154 - - [01/Dec/2025:22:36:01 +0800] "GET /wp-content/uploads/elementor/thumbs/1751373145-About_Qizhoudalou_W800px-r91b70ok8huvvdr4ynxnf302e8ie3iydlh6ag9ew82.webp HTTP/1.1" 200 37938 "-" "Mozilla/5.0 (compatible; AhrefsBot/7.0; +http://ahrefs.com/robot/)"
142.44.220.63 - - [01/Dec/2025:22:36:03 +0800] "GET /wp-content/uploads/2025/07/1750945650-honor300%C3%97206_6.webp HTTP/1.1" 200 66306 "-" "Mozilla/5.0 (compatible; AhrefsBot/7.0; +http://ahrefs.com/robot/)"
51.161.37.31 - - [01/Dec/2025:22:36:06 +0800] "GET /wp-content/uploads/2025/07/1750671800-partner1_200x50.webp HTTP/1.1" 200 2244 "-" "Mozilla/5.0 (compatible; AhrefsBot/7.0; +http://ahrefs.com/robot/)"
15.235.27.142 - - [01/Dec/2025:22:36:08 +0800] "GET /wp-content/uploads/elementor/thumbs/1751209300-Hello-Qizhou3-r91b71mdtei8mab1rr8x739cnvi1mafuaga3vbed3o.webp HTTP/1.1" 200 39120 "-" "Mozilla/5.0 (compatible; AhrefsBot/7.0; +http://ahrefs.com/robot/)"
54.39.210.14 - - [01/Dec/2025:22:36:10 +0800] "GET /wp-content/uploads/2025/07/1750945514-honor300%C3%97206_3.webp HTTP/1.1" 200 74124 "-" "Mozilla/5.0 (compatible; AhrefsBot/7.0; +http://ahrefs.com/robot/)"
142.44.228.145 - - [01/Dec/2025:22:36:12 +0800] "GET /wp-content/uploads/2025/07/1750945616-honor300%C3%97206_4.webp HTTP/1.1" 200 33814 "-" "Mozilla/5.0 (compatible; AhrefsBot/7.0; +http://ahrefs.com/robot/)"
36.133.115.36 - - [01/Dec/2025:22:36:15 +0800] "POST /wp-cron.php?doing_wp_cron=1764599774.9807600975036621093750 HTTP/1.1" 200 31 "-" "WordPress/6.8.3; http://cqqizhou.com"
77.90.185.246 - - [01/Dec/2025:22:36:15 +0800] "POST /wp-login.php HTTP/1.1" 200 2923 "http://cqqizhou.com/wp-login.php" "Mozilla/5.0 (Macintosh; Intel Mac OS X 10_15_7) AppleWebKit/537.36 (KHTML, like Gecko) Chrome/118.0.0.0 Safari/537.36"
142.44.228.165 - - [01/Dec/2025:22:36:15 +0800] "GET /about/ HTTP/1.1" 200 24617 "-" "Mozilla/5.0 (compatible; AhrefsBot/7.0; +http://ahrefs.com/robot/)"
54.39.136.183 - - [01/Dec/2025:22:36:17 +0800] "GET /wp-content/uploads/2025/07/1750649803-qizhou800x500_2.webp HTTP/1.1" 200 63616 "-" "Mozilla/5.0 (compatible; AhrefsBot/7.0; +http://ahrefs.com/robot/)"
142.44.220.98 - - [01/Dec/2025:22:36:20 +0800] "GET /wp-content/uploads/2025/07/1750945417-honor300%C3%97206_1.webp HTTP/1.1" 200 57666 "-" "Mozilla/5.0 (compatible; AhrefsBot/7.0; +http://ahrefs.com/robot/)"
54.39.89.223 - - [01/Dec/2025:22:36:22 +0800] "GET /wp-content/uploads/2025/07/1750671801-partner2_200x50.webp HTTP/1.1" 200 3946 "-" "Mozilla/5.0 (compatible; AhrefsBot/7.0; +http://ahrefs.com/robot/)"
142.44.225.31 - - [01/Dec/2025:22:36:24 +0800] "GET /wp-content/uploads/2025/07/1750945444-honor300%C3%97206_2.webp HTTP/1.1" 200 71296 "-" "Mozilla/5.0 (compatible; AhrefsBot/7.0; +http://ahrefs.com/robot/)"
77.90.185.246 - - [01/Dec/2025:22:36:25 +0800] "POST /wp-login.php HTTP/1.1" 200 2977 "http://cqqizhou.com/wp-login.php" "Mozilla/5.0 (X11; Linux x86_64) AppleWebKit/537.36 (KHTML, like Gecko) Chrome/120.0.0.0 Safari/537.36"
148.113.130.8 - - [01/Dec/2025:22:36:26 +0800] "GET /wp-content/uploads/2025/07/1750671806-partner5_200x50.webp HTTP/1.1" 200 2840 "-" "Mozilla/5.0 (compatible; AhrefsBot/7.0; +http://ahrefs.com/robot/)"
77.90.185.246 - - [01/Dec/2025:22:36:27 +0800] "POST /wp-login.php HTTP/1.1" 200 2974 "http://cqqizhou.com/wp-login.php" "Mozilla/5.0 (Windows NT 11.0; Win64; x64) AppleWebKit/537.36 (KHTML, like Gecko) Chrome/121.0.0.0 Safari/537.36"
15.235.98.188 - - [01/Dec/2025:22:36:28 +0800] "GET /wp-content/uploads/2025/07/1750945637-honor300%C3%97206_5.webp HTTP/1.1" 200 77368 "-" "Mozilla/5.0 (compatible; AhrefsBot/7.0; +http://ahrefs.com/robot/)"
15.235.98.19 - - [01/Dec/2025:22:36:30 +0800] "GET /wp-content/uploads/2025/07/1750671803-partner3_200x50.webp HTTP/1.1" 200 4414 "-" "Mozilla/5.0 (compatible; AhrefsBot/7.0; +http://ahrefs.com/robot/)"
142.44.220.59 - - [01/Dec/2025:22:36:31 +0800] "GET /wp-content/uploads/2025/07/1750671805-partner4_200x50.webp HTTP/1.1" 200 2390 "-" "Mozilla/5.0 (compatible; AhrefsBot/7.0; +http://ahrefs.com/robot/)"
77.90.185.246 - - [01/Dec/2025:22:36:33 +0800] "POST /wp-login.php HTTP/1.1" 200 2923 "http://cqqizhou.com/wp-login.php" "Mozilla/5.0 (Macintosh; Intel Mac OS X 10_15_7; rv:119.0) Gecko/20100101 Firefox/119.0"
36.133.115.36 - - [01/Dec/2025:22:36:48 +0800] "POST /wp-cron.php?doing_wp_cron=1764599808.4435288906097412109375 HTTP/1.1" 200 31 "-" "WordPress/6.8.3; http://cqqizhou.com"
77.90.185.246 - - [01/Dec/2025:22:36:48 +0800] "POST /wp-login.php HTTP/1.1" 200 2977 "http://cqqizhou.com/wp-login.php" "Mozilla/5.0 (Windows NT 11.0; Win64; x64; rv:121.0) Gecko/20100101 Firefox/121.0"
47.100.26.247 - - [01/Dec/2025:22:36:48 +0800] "POST /xmlrpc.php HTTP/1.1" 200 217 "http://cqqizhou.com" "Mozilla/5.0 (Windows NT 10.0; Win64; x64; rv:125.0.1) Gecko/20100101 Firefox/125.0.1"
77.90.185.246 - - [01/Dec/2025:22:36:56 +0800] "POST /wp-login.php HTTP/1.1" 200 2923 "http://cqqizhou.com/wp-login.php" "Mozilla/5.0 (X11; Ubuntu; Linux x86_64) AppleWebKit/537.36 (KHTML, like Gecko) Chrome/120.0.0.0 Safari/537.36"
77.90.185.246 - - [01/Dec/2025:22:37:01 +0800] "POST /wp-login.php HTTP/1.1" 200 2977 "http://cqqizhou.com/wp-login.php" "Mozilla/5.0 (Macintosh; Intel Mac OS X 10_15_7) AppleWebKit/537.36 (KHTML, like Gecko) Chrome/120.0.0.0 Safari/537.36"
77.90.185.246 - - [01/Dec/2025:22:37:06 +0800] "POST /wp-login.php HTTP/1.1" 200 2974 "http://cqqizhou.com/wp-login.php" "Mozilla/5.0 (Windows NT 10.0; Win64; x64; rv:118.0) Gecko/20100101 Firefox/118.0"
36.133.115.36 - - [01/Dec/2025:22:37:48 +0800] "POST /wp-cron.php?doing_wp_cron=1764599868.9195210933685302734375 HTTP/1.1" 200 31 "-" "WordPress/6.8.3; http://cqqizhou.com"
77.90.185.246 - - [01/Dec/2025:22:37:49 +0800] "POST /wp-login.php HTTP/1.1" 200 2923 "http://cqqizhou.com/wp-login.php" "Mozilla/5.0 (Macintosh; Intel Mac OS X 13_6_1; rv:118.0) Gecko/20100101 Firefox/118.0"
77.90.185.246 - - [01/Dec/2025:22:38:16 +0800] "POST /wp-login.php HTTP/1.1" 200 2977 "http://cqqizhou.com/wp-login.php" "Mozilla/5.0 (Macintosh; Intel Mac OS X 10_15_7; rv:118.0) Gecko/20100101 Firefox/118.0"
36.133.115.36 - - [01/Dec/2025:22:38:20 +0800] "POST /wp-cron.php?doing_wp_cron=1764599900.8202059268951416015625 HTTP/1.1" 200 31 "-" "WordPress/6.8.3; http://cqqizhou.com"
3.80.182.148 - - [01/Dec/2025:22:38:20 +0800] "GET / HTTP/1.1" 301 5 "-" "Mozilla/5.0 (Windows NT 10.0; Win64; x64) AppleWebKit/537.36 (KHTML, like Gecko) Chrome/136.0.0.0 Safari/537.36"
36.133.115.36 - - [01/Dec/2025:22:38:50 +0800] "POST /wp-cron.php?doing_wp_cron=1764599930.4869940280914306640625 HTTP/1.1" 200 31 "-" "WordPress/6.8.3; http://cqqizhou.com"
77.90.185.246 - - [01/Dec/2025:22:38:50 +0800] "POST /wp-login.php HTTP/1.1" 200 2974 "http://cqqizhou.com/wp-login.php" "Mozilla/5.0 (Macintosh; Intel Mac OS X 10_15_7) AppleWebKit/537.36 (KHTML, like Gecko) Chrome/121.0.0.0 Safari/537.36"
77.90.185.246 - - [01/Dec/2025:22:39:16 +0800] "POST /wp-login.php HTTP/1.1" 200 2923 "http://cqqizhou.com/wp-login.php" "Mozilla/5.0 (Windows NT 11.0; Win64; x64; rv:119.0) Gecko/20100101 Firefox/119.0"
77.90.185.246 - - [01/Dec/2025:22:39:36 +0800] "POST /wp-login.php HTTP/1.1" 200 2977 "http://cqqizhou.com/wp-login.php" "Mozilla/5.0 (Macintosh; Intel Mac OS X 13_6_1; rv:120.0) Gecko/20100101 Firefox/120.0"
36.133.115.36 - - [01/Dec/2025:22:39:48 +0800] "POST /wp-cron.php?doing_wp_cron=1764599988.6061410903930664062500 HTTP/1.1" 200 31 "-" "WordPress/6.8.3; http://cqqizhou.com"
142.44.138.99 - - [01/Dec/2025:22:39:48 +0800] "POST /xmlrpc.php HTTP/1.1" 200 217 "http://cqqizhou.com" "Mozilla/5.0 (Windows NT 10.0; Win64; x64; rv:128.0) Gecko/20100101 Firefox/128.0"
77.90.185.246 - - [01/Dec/2025:22:39:57 +0800] "POST /wp-login.php HTTP/1.1" 200 2974 "http://cqqizhou.com/wp-login.php" "Mozilla/5.0 (Windows NT 11.0; Win64; x64; rv:119.0) Gecko/20100101 Firefox/119.0"
77.90.185.246 - - [01/Dec/2025:22:40:12 +0800] "POST /wp-login.php HTTP/1.1" 200 2923 "http://cqqizhou.com/wp-login.php" "Mozilla/5.0 (Macintosh; Intel Mac OS X 13_6_1; rv:121.0) Gecko/20100101 Firefox/121.0"
36.133.115.36 - - [01/Dec/2025:22:41:24 +0800] "POST /wp-cron.php?doing_wp_cron=1764600084.5623970031738281250000 HTTP/1.1" 200 31 "-" "WordPress/6.8.3; http://cqqizhou.com"
77.90.185.246 - - [01/Dec/2025:22:41:24 +0800] "POST /wp-login.php HTTP/1.1" 200 2977 "http://cqqizhou.com/wp-login.php" "Mozilla/5.0 (Windows NT 10.0; Win64; x64) AppleWebKit/537.36 (KHTML, like Gecko) Chrome/121.0.0.0 Safari/537.36"
77.90.185.246 - - [01/Dec/2025:22:41:39 +0800] "POST /wp-login.php HTTP/1.1" 200 2923 "http://cqqizhou.com/wp-login.php" "Mozilla/5.0 (X11; Linux x86_64) AppleWebKit/537.36 (KHTML, like Gecko) Chrome/121.0.0.0 Safari/537.36"
36.133.115.36 - - [01/Dec/2025:22:41:48 +0800] "POST /wp-cron.php?doing_wp_cron=1764600108.4383189678192138671875 HTTP/1.1" 200 31 "-" "WordPress/6.8.3; http://cqqizhou.com"
77.90.185.246 - - [01/Dec/2025:22:41:48 +0800] "POST /wp-login.php HTTP/1.1" 200 2977 "http://cqqizhou.com/wp-login.php" "Mozilla/5.0 (X11; Ubuntu; Linux x86_64) AppleWebKit/537.36 (KHTML, like Gecko) Chrome/121.0.0.0 Safari/537.36"
77.90.185.246 - - [01/Dec/2025:22:41:56 +0800] "POST /wp-login.php HTTP/1.1" 200 2923 "http://cqqizhou.com/wp-login.php" "Mozilla/5.0 (Macintosh; Intel Mac OS X 13_6_1; rv:120.0) Gecko/20100101 Firefox/120.0"
77.90.185.246 - - [01/Dec/2025:22:42:02 +0800] "POST /wp-login.php HTTP/1.1" 200 2977 "http://cqqizhou.com/wp-login.php" "Mozilla/5.0 (Macintosh; Intel Mac OS X 10_15_7) AppleWebKit/537.36 (KHTML, like Gecko) Chrome/119.0.0.0 Safari/537.36"
77.90.185.246 - - [01/Dec/2025:22:42:12 +0800] "POST /wp-login.php HTTP/1.1" 200 2923 "http://cqqizhou.com/wp-login.php" "Mozilla/5.0 (Macintosh; Intel Mac OS X 13_6_1) AppleWebKit/537.36 (KHTML, like Gecko) Chrome/121.0.0.0 Safari/537.36"
77.90.185.246 - - [01/Dec/2025:22:42:18 +0800] "POST /wp-login.php HTTP/1.1" 200 2977 "http://cqqizhou.com/wp-login.php" "Mozilla/5.0 (Macintosh; Intel Mac OS X 10_15_7) AppleWebKit/605.1.15 (KHTML, like Gecko) Version/17.2 Safari/605.1.15"
77.90.185.246 - - [01/Dec/2025:22:42:25 +0800] "POST /wp-login.php HTTP/1.1" 200 2923 "http://cqqizhou.com/wp-login.php" "Mozilla/5.0 (X11; Linux x86_64) AppleWebKit/537.36 (KHTML, like Gecko) Chrome/121.0.0.0 Safari/537.36"
77.90.185.246 - - [01/Dec/2025:22:42:31 +0800] "POST /wp-login.php HTTP/1.1" 200 2977 "http://cqqizhou.com/wp-login.php" "Mozilla/5.0 (Macintosh; Intel Mac OS X 10_15_7; rv:120.0) Gecko/20100101 Firefox/120.0"
77.90.185.246 - - [01/Dec/2025:22:42:41 +0800] "POST /wp-login.php HTTP/1.1" 200 2923 "http://cqqizhou.com/wp-login.php" "Mozilla/5.0 (X11; Linux x86_64) AppleWebKit/537.36 (KHTML, like Gecko) Chrome/120.0.0.0 Safari/537.36"
162.214.208.138 - - [01/Dec/2025:22:42:43 +0800] "POST /xmlrpc.php HTTP/1.1" 200 217 "http://cqqizhou.com" "Mozilla/5.0 (Macintosh; Intel Mac OS X 14_4_1) AppleWebKit/605.1.15 (KHTML, like Gecko) Version/17.3.1 Safari/605.1.15"
36.133.115.36 - - [01/Dec/2025:22:42:47 +0800] "POST /wp-cron.php?doing_wp_cron=1764600167.1470680236816406250000 HTTP/1.1" 200 31 "-" "WordPress/6.8.3; http://cqqizhou.com"
77.90.185.246 - - [01/Dec/2025:22:42:47 +0800] "POST /wp-login.php HTTP/1.1" 200 2977 "http://cqqizhou.com/wp-login.php" "Mozilla/5.0 (Macintosh; Intel Mac OS X 13_6_1) AppleWebKit/537.36 (KHTML, like Gecko) Chrome/120.0.0.0 Safari/537.36"
77.90.185.246 - - [01/Dec/2025:22:42:51 +0800] "POST /wp-login.php HTTP/1.1" 200 2977 "http://cqqizhou.com/wp-login.php" "Mozilla/5.0 (Macintosh; Intel Mac OS X 10_15_7) AppleWebKit/605.1.15 (KHTML, like Gecko) Version/17.0 Safari/605.1.15"
77.90.185.246 - - [01/Dec/2025:22:42:59 +0800] "POST /wp-login.php HTTP/1.1" 200 2923 "http://cqqizhou.com/wp-login.php" "Mozilla/5.0 (Windows NT 10.0; Win64; x64; rv:118.0) Gecko/20100101 Firefox/118.0"
77.90.185.246 - - [01/Dec/2025:22:43:13 +0800] "POST /wp-login.php HTTP/1.1" 200 2977 "http://cqqizhou.com/wp-login.php" "Mozilla/5.0 (Macintosh; Intel Mac OS X 10_15_7) AppleWebKit/537.36 (KHTML, like Gecko) Chrome/121.0.0.0 Safari/537.36"
77.90.185.246 - - [01/Dec/2025:22:43:17 +0800] "POST /wp-login.php HTTP/1.1" 200 2977 "http://cqqizhou.com/wp-login.php" "Mozilla/5.0 (X11; Linux x86_64) AppleWebKit/537.36 (KHTML, like Gecko) Chrome/118.0.0.0 Safari/537.36"
77.90.185.246 - - [01/Dec/2025:22:43:22 +0800] "POST /wp-login.php HTTP/1.1" 200 2923 "http://cqqizhou.com/wp-login.php" "Mozilla/5.0 (Macintosh; Intel Mac OS X 13_6_1) AppleWebKit/605.1.15 (KHTML, like Gecko) Version/16.6 Safari/605.1.15"
77.90.185.246 - - [01/Dec/2025:22:43:31 +0800] "POST /wp-login.php HTTP/1.1" 200 2977 "http://cqqizhou.com/wp-login.php" "Mozilla/5.0 (Macintosh; Intel Mac OS X 13_6_1) AppleWebKit/605.1.15 (KHTML, like Gecko) Version/17.0 Safari/605.1.15"
77.90.185.246 - - [01/Dec/2025:22:43:38 +0800] "POST /wp-login.php HTTP/1.1" 200 2923 "http://cqqizhou.com/wp-login.php" "Mozilla/5.0 (Macintosh; Intel Mac OS X 13_6_1) AppleWebKit/605.1.15 (KHTML, like Gecko) Version/16.6 Safari/605.1.15"
36.133.115.36 - - [01/Dec/2025:22:43:56 +0800] "POST /wp-cron.php?doing_wp_cron=1764600236.8194038867950439453125 HTTP/1.1" 200 31 "-" "WordPress/6.8.3; http://cqqizhou.com"
77.90.185.246 - - [01/Dec/2025:22:43:56 +0800] "POST /wp-login.php HTTP/1.1" 200 2977 "http://cqqizhou.com/wp-login.php" "Mozilla/5.0 (Macintosh; Intel Mac OS X 10_15_7) AppleWebKit/605.1.15 (KHTML, like Gecko) Version/17.1 Safari/605.1.15"
77.90.185.246 - - [01/Dec/2025:22:43:59 +0800] "POST /wp-login.php HTTP/1.1" 200 2923 "http://cqqizhou.com/wp-login.php" "Mozilla/5.0 (X11; Ubuntu; Linux x86_64) AppleWebKit/537.36 (KHTML, like Gecko) Chrome/119.0.0.0 Safari/537.36"
77.90.185.246 - - [01/Dec/2025:22:44:04 +0800] "POST /wp-login.php HTTP/1.1" 200 2977 "http://cqqizhou.com/wp-login.php" "Mozilla/5.0 (X11; Linux x86_64) AppleWebKit/537.36 (KHTML, like Gecko) Chrome/120.0.0.0 Safari/537.36"
77.90.185.246 - - [01/Dec/2025:22:44:09 +0800] "POST /wp-login.php HTTP/1.1" 200 2923 "http://cqqizhou.com/wp-login.php" "Mozilla/5.0 (Windows NT 10.0; Win64; x64; rv:118.0) Gecko/20100101 Firefox/118.0"
77.90.185.246 - - [01/Dec/2025:22:44:14 +0800] "POST /wp-login.php HTTP/1.1" 200 2923 "http://cqqizhou.com/wp-login.php" "Mozilla/5.0 (Macintosh; Intel Mac OS X 10_15_7; rv:121.0) Gecko/20100101 Firefox/121.0"
77.90.185.246 - - [01/Dec/2025:22:44:18 +0800] "POST /wp-login.php HTTP/1.1" 200 2977 "http://cqqizhou.com/wp-login.php" "Mozilla/5.0 (Macintosh; Intel Mac OS X 10_15_7) AppleWebKit/537.36 (KHTML, like Gecko) Chrome/119.0.0.0 Safari/537.36"
77.90.185.246 - - [01/Dec/2025:22:44:42 +0800] "POST /wp-login.php HTTP/1.1" 200 2923 "http://cqqizhou.com/wp-login.php" "Mozilla/5.0 (X11; Linux x86_64) AppleWebKit/537.36 (KHTML, like Gecko) Chrome/118.0.0.0 Safari/537.36"
36.133.115.36 - - [01/Dec/2025:22:44:52 +0800] "POST /wp-cron.php?doing_wp_cron=1764600292.0332350730895996093750 HTTP/1.1" 200 31 "-" "WordPress/6.8.3; http://cqqizhou.com"
77.90.185.246 - - [01/Dec/2025:22:44:52 +0800] "POST /wp-login.php HTTP/1.1" 200 2977 "http://cqqizhou.com/wp-login.php" "Mozilla/5.0 (Macintosh; Intel Mac OS X 13_6_1) AppleWebKit/537.36 (KHTML, like Gecko) Chrome/120.0.0.0 Safari/537.36"
77.90.185.246 - - [01/Dec/2025:22:45:00 +0800] "POST /wp-login.php HTTP/1.1" 200 2923 "http://cqqizhou.com/wp-login.php" "Mozilla/5.0 (Macintosh; Intel Mac OS X 13_6_1) AppleWebKit/605.1.15 (KHTML, like Gecko) Version/17.1 Safari/605.1.15"
77.90.185.246 - - [01/Dec/2025:22:45:19 +0800] "POST /wp-login.php HTTP/1.1" 200 2977 "http://cqqizhou.com/wp-login.php" "Mozilla/5.0 (Macintosh; Intel Mac OS X 13_6_1; rv:121.0) Gecko/20100101 Firefox/121.0"
77.90.185.246 - - [01/Dec/2025:22:45:24 +0800] "POST /wp-login.php HTTP/1.1" 200 2923 "http://cqqizhou.com/wp-login.php" "Mozilla/5.0 (Macintosh; Intel Mac OS X 13_6_1) AppleWebKit/605.1.15 (KHTML, like Gecko) Version/17.2 Safari/605.1.15"
77.90.185.246 - - [01/Dec/2025:22:45:32 +0800] "POST /wp-login.php HTTP/1.1" 200 2977 "http://cqqizhou.com/wp-login.php" "Mozilla/5.0 (Macintosh; Intel Mac OS X 13_6_1) AppleWebKit/537.36 (KHTML, like Gecko) Chrome/118.0.0.0 Safari/537.36"
91.203.110.227 - - [01/Dec/2025:22:45:32 +0800] "POST /xmlrpc.php HTTP/1.1" 200 217 "http://cqqizhou.com" "Mozilla/5.0 (Macintosh; Intel Mac OS X 10_15_7) AppleWebKit/537.36 (KHTML, like Gecko) Chrome/114.0.5735.134 Safari/537.36"
77.90.185.246 - - [01/Dec/2025:22:45:40 +0800] "POST /wp-login.php HTTP/1.1" 200 2923 "http://cqqizhou.com/wp-login.php" "Mozilla/5.0 (Macintosh; Intel Mac OS X 10_15_7) AppleWebKit/605.1.15 (KHTML, like Gecko) Version/17.2 Safari/605.1.15"
36.133.115.36 - - [01/Dec/2025:22:45:46 +0800] "POST /wp-cron.php?doing_wp_cron=1764600346.2390298843383789062500 HTTP/1.1" 200 31 "-" "WordPress/6.8.3; http://cqqizhou.com"
77.90.185.246 - - [01/Dec/2025:22:45:46 +0800] "POST /wp-login.php HTTP/1.1" 200 2977 "http://cqqizhou.com/wp-login.php" "Mozilla/5.0 (Windows NT 11.0; Win64; x64) AppleWebKit/537.36 (KHTML, like Gecko) Chrome/120.0.0.0 Safari/537.36"
77.90.185.246 - - [01/Dec/2025:22:45:49 +0800] "POST /wp-login.php HTTP/1.1" 200 2923 "http://cqqizhou.com/wp-login.php" "Mozilla/5.0 (Windows NT 11.0; Win64; x64) AppleWebKit/537.36 (KHTML, like Gecko) Chrome/121.0.0.0 Safari/537.36"
77.90.185.246 - - [01/Dec/2025:22:45:54 +0800] "POST /wp-login.php HTTP/1.1" 200 2977 "http://cqqizhou.com/wp-login.php" "Mozilla/5.0 (Windows NT 10.0; Win64; x64; rv:118.0) Gecko/20100101 Firefox/118.0"
77.90.185.246 - - [01/Dec/2025:22:45:59 +0800] "POST /wp-login.php HTTP/1.1" 200 2923 "http://cqqizhou.com/wp-login.php" "Mozilla/5.0 (Windows NT 11.0; Win64; x64) AppleWebKit/537.36 (KHTML, like Gecko) Chrome/118.0.0.0 Safari/537.36"
180.153.236.147 - - [01/Dec/2025:22:46:01 +0800] "GET / HTTP/1.1" 200 33525 "http://cqqizhou.com/" "Mozilla/5.0 (Linux; Android 10; K) AppleWebKit/537.36 (KHTML, like Gecko) Chrome/131.0.0.0 Mobile Safari/537.36; 360Spider"
77.90.185.246 - - [01/Dec/2025:22:46:06 +0800] "POST /wp-login.php HTTP/1.1" 200 2977 "http://cqqizhou.com/wp-login.php" "Mozilla/5.0 (Macintosh; Intel Mac OS X 13_6_1; rv:121.0) Gecko/20100101 Firefox/121.0"
77.90.185.246 - - [01/Dec/2025:22:46:30 +0800] "POST /wp-login.php HTTP/1.1" 200 2923 "http://cqqizhou.com/wp-login.php" "Mozilla/5.0 (Macintosh; Intel Mac OS X 13_6_1; rv:121.0) Gecko/20100101 Firefox/121.0"
77.90.185.246 - - [01/Dec/2025:22:46:35 +0800] "POST /wp-login.php HTTP/1.1" 200 2977 "http://cqqizhou.com/wp-login.php" "Mozilla/5.0 (X11; Ubuntu; Linux x86_64) AppleWebKit/537.36 (KHTML, like Gecko) Chrome/118.0.0.0 Safari/537.36"
36.133.115.36 - - [01/Dec/2025:22:46:46 +0800] "POST /wp-cron.php?doing_wp_cron=1764600406.4303450584411621093750 HTTP/1.1" 200 31 "-" "WordPress/6.8.3; http://cqqizhou.com"
77.90.185.246 - - [01/Dec/2025:22:46:46 +0800] "POST /wp-login.php HTTP/1.1" 200 2977 "http://cqqizhou.com/wp-login.php" "Mozilla/5.0 (Windows NT 10.0; Win64; x64) AppleWebKit/537.36 (KHTML, like Gecko) Chrome/119.0.0.0 Safari/537.36"
77.90.185.246 - - [01/Dec/2025:22:46:54 +0800] "POST /wp-login.php HTTP/1.1" 200 2923 "http://cqqizhou.com/wp-login.php" "Mozilla/5.0 (Macintosh; Intel Mac OS X 13_6_1; rv:121.0) Gecko/20100101 Firefox/121.0"
77.90.185.246 - - [01/Dec/2025:22:47:16 +0800] "POST /wp-login.php HTTP/1.1" 200 2977 "http://cqqizhou.com/wp-login.php" "Mozilla/5.0 (Windows NT 11.0; Win64; x64) AppleWebKit/537.36 (KHTML, like Gecko) Chrome/119.0.0.0 Safari/537.36"
77.90.185.246 - - [01/Dec/2025:22:47:27 +0800] "POST /wp-login.php HTTP/1.1" 200 2978 "http://cqqizhou.com/wp-login.php" "Mozilla/5.0 (Macintosh; Intel Mac OS X 10_15_7) AppleWebKit/537.36 (KHTML, like Gecko) Chrome/118.0.0.0 Safari/537.36"
77.90.185.246 - - [01/Dec/2025:22:47:38 +0800] "POST /wp-login.php HTTP/1.1" 200 2975 "http://cqqizhou.com/wp-login.php" "Mozilla/5.0 (Macintosh; Intel Mac OS X 13_6_1) AppleWebKit/537.36 (KHTML, like Gecko) Chrome/120.0.0.0 Safari/537.36"
77.90.185.246 - - [01/Dec/2025:22:47:42 +0800] "POST /wp-login.php HTTP/1.1" 200 2894 "http://cqqizhou.com/wp-login.php" "Mozilla/5.0 (Windows NT 11.0; Win64; x64) AppleWebKit/537.36 (KHTML, like Gecko) Chrome/119.0.0.0 Safari/537.36"
36.133.115.36 - - [01/Dec/2025:22:47:47 +0800] "POST /wp-cron.php?doing_wp_cron=1764600467.2499690055847167968750 HTTP/1.1" 200 31 "-" "WordPress/6.8.3; http://cqqizhou.com"
77.90.185.246 - - [01/Dec/2025:22:47:47 +0800] "POST /wp-login.php HTTP/1.1" 200 2977 "http://cqqizhou.com/wp-login.php" "Mozilla/5.0 (Windows NT 11.0; Win64; x64; rv:120.0) Gecko/20100101 Firefox/120.0"
77.90.185.246 - - [01/Dec/2025:22:47:50 +0800] "POST /wp-login.php HTTP/1.1" 200 2980 "http://cqqizhou.com/wp-login.php" "Mozilla/5.0 (X11; Linux x86_64) AppleWebKit/537.36 (KHTML, like Gecko) Chrome/118.0.0.0 Safari/537.36"
77.90.185.246 - - [01/Dec/2025:22:47:56 +0800] "POST /wp-login.php HTTP/1.1" 200 2977 "http://cqqizhou.com/wp-login.php" "Mozilla/5.0 (X11; Linux x86_64) AppleWebKit/537.36 (KHTML, like Gecko) Chrome/119.0.0.0 Safari/537.36"
77.90.185.246 - - [01/Dec/2025:22:48:01 +0800] "POST /wp-login.php HTTP/1.1" 200 2978 "http://cqqizhou.com/wp-login.php" "Mozilla/5.0 (Macintosh; Intel Mac OS X 13_6_1) AppleWebKit/537.36 (KHTML, like Gecko) Chrome/119.0.0.0 Safari/537.36"
77.90.185.246 - - [01/Dec/2025:22:48:06 +0800] "POST /wp-login.php HTTP/1.1" 200 2978 "http://cqqizhou.com/wp-login.php" "Mozilla/5.0 (Windows NT 10.0; Win64; x64) AppleWebKit/537.36 (KHTML, like Gecko) Chrome/120.0.0.0 Safari/537.36"
77.90.185.246 - - [01/Dec/2025:22:48:10 +0800] "POST /wp-login.php HTTP/1.1" 200 2982 "http://cqqizhou.com/wp-login.php" "Mozilla/5.0 (Macintosh; Intel Mac OS X 10_15_7; rv:118.0) Gecko/20100101 Firefox/118.0"
77.90.185.246 - - [01/Dec/2025:22:48:15 +0800] "POST /wp-login.php HTTP/1.1" 200 2979 "http://cqqizhou.com/wp-login.php" "Mozilla/5.0 (Macintosh; Intel Mac OS X 13_6_1) AppleWebKit/537.36 (KHTML, like Gecko) Chrome/118.0.0.0 Safari/537.36"
77.90.185.246 - - [01/Dec/2025:22:48:19 +0800] "POST /wp-login.php HTTP/1.1" 200 2894 "http://cqqizhou.com/wp-login.php" "Mozilla/5.0 (Macintosh; Intel Mac OS X 10_15_7; rv:118.0) Gecko/20100101 Firefox/118.0"
51.81.207.12 - - [01/Dec/2025:22:48:28 +0800] "POST /xmlrpc.php HTTP/1.1" 200 217 "http://cqqizhou.com" "Mozilla/5.0 (Macintosh; Intel Mac OS X 14.5) AppleWebKit/618.3.5 (KHTML, like Gecko) Version/17.4 Safari/618.3.5"
77.90.185.246 - - [01/Dec/2025:22:48:31 +0800] "POST /wp-login.php HTTP/1.1" 200 2977 "http://cqqizhou.com/wp-login.php" "Mozilla/5.0 (Macintosh; Intel Mac OS X 13_6_1) AppleWebKit/605.1.15 (KHTML, like Gecko) Version/17.0 Safari/605.1.15"
36.133.115.36 - - [01/Dec/2025:22:48:53 +0800] "POST /wp-cron.php?doing_wp_cron=1764600533.8311750888824462890625 HTTP/1.1" 200 31 "-" "WordPress/6.8.3; http://cqqizhou.com"
77.90.185.246 - - [01/Dec/2025:22:48:53 +0800] "POST /wp-login.php HTTP/1.1" 200 2979 "http://cqqizhou.com/wp-login.php" "Mozilla/5.0 (Macintosh; Intel Mac OS X 13_6_1) AppleWebKit/537.36 (KHTML, like Gecko) Chrome/118.0.0.0 Safari/537.36"
77.90.185.246 - - [01/Dec/2025:22:49:07 +0800] "POST /wp-login.php HTTP/1.1" 200 2923 "http://cqqizhou.com/wp-login.php" "Mozilla/5.0 (Macintosh; Intel Mac OS X 10_15_7) AppleWebKit/537.36 (KHTML, like Gecko) Chrome/118.0.0.0 Safari/537.36"
77.90.185.246 - - [01/Dec/2025:22:49:18 +0800] "POST /wp-login.php HTTP/1.1" 200 2978 "http://cqqizhou.com/wp-login.php" "Mozilla/5.0 (Macintosh; Intel Mac OS X 13_6_1) AppleWebKit/605.1.15 (KHTML, like Gecko) Version/17.0 Safari/605.1.15"
77.90.185.246 - - [01/Dec/2025:22:49:22 +0800] "POST /wp-login.php HTTP/1.1" 200 2923 "http://cqqizhou.com/wp-login.php" "Mozilla/5.0 (X11; Linux x86_64) AppleWebKit/537.36 (KHTML, like Gecko) Chrome/120.0.0.0 Safari/537.36"
77.90.185.246 - - [01/Dec/2025:22:49:30 +0800] "POST /wp-login.php HTTP/1.1" 200 2977 "http://cqqizhou.com/wp-login.php" "Mozilla/5.0 (X11; Linux x86_64) AppleWebKit/537.36 (KHTML, like Gecko) Chrome/119.0.0.0 Safari/537.36"
77.90.185.246 - - [01/Dec/2025:22:49:38 +0800] "POST /wp-login.php HTTP/1.1" 200 2923 "http://cqqizhou.com/wp-login.php" "Mozilla/5.0 (Macintosh; Intel Mac OS X 13_6_1; rv:119.0) Gecko/20100101 Firefox/119.0"
36.133.115.36 - - [01/Dec/2025:22:49:56 +0800] "POST /wp-cron.php?doing_wp_cron=1764600596.6538441181182861328125 HTTP/1.1" 200 31 "-" "WordPress/6.8.3; http://cqqizhou.com"
77.90.185.246 - - [01/Dec/2025:22:49:56 +0800] "POST /wp-login.php HTTP/1.1" 200 2975 "http://cqqizhou.com/wp-login.php" "Mozilla/5.0 (X11; Linux x86_64) AppleWebKit/537.36 (KHTML, like Gecko) Chrome/118.0.0.0 Safari/537.36"
77.90.185.246 - - [01/Dec/2025:22:50:01 +0800] "POST /wp-login.php HTTP/1.1" 200 2978 "http://cqqizhou.com/wp-login.php" "Mozilla/5.0 (Macintosh; Intel Mac OS X 13_6_1) AppleWebKit/605.1.15 (KHTML, like Gecko) Version/17.2 Safari/605.1.15"
77.90.185.246 - - [01/Dec/2025:22:50:06 +0800] "POST /wp-login.php HTTP/1.1" 200 2976 "http://cqqizhou.com/wp-login.php" "Mozilla/5.0 (Macintosh; Intel Mac OS X 10_15_7) AppleWebKit/605.1.15 (KHTML, like Gecko) Version/17.2 Safari/605.1.15"
77.90.185.246 - - [01/Dec/2025:22:50:14 +0800] "POST /wp-login.php HTTP/1.1" 200 2981 "http://cqqizhou.com/wp-login.php" "Mozilla/5.0 (X11; Linux x86_64) AppleWebKit/537.36 (KHTML, like Gecko) Chrome/118.0.0.0 Safari/537.36"
77.90.185.246 - - [01/Dec/2025:22:50:20 +0800] "POST /wp-login.php HTTP/1.1" 200 2980 "http://cqqizhou.com/wp-login.php" "Mozilla/5.0 (Windows NT 10.0; Win64; x64; rv:121.0) Gecko/20100101 Firefox/121.0"
77.90.185.246 - - [01/Dec/2025:22:50:24 +0800] "POST /wp-login.php HTTP/1.1" 200 2894 "http://cqqizhou.com/wp-login.php" "Mozilla/5.0 (Windows NT 10.0; Win64; x64; rv:121.0) Gecko/20100101 Firefox/121.0"
77.90.185.246 - - [01/Dec/2025:22:50:37 +0800] "POST /wp-login.php HTTP/1.1" 200 2977 "http://cqqizhou.com/wp-login.php" "Mozilla/5.0 (Macintosh; Intel Mac OS X 10_15_7; rv:120.0) Gecko/20100101 Firefox/120.0"
36.133.115.36 - - [01/Dec/2025:22:50:46 +0800] "POST /wp-cron.php?doing_wp_cron=1764600646.6264839172363281250000 HTTP/1.1" 200 31 "-" "WordPress/6.8.3; http://cqqizhou.com"
77.90.185.246 - - [01/Dec/2025:22:50:46 +0800] "POST /wp-login.php HTTP/1.1" 200 2983 "http://cqqizhou.com/wp-login.php" "Mozilla/5.0 (Windows NT 10.0; Win64; x64) AppleWebKit/537.36 (KHTML, like Gecko) Chrome/119.0.0.0 Safari/537.36"
77.90.185.246 - - [01/Dec/2025:22:50:49 +0800] "POST /wp-login.php HTTP/1.1" 200 2976 "http://cqqizhou.com/wp-login.php" "Mozilla/5.0 (Windows NT 11.0; Win64; x64; rv:120.0) Gecko/20100101 Firefox/120.0"
77.90.185.246 - - [01/Dec/2025:22:51:15 +0800] "POST /wp-login.php HTTP/1.1" 200 2894 "http://cqqizhou.com/wp-login.php" "Mozilla/5.0 (Macintosh; Intel Mac OS X 13_6_1; rv:119.0) Gecko/20100101 Firefox/119.0"
185.23.69.233 - - [01/Dec/2025:22:51:19 +0800] "POST /xmlrpc.php HTTP/1.1" 200 217 "http://cqqizhou.com" "Mozilla/5.0 (Macintosh; Intel Mac OS X 10_15_7; rv:126.0) Gecko/20100101 Firefox/126.0"
36.133.115.36 - - [01/Dec/2025:22:52:37 +0800] "POST /wp-cron.php?doing_wp_cron=1764600757.3792409896850585937500 HTTP/1.1" 200 31 "-" "WordPress/6.8.3; http://cqqizhou.com"
77.90.185.246 - - [01/Dec/2025:22:52:37 +0800] "POST /wp-login.php HTTP/1.1" 200 2976 "http://cqqizhou.com/wp-login.php" "Mozilla/5.0 (Macintosh; Intel Mac OS X 10_15_7) AppleWebKit/605.1.15 (KHTML, like Gecko) Version/17.2 Safari/605.1.15"
193.142.147.209 - - [01/Dec/2025:22:52:43 +0800] "GET /cgi-bin/luci/;stok=/locale HTTP/1.1" 301 5 "-" "-"
193.142.147.209 - - [01/Dec/2025:22:52:44 +0800] "GET /cgi-bin/luci/;stok=/locale HTTP/1.1" 404 31381 "http://36.133.115.36:80/cgi-bin/luci/;stok=/locale" "-"
36.133.115.36 - - [01/Dec/2025:22:52:56 +0800] "POST /wp-cron.php?doing_wp_cron=1764600776.4832589626312255859375 HTTP/1.1" 200 31 "-" "WordPress/6.8.3; http://cqqizhou.com"
