File: /home/logs/cqqizhou_access_2025-11-20.log
36.133.115.36 - - [20/Nov/2025:00:13:00 +0800] "POST /wp-cron.php?doing_wp_cron=1763568780.2352550029754638671875 HTTP/1.1" 200 31 "-" "WordPress/6.8.3; http://cqqizhou.com"
170.106.75.142 - - [20/Nov/2025:00:13:00 +0800] "GET / HTTP/1.1" 301 5 "-" "Mozilla/5.0 (iPhone; CPU iPhone OS 13_2_3 like Mac OS X) AppleWebKit/605.1.15 (KHTML, like Gecko) Version/13.0.3 Mobile/15E148 Safari/604.1"
170.106.75.142 - - [20/Nov/2025:00:13:01 +0800] "GET / HTTP/1.1" 200 33527 "http://36.133.115.36" "Mozilla/5.0 (iPhone; CPU iPhone OS 13_2_3 like Mac OS X) AppleWebKit/605.1.15 (KHTML, like Gecko) Version/13.0.3 Mobile/15E148 Safari/604.1"
116.179.32.239 - - [20/Nov/2025:00:14:46 +0800] "GET /contacts/ HTTP/1.1" 200 21608 "-" "Mozilla/5.0 (compatible; Baiduspider/2.0; +http://www.baidu.com/search/spider.html)"
36.133.115.36 - - [20/Nov/2025:00:27:15 +0800] "POST /wp-cron.php?doing_wp_cron=1763569635.5758440494537353515625 HTTP/1.1" 200 31 "-" "WordPress/6.8.3; http://cqqizhou.com"
180.184.51.126 - - [20/Nov/2025:00:27:15 +0800] "GET / HTTP/1.1" 200 33527 "-" "Mozilla/5.0 (Linux; Android 10; V1950A; wv) AppleWebKit/537.36 (KHTML, like Gecko) Chrome/62.0.3202.84 Mobile Safari/537.36 VivoBrowser/20.2.3.0"
36.133.115.36 - - [20/Nov/2025:00:30:02 +0800] "POST /wp-cron.php?doing_wp_cron=1763569802.7896430492401123046875 HTTP/1.1" 200 31 "-" "WordPress/6.8.3; http://cqqizhou.com"
185.170.167.18 - - [20/Nov/2025:00:30:02 +0800] "GET /robots.txt HTTP/1.1" 200 190 "-" "Mozilla/5.0 (compatible; BacklinksExtendedBot)"
185.170.167.18 - - [20/Nov/2025:00:30:04 +0800] "GET /2215/ HTTP/1.1" 200 24340 "-" "Mozilla/5.0 (compatible; BacklinksExtendedBot)"
36.133.115.36 - - [20/Nov/2025:00:37:43 +0800] "POST /wp-cron.php?doing_wp_cron=1763570263.2095499038696289062500 HTTP/1.1" 200 31 "-" "WordPress/6.8.3; http://cqqizhou.com"
194.50.16.36 - - [20/Nov/2025:00:37:43 +0800] "GET /level/15/exec/-/sh/run/CR HTTP/1.1" 301 5 "-" "libwww-perl/6.77"
194.50.16.36 - - [20/Nov/2025:00:37:44 +0800] "GET /level/15/exec/-/sh/run/CR HTTP/1.1" 404 31381 "-" "libwww-perl/6.77"
36.133.115.36 - - [20/Nov/2025:00:44:40 +0800] "POST /wp-cron.php?doing_wp_cron=1763570679.9819529056549072265625 HTTP/1.1" 200 31 "-" "WordPress/6.8.3; http://cqqizhou.com"
176.65.148.169 - - [20/Nov/2025:00:44:40 +0800] "GET / HTTP/1.1" 200 33527 "-" "Linux Gnu (cow)"
36.133.115.36 - - [20/Nov/2025:00:48:32 +0800] "POST /wp-cron.php?doing_wp_cron=1763570912.8385539054870605468750 HTTP/1.1" 200 31 "-" "WordPress/6.8.3; http://cqqizhou.com"
216.73.216.158 - - [20/Nov/2025:00:48:32 +0800] "GET /robots.txt HTTP/1.1" 200 390 "-" "Mozilla/5.0 AppleWebKit/537.36 (KHTML, like Gecko; compatible; ClaudeBot/1.0; +claudebot@anthropic.com)"
216.73.216.158 - - [20/Nov/2025:00:48:33 +0800] "GET /wp-sitemap.xml HTTP/1.1" 501 253 "-" "Mozilla/5.0 AppleWebKit/537.36 (KHTML, like Gecko; compatible; ClaudeBot/1.0; +claudebot@anthropic.com)"
36.133.115.36 - - [20/Nov/2025:00:52:13 +0800] "POST /wp-cron.php?doing_wp_cron=1763571133.6437439918518066406250 HTTP/1.1" 200 31 "-" "WordPress/6.8.3; http://cqqizhou.com"
14.205.168.77 - - [20/Nov/2025:00:52:13 +0800] "GET / HTTP/1.1" 301 5 "-" "Mozilla/5.0 (Windows NT 10.0; Win64; x64) AppleWebKit/537.36 (KHTML, like Gecko) Chrome/92.0.4515.107 Safari/537.36"
36.133.115.36 - - [20/Nov/2025:00:54:55 +0800] "POST /wp-cron.php?doing_wp_cron=1763571295.0483939647674560546875 HTTP/1.1" 200 31 "-" "WordPress/6.8.3; http://cqqizhou.com"
45.144.137.247 - - [20/Nov/2025:00:54:55 +0800] "POST / HTTP/1.1" 200 86669 "-" "Mozilla/5.0"
116.179.32.91 - - [20/Nov/2025:01:17:22 +0800] "GET /portfolio-category/pickled-coil/ HTTP/1.1" 200 20991 "-" "Mozilla/5.0 (compatible; Baiduspider/2.0; +http://www.baidu.com/search/spider.html)"
36.133.115.36 - - [20/Nov/2025:01:40:50 +0800] "POST /wp-cron.php?doing_wp_cron=1763574050.6651740074157714843750 HTTP/1.1" 200 31 "-" "WordPress/6.8.3; http://cqqizhou.com"
115.159.33.43 - - [20/Nov/2025:01:40:50 +0800] "GET / HTTP/1.1" 301 5 "-" "Mozilla/5.0 (Windows NT 10.0; Win64; x64) AppleWebKit/537.36 (KHTML, like Gecko) Chrome/79.0.3945.117 Safari/537.36"
36.133.115.36 - - [20/Nov/2025:01:48:55 +0800] "POST /wp-cron.php?doing_wp_cron=1763574535.0280220508575439453125 HTTP/1.1" 200 31 "-" "WordPress/6.8.3; http://cqqizhou.com"
217.182.195.225 - - [20/Nov/2025:01:48:55 +0800] "GET /robots.txt HTTP/1.1" 200 390 "-" "Mozilla/5.0 (compatible; MJ12bot/v1.4.8; http://mj12bot.com/)"
180.153.236.58 - - [20/Nov/2025:01:48:57 +0800] "GET / HTTP/1.1" 200 33988 "http://cqqizhou.com" "Mozilla/5.0 (Windows NT 10.0; Win64; x64) AppleWebKit/537.36 (KHTML, like Gecko) Chrome/140.0.0.0 Safari/537.36 Edg/140.0.0.0; 360Spider"
217.182.195.225 - - [20/Nov/2025:01:49:02 +0800] "GET /portfolio-tag/%E9%9E%8D%E9%92%A2%E8%92%82%E6%A3%AE/ HTTP/1.1" 200 22746 "-" "Mozilla/5.0 (compatible; MJ12bot/v1.4.8; http://mj12bot.com/)"
217.182.195.225 - - [20/Nov/2025:01:49:08 +0800] "GET /portfolio/%E5%86%B7%E8%BD%A7%E6%9D%BF/ HTTP/1.1" 200 22121 "-" "Mozilla/5.0 (compatible; MJ12bot/v1.4.8; http://mj12bot.com/)"
222.79.103.59 - - [20/Nov/2025:01:49:25 +0800] "GET / HTTP/1.1" 301 5 "-" "Mozilla/5.0 (iPhone; CPU iPhone OS 13_2_3 like Mac OS X) AppleWebKit/605.1.15 (KHTML, like Gecko) Version/13.0.3 Mobile/15E148 Safari/604.1"
222.79.103.59 - - [20/Nov/2025:01:49:29 +0800] "GET / HTTP/1.1" 200 33527 "http://www.cqqizhou.com" "Mozilla/5.0 (iPhone; CPU iPhone OS 13_2_3 like Mac OS X) AppleWebKit/605.1.15 (KHTML, like Gecko) Version/13.0.3 Mobile/15E148 Safari/604.1"
36.133.115.36 - - [20/Nov/2025:01:53:57 +0800] "POST /wp-cron.php?doing_wp_cron=1763574837.3127849102020263671875 HTTP/1.1" 200 31 "-" "WordPress/6.8.3; http://cqqizhou.com"
85.208.96.201 - - [20/Nov/2025:01:53:57 +0800] "GET /robots.txt HTTP/1.1" 200 190 "-" "Mozilla/5.0 (compatible; SemrushBot/7~bl; +http://www.semrush.com/bot.html)"
85.208.96.208 - - [20/Nov/2025:01:53:58 +0800] "GET /portfolio/pickled-coil/ HTTP/1.1" 200 22203 "-" "Mozilla/5.0 (compatible; SemrushBot/7~bl; +http://www.semrush.com/bot.html)"
27.26.152.63 - - [20/Nov/2025:01:54:38 +0800] "GET / HTTP/1.1" 301 5 "-" "Mozilla/5.0 (Macintosh; Intel Mac OS X 10_13_5) AppleWebKit/537.36 (KHTML, like Gecko) Chrome/67.0.3396.87 Safari/537.36"
27.26.152.63 - - [20/Nov/2025:01:54:38 +0800] "GET http://cqqizhou.com/ HTTP/1.1" 200 33988 "-" "Mozilla/5.0 (Macintosh; Intel Mac OS X 10_13_5) AppleWebKit/537.36 (KHTML, like Gecko) Chrome/67.0.3396.87 Safari/537.36"
43.153.12.58 - - [20/Nov/2025:01:54:44 +0800] "GET / HTTP/1.1" 301 5 "-" "Mozilla/5.0 (iPhone; CPU iPhone OS 13_2_3 like Mac OS X) AppleWebKit/605.1.15 (KHTML, like Gecko) Version/13.0.3 Mobile/15E148 Safari/604.1"
36.133.115.36 - - [20/Nov/2025:01:54:46 +0800] "POST /wp-cron.php?doing_wp_cron=1763574886.2493529319763183593750 HTTP/1.1" 200 31 "-" "WordPress/6.8.3; http://cqqizhou.com"
43.153.12.58 - - [20/Nov/2025:01:54:46 +0800] "GET / HTTP/1.1" 200 33527 "http://www.cqqizhou.com" "Mozilla/5.0 (iPhone; CPU iPhone OS 13_2_3 like Mac OS X) AppleWebKit/605.1.15 (KHTML, like Gecko) Version/13.0.3 Mobile/15E148 Safari/604.1"
36.133.115.36 - - [20/Nov/2025:01:59:53 +0800] "POST /wp-cron.php?doing_wp_cron=1763575193.1612589359283447265625 HTTP/1.1" 200 31 "-" "WordPress/6.8.3; http://cqqizhou.com"
122.45.51.68 - - [20/Nov/2025:01:59:53 +0800] "POST /xmlrpc.php HTTP/1.1" 200 217 "-" "Mozilla/5.0 (X11; Ubuntu; Linux x86_64; rv:85.0) Gecko/20100101 Firefox/91.0"
36.133.115.36 - - [20/Nov/2025:02:05:24 +0800] "POST /wp-cron.php?doing_wp_cron=1763575524.8652069568634033203125 HTTP/1.1" 200 31 "-" "WordPress/6.8.3; http://cqqizhou.com"
216.73.216.158 - - [20/Nov/2025:02:05:24 +0800] "GET /robots.txt HTTP/1.1" 200 390 "-" "Mozilla/5.0 AppleWebKit/537.36 (KHTML, like Gecko; compatible; ClaudeBot/1.0; +claudebot@anthropic.com)"
216.73.216.158 - - [20/Nov/2025:02:05:25 +0800] "GET /wp-sitemap.xml HTTP/1.1" 501 253 "-" "Mozilla/5.0 AppleWebKit/537.36 (KHTML, like Gecko; compatible; ClaudeBot/1.0; +claudebot@anthropic.com)"
116.179.32.173 - - [20/Nov/2025:02:19:59 +0800] "GET /services/processing/ HTTP/1.1" 200 22985 "-" "Mozilla/5.0 (compatible; Baiduspider/2.0; +http://www.baidu.com/search/spider.html)"
36.133.115.36 - - [20/Nov/2025:02:26:14 +0800] "POST /wp-cron.php?doing_wp_cron=1763576774.1443889141082763671875 HTTP/1.1" 200 31 "-" "WordPress/6.8.3; http://cqqizhou.com"
54.37.252.152 - - [20/Nov/2025:02:26:14 +0800] "GET /robots.txt HTTP/1.1" 200 390 "-" "Mozilla/5.0 (compatible; MJ12bot/v1.4.8; http://mj12bot.com/)"
54.37.252.152 - - [20/Nov/2025:02:26:16 +0800] "GET /portfolio-tag/%E9%9E%8D%E9%92%A2%E8%92%82%E6%A3%AE/ HTTP/1.1" 200 22746 "-" "Mozilla/5.0 (compatible; MJ12bot/v1.4.8; http://mj12bot.com/)"
54.37.252.152 - - [20/Nov/2025:02:26:18 +0800] "GET /portfolio/%E5%86%B7%E8%BD%A7%E5%8D%B7/ HTTP/1.1" 200 22115 "-" "Mozilla/5.0 (compatible; MJ12bot/v1.4.8; http://mj12bot.com/)"
36.133.115.36 - - [20/Nov/2025:03:22:25 +0800] "POST /wp-cron.php?doing_wp_cron=1763580145.0939590930938720703125 HTTP/1.1" 200 31 "-" "WordPress/6.8.3; http://cqqizhou.com"
185.2.4.33 - - [20/Nov/2025:03:22:25 +0800] "POST /xmlrpc.php HTTP/1.1" 200 217 "-" "Mozilla/5.0 (X11; Ubuntu; Linux x86_64; rv:85.0) Gecko/20100101 Firefox/91.0"
116.179.32.232 - - [20/Nov/2025:03:22:37 +0800] "GET /process/processing HTTP/1.1" 301 5 "-" "Mozilla/5.0 (compatible; Baiduspider/2.0; +http://www.baidu.com/search/spider.html)"
116.179.32.75 - - [20/Nov/2025:03:22:37 +0800] "GET /services/processing/ HTTP/1.1" 200 22985 "-" "Mozilla/5.0 (compatible; Baiduspider/2.0; +http://www.baidu.com/search/spider.html)"
36.133.115.36 - - [20/Nov/2025:03:27:59 +0800] "POST /wp-cron.php?doing_wp_cron=1763580479.0318930149078369140625 HTTP/1.1" 200 31 "-" "WordPress/6.8.3; http://cqqizhou.com"
62.84.185.63 - - [20/Nov/2025:03:27:59 +0800] "GET /robots.txt HTTP/1.1" 200 390 "-" "Mozilla/5.0 (compatible; MJ12bot/v1.4.8; http://mj12bot.com/)"
62.84.185.63 - - [20/Nov/2025:03:28:01 +0800] "GET /portfolio/%E5%86%B7%E8%BD%A7%E5%8D%B7/ HTTP/1.1" 200 22115 "-" "Mozilla/5.0 (compatible; MJ12bot/v1.4.8; http://mj12bot.com/)"
36.133.115.36 - - [20/Nov/2025:03:51:49 +0800] "POST /wp-cron.php?doing_wp_cron=1763581909.7772099971771240234375 HTTP/1.1" 200 31 "-" "WordPress/6.8.3; http://cqqizhou.com"
112.124.57.34 - - [20/Nov/2025:03:51:49 +0800] "GET / HTTP/1.0" 301 0 "-" "-"
112.124.57.34 - - [20/Nov/2025:03:52:00 +0800] "GET / HTTP/1.0" 301 0 "-" "-"
112.124.57.34 - - [20/Nov/2025:03:52:00 +0800] "GET /nmaplowercheck1763581919 HTTP/1.1" 404 31381 "-" "Mozilla/5.0 (compatible; Nmap Scripting Engine; https://nmap.org/book/nse.html)"
112.124.57.34 - - [20/Nov/2025:03:52:00 +0800] "POST /sdk HTTP/1.1" 404 31381 "-" "Mozilla/5.0 (compatible; Nmap Scripting Engine; https://nmap.org/book/nse.html)"
112.124.57.34 - - [20/Nov/2025:03:52:01 +0800] "GET /HNAP1 HTTP/1.1" 404 31381 "-" "Mozilla/5.0 (compatible; Nmap Scripting Engine; https://nmap.org/book/nse.html)"
112.124.57.34 - - [20/Nov/2025:03:52:01 +0800] "GET /evox/about HTTP/1.1" 404 31381 "-" "Mozilla/5.0 (compatible; Nmap Scripting Engine; https://nmap.org/book/nse.html)"
112.124.57.34 - - [20/Nov/2025:03:52:20 +0800] "GET / HTTP/1.0" 301 0 "-" "-"
112.124.57.34 - - [20/Nov/2025:03:52:21 +0800] "GET / HTTP/1.1" 301 5 "-" "-"
36.133.115.36 - - [20/Nov/2025:04:18:00 +0800] "POST /wp-cron.php?doing_wp_cron=1763583480.2804210186004638671875 HTTP/1.1" 200 31 "-" "WordPress/6.8.3; http://cqqizhou.com"
121.41.166.1 - - [20/Nov/2025:04:18:00 +0800] "GET / HTTP/1.0" 301 0 "-" "-"
121.41.166.1 - - [20/Nov/2025:04:18:10 +0800] "GET / HTTP/1.0" 301 0 "-" "-"
121.41.166.1 - - [20/Nov/2025:04:18:10 +0800] "GET /nmaplowercheck1763583489 HTTP/1.1" 404 31381 "-" "Mozilla/5.0 (compatible; Nmap Scripting Engine; https://nmap.org/book/nse.html)"
121.41.166.1 - - [20/Nov/2025:04:18:10 +0800] "POST /sdk HTTP/1.1" 404 31381 "-" "Mozilla/5.0 (compatible; Nmap Scripting Engine; https://nmap.org/book/nse.html)"
121.41.166.1 - - [20/Nov/2025:04:18:11 +0800] "GET /HNAP1 HTTP/1.1" 404 31381 "-" "Mozilla/5.0 (compatible; Nmap Scripting Engine; https://nmap.org/book/nse.html)"
121.41.166.1 - - [20/Nov/2025:04:18:11 +0800] "GET /evox/about HTTP/1.1" 404 31381 "-" "Mozilla/5.0 (compatible; Nmap Scripting Engine; https://nmap.org/book/nse.html)"
121.41.166.1 - - [20/Nov/2025:04:18:30 +0800] "GET / HTTP/1.0" 301 0 "-" "-"
121.41.166.1 - - [20/Nov/2025:04:18:31 +0800] "GET / HTTP/1.1" 301 5 "-" "-"
36.133.115.36 - - [20/Nov/2025:04:20:06 +0800] "POST /wp-cron.php?doing_wp_cron=1763583606.9050230979919433593750 HTTP/1.1" 200 31 "-" "WordPress/6.8.3; http://cqqizhou.com"
121.41.166.1 - - [20/Nov/2025:04:20:06 +0800] "GET / HTTP/1.1" 301 5 "-" "Mozilla/5.0 (Windows NT 10.0; Win64; x64) AppleWebKit/537.36 (KHTML, like Gecko) Chrome/59.0.3071.115 Safari/537.36"
116.179.32.85 - - [20/Nov/2025:04:25:12 +0800] "GET /portfolio/remaining-rolls/ HTTP/1.1" 200 22199 "-" "Mozilla/5.0 (compatible; Baiduspider/2.0; +http://www.baidu.com/search/spider.html)"
36.133.115.36 - - [20/Nov/2025:04:28:20 +0800] "POST /wp-cron.php?doing_wp_cron=1763584100.8408060073852539062500 HTTP/1.1" 200 31 "-" "WordPress/6.8.3; http://cqqizhou.com"
43.155.195.141 - - [20/Nov/2025:04:28:21 +0800] "GET / HTTP/1.1" 200 33527 "-" "Mozilla/5.0 (iPhone; CPU iPhone OS 13_2_3 like Mac OS X) AppleWebKit/605.1.15 (KHTML, like Gecko) Version/13.0.3 Mobile/15E148 Safari/604.1"
36.133.115.36 - - [20/Nov/2025:04:38:38 +0800] "POST /wp-cron.php?doing_wp_cron=1763584718.5359029769897460937500 HTTP/1.1" 200 31 "-" "WordPress/6.8.3; http://cqqizhou.com"
92.205.231.61 - - [20/Nov/2025:04:38:38 +0800] "POST /xmlrpc.php HTTP/1.1" 200 217 "-" "Mozilla/5.0 (X11; Ubuntu; Linux x86_64; rv:85.0) Gecko/20100101 Firefox/91.0"
36.133.115.36 - - [20/Nov/2025:04:48:02 +0800] "POST /wp-cron.php?doing_wp_cron=1763585282.8196599483489990234375 HTTP/1.1" 200 31 "-" "WordPress/6.8.3; http://cqqizhou.com"
66.132.153.120 - - [20/Nov/2025:04:48:02 +0800] "GET /robots.txt HTTP/1.1" 200 190 "-" "Mozilla/5.0 (compatible; CensysInspect/1.1; +https://about.censys.io/)"
36.133.115.36 - - [20/Nov/2025:05:03:59 +0800] "POST /wp-cron.php?doing_wp_cron=1763586239.8499009609222412109375 HTTP/1.1" 200 31 "-" "WordPress/6.8.3; http://cqqizhou.com"
43.135.145.117 - - [20/Nov/2025:05:04:00 +0800] "GET / HTTP/1.1" 200 33527 "-" "Mozilla/5.0 (iPhone; CPU iPhone OS 13_2_3 like Mac OS X) AppleWebKit/605.1.15 (KHTML, like Gecko) Version/13.0.3 Mobile/15E148 Safari/604.1"
36.133.115.36 - - [20/Nov/2025:05:27:49 +0800] "POST /wp-cron.php?doing_wp_cron=1763587669.6345510482788085937500 HTTP/1.1" 200 31 "-" "WordPress/6.8.3; http://cqqizhou.com"
220.181.108.102 - - [20/Nov/2025:05:27:49 +0800] "GET /services HTTP/1.1" 301 5 "-" "Mozilla/5.0 (compatible; Baiduspider/2.0; +http://www.baidu.com/search/spider.html)"
220.181.108.169 - - [20/Nov/2025:05:27:49 +0800] "GET /services/ HTTP/1.1" 200 25614 "-" "Mozilla/5.0 (compatible; Baiduspider/2.0; +http://www.baidu.com/search/spider.html)"
36.133.115.36 - - [20/Nov/2025:05:43:18 +0800] "POST /wp-cron.php?doing_wp_cron=1763588597.9727768898010253906250 HTTP/1.1" 200 31 "-" "WordPress/6.8.3; http://cqqizhou.com"
171.214.45.4 - - [20/Nov/2025:05:43:18 +0800] "GET / HTTP/1.0" 301 0 "-" "-"
171.214.45.4 - - [20/Nov/2025:05:43:25 +0800] "HEAD / HTTP/1.1" 301 0 "-" "\x22Mozilla/5.0"
171.214.45.4 - - [20/Nov/2025:05:43:25 +0800] "GET /nmaplowercheck1763588604 HTTP/1.1" 404 31381 "-" "\x22Mozilla/5.0"
171.214.45.4 - - [20/Nov/2025:05:43:25 +0800] "GET / HTTP/1.0" 301 0 "-" "-"
171.214.45.4 - - [20/Nov/2025:05:43:26 +0800] "POST /sdk HTTP/1.1" 404 31381 "-" "\x22Mozilla/5.0"
171.214.45.4 - - [20/Nov/2025:05:43:26 +0800] "GET / HTTP/1.1" 301 5 "-" "\x22Mozilla/5.0"
171.214.45.4 - - [20/Nov/2025:05:43:26 +0800] "GET /HNAP1 HTTP/1.1" 404 31381 "-" "\x22Mozilla/5.0"
171.214.45.4 - - [20/Nov/2025:05:43:26 +0800] "GET /evox/about HTTP/1.1" 404 31381 "-" "\x22Mozilla/5.0"
171.214.45.4 - - [20/Nov/2025:05:43:45 +0800] "GET / HTTP/1.0" 301 0 "-" "-"
36.133.115.36 - - [20/Nov/2025:05:43:46 +0800] "POST /wp-cron.php?doing_wp_cron=1763588626.5632851123809814453125 HTTP/1.1" 200 31 "-" "WordPress/6.8.3; http://cqqizhou.com"
171.214.45.4 - - [20/Nov/2025:05:43:46 +0800] "GET / HTTP/1.1" 301 5 "-" "-"
36.133.115.36 - - [20/Nov/2025:05:45:36 +0800] "POST /wp-cron.php?doing_wp_cron=1763588736.4178628921508789062500 HTTP/1.1" 200 31 "-" "WordPress/6.8.3; http://cqqizhou.com"
87.120.191.124 - - [20/Nov/2025:05:45:36 +0800] "GET / HTTP/1.1" 200 33527 "-" "Mozilla/5.0 (Windows NT 10.0; Win64; x64) AppleWebKit/537.36 (KHTML, like Gecko) Chrome/90.0.4430.85 Safari/537.36 Edg/90.0.818.46"
87.120.191.124 - - [20/Nov/2025:05:45:46 +0800] "DELETE / HTTP/1.1" 405 552 "-" "Mozilla/5.0 (Windows NT 10.0; Win64; x64) AppleWebKit/537.36 (KHTML, like Gecko) Chrome/90.0.4430.85 Safari/537.36 Edg/90.0.818.46"
36.133.115.36 - - [20/Nov/2025:06:05:53 +0800] "POST /wp-cron.php?doing_wp_cron=1763589953.2205400466918945312500 HTTP/1.1" 200 31 "-" "WordPress/6.8.3; http://cqqizhou.com"
75.119.208.120 - - [20/Nov/2025:06:05:53 +0800] "POST /xmlrpc.php HTTP/1.1" 200 217 "-" "Mozilla/5.0 (X11; Ubuntu; Linux x86_64; rv:85.0) Gecko/20100101 Firefox/91.0"
36.133.115.36 - - [20/Nov/2025:06:07:52 +0800] "POST /wp-cron.php?doing_wp_cron=1763590072.2883379459381103515625 HTTP/1.1" 200 31 "-" "WordPress/6.8.3; http://cqqizhou.com"
216.73.216.158 - - [20/Nov/2025:06:07:52 +0800] "GET /robots.txt HTTP/1.1" 200 390 "-" "Mozilla/5.0 AppleWebKit/537.36 (KHTML, like Gecko; compatible; ClaudeBot/1.0; +claudebot@anthropic.com)"
216.73.216.158 - - [20/Nov/2025:06:07:53 +0800] "GET /wp-sitemap.xml HTTP/1.1" 501 253 "-" "Mozilla/5.0 AppleWebKit/537.36 (KHTML, like Gecko; compatible; ClaudeBot/1.0; +claudebot@anthropic.com)"
105.113.121.114 - - [20/Nov/2025:06:17:20 +0800] "GET / HTTP/1.1" 200 33988 "-" "Mozilla/5.0 (Windows NT 10.0; Win64; x64; rv:109.0) Gecko/20100101 Firefox/111.0"
91.232.238.153 - - [20/Nov/2025:06:45:47 +0800] "GET /admin/config.php HTTP/1.0" 404 16 "-" "xfa1"
36.133.115.36 - - [20/Nov/2025:06:48:13 +0800] "POST /wp-cron.php?doing_wp_cron=1763592493.6063470840454101562500 HTTP/1.1" 200 31 "-" "WordPress/6.8.3; http://cqqizhou.com"
34.94.251.13 - - [20/Nov/2025:06:48:13 +0800] "HEAD /blog/ HTTP/1.1" 404 0 "-" "Mozilla/5.0 (Windows NT 10.0; Win64; x64) AppleWebKit/537.36 (KHTML, like Gecko) Chrome/120.0.6099.224 Safari/537.36 OPR/106.0.0.0"
34.94.251.13 - - [20/Nov/2025:06:48:14 +0800] "HEAD /backup/ HTTP/1.1" 404 0 "-" "Mozilla/5.0 (Windows NT 6.1; Win64; x64; rv:115.0) Gecko/20100101 Firefox/115.0"
34.94.251.13 - - [20/Nov/2025:06:48:15 +0800] "HEAD /wordpress/ HTTP/1.1" 404 0 "-" "Mozilla/5.0 (Windows NT 6.1; Win64; x64) AppleWebKit/537.36 (KHTML, like Gecko) Chrome/109.0.5414.120 Safari/537.36"
34.94.251.13 - - [20/Nov/2025:06:48:16 +0800] "HEAD / HTTP/1.1" 200 0 "-" "Mozilla/5.0 (Linux; Android 14; Pixel 8 Pro) AppleWebKit/537.36 (KHTML, like Gecko) Chrome/124.0.6367.56 Mobile Safari/537.36"
34.94.251.13 - - [20/Nov/2025:06:48:16 +0800] "HEAD /old/ HTTP/1.1" 404 0 "-" "Mozilla/5.0 (Macintosh; Intel Mac OS X 14_2) AppleWebKit/537.36 (KHTML, like Gecko) Chrome/121.0.6167.86 Safari/537.36 Brave/1.62.162"
34.94.251.13 - - [20/Nov/2025:06:48:17 +0800] "HEAD /wp/ HTTP/1.1" 404 0 "-" "Mozilla/5.0 (iPhone; CPU iPhone OS 17_4 like Mac OS X) AppleWebKit/605.1.15 (KHTML, like Gecko) Version/17.4 Mobile/15E148 Safari/604.1"
34.94.251.13 - - [20/Nov/2025:06:48:18 +0800] "HEAD /new/ HTTP/1.1" 301 0 "-" "Mozilla/5.0 (Windows NT 10.0; Win64; x64) AppleWebKit/537.36 (KHTML, like Gecko) Chrome/123.0.6312.86 Safari/537.36"
34.94.251.13 - - [20/Nov/2025:06:48:18 +0800] "HEAD /news/ HTTP/1.1" 200 0 "http://cqqizhou.com/new/" "Mozilla/5.0 (Windows NT 10.0; Win64; x64) AppleWebKit/537.36 (KHTML, like Gecko) Chrome/123.0.6312.86 Safari/537.36"
36.133.115.36 - - [20/Nov/2025:07:03:16 +0800] "POST /wp-cron.php?doing_wp_cron=1763593396.1638500690460205078125 HTTP/1.1" 200 31 "-" "WordPress/6.8.3; http://cqqizhou.com"
119.102.251.250 - - [20/Nov/2025:07:03:16 +0800] "GET / HTTP/1.1" 301 5 "-" "Mozilla/5.0 (Windows NT 9.3; Win64; x64) AppleWebKit/537.36 (KHTML, like Gecko) Chrome/72.0.3434.88 Safari/537.36"
119.102.251.250 - - [20/Nov/2025:07:03:16 +0800] "GET / HTTP/1.1" 200 33988 "-" "Mozilla/5.0 (Windows NT 9.3; Win64; x64) AppleWebKit/537.36 (KHTML, like Gecko) Chrome/72.0.3434.88 Safari/537.36"
119.102.251.250 - - [20/Nov/2025:07:03:16 +0800] "GET /contacts/ HTTP/1.1" 200 21608 "-" "Mozilla/5.0 (Windows NT 9.8; Win64; x64) AppleWebKit/537.36 (KHTML, like Gecko) Chrome/71.0.3611.88 Safari/537.36"
36.133.115.36 - - [20/Nov/2025:07:05:55 +0800] "POST /wp-cron.php?doing_wp_cron=1763593555.0976500511169433593750 HTTP/1.1" 200 31 "-" "WordPress/6.8.3; http://cqqizhou.com"
43.159.132.207 - - [20/Nov/2025:07:05:55 +0800] "GET / HTTP/1.1" 301 5 "-" "Mozilla/5.0 (iPhone; CPU iPhone OS 13_2_3 like Mac OS X) AppleWebKit/605.1.15 (KHTML, like Gecko) Version/13.0.3 Mobile/15E148 Safari/604.1"
43.159.132.207 - - [20/Nov/2025:07:05:59 +0800] "GET / HTTP/1.1" 200 33527 "http://36.133.115.36" "Mozilla/5.0 (iPhone; CPU iPhone OS 13_2_3 like Mac OS X) AppleWebKit/605.1.15 (KHTML, like Gecko) Version/13.0.3 Mobile/15E148 Safari/604.1"
36.133.115.36 - - [20/Nov/2025:07:08:48 +0800] "POST /wp-cron.php?doing_wp_cron=1763593728.1713070869445800781250 HTTP/1.1" 200 31 "-" "WordPress/6.8.3; http://cqqizhou.com"
45.144.137.247 - - [20/Nov/2025:07:08:48 +0800] "POST / HTTP/1.1" 200 86669 "-" "Mozilla/5.0"
36.133.115.36 - - [20/Nov/2025:07:14:30 +0800] "POST /wp-cron.php?doing_wp_cron=1763594070.3452770709991455078125 HTTP/1.1" 200 31 "-" "WordPress/6.8.3; http://cqqizhou.com"
128.14.236.30 - - [20/Nov/2025:07:14:30 +0800] "GET / HTTP/1.1" 301 5 "-" "Mozilla/5.0 (Macintosh; Intel Mac OS X 10_15_7) AppleWebKit/537.36 (KHTML, like Gecko) Chrome/120.0.0.0 Safari/537.36 Edg/120.0.0.0"
36.133.115.36 - - [20/Nov/2025:07:14:50 +0800] "POST /wp-cron.php?doing_wp_cron=1763594090.0003249645233154296875 HTTP/1.1" 200 31 "-" "WordPress/6.8.3; http://cqqizhou.com"
128.14.236.30 - - [20/Nov/2025:07:14:50 +0800] "GET /robots.txt HTTP/1.1" 200 190 "-" "Mozilla/5.0 (Macintosh; Intel Mac OS X 10_7_0) AppleWebKit/535.11 (KHTML, like Gecko) Chrome/17.0.963.56 Safari/535.11"
128.14.236.30 - - [20/Nov/2025:07:14:51 +0800] "GET /sitemap.xml HTTP/1.1" 200 499 "-" "Mozilla/5.0 (Macintosh; Intel Mac OS X 10_7_0) AppleWebKit/535.11 (KHTML, like Gecko) Chrome/17.0.963.56 Safari/535.11"
36.133.115.36 - - [20/Nov/2025:07:22:21 +0800] "POST /wp-cron.php?doing_wp_cron=1763594541.6914529800415039062500 HTTP/1.1" 200 31 "-" "WordPress/6.8.3; http://cqqizhou.com"
103.203.57.3 - - [20/Nov/2025:07:22:21 +0800] "GET / HTTP/1.1" 301 5 "-" "Mozilla/5.0 zgrab/0.x"
39.144.91.203 - - [20/Nov/2025:07:23:18 +0800] "GET /robots.txt HTTP/1.1" 301 5 "-" "-"
39.144.91.203 - - [20/Nov/2025:07:23:18 +0800] "GET /system/login.asp HTTP/1.1" 301 5 "-" "-"
39.144.91.203 - - [20/Nov/2025:07:23:18 +0800] "GET /manager/login.aspx HTTP/1.1" 301 5 "-" "-"
36.133.115.36 - - [20/Nov/2025:07:23:18 +0800] "POST /wp-cron.php?doing_wp_cron=1763594598.8159980773925781250000 HTTP/1.1" 200 31 "-" "WordPress/6.8.3; http://cqqizhou.com"
39.144.91.203 - - [20/Nov/2025:07:23:18 +0800] "GET /admin.asp HTTP/1.1" 301 5 "-" "-"
39.144.91.203 - - [20/Nov/2025:07:23:18 +0800] "GET /wgadm/login.aspx HTTP/1.1" 301 5 "-" "-"
39.144.91.203 - - [20/Nov/2025:07:23:18 +0800] "GET /boss/login.asp HTTP/1.1" 301 5 "-" "-"
39.144.91.203 - - [20/Nov/2025:07:23:18 +0800] "GET /login.asp HTTP/1.1" 301 5 "-" "-"
39.144.91.203 - - [20/Nov/2025:07:23:18 +0800] "GET /index.php HTTP/1.1" 301 5 "-" "-"
39.144.91.203 - - [20/Nov/2025:07:23:19 +0800] "GET /admin/login.aspx HTTP/1.1" 301 5 "-" "-"
39.144.91.203 - - [20/Nov/2025:07:23:19 +0800] "GET /seo_Admin/login.aspx HTTP/1.1" 301 5 "-" "-"
39.144.91.203 - - [20/Nov/2025:07:23:19 +0800] "GET /manage/login.aspx HTTP/1.1" 301 5 "-" "-"
39.144.91.203 - - [20/Nov/2025:07:23:20 +0800] "GET /master/login.aspx HTTP/1.1" 301 5 "-" "-"
39.144.91.203 - - [20/Nov/2025:07:23:20 +0800] "GET /master/login.asp HTTP/1.1" 301 5 "-" "-"
39.144.91.203 - - [20/Nov/2025:07:23:20 +0800] "GET /system/index/login.html HTTP/1.1" 301 5 "-" "-"
39.144.91.203 - - [20/Nov/2025:07:23:20 +0800] "GET /pageadmin/ HTTP/1.1" 301 5 "-" "-"
39.144.91.203 - - [20/Nov/2025:07:23:20 +0800] "GET /wwwroot.rar HTTP/1.1" 301 5 "-" "-"
39.144.91.203 - - [20/Nov/2025:07:23:21 +0800] "GET /wwwroot.zip HTTP/1.1" 301 5 "-" "-"
39.144.91.203 - - [20/Nov/2025:07:23:21 +0800] "GET /webeditor/admin_login.asp HTTP/1.1" 301 5 "-" "-"
39.144.91.203 - - [20/Nov/2025:07:23:21 +0800] "GET /ewebeditor/admin_login.asp HTTP/1.1" 301 5 "-" "-"
39.144.91.203 - - [20/Nov/2025:07:23:21 +0800] "GET /WebAdmin/ HTTP/1.1" 301 5 "-" "-"
39.144.91.203 - - [20/Nov/2025:07:23:22 +0800] "GET /reg_upload.asp HTTP/1.1" 301 5 "-" "-"
39.144.91.203 - - [20/Nov/2025:07:23:24 +0800] "GET /houtai/ HTTP/1.1" 301 5 "-" "-"
39.144.91.203 - - [20/Nov/2025:07:23:24 +0800] "GET /web.zip HTTP/1.1" 301 5 "-" "-"
39.144.91.203 - - [20/Nov/2025:07:23:24 +0800] "GET /ht/ HTTP/1.1" 301 5 "-" "-"
39.144.91.203 - - [20/Nov/2025:07:23:24 +0800] "GET /web.rar HTTP/1.1" 301 5 "-" "-"
39.144.91.203 - - [20/Nov/2025:07:23:25 +0800] "GET /sdadmin/ HTTP/1.1" 301 5 "-" "-"
39.144.91.203 - - [20/Nov/2025:07:23:25 +0800] "GET /system/ HTTP/1.1" 301 5 "-" "-"
39.144.91.203 - - [20/Nov/2025:07:23:25 +0800] "GET /sys/ HTTP/1.1" 301 5 "-" "-"
39.144.91.203 - - [20/Nov/2025:07:23:25 +0800] "GET /webadmin/admin_login.asp HTTP/1.1" 301 5 "-" "-"
39.144.91.203 - - [20/Nov/2025:07:23:25 +0800] "GET /upfile.asp HTTP/1.1" 301 5 "-" "-"
39.144.91.203 - - [20/Nov/2025:07:23:25 +0800] "GET /admin.php HTTP/1.1" 404 27 "-" "-"
39.144.91.203 - - [20/Nov/2025:07:23:26 +0800] "GET /admanage/ HTTP/1.1" 301 5 "-" "-"
39.144.91.203 - - [20/Nov/2025:07:23:26 +0800] "GET /index.php/Admin/ HTTP/1.1" 301 5 "-" "-"
39.144.91.203 - - [20/Nov/2025:07:23:26 +0800] "GET /sysadmin/ HTTP/1.1" 301 5 "-" "-"
39.144.91.203 - - [20/Nov/2025:07:23:26 +0800] "GET /vladmin/login.aspx HTTP/1.1" 301 5 "-" "-"
39.144.91.203 - - [20/Nov/2025:07:23:34 +0800] "GET /admin.php?s=/Login/index HTTP/1.1" 404 27 "-" "-"
39.144.91.203 - - [20/Nov/2025:07:23:34 +0800] "GET /index.php/Admin/Login/index.html HTTP/1.1" 301 5 "-" "-"
39.144.91.203 - - [20/Nov/2025:07:23:34 +0800] "GET /censt/Admin_Login.asp HTTP/1.1" 301 5 "-" "-"
39.144.91.203 - - [20/Nov/2025:07:23:34 +0800] "GET /admin/ewebeditor/admin_login.asp HTTP/1.1" 301 5 "-" "-"
39.144.91.203 - - [20/Nov/2025:07:23:34 +0800] "GET /index.php/admins/Login/index.html HTTP/1.1" 301 5 "-" "-"
39.144.91.203 - - [20/Nov/2025:07:23:34 +0800] "GET /admin_login/index.php/login HTTP/1.1" 301 5 "-" "-"
39.144.91.203 - - [20/Nov/2025:07:23:34 +0800] "GET /adlogin.asp HTTP/1.1" 301 5 "-" "-"
39.144.91.203 - - [20/Nov/2025:07:23:35 +0800] "GET /index.php/admin/Login/index.html HTTP/1.1" 301 5 "-" "-"
39.144.91.203 - - [20/Nov/2025:07:23:35 +0800] "GET /login_admin.aspx HTTP/1.1" 301 5 "-" "-"
39.144.91.203 - - [20/Nov/2025:07:23:35 +0800] "GET /manager/login.html HTTP/1.1" 301 5 "-" "-"
39.144.91.203 - - [20/Nov/2025:07:23:35 +0800] "GET /adminLogin.aspx HTTP/1.1" 301 5 "-" "-"
39.144.91.203 - - [20/Nov/2025:07:23:35 +0800] "GET /admin/login/ HTTP/1.1" 301 5 "-" "-"
36.133.115.36 - - [20/Nov/2025:07:41:52 +0800] "POST /wp-cron.php?doing_wp_cron=1763595712.7647359371185302734375 HTTP/1.1" 200 31 "-" "WordPress/6.8.3; http://cqqizhou.com"
49.51.196.42 - - [20/Nov/2025:07:41:52 +0800] "GET / HTTP/1.1" 301 5 "-" "Mozilla/5.0 (iPhone; CPU iPhone OS 13_2_3 like Mac OS X) AppleWebKit/605.1.15 (KHTML, like Gecko) Version/13.0.3 Mobile/15E148 Safari/604.1"
49.51.196.42 - - [20/Nov/2025:07:41:54 +0800] "GET / HTTP/1.1" 200 33527 "http://www.cqqizhou.com" "Mozilla/5.0 (iPhone; CPU iPhone OS 13_2_3 like Mac OS X) AppleWebKit/605.1.15 (KHTML, like Gecko) Version/13.0.3 Mobile/15E148 Safari/604.1"
36.133.115.36 - - [20/Nov/2025:07:44:26 +0800] "POST /wp-cron.php?doing_wp_cron=1763595866.8645079135894775390625 HTTP/1.1" 200 31 "-" "WordPress/6.8.3; http://cqqizhou.com"
216.73.216.158 - - [20/Nov/2025:07:44:26 +0800] "GET /robots.txt HTTP/1.1" 200 390 "-" "Mozilla/5.0 AppleWebKit/537.36 (KHTML, like Gecko; compatible; ClaudeBot/1.0; +claudebot@anthropic.com)"
216.73.216.158 - - [20/Nov/2025:07:44:27 +0800] "GET /wp-sitemap.xml HTTP/1.1" 501 253 "-" "Mozilla/5.0 AppleWebKit/537.36 (KHTML, like Gecko; compatible; ClaudeBot/1.0; +claudebot@anthropic.com)"
36.133.115.36 - - [20/Nov/2025:07:47:46 +0800] "POST /wp-cron.php?doing_wp_cron=1763596066.3973250389099121093750 HTTP/1.1" 200 31 "-" "WordPress/6.8.3; http://cqqizhou.com"
47.237.177.222 - - [20/Nov/2025:07:47:46 +0800] "GET http://passport.baidu.com/ HTTP/1.1" 200 33527 "-" "-"
36.133.115.36 - - [20/Nov/2025:08:00:10 +0800] "POST /wp-cron.php?doing_wp_cron=1763596810.2207241058349609375000 HTTP/1.1" 200 31 "-" "WordPress/6.8.3; http://cqqizhou.com"
182.42.111.213 - - [20/Nov/2025:08:00:10 +0800] "GET / HTTP/1.1" 200 33526 "-" "Mozilla/5.0 (iPhone; CPU iPhone OS 13_2_3 like Mac OS X) AppleWebKit/605.1.15 (KHTML, like Gecko) Version/13.0.3 Mobile/15E148 Safari/604.1"
36.133.115.36 - - [20/Nov/2025:08:04:18 +0800] "POST /wp-cron.php?doing_wp_cron=1763597058.6931419372558593750000 HTTP/1.1" 200 31 "-" "WordPress/6.8.3; http://cqqizhou.com"
176.65.148.169 - - [20/Nov/2025:08:04:19 +0800] "GET / HTTP/1.1" 200 33527 "-" "Linux Gnu (cow)"
36.133.115.36 - - [20/Nov/2025:08:06:49 +0800] "POST /wp-cron.php?doing_wp_cron=1763597209.0522589683532714843750 HTTP/1.1" 200 31 "-" "WordPress/6.8.3; http://cqqizhou.com"
171.244.0.91 - - [20/Nov/2025:08:06:49 +0800] "POST /xmlrpc.php HTTP/1.1" 200 217 "-" "Mozilla/5.0 (X11; Ubuntu; Linux x86_64; rv:85.0) Gecko/20100101 Firefox/91.0"
220.181.108.175 - - [20/Nov/2025:08:29:09 +0800] "GET /portfolio/pickled-coil/ HTTP/1.1" 200 22203 "-" "Mozilla/5.0 (compatible; Baiduspider/2.0; +http://www.baidu.com/search/spider.html)"
36.133.115.36 - - [20/Nov/2025:08:32:42 +0800] "POST /wp-cron.php?doing_wp_cron=1763598762.4834508895874023437500 HTTP/1.1" 200 31 "-" "WordPress/6.8.3; http://cqqizhou.com"
114.119.155.170 - - [20/Nov/2025:08:32:42 +0800] "GET /wp-sitemap.xml HTTP/1.1" 501 253 "-" "Mozilla/5.0 (Linux; Android 7.0;) AppleWebKit/537.36 (KHTML, like Gecko) Mobile Safari/537.36 (compatible; PetalBot;+https://webmaster.petalsearch.com/site/petalbot)"
36.133.115.36 - - [20/Nov/2025:08:51:27 +0800] "POST /wp-cron.php?doing_wp_cron=1763599887.6911830902099609375000 HTTP/1.1" 200 31 "-" "WordPress/6.8.3; http://cqqizhou.com"
85.208.96.207 - - [20/Nov/2025:08:51:27 +0800] "GET /robots.txt HTTP/1.1" 200 190 "-" "Mozilla/5.0 (compatible; SemrushBot/7~bl; +http://www.semrush.com/bot.html)"
36.133.115.36 - - [20/Nov/2025:09:01:58 +0800] "POST /wp-cron.php?doing_wp_cron=1763600518.8068490028381347656250 HTTP/1.1" 200 31 "-" "WordPress/6.8.3; http://cqqizhou.com"
114.119.136.120 - - [20/Nov/2025:09:01:58 +0800] "GET /wp-sitemap.xml HTTP/1.1" 501 253 "-" "Mozilla/5.0 (Linux; Android 7.0;) AppleWebKit/537.36 (KHTML, like Gecko) Mobile Safari/537.36 (compatible; PetalBot;+https://webmaster.petalsearch.com/site/petalbot)"
36.133.115.36 - - [20/Nov/2025:09:06:54 +0800] "POST /wp-cron.php?doing_wp_cron=1763600814.1199929714202880859375 HTTP/1.1" 200 31 "-" "WordPress/6.8.3; http://cqqizhou.com"
114.119.134.207 - - [20/Nov/2025:09:06:54 +0800] "GET /wp-sitemap.xml HTTP/1.1" 501 253 "-" "Mozilla/5.0 (Linux; Android 7.0;) AppleWebKit/537.36 (KHTML, like Gecko) Mobile Safari/537.36 (compatible; PetalBot;+https://webmaster.petalsearch.com/site/petalbot)"
36.133.115.36 - - [20/Nov/2025:09:14:34 +0800] "POST /wp-cron.php?doing_wp_cron=1763601274.0343511104583740234375 HTTP/1.1" 200 31 "-" "WordPress/6.8.3; http://cqqizhou.com"
121.199.173.172 - - [20/Nov/2025:09:14:34 +0800] "GET / HTTP/1.1" 301 5 "-" "Mozilla/5.0 (Windows NT 10.0; Win64; x64) AppleWebKit/537.36 (KHTML, like Gecko) Chrome/59.0.3071.115 Safari/537.36"
36.133.115.36 - - [20/Nov/2025:09:18:16 +0800] "POST /wp-cron.php?doing_wp_cron=1763601496.8683180809020996093750 HTTP/1.1" 200 31 "-" "WordPress/6.8.3; http://cqqizhou.com"
36.133.108.121 - - [20/Nov/2025:09:18:16 +0800] "HEAD / HTTP/1.1" 301 0 "-" "Mozilla/1.22 (compatible; MSIE 10.0; Windows 3.1)"
36.133.115.36 - - [20/Nov/2025:10:38:41 +0800] "POST /wp-cron.php?doing_wp_cron=1763606320.9752600193023681640625 HTTP/1.1" 200 31 "-" "WordPress/6.8.3; http://cqqizhou.com"
116.139.31.147 - - [20/Nov/2025:10:38:41 +0800] "GET / HTTP/1.1" 301 5 "http://36.133.115.36:80" "Mozilla/4.0 (compatible; MSIE 9.0; Windows NT 6.1)"
116.139.31.147 - - [20/Nov/2025:10:38:41 +0800] "GET / HTTP/1.1" 200 153877 "http://36.133.115.36:80" "Mozilla/4.0 (compatible; MSIE 9.0; Windows NT 6.1)"
36.133.115.36 - - [20/Nov/2025:10:54:57 +0800] "POST /wp-cron.php?doing_wp_cron=1763607297.0164930820465087890625 HTTP/1.1" 200 31 "-" "WordPress/6.8.3; http://cqqizhou.com"
103.78.247.150 - - [20/Nov/2025:10:54:57 +0800] "GET /api/.env HTTP/1.1" 404 31381 "-" "Mozilla/5.0"
103.78.247.150 - - [20/Nov/2025:10:54:57 +0800] "GET /admin/.env HTTP/1.1" 404 31381 "-" "Mozilla/5.0"
103.78.247.150 - - [20/Nov/2025:10:54:57 +0800] "GET /api/.git/config HTTP/1.1" 404 31381 "-" "Mozilla/5.0"
103.78.247.150 - - [20/Nov/2025:10:54:57 +0800] "GET /.git/config HTTP/1.1" 404 31381 "-" "Mozilla/5.0"
103.78.247.150 - - [20/Nov/2025:10:54:57 +0800] "GET /laravel/.git/config HTTP/1.1" 404 31381 "-" "Mozilla/5.0"
93.123.109.120 - - [20/Nov/2025:11:00:18 +0800] "GET / HTTP/1.1" 200 33988 "-" "Mozilla/5.0 (X11; Linux x86_64) AppleWebKit/537.36 (KHTML, like Gecko) Chrome/142.0.0.0 Safari/537.36"
36.133.115.36 - - [20/Nov/2025:11:00:19 +0800] "POST /wp-cron.php?doing_wp_cron=1763607619.2871220111846923828125 HTTP/1.1" 200 31 "-" "WordPress/6.8.3; http://cqqizhou.com"
93.123.109.120 - - [20/Nov/2025:11:00:19 +0800] "GET / HTTP/1.1" 301 5 "-" "Mozilla/5.0 (X11; Linux x86_64) AppleWebKit/537.36 (KHTML, like Gecko) Chrome/142.0.0.0 Safari/537.36"
93.123.109.120 - - [20/Nov/2025:11:00:22 +0800] "GET / HTTP/1.1" 200 33988 "http://36.133.115.36:80/" "Mozilla/5.0 (X11; Linux x86_64) AppleWebKit/537.36 (KHTML, like Gecko) Chrome/142.0.0.0 Safari/537.36"
36.133.115.36 - - [20/Nov/2025:11:04:24 +0800] "POST /wp-cron.php?doing_wp_cron=1763607864.4340789318084716796875 HTTP/1.1" 200 31 "-" "WordPress/6.8.3; http://cqqizhou.com"
43.159.145.153 - - [20/Nov/2025:11:04:24 +0800] "GET / HTTP/1.1" 200 33526 "-" "Mozilla/5.0 (iPhone; CPU iPhone OS 13_2_3 like Mac OS X) AppleWebKit/605.1.15 (KHTML, like Gecko) Version/13.0.3 Mobile/15E148 Safari/604.1"
36.133.115.36 - - [20/Nov/2025:11:09:01 +0800] "POST /wp-cron.php?doing_wp_cron=1763608141.1416668891906738281250 HTTP/1.1" 200 31 "-" "WordPress/6.8.3; http://cqqizhou.com"
123.57.13.121 - - [20/Nov/2025:11:09:01 +0800] "GET / HTTP/1.1" 301 5 "-" "Mozilla/5.0 (Windows NT 10.0; Win64; x64) AppleWebKit/537.36 (KHTML, like Gecko) Chrome/104.0.0.0 Safari/537.36"
123.57.13.121 - - [20/Nov/2025:11:09:01 +0800] "GET / HTTP/1.1" 200 33988 "-" "Mozilla/5.0 (Windows NT 10.0; Win64; x64) AppleWebKit/537.36 (KHTML, like Gecko) Chrome/104.0.0.0 Safari/537.36"
185.247.137.201 - - [20/Nov/2025:11:09:31 +0800] "GET / HTTP/1.1" 301 5 "-" "Mozilla/5.0 (compatible; InternetMeasurement/1.0; +https://internet-measurement.com/)"
185.247.137.201 - - [20/Nov/2025:11:09:32 +0800] "GET / HTTP/1.1" 200 33988 "http://36.133.115.36" "Mozilla/5.0 (compatible; InternetMeasurement/1.0; +https://internet-measurement.com/)"
36.133.115.36 - - [20/Nov/2025:11:16:40 +0800] "POST /wp-cron.php?doing_wp_cron=1763608600.9232509136199951171875 HTTP/1.1" 200 31 "-" "WordPress/6.8.3; http://cqqizhou.com"
143.110.245.68 - - [20/Nov/2025:11:16:40 +0800] "GET / HTTP/1.1" 301 5 "-" "Mozilla/5.0 (X11; Linux x86_64) AppleWebKit/537.36 (KHTML, like Gecko) Chrome/139.0.0.0 Safari/537.36"
223.11.33.91 - - [20/Nov/2025:11:16:59 +0800] "GET / HTTP/1.1" 200 33988 "-" "Mozilla/5.0 (Macintosh; Intel Mac OS X 10_15_7) AppleWebKit/537.36 (KHTML, like Gecko) Chrome/101.0.0.0 Safari/537.36"
36.133.115.36 - - [20/Nov/2025:12:11:07 +0800] "POST /wp-cron.php?doing_wp_cron=1763611867.1935501098632812500000 HTTP/1.1" 200 31 "-" "WordPress/6.8.3; http://cqqizhou.com"
49.51.245.241 - - [20/Nov/2025:12:11:07 +0800] "GET / HTTP/1.1" 200 33527 "-" "Mozilla/5.0 (iPhone; CPU iPhone OS 13_2_3 like Mac OS X) AppleWebKit/605.1.15 (KHTML, like Gecko) Version/13.0.3 Mobile/15E148 Safari/604.1"
36.133.115.36 - - [20/Nov/2025:12:44:59 +0800] "POST /wp-cron.php?doing_wp_cron=1763613899.3546869754791259765625 HTTP/1.1" 200 31 "-" "WordPress/6.8.3; http://cqqizhou.com"
170.64.154.131 - - [20/Nov/2025:12:44:59 +0800] "GET /aaa9 HTTP/1.1" 404 8984 "-" "Mozilla/5.0 zgrab/0.x"
170.64.154.131 - - [20/Nov/2025:12:45:12 +0800] "GET /aab8 HTTP/1.1" 404 8990 "-" "Mozilla/5.0 zgrab/0.x"
170.64.154.131 - - [20/Nov/2025:12:45:24 +0800] "GET / HTTP/1.1" 301 5 "-" "Mozilla/5.0 zgrab/0.x"
36.133.115.36 - - [20/Nov/2025:12:53:24 +0800] "POST /wp-cron.php?doing_wp_cron=1763614404.0542109012603759765625 HTTP/1.1" 200 31 "-" "WordPress/6.8.3; http://cqqizhou.com"
182.96.239.172 - - [20/Nov/2025:12:53:24 +0800] "GET /base/install/index.php.bak HTTP/1.1" 301 5 "http://www.cqqizhou.com/base/install/index.php.bak" "Mozilla/4.0 (compatible; MSIE 7.0; Windows NT 6.1; WOW64; Trident/7.0; SLCC2; .NET CLR 2.0.50727; .NET CLR 3.5.30729; .NET CLR 3.0.30729; Media Center PC 6.0; .NET4.0C; .NET4.0E)"
117.40.103.102 - - [20/Nov/2025:12:53:24 +0800] "GET /base/install/index.php.bak HTTP/1.1" 404 8985 "http://www.cqqizhou.com/base/install/index.php.bak" "Mozilla/4.0 (compatible; MSIE 7.0; Windows NT 6.1; WOW64; Trident/7.0; SLCC2; .NET CLR 2.0.50727; .NET CLR 3.5.30729; .NET CLR 3.0.30729; Media Center PC 6.0; .NET4.0C; .NET4.0E)"
182.85.174.250 - - [20/Nov/2025:12:57:38 +0800] "GET /base/install/index.php HTTP/1.1" 404 47 "http://www.cqqizhou.com/base/install/index.php" "Mozilla/4.0 (compatible; MSIE 7.0; Windows NT 6.1; WOW64; Trident/7.0; SLCC2; .NET CLR 2.0.50727; .NET CLR 3.5.30729; .NET CLR 3.0.30729; Media Center PC 6.0; .NET4.0C; .NET4.0E)"
36.133.115.36 - - [20/Nov/2025:13:06:04 +0800] "POST /wp-cron.php?doing_wp_cron=1763615164.4733169078826904296875 HTTP/1.1" 200 31 "-" "WordPress/6.8.3; http://cqqizhou.com"
36.133.108.125 - - [20/Nov/2025:13:06:04 +0800] "HEAD /nmaplowercheck1763588604 HTTP/1.1" 404 0 "-" "Mozilla/5.0 (Windows NT 6.1; WOW64; rv:31.0) Gecko/20130401 Firefox/31.0"
36.133.108.119 - - [20/Nov/2025:13:06:15 +0800] "HEAD /sdk HTTP/1.1" 404 0 "-" "Mozilla/5.0 (Windows NT 6.1) AppleWebKit/537.36 (KHTML, like Gecko) Chrome/27.0.1453.90 Safari/537.36"
85.208.96.193 - - [20/Nov/2025:13:19:53 +0800] "GET /2164/ HTTP/1.1" 200 23868 "-" "Mozilla/5.0 (compatible; SemrushBot/7~bl; +http://www.semrush.com/bot.html)"
36.133.115.36 - - [20/Nov/2025:13:30:07 +0800] "POST /wp-cron.php?doing_wp_cron=1763616607.3507890701293945312500 HTTP/1.1" 200 31 "-" "WordPress/6.8.3; http://cqqizhou.com"
103.84.39.181 - - [20/Nov/2025:13:30:08 +0800] "GET / HTTP/1.1" 200 152189 "-" "Mozilla/5.0 (Windows NT 10.0; WOW64) AppleWebKit/537.36 (KHTML, like Gecko) Chrome/52.0.2743.116 Safari/537.36"
36.133.115.36 - - [20/Nov/2025:13:32:57 +0800] "POST /wp-cron.php?doing_wp_cron=1763616777.5770208835601806640625 HTTP/1.1" 200 31 "-" "WordPress/6.8.3; http://cqqizhou.com"
27.74.251.194 - - [20/Nov/2025:13:32:57 +0800] "POST /xmlrpc.php HTTP/1.1" 200 217 "-" "Mozilla/5.0 (X11; Ubuntu; Linux x86_64; rv:85.0) Gecko/20100101 Firefox/91.0"
36.133.115.36 - - [20/Nov/2025:13:57:18 +0800] "POST /wp-cron.php?doing_wp_cron=1763618238.2377409934997558593750 HTTP/1.1" 200 31 "-" "WordPress/6.8.3; http://cqqizhou.com"
49.51.253.26 - - [20/Nov/2025:13:57:18 +0800] "GET / HTTP/1.1" 301 5 "-" "Mozilla/5.0 (iPhone; CPU iPhone OS 13_2_3 like Mac OS X) AppleWebKit/605.1.15 (KHTML, like Gecko) Version/13.0.3 Mobile/15E148 Safari/604.1"
49.51.253.26 - - [20/Nov/2025:13:57:20 +0800] "GET / HTTP/1.1" 200 33526 "http://www.cqqizhou.com" "Mozilla/5.0 (iPhone; CPU iPhone OS 13_2_3 like Mac OS X) AppleWebKit/605.1.15 (KHTML, like Gecko) Version/13.0.3 Mobile/15E148 Safari/604.1"
36.133.115.36 - - [20/Nov/2025:14:08:24 +0800] "POST /wp-cron.php?doing_wp_cron=1763618904.2985548973083496093750 HTTP/1.1" 200 31 "-" "WordPress/6.8.3; http://cqqizhou.com"
35.240.121.215 - - [20/Nov/2025:14:08:24 +0800] "GET / HTTP/1.1" 301 5 "-" "python-requests/2.32.5"
36.133.115.36 - - [20/Nov/2025:14:09:02 +0800] "POST /wp-cron.php?doing_wp_cron=1763618942.1533520221710205078125 HTTP/1.1" 200 31 "-" "WordPress/6.8.3; http://cqqizhou.com"
52.167.144.18 - - [20/Nov/2025:14:09:02 +0800] "GET /?s= HTTP/1.1" 200 19449 "-" "Mozilla/5.0 AppleWebKit/537.36 (KHTML, like Gecko; compatible; bingbot/2.0; +http://www.bing.com/bingbot.htm) Chrome/116.0.1938.76 Safari/537.36"
36.133.115.36 - - [20/Nov/2025:14:11:07 +0800] "POST /wp-cron.php?doing_wp_cron=1763619067.3145170211791992187500 HTTP/1.1" 200 31 "-" "WordPress/6.8.3; http://cqqizhou.com"
36.41.75.167 - - [20/Nov/2025:14:11:07 +0800] "GET / HTTP/1.1" 301 5 "-" "Mozilla/5.0 (iPhone; CPU iPhone OS 13_2_3 like Mac OS X) AppleWebKit/605.1.15 (KHTML, like Gecko) Version/13.0.3 Mobile/15E148 Safari/604.1"
36.133.115.36 - - [20/Nov/2025:14:13:33 +0800] "POST /wp-cron.php?doing_wp_cron=1763619213.6299259662628173828125 HTTP/1.1" 200 31 "-" "WordPress/6.8.3; http://cqqizhou.com"
36.133.108.125 - - [20/Nov/2025:14:13:33 +0800] "HEAD /evox/about HTTP/1.1" 404 0 "-" "Mozilla/5.0 (Macintosh; U; Intel Mac OS X 10_6_6; fr-ch) AppleWebKit/533.19.4 (KHTML, like Gecko) Version/5.0.3 Safari/533.19.4"
36.133.115.36 - - [20/Nov/2025:14:15:05 +0800] "POST /wp-cron.php?doing_wp_cron=1763619305.3275179862976074218750 HTTP/1.1" 200 31 "-" "WordPress/6.8.3; http://cqqizhou.com"
87.121.84.52 - - [20/Nov/2025:14:15:05 +0800] "GET / HTTP/1.0" 200 109870 "-" "Mozilla/5.0 (X11; Linux x86_64; rv:140.0) Gecko/20100101 Firefox/140.0"
205.169.39.18 - - [20/Nov/2025:14:19:15 +0800] "GET / HTTP/1.1" 200 33988 "-" "Mozilla/5.0 (Windows NT 10.0; Win64; x64) AppleWebKit/537.36 (KHTML, like Gecko) Chrome/117.0.5938.132 Safari/537.36"
205.169.39.18 - - [20/Nov/2025:14:19:19 +0800] "GET /wp-content/uploads/2025/07/1751425283-qizhou.kf_.qq_.com_.webp HTTP/1.1" 200 16864 "http://cqqizhou.com/" "Mozilla/5.0 (Windows NT 10.0; Win64; x64) AppleWebKit/537.36 (KHTML, like Gecko) Chrome/117.0.5938.132 Safari/537.36"
205.169.39.18 - - [20/Nov/2025:14:19:21 +0800] "GET /wp-content/uploads/2025/07/1750174127-Marketing1920x800_3.webp HTTP/1.1" 200 52790 "http://cqqizhou.com/wp-content/uploads/elementor/css/post-1666.css?ver=1762870941" "Mozilla/5.0 (Windows NT 10.0; Win64; x64) AppleWebKit/537.36 (KHTML, like Gecko) Chrome/117.0.5938.132 Safari/537.36"
205.169.39.18 - - [20/Nov/2025:14:19:23 +0800] "GET /wp-content/uploads/2025/07/1753454299-Article_images_W900px.webp HTTP/1.1" 200 52418 "http://cqqizhou.com/" "Mozilla/5.0 (Windows NT 10.0; Win64; x64) AppleWebKit/537.36 (KHTML, like Gecko) Chrome/117.0.5938.132 Safari/537.36"
205.169.39.18 - - [20/Nov/2025:14:19:23 +0800] "GET /wp-content/uploads/2025/07/1753454089-Article_images_W900px.webp HTTP/1.1" 200 27552 "http://cqqizhou.com/" "Mozilla/5.0 (Windows NT 10.0; Win64; x64) AppleWebKit/537.36 (KHTML, like Gecko) Chrome/117.0.5938.132 Safari/537.36"
205.169.39.18 - - [20/Nov/2025:14:19:24 +0800] "GET /wp-content/uploads/2025/07/1753456723-%E5%8F%8C%E7%9B%B8%E9%92%A2roduct_Single600.webp HTTP/1.1" 200 22790 "http://cqqizhou.com/" "Mozilla/5.0 (Windows NT 10.0; Win64; x64) AppleWebKit/537.36 (KHTML, like Gecko) Chrome/117.0.5938.132 Safari/537.36"
205.169.39.18 - - [20/Nov/2025:14:19:24 +0800] "GET /wp-content/uploads/2025/07/1753456770-%E7%83%AD%E9%95%80%E9%94%8C%E5%8D%B7product_Single600.webp HTTP/1.1" 200 27502 "http://cqqizhou.com/" "Mozilla/5.0 (Windows NT 10.0; Win64; x64) AppleWebKit/537.36 (KHTML, like Gecko) Chrome/117.0.5938.132 Safari/537.36"
205.169.39.18 - - [20/Nov/2025:14:19:24 +0800] "GET /wp-content/uploads/2025/07/1753453127-%E4%BD%99%E5%8D%B7product_Single600%C3%97284.webp HTTP/1.1" 200 18744 "http://cqqizhou.com/" "Mozilla/5.0 (Windows NT 10.0; Win64; x64) AppleWebKit/537.36 (KHTML, like Gecko) Chrome/117.0.5938.132 Safari/537.36"
205.169.39.18 - - [20/Nov/2025:14:19:24 +0800] "GET /wp-content/uploads/2025/07/1753453096-%E5%8F%8C%E7%9B%B8%E9%92%A2product_Single600%C3%97284.webp HTTP/1.1" 200 14562 "http://cqqizhou.com/" "Mozilla/5.0 (Windows NT 10.0; Win64; x64) AppleWebKit/537.36 (KHTML, like Gecko) Chrome/117.0.5938.132 Safari/537.36"
205.169.39.18 - - [20/Nov/2025:14:19:25 +0800] "GET /wp-content/uploads/revslider/slider-1/1750929639-yuanjing_Slider_3840%C3%972160_20250626171955-scaled.webp HTTP/1.1" 200 203290 "http://cqqizhou.com/" "Mozilla/5.0 (Windows NT 10.0; Win64; x64) AppleWebKit/537.36 (KHTML, like Gecko) Chrome/117.0.5938.132 Safari/537.36"
205.169.39.18 - - [20/Nov/2025:14:19:26 +0800] "GET /wp-content/uploads/revslider/slider-1/1750861156-logistics_Slider_3840%C3%972160_20250625191356-scaled-50x100.webp HTTP/1.1" 200 1416 "http://cqqizhou.com/" "Mozilla/5.0 (Windows NT 10.0; Win64; x64) AppleWebKit/537.36 (KHTML, like Gecko) Chrome/117.0.5938.132 Safari/537.36"
205.169.39.18 - - [20/Nov/2025:14:19:26 +0800] "GET /wp-content/uploads/2025/07/1753587901-Slider_3840%C3%972160_20250727-scaled-50x100.webp HTTP/1.1" 200 1660 "http://cqqizhou.com/" "Mozilla/5.0 (Windows NT 10.0; Win64; x64) AppleWebKit/537.36 (KHTML, like Gecko) Chrome/117.0.5938.132 Safari/537.36"
205.169.39.18 - - [20/Nov/2025:14:19:27 +0800] "GET /wp-content/uploads/2025/07/1753587901-Slider_3840%C3%972160_20250727-scaled-50x100.webp HTTP/1.1" 200 1660 "http://cqqizhou.com/" "Mozilla/5.0 (Windows NT 10.0; Win64; x64) AppleWebKit/537.36 (KHTML, like Gecko) Chrome/117.0.5938.132 Safari/537.36"
205.169.39.18 - - [20/Nov/2025:14:19:27 +0800] "GET /wp-content/uploads/revslider/slider-1/1750861156-logistics_Slider_3840%C3%972160_20250625191356-scaled-50x100.webp HTTP/1.1" 200 1416 "http://cqqizhou.com/" "Mozilla/5.0 (Windows NT 10.0; Win64; x64) AppleWebKit/537.36 (KHTML, like Gecko) Chrome/117.0.5938.132 Safari/537.36"
36.133.115.36 - - [20/Nov/2025:14:19:27 +0800] "POST /wp-cron.php?doing_wp_cron=1763619567.6661200523376464843750 HTTP/1.1" 200 31 "-" "WordPress/6.8.3; http://cqqizhou.com"
205.169.39.18 - - [20/Nov/2025:14:19:27 +0800] "GET /wp-json/sliderrevolution/sliders/1?srengine=7&slideid=3 HTTP/1.1" 200 2292 "http://cqqizhou.com/" "Mozilla/5.0 (Windows NT 10.0; Win64; x64) AppleWebKit/537.36 (KHTML, like Gecko) Chrome/117.0.5938.132 Safari/537.36"
205.169.39.18 - - [20/Nov/2025:14:19:27 +0800] "GET /wp-json/sliderrevolution/sliders/1?srengine=7&slideid=2 HTTP/1.1" 200 2058 "http://cqqizhou.com/" "Mozilla/5.0 (Windows NT 10.0; Win64; x64) AppleWebKit/537.36 (KHTML, like Gecko) Chrome/117.0.5938.132 Safari/537.36"
205.169.39.18 - - [20/Nov/2025:14:19:29 +0800] "GET /wp-content/uploads/2025/07/1753587901-Slider_3840%C3%972160_20250727-scaled.webp HTTP/1.1" 200 141034 "http://cqqizhou.com/" "Mozilla/5.0 (Windows NT 10.0; Win64; x64) AppleWebKit/537.36 (KHTML, like Gecko) Chrome/117.0.5938.132 Safari/537.36"
205.169.39.18 - - [20/Nov/2025:14:19:29 +0800] "GET /wp-content/uploads/revslider/slider-1/1750861156-logistics_Slider_3840%C3%972160_20250625191356-scaled.webp HTTP/1.1" 200 197360 "http://cqqizhou.com/" "Mozilla/5.0 (Windows NT 10.0; Win64; x64) AppleWebKit/537.36 (KHTML, like Gecko) Chrome/117.0.5938.132 Safari/537.36"
205.169.39.18 - - [20/Nov/2025:14:19:36 +0800] "GET /wp-content/uploads/revslider/slider-1/1750929639-yuanjing_Slider_3840%C3%972160_20250626171955-scaled-50x100.webp HTTP/1.1" 200 1784 "http://cqqizhou.com/" "Mozilla/5.0 (X11; Linux x86_64) AppleWebKit/537.36 (KHTML, like Gecko) HeadlessChrome/127.0.6533.119 Safari/537.36"
36.133.115.36 - - [20/Nov/2025:14:33:36 +0800] "POST /wp-cron.php?doing_wp_cron=1763620416.0857648849487304687500 HTTP/1.1" 200 31 "-" "WordPress/6.8.3; http://cqqizhou.com"
216.73.216.158 - - [20/Nov/2025:14:33:36 +0800] "GET /robots.txt HTTP/1.1" 200 390 "-" "Mozilla/5.0 AppleWebKit/537.36 (KHTML, like Gecko; compatible; ClaudeBot/1.0; +claudebot@anthropic.com)"
216.73.216.158 - - [20/Nov/2025:14:33:37 +0800] "GET /wp-sitemap.xml HTTP/1.1" 501 253 "-" "Mozilla/5.0 AppleWebKit/537.36 (KHTML, like Gecko; compatible; ClaudeBot/1.0; +claudebot@anthropic.com)"
36.133.115.36 - - [20/Nov/2025:14:35:40 +0800] "POST /wp-cron.php?doing_wp_cron=1763620540.1275119781494140625000 HTTP/1.1" 200 31 "-" "WordPress/6.8.3; http://cqqizhou.com"
121.199.160.207 - - [20/Nov/2025:14:35:40 +0800] "GET / HTTP/1.1" 301 5 "-" "Mozilla/5.0 (Windows NT 10.0; Win64; x64) AppleWebKit/537.36 (KHTML, like Gecko) Chrome/59.0.3071.115 Safari/537.36"
36.133.115.36 - - [20/Nov/2025:14:46:36 +0800] "POST /wp-cron.php?doing_wp_cron=1763621196.5354390144348144531250 HTTP/1.1" 200 31 "-" "WordPress/6.8.3; http://cqqizhou.com"
206.168.34.220 - - [20/Nov/2025:14:46:36 +0800] "GET /sitemap.xml HTTP/1.1" 200 499 "-" "Mozilla/5.0 (compatible; CensysInspect/1.1; +https://about.censys.io/)"
36.133.115.36 - - [20/Nov/2025:14:52:21 +0800] "POST /wp-cron.php?doing_wp_cron=1763621541.1631679534912109375000 HTTP/1.1" 200 31 "-" "WordPress/6.8.3; http://cqqizhou.com"
66.132.153.130 - - [20/Nov/2025:14:52:21 +0800] "GET / HTTP/1.1" 301 5 "-" "Mozilla/5.0 (compatible; CensysInspect/1.1; +https://about.censys.io/)"
66.132.153.130 - - [20/Nov/2025:14:52:28 +0800] "GET /sitemap.xml HTTP/1.1" 200 499 "-" "Mozilla/5.0 (compatible; CensysInspect/1.1; +https://about.censys.io/)"
36.133.115.36 - - [20/Nov/2025:15:05:22 +0800] "POST /wp-cron.php?doing_wp_cron=1763622322.1121590137481689453125 HTTP/1.1" 200 31 "-" "WordPress/6.8.3; http://cqqizhou.com"
43.157.147.3 - - [20/Nov/2025:15:05:22 +0800] "GET / HTTP/1.1" 301 5 "-" "Mozilla/5.0 (iPhone; CPU iPhone OS 13_2_3 like Mac OS X) AppleWebKit/605.1.15 (KHTML, like Gecko) Version/13.0.3 Mobile/15E148 Safari/604.1"
