43.157.147.3 - - [20/Nov/2025:15:05:24 +0800] "GET / HTTP/1.1" 200 33526 "http://36.133.115.36" "Mozilla/5.0 (iPhone; CPU iPhone OS 13_2_3 like Mac OS X) AppleWebKit/605.1.15 (KHTML, like Gecko) Version/13.0.3 Mobile/15E148 Safari/604.1"
14.108.233.224 - - [20/Nov/2025:15:16:33 +0800] "GET / HTTP/1.1" 200 33988 "-" "Mozilla/5.0 (Windows NT 10.0; Win64; x64) AppleWebKit/537.36 (KHTML, like Gecko) Chrome/142.0.0.0 Safari/537.36 Edg/142.0.0.0"
14.108.233.224 - - [20/Nov/2025:15:16:33 +0800] "GET /wp-content/uploads/2025/07/1751425283-qizhou.kf_.qq_.com_.webp HTTP/1.1" 200 16864 "http://cqqizhou.com/" "Mozilla/5.0 (Windows NT 10.0; Win64; x64) AppleWebKit/537.36 (KHTML, like Gecko) Chrome/142.0.0.0 Safari/537.36 Edg/142.0.0.0"
14.108.233.224 - - [20/Nov/2025:15:16:34 +0800] "GET /wp-content/uploads/revslider/slider-1/1750929639-yuanjing_Slider_3840%C3%972160_20250626171955-scaled.webp HTTP/1.1" 200 203290 "http://cqqizhou.com/" "Mozilla/5.0 (Windows NT 10.0; Win64; x64) AppleWebKit/537.36 (KHTML, like Gecko) Chrome/142.0.0.0 Safari/537.36 Edg/142.0.0.0"
14.108.233.224 - - [20/Nov/2025:15:16:34 +0800] "GET /wp-content/uploads/2025/07/1753453096-%E5%8F%8C%E7%9B%B8%E9%92%A2product_Single600%C3%97284.webp HTTP/1.1" 200 14562 "http://cqqizhou.com/" "Mozilla/5.0 (Windows NT 10.0; Win64; x64) AppleWebKit/537.36 (KHTML, like Gecko) Chrome/142.0.0.0 Safari/537.36 Edg/142.0.0.0"
14.108.233.224 - - [20/Nov/2025:15:16:34 +0800] "GET /wp-content/uploads/2025/07/1753456723-%E5%8F%8C%E7%9B%B8%E9%92%A2roduct_Single600.webp HTTP/1.1" 200 22790 "http://cqqizhou.com/" "Mozilla/5.0 (Windows NT 10.0; Win64; x64) AppleWebKit/537.36 (KHTML, like Gecko) Chrome/142.0.0.0 Safari/537.36 Edg/142.0.0.0"
14.108.233.224 - - [20/Nov/2025:15:16:34 +0800] "GET /wp-content/uploads/2025/07/1753456770-%E7%83%AD%E9%95%80%E9%94%8C%E5%8D%B7product_Single600.webp HTTP/1.1" 200 27502 "http://cqqizhou.com/" "Mozilla/5.0 (Windows NT 10.0; Win64; x64) AppleWebKit/537.36 (KHTML, like Gecko) Chrome/142.0.0.0 Safari/537.36 Edg/142.0.0.0"
14.108.233.224 - - [20/Nov/2025:15:16:34 +0800] "GET /wp-content/uploads/2025/07/1753453127-%E4%BD%99%E5%8D%B7product_Single600%C3%97284.webp HTTP/1.1" 200 18744 "http://cqqizhou.com/" "Mozilla/5.0 (Windows NT 10.0; Win64; x64) AppleWebKit/537.36 (KHTML, like Gecko) Chrome/142.0.0.0 Safari/537.36 Edg/142.0.0.0"
14.108.233.224 - - [20/Nov/2025:15:16:34 +0800] "GET /wp-content/uploads/revslider/slider-1/1750861156-logistics_Slider_3840%C3%972160_20250625191356-scaled-50x100.webp HTTP/1.1" 200 1416 "http://cqqizhou.com/" "Mozilla/5.0 (Windows NT 10.0; Win64; x64) AppleWebKit/537.36 (KHTML, like Gecko) Chrome/142.0.0.0 Safari/537.36 Edg/142.0.0.0"
14.108.233.224 - - [20/Nov/2025:15:16:34 +0800] "GET /wp-content/uploads/2025/07/1753587901-Slider_3840%C3%972160_20250727-scaled-50x100.webp HTTP/1.1" 200 1660 "http://cqqizhou.com/" "Mozilla/5.0 (Windows NT 10.0; Win64; x64) AppleWebKit/537.36 (KHTML, like Gecko) Chrome/142.0.0.0 Safari/537.36 Edg/142.0.0.0"
14.108.233.224 - - [20/Nov/2025:15:16:35 +0800] "GET /wp-json/sliderrevolution/sliders/1?srengine=7&slideid=2 HTTP/1.1" 200 2058 "http://cqqizhou.com/" "Mozilla/5.0 (Windows NT 10.0; Win64; x64) AppleWebKit/537.36 (KHTML, like Gecko) Chrome/142.0.0.0 Safari/537.36 Edg/142.0.0.0"
36.133.115.36 - - [20/Nov/2025:15:16:35 +0800] "POST /wp-cron.php?doing_wp_cron=1763622995.0524110794067382812500 HTTP/1.1" 200 31 "-" "WordPress/6.8.3; http://cqqizhou.com"
14.108.233.224 - - [20/Nov/2025:15:16:35 +0800] "GET /wp-json/sliderrevolution/sliders/1?srengine=7&slideid=3 HTTP/1.1" 200 2292 "http://cqqizhou.com/" "Mozilla/5.0 (Windows NT 10.0; Win64; x64) AppleWebKit/537.36 (KHTML, like Gecko) Chrome/142.0.0.0 Safari/537.36 Edg/142.0.0.0"
14.108.233.224 - - [20/Nov/2025:15:16:35 +0800] "GET /wp-content/uploads/revslider/slider-1/1750861156-logistics_Slider_3840%C3%972160_20250625191356-scaled.webp HTTP/1.1" 200 197360 "http://cqqizhou.com/" "Mozilla/5.0 (Windows NT 10.0; Win64; x64) AppleWebKit/537.36 (KHTML, like Gecko) Chrome/142.0.0.0 Safari/537.36 Edg/142.0.0.0"
14.108.233.224 - - [20/Nov/2025:15:16:35 +0800] "GET /wp-content/uploads/2025/07/1753587901-Slider_3840%C3%972160_20250727-scaled.webp HTTP/1.1" 200 141034 "http://cqqizhou.com/" "Mozilla/5.0 (Windows NT 10.0; Win64; x64) AppleWebKit/537.36 (KHTML, like Gecko) Chrome/142.0.0.0 Safari/537.36 Edg/142.0.0.0"
14.108.233.224 - - [20/Nov/2025:15:16:37 +0800] "GET /media/ HTTP/1.1" 200 29748 "http://cqqizhou.com/" "Mozilla/5.0 (Windows NT 10.0; Win64; x64) AppleWebKit/537.36 (KHTML, like Gecko) Chrome/142.0.0.0 Safari/537.36 Edg/142.0.0.0"
14.108.233.224 - - [20/Nov/2025:15:16:37 +0800] "GET /wp-content/uploads/2025/11/1762861549-%E5%85%A8%E6%99%AF%E5%90%AF%E8%88%9F%E5%9D%A4%E7%85%8C%E5%BA%93.webp HTTP/1.1" 200 18812 "http://cqqizhou.com/media/" "Mozilla/5.0 (Windows NT 10.0; Win64; x64) AppleWebKit/537.36 (KHTML, like Gecko) Chrome/142.0.0.0 Safari/537.36 Edg/142.0.0.0"
14.108.233.224 - - [20/Nov/2025:15:16:37 +0800] "GET /wp-content/uploads/2025/11/1762861550-%E4%B8%87%E5%98%89%E7%9B%9B%E5%BA%93%E5%85%A8%E6%99%AF%E5%9B%BE.webp HTTP/1.1" 200 24278 "http://cqqizhou.com/media/" "Mozilla/5.0 (Windows NT 10.0; Win64; x64) AppleWebKit/537.36 (KHTML, like Gecko) Chrome/142.0.0.0 Safari/537.36 Edg/142.0.0.0"
14.108.233.224 - - [20/Nov/2025:15:16:37 +0800] "GET /wp-content/uploads/media/qizhou_Brochure.webp HTTP/1.1" 200 26142 "http://cqqizhou.com/media/" "Mozilla/5.0 (Windows NT 10.0; Win64; x64) AppleWebKit/537.36 (KHTML, like Gecko) Chrome/142.0.0.0 Safari/537.36 Edg/142.0.0.0"
14.108.233.224 - - [20/Nov/2025:15:22:48 +0800] "GET /media/ HTTP/1.1" 200 29767 "-" "Mozilla/5.0 (Windows NT 10.0; Win64; x64) AppleWebKit/537.36 (KHTML, like Gecko) Chrome/132.0.0.0 Safari/537.36 NetType/WIFI MicroMessenger/7.0.20.1781(0x6700143B) WindowsWechat(0x63090a13) UnifiedPCWindowsWechat(0xf2541211) XWEB/16815 Flue"
14.108.233.224 - - [20/Nov/2025:15:22:48 +0800] "GET /wp-content/uploads/2025/11/1762861549-%E5%85%A8%E6%99%AF%E5%90%AF%E8%88%9F%E5%9D%A4%E7%85%8C%E5%BA%93.webp HTTP/1.1" 200 18812 "http://cqqizhou.com/media/" "Mozilla/5.0 (Windows NT 10.0; Win64; x64) AppleWebKit/537.36 (KHTML, like Gecko) Chrome/132.0.0.0 Safari/537.36 NetType/WIFI MicroMessenger/7.0.20.1781(0x6700143B) WindowsWechat(0x63090a13) UnifiedPCWindowsWechat(0xf2541211) XWEB/16815 Flue"
14.108.233.224 - - [20/Nov/2025:15:22:48 +0800] "GET /wp-content/uploads/2025/07/1751425283-qizhou.kf_.qq_.com_.webp HTTP/1.1" 200 16864 "http://cqqizhou.com/media/" "Mozilla/5.0 (Windows NT 10.0; Win64; x64) AppleWebKit/537.36 (KHTML, like Gecko) Chrome/132.0.0.0 Safari/537.36 NetType/WIFI MicroMessenger/7.0.20.1781(0x6700143B) WindowsWechat(0x63090a13) UnifiedPCWindowsWechat(0xf2541211) XWEB/16815 Flue"
14.108.233.224 - - [20/Nov/2025:15:22:48 +0800] "GET /wp-content/uploads/2025/11/1762861550-%E4%B8%87%E5%98%89%E7%9B%9B%E5%BA%93%E5%85%A8%E6%99%AF%E5%9B%BE.webp HTTP/1.1" 200 24278 "http://cqqizhou.com/media/" "Mozilla/5.0 (Windows NT 10.0; Win64; x64) AppleWebKit/537.36 (KHTML, like Gecko) Chrome/132.0.0.0 Safari/537.36 NetType/WIFI MicroMessenger/7.0.20.1781(0x6700143B) WindowsWechat(0x63090a13) UnifiedPCWindowsWechat(0xf2541211) XWEB/16815 Flue"
14.108.233.224 - - [20/Nov/2025:15:22:48 +0800] "GET /wp-content/uploads/media/qizhou_Brochure.webp HTTP/1.1" 200 26142 "http://cqqizhou.com/media/" "Mozilla/5.0 (Windows NT 10.0; Win64; x64) AppleWebKit/537.36 (KHTML, like Gecko) Chrome/132.0.0.0 Safari/537.36 NetType/WIFI MicroMessenger/7.0.20.1781(0x6700143B) WindowsWechat(0x63090a13) UnifiedPCWindowsWechat(0xf2541211) XWEB/16815 Flue"
36.133.115.36 - - [20/Nov/2025:15:22:53 +0800] "POST /wp-cron.php?doing_wp_cron=1763623373.6064920425415039062500 HTTP/1.1" 200 31 "-" "WordPress/6.8.3; http://cqqizhou.com"
14.108.233.224 - - [20/Nov/2025:15:22:53 +0800] "POST /wp-admin/admin-ajax.php HTTP/1.1" 200 100 "http://cqqizhou.com/media/" "Mozilla/5.0 (Windows NT 10.0; Win64; x64) AppleWebKit/537.36 (KHTML, like Gecko) Chrome/132.0.0.0 Safari/537.36 NetType/WIFI MicroMessenger/7.0.20.1781(0x6700143B) WindowsWechat(0x63090a13) UnifiedPCWindowsWechat(0xf2541211) XWEB/16815 Flue"
14.108.233.224 - - [20/Nov/2025:15:22:54 +0800] "POST /wp-admin/admin-ajax.php HTTP/1.1" 200 493 "http://cqqizhou.com/media/" "Mozilla/5.0 (Windows NT 10.0; Win64; x64) AppleWebKit/537.36 (KHTML, like Gecko) Chrome/132.0.0.0 Safari/537.36 NetType/WIFI MicroMessenger/7.0.20.1781(0x6700143B) WindowsWechat(0x63090a13) UnifiedPCWindowsWechat(0xf2541211) XWEB/16815 Flue"
14.108.233.224 - - [20/Nov/2025:15:26:12 +0800] "GET /media/ HTTP/1.1" 304 0 "-" "Mozilla/5.0 (Windows NT 10.0; Win64; x64) AppleWebKit/537.36 (KHTML, like Gecko) Chrome/132.0.0.0 Safari/537.36 NetType/WIFI MicroMessenger/7.0.20.1781(0x6700143B) WindowsWechat(0x63090a13) UnifiedPCWindowsWechat(0xf2541211) XWEB/16815 Flue"
36.133.115.36 - - [20/Nov/2025:15:26:14 +0800] "POST /wp-cron.php?doing_wp_cron=1763623574.0899090766906738281250 HTTP/1.1" 200 31 "-" "WordPress/6.8.3; http://cqqizhou.com"
14.108.233.224 - - [20/Nov/2025:15:26:14 +0800] "POST /wp-admin/admin-ajax.php HTTP/1.1" 200 95 "http://cqqizhou.com/media/" "Mozilla/5.0 (Windows NT 10.0; Win64; x64) AppleWebKit/537.36 (KHTML, like Gecko) Chrome/132.0.0.0 Safari/537.36 NetType/WIFI MicroMessenger/7.0.20.1781(0x6700143B) WindowsWechat(0x63090a13) UnifiedPCWindowsWechat(0xf2541211) XWEB/16815 Flue"
180.163.31.51 - - [20/Nov/2025:15:26:15 +0800] "GET /media/ HTTP/1.1" 499 0 "-" "Mozilla/5.0 (iPhone; CPU iPhone OS 15_7_1 like Mac OS X) AppleWebKit/605.1.15 (KHTML, like Gecko) Mobile/15E148 MicroMessenger/8.0.42(0x18002a2c) NetType/WIFI Language/zh_CN"
180.163.30.223 - - [20/Nov/2025:15:26:15 +0800] "GET /media/ HTTP/1.1" 200 23992 "-" "Mozilla/5.0 (iPhone; CPU iPhone OS 15_7_1 like Mac OS X) AppleWebKit/605.1.15 (KHTML, like Gecko) Mobile/15E148 MicroMessenger/8.0.42(0x18002a2c) NetType/WIFI Language/zh_CN"
14.108.233.224 - - [20/Nov/2025:15:26:20 +0800] "GET /wp-content/uploads/2025/11/1762864379-QZ_Photo-6.webp HTTP/1.1" 200 121336 "http://cqqizhou.com/media/" "Mozilla/5.0 (Windows NT 10.0; Win64; x64) AppleWebKit/537.36 (KHTML, like Gecko) Chrome/132.0.0.0 Safari/537.36 NetType/WIFI MicroMessenger/7.0.20.1781(0x6700143B) WindowsWechat(0x63090a13) UnifiedPCWindowsWechat(0xf2541211) XWEB/16815 Flue"
14.108.233.224 - - [20/Nov/2025:15:26:20 +0800] "GET /wp-content/uploads/2025/11/1762908477-QZ_Photo-2.webp HTTP/1.1" 200 185928 "http://cqqizhou.com/media/" "Mozilla/5.0 (Windows NT 10.0; Win64; x64) AppleWebKit/537.36 (KHTML, like Gecko) Chrome/132.0.0.0 Safari/537.36 NetType/WIFI MicroMessenger/7.0.20.1781(0x6700143B) WindowsWechat(0x63090a13) UnifiedPCWindowsWechat(0xf2541211) XWEB/16815 Flue"
14.108.233.224 - - [20/Nov/2025:15:26:20 +0800] "GET /wp-content/uploads/2025/11/1762864378-QZ_Photo-5.webp HTTP/1.1" 200 150306 "http://cqqizhou.com/media/" "Mozilla/5.0 (Windows NT 10.0; Win64; x64) AppleWebKit/537.36 (KHTML, like Gecko) Chrome/132.0.0.0 Safari/537.36 NetType/WIFI MicroMessenger/7.0.20.1781(0x6700143B) WindowsWechat(0x63090a13) UnifiedPCWindowsWechat(0xf2541211) XWEB/16815 Flue"
14.108.233.224 - - [20/Nov/2025:15:26:21 +0800] "GET /wp-content/uploads/2025/11/1762864385-QZ_Photo-10.webp HTTP/1.1" 200 145408 "http://cqqizhou.com/media/" "Mozilla/5.0 (Windows NT 10.0; Win64; x64) AppleWebKit/537.36 (KHTML, like Gecko) Chrome/132.0.0.0 Safari/537.36 NetType/WIFI MicroMessenger/7.0.20.1781(0x6700143B) WindowsWechat(0x63090a13) UnifiedPCWindowsWechat(0xf2541211) XWEB/16815 Flue"
14.108.233.224 - - [20/Nov/2025:15:26:21 +0800] "GET /wp-content/uploads/2025/11/1762864369-QZ_Photo-11.webp HTTP/1.1" 200 240198 "http://cqqizhou.com/media/" "Mozilla/5.0 (Windows NT 10.0; Win64; x64) AppleWebKit/537.36 (KHTML, like Gecko) Chrome/132.0.0.0 Safari/537.36 NetType/WIFI MicroMessenger/7.0.20.1781(0x6700143B) WindowsWechat(0x63090a13) UnifiedPCWindowsWechat(0xf2541211) XWEB/16815 Flue"
14.108.233.224 - - [20/Nov/2025:15:26:21 +0800] "GET /wp-content/uploads/2025/11/1762864376-QZ_Photo-4.webp HTTP/1.1" 200 249734 "http://cqqizhou.com/media/" "Mozilla/5.0 (Windows NT 10.0; Win64; x64) AppleWebKit/537.36 (KHTML, like Gecko) Chrome/132.0.0.0 Safari/537.36 NetType/WIFI MicroMessenger/7.0.20.1781(0x6700143B) WindowsWechat(0x63090a13) UnifiedPCWindowsWechat(0xf2541211) XWEB/16815 Flue"
14.108.233.224 - - [20/Nov/2025:15:26:21 +0800] "GET /wp-content/uploads/2025/11/1762908489-QZ_Photo-9.webp HTTP/1.1" 200 149094 "http://cqqizhou.com/media/" "Mozilla/5.0 (Windows NT 10.0; Win64; x64) AppleWebKit/537.36 (KHTML, like Gecko) Chrome/132.0.0.0 Safari/537.36 NetType/WIFI MicroMessenger/7.0.20.1781(0x6700143B) WindowsWechat(0x63090a13) UnifiedPCWindowsWechat(0xf2541211) XWEB/16815 Flue"
14.108.233.224 - - [20/Nov/2025:15:26:21 +0800] "GET /wp-content/uploads/2025/11/1762864375-QZ_Photo-3.webp HTTP/1.1" 200 338100 "http://cqqizhou.com/media/" "Mozilla/5.0 (Windows NT 10.0; Win64; x64) AppleWebKit/537.36 (KHTML, like Gecko) Chrome/132.0.0.0 Safari/537.36 NetType/WIFI MicroMessenger/7.0.20.1781(0x6700143B) WindowsWechat(0x63090a13) UnifiedPCWindowsWechat(0xf2541211) XWEB/16815 Flue"
14.108.233.224 - - [20/Nov/2025:15:26:21 +0800] "GET /wp-content/uploads/2025/07/1750649186-qizhou1920x1080_3.webp HTTP/1.1" 200 134070 "http://cqqizhou.com/media/" "Mozilla/5.0 (Windows NT 10.0; Win64; x64) AppleWebKit/537.36 (KHTML, like Gecko) Chrome/132.0.0.0 Safari/537.36 NetType/WIFI MicroMessenger/7.0.20.1781(0x6700143B) WindowsWechat(0x63090a13) UnifiedPCWindowsWechat(0xf2541211) XWEB/16815 Flue"
14.108.233.224 - - [20/Nov/2025:15:26:21 +0800] "GET /wp-content/uploads/2025/11/1762864370-QZ_Photo-1.webp HTTP/1.1" 200 162970 "http://cqqizhou.com/media/" "Mozilla/5.0 (Windows NT 10.0; Win64; x64) AppleWebKit/537.36 (KHTML, like Gecko) Chrome/132.0.0.0 Safari/537.36 NetType/WIFI MicroMessenger/7.0.20.1781(0x6700143B) WindowsWechat(0x63090a13) UnifiedPCWindowsWechat(0xf2541211) XWEB/16815 Flue"
14.108.233.224 - - [20/Nov/2025:15:29:23 +0800] "GET /wp-content/uploads/2025/11/1762864378-QZ_Photo-5.webp HTTP/1.1" 200 150306 "http://cqqizhou.com/media/" "Mozilla/5.0 (Windows NT 10.0; Win64; x64) AppleWebKit/537.36 (KHTML, like Gecko) Chrome/142.0.0.0 Safari/537.36 Edg/142.0.0.0"
14.108.233.224 - - [20/Nov/2025:15:29:23 +0800] "GET /wp-content/uploads/2025/11/1762864379-QZ_Photo-6.webp HTTP/1.1" 200 121336 "http://cqqizhou.com/media/" "Mozilla/5.0 (Windows NT 10.0; Win64; x64) AppleWebKit/537.36 (KHTML, like Gecko) Chrome/142.0.0.0 Safari/537.36 Edg/142.0.0.0"
14.108.233.224 - - [20/Nov/2025:15:29:23 +0800] "GET /wp-content/uploads/2025/11/1762908477-QZ_Photo-2.webp HTTP/1.1" 200 185928 "http://cqqizhou.com/media/" "Mozilla/5.0 (Windows NT 10.0; Win64; x64) AppleWebKit/537.36 (KHTML, like Gecko) Chrome/142.0.0.0 Safari/537.36 Edg/142.0.0.0"
14.108.233.224 - - [20/Nov/2025:15:29:23 +0800] "GET /wp-content/uploads/2025/11/1762864376-QZ_Photo-4.webp HTTP/1.1" 200 249734 "http://cqqizhou.com/media/" "Mozilla/5.0 (Windows NT 10.0; Win64; x64) AppleWebKit/537.36 (KHTML, like Gecko) Chrome/142.0.0.0 Safari/537.36 Edg/142.0.0.0"
14.108.233.224 - - [20/Nov/2025:15:29:23 +0800] "GET /wp-content/uploads/2025/11/1762864369-QZ_Photo-11.webp HTTP/1.1" 200 240198 "http://cqqizhou.com/media/" "Mozilla/5.0 (Windows NT 10.0; Win64; x64) AppleWebKit/537.36 (KHTML, like Gecko) Chrome/142.0.0.0 Safari/537.36 Edg/142.0.0.0"
14.108.233.224 - - [20/Nov/2025:15:29:23 +0800] "GET /wp-content/uploads/2025/11/1762908489-QZ_Photo-9.webp HTTP/1.1" 200 149094 "http://cqqizhou.com/media/" "Mozilla/5.0 (Windows NT 10.0; Win64; x64) AppleWebKit/537.36 (KHTML, like Gecko) Chrome/142.0.0.0 Safari/537.36 Edg/142.0.0.0"
14.108.233.224 - - [20/Nov/2025:15:29:23 +0800] "GET /wp-content/uploads/2025/11/1762864385-QZ_Photo-10.webp HTTP/1.1" 200 145408 "http://cqqizhou.com/media/" "Mozilla/5.0 (Windows NT 10.0; Win64; x64) AppleWebKit/537.36 (KHTML, like Gecko) Chrome/142.0.0.0 Safari/537.36 Edg/142.0.0.0"
14.108.233.224 - - [20/Nov/2025:15:29:23 +0800] "GET /wp-content/uploads/2025/11/1762864375-QZ_Photo-3.webp HTTP/1.1" 200 338100 "http://cqqizhou.com/media/" "Mozilla/5.0 (Windows NT 10.0; Win64; x64) AppleWebKit/537.36 (KHTML, like Gecko) Chrome/142.0.0.0 Safari/537.36 Edg/142.0.0.0"
14.108.233.224 - - [20/Nov/2025:15:29:23 +0800] "GET /wp-content/uploads/2025/11/1762864370-QZ_Photo-1.webp HTTP/1.1" 200 162970 "http://cqqizhou.com/media/" "Mozilla/5.0 (Windows NT 10.0; Win64; x64) AppleWebKit/537.36 (KHTML, like Gecko) Chrome/142.0.0.0 Safari/537.36 Edg/142.0.0.0"
14.108.233.224 - - [20/Nov/2025:15:29:23 +0800] "GET /wp-content/uploads/2025/07/1750649186-qizhou1920x1080_3.webp HTTP/1.1" 200 134070 "http://cqqizhou.com/media/" "Mozilla/5.0 (Windows NT 10.0; Win64; x64) AppleWebKit/537.36 (KHTML, like Gecko) Chrome/142.0.0.0 Safari/537.36 Edg/142.0.0.0"
36.133.115.36 - - [20/Nov/2025:15:39:26 +0800] "POST /wp-cron.php?doing_wp_cron=1763624366.2911651134490966796875 HTTP/1.1" 200 31 "-" "WordPress/6.8.3; http://cqqizhou.com"
37.252.86.167 - - [20/Nov/2025:15:39:27 +0800] "GET / HTTP/1.1" 200 152189 "-" "Mozilla/5.0 (Macintosh; Intel Mac OS X 10_11_6) AppleWebKit/601.7.7 (KHTML, like Gecko) Version/9.1.2 Safari/601.7.7"
79.110.53.14 - - [20/Nov/2025:15:43:34 +0800] "GET / HTTP/1.1" 200 153877 "-" "Mozilla/5.0 (Windows NT 10.0; Win64; x64) AppleWebKit/537.36 (KHTML, like Gecko) Chrome/78.0.3904.108 Safari/537.36"
79.110.53.14 - - [20/Nov/2025:15:43:57 +0800] "GET / HTTP/1.1" 200 153877 "-" "Mozilla/5.0 (Windows NT 10.0; Win64; x64) AppleWebKit/537.36 (KHTML, like Gecko) Chrome/78.0.3904.108 Safari/537.36"
36.133.115.36 - - [20/Nov/2025:15:43:59 +0800] "POST /wp-cron.php?doing_wp_cron=1763624639.1225390434265136718750 HTTP/1.1" 200 31 "-" "WordPress/6.8.3; http://cqqizhou.com"
79.110.53.14 - - [20/Nov/2025:15:43:59 +0800] "GET /wp-includes/wlwmanifest.xml HTTP/1.1" 404 31381 "-" "Mozilla/5.0 (Windows NT 10.0; Win64; x64) AppleWebKit/537.36 (KHTML, like Gecko) Chrome/78.0.3904.108 Safari/537.36"
36.133.115.36 - - [20/Nov/2025:15:45:13 +0800] "POST /wp-cron.php?doing_wp_cron=1763624713.5549030303955078125000 HTTP/1.1" 200 31 "-" "WordPress/6.8.3; http://cqqizhou.com"
79.110.53.14 - - [20/Nov/2025:15:45:13 +0800] "GET /?author=2 HTTP/1.1" 404 31381 "-" "Mozilla/5.0 (Windows NT 10.0; Win64; x64) AppleWebKit/537.36 (KHTML, like Gecko) Chrome/78.0.3904.108 Safari/537.36"
79.110.53.14 - - [20/Nov/2025:15:45:17 +0800] "GET /wp-json/wp/v2/users/ HTTP/1.1" 200 498 "-" "Mozilla/5.0 (Windows NT 10.0; Win64; x64) AppleWebKit/537.36 (KHTML, like Gecko) Chrome/78.0.3904.108 Safari/537.36"
36.133.115.36 - - [20/Nov/2025:15:56:00 +0800] "POST /wp-cron.php?doing_wp_cron=1763625360.7729170322418212890625 HTTP/1.1" 200 31 "-" "WordPress/6.8.3; http://cqqizhou.com"
71.6.146.185 - - [20/Nov/2025:15:56:00 +0800] "GET / HTTP/1.1" 301 5 "-" "Mozilla/5.0 (Windows NT 6.1) AppleWebKit/537.36 (KHTML, like Gecko) Chrome/41.0.2228.0 Safari/537.36"
71.6.146.185 - - [20/Nov/2025:15:56:05 +0800] "GET /sitemap.xml HTTP/1.1" 200 2410 "-" "-"
36.133.115.36 - - [20/Nov/2025:16:23:16 +0800] "POST /wp-cron.php?doing_wp_cron=1763626996.2797479629516601562500 HTTP/1.1" 200 31 "-" "WordPress/6.8.3; http://cqqizhou.com"
110.42.251.11 - - [20/Nov/2025:16:23:16 +0800] "GET /media/ HTTP/1.0" 200 108569 "-" "Mozilla/5.0 (iPhone; CPU iPhone OS 6_1_3 like Mac OS X) AppleWebKit/536.26 (KHTML, like Gecko) Mobile/10B329 MicroMessenger/5.0.1"
110.42.208.220 - - [20/Nov/2025:16:23:17 +0800] "GET /wp-content/uploads/2025/11/1762861549-%E5%85%A8%E6%99%AF%E5%90%AF%E8%88%9F%E5%9D%A4%E7%85%8C%E5%BA%93.webp HTTP/1.0" 200 18812 "http://cqqizhou.com/media/" "Mozilla/5.0 (iPhone; CPU iPhone OS 6_1_3 like Mac OS X) AppleWebKit/536.26 (KHTML, like Gecko) Mobile/10B329 MicroMessenger/5.0.1"
110.42.208.220 - - [20/Nov/2025:16:23:17 +0800] "GET /wp-content/uploads/2025/11/1762861550-%E4%B8%87%E5%98%89%E7%9B%9B%E5%BA%93%E5%85%A8%E6%99%AF%E5%9B%BE.webp HTTP/1.0" 200 24278 "http://cqqizhou.com/media/" "Mozilla/5.0 (iPhone; CPU iPhone OS 6_1_3 like Mac OS X) AppleWebKit/536.26 (KHTML, like Gecko) Mobile/10B329 MicroMessenger/5.0.1"
124.222.81.69 - - [20/Nov/2025:16:23:17 +0800] "GET /wp-content/uploads/2025/07/1751425283-qizhou.kf_.qq_.com_.webp HTTP/1.0" 200 16864 "http://cqqizhou.com/media/" "Mozilla/5.0 (iPhone; CPU iPhone OS 6_1_3 like Mac OS X) AppleWebKit/536.26 (KHTML, like Gecko) Mobile/10B329 MicroMessenger/5.0.1"
1.117.76.27 - - [20/Nov/2025:16:23:17 +0800] "GET /wp-content/uploads/media/qizhou_Brochure.webp HTTP/1.0" 200 26142 "http://cqqizhou.com/media/" "Mozilla/5.0 (iPhone; CPU iPhone OS 6_1_3 like Mac OS X) AppleWebKit/536.26 (KHTML, like Gecko) Mobile/10B329 MicroMessenger/5.0.1"
180.163.30.76 - - [20/Nov/2025:16:23:48 +0800] "GET /media/ HTTP/1.1" 200 29767 "-" "Mozilla/5.0 (Windows NT 10.0; Win64; x64) AppleWebKit/537.36 (KHTML, like Gecko) Chrome/135.0.0.0 Safari/537.36"
14.108.233.224 - - [20/Nov/2025:16:26:03 +0800] "GET / HTTP/1.1" 200 33988 "-" "Mozilla/5.0 (Windows NT 10.0; Win64; x64) AppleWebKit/537.36 (KHTML, like Gecko) Chrome/142.0.0.0 Safari/537.36 Edg/142.0.0.0"
14.108.233.224 - - [20/Nov/2025:16:26:03 +0800] "GET /wp-content/uploads/2025/07/1751425283-qizhou.kf_.qq_.com_.webp HTTP/1.1" 200 16864 "http://cqqizhou.com/" "Mozilla/5.0 (Windows NT 10.0; Win64; x64) AppleWebKit/537.36 (KHTML, like Gecko) Chrome/142.0.0.0 Safari/537.36 Edg/142.0.0.0"
14.108.233.224 - - [20/Nov/2025:16:26:03 +0800] "GET /wp-content/uploads/2025/07/1750174127-Marketing1920x800_3.webp HTTP/1.1" 200 52790 "http://cqqizhou.com/wp-content/uploads/elementor/css/post-1666.css?ver=1762870941" "Mozilla/5.0 (Windows NT 10.0; Win64; x64) AppleWebKit/537.36 (KHTML, like Gecko) Chrome/142.0.0.0 Safari/537.36 Edg/142.0.0.0"
14.108.233.224 - - [20/Nov/2025:16:26:04 +0800] "GET /wp-content/uploads/revslider/slider-1/1750929639-yuanjing_Slider_3840%C3%972160_20250626171955-scaled.webp HTTP/1.1" 200 203290 "http://cqqizhou.com/" "Mozilla/5.0 (Windows NT 10.0; Win64; x64) AppleWebKit/537.36 (KHTML, like Gecko) Chrome/142.0.0.0 Safari/537.36 Edg/142.0.0.0"
14.108.233.224 - - [20/Nov/2025:16:26:04 +0800] "GET /wp-content/uploads/2025/07/1753456723-%E5%8F%8C%E7%9B%B8%E9%92%A2roduct_Single600.webp HTTP/1.1" 200 22790 "http://cqqizhou.com/" "Mozilla/5.0 (Windows NT 10.0; Win64; x64) AppleWebKit/537.36 (KHTML, like Gecko) Chrome/142.0.0.0 Safari/537.36 Edg/142.0.0.0"
14.108.233.224 - - [20/Nov/2025:16:26:04 +0800] "GET /wp-content/uploads/2025/07/1753453096-%E5%8F%8C%E7%9B%B8%E9%92%A2product_Single600%C3%97284.webp HTTP/1.1" 200 14562 "http://cqqizhou.com/" "Mozilla/5.0 (Windows NT 10.0; Win64; x64) AppleWebKit/537.36 (KHTML, like Gecko) Chrome/142.0.0.0 Safari/537.36 Edg/142.0.0.0"
14.108.233.224 - - [20/Nov/2025:16:26:04 +0800] "GET /wp-content/uploads/2025/07/1753456770-%E7%83%AD%E9%95%80%E9%94%8C%E5%8D%B7product_Single600.webp HTTP/1.1" 200 27502 "http://cqqizhou.com/" "Mozilla/5.0 (Windows NT 10.0; Win64; x64) AppleWebKit/537.36 (KHTML, like Gecko) Chrome/142.0.0.0 Safari/537.36 Edg/142.0.0.0"
14.108.233.224 - - [20/Nov/2025:16:26:04 +0800] "GET /wp-content/uploads/2025/07/1753453127-%E4%BD%99%E5%8D%B7product_Single600%C3%97284.webp HTTP/1.1" 200 18744 "http://cqqizhou.com/" "Mozilla/5.0 (Windows NT 10.0; Win64; x64) AppleWebKit/537.36 (KHTML, like Gecko) Chrome/142.0.0.0 Safari/537.36 Edg/142.0.0.0"
36.133.115.36 - - [20/Nov/2025:16:26:05 +0800] "POST /wp-cron.php?doing_wp_cron=1763627165.5039029121398925781250 HTTP/1.1" 200 31 "-" "WordPress/6.8.3; http://cqqizhou.com"
14.108.233.224 - - [20/Nov/2025:16:26:05 +0800] "GET /wp-json/sliderrevolution/sliders/1?srengine=7&slideid=3 HTTP/1.1" 200 2292 "http://cqqizhou.com/" "Mozilla/5.0 (Windows NT 10.0; Win64; x64) AppleWebKit/537.36 (KHTML, like Gecko) Chrome/142.0.0.0 Safari/537.36 Edg/142.0.0.0"
14.108.233.224 - - [20/Nov/2025:16:26:05 +0800] "GET /wp-json/sliderrevolution/sliders/1?srengine=7&slideid=2 HTTP/1.1" 200 2058 "http://cqqizhou.com/" "Mozilla/5.0 (Windows NT 10.0; Win64; x64) AppleWebKit/537.36 (KHTML, like Gecko) Chrome/142.0.0.0 Safari/537.36 Edg/142.0.0.0"
14.108.233.224 - - [20/Nov/2025:16:26:05 +0800] "GET /wp-content/uploads/2025/07/1753587901-Slider_3840%C3%972160_20250727-scaled.webp HTTP/1.1" 200 141034 "http://cqqizhou.com/" "Mozilla/5.0 (Windows NT 10.0; Win64; x64) AppleWebKit/537.36 (KHTML, like Gecko) Chrome/142.0.0.0 Safari/537.36 Edg/142.0.0.0"
14.108.233.224 - - [20/Nov/2025:16:26:05 +0800] "GET /wp-content/uploads/revslider/slider-1/1750861156-logistics_Slider_3840%C3%972160_20250625191356-scaled.webp HTTP/1.1" 200 197360 "http://cqqizhou.com/" "Mozilla/5.0 (Windows NT 10.0; Win64; x64) AppleWebKit/537.36 (KHTML, like Gecko) Chrome/142.0.0.0 Safari/537.36 Edg/142.0.0.0"
14.108.233.224 - - [20/Nov/2025:16:26:13 +0800] "GET /contacts/ HTTP/1.1" 200 21608 "http://cqqizhou.com/" "Mozilla/5.0 (Windows NT 10.0; Win64; x64) AppleWebKit/537.36 (KHTML, like Gecko) Chrome/142.0.0.0 Safari/537.36 Edg/142.0.0.0"
14.108.233.224 - - [20/Nov/2025:16:26:13 +0800] "GET /wp-content/uploads/2025/11/1762826323-Contacts2000x400_20251111.webp HTTP/1.1" 200 15144 "http://cqqizhou.com/contacts/" "Mozilla/5.0 (Windows NT 10.0; Win64; x64) AppleWebKit/537.36 (KHTML, like Gecko) Chrome/142.0.0.0 Safari/537.36 Edg/142.0.0.0"
14.108.233.224 - - [20/Nov/2025:16:26:13 +0800] "GET /wp-content/uploads/2025/07/1750005875-qizhou_map2025616.webp HTTP/1.1" 200 348798 "http://cqqizhou.com/contacts/" "Mozilla/5.0 (Windows NT 10.0; Win64; x64) AppleWebKit/537.36 (KHTML, like Gecko) Chrome/142.0.0.0 Safari/537.36 Edg/142.0.0.0"
14.108.233.224 - - [20/Nov/2025:16:26:13 +0800] "GET /wp-json/contact-form-7/v1/contact-forms/158/feedback/schema HTTP/1.1" 200 358 "http://cqqizhou.com/contacts/" "Mozilla/5.0 (Windows NT 10.0; Win64; x64) AppleWebKit/537.36 (KHTML, like Gecko) Chrome/142.0.0.0 Safari/537.36 Edg/142.0.0.0"
14.108.233.224 - - [20/Nov/2025:16:26:13 +0800] "GET /wp-json/contact-form-7/v1/contact-forms/158/refill HTTP/1.1" 200 33 "http://cqqizhou.com/contacts/" "Mozilla/5.0 (Windows NT 10.0; Win64; x64) AppleWebKit/537.36 (KHTML, like Gecko) Chrome/142.0.0.0 Safari/537.36 Edg/142.0.0.0"
14.108.233.224 - - [20/Nov/2025:16:26:14 +0800] "GET /media/ HTTP/1.1" 200 29767 "http://cqqizhou.com/contacts/" "Mozilla/5.0 (Windows NT 10.0; Win64; x64) AppleWebKit/537.36 (KHTML, like Gecko) Chrome/142.0.0.0 Safari/537.36 Edg/142.0.0.0"
14.108.233.224 - - [20/Nov/2025:16:26:14 +0800] "GET /wp-content/uploads/2025/11/1762861549-%E5%85%A8%E6%99%AF%E5%90%AF%E8%88%9F%E5%9D%A4%E7%85%8C%E5%BA%93.webp HTTP/1.1" 200 18812 "http://cqqizhou.com/media/" "Mozilla/5.0 (Windows NT 10.0; Win64; x64) AppleWebKit/537.36 (KHTML, like Gecko) Chrome/142.0.0.0 Safari/537.36 Edg/142.0.0.0"
14.108.233.224 - - [20/Nov/2025:16:26:14 +0800] "GET /wp-content/uploads/2025/11/1762861550-%E4%B8%87%E5%98%89%E7%9B%9B%E5%BA%93%E5%85%A8%E6%99%AF%E5%9B%BE.webp HTTP/1.1" 200 24278 "http://cqqizhou.com/media/" "Mozilla/5.0 (Windows NT 10.0; Win64; x64) AppleWebKit/537.36 (KHTML, like Gecko) Chrome/142.0.0.0 Safari/537.36 Edg/142.0.0.0"
14.108.233.224 - - [20/Nov/2025:16:26:14 +0800] "GET /wp-content/uploads/media/qizhou_Brochure.webp HTTP/1.1" 200 26142 "http://cqqizhou.com/media/" "Mozilla/5.0 (Windows NT 10.0; Win64; x64) AppleWebKit/537.36 (KHTML, like Gecko) Chrome/142.0.0.0 Safari/537.36 Edg/142.0.0.0"
14.108.233.224 - - [20/Nov/2025:16:26:17 +0800] "GET /wp-content/uploads/2025/11/1762864379-QZ_Photo-6.webp HTTP/1.1" 200 121336 "http://cqqizhou.com/media/" "Mozilla/5.0 (Windows NT 10.0; Win64; x64) AppleWebKit/537.36 (KHTML, like Gecko) Chrome/142.0.0.0 Safari/537.36 Edg/142.0.0.0"
14.108.233.224 - - [20/Nov/2025:16:26:17 +0800] "GET /wp-content/uploads/2025/11/1762864378-QZ_Photo-5.webp HTTP/1.1" 200 150306 "http://cqqizhou.com/media/" "Mozilla/5.0 (Windows NT 10.0; Win64; x64) AppleWebKit/537.36 (KHTML, like Gecko) Chrome/142.0.0.0 Safari/537.36 Edg/142.0.0.0"
14.108.233.224 - - [20/Nov/2025:16:26:17 +0800] "GET /wp-content/uploads/2025/11/1762864369-QZ_Photo-11.webp HTTP/1.1" 200 240198 "http://cqqizhou.com/media/" "Mozilla/5.0 (Windows NT 10.0; Win64; x64) AppleWebKit/537.36 (KHTML, like Gecko) Chrome/142.0.0.0 Safari/537.36 Edg/142.0.0.0"
14.108.233.224 - - [20/Nov/2025:16:26:17 +0800] "GET /wp-content/uploads/2025/11/1762864376-QZ_Photo-4.webp HTTP/1.1" 200 249734 "http://cqqizhou.com/media/" "Mozilla/5.0 (Windows NT 10.0; Win64; x64) AppleWebKit/537.36 (KHTML, like Gecko) Chrome/142.0.0.0 Safari/537.36 Edg/142.0.0.0"
14.108.233.224 - - [20/Nov/2025:16:26:17 +0800] "GET /wp-content/uploads/2025/11/1762908477-QZ_Photo-2.webp HTTP/1.1" 200 185928 "http://cqqizhou.com/media/" "Mozilla/5.0 (Windows NT 10.0; Win64; x64) AppleWebKit/537.36 (KHTML, like Gecko) Chrome/142.0.0.0 Safari/537.36 Edg/142.0.0.0"
14.108.233.224 - - [20/Nov/2025:16:26:17 +0800] "GET /wp-content/uploads/2025/11/1762908489-QZ_Photo-9.webp HTTP/1.1" 200 149094 "http://cqqizhou.com/media/" "Mozilla/5.0 (Windows NT 10.0; Win64; x64) AppleWebKit/537.36 (KHTML, like Gecko) Chrome/142.0.0.0 Safari/537.36 Edg/142.0.0.0"
14.108.233.224 - - [20/Nov/2025:16:26:17 +0800] "GET /wp-content/uploads/2025/11/1762864370-QZ_Photo-1.webp HTTP/1.1" 200 162970 "http://cqqizhou.com/media/" "Mozilla/5.0 (Windows NT 10.0; Win64; x64) AppleWebKit/537.36 (KHTML, like Gecko) Chrome/142.0.0.0 Safari/537.36 Edg/142.0.0.0"
14.108.233.224 - - [20/Nov/2025:16:26:17 +0800] "GET /wp-content/uploads/2025/11/1762864375-QZ_Photo-3.webp HTTP/1.1" 200 338100 "http://cqqizhou.com/media/" "Mozilla/5.0 (Windows NT 10.0; Win64; x64) AppleWebKit/537.36 (KHTML, like Gecko) Chrome/142.0.0.0 Safari/537.36 Edg/142.0.0.0"
14.108.233.224 - - [20/Nov/2025:16:26:17 +0800] "GET /wp-content/uploads/2025/11/1762864385-QZ_Photo-10.webp HTTP/1.1" 200 145408 "http://cqqizhou.com/media/" "Mozilla/5.0 (Windows NT 10.0; Win64; x64) AppleWebKit/537.36 (KHTML, like Gecko) Chrome/142.0.0.0 Safari/537.36 Edg/142.0.0.0"
14.108.233.224 - - [20/Nov/2025:16:26:17 +0800] "GET /wp-content/uploads/2025/07/1750649186-qizhou1920x1080_3.webp HTTP/1.1" 200 134070 "http://cqqizhou.com/media/" "Mozilla/5.0 (Windows NT 10.0; Win64; x64) AppleWebKit/537.36 (KHTML, like Gecko) Chrome/142.0.0.0 Safari/537.36 Edg/142.0.0.0"
14.108.233.224 - - [20/Nov/2025:16:26:32 +0800] "GET /wp-content/plugins/elementor/assets/lib/swiper/v8/swiper-bundle.min.js.map HTTP/1.1" 404 8989 "-" "Mozilla/5.0 (Windows NT 10.0; Win64; x64) AppleWebKit/537.36 (KHTML, like Gecko) Chrome/142.0.0.0 Safari/537.36 Edg/142.0.0.0"
36.133.115.36 - - [20/Nov/2025:16:28:02 +0800] "POST /wp-cron.php?doing_wp_cron=1763627282.4822781085968017578125 HTTP/1.1" 200 31 "-" "WordPress/6.8.3; http://cqqizhou.com"
36.133.108.125 - - [20/Nov/2025:16:28:02 +0800] "HEAD /.git/config HTTP/1.1" 404 0 "-" "Mozilla/5.0 (Windows; U; Windows NT 6.1; ja-JP) AppleWebKit/533.20.25 (KHTML, like Gecko) Version/5.0.3 Safari/533.19.4"
36.133.115.36 - - [20/Nov/2025:16:53:35 +0800] "POST /wp-cron.php?doing_wp_cron=1763628815.4505050182342529296875 HTTP/1.1" 200 31 "-" "WordPress/6.8.3; http://cqqizhou.com"
212.147.5.172 - - [20/Nov/2025:16:53:35 +0800] "POST /xmlrpc.php HTTP/1.1" 200 217 "-" "Mozilla/5.0 (X11; Ubuntu; Linux x86_64; rv:85.0) Gecko/20100101 Firefox/91.0"
36.133.115.36 - - [20/Nov/2025:16:54:04 +0800] "POST /wp-cron.php?doing_wp_cron=1763628844.9116089344024658203125 HTTP/1.1" 200 31 "-" "WordPress/6.8.3; http://cqqizhou.com"
162.62.213.165 - - [20/Nov/2025:16:54:05 +0800] "GET / HTTP/1.1" 200 33525 "-" "Mozilla/5.0 (iPhone; CPU iPhone OS 13_2_3 like Mac OS X) AppleWebKit/605.1.15 (KHTML, like Gecko) Version/13.0.3 Mobile/15E148 Safari/604.1"
36.133.115.36 - - [20/Nov/2025:16:57:47 +0800] "POST /wp-cron.php?doing_wp_cron=1763629067.3836390972137451171875 HTTP/1.1" 200 31 "-" "WordPress/6.8.3; http://cqqizhou.com"
20.65.192.71 - - [20/Nov/2025:16:57:47 +0800] "GET /developmentserver/metadatauploader HTTP/1.1" 404 8990 "-" "Mozilla/5.0 zgrab/0.x"
36.133.115.36 - - [20/Nov/2025:17:00:30 +0800] "POST /wp-cron.php?doing_wp_cron=1763629230.9050641059875488281250 HTTP/1.1" 200 31 "-" "WordPress/6.8.3; http://cqqizhou.com"
52.167.144.202 - - [20/Nov/2025:17:00:30 +0800] "GET /wp-json/ HTTP/1.1" 200 19172 "-" "Mozilla/5.0 AppleWebKit/537.36 (KHTML, like Gecko; compatible; bingbot/2.0; +http://www.bing.com/bingbot.htm) Chrome/116.0.1938.76 Safari/537.36"
36.133.115.36 - - [20/Nov/2025:17:01:18 +0800] "POST /wp-cron.php?doing_wp_cron=1763629278.7174479961395263671875 HTTP/1.1" 200 31 "-" "WordPress/6.8.3; http://cqqizhou.com"
59.62.65.249 - - [20/Nov/2025:17:01:18 +0800] "GET /phpsso_server/robots.txt HTTP/1.1" 404 8990 "http://cqqizhou.com/phpsso_server/robots.txt" "Mozilla/4.0 (compatible; MSIE 7.0; Windows NT 6.1; WOW64; Trident/7.0; SLCC2; .NET CLR 2.0.50727; .NET CLR 3.5.30729; .NET CLR 3.0.30729; Media Center PC 6.0; .NET4.0C; .NET4.0E)"
14.108.233.224 - - [20/Nov/2025:17:13:10 +0800] "GET /wp-content/uploads/2025/11/1762861549-%E5%85%A8%E6%99%AF%E5%90%AF%E8%88%9F%E5%9D%A4%E7%85%8C%E5%BA%93-768x192.webp HTTP/1.1" 200 26874 "http://cqqizhou.com/media/" "Mozilla/5.0 (Windows NT 10.0; Win64; x64) AppleWebKit/537.36 (KHTML, like Gecko) Chrome/142.0.0.0 Safari/537.36 Edg/142.0.0.0"
14.108.233.224 - - [20/Nov/2025:17:13:10 +0800] "GET /wp-content/uploads/2025/11/1762861550-%E4%B8%87%E5%98%89%E7%9B%9B%E5%BA%93%E5%85%A8%E6%99%AF%E5%9B%BE-768x192.webp HTTP/1.1" 200 32986 "http://cqqizhou.com/media/" "Mozilla/5.0 (Windows NT 10.0; Win64; x64) AppleWebKit/537.36 (KHTML, like Gecko) Chrome/142.0.0.0 Safari/537.36 Edg/142.0.0.0"
36.133.115.36 - - [20/Nov/2025:17:43:12 +0800] "POST /wp-cron.php?doing_wp_cron=1763631792.5126309394836425781250 HTTP/1.1" 200 31 "-" "WordPress/6.8.3; http://cqqizhou.com"
147.185.132.47 - - [20/Nov/2025:17:43:12 +0800] "GET / HTTP/1.1" 200 33526 "-" "Hello from Palo Alto Networks, find out more about our scans in https://docs-cortex.paloaltonetworks.com/r/1/Cortex-Xpanse/Scanning-activity"
104.236.20.67 - - [20/Nov/2025:17:45:24 +0800] "GET / HTTP/1.1" 200 33988 "-" "NetSurf/1.2 (NetBSD; amd64)"
36.133.115.36 - - [20/Nov/2025:17:55:50 +0800] "POST /wp-cron.php?doing_wp_cron=1763632550.2368659973144531250000 HTTP/1.1" 200 31 "-" "WordPress/6.8.3; http://cqqizhou.com"
81.167.26.57 - - [20/Nov/2025:17:55:50 +0800] "GET /robots.txt HTTP/1.1" 200 390 "-" "Mozilla/5.0 (compatible; MJ12bot/v1.4.8; http://mj12bot.com/)"
81.167.26.57 - - [20/Nov/2025:17:55:52 +0800] "GET /portfolio-tag/%E9%9E%8D%E9%92%A2%E8%92%82%E6%A3%AE/ HTTP/1.1" 200 22746 "-" "Mozilla/5.0 (compatible; MJ12bot/v1.4.8; http://mj12bot.com/)"
81.167.26.57 - - [20/Nov/2025:17:55:54 +0800] "GET /portfolio/%E5%86%B7%E8%BD%A7%E6%9D%BF/ HTTP/1.1" 200 22121 "-" "Mozilla/5.0 (compatible; MJ12bot/v1.4.8; http://mj12bot.com/)"
36.133.115.36 - - [20/Nov/2025:18:02:06 +0800] "POST /wp-cron.php?doing_wp_cron=1763632926.8282420635223388671875 HTTP/1.1" 200 31 "-" "WordPress/6.8.3; http://cqqizhou.com"
36.133.108.125 - - [20/Nov/2025:18:02:06 +0800] "HEAD /webui HTTP/1.1" 404 0 "-" "Mozilla/5.0 (Macintosh; U; Intel Mac OS X 10_6_6; en-gb) AppleWebKit/533.20.25 (KHTML, like Gecko) Version/5.0.4 Safari/533.20.27"
36.133.115.36 - - [20/Nov/2025:18:30:18 +0800] "POST /wp-cron.php?doing_wp_cron=1763634618.9455459117889404296875 HTTP/1.1" 200 31 "-" "WordPress/6.8.3; http://cqqizhou.com"
147.135.212.217 - - [20/Nov/2025:18:30:18 +0800] "GET /robots.txt HTTP/1.1" 200 390 "-" "Mozilla/5.0 (compatible; MJ12bot/v1.4.8; http://mj12bot.com/)"
147.135.212.217 - - [20/Nov/2025:18:30:21 +0800] "GET /portfolio-tag/%E9%9E%8D%E9%92%A2%E8%92%82%E6%A3%AE/ HTTP/1.1" 200 22746 "-" "Mozilla/5.0 (compatible; MJ12bot/v1.4.8; http://mj12bot.com/)"
147.135.212.217 - - [20/Nov/2025:18:30:23 +0800] "GET /portfolio/%E5%86%B7%E8%BD%A7%E5%8D%B7/ HTTP/1.1" 200 22115 "-" "Mozilla/5.0 (compatible; MJ12bot/v1.4.8; http://mj12bot.com/)"
36.133.115.36 - - [20/Nov/2025:18:35:23 +0800] "POST /wp-cron.php?doing_wp_cron=1763634923.5326750278472900390625 HTTP/1.1" 200 31 "-" "WordPress/6.8.3; http://cqqizhou.com"
176.65.148.169 - - [20/Nov/2025:18:35:23 +0800] "GET / HTTP/1.1" 200 33526 "-" "Linux Gnu (cow)"
36.133.115.36 - - [20/Nov/2025:19:05:27 +0800] "POST /wp-cron.php?doing_wp_cron=1763636727.5287590026855468750000 HTTP/1.1" 200 31 "-" "WordPress/6.8.3; http://cqqizhou.com"
114.119.152.12 - - [20/Nov/2025:19:05:27 +0800] "GET /robots.txt HTTP/1.1" 200 190 "-" "Mozilla/5.0 (compatible;PetalBot;+https://webmaster.petalsearch.com/site/petalbot)"
36.133.115.36 - - [20/Nov/2025:19:10:24 +0800] "POST /wp-cron.php?doing_wp_cron=1763637024.3879289627075195312500 HTTP/1.1" 200 31 "-" "WordPress/6.8.3; http://cqqizhou.com"
114.119.140.186 - - [20/Nov/2025:19:10:24 +0800] "GET /robots.txt HTTP/1.1" 200 190 "-" "Mozilla/5.0 (compatible;PetalBot;+https://webmaster.petalsearch.com/site/petalbot)"
123.57.13.121 - - [20/Nov/2025:19:34:51 +0800] "GET / HTTP/1.1" 200 33988 "-" "Mozilla/5.0 (Windows NT 10.0; Win64; x64) AppleWebKit/537.36 (KHTML, like Gecko) Chrome/104.0.0.0 Safari/537.36"
36.133.115.36 - - [20/Nov/2025:19:35:21 +0800] "POST /wp-cron.php?doing_wp_cron=1763638521.7428710460662841796875 HTTP/1.1" 200 31 "-" "WordPress/6.8.3; http://cqqizhou.com"
43.166.224.244 - - [20/Nov/2025:19:35:21 +0800] "GET / HTTP/1.1" 301 5 "-" "Mozilla/5.0 (iPhone; CPU iPhone OS 13_2_3 like Mac OS X) AppleWebKit/605.1.15 (KHTML, like Gecko) Version/13.0.3 Mobile/15E148 Safari/604.1"
43.166.224.244 - - [20/Nov/2025:19:35:25 +0800] "GET / HTTP/1.1" 200 33526 "http://www.cqqizhou.com" "Mozilla/5.0 (iPhone; CPU iPhone OS 13_2_3 like Mac OS X) AppleWebKit/605.1.15 (KHTML, like Gecko) Version/13.0.3 Mobile/15E148 Safari/604.1"
36.133.115.36 - - [20/Nov/2025:19:45:32 +0800] "POST /wp-cron.php?doing_wp_cron=1763639132.9277389049530029296875 HTTP/1.1" 200 31 "-" "WordPress/6.8.3; http://cqqizhou.com"
43.133.91.48 - - [20/Nov/2025:19:45:33 +0800] "GET / HTTP/1.1" 200 33526 "-" "Mozilla/5.0 (iPhone; CPU iPhone OS 13_2_3 like Mac OS X) AppleWebKit/605.1.15 (KHTML, like Gecko) Version/13.0.3 Mobile/15E148 Safari/604.1"
36.133.115.36 - - [20/Nov/2025:19:51:02 +0800] "POST /wp-cron.php?doing_wp_cron=1763639462.7225151062011718750000 HTTP/1.1" 200 31 "-" "WordPress/6.8.3; http://cqqizhou.com"
220.181.3.189 - - [20/Nov/2025:19:51:02 +0800] "GET / HTTP/1.1" 301 5 "-" "Mozilla/5.0 (Windows NT 10.0; Win64; x64) AppleWebKit/537.36"
220.181.3.189 - - [20/Nov/2025:19:51:03 +0800] "GET / HTTP/1.1" 200 33988 "-" "Mozilla/5.0 (Windows NT 10.0; Win64; x64) AppleWebKit/537.36"
220.181.3.189 - - [20/Nov/2025:19:51:05 +0800] "GET /contacts/ HTTP/1.1" 200 21608 "-" "python-requests/2.32.4"
220.181.3.189 - - [20/Nov/2025:19:51:08 +0800] "GET /wp-content/uploads/revslider/slider-1/1750929639-yuanjing_Slider_3840%C3%972160_20250626171955-scaled.webp HTTP/1.1" 200 203290 "-" "Mozilla/5.0"
220.181.3.189 - - [20/Nov/2025:19:51:10 +0800] "GET /wp-content/uploads/revslider/slider-1/1750861156-logistics_Slider_3840%C3%972160_20250625191356-scaled.webp HTTP/1.1" 200 197360 "-" "Mozilla/5.0"
220.181.3.189 - - [20/Nov/2025:19:51:12 +0800] "GET /wp-content/uploads/2025/07/1753587901-Slider_3840%C3%972160_20250727-scaled.webp HTTP/1.1" 200 141034 "-" "Mozilla/5.0"
220.181.3.189 - - [20/Nov/2025:19:51:12 +0800] "GET /wp-content/uploads/2025/07/1751425283-qizhou.kf_.qq_.com_.webp HTTP/1.1" 200 16864 "-" "Mozilla/5.0"
220.181.3.189 - - [20/Nov/2025:19:51:13 +0800] "GET /wp-content/uploads/2025/07/1753456723-%E5%8F%8C%E7%9B%B8%E9%92%A2roduct_Single600.webp HTTP/1.1" 200 22790 "-" "Mozilla/5.0"
220.181.3.189 - - [20/Nov/2025:19:51:14 +0800] "GET /wp-content/uploads/2025/07/1753453096-%E5%8F%8C%E7%9B%B8%E9%92%A2product_Single600%C3%97284.webp HTTP/1.1" 200 14562 "-" "Mozilla/5.0"
220.181.3.189 - - [20/Nov/2025:19:51:15 +0800] "GET /wp-content/uploads/2025/07/1753456770-%E7%83%AD%E9%95%80%E9%94%8C%E5%8D%B7product_Single600.webp HTTP/1.1" 200 27502 "-" "Mozilla/5.0"
220.181.3.189 - - [20/Nov/2025:19:51:16 +0800] "GET /wp-content/uploads/2025/07/1753453127-%E4%BD%99%E5%8D%B7product_Single600%C3%97284.webp HTTP/1.1" 200 18744 "-" "Mozilla/5.0"
220.181.3.189 - - [20/Nov/2025:19:51:17 +0800] "GET /wp-content/uploads/2025/07/1753454089-Article_images_W900px.webp HTTP/1.1" 200 27552 "-" "Mozilla/5.0"
220.181.3.189 - - [20/Nov/2025:19:51:18 +0800] "GET /wp-content/uploads/2025/07/1753454089-Article_images_W900px.webp HTTP/1.1" 200 27552 "-" "Mozilla/5.0"
220.181.3.189 - - [20/Nov/2025:19:51:20 +0800] "GET /wp-content/uploads/2025/07/1753454089-Article_images_W900px.webp HTTP/1.1" 200 27552 "-" "Mozilla/5.0"
220.181.3.189 - - [20/Nov/2025:19:51:22 +0800] "GET /wp-content/uploads/2025/07/1753454299-Article_images_W900px.webp HTTP/1.1" 200 52418 "-" "Mozilla/5.0"
220.181.3.189 - - [20/Nov/2025:19:51:23 +0800] "GET /wp-content/uploads/2025/07/1753454089-Article_images_W900px.webp HTTP/1.1" 200 27552 "-" "Mozilla/5.0"
220.181.3.189 - - [20/Nov/2025:19:51:25 +0800] "GET /wp-content/uploads/2025/07/1751425283-qizhou.kf_.qq_.com_.webp HTTP/1.1" 200 16864 "-" "Mozilla/5.0"
123.57.13.121 - - [20/Nov/2025:19:57:46 +0800] "GET / HTTP/1.1" 200 33988 "-" "Mozilla/5.0 (Windows NT 10.0; Win64; x64) AppleWebKit/537.36 (KHTML, like Gecko) Chrome/104.0.0.0 Safari/537.36"
36.133.115.36 - - [20/Nov/2025:20:43:02 +0800] "POST /wp-cron.php?doing_wp_cron=1763642582.6657099723815917968750 HTTP/1.1" 200 31 "-" "WordPress/6.8.3; http://cqqizhou.com"
203.2.64.59 - - [20/Nov/2025:20:43:02 +0800] "GET / HTTP/1.1" 200 33524 "-" "Mozilla/5.0 (iPhone; CPU iPhone OS 13_2_3 like Mac OS X) AppleWebKit/605.1.15 (KHTML, like Gecko) Version/13.0.3 Mobile/15E148 Safari/604.1"
116.179.32.142 - - [20/Nov/2025:21:25:58 +0800] "GET /services/processing/ HTTP/1.1" 200 22985 "-" "Mozilla/5.0 (compatible; Baiduspider/2.0; +http://www.baidu.com/search/spider.html)"
116.179.32.237 - - [20/Nov/2025:21:25:58 +0800] "GET / HTTP/1.1" 200 33988 "-" "Mozilla/5.0 (compatible; Baiduspider/2.0; +http://www.baidu.com/search/spider.html)"
116.179.32.49 - - [20/Nov/2025:21:25:58 +0800] "GET /portfolio/remaining-rolls/ HTTP/1.1" 200 22199 "-" "Mozilla/5.0 (compatible; Baiduspider/2.0; +http://www.baidu.com/search/spider.html)"
220.181.108.80 - - [20/Nov/2025:21:25:58 +0800] "GET /portfolio-category/pickled-coil/ HTTP/1.1" 200 20991 "-" "Mozilla/5.0 (compatible; Baiduspider/2.0; +http://www.baidu.com/search/spider.html)"
36.133.115.36 - - [20/Nov/2025:21:25:59 +0800] "POST /wp-cron.php?doing_wp_cron=1763645158.9723370075225830078125 HTTP/1.1" 200 31 "-" "WordPress/6.8.3; http://cqqizhou.com"
220.181.108.112 - - [20/Nov/2025:21:25:59 +0800] "GET / HTTP/1.1" 200 33525 "-" "Mozilla/5.0 (Linux;u;Android 4.2.2;zh-cn;) AppleWebKit/534.46 (KHTML,like Gecko) Version/5.1 Mobile Safari/10600.6.3 (compatible; Baiduspider/2.0; +http://www.baidu.com/search/spider.html)"
36.133.115.36 - - [20/Nov/2025:21:54:42 +0800] "POST /wp-cron.php?doing_wp_cron=1763646882.4943680763244628906250 HTTP/1.1" 200 31 "-" "WordPress/6.8.3; http://cqqizhou.com"
20.163.30.205 - - [20/Nov/2025:21:54:42 +0800] "GET /actuator/health HTTP/1.1" 404 8990 "-" "Mozilla/5.0 zgrab/0.x"
36.133.115.36 - - [20/Nov/2025:22:17:04 +0800] "POST /wp-cron.php?doing_wp_cron=1763648224.9443840980529785156250 HTTP/1.1" 200 31 "-" "WordPress/6.8.3; http://cqqizhou.com"
43.156.232.190 - - [20/Nov/2025:22:17:05 +0800] "GET / HTTP/1.1" 200 33525 "-" "Mozilla/5.0 (iPhone; CPU iPhone OS 13_2_3 like Mac OS X) AppleWebKit/605.1.15 (KHTML, like Gecko) Version/13.0.3 Mobile/15E148 Safari/604.1"
36.133.115.36 - - [20/Nov/2025:22:23:41 +0800] "POST /wp-cron.php?doing_wp_cron=1763648621.4727499485015869140625 HTTP/1.1" 200 31 "-" "WordPress/6.8.3; http://cqqizhou.com"
43.133.139.6 - - [20/Nov/2025:22:23:41 +0800] "GET / HTTP/1.1" 301 5 "-" "Mozilla/5.0 (iPhone; CPU iPhone OS 13_2_3 like Mac OS X) AppleWebKit/605.1.15 (KHTML, like Gecko) Version/13.0.3 Mobile/15E148 Safari/604.1"
43.133.139.6 - - [20/Nov/2025:22:23:43 +0800] "GET / HTTP/1.1" 200 33525 "http://36.133.115.36" "Mozilla/5.0 (iPhone; CPU iPhone OS 13_2_3 like Mac OS X) AppleWebKit/605.1.15 (KHTML, like Gecko) Version/13.0.3 Mobile/15E148 Safari/604.1"
36.133.115.36 - - [20/Nov/2025:22:40:59 +0800] "POST /wp-cron.php?doing_wp_cron=1763649659.6129240989685058593750 HTTP/1.1" 200 31 "-" "WordPress/6.8.3; http://cqqizhou.com"
54.146.208.102 - - [20/Nov/2025:22:40:59 +0800] "GET / HTTP/1.1" 301 5 "-" "Mozilla/5.0 (Windows NT 10.0; Win64; x64) AppleWebKit/537.36 (KHTML, like Gecko) Chrome/136.0.0.0 Safari/537.36"
36.133.115.36 - - [20/Nov/2025:22:57:03 +0800] "POST /wp-cron.php?doing_wp_cron=1763650623.7360639572143554687500 HTTP/1.1" 200 31 "-" "WordPress/6.8.3; http://cqqizhou.com"
218.75.38.210 - - [20/Nov/2025:22:57:03 +0800] "GET / HTTP/1.0" 301 0 "-" "-"
36.133.115.36 - - [20/Nov/2025:22:58:57 +0800] "POST /wp-cron.php?doing_wp_cron=1763650737.8747539520263671875000 HTTP/1.1" 200 31 "-" "WordPress/6.8.3; http://cqqizhou.com"
91.232.238.112 - - [20/Nov/2025:22:58:57 +0800] "GET / HTTP/1.0" 301 0 "-" "ivre-masscan/1.3 https://github.com/robertdavidgraham/"
115.238.44.234 - - [20/Nov/2025:22:59:11 +0800] "GET / HTTP/1.0" 301 0 "-" "-"
36.133.115.36 - - [20/Nov/2025:23:25:49 +0800] "POST /wp-cron.php?doing_wp_cron=1763652349.8612539768218994140625 HTTP/1.1" 200 31 "-" "WordPress/6.8.3; http://cqqizhou.com"
123.57.13.121 - - [20/Nov/2025:23:25:49 +0800] "GET / HTTP/1.1" 301 5 "-" "Mozilla/5.0 (Windows NT 10.0; Win64; x64) AppleWebKit/537.36 (KHTML, like Gecko) Chrome/104.0.0.0 Safari/537.36"