218.77.64.132 - - [12/Nov/2025:12:15:45 +0800] "GET / HTTP/1.1" 200 33927 "http://www.cqqizhou.com" "Mozilla/5.0 (Windows NT 10.0; Win64; x64) AppleWebKit/537.36 (KHTML, like Gecko) Chrome/122.0.0.0 Safari/537.36 Edg/122.0.0.0"
36.133.115.36 - - [12/Nov/2025:12:21:16 +0800] "POST /wp-cron.php?doing_wp_cron=1762921276.2718880176544189453125 HTTP/1.1" 200 31 "-" "WordPress/6.8.3; http://cqqizhou.com"
61.132.217.130 - - [12/Nov/2025:12:21:16 +0800] "GET / HTTP/1.1" 301 5 "-" "Mozilla/5.0 (Windows NT 10.0; Win64; x64) AppleWebKit/537.36 (KHTML, like Gecko) Chrome/122.0.0.0 Safari/537.36 Edg/122.0.0.0"
61.132.217.130 - - [12/Nov/2025:12:21:16 +0800] "GET / HTTP/1.1" 200 33927 "http://www.cqqizhou.com" "Mozilla/5.0 (Windows NT 10.0; Win64; x64) AppleWebKit/537.36 (KHTML, like Gecko) Chrome/122.0.0.0 Safari/537.36 Edg/122.0.0.0"
36.133.115.36 - - [12/Nov/2025:12:37:31 +0800] "POST /wp-cron.php?doing_wp_cron=1762922251.8013949394226074218750 HTTP/1.1" 200 31 "-" "WordPress/6.8.3; http://cqqizhou.com"
188.166.247.31 - - [12/Nov/2025:12:37:31 +0800] "GET /.env HTTP/1.1" 404 8990 "-" "Mozilla/5.0; Keydrop.io/1.0(onlyscans.com/about);"
188.166.247.31 - - [12/Nov/2025:12:37:32 +0800] "GET /.git/config HTTP/1.1" 404 8990 "-" "Mozilla/5.0; Keydrop.io/1.0(onlyscans.com/about);"
36.133.115.36 - - [12/Nov/2025:12:37:55 +0800] "POST /wp-cron.php?doing_wp_cron=1762922275.2568020820617675781250 HTTP/1.1" 200 31 "-" "WordPress/6.8.3; http://cqqizhou.com"
94.74.182.142 - - [12/Nov/2025:12:37:56 +0800] "GET / HTTP/1.1" 200 151921 "-" "-"
36.133.115.36 - - [12/Nov/2025:12:41:18 +0800] "POST /wp-cron.php?doing_wp_cron=1762922478.3503580093383789062500 HTTP/1.1" 200 31 "-" "WordPress/6.8.3; http://cqqizhou.com"
192.159.99.47 - - [12/Nov/2025:12:41:18 +0800] "GET / HTTP/1.0" 200 109870 "-" "Mozilla/5.0 (X11; Ubuntu; Linux x86_64; rv:71.0) Gecko/20100101 Firefox/71.0"
36.133.115.36 - - [12/Nov/2025:12:44:44 +0800] "POST /wp-cron.php?doing_wp_cron=1762922684.3356339931488037109375 HTTP/1.1" 200 31 "-" "WordPress/6.8.3; http://cqqizhou.com"
27.115.124.70 - - [12/Nov/2025:12:44:44 +0800] "GET / HTTP/1.1" 200 33462 "-" "Mozilla/5.0 (Linux; Android 10; HUAWEI P30 Pro) AppleWebKit/537.36 (KHTML, like Gecko) Chrome/89.0.4389.105 Mobile Safari/537.36"
27.115.124.6 - - [12/Nov/2025:12:44:45 +0800] "GET /wp-content/uploads/2025/07/1751425283-qizhou.kf_.qq_.com_.webp HTTP/1.1" 200 16864 "http://cqqizhou.com/" "Mozilla/5.0 (Linux; Android 10; HUAWEI P30 Pro) AppleWebKit/537.36 (KHTML, like Gecko) Chrome/89.0.4389.105 Mobile Safari/537.36"
27.115.124.6 - - [12/Nov/2025:12:44:45 +0800] "GET /wp-content/uploads/2025/07/1753456723-%E5%8F%8C%E7%9B%B8%E9%92%A2roduct_Single600.webp HTTP/1.1" 200 22790 "http://cqqizhou.com/" "Mozilla/5.0 (Linux; Android 10; HUAWEI P30 Pro) AppleWebKit/537.36 (KHTML, like Gecko) Chrome/89.0.4389.105 Mobile Safari/537.36"
27.115.124.38 - - [12/Nov/2025:12:44:45 +0800] "GET /wp-content/uploads/2025/07/1753456770-%E7%83%AD%E9%95%80%E9%94%8C%E5%8D%B7product_Single600.webp HTTP/1.1" 200 27502 "http://cqqizhou.com/" "Mozilla/5.0 (Linux; Android 10; HUAWEI P30 Pro) AppleWebKit/537.36 (KHTML, like Gecko) Chrome/89.0.4389.105 Mobile Safari/537.36"
27.115.124.6 - - [12/Nov/2025:12:44:45 +0800] "GET /wp-content/uploads/2025/07/1753454089-Article_images_W900px-768x432.webp HTTP/1.1" 200 28786 "http://cqqizhou.com/" "Mozilla/5.0 (Linux; Android 10; HUAWEI P30 Pro) AppleWebKit/537.36 (KHTML, like Gecko) Chrome/89.0.4389.105 Mobile Safari/537.36"
27.115.124.6 - - [12/Nov/2025:12:44:45 +0800] "GET /wp-content/uploads/2025/07/1753454299-Article_images_W900px-768x432.webp HTTP/1.1" 200 53850 "http://cqqizhou.com/" "Mozilla/5.0 (Linux; Android 10; HUAWEI P30 Pro) AppleWebKit/537.36 (KHTML, like Gecko) Chrome/89.0.4389.105 Mobile Safari/537.36"
27.115.124.38 - - [12/Nov/2025:12:44:46 +0800] "GET /wp-content/uploads/2025/07/1753453096-%E5%8F%8C%E7%9B%B8%E9%92%A2product_Single600%C3%97284.webp HTTP/1.1" 200 14562 "http://cqqizhou.com/" "Mozilla/5.0 (Linux; Android 10; HUAWEI P30 Pro) AppleWebKit/537.36 (KHTML, like Gecko) Chrome/89.0.4389.105 Mobile Safari/537.36"
27.115.124.70 - - [12/Nov/2025:12:44:46 +0800] "GET /wp-content/uploads/2025/07/1753453127-%E4%BD%99%E5%8D%B7product_Single600%C3%97284.webp HTTP/1.1" 200 18744 "http://cqqizhou.com/" "Mozilla/5.0 (Linux; Android 10; HUAWEI P30 Pro) AppleWebKit/537.36 (KHTML, like Gecko) Chrome/89.0.4389.105 Mobile Safari/537.36"
36.133.115.36 - - [12/Nov/2025:12:45:14 +0800] "POST /wp-cron.php?doing_wp_cron=1762922714.7191479206085205078125 HTTP/1.1" 200 31 "-" "WordPress/6.8.3; http://cqqizhou.com"
195.117.36.241 - - [12/Nov/2025:12:45:14 +0800] "POST /wp-login.php HTTP/1.1" 200 2921 "http://cqqizhou.com" "Mozilla/5.0 (Windows NT 11.0; Win64; x64; rv:126.0) Gecko/20100101 Firefox/126.0"
36.133.115.36 - - [12/Nov/2025:12:46:27 +0800] "POST /wp-cron.php?doing_wp_cron=1762922787.5447130203247070312500 HTTP/1.1" 200 31 "-" "WordPress/6.8.3; http://cqqizhou.com"
27.115.124.101 - - [12/Nov/2025:12:46:27 +0800] "GET /services/ HTTP/1.1" 200 19755 "-" "Mozilla/5.0 (Linux; Android 11; V2055A) AppleWebKit/537.36 (KHTML, like Gecko) Chrome/91.0.4472.101 Mobile Safari/537.36"
27.115.124.109 - - [12/Nov/2025:12:46:30 +0800] "GET /wp-content/uploads/2025/07/1751829518-Precision-processing-services800x500.webp HTTP/1.1" 200 28964 "http://cqqizhou.com/services/" "Mozilla/5.0 (Linux; Android 11; V2055A) AppleWebKit/537.36 (KHTML, like Gecko) Chrome/91.0.4472.101 Mobile Safari/537.36"
27.115.124.101 - - [12/Nov/2025:12:46:30 +0800] "GET /wp-content/uploads/2025/07/1751857929-3D-one-stop-supply-chain-service-W900px2.webp HTTP/1.1" 200 38362 "http://cqqizhou.com/services/" "Mozilla/5.0 (Linux; Android 11; V2055A) AppleWebKit/537.36 (KHTML, like Gecko) Chrome/91.0.4472.101 Mobile Safari/537.36"
27.115.124.53 - - [12/Nov/2025:12:46:30 +0800] "GET /wp-content/uploads/2025/07/1751829454-Smart-warehousing800x500.webp HTTP/1.1" 200 79504 "http://cqqizhou.com/services/" "Mozilla/5.0 (Linux; Android 11; V2055A) AppleWebKit/537.36 (KHTML, like Gecko) Chrome/91.0.4472.101 Mobile Safari/537.36"
27.115.124.101 - - [12/Nov/2025:12:46:30 +0800] "GET /wp-content/uploads/2025/07/1751425283-qizhou.kf_.qq_.com_.webp HTTP/1.1" 200 16864 "http://cqqizhou.com/services/" "Mozilla/5.0 (Linux; Android 11; V2055A) AppleWebKit/537.36 (KHTML, like Gecko) Chrome/91.0.4472.101 Mobile Safari/537.36"
27.115.124.118 - - [12/Nov/2025:12:46:30 +0800] "GET /wp-content/uploads/2025/07/1753405252-Services_Banner2000%C3%97400px2.webp HTTP/1.1" 200 23730 "http://cqqizhou.com/services/" "Mozilla/5.0 (Linux; Android 11; V2055A) AppleWebKit/537.36 (KHTML, like Gecko) Chrome/91.0.4472.101 Mobile Safari/537.36"
36.133.115.36 - - [12/Nov/2025:12:47:02 +0800] "POST /wp-cron.php?doing_wp_cron=1762922822.0848090648651123046875 HTTP/1.1" 200 31 "-" "WordPress/6.8.3; http://cqqizhou.com"
43.131.26.226 - - [12/Nov/2025:12:47:02 +0800] "GET / HTTP/1.1" 301 5 "-" "Mozilla/5.0 (iPhone; CPU iPhone OS 13_2_3 like Mac OS X) AppleWebKit/605.1.15 (KHTML, like Gecko) Version/13.0.3 Mobile/15E148 Safari/604.1"
43.131.26.226 - - [12/Nov/2025:12:47:07 +0800] "GET / HTTP/1.1" 200 33462 "http://www.cqqizhou.com" "Mozilla/5.0 (iPhone; CPU iPhone OS 13_2_3 like Mac OS X) AppleWebKit/605.1.15 (KHTML, like Gecko) Version/13.0.3 Mobile/15E148 Safari/604.1"
36.133.115.36 - - [12/Nov/2025:12:49:36 +0800] "POST /wp-cron.php?doing_wp_cron=1762922976.2399530410766601562500 HTTP/1.1" 200 31 "-" "WordPress/6.8.3; http://cqqizhou.com"
81.88.53.143 - - [12/Nov/2025:12:49:36 +0800] "POST /wp-login.php HTTP/1.1" 200 2921 "http://cqqizhou.com" "Mozilla/5.0 (Windows NT 10.0; Win64; x64) AppleWebKit/537.36 (KHTML, like Gecko) Chrome/114.0.5735.199 Safari/537.36 Edg/114.0.1823.67"
36.133.115.36 - - [12/Nov/2025:12:55:53 +0800] "POST /wp-cron.php?doing_wp_cron=1762923353.8553171157836914062500 HTTP/1.1" 200 31 "-" "WordPress/6.8.3; http://cqqizhou.com"
27.115.124.70 - - [12/Nov/2025:12:55:54 +0800] "GET /about/ HTTP/1.1" 200 24221 "-" "Mozilla/5.0 (Linux; Android 10; HUAWEI P30 Pro) AppleWebKit/537.36 (KHTML, like Gecko) Chrome/89.0.4389.105 Mobile Safari/537.36"
27.115.124.45 - - [12/Nov/2025:12:55:55 +0800] "GET /wp-content/uploads/2025/07/1750649803-qizhou800x500_2.webp HTTP/1.1" 200 63616 "http://cqqizhou.com/about/" "Mozilla/5.0 (Linux; Android 10; HUAWEI P30 Pro) AppleWebKit/537.36 (KHTML, like Gecko) Chrome/89.0.4389.105 Mobile Safari/537.36"
27.115.124.6 - - [12/Nov/2025:12:55:55 +0800] "GET /wp-content/uploads/elementor/thumbs/1751209300-Hello-Qizhou3-r91b71mdtei8mab1rr8x739cnvi1mafuaga3vbed3o.webp HTTP/1.1" 200 39120 "http://cqqizhou.com/about/" "Mozilla/5.0 (Linux; Android 10; HUAWEI P30 Pro) AppleWebKit/537.36 (KHTML, like Gecko) Chrome/89.0.4389.105 Mobile Safari/537.36"
27.115.124.6 - - [12/Nov/2025:12:55:55 +0800] "GET /wp-content/uploads/elementor/thumbs/1751373145-About_Qizhoudalou_W800px-r91b70ok8huvvdr4ynxnf302e8ie3iydlh6ag9ew82.webp HTTP/1.1" 200 37938 "http://cqqizhou.com/about/" "Mozilla/5.0 (Linux; Android 10; HUAWEI P30 Pro) AppleWebKit/537.36 (KHTML, like Gecko) Chrome/89.0.4389.105 Mobile Safari/537.36"
27.115.124.70 - - [12/Nov/2025:12:55:55 +0800] "GET /wp-content/uploads/2025/07/1750945417-honor300%C3%97206_1.webp HTTP/1.1" 200 57666 "http://cqqizhou.com/about/" "Mozilla/5.0 (Linux; Android 10; HUAWEI P30 Pro) AppleWebKit/537.36 (KHTML, like Gecko) Chrome/89.0.4389.105 Mobile Safari/537.36"
27.115.124.70 - - [12/Nov/2025:12:55:55 +0800] "GET /wp-content/uploads/2025/07/1750945444-honor300%C3%97206_2.webp HTTP/1.1" 200 71296 "http://cqqizhou.com/about/" "Mozilla/5.0 (Linux; Android 10; HUAWEI P30 Pro) AppleWebKit/537.36 (KHTML, like Gecko) Chrome/89.0.4389.105 Mobile Safari/537.36"
27.115.124.6 - - [12/Nov/2025:12:55:55 +0800] "GET /wp-content/uploads/2025/07/1750945514-honor300%C3%97206_3.webp HTTP/1.1" 200 74124 "http://cqqizhou.com/about/" "Mozilla/5.0 (Linux; Android 10; HUAWEI P30 Pro) AppleWebKit/537.36 (KHTML, like Gecko) Chrome/89.0.4389.105 Mobile Safari/537.36"
27.115.124.38 - - [12/Nov/2025:12:55:55 +0800] "GET /wp-content/uploads/2025/07/1750945616-honor300%C3%97206_4.webp HTTP/1.1" 200 33814 "http://cqqizhou.com/about/" "Mozilla/5.0 (Linux; Android 10; HUAWEI P30 Pro) AppleWebKit/537.36 (KHTML, like Gecko) Chrome/89.0.4389.105 Mobile Safari/537.36"
27.115.124.45 - - [12/Nov/2025:12:55:55 +0800] "GET /wp-content/uploads/2025/07/1750945650-honor300%C3%97206_6.webp HTTP/1.1" 200 66306 "http://cqqizhou.com/about/" "Mozilla/5.0 (Linux; Android 10; HUAWEI P30 Pro) AppleWebKit/537.36 (KHTML, like Gecko) Chrome/89.0.4389.105 Mobile Safari/537.36"
27.115.124.70 - - [12/Nov/2025:12:55:55 +0800] "GET /wp-content/uploads/2025/07/1750945637-honor300%C3%97206_5.webp HTTP/1.1" 200 77368 "http://cqqizhou.com/about/" "Mozilla/5.0 (Linux; Android 10; HUAWEI P30 Pro) AppleWebKit/537.36 (KHTML, like Gecko) Chrome/89.0.4389.105 Mobile Safari/537.36"
27.115.124.6 - - [12/Nov/2025:12:55:55 +0800] "GET /wp-content/uploads/2025/07/1750671801-partner2_200x50.webp HTTP/1.1" 200 3946 "http://cqqizhou.com/about/" "Mozilla/5.0 (Linux; Android 10; HUAWEI P30 Pro) AppleWebKit/537.36 (KHTML, like Gecko) Chrome/89.0.4389.105 Mobile Safari/537.36"
27.115.124.6 - - [12/Nov/2025:12:55:55 +0800] "GET /wp-content/uploads/2025/07/1750671800-partner1_200x50.webp HTTP/1.1" 200 2244 "http://cqqizhou.com/about/" "Mozilla/5.0 (Linux; Android 10; HUAWEI P30 Pro) AppleWebKit/537.36 (KHTML, like Gecko) Chrome/89.0.4389.105 Mobile Safari/537.36"
27.115.124.38 - - [12/Nov/2025:12:55:55 +0800] "GET /wp-content/uploads/2025/06/1750755307-qizhoucangku2000x400_2025624.webp HTTP/1.1" 200 45470 "http://cqqizhou.com/about/" "Mozilla/5.0 (Linux; Android 10; HUAWEI P30 Pro) AppleWebKit/537.36 (KHTML, like Gecko) Chrome/89.0.4389.105 Mobile Safari/537.36"
27.115.124.45 - - [12/Nov/2025:12:55:55 +0800] "GET /wp-content/uploads/2025/07/1750671803-partner3_200x50.webp HTTP/1.1" 200 4414 "http://cqqizhou.com/about/" "Mozilla/5.0 (Linux; Android 10; HUAWEI P30 Pro) AppleWebKit/537.36 (KHTML, like Gecko) Chrome/89.0.4389.105 Mobile Safari/537.36"
27.115.124.6 - - [12/Nov/2025:12:55:55 +0800] "GET /wp-content/uploads/2025/07/1750671806-partner5_200x50.webp HTTP/1.1" 200 2840 "http://cqqizhou.com/about/" "Mozilla/5.0 (Linux; Android 10; HUAWEI P30 Pro) AppleWebKit/537.36 (KHTML, like Gecko) Chrome/89.0.4389.105 Mobile Safari/537.36"
27.115.124.70 - - [12/Nov/2025:12:55:55 +0800] "GET /wp-content/uploads/2025/07/1750671805-partner4_200x50.webp HTTP/1.1" 200 2390 "http://cqqizhou.com/about/" "Mozilla/5.0 (Linux; Android 10; HUAWEI P30 Pro) AppleWebKit/537.36 (KHTML, like Gecko) Chrome/89.0.4389.105 Mobile Safari/537.36"
27.115.124.45 - - [12/Nov/2025:12:55:55 +0800] "GET /wp-content/uploads/2025/07/1751425283-qizhou.kf_.qq_.com_.webp HTTP/1.1" 200 16864 "http://cqqizhou.com/about/" "Mozilla/5.0 (Linux; Android 10; HUAWEI P30 Pro) AppleWebKit/537.36 (KHTML, like Gecko) Chrome/89.0.4389.105 Mobile Safari/537.36"
27.115.124.6 - - [12/Nov/2025:12:55:55 +0800] "GET /wp-content/uploads/2025/07/1750671808-partner6_200x50.webp HTTP/1.1" 200 3004 "http://cqqizhou.com/about/" "Mozilla/5.0 (Linux; Android 10; HUAWEI P30 Pro) AppleWebKit/537.36 (KHTML, like Gecko) Chrome/89.0.4389.105 Mobile Safari/537.36"
205.169.39.0 - - [12/Nov/2025:12:56:58 +0800] "GET / HTTP/1.1" 200 33927 "-" "Mozilla/5.0 (Windows NT 10.0; Win64; x64) AppleWebKit/537.36 (KHTML, like Gecko) Chrome/117.0.5938.132 Safari/537.36"
205.169.39.0 - - [12/Nov/2025:12:57:00 +0800] "GET /wp-content/uploads/2025/07/1751425283-qizhou.kf_.qq_.com_.webp HTTP/1.1" 200 16864 "http://cqqizhou.com/" "Mozilla/5.0 (Windows NT 10.0; Win64; x64) AppleWebKit/537.36 (KHTML, like Gecko) Chrome/117.0.5938.132 Safari/537.36"
205.169.39.0 - - [12/Nov/2025:12:57:02 +0800] "GET /wp-content/uploads/2025/07/1750174127-Marketing1920x800_3.webp HTTP/1.1" 200 52790 "http://cqqizhou.com/wp-content/uploads/elementor/css/post-1666.css?ver=1762870941" "Mozilla/5.0 (Windows NT 10.0; Win64; x64) AppleWebKit/537.36 (KHTML, like Gecko) Chrome/117.0.5938.132 Safari/537.36"
205.169.39.0 - - [12/Nov/2025:12:57:03 +0800] "GET /wp-content/uploads/2025/07/1753454299-Article_images_W900px.webp HTTP/1.1" 200 52418 "http://cqqizhou.com/" "Mozilla/5.0 (Windows NT 10.0; Win64; x64) AppleWebKit/537.36 (KHTML, like Gecko) Chrome/117.0.5938.132 Safari/537.36"
205.169.39.0 - - [12/Nov/2025:12:57:03 +0800] "GET /wp-content/uploads/2025/07/1753454089-Article_images_W900px.webp HTTP/1.1" 200 27552 "http://cqqizhou.com/" "Mozilla/5.0 (Windows NT 10.0; Win64; x64) AppleWebKit/537.36 (KHTML, like Gecko) Chrome/117.0.5938.132 Safari/537.36"
205.169.39.0 - - [12/Nov/2025:12:57:03 +0800] "GET /wp-content/uploads/revslider/slider-1/1750929639-yuanjing_Slider_3840%C3%972160_20250626171955-scaled.webp HTTP/1.1" 200 203290 "http://cqqizhou.com/" "Mozilla/5.0 (Windows NT 10.0; Win64; x64) AppleWebKit/537.36 (KHTML, like Gecko) Chrome/117.0.5938.132 Safari/537.36"
205.169.39.0 - - [12/Nov/2025:12:57:04 +0800] "GET /wp-content/uploads/2025/07/1753453096-%E5%8F%8C%E7%9B%B8%E9%92%A2product_Single600%C3%97284.webp HTTP/1.1" 200 14562 "http://cqqizhou.com/" "Mozilla/5.0 (Windows NT 10.0; Win64; x64) AppleWebKit/537.36 (KHTML, like Gecko) Chrome/117.0.5938.132 Safari/537.36"
205.169.39.0 - - [12/Nov/2025:12:57:04 +0800] "GET /wp-content/uploads/2025/07/1753456770-%E7%83%AD%E9%95%80%E9%94%8C%E5%8D%B7product_Single600.webp HTTP/1.1" 200 27502 "http://cqqizhou.com/" "Mozilla/5.0 (Windows NT 10.0; Win64; x64) AppleWebKit/537.36 (KHTML, like Gecko) Chrome/117.0.5938.132 Safari/537.36"
205.169.39.0 - - [12/Nov/2025:12:57:04 +0800] "GET /wp-content/uploads/2025/07/1753453127-%E4%BD%99%E5%8D%B7product_Single600%C3%97284.webp HTTP/1.1" 200 18744 "http://cqqizhou.com/" "Mozilla/5.0 (Windows NT 10.0; Win64; x64) AppleWebKit/537.36 (KHTML, like Gecko) Chrome/117.0.5938.132 Safari/537.36"
205.169.39.0 - - [12/Nov/2025:12:57:04 +0800] "GET /wp-content/uploads/2025/07/1753456723-%E5%8F%8C%E7%9B%B8%E9%92%A2roduct_Single600.webp HTTP/1.1" 200 22790 "http://cqqizhou.com/" "Mozilla/5.0 (Windows NT 10.0; Win64; x64) AppleWebKit/537.36 (KHTML, like Gecko) Chrome/117.0.5938.132 Safari/537.36"
205.169.39.0 - - [12/Nov/2025:12:57:04 +0800] "GET /wp-content/uploads/revslider/slider-1/1750861156-logistics_Slider_3840%C3%972160_20250625191356-scaled-50x100.webp HTTP/1.1" 200 1416 "http://cqqizhou.com/" "Mozilla/5.0 (Windows NT 10.0; Win64; x64) AppleWebKit/537.36 (KHTML, like Gecko) Chrome/117.0.5938.132 Safari/537.36"
205.169.39.0 - - [12/Nov/2025:12:57:04 +0800] "GET /wp-content/uploads/2025/07/1753587901-Slider_3840%C3%972160_20250727-scaled-50x100.webp HTTP/1.1" 200 1660 "http://cqqizhou.com/" "Mozilla/5.0 (Windows NT 10.0; Win64; x64) AppleWebKit/537.36 (KHTML, like Gecko) Chrome/117.0.5938.132 Safari/537.36"
205.169.39.0 - - [12/Nov/2025:12:57:04 +0800] "GET /wp-content/uploads/revslider/slider-1/1750861156-logistics_Slider_3840%C3%972160_20250625191356-scaled-50x100.webp HTTP/1.1" 200 1416 "http://cqqizhou.com/" "Mozilla/5.0 (Windows NT 10.0; Win64; x64) AppleWebKit/537.36 (KHTML, like Gecko) Chrome/117.0.5938.132 Safari/537.36"
205.169.39.0 - - [12/Nov/2025:12:57:04 +0800] "GET /wp-content/uploads/2025/07/1753587901-Slider_3840%C3%972160_20250727-scaled-50x100.webp HTTP/1.1" 200 1660 "http://cqqizhou.com/" "Mozilla/5.0 (Windows NT 10.0; Win64; x64) AppleWebKit/537.36 (KHTML, like Gecko) Chrome/117.0.5938.132 Safari/537.36"
36.133.115.36 - - [12/Nov/2025:12:57:05 +0800] "POST /wp-cron.php?doing_wp_cron=1762923425.2295091152191162109375 HTTP/1.1" 200 31 "-" "WordPress/6.8.3; http://cqqizhou.com"
205.169.39.0 - - [12/Nov/2025:12:57:05 +0800] "GET /wp-json/sliderrevolution/sliders/1?srengine=7&slideid=3 HTTP/1.1" 200 2292 "http://cqqizhou.com/" "Mozilla/5.0 (Windows NT 10.0; Win64; x64) AppleWebKit/537.36 (KHTML, like Gecko) Chrome/117.0.5938.132 Safari/537.36"
205.169.39.0 - - [12/Nov/2025:12:57:05 +0800] "GET /wp-json/sliderrevolution/sliders/1?srengine=7&slideid=2 HTTP/1.1" 200 2058 "http://cqqizhou.com/" "Mozilla/5.0 (Windows NT 10.0; Win64; x64) AppleWebKit/537.36 (KHTML, like Gecko) Chrome/117.0.5938.132 Safari/537.36"
205.169.39.0 - - [12/Nov/2025:12:57:05 +0800] "GET /wp-content/uploads/revslider/slider-1/1750861156-logistics_Slider_3840%C3%972160_20250625191356-scaled.webp HTTP/1.1" 200 197360 "http://cqqizhou.com/" "Mozilla/5.0 (Windows NT 10.0; Win64; x64) AppleWebKit/537.36 (KHTML, like Gecko) Chrome/117.0.5938.132 Safari/537.36"
205.169.39.0 - - [12/Nov/2025:12:57:05 +0800] "GET /wp-content/uploads/2025/07/1753587901-Slider_3840%C3%972160_20250727-scaled.webp HTTP/1.1" 200 141034 "http://cqqizhou.com/" "Mozilla/5.0 (Windows NT 10.0; Win64; x64) AppleWebKit/537.36 (KHTML, like Gecko) Chrome/117.0.5938.132 Safari/537.36"
205.169.39.0 - - [12/Nov/2025:12:57:13 +0800] "GET /wp-content/uploads/revslider/slider-1/1750929639-yuanjing_Slider_3840%C3%972160_20250626171955-scaled-50x100.webp HTTP/1.1" 200 1784 "http://cqqizhou.com/" "Mozilla/5.0 (X11; Linux x86_64) AppleWebKit/537.36 (KHTML, like Gecko) HeadlessChrome/127.0.6533.119 Safari/537.36"
36.133.115.36 - - [12/Nov/2025:13:12:16 +0800] "POST /wp-cron.php?doing_wp_cron=1762924336.3452100753784179687500 HTTP/1.1" 200 31 "-" "WordPress/6.8.3; http://cqqizhou.com"
182.18.239.189 - - [12/Nov/2025:13:12:16 +0800] "POST /wp-login.php HTTP/1.1" 200 2921 "http://cqqizhou.com" "Mozilla/5.0 (Macintosh; Intel Mac OS X 10_15_7) AppleWebKit/537.36 (KHTML, like Gecko) Chrome/114.0.5735.134 Safari/537.36"
36.133.115.36 - - [12/Nov/2025:13:17:15 +0800] "POST /wp-cron.php?doing_wp_cron=1762924635.1236209869384765625000 HTTP/1.1" 200 31 "-" "WordPress/6.8.3; http://cqqizhou.com"
103.31.38.163 - - [12/Nov/2025:13:17:15 +0800] "POST /wp-login.php HTTP/1.1" 200 2921 "http://cqqizhou.com" "Mozilla/5.0 (Windows NT 10.0; Win64; x64) AppleWebKit/537.36 (KHTML, like Gecko) Chrome/113.0.5672.126 Safari/537.36 Edg/113.0.1774.50"
36.133.115.36 - - [12/Nov/2025:13:22:42 +0800] "POST /wp-cron.php?doing_wp_cron=1762924962.7690660953521728515625 HTTP/1.1" 200 31 "-" "WordPress/6.8.3; http://cqqizhou.com"
115.190.57.183 - - [12/Nov/2025:13:22:42 +0800] "POST /wp-login.php HTTP/1.1" 200 2921 "http://cqqizhou.com" "Mozilla/5.0 (Macintosh; Intel Mac OS X 13_3) AppleWebKit/537.36 (KHTML, like Gecko) Chrome/126.0.0.0 Safari/537.36"
36.133.115.36 - - [12/Nov/2025:13:27:33 +0800] "POST /wp-cron.php?doing_wp_cron=1762925252.9966659545898437500000 HTTP/1.1" 200 31 "-" "WordPress/6.8.3; http://cqqizhou.com"
89.207.146.191 - - [12/Nov/2025:13:27:33 +0800] "POST /wp-login.php HTTP/1.1" 200 2921 "http://cqqizhou.com" "Mozilla/5.0 (Macintosh; Intel Mac OS X 14.3) AppleWebKit/614.31.14 (KHTML, like Gecko) Version/17.0.96 Safari/614.31.14"
36.133.115.36 - - [12/Nov/2025:13:28:35 +0800] "POST /wp-cron.php?doing_wp_cron=1762925315.5151069164276123046875 HTTP/1.1" 200 31 "-" "WordPress/6.8.3; http://cqqizhou.com"
112.33.25.179 - - [12/Nov/2025:13:28:35 +0800] "GET /feed/ HTTP/1.1" 301 5 "-" "Go-http-client/1.1"
112.33.25.179 - - [12/Nov/2025:13:28:36 +0800] "GET /feed/ HTTP/1.1" 200 82044 "http://www.cqqizhou.com/feed/" "Go-http-client/1.1"
112.33.25.179 - - [12/Nov/2025:13:28:37 +0800] "POST /wp-comments-post.php HTTP/1.1" 403 1173 "-" "Go-http-client/1.1"
36.133.115.36 - - [12/Nov/2025:13:32:01 +0800] "POST /wp-cron.php?doing_wp_cron=1762925520.9987900257110595703125 HTTP/1.1" 200 31 "-" "WordPress/6.8.3; http://cqqizhou.com"
63.250.38.185 - - [12/Nov/2025:13:32:01 +0800] "POST /wp-login.php HTTP/1.1" 200 2921 "http://cqqizhou.com" "Mozilla/5.0 (Windows NT 11.0; Win64; x64) AppleWebKit/537.36 (KHTML, like Gecko) Chrome/126.0.0.0 Safari/537.36 Edg/126.0.0.0"
36.133.108.119 - - [12/Nov/2025:13:32:14 +0800] "HEAD /phpunit/src/Util/PHP/eval-stdin.php HTTP/1.1" 404 0 "-" "Mozilla/5.0 (compatible; MSIE 8.0; Windows NT 5.1; Trident/4.0; SLCC1; .NET CLR 3.0.4506.2152; .NET CLR 3.5.30729; .NET CLR 1.1.4322)"
36.133.108.119 - - [12/Nov/2025:13:32:25 +0800] "HEAD /phpunit/Util/PHP/eval-stdin.php HTTP/1.1" 404 0 "-" "Mozilla/5.0 (compatible; MSIE 8.0; Windows NT 5.1; Trident/4.0; .NET CLR 1.1.4322; .NET CLR 2.0.50727)"
36.133.108.119 - - [12/Nov/2025:13:32:37 +0800] "HEAD /vendor/vendor/phpunit/phpunit/src/Util/PHP/eval-stdin.php HTTP/1.1" 404 0 "-" "Mozilla/5.0 (Windows NT 6.2; WOW64) AppleWebKit/537.14 (KHTML, like Gecko) Chrome/24.0.1292.0 Safari/537.14"
36.133.115.36 - - [12/Nov/2025:13:34:02 +0800] "POST /wp-cron.php?doing_wp_cron=1762925642.3298718929290771484375 HTTP/1.1" 200 31 "-" "WordPress/6.8.3; http://cqqizhou.com"
216.73.216.85 - - [12/Nov/2025:13:34:02 +0800] "GET /robots.txt HTTP/1.1" 200 390 "-" "Mozilla/5.0 AppleWebKit/537.36 (KHTML, like Gecko; compatible; ClaudeBot/1.0; +claudebot@anthropic.com)"
216.73.216.85 - - [12/Nov/2025:13:34:03 +0800] "GET /wp-sitemap.xml HTTP/1.1" 501 253 "-" "Mozilla/5.0 AppleWebKit/537.36 (KHTML, like Gecko; compatible; ClaudeBot/1.0; +claudebot@anthropic.com)"
36.133.115.36 - - [12/Nov/2025:13:36:37 +0800] "POST /wp-cron.php?doing_wp_cron=1762925797.4805750846862792968750 HTTP/1.1" 200 31 "-" "WordPress/6.8.3; http://cqqizhou.com"
152.206.75.226 - - [12/Nov/2025:13:36:37 +0800] "POST /wp-login.php HTTP/1.1" 200 2921 "http://cqqizhou.com" "Mozilla/5.0 (Macintosh; Intel Mac OS X 10_15_7; rv:128.0) Gecko/20100101 Firefox/128.0"
36.133.115.36 - - [12/Nov/2025:13:38:15 +0800] "POST /wp-cron.php?doing_wp_cron=1762925895.0695619583129882812500 HTTP/1.1" 200 31 "-" "WordPress/6.8.3; http://cqqizhou.com"
35.203.210.253 - - [12/Nov/2025:13:38:15 +0800] "GET / HTTP/1.1" 200 33462 "-" "Hello from Palo Alto Networks, find out more about our scans in https://docs-cortex.paloaltonetworks.com/r/1/Cortex-Xpanse/Scanning-activity"
36.133.115.36 - - [12/Nov/2025:13:41:10 +0800] "POST /wp-cron.php?doing_wp_cron=1762926070.8454239368438720703125 HTTP/1.1" 200 31 "-" "WordPress/6.8.3; http://cqqizhou.com"
165.22.218.230 - - [12/Nov/2025:13:41:10 +0800] "POST /wp-login.php HTTP/1.1" 200 2921 "http://cqqizhou.com" "Mozilla/5.0 (Macintosh; Intel Mac OS X 14_6) AppleWebKit/605.1.15 (KHTML, like Gecko) Version/17.5 Safari/605.1.15"
36.133.115.36 - - [12/Nov/2025:13:45:36 +0800] "POST /wp-cron.php?doing_wp_cron=1762926336.7556090354919433593750 HTTP/1.1" 200 31 "-" "WordPress/6.8.3; http://cqqizhou.com"
68.183.135.252 - - [12/Nov/2025:13:45:36 +0800] "POST /wp-login.php HTTP/1.1" 200 2921 "http://cqqizhou.com" "Mozilla/5.0 (Windows NT 10.0; Win64; x64) AppleWebKit/537.36 (KHTML, like Gecko) Chrome/112.0.5615.138 Safari/537.36 Edg/112.0.1722.68"
36.133.108.125 - - [12/Nov/2025:13:45:59 +0800] "HEAD /lib/phpunit/phpunit/Util/PHP/eval-stdin.php HTTP/1.1" 404 0 "-" "Mozilla/5.0 (compatible; MSIE 9.0; Windows NT 6.1; Trident/5.0; yie8)"
36.133.108.119 - - [12/Nov/2025:13:46:57 +0800] "HEAD /www/vendor/phpunit/phpunit/src/Util/PHP/eval-stdin.php HTTP/1.1" 404 0 "-" "Mozilla/5.0 (Macintosh; Intel Mac OS X 10_8_3) AppleWebKit/537.36 (KHTML, like Gecko) Chrome/27.0.1453.93 Safari/537.36"
36.133.108.125 - - [12/Nov/2025:13:47:24 +0800] "HEAD /lib/phpunit/src/Util/PHP/eval-stdin.php HTTP/1.1" 404 0 "-" "Mozilla/5.0 (Macintosh; U; Intel Mac OS X 10_6_6; fr-ch) AppleWebKit/533.19.4 (KHTML, like Gecko) Version/5.0.3 Safari/533.19.4"
36.133.115.36 - - [12/Nov/2025:13:54:15 +0800] "POST /wp-cron.php?doing_wp_cron=1762926855.2684519290924072265625 HTTP/1.1" 200 31 "-" "WordPress/6.8.3; http://cqqizhou.com"
103.149.169.120 - - [12/Nov/2025:13:54:15 +0800] "POST /wp-login.php HTTP/1.1" 200 2921 "http://cqqizhou.com" "Mozilla/5.0 (Macintosh; Intel Mac OS X 10_15_7; rv:125.0.1) Gecko/20100101 Firefox/125.0.1"
121.43.141.195 - - [12/Nov/2025:13:58:19 +0800] "GET /.env HTTP/1.1" 499 0 "-" "Mozilla/5.0 (iPhone; CPU iPhone OS 17_5_1 like Mac OS X) AppleWebKit/605.1.15 (KHTML, like Gecko) Version/17.4.1 Mobile/15E148 Safari/604.1"
121.43.141.195 - - [12/Nov/2025:13:58:19 +0800] "GET /containers/json HTTP/1.1" 499 0 "-" "Mozilla/5.0 (iPhone; CPU iPhone OS 17_5_1 like Mac OS X) AppleWebKit/605.1.15 (KHTML, like Gecko) Version/17.4.1 Mobile/15E148 Safari/604.1"
121.43.141.195 - - [12/Nov/2025:13:58:20 +0800] "GET /.env.bak HTTP/1.1" 499 0 "-" "Mozilla/5.0 (iPhone; CPU iPhone OS 17_5_1 like Mac OS X) AppleWebKit/605.1.15 (KHTML, like Gecko) Version/17.4.1 Mobile/15E148 Safari/604.1"
121.43.141.195 - - [12/Nov/2025:13:58:20 +0800] "GET / HTTP/1.1" 499 0 "-" "Mozilla/5.0 (iPhone; CPU iPhone OS 17_5_1 like Mac OS X) AppleWebKit/605.1.15 (KHTML, like Gecko) Version/17.4.1 Mobile/15E148 Safari/604.1"
121.43.141.195 - - [12/Nov/2025:13:58:20 +0800] "GET /containers/json HTTP/1.1" 499 0 "-" "Mozilla/5.0 (iPhone; CPU iPhone OS 17_5_1 like Mac OS X) AppleWebKit/605.1.15 (KHTML, like Gecko) Version/17.4.1 Mobile/15E148 Safari/604.1"
121.43.141.195 - - [12/Nov/2025:13:58:20 +0800] "GET /version HTTP/1.1" 499 0 "-" "Mozilla/5.0 (iPhone; CPU iPhone OS 17_5_1 like Mac OS X) AppleWebKit/605.1.15 (KHTML, like Gecko) Version/17.4.1 Mobile/15E148 Safari/604.1"
36.133.115.36 - - [12/Nov/2025:13:58:20 +0800] "POST /wp-cron.php?doing_wp_cron=1762927100.4907860755920410156250 HTTP/1.1" 200 31 "-" "WordPress/6.8.3; http://cqqizhou.com"
36.133.115.36 - - [12/Nov/2025:14:02:22 +0800] "POST /wp-cron.php?doing_wp_cron=1762927342.9454059600830078125000 HTTP/1.1" 200 31 "-" "WordPress/6.8.3; http://cqqizhou.com"
218.250.50.205 - - [12/Nov/2025:14:02:23 +0800] "GET / HTTP/1.0" 200 151899 "-" "-"
36.133.115.36 - - [12/Nov/2025:14:02:52 +0800] "POST /wp-cron.php?doing_wp_cron=1762927372.6553149223327636718750 HTTP/1.1" 200 31 "-" "WordPress/6.8.3; http://cqqizhou.com"
209.42.16.52 - - [12/Nov/2025:14:02:52 +0800] "POST /wp-login.php HTTP/1.1" 200 2921 "http://cqqizhou.com" "Mozilla/5.0 (Windows NT 10.0; Win64; x64) AppleWebKit/537.36 (KHTML, like Gecko) Chrome/112.0.5615.138 Safari/537.36 Edg/112.0.1722.68"
36.133.115.36 - - [12/Nov/2025:14:07:38 +0800] "POST /wp-cron.php?doing_wp_cron=1762927658.9404199123382568359375 HTTP/1.1" 200 31 "-" "WordPress/6.8.3; http://cqqizhou.com"
103.147.122.46 - - [12/Nov/2025:14:07:39 +0800] "POST /wp-login.php HTTP/1.1" 200 2921 "http://cqqizhou.com" "Mozilla/5.0 (Windows NT 11.0; Win64; x64; rv:126.0) Gecko/20100101 Firefox/126.0"
36.133.115.36 - - [12/Nov/2025:14:12:27 +0800] "POST /wp-cron.php?doing_wp_cron=1762927946.9997189044952392578125 HTTP/1.1" 200 31 "-" "WordPress/6.8.3; http://cqqizhou.com"
101.78.165.58 - - [12/Nov/2025:14:12:27 +0800] "POST /wp-login.php HTTP/1.1" 200 2921 "http://cqqizhou.com" "Mozilla/5.0 (Macintosh; Intel Mac OS X 10.15; rv:126.0) Gecko/20100101 Firefox/126.0"
36.133.115.36 - - [12/Nov/2025:14:12:56 +0800] "POST /wp-cron.php?doing_wp_cron=1762927976.0992360115051269531250 HTTP/1.1" 200 31 "-" "WordPress/6.8.3; http://cqqizhou.com"
27.115.124.6 - - [12/Nov/2025:14:12:56 +0800] "GET / HTTP/1.1" 200 33462 "-" "Mozilla/5.0 (Linux; Android 11; V2055A) AppleWebKit/537.36 (KHTML, like Gecko) Chrome/91.0.4472.101 Mobile Safari/537.36"
36.133.115.36 - - [12/Nov/2025:14:14:14 +0800] "POST /wp-cron.php?doing_wp_cron=1762928054.5699899196624755859375 HTTP/1.1" 200 31 "-" "WordPress/6.8.3; http://cqqizhou.com"
172.232.232.179 - - [12/Nov/2025:14:14:14 +0800] "GET / HTTP/1.0" 301 0 "-" "-"
172.232.232.179 - - [12/Nov/2025:14:14:15 +0800] "GET / HTTP/1.1" 301 5 "-" "Mozilla/5.0 (iPhone; CPU iPhone OS 17_7 like Mac OS X) AppleWebKit/605.1.15 (KHTML"
36.133.115.36 - - [12/Nov/2025:14:17:21 +0800] "POST /wp-cron.php?doing_wp_cron=1762928241.7535040378570556640625 HTTP/1.1" 200 31 "-" "WordPress/6.8.3; http://cqqizhou.com"
202.174.110.119 - - [12/Nov/2025:14:17:21 +0800] "POST /wp-login.php HTTP/1.1" 200 2921 "http://cqqizhou.com" "Mozilla/5.0 (Windows NT 10.0; Win64; x64) AppleWebKit/537.36 (KHTML, like Gecko) Chrome/113.0.5672.93 Safari/537.36"
36.133.115.36 - - [12/Nov/2025:14:26:57 +0800] "POST /wp-cron.php?doing_wp_cron=1762928817.3147799968719482421875 HTTP/1.1" 200 31 "-" "WordPress/6.8.3; http://cqqizhou.com"
47.238.97.17 - - [12/Nov/2025:14:26:57 +0800] "POST /wp-login.php HTTP/1.1" 200 2921 "http://cqqizhou.com" "Mozilla/5.0 (Macintosh; Intel Mac OS X 14_6) AppleWebKit/605.1.15 (KHTML, like Gecko) Version/17.5 Safari/605.1.15"
116.193.190.94 - - [12/Nov/2025:14:31:47 +0800] "POST /wp-login.php HTTP/1.1" 200 2921 "http://cqqizhou.com" "Mozilla/5.0 (Windows NT 10.0; Win64; x64) AppleWebKit/537.36 (KHTML, like Gecko) Chrome/114.0.5735.134 Safari/537.36"
36.133.115.36 - - [12/Nov/2025:14:34:27 +0800] "POST /wp-cron.php?doing_wp_cron=1762929267.4894270896911621093750 HTTP/1.1" 200 31 "-" "WordPress/6.8.3; http://cqqizhou.com"
223.104.148.184 - - [12/Nov/2025:14:34:27 +0800] "GET / HTTP/1.1" 200 33461 "https://m.baidu.com/" "Mozilla/5.0 (Linux; Android 12; M2007J17C Build/SKQ1.211006.001; wv) AppleWebKit/537.36 (KHTML, like Gecko) Version/4.0 Chrome/97.0.4692.98 Mobile Safari/537.36 T7/15.28 SP-engine/3.52.0 bd_dvt/0 baiduboxapp/15.28.0.10 (Baidu; P1 12) NABar/1.0"
36.133.115.36 - - [12/Nov/2025:14:36:17 +0800] "POST /wp-cron.php?doing_wp_cron=1762929377.7311410903930664062500 HTTP/1.1" 200 31 "-" "WordPress/6.8.3; http://cqqizhou.com"
64.227.167.65 - - [12/Nov/2025:14:36:17 +0800] "POST /wp-login.php HTTP/1.1" 200 2921 "http://cqqizhou.com" "Mozilla/5.0 (Windows NT 10.0; Win64; x64) AppleWebKit/537.36 (KHTML, like Gecko) Chrome/116.0.5845.96 Safari/537.36"
36.133.108.125 - - [12/Nov/2025:14:40:10 +0800] "HEAD /ws/ec/vendor/phpunit/phpunit/src/Util/PHP/eval-stdin.php HTTP/1.1" 404 0 "-" "Mozilla/5.0 (Windows NT 6.1; WOW64; rv:31.0) Gecko/20130401 Firefox/31.0"
36.133.108.121 - - [12/Nov/2025:14:40:36 +0800] "HEAD /V2/vendor/phpunit/phpunit/src/Util/PHP/eval-stdin.php HTTP/1.1" 404 0 "-" "Mozilla/5.0 (Windows NT 6.1; WOW64; Trident/7.0; AS; rv:11.0) like Gecko"
36.133.115.36 - - [12/Nov/2025:14:40:54 +0800] "POST /wp-cron.php?doing_wp_cron=1762929654.3600649833679199218750 HTTP/1.1" 200 31 "-" "WordPress/6.8.3; http://cqqizhou.com"
162.241.244.103 - - [12/Nov/2025:14:40:54 +0800] "POST /wp-login.php HTTP/1.1" 200 2921 "http://cqqizhou.com" "Mozilla/5.0 (Windows NT 10.0; Win64; x64) AppleWebKit/537.36 (KHTML, like Gecko) Chrome/112.0.5615.138 Safari/537.36 Edg/112.0.1722.68"
36.150.60.24 - - [12/Nov/2025:14:41:04 +0800] "GET / HTTP/1.1" 200 33927 "-" "Mozilla/5.0 (Macintosh; Intel Mac OS X 10_11) AppleWebKit/601.1.27 (KHTML, like Gecko) Chrome/47.0.2526.106 Safari/601.1.27"
221.178.143.70 - - [12/Nov/2025:14:41:13 +0800] "GET / HTTP/1.1" 200 33462 "-" "Dalvik/2.1.0 (Linux; U; Android 9.0; ZTE BA520 Build/MRA58K)"
36.133.108.119 - - [12/Nov/2025:14:41:14 +0800] "HEAD /ws/vendor/phpunit/phpunit/src/Util/PHP/eval-stdin.php HTTP/1.1" 404 0 "-" "Mozilla/5.0 (Windows; U; Windows NT 6.1; en-US) AppleWebKit/533.20.25 (KHTML, like Gecko) Version/5.0.4 Safari/533.20.27"
221.178.143.70 - - [12/Nov/2025:14:42:27 +0800] "GET / HTTP/1.1" 200 33927 "-" "Mozilla/5.0 (X11; Linux x86_64) AppleWebKit/536.5 (KHTML, like Gecko) Chrome/19.0.1084.9 Safari/536.5"
221.178.143.70 - - [12/Nov/2025:14:44:03 +0800] "GET / HTTP/1.1" 200 33927 "-" "Mozilla/5.0 (Macintosh; Intel Mac OS X 10_11) AppleWebKit/601.1.27 (KHTML, like Gecko) Chrome/47.0.2526.106 Safari/601.1.27"
36.133.115.36 - - [12/Nov/2025:14:45:28 +0800] "POST /wp-cron.php?doing_wp_cron=1762929928.6219539642333984375000 HTTP/1.1" 200 31 "-" "WordPress/6.8.3; http://cqqizhou.com"
103.163.214.6 - - [12/Nov/2025:14:45:28 +0800] "POST /wp-login.php HTTP/1.1" 200 2921 "http://cqqizhou.com" "Mozilla/5.0 (Windows NT 11.0; Win64; x64) AppleWebKit/537.36 (KHTML, like Gecko) Chrome/126.0.0.0 Safari/537.36 Edg/126.0.0.0"
36.133.115.36 - - [12/Nov/2025:14:45:59 +0800] "POST /wp-cron.php?doing_wp_cron=1762929959.6175670623779296875000 HTTP/1.1" 200 31 "-" "WordPress/6.8.3; http://cqqizhou.com"
159.203.170.121 - - [12/Nov/2025:14:45:59 +0800] "GET /.git/config HTTP/1.1" 404 8990 "-" "Mozilla/5.0 (X11; Linux x86_64) AppleWebKit/537.36 (KHTML, like Gecko) Chrome/81.0.4044.129 Safari/537.36"
36.150.60.24 - - [12/Nov/2025:14:46:29 +0800] "GET / HTTP/1.1" 200 33462 "-" "Dalvik/2.1.0 (Linux; U; Android 9.0; ZTE BA520 Build/MRA58K)"
36.133.115.36 - - [12/Nov/2025:14:47:50 +0800] "POST /wp-cron.php?doing_wp_cron=1762930070.7983360290527343750000 HTTP/1.1" 200 31 "-" "WordPress/6.8.3; http://cqqizhou.com"
36.150.60.24 - - [12/Nov/2025:14:47:51 +0800] "GET / HTTP/1.1" 200 33462 "-" "Mozilla/5.0 (Linux; Android 8.0; STF-AL00 Build/HUAWEISTF-AL00; wv) AppleWebKit/537.36 (KHTML, like Gecko) Version/4.0 Chrome/57.0.2987.132 MQQBrowser/6.2 TBS/044113 Mobile Safari/537.36 MicroMessenger/6.6.7.1321(0x26060739) NetType/4G Language/zh_CN"
36.133.115.36 - - [12/Nov/2025:14:54:29 +0800] "POST /wp-cron.php?doing_wp_cron=1762930469.7964000701904296875000 HTTP/1.1" 200 31 "-" "WordPress/6.8.3; http://cqqizhou.com"
8.137.149.112 - - [12/Nov/2025:14:54:29 +0800] "POST /wp-login.php HTTP/1.1" 200 2921 "http://cqqizhou.com" "Mozilla/5.0 (Macintosh; Intel Mac OS X 10_15_7) AppleWebKit/537.36 (KHTML, like Gecko) Chrome/112.0.5615.138 Safari/537.36"
36.133.115.36 - - [12/Nov/2025:15:07:47 +0800] "POST /wp-cron.php?doing_wp_cron=1762931267.6227760314941406250000 HTTP/1.1" 200 31 "-" "WordPress/6.8.3; http://cqqizhou.com"
128.199.8.140 - - [12/Nov/2025:15:07:47 +0800] "GET / HTTP/1.1" 301 5 "-" "Mozilla/5.0 (compatible; InternetMeasurement/1.0; +https://internet-measurement.com/)"
128.199.8.140 - - [12/Nov/2025:15:07:48 +0800] "GET / HTTP/1.1" 200 33927 "http://36.133.115.36" "Mozilla/5.0 (compatible; InternetMeasurement/1.0; +https://internet-measurement.com/)"
36.133.115.36 - - [12/Nov/2025:15:12:32 +0800] "POST /wp-cron.php?doing_wp_cron=1762931552.1602289676666259765625 HTTP/1.1" 200 31 "-" "WordPress/6.8.3; http://cqqizhou.com"
216.73.216.85 - - [12/Nov/2025:15:12:32 +0800] "GET /robots.txt HTTP/1.1" 200 390 "-" "Mozilla/5.0 AppleWebKit/537.36 (KHTML, like Gecko; compatible; ClaudeBot/1.0; +claudebot@anthropic.com)"
216.73.216.85 - - [12/Nov/2025:15:12:33 +0800] "GET /wp-sitemap.xml HTTP/1.1" 501 253 "-" "Mozilla/5.0 AppleWebKit/537.36 (KHTML, like Gecko; compatible; ClaudeBot/1.0; +claudebot@anthropic.com)"
36.133.115.36 - - [12/Nov/2025:15:21:01 +0800] "POST /wp-cron.php?doing_wp_cron=1762932061.2081780433654785156250 HTTP/1.1" 200 31 "-" "WordPress/6.8.3; http://cqqizhou.com"
178.25.244.124 - - [12/Nov/2025:15:21:01 +0800] "GET /robots.txt HTTP/1.1" 200 390 "-" "Mozilla/5.0 (compatible; MJ12bot/v1.4.8; http://mj12bot.com/)"
178.25.244.124 - - [12/Nov/2025:15:21:03 +0800] "GET /portfolio/%E5%86%B7%E8%BD%A7%E5%8D%B7/ HTTP/1.1" 200 22002 "-" "Mozilla/5.0 (compatible; MJ12bot/v1.4.8; http://mj12bot.com/)"
36.133.115.36 - - [12/Nov/2025:15:26:49 +0800] "POST /wp-cron.php?doing_wp_cron=1762932409.5841090679168701171875 HTTP/1.1" 200 31 "-" "WordPress/6.8.3; http://cqqizhou.com"
162.240.6.87 - - [12/Nov/2025:15:26:49 +0800] "POST /wp-login.php HTTP/1.1" 200 2921 "http://cqqizhou.com" "Mozilla/5.0 (Macintosh; Intel Mac OS X 10_15_7; rv:126.0) Gecko/20100101 Firefox/126.0"
36.133.115.36 - - [12/Nov/2025:15:36:15 +0800] "POST /wp-cron.php?doing_wp_cron=1762932975.0481579303741455078125 HTTP/1.1" 200 31 "-" "WordPress/6.8.3; http://cqqizhou.com"
45.151.61.12 - - [12/Nov/2025:15:36:15 +0800] "POST /wp-login.php HTTP/1.1" 200 2921 "http://cqqizhou.com" "Mozilla/5.0 (Windows NT 10.0; Win64; x64) AppleWebKit/537.36 (KHTML, like Gecko) Chrome/116.0.5845.96 Safari/537.36"
36.133.115.36 - - [12/Nov/2025:15:40:53 +0800] "POST /wp-cron.php?doing_wp_cron=1762933253.2169029712677001953125 HTTP/1.1" 200 31 "-" "WordPress/6.8.3; http://cqqizhou.com"
103.149.169.122 - - [12/Nov/2025:15:40:53 +0800] "POST /wp-login.php HTTP/1.1" 200 2921 "http://cqqizhou.com" "Mozilla/5.0 (Macintosh; Intel Mac OS X 10_15_7; rv:125.0.1) Gecko/20100101 Firefox/125.0.1"
36.133.115.36 - - [12/Nov/2025:15:49:52 +0800] "POST /wp-cron.php?doing_wp_cron=1762933792.6867198944091796875000 HTTP/1.1" 200 31 "-" "WordPress/6.8.3; http://cqqizhou.com"
162.241.226.43 - - [12/Nov/2025:15:49:52 +0800] "POST /wp-login.php HTTP/1.1" 200 2921 "http://cqqizhou.com" "Mozilla/5.0 (Windows NT 10.0; Win64; x64) AppleWebKit/537.36 (KHTML, like Gecko) Chrome/114.0.5735.199 Safari/537.36 Edg/114.0.1823.67"
36.133.115.36 - - [12/Nov/2025:15:58:40 +0800] "POST /wp-cron.php?doing_wp_cron=1762934320.6666700839996337890625 HTTP/1.1" 200 31 "-" "WordPress/6.8.3; http://cqqizhou.com"
42.96.15.201 - - [12/Nov/2025:15:58:40 +0800] "POST /wp-login.php HTTP/1.1" 200 2921 "http://cqqizhou.com" "Mozilla/5.0 (Windows NT 10.0; Win64; x64) AppleWebKit/537.36 (KHTML, like Gecko) Chrome/112.0.5615.138 Safari/537.36 Edg/112.0.1722.68"
36.133.115.36 - - [12/Nov/2025:15:59:00 +0800] "POST /wp-cron.php?doing_wp_cron=1762934340.9404420852661132812500 HTTP/1.1" 200 31 "-" "WordPress/6.8.3; http://cqqizhou.com"
66.249.68.70 - - [12/Nov/2025:15:59:00 +0800] "GET /robots.txt HTTP/1.1" 200 190 "-" "Mozilla/5.0 (compatible; Googlebot/2.1; +http://www.google.com/bot.html)"
66.249.68.70 - - [12/Nov/2025:15:59:02 +0800] "GET /industry/ HTTP/1.1" 200 18033 "-" "Mozilla/5.0 (Linux; Android 6.0.1; Nexus 5X Build/MMB29P) AppleWebKit/537.36 (KHTML, like Gecko) Chrome/141.0.7390.122 Mobile Safari/537.36 (compatible; Googlebot/2.1; +http://www.google.com/bot.html)"
36.133.115.36 - - [12/Nov/2025:16:03:08 +0800] "POST /wp-cron.php?doing_wp_cron=1762934588.8253629207611083984375 HTTP/1.1" 200 31 "-" "WordPress/6.8.3; http://cqqizhou.com"
157.230.20.249 - - [12/Nov/2025:16:03:08 +0800] "POST /wp-login.php HTTP/1.1" 200 2921 "http://cqqizhou.com" "Mozilla/5.0 (Windows NT 10.0; Win64; x64) AppleWebKit/537.36 (KHTML, like Gecko) Chrome/126.0.0.0 Safari/537.36 Edg/126.0.0.0"
36.133.115.36 - - [12/Nov/2025:16:08:08 +0800] "POST /wp-cron.php?doing_wp_cron=1762934888.7885410785675048828125 HTTP/1.1" 200 31 "-" "WordPress/6.8.3; http://cqqizhou.com"
14.136.76.45 - - [12/Nov/2025:16:08:08 +0800] "POST /wp-login.php HTTP/1.1" 200 2921 "http://cqqizhou.com" "Mozilla/5.0 (Macintosh; Intel Mac OS X 14.3) AppleWebKit/614.31.14 (KHTML, like Gecko) Version/17.0.96 Safari/614.31.14"
36.133.115.36 - - [12/Nov/2025:16:17:56 +0800] "POST /wp-cron.php?doing_wp_cron=1762935476.7852609157562255859375 HTTP/1.1" 200 31 "-" "WordPress/6.8.3; http://cqqizhou.com"
125.253.121.223 - - [12/Nov/2025:16:17:56 +0800] "POST /wp-login.php HTTP/1.1" 200 2921 "http://cqqizhou.com" "Mozilla/5.0 (Macintosh; Intel Mac OS X 10_15_7) AppleWebKit/537.36 (KHTML, like Gecko) Chrome/113.0.5672.93 Safari/537.36"
112.4.101.36 - - [12/Nov/2025:16:18:40 +0800] "GET / HTTP/1.1" 301 5 "-" "curl/7.29.0"
36.133.115.36 - - [12/Nov/2025:16:19:03 +0800] "POST /wp-cron.php?doing_wp_cron=1762935543.3459069728851318359375 HTTP/1.1" 200 31 "-" "WordPress/6.8.3; http://cqqizhou.com"
106.75.24.96 - - [12/Nov/2025:16:19:03 +0800] "GET / HTTP/1.1" 301 5 "-" "Mozilla/5.0 (Windows NT 9_1; Win64; x64) AppleWebKit/584.44 (KHTML, like Gecko) Chrome/60.0.7 Safari/537.36"
36.133.115.36 - - [12/Nov/2025:16:27:57 +0800] "POST /wp-cron.php?doing_wp_cron=1762936077.5202219486236572265625 HTTP/1.1" 200 31 "-" "WordPress/6.8.3; http://cqqizhou.com"
103.192.173.163 - - [12/Nov/2025:16:27:57 +0800] "POST /wp-login.php HTTP/1.1" 200 2921 "http://cqqizhou.com" "Mozilla/5.0 (Macintosh; Intel Mac OS X 10_15_7) AppleWebKit/537.36 (KHTML, like Gecko) Chrome/113.0.5672.93 Safari/537.36"
36.133.115.36 - - [12/Nov/2025:16:29:51 +0800] "POST /wp-cron.php?doing_wp_cron=1762936191.3704559803009033203125 HTTP/1.1" 200 31 "-" "WordPress/6.8.3; http://cqqizhou.com"
216.73.216.85 - - [12/Nov/2025:16:29:51 +0800] "GET /robots.txt HTTP/1.1" 200 390 "-" "Mozilla/5.0 AppleWebKit/537.36 (KHTML, like Gecko; compatible; ClaudeBot/1.0; +claudebot@anthropic.com)"
216.73.216.85 - - [12/Nov/2025:16:29:52 +0800] "GET /wp-sitemap.xml HTTP/1.1" 501 253 "-" "Mozilla/5.0 AppleWebKit/537.36 (KHTML, like Gecko; compatible; ClaudeBot/1.0; +claudebot@anthropic.com)"
36.133.115.36 - - [12/Nov/2025:16:31:15 +0800] "POST /wp-cron.php?doing_wp_cron=1762936275.4615828990936279296875 HTTP/1.1" 200 31 "-" "WordPress/6.8.3; http://cqqizhou.com"
85.208.96.204 - - [12/Nov/2025:16:31:15 +0800] "GET /robots.txt HTTP/1.1" 200 190 "-" "Mozilla/5.0 (compatible; SemrushBot/7~bl; +http://www.semrush.com/bot.html)"
36.133.108.119 - - [12/Nov/2025:16:31:46 +0800] "HEAD /testing/vendor/phpunit/phpunit/src/Util/PHP/eval-stdin.php HTTP/1.1" 404 0 "-" "Mozilla/5.0 (Windows; U; Windows NT 6.1; en-US) AppleWebKit/533.20.25 (KHTML, like Gecko) Version/5.0.4 Safari/533.20.27"
36.133.108.125 - - [12/Nov/2025:16:32:26 +0800] "HEAD /test/vendor/phpunit/phpunit/src/Util/PHP/eval-stdin.php HTTP/1.1" 404 0 "-" "Mozilla/5.0 (compatible; MSIE 9.0; Windows NT 6.1; Trident/5.0; yie8)"
36.133.115.36 - - [12/Nov/2025:16:32:55 +0800] "POST /wp-cron.php?doing_wp_cron=1762936375.0630939006805419921875 HTTP/1.1" 200 31 "-" "WordPress/6.8.3; http://cqqizhou.com"
101.68.43.236 - - [12/Nov/2025:16:32:55 +0800] "POST /wp-login.php HTTP/1.1" 200 2921 "http://cqqizhou.com" "Mozilla/5.0 (Macintosh; Intel Mac OS X 14_4_1) AppleWebKit/605.1.15 (KHTML, like Gecko) Version/17.3.1 Safari/605.1.15"
36.133.115.36 - - [12/Nov/2025:16:37:54 +0800] "POST /wp-cron.php?doing_wp_cron=1762936674.2298688888549804687500 HTTP/1.1" 200 31 "-" "WordPress/6.8.3; http://cqqizhou.com"
45.151.61.12 - - [12/Nov/2025:16:37:54 +0800] "POST /wp-login.php HTTP/1.1" 200 2921 "http://cqqizhou.com" "Mozilla/5.0 (Windows NT 10.0; Win64; x64; rv:129.0) Gecko/20100101 Firefox/129.0"
36.133.115.36 - - [12/Nov/2025:16:38:48 +0800] "POST /wp-cron.php?doing_wp_cron=1762936728.0361089706420898437500 HTTP/1.1" 200 31 "-" "WordPress/6.8.3; http://cqqizhou.com"
20.64.105.196 - - [12/Nov/2025:16:38:48 +0800] "GET /hudson HTTP/1.1" 404 8990 "-" "Mozilla/5.0 zgrab/0.x"
36.133.108.119 - - [12/Nov/2025:16:42:37 +0800] "HEAD /demo/vendor/phpunit/phpunit/src/Util/PHP/eval-stdin.php HTTP/1.1" 404 0 "-" "Mozilla/5.0 (Macintosh; U; Intel Mac OS X 10_5_8; zh-cn) AppleWebKit/533.18.1 (KHTML, like Gecko) Version/5.0.2 Safari/533.18.5"
36.133.108.119 - - [12/Nov/2025:16:42:45 +0800] "HEAD /cms/vendor/phpunit/phpunit/src/Util/PHP/eval-stdin.php HTTP/1.1" 404 0 "-" "Mozilla/5.0 (X11; Linux x86_64) AppleWebKit/537.36 (KHTML, like Gecko) Chrome/41.0.2227.0 Safari/537.36"
36.133.108.119 - - [12/Nov/2025:16:42:53 +0800] "HEAD /crm/vendor/phpunit/phpunit/src/Util/PHP/eval-stdin.php HTTP/1.1" 404 0 "-" "Mozilla/5.0 (Windows NT 6.1; WOW64) AppleWebKit/537.17 (KHTML, like Gecko) Chrome/24.0.1312.60 Safari/537.17"
36.133.108.125 - - [12/Nov/2025:16:43:00 +0800] "HEAD /admin/vendor/phpunit/phpunit/src/Util/PHP/eval-stdin.php HTTP/1.1" 404 0 "-" "Mozilla/5.0 (Windows; U; Windows NT 6.1; ja-JP) AppleWebKit/533.20.25 (KHTML, like Gecko) Version/5.0.3 Safari/533.19.4"
36.133.108.125 - - [12/Nov/2025:16:43:23 +0800] "HEAD /workspace/drupal/vendor/phpunit/phpunit/src/Util/PHP/eval-stdin.php HTTP/1.1" 404 0 "-" "Mozilla/5.0 (compatible; MSIE 9.0; Windows NT 6.1; Trident/5.0; yie8)"
36.133.115.36 - - [12/Nov/2025:16:47:53 +0800] "POST /wp-cron.php?doing_wp_cron=1762937273.1973149776458740234375 HTTP/1.1" 200 31 "-" "WordPress/6.8.3; http://cqqizhou.com"
68.183.135.252 - - [12/Nov/2025:16:47:53 +0800] "POST /wp-login.php HTTP/1.1" 200 2921 "http://cqqizhou.com" "Mozilla/5.0 (Macintosh; Intel Mac OS X 10_15_7; rv:126.0) Gecko/20100101 Firefox/126.0"
36.133.115.36 - - [12/Nov/2025:16:52:56 +0800] "POST /wp-cron.php?doing_wp_cron=1762937576.3025259971618652343750 HTTP/1.1" 200 31 "-" "WordPress/6.8.3; http://cqqizhou.com"
103.6.198.100 - - [12/Nov/2025:16:52:56 +0800] "POST /wp-login.php HTTP/1.1" 200 2921 "http://cqqizhou.com" "Mozilla/5.0 (Macintosh; Intel Mac OS X 14.5) AppleWebKit/618.3.5 (KHTML, like Gecko) Version/17.4 Safari/618.3.5"
36.133.115.36 - - [12/Nov/2025:17:01:17 +0800] "POST /wp-cron.php?doing_wp_cron=1762938077.8970899581909179687500 HTTP/1.1" 200 31 "-" "WordPress/6.8.3; http://cqqizhou.com"
185.196.8.125 - - [12/Nov/2025:17:01:18 +0800] "GET / HTTP/1.1" 200 151921 "-" "Hello World"
36.133.108.121 - - [12/Nov/2025:17:01:29 +0800] "HEAD /app/vendor/phpunit/phpunit/src/Util/PHP/eval-stdin.php HTTP/1.1" 404 0 "-" "Mozilla/1.22 (compatible; MSIE 10.0; Windows 3.1)"
36.133.108.119 - - [12/Nov/2025:17:01:39 +0800] "HEAD /public/vendor/phpunit/phpunit/src/Util/PHP/eval-stdin.php HTTP/1.1" 404 0 "-" "Mozilla/5.0 (Macintosh; Intel Mac OS X 10_8_3) AppleWebKit/537.36 (KHTML, like Gecko) Chrome/27.0.1453.93 Safari/537.36"
36.133.115.36 - - [12/Nov/2025:17:04:25 +0800] "POST /wp-cron.php?doing_wp_cron=1762938265.5136070251464843750000 HTTP/1.1" 200 31 "-" "WordPress/6.8.3; http://cqqizhou.com"
147.135.213.9 - - [12/Nov/2025:17:04:25 +0800] "GET /robots.txt HTTP/1.1" 200 390 "-" "Mozilla/5.0 (compatible; MJ12bot/v1.4.8; http://mj12bot.com/)"
147.135.213.9 - - [12/Nov/2025:17:04:27 +0800] "GET /wp-content/uploads/2025/06/1750649801-qizhou800x500_1.webp HTTP/1.1" 200 31270 "-" "Mozilla/5.0 (compatible; MJ12bot/v1.4.8; http://mj12bot.com/)"
147.135.213.9 - - [12/Nov/2025:17:04:30 +0800] "GET /wp-content/uploads/2025/07/1751864664-Logistics800x500_1.webp HTTP/1.1" 200 76744 "-" "Mozilla/5.0 (compatible; MJ12bot/v1.4.8; http://mj12bot.com/)"
147.135.213.9 - - [12/Nov/2025:17:04:32 +0800] "GET /wp-content/uploads/2025/11/1762864369-QZ_Photo-11.webp HTTP/1.1" 200 140456 "-" "Mozilla/5.0 (compatible; MJ12bot/v1.4.8; http://mj12bot.com/)"
147.135.213.9 - - [12/Nov/2025:17:04:35 +0800] "GET /wp-content/uploads/2025/11/1762864370-QZ_Photo-1.webp HTTP/1.1" 200 76744 "-" "Mozilla/5.0 (compatible; MJ12bot/v1.4.8; http://mj12bot.com/)"
147.135.213.9 - - [12/Nov/2025:17:04:37 +0800] "GET /wp-content/uploads/2025/11/1762864372-QZ_Photo-2.webp HTTP/1.1" 404 8990 "-" "Mozilla/5.0 (compatible; MJ12bot/v1.4.8; http://mj12bot.com/)"
147.135.213.9 - - [12/Nov/2025:17:04:39 +0800] "GET /wp-content/uploads/2025/11/1762864375-QZ_Photo-3.webp HTTP/1.1" 200 76744 "-" "Mozilla/5.0 (compatible; MJ12bot/v1.4.8; http://mj12bot.com/)"
147.135.213.9 - - [12/Nov/2025:17:04:41 +0800] "GET /wp-content/uploads/2025/11/1762864376-QZ_Photo-4.webp HTTP/1.1" 200 76744 "-" "Mozilla/5.0 (compatible; MJ12bot/v1.4.8; http://mj12bot.com/)"
147.135.213.9 - - [12/Nov/2025:17:04:44 +0800] "GET /wp-content/uploads/2025/11/1762864378-QZ_Photo-5.webp HTTP/1.1" 200 140456 "-" "Mozilla/5.0 (compatible; MJ12bot/v1.4.8; http://mj12bot.com/)"
147.135.213.9 - - [12/Nov/2025:17:04:46 +0800] "GET /wp-content/uploads/2025/11/1762864379-QZ_Photo-6.webp HTTP/1.1" 200 76744 "-" "Mozilla/5.0 (compatible; MJ12bot/v1.4.8; http://mj12bot.com/)"
147.135.213.9 - - [12/Nov/2025:17:04:48 +0800] "GET /wp-content/uploads/2025/11/1762864381-QZ_Photo-7.webp HTTP/1.1" 200 129922 "-" "Mozilla/5.0 (compatible; MJ12bot/v1.4.8; http://mj12bot.com/)"
36.133.115.36 - - [12/Nov/2025:17:04:50 +0800] "POST /wp-cron.php?doing_wp_cron=1762938290.8662190437316894531250 HTTP/1.1" 200 31 "-" "WordPress/6.8.3; http://cqqizhou.com"
147.135.213.9 - - [12/Nov/2025:17:04:50 +0800] "GET /wp-content/uploads/2025/11/1762864384-QZ_Photo-9.webp HTTP/1.1" 404 8990 "-" "Mozilla/5.0 (compatible; MJ12bot/v1.4.8; http://mj12bot.com/)"
147.135.213.9 - - [12/Nov/2025:17:04:53 +0800] "GET /wp-content/uploads/2025/11/1762864385-QZ_Photo-10.webp HTTP/1.1" 200 76744 "-" "Mozilla/5.0 (compatible; MJ12bot/v1.4.8; http://mj12bot.com/)"
36.133.115.36 - - [12/Nov/2025:17:08:14 +0800] "POST /wp-cron.php?doing_wp_cron=1762938493.9596409797668457031250 HTTP/1.1" 200 31 "-" "WordPress/6.8.3; http://cqqizhou.com"
118.17.236.56 - - [12/Nov/2025:17:08:14 +0800] "POST /wp-login.php HTTP/1.1" 200 2921 "http://cqqizhou.com" "Mozilla/5.0 (Macintosh; Intel Mac OS X 14_4_1) AppleWebKit/605.1.15 (KHTML, like Gecko) Version/17.3.1 Safari/605.1.15"
36.133.115.36 - - [12/Nov/2025:17:09:01 +0800] "POST /wp-cron.php?doing_wp_cron=1762938541.6273300647735595703125 HTTP/1.1" 200 31 "-" "WordPress/6.8.3; http://cqqizhou.com"
196.251.114.54 - - [12/Nov/2025:17:09:01 +0800] "GET /.env HTTP/1.1" 404 31381 "-" "Mozilla/5.0 (Windows NT 10.0; Win64; x64) AppleWebKit/537.36"
36.133.115.36 - - [12/Nov/2025:17:13:21 +0800] "POST /wp-cron.php?doing_wp_cron=1762938801.9033510684967041015625 HTTP/1.1" 200 31 "-" "WordPress/6.8.3; http://cqqizhou.com"
