103.6.196.61 - - [12/Nov/2025:17:13:22 +0800] "POST /wp-login.php HTTP/1.1" 200 2921 "http://cqqizhou.com" "Mozilla/5.0 (Macintosh; Intel Mac OS X 10_15_7; rv:127.0) Gecko/20100101 Firefox/127.0"
36.133.115.36 - - [12/Nov/2025:17:13:50 +0800] "POST /wp-cron.php?doing_wp_cron=1762938830.0032229423522949218750 HTTP/1.1" 200 31 "-" "WordPress/6.8.3; http://cqqizhou.com"
118.114.19.190 - - [12/Nov/2025:17:13:50 +0800] "GET / HTTP/1.0" 301 0 "-" "-"
118.114.19.190 - - [12/Nov/2025:17:13:57 +0800] "GET / HTTP/1.0" 301 0 "-" "-"
118.114.19.190 - - [12/Nov/2025:17:13:57 +0800] "HEAD / HTTP/1.1" 301 0 "-" "\x22Mozilla/5.0"
118.114.19.190 - - [12/Nov/2025:17:13:57 +0800] "GET /nmaplowercheck1762938835 HTTP/1.1" 404 31381 "-" "\x22Mozilla/5.0"
118.114.19.190 - - [12/Nov/2025:17:13:57 +0800] "POST /sdk HTTP/1.1" 404 31381 "-" "\x22Mozilla/5.0"
118.114.19.190 - - [12/Nov/2025:17:13:58 +0800] "GET / HTTP/1.1" 301 5 "-" "\x22Mozilla/5.0"
118.114.19.190 - - [12/Nov/2025:17:13:58 +0800] "GET /evox/about HTTP/1.1" 404 31381 "-" "\x22Mozilla/5.0"
118.114.19.190 - - [12/Nov/2025:17:13:58 +0800] "GET /HNAP1 HTTP/1.1" 404 31381 "-" "\x22Mozilla/5.0"
66.249.79.228 - - [12/Nov/2025:17:14:00 +0800] "GET /robots.txt HTTP/1.1" 301 5 "-" "Mozilla/5.0 (compatible; Googlebot/2.1; +http://www.google.com/bot.html)"
66.249.68.64 - - [12/Nov/2025:17:14:02 +0800] "GET /robots.txt HTTP/1.1" 200 190 "-" "Mozilla/5.0 (compatible; Googlebot/2.1; +http://www.google.com/bot.html)"
66.249.79.229 - - [12/Nov/2025:17:14:03 +0800] "GET / HTTP/1.1" 301 5 "-" "Mozilla/5.0 (Linux; Android 6.0.1; Nexus 5X Build/MMB29P) AppleWebKit/537.36 (KHTML, like Gecko) Chrome/141.0.7390.122 Mobile Safari/537.36 (compatible; Googlebot/2.1; +http://www.google.com/bot.html)"
66.249.68.70 - - [12/Nov/2025:17:14:04 +0800] "GET / HTTP/1.1" 200 33462 "-" "Mozilla/5.0 (Linux; Android 6.0.1; Nexus 5X Build/MMB29P) AppleWebKit/537.36 (KHTML, like Gecko) Chrome/141.0.7390.122 Mobile Safari/537.36 (compatible; Googlebot/2.1; +http://www.google.com/bot.html)"
118.114.19.190 - - [12/Nov/2025:17:14:17 +0800] "GET / HTTP/1.0" 301 0 "-" "-"
118.114.19.190 - - [12/Nov/2025:17:14:18 +0800] "GET / HTTP/1.1" 301 5 "-" "-"
36.133.115.36 - - [12/Nov/2025:17:18:28 +0800] "POST /wp-cron.php?doing_wp_cron=1762939108.8815488815307617187500 HTTP/1.1" 200 31 "-" "WordPress/6.8.3; http://cqqizhou.com"
146.83.7.1 - - [12/Nov/2025:17:18:28 +0800] "POST /wp-login.php HTTP/1.1" 200 2921 "http://cqqizhou.com" "Mozilla/5.0 (Macintosh; Intel Mac OS X 10_15_7; rv:126.0) Gecko/20100101 Firefox/126.0"
36.133.115.36 - - [12/Nov/2025:17:23:33 +0800] "POST /wp-cron.php?doing_wp_cron=1762939413.2036650180816650390625 HTTP/1.1" 200 31 "-" "WordPress/6.8.3; http://cqqizhou.com"
182.18.239.189 - - [12/Nov/2025:17:23:33 +0800] "POST /wp-login.php HTTP/1.1" 200 2921 "http://cqqizhou.com" "Mozilla/5.0 (Windows NT 10.0; Win64; x64) AppleWebKit/537.36 (KHTML, like Gecko) Chrome/116.0.5845.96 Safari/537.36 Edg/116.0.1938.62"
36.133.115.36 - - [12/Nov/2025:17:29:03 +0800] "POST /wp-cron.php?doing_wp_cron=1762939743.6961250305175781250000 HTTP/1.1" 200 31 "-" "WordPress/6.8.3; http://cqqizhou.com"
216.73.216.85 - - [12/Nov/2025:17:29:03 +0800] "GET /wp-sitemap.xml HTTP/1.1" 501 253 "-" "Mozilla/5.0 AppleWebKit/537.36 (KHTML, like Gecko; compatible; ClaudeBot/1.0; +claudebot@anthropic.com)"
36.133.115.36 - - [12/Nov/2025:17:31:49 +0800] "POST /wp-cron.php?doing_wp_cron=1762939909.5657110214233398437500 HTTP/1.1" 200 31 "-" "WordPress/6.8.3; http://cqqizhou.com"
36.133.108.125 - - [12/Nov/2025:17:31:49 +0800] "HEAD /index.php?lang=../../../../../../../../usr/local/lib/php/pearcmd&+config-create+/&/%3C?echo(md5(%22hi%22));?%3E+/tmp/index1.php HTTP/1.1" 200 0 "-" "Mozilla/5.0 (compatible; MSIE 9.0; Windows NT 6.1; Trident/5.0; yie8)"
36.133.115.36 - - [12/Nov/2025:17:33:51 +0800] "POST /wp-cron.php?doing_wp_cron=1762940031.5617809295654296875000 HTTP/1.1" 200 31 "-" "WordPress/6.8.3; http://cqqizhou.com"
118.17.236.56 - - [12/Nov/2025:17:33:51 +0800] "POST /wp-login.php HTTP/1.1" 200 2921 "http://cqqizhou.com" "Mozilla/5.0 (Windows NT 10.0; Win64; x64) AppleWebKit/537.36 (KHTML, like Gecko) Chrome/113.0.5672.93 Safari/537.36"
36.133.115.36 - - [12/Nov/2025:17:38:59 +0800] "POST /wp-cron.php?doing_wp_cron=1762940339.6060540676116943359375 HTTP/1.1" 200 31 "-" "WordPress/6.8.3; http://cqqizhou.com"
155.4.47.54 - - [12/Nov/2025:17:38:59 +0800] "POST /wp-login.php HTTP/1.1" 200 2921 "http://cqqizhou.com" "Mozilla/5.0 (Windows NT 10.0; Win64; x64) AppleWebKit/537.36 (KHTML, like Gecko) Chrome/115.0.5790.171 Safari/537.36 Edg/115.0.1901.203"
36.133.115.36 - - [12/Nov/2025:17:44:04 +0800] "POST /wp-cron.php?doing_wp_cron=1762940644.0636749267578125000000 HTTP/1.1" 200 31 "-" "WordPress/6.8.3; http://cqqizhou.com"
165.22.5.123 - - [12/Nov/2025:17:44:04 +0800] "POST /wp-login.php HTTP/1.1" 200 2921 "http://cqqizhou.com" "Mozilla/5.0 (Macintosh; Intel Mac OS X 10_15_7; rv:126.0) Gecko/20100101 Firefox/126.0"
91.232.238.112 - - [12/Nov/2025:17:44:19 +0800] "GET / HTTP/1.0" 301 0 "-" "ivre-masscan/1.3 https://github.com/robertdavidgraham/"
205.169.39.19 - - [12/Nov/2025:17:50:18 +0800] "GET / HTTP/1.1" 200 33927 "-" "Mozilla/5.0 (Windows NT 10.0) AppleWebKit/537.36 (KHTML, like Gecko) Chrome/106.0.0.0 Safari/537.36"
36.133.115.36 - - [12/Nov/2025:17:54:18 +0800] "POST /wp-cron.php?doing_wp_cron=1762941258.2719259262084960937500 HTTP/1.1" 200 31 "-" "WordPress/6.8.3; http://cqqizhou.com"
162.144.44.81 - - [12/Nov/2025:17:54:18 +0800] "POST /wp-login.php HTTP/1.1" 200 2921 "http://cqqizhou.com" "Mozilla/5.0 (Macintosh; Intel Mac OS X 10_15_7; rv:125.0.1) Gecko/20100101 Firefox/125.0.1"
36.133.115.36 - - [12/Nov/2025:17:59:27 +0800] "POST /wp-cron.php?doing_wp_cron=1762941567.9037299156188964843750 HTTP/1.1" 200 31 "-" "WordPress/6.8.3; http://cqqizhou.com"
47.238.97.17 - - [12/Nov/2025:17:59:28 +0800] "POST /wp-login.php HTTP/1.1" 200 2921 "http://cqqizhou.com" "Mozilla/5.0 (Windows NT 10.0; Win64; x64; rv:127.0) Gecko/20100101 Firefox/127.0"
154.81.45.125 - - [12/Nov/2025:18:04:30 +0800] "GET /about/ HTTP/1.1" 200 119209 "-" "Mozilla/5.0 (Windows NT 10.0; Win64; x64) AppleWebKit/537.36 (KHTML, like Gecko) Chrome/131.0.0.0 Safari/537.36 Edg/131.0.0.0"
36.133.115.36 - - [12/Nov/2025:18:04:56 +0800] "POST /wp-cron.php?doing_wp_cron=1762941896.0998580455780029296875 HTTP/1.1" 200 31 "-" "WordPress/6.8.3; http://cqqizhou.com"
13.93.123.99 - - [12/Nov/2025:18:04:56 +0800] "POST /wp-login.php HTTP/1.1" 200 2921 "http://cqqizhou.com" "Mozilla/5.0 (Macintosh; Intel Mac OS X 10.15; rv:126.0) Gecko/20100101 Firefox/126.0"
36.133.115.36 - - [12/Nov/2025:18:09:53 +0800] "POST /wp-cron.php?doing_wp_cron=1762942193.9422459602355957031250 HTTP/1.1" 200 31 "-" "WordPress/6.8.3; http://cqqizhou.com"
144.217.73.102 - - [12/Nov/2025:18:09:54 +0800] "POST /wp-login.php HTTP/1.1" 200 2921 "http://cqqizhou.com" "Mozilla/5.0 (Windows NT 11.0; Win64; x64; rv:126.0) Gecko/20100101 Firefox/126.0"
87.120.191.101 - - [12/Nov/2025:18:10:20 +0800] "GET / HTTP/1.1" 200 33462 "-" "Mozilla/5.0 (Windows NT 10.0; Win64; x64) AppleWebKit/537.36 (KHTML, like Gecko) Chrome/90.0.4430.85 Safari/537.36 Edg/90.0.818.46"
87.120.191.101 - - [12/Nov/2025:18:10:30 +0800] "DELETE / HTTP/1.1" 405 552 "-" "Mozilla/5.0 (Windows NT 10.0; Win64; x64) AppleWebKit/537.36 (KHTML, like Gecko) Chrome/90.0.4430.85 Safari/537.36 Edg/90.0.818.46"
36.133.115.36 - - [12/Nov/2025:18:15:18 +0800] "POST /wp-cron.php?doing_wp_cron=1762942518.8709940910339355468750 HTTP/1.1" 200 31 "-" "WordPress/6.8.3; http://cqqizhou.com"
146.83.7.1 - - [12/Nov/2025:18:15:18 +0800] "POST /wp-login.php HTTP/1.1" 200 2921 "http://cqqizhou.com" "Mozilla/5.0 (Macintosh; Intel Mac OS X 10_15_7) AppleWebKit/537.36 (KHTML, like Gecko) Chrome/116.0.5845.96 Safari/537.36"
36.133.115.36 - - [12/Nov/2025:18:25:47 +0800] "POST /wp-cron.php?doing_wp_cron=1762943147.4990179538726806640625 HTTP/1.1" 200 31 "-" "WordPress/6.8.3; http://cqqizhou.com"
185.38.248.227 - - [12/Nov/2025:18:25:47 +0800] "POST /wp-login.php HTTP/1.1" 200 2921 "http://cqqizhou.com" "Mozilla/5.0 (Windows NT 11.0; Win64; x64) AppleWebKit/537.36 (KHTML, like Gecko) Chrome/126.0.0.0 Safari/537.36 Edg/126.0.0.0"
36.133.115.36 - - [12/Nov/2025:18:34:21 +0800] "POST /wp-cron.php?doing_wp_cron=1762943660.9884619712829589843750 HTTP/1.1" 200 31 "-" "WordPress/6.8.3; http://cqqizhou.com"
36.133.211.61 - - [12/Nov/2025:18:34:21 +0800] "GET /sys/Login.aspx HTTP/1.1" 404 8990 "-" "Mozilla/5.0 (Windows NT 10.0; Win64; x64) AppleWebKit/537.36 (KHTML, like Gecko) Chrome/127.0.0.0 Safari/537.36"
36.133.115.36 - - [12/Nov/2025:18:38:53 +0800] "POST /wp-cron.php?doing_wp_cron=1762943933.2968928813934326171875 HTTP/1.1" 200 31 "-" "WordPress/6.8.3; http://cqqizhou.com"
103.252.89.75 - - [12/Nov/2025:18:38:54 +0800] "GET / HTTP/1.1" 200 151921 "-" "-"
36.133.115.36 - - [12/Nov/2025:18:41:27 +0800] "POST /wp-cron.php?doing_wp_cron=1762944087.4085381031036376953125 HTTP/1.1" 200 31 "-" "WordPress/6.8.3; http://cqqizhou.com"
81.88.53.97 - - [12/Nov/2025:18:41:27 +0800] "POST /wp-login.php HTTP/1.1" 200 2921 "http://cqqizhou.com" "Mozilla/5.0 (Windows NT 10.0; Win64; x64) AppleWebKit/537.36 (KHTML, like Gecko) Chrome/112.0.5615.138 Safari/537.36"
36.133.115.36 - - [12/Nov/2025:18:42:16 +0800] "POST /wp-cron.php?doing_wp_cron=1762944136.6053988933563232421875 HTTP/1.1" 200 31 "-" "WordPress/6.8.3; http://cqqizhou.com"
119.23.78.28 - - [12/Nov/2025:18:42:16 +0800] "GET / HTTP/1.1" 301 5 "-" "Mozilla/5.0 (Windows NT 10.0; Win64; x64) AppleWebKit/537.36 (KHTML, like Gecko) Chrome/110.0.0.0 Safari/537.36"
119.23.78.28 - - [12/Nov/2025:18:42:16 +0800] "GET / HTTP/1.1" 200 33927 "-" "Mozilla/5.0 (Windows NT 10.0; Win64; x64) AppleWebKit/537.36 (KHTML, like Gecko) Chrome/110.0.0.0 Safari/537.36"
36.133.115.36 - - [12/Nov/2025:18:46:39 +0800] "POST /wp-cron.php?doing_wp_cron=1762944399.0100750923156738281250 HTTP/1.1" 200 31 "-" "WordPress/6.8.3; http://cqqizhou.com"
188.166.188.97 - - [12/Nov/2025:18:46:39 +0800] "POST /wp-login.php HTTP/1.1" 200 2921 "http://cqqizhou.com" "Mozilla/5.0 (Macintosh; Intel Mac OS X 10_15_7) AppleWebKit/537.36 (KHTML, like Gecko) Chrome/126.0.0.0 Safari/537.36"
36.133.115.36 - - [12/Nov/2025:18:57:07 +0800] "POST /wp-cron.php?doing_wp_cron=1762945027.6136341094970703125000 HTTP/1.1" 200 31 "-" "WordPress/6.8.3; http://cqqizhou.com"
159.203.170.121 - - [12/Nov/2025:18:57:07 +0800] "GET /.git/config HTTP/1.1" 404 8990 "-" "Mozilla/5.0 (X11; Linux x86_64) AppleWebKit/537.36 (KHTML, like Gecko) Chrome/81.0.4044.129 Safari/537.36"
185.38.248.227 - - [12/Nov/2025:18:57:13 +0800] "POST /wp-login.php HTTP/1.1" 200 2921 "http://cqqizhou.com" "Mozilla/5.0 (Macintosh; Intel Mac OS X 10_15_7) AppleWebKit/537.36 (KHTML, like Gecko) Chrome/114.0.5735.134 Safari/537.36"
36.133.115.36 - - [12/Nov/2025:19:07:40 +0800] "POST /wp-cron.php?doing_wp_cron=1762945660.5450589656829833984375 HTTP/1.1" 200 31 "-" "WordPress/6.8.3; http://cqqizhou.com"
103.149.169.120 - - [12/Nov/2025:19:07:40 +0800] "POST /wp-login.php HTTP/1.1" 200 2921 "http://cqqizhou.com" "Mozilla/5.0 (Macintosh; Intel Mac OS X 10_15_7) AppleWebKit/537.36 (KHTML, like Gecko) Chrome/116.0.5845.96 Safari/537.36"
36.133.115.36 - - [12/Nov/2025:19:18:07 +0800] "POST /wp-cron.php?doing_wp_cron=1762946287.3530590534210205078125 HTTP/1.1" 200 31 "-" "WordPress/6.8.3; http://cqqizhou.com"
173.236.139.128 - - [12/Nov/2025:19:18:07 +0800] "POST /wp-login.php HTTP/1.1" 200 2921 "http://cqqizhou.com" "Mozilla/5.0 (Macintosh; Intel Mac OS X 10_15_7) AppleWebKit/537.36 (KHTML, like Gecko) Chrome/115.0.5790.102 Safari/537.36"
36.133.115.36 - - [12/Nov/2025:19:19:49 +0800] "POST /wp-cron.php?doing_wp_cron=1762946389.1165530681610107421875 HTTP/1.1" 200 31 "-" "WordPress/6.8.3; http://cqqizhou.com"
85.208.96.198 - - [12/Nov/2025:19:19:49 +0800] "GET /robots.txt HTTP/1.1" 200 190 "-" "Mozilla/5.0 (compatible; SemrushBot/7~bl; +http://www.semrush.com/bot.html)"
85.208.96.200 - - [12/Nov/2025:19:19:53 +0800] "GET /2163/ HTTP/1.1" 200 20080 "-" "Mozilla/5.0 (compatible; SemrushBot/7~bl; +http://www.semrush.com/bot.html)"
36.133.115.36 - - [12/Nov/2025:19:26:56 +0800] "POST /wp-cron.php?doing_wp_cron=1762946816.0930809974670410156250 HTTP/1.1" 200 31 "-" "WordPress/6.8.3; http://cqqizhou.com"
112.124.56.197 - - [12/Nov/2025:19:26:56 +0800] "GET / HTTP/1.0" 301 0 "-" "-"
112.124.56.197 - - [12/Nov/2025:19:27:06 +0800] "GET / HTTP/1.0" 301 0 "-" "-"
112.124.56.197 - - [12/Nov/2025:19:27:06 +0800] "GET /nmaplowercheck1762946825 HTTP/1.1" 404 31381 "-" "Mozilla/5.0 (compatible; Nmap Scripting Engine; https://nmap.org/book/nse.html)"
112.124.56.197 - - [12/Nov/2025:19:27:07 +0800] "POST /sdk HTTP/1.1" 404 31381 "-" "Mozilla/5.0 (compatible; Nmap Scripting Engine; https://nmap.org/book/nse.html)"
112.124.56.197 - - [12/Nov/2025:19:27:07 +0800] "GET /HNAP1 HTTP/1.1" 404 31381 "-" "Mozilla/5.0 (compatible; Nmap Scripting Engine; https://nmap.org/book/nse.html)"
112.124.56.197 - - [12/Nov/2025:19:27:07 +0800] "GET /evox/about HTTP/1.1" 404 31381 "-" "Mozilla/5.0 (compatible; Nmap Scripting Engine; https://nmap.org/book/nse.html)"
112.124.56.197 - - [12/Nov/2025:19:27:27 +0800] "GET / HTTP/1.0" 301 0 "-" "-"
112.124.56.197 - - [12/Nov/2025:19:27:27 +0800] "GET / HTTP/1.1" 301 5 "-" "-"
36.133.115.36 - - [12/Nov/2025:19:28:44 +0800] "POST /wp-cron.php?doing_wp_cron=1762946924.0867969989776611328125 HTTP/1.1" 200 31 "-" "WordPress/6.8.3; http://cqqizhou.com"
70.40.255.4 - - [12/Nov/2025:19:28:44 +0800] "POST /wp-login.php HTTP/1.1" 200 2921 "http://cqqizhou.com" "Mozilla/5.0 (Macintosh; Intel Mac OS X 10_15_7; rv:128.0) Gecko/20100101 Firefox/128.0"
36.133.115.36 - - [12/Nov/2025:19:39:18 +0800] "POST /wp-cron.php?doing_wp_cron=1762947558.3174059391021728515625 HTTP/1.1" 200 31 "-" "WordPress/6.8.3; http://cqqizhou.com"
40.123.197.157 - - [12/Nov/2025:19:39:18 +0800] "POST /wp-login.php HTTP/1.1" 200 2921 "http://cqqizhou.com" "Mozilla/5.0 (Macintosh; Intel Mac OS X 14.5) AppleWebKit/618.3.5 (KHTML, like Gecko) Version/17.4 Safari/618.3.5"
36.133.115.36 - - [12/Nov/2025:19:49:50 +0800] "POST /wp-cron.php?doing_wp_cron=1762948190.3085238933563232421875 HTTP/1.1" 200 31 "-" "WordPress/6.8.3; http://cqqizhou.com"
68.183.58.166 - - [12/Nov/2025:19:49:50 +0800] "POST /wp-login.php HTTP/1.1" 200 2921 "http://cqqizhou.com" "Mozilla/5.0 (Macintosh; Intel Mac OS X 10_15_7) AppleWebKit/537.36 (KHTML, like Gecko) Chrome/112.0.5615.138 Safari/537.36"
36.133.115.36 - - [12/Nov/2025:19:55:02 +0800] "POST /wp-cron.php?doing_wp_cron=1762948502.1446080207824707031250 HTTP/1.1" 200 31 "-" "WordPress/6.8.3; http://cqqizhou.com"
157.245.89.176 - - [12/Nov/2025:19:55:02 +0800] "POST /wp-login.php HTTP/1.1" 200 2921 "http://cqqizhou.com" "Mozilla/5.0 (Windows NT 11.0; Win64; x64) AppleWebKit/537.36 (KHTML, like Gecko) Chrome/126.0.0.0 Safari/537.36 Edg/126.0.0.0"
36.133.115.36 - - [12/Nov/2025:19:56:24 +0800] "POST /wp-cron.php?doing_wp_cron=1762948584.1793251037597656250000 HTTP/1.1" 200 31 "-" "WordPress/6.8.3; http://cqqizhou.com"
65.49.1.94 - - [12/Nov/2025:19:56:24 +0800] "GET / HTTP/1.1" 301 5 "-" "Mozilla/5.0 (Windows NT 10.0; Win64; x64) AppleWebKit/537.36 (KHTML, like Gecko) Chrome/121.0.0.0 Safari/537.36 OPR/107.0.0.0"
36.133.115.36 - - [12/Nov/2025:19:57:50 +0800] "POST /wp-cron.php?doing_wp_cron=1762948670.5688109397888183593750 HTTP/1.1" 200 31 "-" "WordPress/6.8.3; http://cqqizhou.com"
65.49.1.94 - - [12/Nov/2025:19:57:50 +0800] "GET /webui/ HTTP/1.1" 404 8990 "-" "Mozilla/5.0 (X11; Linux x86_64) Gecko/20060609 Firefox/123.0esr"
65.49.1.94 - - [12/Nov/2025:19:58:31 +0800] "GET / HTTP/1.1" 301 5 "-" "Mozilla/5.0 (X11; Linux x86_64) Gecko/20060609 Firefox/123.0esr"
65.49.1.103 - - [12/Nov/2025:19:58:32 +0800] "GET / HTTP/1.1" 200 33927 "http://36.133.115.36/" "Mozilla/5.0 (X11; Linux x86_64) Gecko/20060609 Firefox/123.0esr"
36.133.115.36 - - [12/Nov/2025:20:00:18 +0800] "POST /wp-cron.php?doing_wp_cron=1762948818.7447218894958496093750 HTTP/1.1" 200 31 "-" "WordPress/6.8.3; http://cqqizhou.com"
65.49.1.94 - - [12/Nov/2025:20:00:18 +0800] "GET /geoserver/web/ HTTP/1.1" 404 8989 "-" "Mozilla/5.0 (Windows NT 10.0; Win64; x64) AppleWebKit/537.36 (KHTML, like Gecko) Chrome/121.0.0.0 Safari/537.36 OPR/107.0.0.0"
81.88.53.143 - - [12/Nov/2025:20:00:20 +0800] "POST /wp-login.php HTTP/1.1" 200 2891 "http://cqqizhou.com" "Mozilla/5.0 (Macintosh; Intel Mac OS X 10_15_7) AppleWebKit/537.36 (KHTML, like Gecko) Chrome/112.0.5615.138 Safari/537.36"
36.133.115.36 - - [12/Nov/2025:20:05:41 +0800] "POST /wp-cron.php?doing_wp_cron=1762949141.2238059043884277343750 HTTP/1.1" 200 31 "-" "WordPress/6.8.3; http://cqqizhou.com"
142.44.138.99 - - [12/Nov/2025:20:05:41 +0800] "POST /wp-login.php HTTP/1.1" 200 2974 "http://cqqizhou.com" "Mozilla/5.0 (Windows NT 10.0; Win64; x64) AppleWebKit/537.36 (KHTML, like Gecko) Chrome/126.0.0.0 Safari/537.36 Edg/126.0.0.0"
36.133.115.36 - - [12/Nov/2025:20:16:19 +0800] "POST /wp-cron.php?doing_wp_cron=1762949779.6023819446563720703125 HTTP/1.1" 200 31 "-" "WordPress/6.8.3; http://cqqizhou.com"
50.62.183.174 - - [12/Nov/2025:20:16:19 +0800] "POST /wp-login.php HTTP/1.1" 200 2972 "http://cqqizhou.com" "Mozilla/5.0 (Macintosh; Intel Mac OS X 10_15_7) AppleWebKit/537.36 (KHTML, like Gecko) Chrome/126.0.0.0 Safari/537.36"
36.133.115.36 - - [12/Nov/2025:20:27:02 +0800] "POST /wp-cron.php?doing_wp_cron=1762950422.3695991039276123046875 HTTP/1.1" 200 31 "-" "WordPress/6.8.3; http://cqqizhou.com"
107.180.224.51 - - [12/Nov/2025:20:27:02 +0800] "POST /wp-login.php HTTP/1.1" 200 2976 "http://cqqizhou.com" "Mozilla/5.0 (Macintosh; Intel Mac OS X 14_6) AppleWebKit/605.1.15 (KHTML, like Gecko) Version/17.5 Safari/605.1.15"
36.133.115.36 - - [12/Nov/2025:20:32:26 +0800] "POST /wp-cron.php?doing_wp_cron=1762950746.2955279350280761718750 HTTP/1.1" 200 31 "-" "WordPress/6.8.3; http://cqqizhou.com"
216.37.42.34 - - [12/Nov/2025:20:32:26 +0800] "POST /wp-login.php HTTP/1.1" 200 2977 "http://cqqizhou.com" "Mozilla/5.0 (Windows NT 11.0; Win64; x64) AppleWebKit/537.36 (KHTML, like Gecko) Chrome/126.0.0.0 Safari/537.36"
36.133.115.36 - - [12/Nov/2025:20:37:50 +0800] "POST /wp-cron.php?doing_wp_cron=1762951070.2871000766754150390625 HTTP/1.1" 200 31 "-" "WordPress/6.8.3; http://cqqizhou.com"
151.80.151.56 - - [12/Nov/2025:20:37:50 +0800] "POST /wp-login.php HTTP/1.1" 200 2891 "http://cqqizhou.com" "Mozilla/5.0 (Windows NT 11.0; Win64; x64) AppleWebKit/537.36 (KHTML, like Gecko) Chrome/126.0.0.0 Safari/537.36 Edg/126.0.0.0"
43.157.168.43 - - [12/Nov/2025:20:38:09 +0800] "GET / HTTP/1.1" 200 33462 "-" "Mozilla/5.0 (iPhone; CPU iPhone OS 13_2_3 like Mac OS X) AppleWebKit/605.1.15 (KHTML, like Gecko) Version/13.0.3 Mobile/15E148 Safari/604.1"
36.133.115.36 - - [12/Nov/2025:20:43:07 +0800] "POST /wp-cron.php?doing_wp_cron=1762951387.4905591011047363281250 HTTP/1.1" 200 31 "-" "WordPress/6.8.3; http://cqqizhou.com"
165.22.5.123 - - [12/Nov/2025:20:43:07 +0800] "POST /wp-login.php HTTP/1.1" 200 2972 "http://cqqizhou.com" "Mozilla/5.0 (Windows NT 10.0; Win64; x64) AppleWebKit/537.36 (KHTML, like Gecko) Chrome/113.0.5672.126 Safari/537.36 Edg/113.0.1774.50"
36.133.115.36 - - [12/Nov/2025:20:45:07 +0800] "POST /wp-cron.php?doing_wp_cron=1762951507.3049979209899902343750 HTTP/1.1" 200 31 "-" "WordPress/6.8.3; http://cqqizhou.com"
125.94.144.102 - - [12/Nov/2025:20:45:07 +0800] "GET / HTTP/1.1" 200 33463 "-" "Mozilla/5.0 (iPhone; CPU iPhone OS 13_2_3 like Mac OS X) AppleWebKit/605.1.15 (KHTML, like Gecko) Version/13.0.3 Mobile/15E148 Safari/604.1"
36.133.115.36 - - [12/Nov/2025:20:48:23 +0800] "POST /wp-cron.php?doing_wp_cron=1762951703.4329080581665039062500 HTTP/1.1" 200 31 "-" "WordPress/6.8.3; http://cqqizhou.com"
124.156.178.131 - - [12/Nov/2025:20:48:23 +0800] "POST /wp-login.php HTTP/1.1" 200 2974 "http://cqqizhou.com" "Mozilla/5.0 (Macintosh; Intel Mac OS X 13_3) AppleWebKit/537.36 (KHTML, like Gecko) Chrome/126.0.0.0 Safari/537.36"
20.222.117.51 - - [12/Nov/2025:20:50:59 +0800] "GET /alfa.php HTTP/1.1" 404 27 "-" "-"
20.222.117.51 - - [12/Nov/2025:20:50:59 +0800] "GET /abcd.php HTTP/1.1" 404 27 "-" "-"
20.222.117.51 - - [12/Nov/2025:20:50:59 +0800] "GET /about.php HTTP/1.1" 404 27 "-" "-"
20.222.117.51 - - [12/Nov/2025:20:51:00 +0800] "GET /chosen.php HTTP/1.1" 404 27 "-" "-"
20.222.117.51 - - [12/Nov/2025:20:51:00 +0800] "GET /default.php HTTP/1.1" 404 27 "-" "-"
20.222.117.51 - - [12/Nov/2025:20:51:00 +0800] "GET /ioxi-o.php HTTP/1.1" 404 27 "-" "-"
20.222.117.51 - - [12/Nov/2025:20:51:00 +0800] "GET /xleet.php HTTP/1.1" 404 27 "-" "-"
20.222.117.51 - - [12/Nov/2025:20:51:01 +0800] "GET /ds.php HTTP/1.1" 404 27 "-" "-"
20.222.117.51 - - [12/Nov/2025:20:51:01 +0800] "GET /f5.php HTTP/1.1" 404 27 "-" "-"
20.222.117.51 - - [12/Nov/2025:20:51:01 +0800] "GET /file.php HTTP/1.1" 404 27 "-" "-"
20.222.117.51 - - [12/Nov/2025:20:51:02 +0800] "GET /god4m.php HTTP/1.1" 404 27 "-" "-"
20.222.117.51 - - [12/Nov/2025:20:51:02 +0800] "GET /info.php HTTP/1.1" 200 29 "-" "-"
36.133.115.36 - - [12/Nov/2025:20:51:03 +0800] "POST /wp-cron.php?doing_wp_cron=1762951863.4507861137390136718750 HTTP/1.1" 200 31 "-" "WordPress/6.8.3; http://cqqizhou.com"
20.222.117.51 - - [12/Nov/2025:20:51:03 +0800] "GET /modules/ HTTP/1.1" 404 31381 "-" "-"
20.222.117.51 - - [12/Nov/2025:20:51:03 +0800] "GET /wp-cron.php HTTP/1.1" 200 5 "-" "-"
20.222.117.51 - - [12/Nov/2025:20:51:04 +0800] "GET /test1.php HTTP/1.1" 404 27 "-" "-"
20.222.117.51 - - [12/Nov/2025:20:51:05 +0800] "GET /uploads/ HTTP/1.1" 404 31381 "-" "-"
20.222.117.51 - - [12/Nov/2025:20:51:06 +0800] "GET /.__info.php HTTP/1.1" 404 27 "-" "-"
20.222.117.51 - - [12/Nov/2025:20:51:06 +0800] "GET /0.php HTTP/1.1" 404 27 "-" "-"
20.222.117.51 - - [12/Nov/2025:20:51:06 +0800] "GET /07.php HTTP/1.1" 404 27 "-" "-"
20.222.117.51 - - [12/Nov/2025:20:51:07 +0800] "GET /dropdown.php HTTP/1.1" 404 27 "-" "-"
20.222.117.51 - - [12/Nov/2025:20:51:07 +0800] "GET /makeasmtp.php HTTP/1.1" 404 27 "-" "-"
20.222.117.51 - - [12/Nov/2025:20:51:07 +0800] "GET /wp-sigunq.php HTTP/1.1" 404 27 "-" "-"
20.222.117.51 - - [12/Nov/2025:20:51:07 +0800] "GET /wso112233.php HTTP/1.1" 404 27 "-" "-"
20.222.117.51 - - [12/Nov/2025:20:51:08 +0800] "GET /alfanew.php HTTP/1.1" 404 27 "-" "-"
20.222.117.51 - - [12/Nov/2025:20:51:08 +0800] "GET /fw.php HTTP/1.1" 404 27 "-" "-"
20.222.117.51 - - [12/Nov/2025:20:51:08 +0800] "GET /install.php HTTP/1.1" 404 27 "-" "-"
20.222.117.51 - - [12/Nov/2025:20:51:09 +0800] "GET /wp-login.php HTTP/1.1" 200 8672 "-" "-"
20.222.117.51 - - [12/Nov/2025:20:51:10 +0800] "GET /simple.php HTTP/1.1" 404 27 "-" "-"
20.222.117.51 - - [12/Nov/2025:20:51:10 +0800] "GET /inputs.php HTTP/1.1" 404 27 "-" "-"
20.222.117.51 - - [12/Nov/2025:20:51:10 +0800] "GET /classsmtps.php HTTP/1.1" 404 27 "-" "-"
20.222.117.51 - - [12/Nov/2025:20:51:11 +0800] "GET /wp-blog-header.php HTTP/1.1" 404 5 "-" "-"
20.222.117.51 - - [12/Nov/2025:20:51:12 +0800] "GET /wp-trackback.php HTTP/1.1" 404 140 "-" "-"
20.222.117.51 - - [12/Nov/2025:20:51:13 +0800] "GET /wp-signup.php HTTP/1.1" 302 5 "-" "-"
20.222.117.51 - - [12/Nov/2025:20:51:14 +0800] "GET /wp-login.php?action=register HTTP/1.1" 302 5 "-" "-"
20.222.117.51 - - [12/Nov/2025:20:51:14 +0800] "GET /wp-login.php?registration=disabled HTTP/1.1" 200 8853 "-" "-"
20.222.117.51 - - [12/Nov/2025:20:51:15 +0800] "GET /wp-comments-post.php HTTP/1.1" 405 5 "-" "-"
20.222.117.51 - - [12/Nov/2025:20:51:15 +0800] "GET /wp-load.php HTTP/1.1" 200 5 "-" "-"
20.222.117.51 - - [12/Nov/2025:20:51:16 +0800] "GET /wp-mail.php HTTP/1.1" 403 2517 "-" "-"
20.222.117.51 - - [12/Nov/2025:20:51:17 +0800] "GET /edit.php HTTP/1.1" 404 27 "-" "-"
20.222.117.51 - - [12/Nov/2025:20:51:17 +0800] "GET /wp-activate.php HTTP/1.1" 302 5 "-" "-"
20.222.117.51 - - [12/Nov/2025:20:51:18 +0800] "GET /wp-login.php?action=register HTTP/1.1" 302 5 "-" "-"
20.222.117.51 - - [12/Nov/2025:20:51:19 +0800] "GET /wp-login.php?registration=disabled HTTP/1.1" 200 8853 "-" "-"
20.222.117.51 - - [12/Nov/2025:20:51:19 +0800] "GET /plugins.php HTTP/1.1" 404 27 "-" "-"
20.222.117.51 - - [12/Nov/2025:20:51:19 +0800] "GET /post.php HTTP/1.1" 404 27 "-" "-"
20.222.117.51 - - [12/Nov/2025:20:51:20 +0800] "GET /admin.php HTTP/1.1" 404 27 "-" "-"
20.222.117.51 - - [12/Nov/2025:20:51:20 +0800] "GET /wp-2019.php HTTP/1.1" 404 27 "-" "-"
20.222.117.51 - - [12/Nov/2025:20:51:20 +0800] "GET /geju.php HTTP/1.1" 404 27 "-" "-"
20.222.117.51 - - [12/Nov/2025:20:51:20 +0800] "GET /wp.php HTTP/1.1" 404 27 "-" "-"
20.222.117.51 - - [12/Nov/2025:20:51:21 +0800] "GET /hoot.php HTTP/1.1" 404 27 "-" "-"
20.222.117.51 - - [12/Nov/2025:20:51:21 +0800] "GET /css.php HTTP/1.1" 404 27 "-" "-"
20.222.117.51 - - [12/Nov/2025:20:51:21 +0800] "GET /log.php HTTP/1.1" 404 27 "-" "-"
20.222.117.51 - - [12/Nov/2025:20:51:21 +0800] "GET /mail.php HTTP/1.1" 404 27 "-" "-"
20.222.117.51 - - [12/Nov/2025:20:51:22 +0800] "GET /bak.php HTTP/1.1" 404 27 "-" "-"
20.222.117.51 - - [12/Nov/2025:20:51:22 +0800] "GET /content.php HTTP/1.1" 404 27 "-" "-"
20.222.117.51 - - [12/Nov/2025:20:51:22 +0800] "GET /upfile.php HTTP/1.1" 404 27 "-" "-"
20.222.117.51 - - [12/Nov/2025:20:51:23 +0800] "GET /wp-conflg.php HTTP/1.1" 404 27 "-" "-"
20.222.117.51 - - [12/Nov/2025:20:51:23 +0800] "GET /bypass.php HTTP/1.1" 404 27 "-" "-"
20.222.117.51 - - [12/Nov/2025:20:51:23 +0800] "GET /404.php HTTP/1.1" 404 27 "-" "-"
20.222.117.51 - - [12/Nov/2025:20:51:24 +0800] "GET /updates.php HTTP/1.1" 404 27 "-" "-"
20.222.117.51 - - [12/Nov/2025:20:51:24 +0800] "GET /radio.php HTTP/1.1" 404 27 "-" "-"
20.222.117.51 - - [12/Nov/2025:20:51:24 +0800] "GET /xmrlpc.php HTTP/1.1" 404 27 "-" "-"
20.222.117.51 - - [12/Nov/2025:20:51:24 +0800] "GET /ae.php HTTP/1.1" 404 27 "-" "-"
20.222.117.51 - - [12/Nov/2025:20:51:24 +0800] "GET /moon.php HTTP/1.1" 404 27 "-" "-"
20.222.117.51 - - [12/Nov/2025:20:51:25 +0800] "GET /blog.php HTTP/1.1" 404 27 "-" "-"
20.222.117.51 - - [12/Nov/2025:20:51:25 +0800] "GET /themes.php HTTP/1.1" 404 27 "-" "-"
20.222.117.51 - - [12/Nov/2025:20:51:25 +0800] "GET /ini.php HTTP/1.1" 404 27 "-" "-"
20.222.117.51 - - [12/Nov/2025:20:51:25 +0800] "GET /as.php HTTP/1.1" 404 27 "-" "-"
20.222.117.51 - - [12/Nov/2025:20:51:26 +0800] "GET /shell.php HTTP/1.1" 404 27 "-" "-"
20.222.117.51 - - [12/Nov/2025:20:51:26 +0800] "GET /ws.php HTTP/1.1" 404 27 "-" "-"
20.222.117.51 - - [12/Nov/2025:20:51:26 +0800] "GET /1.php HTTP/1.1" 404 27 "-" "-"
20.222.117.51 - - [12/Nov/2025:20:51:27 +0800] "GET /123.php HTTP/1.1" 404 27 "-" "-"
20.222.117.51 - - [12/Nov/2025:20:51:27 +0800] "GET /9.php HTTP/1.1" 404 27 "-" "-"
20.222.117.51 - - [12/Nov/2025:20:51:27 +0800] "GET /aa.php HTTP/1.1" 404 27 "-" "-"
20.222.117.51 - - [12/Nov/2025:20:51:28 +0800] "GET /admin-ajax.php HTTP/1.1" 404 27 "-" "-"
20.222.117.51 - - [12/Nov/2025:20:51:28 +0800] "GET /adminfuns.php HTTP/1.1" 404 27 "-" "-"
20.222.117.51 - - [12/Nov/2025:20:51:28 +0800] "GET /akc.php HTTP/1.1" 404 27 "-" "-"
20.222.117.51 - - [12/Nov/2025:20:51:28 +0800] "GET /akcc.php HTTP/1.1" 404 27 "-" "-"
20.222.117.51 - - [12/Nov/2025:20:51:29 +0800] "GET /asasx.php HTTP/1.1" 404 27 "-" "-"
20.222.117.51 - - [12/Nov/2025:20:51:29 +0800] "GET /asd.php HTTP/1.1" 404 27 "-" "-"
20.222.117.51 - - [12/Nov/2025:20:51:29 +0800] "GET /atomlib.php HTTP/1.1" 404 27 "-" "-"
20.222.117.51 - - [12/Nov/2025:20:51:29 +0800] "GET /autoload_classmap.php HTTP/1.1" 404 27 "-" "-"
20.222.117.51 - - [12/Nov/2025:20:51:30 +0800] "GET /axx.php HTTP/1.1" 404 27 "-" "-"
20.222.117.51 - - [12/Nov/2025:20:51:30 +0800] "GET /berax.php HTTP/1.1" 404 27 "-" "-"
20.222.117.51 - - [12/Nov/2025:20:51:30 +0800] "GET /build.php HTTP/1.1" 404 27 "-" "-"
20.222.117.51 - - [12/Nov/2025:20:51:31 +0800] "GET /buy.php HTTP/1.1" 404 27 "-" "-"
20.222.117.51 - - [12/Nov/2025:20:51:31 +0800] "GET /checkbox.php HTTP/1.1" 404 27 "-" "-"
20.222.117.51 - - [12/Nov/2025:20:51:31 +0800] "GET /classwithtostring.php HTTP/1.1" 404 27 "-" "-"
20.222.117.51 - - [12/Nov/2025:20:51:31 +0800] "GET /cong.php HTTP/1.1" 404 27 "-" "-"
20.222.117.51 - - [12/Nov/2025:20:51:31 +0800] "GET /elp.php HTTP/1.1" 404 27 "-" "-"
20.222.117.51 - - [12/Nov/2025:20:51:32 +0800] "GET /file2.php HTTP/1.1" 404 27 "-" "-"
20.222.117.51 - - [12/Nov/2025:20:51:32 +0800] "GET /file4.php HTTP/1.1" 404 27 "-" "-"
20.222.117.51 - - [12/Nov/2025:20:51:32 +0800] "GET /filemanager.php HTTP/1.1" 404 27 "-" "-"
20.222.117.51 - - [12/Nov/2025:20:51:32 +0800] "GET /flower.php HTTP/1.1" 404 27 "-" "-"
20.222.117.51 - - [12/Nov/2025:20:51:33 +0800] "GET /form.php HTTP/1.1" 404 27 "-" "-"
20.222.117.51 - - [12/Nov/2025:20:51:33 +0800] "GET /gecko.php HTTP/1.1" 404 27 "-" "-"
20.222.117.51 - - [12/Nov/2025:20:51:33 +0800] "GET /goods.php HTTP/1.1" 404 27 "-" "-"
20.222.117.51 - - [12/Nov/2025:20:51:34 +0800] "GET /kyami.php HTTP/1.1" 404 27 "-" "-"
20.222.117.51 - - [12/Nov/2025:20:51:34 +0800] "GET /manager.php HTTP/1.1" 404 27 "-" "-"
20.222.117.51 - - [12/Nov/2025:20:51:34 +0800] "GET /mari.php HTTP/1.1" 404 27 "-" "-"
20.222.117.51 - - [12/Nov/2025:20:51:35 +0800] "GET /nc4.php HTTP/1.1" 404 27 "-" "-"
20.222.117.51 - - [12/Nov/2025:20:51:38 +0800] "GET /new.php HTTP/1.1" 404 27 "-" "-"
20.222.117.51 - - [12/Nov/2025:20:51:38 +0800] "GET /wp-admin.php HTTP/1.1" 404 27 "-" "-"
20.222.117.51 - - [12/Nov/2025:20:51:39 +0800] "GET /xmlrpc.php HTTP/1.1" 405 53 "-" "-"
20.222.117.51 - - [12/Nov/2025:20:51:40 +0800] "GET /cgi-bin/ HTTP/1.1" 404 31381 "-" "-"
36.133.115.36 - - [12/Nov/2025:20:52:42 +0800] "POST /wp-cron.php?doing_wp_cron=1762951962.5598530769348144531250 HTTP/1.1" 200 31 "-" "WordPress/6.8.3; http://cqqizhou.com"
43.167.245.18 - - [12/Nov/2025:20:52:42 +0800] "GET /services HTTP/1.1" 301 5 "-" "Mozilla/5.0 (iPhone; CPU iPhone OS 13_2_3 like Mac OS X) AppleWebKit/605.1.15 (KHTML, like Gecko) Version/13.0.3 Mobile/15E148 Safari/604.1"
43.167.245.18 - - [12/Nov/2025:20:52:44 +0800] "GET /services/ HTTP/1.1" 200 19756 "http://36.133.115.36:80/services" "Mozilla/5.0 (iPhone; CPU iPhone OS 13_2_3 like Mac OS X) AppleWebKit/605.1.15 (KHTML, like Gecko) Version/13.0.3 Mobile/15E148 Safari/604.1"
36.133.115.36 - - [12/Nov/2025:20:53:51 +0800] "POST /wp-cron.php?doing_wp_cron=1762952031.3627769947052001953125 HTTP/1.1" 200 31 "-" "WordPress/6.8.3; http://cqqizhou.com"
155.4.47.54 - - [12/Nov/2025:20:53:51 +0800] "POST /wp-login.php HTTP/1.1" 200 2891 "http://cqqizhou.com" "Mozilla/5.0 (Macintosh; Intel Mac OS X 10_15_7; rv:129.0) Gecko/20100101 Firefox/129.0"
3.140.182.19 - - [12/Nov/2025:20:53:55 +0800] "GET / HTTP/1.1" 200 33927 "-" "Mozilla/5.0 (Macintosh; Intel Mac OS X 10_15_7) AppleWebKit/537.36 (KHTML, like Gecko) Chrome/120.0.0.0 Safari/537.36"
36.133.115.36 - - [12/Nov/2025:21:02:02 +0800] "POST /wp-cron.php?doing_wp_cron=1762952522.2427799701690673828125 HTTP/1.1" 200 31 "-" "WordPress/6.8.3; http://cqqizhou.com"
159.203.170.121 - - [12/Nov/2025:21:02:02 +0800] "GET /.git/config HTTP/1.1" 404 8989 "-" "Mozilla/5.0 (X11; Linux x86_64) AppleWebKit/537.36 (KHTML, like Gecko) Chrome/81.0.4044.129 Safari/537.36"
36.133.115.36 - - [12/Nov/2025:21:04:20 +0800] "POST /wp-cron.php?doing_wp_cron=1762952660.7647058963775634765625 HTTP/1.1" 200 31 "-" "WordPress/6.8.3; http://cqqizhou.com"
49.51.252.146 - - [12/Nov/2025:21:04:21 +0800] "GET / HTTP/1.1" 200 33462 "-" "Mozilla/5.0 (iPhone; CPU iPhone OS 13_2_3 like Mac OS X) AppleWebKit/605.1.15 (KHTML, like Gecko) Version/13.0.3 Mobile/15E148 Safari/604.1"
36.133.115.36 - - [12/Nov/2025:21:04:51 +0800] "POST /wp-cron.php?doing_wp_cron=1762952690.9835009574890136718750 HTTP/1.1" 200 31 "-" "WordPress/6.8.3; http://cqqizhou.com"
145.239.93.122 - - [12/Nov/2025:21:04:51 +0800] "POST /wp-login.php HTTP/1.1" 200 2976 "http://cqqizhou.com" "Mozilla/5.0 (Macintosh; Intel Mac OS X 10_15_7) AppleWebKit/537.36 (KHTML, like Gecko) Chrome/114.0.5735.134 Safari/537.36"
36.133.115.36 - - [12/Nov/2025:21:07:49 +0800] "POST /wp-cron.php?doing_wp_cron=1762952869.8639740943908691406250 HTTP/1.1" 200 31 "-" "WordPress/6.8.3; http://cqqizhou.com"
43.159.149.56 - - [12/Nov/2025:21:07:49 +0800] "GET /wp-json/oembed/1.0/embed?url=http%3A%2F%2Fcqqizhou.com%2F HTTP/1.1" 200 1095 "-" "Mozilla/5.0 (iPhone; CPU iPhone OS 13_2_3 like Mac OS X) AppleWebKit/605.1.15 (KHTML, like Gecko) Version/13.0.3 Mobile/15E148 Safari/604.1"
36.133.115.36 - - [12/Nov/2025:21:10:18 +0800] "POST /wp-cron.php?doing_wp_cron=1762953018.3879818916320800781250 HTTP/1.1" 200 31 "-" "WordPress/6.8.3; http://cqqizhou.com"
165.22.5.123 - - [12/Nov/2025:21:10:18 +0800] "POST /wp-login.php HTTP/1.1" 200 2891 "http://cqqizhou.com" "Mozilla/5.0 (Macintosh; Intel Mac OS X 10_15_7; rv:125.0.1) Gecko/20100101 Firefox/125.0.1"
36.133.115.36 - - [12/Nov/2025:21:12:38 +0800] "POST /wp-cron.php?doing_wp_cron=1762953158.1394309997558593750000 HTTP/1.1" 200 31 "-" "WordPress/6.8.3; http://cqqizhou.com"
49.51.203.164 - - [12/Nov/2025:21:12:38 +0800] "GET / HTTP/1.1" 301 5 "-" "Mozilla/5.0 (iPhone; CPU iPhone OS 13_2_3 like Mac OS X) AppleWebKit/605.1.15 (KHTML, like Gecko) Version/13.0.3 Mobile/15E148 Safari/604.1"
49.51.203.164 - - [12/Nov/2025:21:12:40 +0800] "GET / HTTP/1.1" 200 33462 "http://www.cqqizhou.com" "Mozilla/5.0 (iPhone; CPU iPhone OS 13_2_3 like Mac OS X) AppleWebKit/605.1.15 (KHTML, like Gecko) Version/13.0.3 Mobile/15E148 Safari/604.1"
36.133.115.36 - - [12/Nov/2025:21:15:51 +0800] "POST /wp-cron.php?doing_wp_cron=1762953351.6389949321746826171875 HTTP/1.1" 200 31 "-" "WordPress/6.8.3; http://cqqizhou.com"
103.6.196.61 - - [12/Nov/2025:21:15:51 +0800] "POST /wp-login.php HTTP/1.1" 200 2891 "http://cqqizhou.com" "Mozilla/5.0 (Macintosh; Intel Mac OS X 10_15_7) AppleWebKit/537.36 (KHTML, like Gecko) Chrome/114.0.5735.134 Safari/537.36"
43.153.71.12 - - [12/Nov/2025:21:16:14 +0800] "GET /wp-json/ HTTP/1.1" 200 19172 "-" "Mozilla/5.0 (iPhone; CPU iPhone OS 13_2_3 like Mac OS X) AppleWebKit/605.1.15 (KHTML, like Gecko) Version/13.0.3 Mobile/15E148 Safari/604.1"
36.133.115.36 - - [12/Nov/2025:21:17:34 +0800] "POST /wp-cron.php?doing_wp_cron=1762953454.4467160701751708984375 HTTP/1.1" 200 31 "-" "WordPress/6.8.3; http://cqqizhou.com"
49.51.72.236 - - [12/Nov/2025:21:17:34 +0800] "GET / HTTP/1.1" 200 33462 "-" "Mozilla/5.0 (iPhone; CPU iPhone OS 13_2_3 like Mac OS X) AppleWebKit/605.1.15 (KHTML, like Gecko) Version/13.0.3 Mobile/15E148 Safari/604.1"
36.133.115.36 - - [12/Nov/2025:21:21:21 +0800] "POST /wp-cron.php?doing_wp_cron=1762953681.0106790065765380859375 HTTP/1.1" 200 31 "-" "WordPress/6.8.3; http://cqqizhou.com"
124.156.178.131 - - [12/Nov/2025:21:21:21 +0800] "POST /wp-login.php HTTP/1.1" 200 2891 "http://cqqizhou.com" "Mozilla/5.0 (Windows NT 10.0; Win64; x64) AppleWebKit/537.36 (KHTML, like Gecko) Chrome/112.0.5615.138 Safari/537.36 Edg/112.0.1722.68"
36.133.115.36 - - [12/Nov/2025:21:25:22 +0800] "POST /wp-cron.php?doing_wp_cron=1762953922.7551269531250000000000 HTTP/1.1" 200 31 "-" "WordPress/6.8.3; http://cqqizhou.com"
170.106.35.153 - - [12/Nov/2025:21:25:22 +0800] "GET /wp-content/uploads/revslider/slider-1/1750929639-yuanjing_Slider_3840 HTTP/1.1" 404 8989 "-" "Mozilla/5.0 (iPhone; CPU iPhone OS 13_2_3 like Mac OS X) AppleWebKit/605.1.15 (KHTML, like Gecko) Version/13.0.3 Mobile/15E148 Safari/604.1"
36.133.115.36 - - [12/Nov/2025:21:26:09 +0800] "POST /wp-cron.php?doing_wp_cron=1762953969.3960199356079101562500 HTTP/1.1" 200 31 "-" "WordPress/6.8.3; http://cqqizhou.com"
170.106.35.153 - - [12/Nov/2025:21:26:09 +0800] "GET / HTTP/1.1" 200 33462 "-" "Mozilla/5.0 (iPhone; CPU iPhone OS 13_2_3 like Mac OS X) AppleWebKit/605.1.15 (KHTML, like Gecko) Version/13.0.3 Mobile/15E148 Safari/604.1"
36.133.115.36 - - [12/Nov/2025:21:26:49 +0800] "POST /wp-cron.php?doing_wp_cron=1762954009.2391281127929687500000 HTTP/1.1" 200 31 "-" "WordPress/6.8.3; http://cqqizhou.com"
195.154.194.72 - - [12/Nov/2025:21:26:49 +0800] "POST /wp-login.php HTTP/1.1" 200 2980 "http://cqqizhou.com" "Mozilla/5.0 (Macintosh; Intel Mac OS X 10_15_7; rv:126.0) Gecko/20100101 Firefox/126.0"
36.133.115.36 - - [12/Nov/2025:21:32:35 +0800] "POST /wp-cron.php?doing_wp_cron=1762954354.9778900146484375000000 HTTP/1.1" 200 31 "-" "WordPress/6.8.3; http://cqqizhou.com"
213.209.157.254 - - [12/Nov/2025:21:32:35 +0800] "GET /.git/config HTTP/1.1" 404 8990 "-" "HTC_Dream Mozilla/5.0 (Linux; U; Android 1.5; en-ca; Build/CUPCAKE) AppleWebKit/528.5 (KHTML, like Gecko) Version/3.1.2 Mobile Safari/525.20.1"
36.133.115.36 - - [12/Nov/2025:21:35:25 +0800] "POST /wp-cron.php?doing_wp_cron=1762954525.1006579399108886718750 HTTP/1.1" 200 31 "-" "WordPress/6.8.3; http://cqqizhou.com"
49.51.204.74 - - [12/Nov/2025:21:35:25 +0800] "GET / HTTP/1.1" 200 33462 "-" "Mozilla/5.0 (iPhone; CPU iPhone OS 13_2_3 like Mac OS X) AppleWebKit/605.1.15 (KHTML, like Gecko) Version/13.0.3 Mobile/15E148 Safari/604.1"
36.133.115.36 - - [12/Nov/2025:21:39:00 +0800] "POST /wp-cron.php?doing_wp_cron=1762954740.6669559478759765625000 HTTP/1.1" 200 31 "-" "WordPress/6.8.3; http://cqqizhou.com"
116.179.32.103 - - [12/Nov/2025:21:39:00 +0800] "GET /wp-json/oembed/1.0/embed?url=http%3A%2F%2Fcqqizhou.com%2Fbug%2F HTTP/1.1" 200 1105 "-" "Mozilla/5.0 (compatible; Baiduspider/2.0; +http://www.baidu.com/search/spider.html)"
220.181.108.175 - - [12/Nov/2025:21:39:00 +0800] "GET /services/processing/ HTTP/1.1" 200 22897 "-" "Mozilla/5.0 (compatible; Baiduspider/2.0; +http://www.baidu.com/search/spider.html)"
220.181.108.155 - - [12/Nov/2025:21:39:01 +0800] "GET /portfolio-tag/%E9%9E%8D%E9%92%A2%E8%92%82%E6%A3%AE/ HTTP/1.1" 200 22660 "-" "Mozilla/5.0 (compatible; Baiduspider/2.0; +http://www.baidu.com/search/spider.html)"
220.181.108.166 - - [12/Nov/2025:21:39:01 +0800] "GET /portfolio/pickled-coil/ HTTP/1.1" 200 22081 "-" "Mozilla/5.0 (compatible; Baiduspider/2.0; +http://www.baidu.com/search/spider.html)"
220.181.108.169 - - [12/Nov/2025:21:39:01 +0800] "GET /services HTTP/1.1" 301 5 "-" "Mozilla/5.0 (compatible; Baiduspider/2.0; +http://www.baidu.com/search/spider.html)"
220.181.108.165 - - [12/Nov/2025:21:39:01 +0800] "GET /services/ HTTP/1.1" 200 25522 "-" "Mozilla/5.0 (compatible; Baiduspider/2.0; +http://www.baidu.com/search/spider.html)"
43.166.7.113 - - [12/Nov/2025:21:39:01 +0800] "GET /portfolio-category/dual-phase-steel/ HTTP/1.1" 200 17572 "-" "Mozilla/5.0 (iPhone; CPU iPhone OS 13_2_3 like Mac OS X) AppleWebKit/605.1.15 (KHTML, like Gecko) Version/13.0.3 Mobile/15E148 Safari/604.1"
116.179.37.10 - - [12/Nov/2025:21:39:02 +0800] "GET /wp-content/uploads/2025/07/1753410289-News2000%C3%97400_202571.webp HTTP/1.1" 200 17830 "http://cqqizhou.com/services/processing/" "Mozilla/5.0 (compatible; Baiduspider-render/2.0; +http://www.baidu.com/search/spider.html)"
220.181.51.113 - - [12/Nov/2025:21:39:03 +0800] "GET /robots.txt HTTP/1.1" 200 190 "-" "Mozilla/5.0 (Windows NT 10.0; WOW64) AppleWebKit/537.36 (KHTML, like Gecko) Chrome/48.0.2564.116 Safari/537.36"
116.179.37.247 - - [12/Nov/2025:21:39:05 +0800] "GET /wp-content/uploads/2025/07/1753453127-%E4%BD%99%E5%8D%B7product_Single600%C3%97284.webp HTTP/1.1" 200 18744 "http://cqqizhou.com/portfolio-tag/%E9%9E%8D%E9%92%A2%E8%92%82%E6%A3%AE/" "Mozilla/5.0 (compatible; Baiduspider-render/2.0; +http://www.baidu.com/search/spider.html)"
220.181.51.92 - - [12/Nov/2025:21:39:06 +0800] "GET /robots.txt HTTP/1.1" 200 190 "-" "Mozilla/5.0 (Windows NT 10.0; WOW64) AppleWebKit/537.36 (KHTML, like Gecko) Chrome/48.0.2564.116 Safari/537.36"
220.181.51.120 - - [12/Nov/2025:21:39:16 +0800] "GET /robots.txt HTTP/1.1" 200 190 "-" "Mozilla/5.0 (Windows NT 10.0; WOW64) AppleWebKit/537.36 (KHTML, like Gecko) Chrome/48.0.2564.116 Safari/537.36"
36.133.115.36 - - [12/Nov/2025:21:42:22 +0800] "POST /wp-cron.php?doing_wp_cron=1762954942.5509479045867919921875 HTTP/1.1" 200 31 "-" "WordPress/6.8.3; http://cqqizhou.com"
220.181.108.94 - - [12/Nov/2025:21:42:22 +0800] "GET /logistics HTTP/1.1" 301 5 "-" "Mozilla/5.0 (compatible; Baiduspider/2.0; +http://www.baidu.com/search/spider.html)"
220.181.108.168 - - [12/Nov/2025:21:42:22 +0800] "GET /logistics/ HTTP/1.1" 200 22406 "-" "Mozilla/5.0 (compatible; Baiduspider/2.0; +http://www.baidu.com/search/spider.html)"
36.133.115.36 - - [12/Nov/2025:21:43:04 +0800] "POST /wp-cron.php?doing_wp_cron=1762954984.5388920307159423828125 HTTP/1.1" 200 31 "-" "WordPress/6.8.3; http://cqqizhou.com"
101.78.165.58 - - [12/Nov/2025:21:43:04 +0800] "POST /wp-login.php HTTP/1.1" 200 2976 "http://cqqizhou.com" "Mozilla/5.0 (Windows NT 10.0; Win64; x64) AppleWebKit/537.36 (KHTML, like Gecko) Chrome/116.0.5845.96 Safari/537.36 Edg/116.0.1938.62"
36.133.115.36 - - [12/Nov/2025:21:44:10 +0800] "POST /wp-cron.php?doing_wp_cron=1762955050.0345990657806396484375 HTTP/1.1" 200 31 "-" "WordPress/6.8.3; http://cqqizhou.com"
43.165.69.68 - - [12/Nov/2025:21:44:10 +0800] "GET /wp-content/uploads/2025/07/1753456770- HTTP/1.1" 404 8989 "-" "Mozilla/5.0 (iPhone; CPU iPhone OS 13_2_3 like Mac OS X) AppleWebKit/605.1.15 (KHTML, like Gecko) Version/13.0.3 Mobile/15E148 Safari/604.1"
36.133.115.36 - - [12/Nov/2025:21:45:00 +0800] "POST /wp-cron.php?doing_wp_cron=1762955100.1765289306640625000000 HTTP/1.1" 200 31 "-" "WordPress/6.8.3; http://cqqizhou.com"
49.51.180.2 - - [12/Nov/2025:21:45:00 +0800] "GET /logistics HTTP/1.1" 301 5 "-" "Mozilla/5.0 (iPhone; CPU iPhone OS 13_2_3 like Mac OS X) AppleWebKit/605.1.15 (KHTML, like Gecko) Version/13.0.3 Mobile/15E148 Safari/604.1"
49.51.180.2 - - [12/Nov/2025:21:45:03 +0800] "GET /logistics/ HTTP/1.1" 200 18229 "http://36.133.115.36:80/logistics" "Mozilla/5.0 (iPhone; CPU iPhone OS 13_2_3 like Mac OS X) AppleWebKit/605.1.15 (KHTML, like Gecko) Version/13.0.3 Mobile/15E148 Safari/604.1"
36.133.115.36 - - [12/Nov/2025:21:48:29 +0800] "POST /wp-cron.php?doing_wp_cron=1762955309.0605471134185791015625 HTTP/1.1" 200 31 "-" "WordPress/6.8.3; http://cqqizhou.com"
89.235.79.29 - - [12/Nov/2025:21:48:29 +0800] "POST /wp-login.php HTTP/1.1" 200 2974 "http://cqqizhou.com" "Mozilla/5.0 (Macintosh; Intel Mac OS X 10_15_7) AppleWebKit/537.36 (KHTML, like Gecko) Chrome/116.0.5845.96 Safari/537.36"
36.133.115.36 - - [12/Nov/2025:21:52:21 +0800] "POST /wp-cron.php?doing_wp_cron=1762955541.4105360507965087890625 HTTP/1.1" 200 31 "-" "WordPress/6.8.3; http://cqqizhou.com"
159.203.170.121 - - [12/Nov/2025:21:52:21 +0800] "GET /.git/config HTTP/1.1" 404 8989 "-" "Mozilla/5.0 (X11; Linux x86_64) AppleWebKit/537.36 (KHTML, like Gecko) Chrome/81.0.4044.129 Safari/537.36"
36.133.115.36 - - [12/Nov/2025:21:58:20 +0800] "POST /wp-cron.php?doing_wp_cron=1762955900.1864910125732421875000 HTTP/1.1" 200 31 "-" "WordPress/6.8.3; http://cqqizhou.com"
43.130.16.140 - - [12/Nov/2025:21:58:20 +0800] "GET /contacts/ HTTP/1.1" 200 18629 "-" "Mozilla/5.0 (iPhone; CPU iPhone OS 13_2_3 like Mac OS X) AppleWebKit/605.1.15 (KHTML, like Gecko) Version/13.0.3 Mobile/15E148 Safari/604.1"
36.133.115.36 - - [12/Nov/2025:21:59:17 +0800] "POST /wp-cron.php?doing_wp_cron=1762955957.4759740829467773437500 HTTP/1.1" 200 31 "-" "WordPress/6.8.3; http://cqqizhou.com"
139.59.77.16 - - [12/Nov/2025:21:59:17 +0800] "POST /wp-login.php HTTP/1.1" 200 2978 "http://cqqizhou.com" "Mozilla/5.0 (Macintosh; Intel Mac OS X 10_15_7) AppleWebKit/537.36 (KHTML, like Gecko) Chrome/113.0.5672.93 Safari/537.36"
36.133.115.36 - - [12/Nov/2025:22:02:01 +0800] "POST /wp-cron.php?doing_wp_cron=1762956121.6436920166015625000000 HTTP/1.1" 200 31 "-" "WordPress/6.8.3; http://cqqizhou.com"
43.165.189.206 - - [12/Nov/2025:22:02:01 +0800] "GET /contacts/ HTTP/1.1" 200 18491 "-" "Mozilla/5.0 (iPhone; CPU iPhone OS 13_2_3 like Mac OS X) AppleWebKit/605.1.15 (KHTML, like Gecko) Version/13.0.3 Mobile/15E148 Safari/604.1"
36.133.115.36 - - [12/Nov/2025:22:04:41 +0800] "POST /wp-cron.php?doing_wp_cron=1762956281.4053590297698974609375 HTTP/1.1" 200 31 "-" "WordPress/6.8.3; http://cqqizhou.com"
152.32.251.112 - - [12/Nov/2025:22:04:41 +0800] "POST /wp-login.php HTTP/1.1" 200 2891 "http://cqqizhou.com" "Mozilla/5.0 (Windows NT 11.0; Win64; x64; rv:126.0) Gecko/20100101 Firefox/126.0"
36.133.115.36 - - [12/Nov/2025:22:05:04 +0800] "POST /wp-cron.php?doing_wp_cron=1762956304.2713189125061035156250 HTTP/1.1" 200 31 "-" "WordPress/6.8.3; http://cqqizhou.com"
43.156.109.53 - - [12/Nov/2025:22:05:04 +0800] "GET /bug HTTP/1.1" 301 5 "-" "Mozilla/5.0 (iPhone; CPU iPhone OS 13_2_3 like Mac OS X) AppleWebKit/605.1.15 (KHTML, like Gecko) Version/13.0.3 Mobile/15E148 Safari/604.1"
43.156.109.53 - - [12/Nov/2025:22:05:08 +0800] "GET /bug/ HTTP/1.1" 200 11636 "http://36.133.115.36/bug" "Mozilla/5.0 (iPhone; CPU iPhone OS 13_2_3 like Mac OS X) AppleWebKit/605.1.15 (KHTML, like Gecko) Version/13.0.3 Mobile/15E148 Safari/604.1"
36.133.115.36 - - [12/Nov/2025:22:08:37 +0800] "POST /wp-cron.php?doing_wp_cron=1762956517.0939071178436279296875 HTTP/1.1" 200 31 "-" "WordPress/6.8.3; http://cqqizhou.com"
43.166.244.251 - - [12/Nov/2025:22:08:37 +0800] "GET /portfolio/remaining-rolls/ HTTP/1.1" 200 18637 "-" "Mozilla/5.0 (iPhone; CPU iPhone OS 13_2_3 like Mac OS X) AppleWebKit/605.1.15 (KHTML, like Gecko) Version/13.0.3 Mobile/15E148 Safari/604.1"
36.133.115.36 - - [12/Nov/2025:22:10:03 +0800] "POST /wp-cron.php?doing_wp_cron=1762956603.7124459743499755859375 HTTP/1.1" 200 31 "-" "WordPress/6.8.3; http://cqqizhou.com"
152.32.251.112 - - [12/Nov/2025:22:10:03 +0800] "POST /wp-login.php HTTP/1.1" 200 2978 "http://cqqizhou.com" "Mozilla/5.0 (Macintosh; Intel Mac OS X 14.3) AppleWebKit/614.31.14 (KHTML, like Gecko) Version/17.0.96 Safari/614.31.14"
180.213.199.32 - - [12/Nov/2025:22:10:09 +0800] "GET / HTTP/1.1" 301 5 "-" "Mozilla/5.0 (Windows NT 10.0; Win64; x64) AppleWebKit/537.36 (KHTML, like Gecko) Chrome/96.0.4664.45 Safari/537.36"
180.213.199.32 - - [12/Nov/2025:22:10:09 +0800] "GET / HTTP/1.1" 200 33927 "http://www.cqqizhou.com/" "Mozilla/5.0 (Windows NT 10.0; Win64; x64) AppleWebKit/537.36 (KHTML, like Gecko) Chrome/96.0.4664.45 Safari/537.36"
36.133.115.36 - - [12/Nov/2025:22:15:25 +0800] "POST /wp-cron.php?doing_wp_cron=1762956925.3231849670410156250000 HTTP/1.1" 200 31 "-" "WordPress/6.8.3; http://cqqizhou.com"
101.78.165.58 - - [12/Nov/2025:22:15:25 +0800] "POST /wp-login.php HTTP/1.1" 200 2972 "http://cqqizhou.com" "Mozilla/5.0 (Macintosh; Intel Mac OS X 13_3) AppleWebKit/537.36 (KHTML, like Gecko) Chrome/126.0.0.0 Safari/537.36 Edg/126.0.0.0"
43.159.152.4 - - [12/Nov/2025:22:15:39 +0800] "GET /services/ HTTP/1.1" 200 19756 "-" "Mozilla/5.0 (iPhone; CPU iPhone OS 13_2_3 like Mac OS X) AppleWebKit/605.1.15 (KHTML, like Gecko) Version/13.0.3 Mobile/15E148 Safari/604.1"
36.133.115.36 - - [12/Nov/2025:22:20:50 +0800] "POST /wp-cron.php?doing_wp_cron=1762957250.3264260292053222656250 HTTP/1.1" 200 31 "-" "WordPress/6.8.3; http://cqqizhou.com"
178.62.119.222 - - [12/Nov/2025:22:20:50 +0800] "POST /wp-login.php HTTP/1.1" 200 2891 "http://cqqizhou.com" "Mozilla/5.0 (Windows NT 10.0; Win64; x64) AppleWebKit/537.36 (KHTML, like Gecko) Chrome/126.0.0.0 Safari/537.36"
36.133.115.36 - - [12/Nov/2025:22:23:45 +0800] "POST /wp-cron.php?doing_wp_cron=1762957425.1772329807281494140625 HTTP/1.1" 200 31 "-" "WordPress/6.8.3; http://cqqizhou.com"
43.165.69.68 - - [12/Nov/2025:22:23:45 +0800] "GET /feed/ HTTP/1.1" 200 82044 "-" "Mozilla/5.0 (iPhone; CPU iPhone OS 13_2_3 like Mac OS X) AppleWebKit/605.1.15 (KHTML, like Gecko) Version/13.0.3 Mobile/15E148 Safari/604.1"
36.133.115.36 - - [12/Nov/2025:22:26:09 +0800] "POST /wp-cron.php?doing_wp_cron=1762957569.9205920696258544921875 HTTP/1.1" 200 31 "-" "WordPress/6.8.3; http://cqqizhou.com"
91.229.236.31 - - [12/Nov/2025:22:26:09 +0800] "POST /wp-login.php HTTP/1.1" 200 2891 "http://cqqizhou.com" "Mozilla/5.0 (Macintosh; Intel Mac OS X 14_6) AppleWebKit/605.1.15 (KHTML, like Gecko) Version/17.5 Safari/605.1.15"
36.133.115.36 - - [12/Nov/2025:22:31:30 +0800] "POST /wp-cron.php?doing_wp_cron=1762957890.6902608871459960937500 HTTP/1.1" 200 31 "-" "WordPress/6.8.3; http://cqqizhou.com"
101.78.165.58 - - [12/Nov/2025:22:31:30 +0800] "POST /wp-login.php HTTP/1.1" 200 2891 "http://cqqizhou.com" "Mozilla/5.0 (Windows NT 10.0; Win64; x64) AppleWebKit/537.36 (KHTML, like Gecko) Chrome/116.0.5845.96 Safari/537.36"
36.133.115.36 - - [12/Nov/2025:22:35:55 +0800] "POST /wp-cron.php?doing_wp_cron=1762958155.5273709297180175781250 HTTP/1.1" 200 31 "-" "WordPress/6.8.3; http://cqqizhou.com"
43.166.130.123 - - [12/Nov/2025:22:35:55 +0800] "GET /portfolio/duplex-stainless-steel/ HTTP/1.1" 200 18614 "-" "Mozilla/5.0 (iPhone; CPU iPhone OS 13_2_3 like Mac OS X) AppleWebKit/605.1.15 (KHTML, like Gecko) Version/13.0.3 Mobile/15E148 Safari/604.1"
36.133.115.36 - - [12/Nov/2025:22:36:55 +0800] "POST /wp-cron.php?doing_wp_cron=1762958215.6451499462127685546875 HTTP/1.1" 200 31 "-" "WordPress/6.8.3; http://cqqizhou.com"
34.82.213.123 - - [12/Nov/2025:22:36:55 +0800] "POST /wp-login.php HTTP/1.1" 200 2972 "http://cqqizhou.com" "Mozilla/5.0 (Windows NT 10.0; Win64; x64) AppleWebKit/537.36 (KHTML, like Gecko) Chrome/116.0.5845.96 Safari/537.36 Edg/116.0.1938.62"
36.133.115.36 - - [12/Nov/2025:22:38:21 +0800] "POST /wp-cron.php?doing_wp_cron=1762958301.5559589862823486328125 HTTP/1.1" 200 31 "-" "WordPress/6.8.3; http://cqqizhou.com"
3.95.18.41 - - [12/Nov/2025:22:38:21 +0800] "GET / HTTP/1.1" 301 5 "-" "Mozilla/5.0 (Windows NT 10.0; Win64; x64) AppleWebKit/537.36 (KHTML, like Gecko) Chrome/136.0.0.0 Safari/537.36"
36.133.115.36 - - [12/Nov/2025:22:42:20 +0800] "POST /wp-cron.php?doing_wp_cron=1762958540.7521679401397705078125 HTTP/1.1" 200 31 "-" "WordPress/6.8.3; http://cqqizhou.com"
209.38.229.30 - - [12/Nov/2025:22:42:20 +0800] "POST /wp-login.php HTTP/1.1" 200 2891 "http://cqqizhou.com" "Mozilla/5.0 (Macintosh; Intel Mac OS X 10_15_7) AppleWebKit/537.36 (KHTML, like Gecko) Chrome/113.0.5672.93 Safari/537.36"
36.133.115.36 - - [12/Nov/2025:22:46:38 +0800] "POST /wp-cron.php?doing_wp_cron=1762958798.6037480831146240234375 HTTP/1.1" 200 31 "-" "WordPress/6.8.3; http://cqqizhou.com"
