File: /home/logs/cqqizhou_access_2025-11-12.log
36.133.115.36 - - [12/Nov/2025:00:14:26 +0800] "POST /wp-cron.php?doing_wp_cron=1762877666.1216199398040771484375 HTTP/1.1" 200 31 "-" "WordPress/6.8.3; http://cqqizhou.com"
43.166.244.192 - - [12/Nov/2025:00:14:26 +0800] "GET /comments/feed/ HTTP/1.1" 200 704 "-" "Mozilla/5.0 (iPhone; CPU iPhone OS 13_2_3 like Mac OS X) AppleWebKit/605.1.15 (KHTML, like Gecko) Version/13.0.3 Mobile/15E148 Safari/604.1"
43.153.7.191 - - [12/Nov/2025:00:19:07 +0800] "GET /wp-content/plugins/ HTTP/1.1" 200 31 "-" "Mozilla/5.0 (iPhone; CPU iPhone OS 13_2_3 like Mac OS X) AppleWebKit/605.1.15 (KHTML, like Gecko) Version/13.0.3 Mobile/15E148 Safari/604.1"
36.133.115.36 - - [12/Nov/2025:00:25:03 +0800] "POST /wp-cron.php?doing_wp_cron=1762878303.8062770366668701171875 HTTP/1.1" 200 31 "-" "WordPress/6.8.3; http://cqqizhou.com"
180.184.51.232 - - [12/Nov/2025:00:25:04 +0800] "GET /portfolio-category/pickled-coil/ HTTP/1.1" 200 17575 "-" "Mozilla/5.0 (Linux; Android 10; V1950A; wv) AppleWebKit/537.36 (KHTML, like Gecko) Chrome/62.0.3202.84 Mobile Safari/537.36 VivoBrowser/20.2.3.0"
36.133.115.36 - - [12/Nov/2025:00:27:03 +0800] "POST /wp-cron.php?doing_wp_cron=1762878423.1910660266876220703125 HTTP/1.1" 200 31 "-" "WordPress/6.8.3; http://cqqizhou.com"
34.186.134.150 - - [12/Nov/2025:00:27:03 +0800] "HEAD /wp/ HTTP/1.1" 404 0 "-" "Mozilla/5.0 (Macintosh; Intel Mac OS X 12_7_4) AppleWebKit/605.1.15 (KHTML, like Gecko) Version/16.6 Safari/605.1.15"
34.186.134.150 - - [12/Nov/2025:00:27:05 +0800] "HEAD /new/ HTTP/1.1" 301 0 "-" "Mozilla/5.0 (iPad; CPU OS 17_0 like Mac OS X) AppleWebKit/605.1.15 (KHTML, like Gecko) CriOS/123.0.6312.52 Mobile/15E148 Safari/604.1"
34.186.134.150 - - [12/Nov/2025:00:27:06 +0800] "HEAD /news/ HTTP/1.1" 200 0 "http://cqqizhou.com/new/" "Mozilla/5.0 (iPad; CPU OS 17_0 like Mac OS X) AppleWebKit/605.1.15 (KHTML, like Gecko) CriOS/123.0.6312.52 Mobile/15E148 Safari/604.1"
34.186.134.150 - - [12/Nov/2025:00:27:06 +0800] "HEAD /backup/ HTTP/1.1" 404 0 "-" "Mozilla/5.0 (Windows NT 6.1; Win64; x64) AppleWebKit/537.36 (KHTML, like Gecko) Chrome/109.0.5414.120 Safari/537.36"
34.186.134.150 - - [12/Nov/2025:00:27:08 +0800] "HEAD /old/ HTTP/1.1" 404 0 "-" "Mozilla/5.0 (Windows NT 6.1; Win64; x64) AppleWebKit/537.36 (KHTML, like Gecko) Chrome/109.0.5414.120 Safari/537.36"
34.186.134.150 - - [12/Nov/2025:00:27:09 +0800] "HEAD /wordpress/ HTTP/1.1" 404 0 "-" "Mozilla/5.0 (Windows NT 10.0; Win64; x64) AppleWebKit/537.36 (KHTML, like Gecko) Chrome/123.0.6312.86 Safari/537.36"
34.186.134.150 - - [12/Nov/2025:00:27:10 +0800] "HEAD / HTTP/1.1" 200 0 "-" "Mozilla/5.0 (Linux; Android 12; CPH2381) AppleWebKit/537.36 (KHTML, like Gecko) Chrome/119.0.6045.163 Mobile Safari/537.36 OPR/76.3.4027.73374"
34.186.134.150 - - [12/Nov/2025:00:27:11 +0800] "HEAD /blog/ HTTP/1.1" 404 0 "-" "Mozilla/5.0 (Windows NT 10.0; Win64; x64) AppleWebKit/537.36 (KHTML, like Gecko) Chrome/120.0.6099.224 Safari/537.36 OPR/106.0.0.0"
36.133.115.36 - - [12/Nov/2025:00:37:38 +0800] "POST /wp-cron.php?doing_wp_cron=1762879058.4225969314575195312500 HTTP/1.1" 200 31 "-" "WordPress/6.8.3; http://cqqizhou.com"
43.157.95.131 - - [12/Nov/2025:00:37:38 +0800] "GET /club/ HTTP/1.1" 200 11884 "-" "Mozilla/5.0 (iPhone; CPU iPhone OS 13_2_3 like Mac OS X) AppleWebKit/605.1.15 (KHTML, like Gecko) Version/13.0.3 Mobile/15E148 Safari/604.1"
62.60.131.218 - - [12/Nov/2025:00:50:09 +0800] "GET / HTTP/1.1" 200 33928 "-" "Go-http-client/1.1"
36.133.115.36 - - [12/Nov/2025:00:50:36 +0800] "POST /wp-cron.php?doing_wp_cron=1762879836.9305369853973388671875 HTTP/1.1" 200 31 "-" "WordPress/6.8.3; http://cqqizhou.com"
43.167.157.80 - - [12/Nov/2025:00:50:37 +0800] "GET /news/ HTTP/1.1" 200 19386 "-" "Mozilla/5.0 (iPhone; CPU iPhone OS 13_2_3 like Mac OS X) AppleWebKit/605.1.15 (KHTML, like Gecko) Version/13.0.3 Mobile/15E148 Safari/604.1"
36.133.115.36 - - [12/Nov/2025:00:56:13 +0800] "POST /wp-cron.php?doing_wp_cron=1762880173.6815090179443359375000 HTTP/1.1" 200 31 "-" "WordPress/6.8.3; http://cqqizhou.com"
95.54.50.202 - - [12/Nov/2025:00:56:14 +0800] "GET / HTTP/1.0" 200 151899 "-" "-"
36.133.115.36 - - [12/Nov/2025:01:00:27 +0800] "POST /wp-cron.php?doing_wp_cron=1762880427.0742959976196289062500 HTTP/1.1" 200 31 "-" "WordPress/6.8.3; http://cqqizhou.com"
43.166.253.94 - - [12/Nov/2025:01:00:27 +0800] "GET /portfolio-category/dual-phase-steel/ HTTP/1.1" 200 17573 "-" "Mozilla/5.0 (iPhone; CPU iPhone OS 13_2_3 like Mac OS X) AppleWebKit/605.1.15 (KHTML, like Gecko) Version/13.0.3 Mobile/15E148 Safari/604.1"
94.74.182.45 - - [12/Nov/2025:01:34:12 +0800] "GET /sites/all/libraries/plupload/examples/upload.php HTTP/1.1" 404 27 "-" "ALittle Client"
36.133.115.36 - - [12/Nov/2025:01:36:27 +0800] "POST /wp-cron.php?doing_wp_cron=1762882587.2535109519958496093750 HTTP/1.1" 200 31 "-" "WordPress/6.8.3; http://cqqizhou.com"
115.159.33.43 - - [12/Nov/2025:01:36:27 +0800] "GET / HTTP/1.1" 301 5 "-" "Mozilla/5.0 (Windows NT 10.0; Win64; x64) AppleWebKit/537.36 (KHTML, like Gecko) Chrome/79.0.3945.117 Safari/537.36"
36.133.115.36 - - [12/Nov/2025:01:37:26 +0800] "POST /wp-cron.php?doing_wp_cron=1762882646.0926249027252197265625 HTTP/1.1" 200 31 "-" "WordPress/6.8.3; http://cqqizhou.com"
103.252.89.75 - - [12/Nov/2025:01:37:27 +0800] "GET / HTTP/1.1" 200 151921 "-" "-"
36.133.115.36 - - [12/Nov/2025:01:49:41 +0800] "POST /wp-cron.php?doing_wp_cron=1762883381.7421560287475585937500 HTTP/1.1" 200 31 "-" "WordPress/6.8.3; http://cqqizhou.com"
91.239.216.8 - - [12/Nov/2025:01:49:42 +0800] "GET / HTTP/1.1" 200 151921 "-" "-"
36.133.115.36 - - [12/Nov/2025:01:51:09 +0800] "POST /wp-cron.php?doing_wp_cron=1762883469.3410749435424804687500 HTTP/1.1" 200 31 "-" "WordPress/6.8.3; http://cqqizhou.com"
43.130.228.73 - - [12/Nov/2025:01:51:09 +0800] "GET /comments/feed/ HTTP/1.1" 200 704 "-" "Mozilla/5.0 (iPhone; CPU iPhone OS 13_2_3 like Mac OS X) AppleWebKit/605.1.15 (KHTML, like Gecko) Version/13.0.3 Mobile/15E148 Safari/604.1"
36.133.115.36 - - [12/Nov/2025:01:56:55 +0800] "POST /wp-cron.php?doing_wp_cron=1762883815.5317380428314208984375 HTTP/1.1" 200 31 "-" "WordPress/6.8.3; http://cqqizhou.com"
104.131.179.221 - - [12/Nov/2025:01:56:55 +0800] "GET /.git/config HTTP/1.1" 404 8990 "-" "Mozilla/5.0 (X11; Linux x86_64) AppleWebKit/537.36 (KHTML, like Gecko) Chrome/81.0.4044.129 Safari/537.36"
36.133.115.36 - - [12/Nov/2025:01:58:33 +0800] "POST /wp-cron.php?doing_wp_cron=1762883913.5222489833831787109375 HTTP/1.1" 200 31 "-" "WordPress/6.8.3; http://cqqizhou.com"
222.79.104.23 - - [12/Nov/2025:01:58:33 +0800] "GET / HTTP/1.1" 301 5 "-" "Mozilla/5.0 (iPhone; CPU iPhone OS 13_2_3 like Mac OS X) AppleWebKit/605.1.15 (KHTML, like Gecko) Version/13.0.3 Mobile/15E148 Safari/604.1"
222.79.104.23 - - [12/Nov/2025:01:58:35 +0800] "GET / HTTP/1.1" 200 33463 "http://www.cqqizhou.com" "Mozilla/5.0 (iPhone; CPU iPhone OS 13_2_3 like Mac OS X) AppleWebKit/605.1.15 (KHTML, like Gecko) Version/13.0.3 Mobile/15E148 Safari/604.1"
36.133.115.36 - - [12/Nov/2025:02:00:57 +0800] "POST /wp-cron.php?doing_wp_cron=1762884057.4529180526733398437500 HTTP/1.1" 200 31 "-" "WordPress/6.8.3; http://cqqizhou.com"
43.133.14.237 - - [12/Nov/2025:02:00:57 +0800] "GET /wp-json/ HTTP/1.1" 200 19172 "-" "Mozilla/5.0 (iPhone; CPU iPhone OS 13_2_3 like Mac OS X) AppleWebKit/605.1.15 (KHTML, like Gecko) Version/13.0.3 Mobile/15E148 Safari/604.1"
43.159.140.236 - - [12/Nov/2025:02:01:42 +0800] "GET / HTTP/1.1" 200 33462 "-" "Mozilla/5.0 (iPhone; CPU iPhone OS 13_2_3 like Mac OS X) AppleWebKit/605.1.15 (KHTML, like Gecko) Version/13.0.3 Mobile/15E148 Safari/604.1"
36.133.115.36 - - [12/Nov/2025:02:23:19 +0800] "POST /wp-cron.php?doing_wp_cron=1762885399.8719239234924316406250 HTTP/1.1" 200 31 "-" "WordPress/6.8.3; http://cqqizhou.com"
150.109.230.210 - - [12/Nov/2025:02:23:19 +0800] "GET /wp-json/oembed/1.0/embed?url=http%3A%2F%2Fcqqizhou.com%2Fclub%2F HTTP/1.1" 200 1109 "-" "Mozilla/5.0 (iPhone; CPU iPhone OS 13_2_3 like Mac OS X) AppleWebKit/605.1.15 (KHTML, like Gecko) Version/13.0.3 Mobile/15E148 Safari/604.1"
36.133.108.119 - - [12/Nov/2025:02:29:10 +0800] "HEAD /systembc/password.php HTTP/1.1" 404 0 "-" "Mozilla/5.0 (Windows NT 6.1) AppleWebKit/537.36 (KHTML, like Gecko) Chrome/27.0.1453.90 Safari/537.36"
36.133.115.36 - - [12/Nov/2025:02:31:25 +0800] "POST /wp-cron.php?doing_wp_cron=1762885885.7337210178375244140625 HTTP/1.1" 200 31 "-" "WordPress/6.8.3; http://cqqizhou.com"
43.131.39.179 - - [12/Nov/2025:02:31:25 +0800] "GET /uncategorized/ HTTP/1.1" 200 17549 "-" "Mozilla/5.0 (iPhone; CPU iPhone OS 13_2_3 like Mac OS X) AppleWebKit/605.1.15 (KHTML, like Gecko) Version/13.0.3 Mobile/15E148 Safari/604.1"
36.133.115.36 - - [12/Nov/2025:02:41:10 +0800] "POST /wp-cron.php?doing_wp_cron=1762886470.6817169189453125000000 HTTP/1.1" 200 31 "-" "WordPress/6.8.3; http://cqqizhou.com"
43.157.174.69 - - [12/Nov/2025:02:41:10 +0800] "GET /2165/ HTTP/1.1" 200 22965 "-" "Mozilla/5.0 (iPhone; CPU iPhone OS 13_2_3 like Mac OS X) AppleWebKit/605.1.15 (KHTML, like Gecko) Version/13.0.3 Mobile/15E148 Safari/604.1"
36.133.115.36 - - [12/Nov/2025:02:53:04 +0800] "POST /wp-cron.php?doing_wp_cron=1762887184.0820229053497314453125 HTTP/1.1" 200 31 "-" "WordPress/6.8.3; http://cqqizhou.com"
116.179.32.34 - - [12/Nov/2025:02:53:04 +0800] "GET /logistics HTTP/1.1" 301 5 "-" "Mozilla/5.0 (compatible; Baiduspider/2.0; +http://www.baidu.com/search/spider.html)"
116.179.32.195 - - [12/Nov/2025:02:53:04 +0800] "GET /logistics/ HTTP/1.1" 200 22386 "-" "Mozilla/5.0 (compatible; Baiduspider/2.0; +http://www.baidu.com/search/spider.html)"
220.181.108.110 - - [12/Nov/2025:02:53:21 +0800] "GET /services HTTP/1.1" 301 5 "-" "Mozilla/5.0 (compatible; Baiduspider/2.0; +http://www.baidu.com/search/spider.html)"
220.181.108.104 - - [12/Nov/2025:02:53:22 +0800] "GET /services/ HTTP/1.1" 200 25504 "-" "Mozilla/5.0 (compatible; Baiduspider/2.0; +http://www.baidu.com/search/spider.html)"
36.133.115.36 - - [12/Nov/2025:02:56:24 +0800] "POST /wp-cron.php?doing_wp_cron=1762887384.1516509056091308593750 HTTP/1.1" 200 31 "-" "WordPress/6.8.3; http://cqqizhou.com"
116.179.32.205 - - [12/Nov/2025:02:56:24 +0800] "GET /media/ HTTP/1.1" 200 28925 "-" "Mozilla/5.0 (compatible; Baiduspider/2.0; +http://www.baidu.com/search/spider.html)"
116.179.37.131 - - [12/Nov/2025:02:56:25 +0800] "GET /wp-content/uploads/2025/11/1762861549-%E5%85%A8%E6%99%AF%E5%90%AF%E8%88%9F%E5%9D%A4%E7%85%8C%E5%BA%93.webp HTTP/1.1" 200 18812 "http://cqqizhou.com/media/" "Mozilla/5.0 (compatible; Baiduspider-render/2.0; +http://www.baidu.com/search/spider.html)"
116.179.37.159 - - [12/Nov/2025:02:56:25 +0800] "GET /wp-content/uploads/2025/11/1762861550-%E4%B8%87%E5%98%89%E7%9B%9B%E5%BA%93%E5%85%A8%E6%99%AF%E5%9B%BE.webp HTTP/1.1" 200 24278 "http://cqqizhou.com/media/" "Mozilla/5.0 (compatible; Baiduspider-render/2.0; +http://www.baidu.com/search/spider.html)"
116.179.37.46 - - [12/Nov/2025:02:56:25 +0800] "GET /wp-content/uploads/media/qizhou_Brochure.webp HTTP/1.1" 200 26142 "http://cqqizhou.com/media/" "Mozilla/5.0 (compatible; Baiduspider-render/2.0; +http://www.baidu.com/search/spider.html)"
36.133.115.36 - - [12/Nov/2025:03:12:15 +0800] "POST /wp-cron.php?doing_wp_cron=1762888335.2761991024017333984375 HTTP/1.1" 200 31 "-" "WordPress/6.8.3; http://cqqizhou.com"
162.62.213.187 - - [12/Nov/2025:03:12:15 +0800] "GET /2214/ HTTP/1.1" 200 21233 "-" "Mozilla/5.0 (iPhone; CPU iPhone OS 13_2_3 like Mac OS X) AppleWebKit/605.1.15 (KHTML, like Gecko) Version/13.0.3 Mobile/15E148 Safari/604.1"
36.133.115.36 - - [12/Nov/2025:03:16:21 +0800] "POST /wp-cron.php?doing_wp_cron=1762888581.6308269500732421875000 HTTP/1.1" 200 31 "-" "WordPress/6.8.3; http://cqqizhou.com"
85.208.96.199 - - [12/Nov/2025:03:16:21 +0800] "GET /robots.txt HTTP/1.1" 200 190 "-" "Mozilla/5.0 (compatible; SemrushBot/7~bl; +http://www.semrush.com/bot.html)"
36.133.115.36 - - [12/Nov/2025:03:32:59 +0800] "POST /wp-cron.php?doing_wp_cron=1762889579.1593859195709228515625 HTTP/1.1" 200 31 "-" "WordPress/6.8.3; http://cqqizhou.com"
43.130.39.254 - - [12/Nov/2025:03:32:59 +0800] "GET /2231/ HTTP/1.1" 200 19497 "-" "Mozilla/5.0 (iPhone; CPU iPhone OS 13_2_3 like Mac OS X) AppleWebKit/605.1.15 (KHTML, like Gecko) Version/13.0.3 Mobile/15E148 Safari/604.1"
91.232.238.153 - - [12/Nov/2025:03:34:06 +0800] "GET /admin/config.php HTTP/1.0" 404 16 "-" "xfa1"
36.133.115.36 - - [12/Nov/2025:03:50:36 +0800] "POST /wp-cron.php?doing_wp_cron=1762890636.2252979278564453125000 HTTP/1.1" 200 31 "-" "WordPress/6.8.3; http://cqqizhou.com"
84.46.252.141 - - [12/Nov/2025:03:50:36 +0800] "POST /hello.world?%ADd+allow_url_include%3d1+%ADd+auto_prepend_file%3dphp://input HTTP/1.1" 404 31381 "-" "libredtail-http"
84.46.252.141 - - [12/Nov/2025:03:50:38 +0800] "POST /?%ADd+allow_url_include%3d1+%ADd+auto_prepend_file%3dphp://input HTTP/1.1" 200 151921 "-" "libredtail-http"
84.46.252.141 - - [12/Nov/2025:03:50:39 +0800] "GET /vendor/phpunit/phpunit/src/Util/PHP/eval-stdin.php HTTP/1.1" 404 27 "-" "libredtail-http"
84.46.252.141 - - [12/Nov/2025:03:50:39 +0800] "GET /vendor/phpunit/phpunit/Util/PHP/eval-stdin.php HTTP/1.1" 404 27 "-" "libredtail-http"
84.46.252.141 - - [12/Nov/2025:03:50:39 +0800] "GET /vendor/phpunit/src/Util/PHP/eval-stdin.php HTTP/1.1" 404 27 "-" "libredtail-http"
84.46.252.141 - - [12/Nov/2025:03:50:40 +0800] "GET /vendor/phpunit/Util/PHP/eval-stdin.php HTTP/1.1" 404 27 "-" "libredtail-http"
84.46.252.141 - - [12/Nov/2025:03:50:40 +0800] "GET /vendor/phpunit/phpunit/LICENSE/eval-stdin.php HTTP/1.1" 404 27 "-" "libredtail-http"
84.46.252.141 - - [12/Nov/2025:03:50:40 +0800] "GET /vendor/vendor/phpunit/phpunit/src/Util/PHP/eval-stdin.php HTTP/1.1" 404 27 "-" "libredtail-http"
84.46.252.141 - - [12/Nov/2025:03:50:40 +0800] "GET /phpunit/phpunit/src/Util/PHP/eval-stdin.php HTTP/1.1" 404 27 "-" "libredtail-http"
84.46.252.141 - - [12/Nov/2025:03:50:41 +0800] "GET /phpunit/phpunit/Util/PHP/eval-stdin.php HTTP/1.1" 404 27 "-" "libredtail-http"
84.46.252.141 - - [12/Nov/2025:03:50:41 +0800] "GET /phpunit/src/Util/PHP/eval-stdin.php HTTP/1.1" 404 27 "-" "libredtail-http"
84.46.252.141 - - [12/Nov/2025:03:50:41 +0800] "GET /phpunit/Util/PHP/eval-stdin.php HTTP/1.1" 404 27 "-" "libredtail-http"
84.46.252.141 - - [12/Nov/2025:03:50:42 +0800] "GET /lib/phpunit/phpunit/src/Util/PHP/eval-stdin.php HTTP/1.1" 404 27 "-" "libredtail-http"
84.46.252.141 - - [12/Nov/2025:03:50:42 +0800] "GET /lib/phpunit/phpunit/Util/PHP/eval-stdin.php HTTP/1.1" 404 27 "-" "libredtail-http"
84.46.252.141 - - [12/Nov/2025:03:50:42 +0800] "GET /lib/phpunit/src/Util/PHP/eval-stdin.php HTTP/1.1" 404 27 "-" "libredtail-http"
84.46.252.141 - - [12/Nov/2025:03:50:43 +0800] "GET /lib/phpunit/Util/PHP/eval-stdin.php HTTP/1.1" 404 27 "-" "libredtail-http"
84.46.252.141 - - [12/Nov/2025:03:50:43 +0800] "GET /lib/vendor/phpunit/phpunit/src/Util/PHP/eval-stdin.php HTTP/1.1" 404 27 "-" "libredtail-http"
43.130.154.56 - - [12/Nov/2025:03:50:43 +0800] "GET /services/ HTTP/1.1" 200 19755 "-" "Mozilla/5.0 (iPhone; CPU iPhone OS 13_2_3 like Mac OS X) AppleWebKit/605.1.15 (KHTML, like Gecko) Version/13.0.3 Mobile/15E148 Safari/604.1"
84.46.252.141 - - [12/Nov/2025:03:50:43 +0800] "GET /laravel/vendor/phpunit/phpunit/src/Util/PHP/eval-stdin.php HTTP/1.1" 404 27 "-" "libredtail-http"
84.46.252.141 - - [12/Nov/2025:03:50:44 +0800] "GET /www/vendor/phpunit/phpunit/src/Util/PHP/eval-stdin.php HTTP/1.1" 404 27 "-" "libredtail-http"
84.46.252.141 - - [12/Nov/2025:03:50:44 +0800] "GET /ws/vendor/phpunit/phpunit/src/Util/PHP/eval-stdin.php HTTP/1.1" 404 27 "-" "libredtail-http"
84.46.252.141 - - [12/Nov/2025:03:50:44 +0800] "GET /yii/vendor/phpunit/phpunit/src/Util/PHP/eval-stdin.php HTTP/1.1" 404 27 "-" "libredtail-http"
84.46.252.141 - - [12/Nov/2025:03:50:45 +0800] "GET /zend/vendor/phpunit/phpunit/src/Util/PHP/eval-stdin.php HTTP/1.1" 404 27 "-" "libredtail-http"
84.46.252.141 - - [12/Nov/2025:03:50:45 +0800] "GET /ws/ec/vendor/phpunit/phpunit/src/Util/PHP/eval-stdin.php HTTP/1.1" 404 27 "-" "libredtail-http"
84.46.252.141 - - [12/Nov/2025:03:50:45 +0800] "GET /V2/vendor/phpunit/phpunit/src/Util/PHP/eval-stdin.php HTTP/1.1" 404 27 "-" "libredtail-http"
84.46.252.141 - - [12/Nov/2025:03:50:45 +0800] "GET /tests/vendor/phpunit/phpunit/src/Util/PHP/eval-stdin.php HTTP/1.1" 404 27 "-" "libredtail-http"
84.46.252.141 - - [12/Nov/2025:03:50:46 +0800] "GET /test/vendor/phpunit/phpunit/src/Util/PHP/eval-stdin.php HTTP/1.1" 404 27 "-" "libredtail-http"
84.46.252.141 - - [12/Nov/2025:03:50:46 +0800] "GET /testing/vendor/phpunit/phpunit/src/Util/PHP/eval-stdin.php HTTP/1.1" 404 27 "-" "libredtail-http"
84.46.252.141 - - [12/Nov/2025:03:50:46 +0800] "GET /api/vendor/phpunit/phpunit/src/Util/PHP/eval-stdin.php HTTP/1.1" 404 27 "-" "libredtail-http"
84.46.252.141 - - [12/Nov/2025:03:50:47 +0800] "GET /demo/vendor/phpunit/phpunit/src/Util/PHP/eval-stdin.php HTTP/1.1" 404 27 "-" "libredtail-http"
84.46.252.141 - - [12/Nov/2025:03:50:47 +0800] "GET /cms/vendor/phpunit/phpunit/src/Util/PHP/eval-stdin.php HTTP/1.1" 404 27 "-" "libredtail-http"
84.46.252.141 - - [12/Nov/2025:03:50:47 +0800] "GET /crm/vendor/phpunit/phpunit/src/Util/PHP/eval-stdin.php HTTP/1.1" 404 27 "-" "libredtail-http"
84.46.252.141 - - [12/Nov/2025:03:50:48 +0800] "GET /admin/vendor/phpunit/phpunit/src/Util/PHP/eval-stdin.php HTTP/1.1" 404 27 "-" "libredtail-http"
84.46.252.141 - - [12/Nov/2025:03:50:48 +0800] "GET /backup/vendor/phpunit/phpunit/src/Util/PHP/eval-stdin.php HTTP/1.1" 404 27 "-" "libredtail-http"
84.46.252.141 - - [12/Nov/2025:03:50:48 +0800] "GET /blog/vendor/phpunit/phpunit/src/Util/PHP/eval-stdin.php HTTP/1.1" 404 27 "-" "libredtail-http"
84.46.252.141 - - [12/Nov/2025:03:50:49 +0800] "GET /workspace/drupal/vendor/phpunit/phpunit/src/Util/PHP/eval-stdin.php HTTP/1.1" 404 27 "-" "libredtail-http"
84.46.252.141 - - [12/Nov/2025:03:50:49 +0800] "GET /panel/vendor/phpunit/phpunit/src/Util/PHP/eval-stdin.php HTTP/1.1" 404 27 "-" "libredtail-http"
84.46.252.141 - - [12/Nov/2025:03:50:49 +0800] "GET /public/vendor/phpunit/phpunit/src/Util/PHP/eval-stdin.php HTTP/1.1" 404 27 "-" "libredtail-http"
84.46.252.141 - - [12/Nov/2025:03:50:50 +0800] "GET /apps/vendor/phpunit/phpunit/src/Util/PHP/eval-stdin.php HTTP/1.1" 404 27 "-" "libredtail-http"
84.46.252.141 - - [12/Nov/2025:03:50:50 +0800] "GET /app/vendor/phpunit/phpunit/src/Util/PHP/eval-stdin.php HTTP/1.1" 404 27 "-" "libredtail-http"
36.133.115.36 - - [12/Nov/2025:03:50:51 +0800] "POST /wp-cron.php?doing_wp_cron=1762890651.2811200618743896484375 HTTP/1.1" 200 31 "-" "WordPress/6.8.3; http://cqqizhou.com"
84.46.252.141 - - [12/Nov/2025:03:50:51 +0800] "GET /index.php?s=/index/\x5Cthink\x5Capp/invokefunction&function=call_user_func_array&vars[0]=md5&vars[1][]=Hello HTTP/1.1" 200 64947 "-" "libredtail-http"
84.46.252.141 - - [12/Nov/2025:03:50:52 +0800] "GET /public/index.php?s=/index/\x5Cthink\x5Capp/invokefunction&function=call_user_func_array&vars[0]=md5&vars[1][]=Hello HTTP/1.1" 404 27 "-" "libredtail-http"
84.46.252.141 - - [12/Nov/2025:03:50:53 +0800] "GET /index.php?lang=../../../../../../../../usr/local/lib/php/pearcmd&+config-create+/&/<?echo(md5(\x22hi\x22));?>+/tmp/index1.php HTTP/1.1" 200 151921 "-" "libredtail-http"
84.46.252.141 - - [12/Nov/2025:03:50:55 +0800] "GET /index.php?lang=../../../../../../../../tmp/index1 HTTP/1.1" 200 151921 "-" "libredtail-http"
84.46.252.141 - - [12/Nov/2025:03:50:56 +0800] "GET /containers/json HTTP/1.1" 301 5 "-" "libredtail-http"
84.46.252.141 - - [12/Nov/2025:03:50:57 +0800] "GET /containers/json HTTP/1.1" 301 5 "-" "libredtail-http"
36.133.115.36 - - [12/Nov/2025:03:58:12 +0800] "POST /wp-cron.php?doing_wp_cron=1762891092.0670959949493408203125 HTTP/1.1" 200 31 "-" "WordPress/6.8.3; http://cqqizhou.com"
117.209.86.100 - - [12/Nov/2025:03:58:17 +0800] "GET /boaform/admin/formLogin?username=adminisp&psd=adminisp HTTP/1.0" 404 31368 "-" "-"
36.133.115.36 - - [12/Nov/2025:03:59:01 +0800] "POST /wp-cron.php?doing_wp_cron=1762891141.5576200485229492187500 HTTP/1.1" 200 31 "-" "WordPress/6.8.3; http://cqqizhou.com"
43.135.145.117 - - [12/Nov/2025:03:59:01 +0800] "GET /wp-content/uploads/2025/07/1753453096- HTTP/1.1" 404 8989 "-" "Mozilla/5.0 (iPhone; CPU iPhone OS 13_2_3 like Mac OS X) AppleWebKit/605.1.15 (KHTML, like Gecko) Version/13.0.3 Mobile/15E148 Safari/604.1"
180.153.236.58 - - [12/Nov/2025:04:00:16 +0800] "GET / HTTP/1.1" 200 33928 "http://cqqizhou.com" "Mozilla/5.0 (Windows NT 10.0; Win64; x64) AppleWebKit/537.36 (KHTML, like Gecko) Chrome/140.0.0.0 Safari/537.36 Edg/140.0.0.0; 360Spider"
36.133.115.36 - - [12/Nov/2025:04:16:13 +0800] "POST /wp-cron.php?doing_wp_cron=1762892173.8612880706787109375000 HTTP/1.1" 200 31 "-" "WordPress/6.8.3; http://cqqizhou.com"
103.252.89.75 - - [12/Nov/2025:04:16:14 +0800] "GET / HTTP/1.1" 200 151921 "-" "-"
36.133.115.36 - - [12/Nov/2025:04:39:53 +0800] "POST /wp-cron.php?doing_wp_cron=1762893593.2056000232696533203125 HTTP/1.1" 200 31 "-" "WordPress/6.8.3; http://cqqizhou.com"
103.90.96.235 - - [12/Nov/2025:04:39:54 +0800] "GET / HTTP/1.1" 200 151921 "-" "Mozilla/5.0 (Windows NT 6.1; WOW64) AppleWebKit/537.36 (KHTML, like Gecko) Chrome/52.0.2743.116 Safari/537.36"
36.133.115.36 - - [12/Nov/2025:04:45:17 +0800] "POST /wp-cron.php?doing_wp_cron=1762893917.7251160144805908203125 HTTP/1.1" 200 31 "-" "WordPress/6.8.3; http://cqqizhou.com"
91.239.216.8 - - [12/Nov/2025:04:45:18 +0800] "GET / HTTP/1.1" 200 151921 "-" "-"
64.31.56.53 - - [12/Nov/2025:04:56:48 +0800] "GET /sql/sql.php?type=89A1FF33ABF0B55E&os= HTTP/1.1" 404 27 "-" "Process/imToken"
36.133.108.119 - - [12/Nov/2025:05:19:06 +0800] "HEAD /sql/sql.php?type=89A1FF33ABF0B55E&os= HTTP/1.1" 404 0 "-" "Mozilla/5.0 (compatible; MSIE 8.0; Windows NT 5.1; Trident/4.0; .NET CLR 1.1.4322; .NET CLR 2.0.50727)"
36.133.115.36 - - [12/Nov/2025:05:19:20 +0800] "POST /wp-cron.php?doing_wp_cron=1762895960.4359409809112548828125 HTTP/1.1" 200 31 "-" "WordPress/6.8.3; http://cqqizhou.com"
94.74.182.142 - - [12/Nov/2025:05:19:21 +0800] "GET / HTTP/1.1" 200 151921 "-" "-"
43.157.149.188 - - [12/Nov/2025:05:28:08 +0800] "GET /wp-content/uploads/2025/07/1753455746-DSC01472-150x150.webp HTTP/1.1" 200 4760 "-" "Mozilla/5.0 (iPhone; CPU iPhone OS 13_2_3 like Mac OS X) AppleWebKit/605.1.15 (KHTML, like Gecko) Version/13.0.3 Mobile/15E148 Safari/604.1"
36.133.115.36 - - [12/Nov/2025:05:30:47 +0800] "POST /wp-cron.php?doing_wp_cron=1762896647.6133499145507812500000 HTTP/1.1" 200 31 "-" "WordPress/6.8.3; http://cqqizhou.com"
199.45.155.92 - - [12/Nov/2025:05:30:47 +0800] "GET / HTTP/1.1" 301 5 "-" "Mozilla/5.0 (compatible; CensysInspect/1.1; +https://about.censys.io/)"
199.45.155.92 - - [12/Nov/2025:05:30:51 +0800] "GET / HTTP/1.1" 200 33928 "-" "Mozilla/5.0 (compatible; CensysInspect/1.1; +https://about.censys.io/)"
36.133.115.36 - - [12/Nov/2025:05:38:11 +0800] "POST /wp-cron.php?doing_wp_cron=1762897091.3096759319305419921875 HTTP/1.1" 200 31 "-" "WordPress/6.8.3; http://cqqizhou.com"
43.153.86.78 - - [12/Nov/2025:05:38:11 +0800] "GET /2164/ HTTP/1.1" 200 19558 "-" "Mozilla/5.0 (iPhone; CPU iPhone OS 13_2_3 like Mac OS X) AppleWebKit/605.1.15 (KHTML, like Gecko) Version/13.0.3 Mobile/15E148 Safari/604.1"
43.163.206.70 - - [12/Nov/2025:05:47:58 +0800] "GET /wp-content/uploads/2025/08/1755826390-DSC01765.webp HTTP/1.1" 200 71514 "-" "Mozilla/5.0 (iPhone; CPU iPhone OS 13_2_3 like Mac OS X) AppleWebKit/605.1.15 (KHTML, like Gecko) Version/13.0.3 Mobile/15E148 Safari/604.1"
36.133.115.36 - - [12/Nov/2025:05:48:11 +0800] "POST /wp-cron.php?doing_wp_cron=1762897691.4365599155426025390625 HTTP/1.1" 200 31 "-" "WordPress/6.8.3; http://cqqizhou.com"
135.237.123.227 - - [12/Nov/2025:05:48:11 +0800] "GET / HTTP/1.1" 301 5 "-" "Mozilla/5.0 zgrab/0.x"
36.133.115.36 - - [12/Nov/2025:05:58:23 +0800] "POST /wp-cron.php?doing_wp_cron=1762898303.7350931167602539062500 HTTP/1.1" 200 31 "-" "WordPress/6.8.3; http://cqqizhou.com"
43.135.144.126 - - [12/Nov/2025:05:58:23 +0800] "GET /about/ HTTP/1.1" 200 24227 "-" "Mozilla/5.0 (iPhone; CPU iPhone OS 13_2_3 like Mac OS X) AppleWebKit/605.1.15 (KHTML, like Gecko) Version/13.0.3 Mobile/15E148 Safari/604.1"
36.133.115.36 - - [12/Nov/2025:06:01:21 +0800] "POST /wp-cron.php?doing_wp_cron=1762898481.9257459640502929687500 HTTP/1.1" 200 31 "-" "WordPress/6.8.3; http://cqqizhou.com"
36.133.108.119 - - [12/Nov/2025:06:01:21 +0800] "HEAD /containers/json HTTP/1.1" 404 0 "-" "Mozilla/5.0 (Macintosh; Intel Mac OS X 10_8_3) AppleWebKit/537.36 (KHTML, like Gecko) Chrome/27.0.1453.93 Safari/537.36"
36.133.115.36 - - [12/Nov/2025:06:02:32 +0800] "POST /wp-cron.php?doing_wp_cron=1762898552.1700348854064941406250 HTTP/1.1" 200 31 "-" "WordPress/6.8.3; http://cqqizhou.com"
36.133.108.119 - - [12/Nov/2025:06:02:32 +0800] "HEAD /index.php?lang=../../../../../../../../tmp/index1 HTTP/1.1" 200 0 "-" "Mozilla/5.0 (compatible; MSIE 8.0; Windows NT 5.1; Trident/4.0; SLCC1; .NET CLR 3.0.4506.2152; .NET CLR 3.5.30729; .NET CLR 1.1.4322)"
36.133.115.36 - - [12/Nov/2025:06:08:57 +0800] "POST /wp-cron.php?doing_wp_cron=1762898937.0181090831756591796875 HTTP/1.1" 200 31 "-" "WordPress/6.8.3; http://cqqizhou.com"
192.159.99.47 - - [12/Nov/2025:06:08:57 +0800] "GET / HTTP/1.0" 200 109870 "-" "Mozilla/5.0 (X11; Ubuntu; Linux x86_64; rv:71.0) Gecko/20100101 Firefox/71.0"
43.166.132.142 - - [12/Nov/2025:06:09:01 +0800] "GET /media/ HTTP/1.1" 200 23484 "-" "Mozilla/5.0 (iPhone; CPU iPhone OS 13_2_3 like Mac OS X) AppleWebKit/605.1.15 (KHTML, like Gecko) Version/13.0.3 Mobile/15E148 Safari/604.1"
36.133.115.36 - - [12/Nov/2025:06:13:50 +0800] "POST /wp-cron.php?doing_wp_cron=1762899230.7875061035156250000000 HTTP/1.1" 200 31 "-" "WordPress/6.8.3; http://cqqizhou.com"
43.135.145.73 - - [12/Nov/2025:06:13:50 +0800] "GET /wp-json/oembed/1.0/embed?url=http%3A%2F%2Fcqqizhou.com%2F2231%2F HTTP/1.1" 200 1297 "-" "Mozilla/5.0 (iPhone; CPU iPhone OS 13_2_3 like Mac OS X) AppleWebKit/605.1.15 (KHTML, like Gecko) Version/13.0.3 Mobile/15E148 Safari/604.1"
130.33.64.66 - - [12/Nov/2025:06:14:45 +0800] "GET /alfa.php HTTP/1.1" 404 27 "-" "-"
130.33.64.66 - - [12/Nov/2025:06:14:45 +0800] "GET /abcd.php HTTP/1.1" 404 27 "-" "-"
130.33.64.66 - - [12/Nov/2025:06:14:46 +0800] "GET /about.php HTTP/1.1" 404 27 "-" "-"
130.33.64.66 - - [12/Nov/2025:06:14:46 +0800] "GET /chosen.php HTTP/1.1" 404 27 "-" "-"
130.33.64.66 - - [12/Nov/2025:06:14:46 +0800] "GET /default.php HTTP/1.1" 404 27 "-" "-"
130.33.64.66 - - [12/Nov/2025:06:14:46 +0800] "GET /ioxi-o.php HTTP/1.1" 404 27 "-" "-"
130.33.64.66 - - [12/Nov/2025:06:14:46 +0800] "GET /xleet.php HTTP/1.1" 404 27 "-" "-"
130.33.64.66 - - [12/Nov/2025:06:14:46 +0800] "GET /ds.php HTTP/1.1" 404 27 "-" "-"
130.33.64.66 - - [12/Nov/2025:06:14:47 +0800] "GET /f5.php HTTP/1.1" 404 27 "-" "-"
130.33.64.66 - - [12/Nov/2025:06:14:47 +0800] "GET /file.php HTTP/1.1" 404 27 "-" "-"
130.33.64.66 - - [12/Nov/2025:06:14:47 +0800] "GET /god4m.php HTTP/1.1" 404 27 "-" "-"
130.33.64.66 - - [12/Nov/2025:06:14:47 +0800] "GET /info.php HTTP/1.1" 200 29 "-" "-"
36.133.115.36 - - [12/Nov/2025:06:14:48 +0800] "POST /wp-cron.php?doing_wp_cron=1762899288.3485600948333740234375 HTTP/1.1" 200 31 "-" "WordPress/6.8.3; http://cqqizhou.com"
130.33.64.66 - - [12/Nov/2025:06:14:48 +0800] "GET /modules/ HTTP/1.1" 404 31381 "-" "-"
130.33.64.66 - - [12/Nov/2025:06:14:48 +0800] "GET /wp-cron.php HTTP/1.1" 200 5 "-" "-"
130.33.64.66 - - [12/Nov/2025:06:14:49 +0800] "GET /test1.php HTTP/1.1" 404 27 "-" "-"
130.33.64.66 - - [12/Nov/2025:06:14:49 +0800] "GET /uploads/ HTTP/1.1" 404 31381 "-" "-"
130.33.64.66 - - [12/Nov/2025:06:14:50 +0800] "GET /.__info.php HTTP/1.1" 404 27 "-" "-"
130.33.64.66 - - [12/Nov/2025:06:14:50 +0800] "GET /0.php HTTP/1.1" 404 27 "-" "-"
130.33.64.66 - - [12/Nov/2025:06:14:50 +0800] "GET /07.php HTTP/1.1" 404 27 "-" "-"
130.33.64.66 - - [12/Nov/2025:06:14:50 +0800] "GET /dropdown.php HTTP/1.1" 404 27 "-" "-"
130.33.64.66 - - [12/Nov/2025:06:14:51 +0800] "GET /makeasmtp.php HTTP/1.1" 404 27 "-" "-"
130.33.64.66 - - [12/Nov/2025:06:14:51 +0800] "GET /wp-sigunq.php HTTP/1.1" 404 27 "-" "-"
130.33.64.66 - - [12/Nov/2025:06:14:51 +0800] "GET /wso112233.php HTTP/1.1" 404 27 "-" "-"
130.33.64.66 - - [12/Nov/2025:06:14:51 +0800] "GET /alfanew.php HTTP/1.1" 404 27 "-" "-"
130.33.64.66 - - [12/Nov/2025:06:14:51 +0800] "GET /fw.php HTTP/1.1" 404 27 "-" "-"
130.33.64.66 - - [12/Nov/2025:06:14:52 +0800] "GET /install.php HTTP/1.1" 404 27 "-" "-"
130.33.64.66 - - [12/Nov/2025:06:14:52 +0800] "GET /wp-login.php HTTP/1.1" 200 8672 "-" "-"
130.33.64.66 - - [12/Nov/2025:06:14:54 +0800] "GET /simple.php HTTP/1.1" 404 27 "-" "-"
130.33.64.66 - - [12/Nov/2025:06:14:54 +0800] "GET /inputs.php HTTP/1.1" 404 27 "-" "-"
130.33.64.66 - - [12/Nov/2025:06:14:54 +0800] "GET /classsmtps.php HTTP/1.1" 404 27 "-" "-"
130.33.64.66 - - [12/Nov/2025:06:14:55 +0800] "GET /wp-blog-header.php HTTP/1.1" 404 5 "-" "-"
130.33.64.66 - - [12/Nov/2025:06:14:56 +0800] "GET /wp-trackback.php HTTP/1.1" 404 140 "-" "-"
130.33.64.66 - - [12/Nov/2025:06:14:56 +0800] "GET /wp-signup.php HTTP/1.1" 302 5 "-" "-"
130.33.64.66 - - [12/Nov/2025:06:14:57 +0800] "GET /wp-login.php?action=register HTTP/1.1" 302 5 "-" "-"
130.33.64.66 - - [12/Nov/2025:06:14:58 +0800] "GET /wp-login.php?registration=disabled HTTP/1.1" 200 8853 "-" "-"
130.33.64.66 - - [12/Nov/2025:06:14:58 +0800] "GET /wp-comments-post.php HTTP/1.1" 405 5 "-" "-"
130.33.64.66 - - [12/Nov/2025:06:14:59 +0800] "GET /wp-load.php HTTP/1.1" 200 5 "-" "-"
130.33.64.66 - - [12/Nov/2025:06:14:59 +0800] "GET /wp-mail.php HTTP/1.1" 403 2517 "-" "-"
130.33.64.66 - - [12/Nov/2025:06:15:00 +0800] "GET /edit.php HTTP/1.1" 404 27 "-" "-"
130.33.64.66 - - [12/Nov/2025:06:15:00 +0800] "GET /wp-activate.php HTTP/1.1" 302 5 "-" "-"
130.33.64.66 - - [12/Nov/2025:06:15:01 +0800] "GET /wp-login.php?action=register HTTP/1.1" 302 5 "-" "-"
130.33.64.66 - - [12/Nov/2025:06:15:02 +0800] "GET /wp-login.php?registration=disabled HTTP/1.1" 200 8853 "-" "-"
130.33.64.66 - - [12/Nov/2025:06:15:02 +0800] "GET /plugins.php HTTP/1.1" 404 27 "-" "-"
130.33.64.66 - - [12/Nov/2025:06:15:02 +0800] "GET /post.php HTTP/1.1" 404 27 "-" "-"
130.33.64.66 - - [12/Nov/2025:06:15:02 +0800] "GET /admin.php HTTP/1.1" 404 27 "-" "-"
130.33.64.66 - - [12/Nov/2025:06:15:02 +0800] "GET /wp-2019.php HTTP/1.1" 404 27 "-" "-"
130.33.64.66 - - [12/Nov/2025:06:15:03 +0800] "GET /geju.php HTTP/1.1" 404 27 "-" "-"
130.33.64.66 - - [12/Nov/2025:06:15:03 +0800] "GET /wp.php HTTP/1.1" 404 27 "-" "-"
130.33.64.66 - - [12/Nov/2025:06:15:03 +0800] "GET /hoot.php HTTP/1.1" 404 27 "-" "-"
130.33.64.66 - - [12/Nov/2025:06:15:03 +0800] "GET /css.php HTTP/1.1" 404 27 "-" "-"
130.33.64.66 - - [12/Nov/2025:06:15:03 +0800] "GET /log.php HTTP/1.1" 404 27 "-" "-"
130.33.64.66 - - [12/Nov/2025:06:15:03 +0800] "GET /mail.php HTTP/1.1" 404 27 "-" "-"
130.33.64.66 - - [12/Nov/2025:06:15:03 +0800] "GET /bak.php HTTP/1.1" 404 27 "-" "-"
130.33.64.66 - - [12/Nov/2025:06:15:04 +0800] "GET /content.php HTTP/1.1" 404 27 "-" "-"
130.33.64.66 - - [12/Nov/2025:06:15:04 +0800] "GET /upfile.php HTTP/1.1" 404 27 "-" "-"
130.33.64.66 - - [12/Nov/2025:06:15:04 +0800] "GET /wp-conflg.php HTTP/1.1" 404 27 "-" "-"
130.33.64.66 - - [12/Nov/2025:06:15:04 +0800] "GET /bypass.php HTTP/1.1" 404 27 "-" "-"
130.33.64.66 - - [12/Nov/2025:06:15:04 +0800] "GET /404.php HTTP/1.1" 404 27 "-" "-"
130.33.64.66 - - [12/Nov/2025:06:15:04 +0800] "GET /updates.php HTTP/1.1" 404 27 "-" "-"
130.33.64.66 - - [12/Nov/2025:06:15:05 +0800] "GET /radio.php HTTP/1.1" 404 27 "-" "-"
130.33.64.66 - - [12/Nov/2025:06:15:05 +0800] "GET /xmrlpc.php HTTP/1.1" 404 27 "-" "-"
130.33.64.66 - - [12/Nov/2025:06:15:05 +0800] "GET /ae.php HTTP/1.1" 404 27 "-" "-"
130.33.64.66 - - [12/Nov/2025:06:15:05 +0800] "GET /moon.php HTTP/1.1" 404 27 "-" "-"
130.33.64.66 - - [12/Nov/2025:06:15:05 +0800] "GET /blog.php HTTP/1.1" 404 27 "-" "-"
130.33.64.66 - - [12/Nov/2025:06:15:05 +0800] "GET /themes.php HTTP/1.1" 404 27 "-" "-"
130.33.64.66 - - [12/Nov/2025:06:15:05 +0800] "GET /ini.php HTTP/1.1" 404 27 "-" "-"
130.33.64.66 - - [12/Nov/2025:06:15:06 +0800] "GET /as.php HTTP/1.1" 404 27 "-" "-"
130.33.64.66 - - [12/Nov/2025:06:15:06 +0800] "GET /shell.php HTTP/1.1" 404 27 "-" "-"
130.33.64.66 - - [12/Nov/2025:06:15:06 +0800] "GET /ws.php HTTP/1.1" 404 27 "-" "-"
130.33.64.66 - - [12/Nov/2025:06:15:06 +0800] "GET /1.php HTTP/1.1" 404 27 "-" "-"
130.33.64.66 - - [12/Nov/2025:06:15:06 +0800] "GET /123.php HTTP/1.1" 404 27 "-" "-"
130.33.64.66 - - [12/Nov/2025:06:15:06 +0800] "GET /9.php HTTP/1.1" 404 27 "-" "-"
130.33.64.66 - - [12/Nov/2025:06:15:07 +0800] "GET /aa.php HTTP/1.1" 404 27 "-" "-"
130.33.64.66 - - [12/Nov/2025:06:15:07 +0800] "GET /admin-ajax.php HTTP/1.1" 404 27 "-" "-"
130.33.64.66 - - [12/Nov/2025:06:15:07 +0800] "GET /adminfuns.php HTTP/1.1" 404 27 "-" "-"
130.33.64.66 - - [12/Nov/2025:06:15:07 +0800] "GET /akc.php HTTP/1.1" 404 27 "-" "-"
130.33.64.66 - - [12/Nov/2025:06:15:07 +0800] "GET /akcc.php HTTP/1.1" 404 27 "-" "-"
130.33.64.66 - - [12/Nov/2025:06:15:07 +0800] "GET /asasx.php HTTP/1.1" 404 27 "-" "-"
130.33.64.66 - - [12/Nov/2025:06:15:08 +0800] "GET /asd.php HTTP/1.1" 404 27 "-" "-"
130.33.64.66 - - [12/Nov/2025:06:15:08 +0800] "GET /atomlib.php HTTP/1.1" 404 27 "-" "-"
130.33.64.66 - - [12/Nov/2025:06:15:08 +0800] "GET /autoload_classmap.php HTTP/1.1" 404 27 "-" "-"
130.33.64.66 - - [12/Nov/2025:06:15:08 +0800] "GET /axx.php HTTP/1.1" 404 27 "-" "-"
130.33.64.66 - - [12/Nov/2025:06:15:09 +0800] "GET /berax.php HTTP/1.1" 404 27 "-" "-"
130.33.64.66 - - [12/Nov/2025:06:15:09 +0800] "GET /build.php HTTP/1.1" 404 27 "-" "-"
130.33.64.66 - - [12/Nov/2025:06:15:09 +0800] "GET /buy.php HTTP/1.1" 404 27 "-" "-"
130.33.64.66 - - [12/Nov/2025:06:15:09 +0800] "GET /checkbox.php HTTP/1.1" 404 27 "-" "-"
130.33.64.66 - - [12/Nov/2025:06:15:09 +0800] "GET /classwithtostring.php HTTP/1.1" 404 27 "-" "-"
130.33.64.66 - - [12/Nov/2025:06:15:10 +0800] "GET /cong.php HTTP/1.1" 404 27 "-" "-"
130.33.64.66 - - [12/Nov/2025:06:15:10 +0800] "GET /elp.php HTTP/1.1" 404 27 "-" "-"
130.33.64.66 - - [12/Nov/2025:06:15:10 +0800] "GET /file2.php HTTP/1.1" 404 27 "-" "-"
130.33.64.66 - - [12/Nov/2025:06:15:10 +0800] "GET /file4.php HTTP/1.1" 404 27 "-" "-"
130.33.64.66 - - [12/Nov/2025:06:15:10 +0800] "GET /filemanager.php HTTP/1.1" 404 27 "-" "-"
130.33.64.66 - - [12/Nov/2025:06:15:11 +0800] "GET /flower.php HTTP/1.1" 404 27 "-" "-"
130.33.64.66 - - [12/Nov/2025:06:15:11 +0800] "GET /form.php HTTP/1.1" 404 27 "-" "-"
130.33.64.66 - - [12/Nov/2025:06:15:11 +0800] "GET /gecko.php HTTP/1.1" 404 27 "-" "-"
130.33.64.66 - - [12/Nov/2025:06:15:11 +0800] "GET /goods.php HTTP/1.1" 404 27 "-" "-"
130.33.64.66 - - [12/Nov/2025:06:15:12 +0800] "GET /kyami.php HTTP/1.1" 404 27 "-" "-"
130.33.64.66 - - [12/Nov/2025:06:15:12 +0800] "GET /manager.php HTTP/1.1" 404 27 "-" "-"
130.33.64.66 - - [12/Nov/2025:06:15:12 +0800] "GET /mari.php HTTP/1.1" 404 27 "-" "-"
130.33.64.66 - - [12/Nov/2025:06:15:12 +0800] "GET /nc4.php HTTP/1.1" 404 27 "-" "-"
130.33.64.66 - - [12/Nov/2025:06:15:13 +0800] "GET /new.php HTTP/1.1" 404 27 "-" "-"
130.33.64.66 - - [12/Nov/2025:06:15:13 +0800] "GET /wp-admin.php HTTP/1.1" 404 27 "-" "-"
130.33.64.66 - - [12/Nov/2025:06:15:14 +0800] "GET /xmlrpc.php HTTP/1.1" 405 53 "-" "-"
130.33.64.66 - - [12/Nov/2025:06:15:15 +0800] "GET /cgi-bin/ HTTP/1.1" 404 31381 "-" "-"
139.224.0.39 - - [12/Nov/2025:06:25:35 +0800] "HEAD /start/index.html HTTP/1.1" 404 0 "-" "-"
36.133.115.36 - - [12/Nov/2025:06:25:35 +0800] "POST /wp-cron.php?doing_wp_cron=1762899935.2135140895843505859375 HTTP/1.1" 200 31 "-" "WordPress/6.8.3; http://cqqizhou.com"
139.224.0.39 - - [12/Nov/2025:06:25:35 +0800] "HEAD /pscc/ HTTP/1.1" 404 0 "-" "-"
36.133.115.36 - - [12/Nov/2025:06:29:23 +0800] "POST /wp-cron.php?doing_wp_cron=1762900163.6119720935821533203125 HTTP/1.1" 200 31 "-" "WordPress/6.8.3; http://cqqizhou.com"
91.239.216.8 - - [12/Nov/2025:06:29:24 +0800] "GET / HTTP/1.1" 200 151921 "-" "-"
43.159.141.150 - - [12/Nov/2025:06:29:30 +0800] "GET /wp-content/uploads/2025/08/1755826456-DSC01841.webp HTTP/1.1" 200 87046 "-" "Mozilla/5.0 (iPhone; CPU iPhone OS 13_2_3 like Mac OS X) AppleWebKit/605.1.15 (KHTML, like Gecko) Version/13.0.3 Mobile/15E148 Safari/604.1"
36.133.115.36 - - [12/Nov/2025:06:48:42 +0800] "POST /wp-cron.php?doing_wp_cron=1762901322.9298191070556640625000 HTTP/1.1" 200 31 "-" "WordPress/6.8.3; http://cqqizhou.com"
124.156.225.181 - - [12/Nov/2025:06:48:43 +0800] "GET /services/ HTTP/1.1" 200 19756 "-" "Mozilla/5.0 (iPhone; CPU iPhone OS 13_2_3 like Mac OS X) AppleWebKit/605.1.15 (KHTML, like Gecko) Version/13.0.3 Mobile/15E148 Safari/604.1"
36.133.115.36 - - [12/Nov/2025:06:54:39 +0800] "POST /wp-cron.php?doing_wp_cron=1762901679.4240810871124267578125 HTTP/1.1" 200 31 "-" "WordPress/6.8.3; http://cqqizhou.com"
119.59.124.224 - - [12/Nov/2025:06:54:39 +0800] "GET /.env HTTP/1.1" 404 8990 "-" "env-checker/1.0 (+local)"
119.59.124.224 - - [12/Nov/2025:06:54:40 +0800] "GET /api/.env HTTP/1.1" 404 8989 "-" "env-checker/1.0 (+local)"
119.59.124.224 - - [12/Nov/2025:06:54:41 +0800] "GET /env/.env HTTP/1.1" 404 8989 "-" "env-checker/1.0 (+local)"
49.51.47.100 - - [12/Nov/2025:06:59:38 +0800] "GET /wp-content/uploads/2025/07/1751829518-Precision-processing-services800x500.webp HTTP/1.1" 200 28964 "-" "Mozilla/5.0 (iPhone; CPU iPhone OS 13_2_3 like Mac OS X) AppleWebKit/605.1.15 (KHTML, like Gecko) Version/13.0.3 Mobile/15E148 Safari/604.1"
43.130.141.193 - - [12/Nov/2025:07:13:48 +0800] "GET /wp-content/uploads/2025/07/1751425283-qizhou.kf_.qq_.com_.webp HTTP/1.1" 200 16864 "-" "Mozilla/5.0 (iPhone; CPU iPhone OS 13_2_3 like Mac OS X) AppleWebKit/605.1.15 (KHTML, like Gecko) Version/13.0.3 Mobile/15E148 Safari/604.1"
36.133.115.36 - - [12/Nov/2025:07:13:53 +0800] "POST /wp-cron.php?doing_wp_cron=1762902833.9565091133117675781250 HTTP/1.1" 200 31 "-" "WordPress/6.8.3; http://cqqizhou.com"
43.159.140.236 - - [12/Nov/2025:07:13:54 +0800] "GET /process/processing HTTP/1.1" 301 5 "-" "Mozilla/5.0 (iPhone; CPU iPhone OS 13_2_3 like Mac OS X) AppleWebKit/605.1.15 (KHTML, like Gecko) Version/13.0.3 Mobile/15E148 Safari/604.1"
43.159.140.236 - - [12/Nov/2025:07:13:56 +0800] "GET /services/processing/ HTTP/1.1" 200 18879 "http://cqqizhou.com/process/processing" "Mozilla/5.0 (iPhone; CPU iPhone OS 13_2_3 like Mac OS X) AppleWebKit/605.1.15 (KHTML, like Gecko) Version/13.0.3 Mobile/15E148 Safari/604.1"
78.135.107.199 - - [12/Nov/2025:07:17:16 +0800] "GET /admin/config.php HTTP/1.0" 404 16 "-" "xfa1"
36.133.115.36 - - [12/Nov/2025:07:45:43 +0800] "POST /wp-cron.php?doing_wp_cron=1762904743.8102879524230957031250 HTTP/1.1" 200 31 "-" "WordPress/6.8.3; http://cqqizhou.com"
66.132.153.128 - - [12/Nov/2025:07:45:43 +0800] "GET / HTTP/1.1" 301 5 "-" "Mozilla/5.0 (compatible; CensysInspect/1.1; +https://about.censys.io/)"
36.133.115.36 - - [12/Nov/2025:07:45:54 +0800] "POST /wp-cron.php?doing_wp_cron=1762904754.7359659671783447265625 HTTP/1.1" 200 31 "-" "WordPress/6.8.3; http://cqqizhou.com"
66.132.153.128 - - [12/Nov/2025:07:45:54 +0800] "GET /login HTTP/1.1" 302 5 "-" "Mozilla/5.0 (compatible; CensysInspect/1.1; +https://about.censys.io/)"
185.196.8.125 - - [12/Nov/2025:07:45:56 +0800] "GET / HTTP/1.1" 200 151921 "-" "Hello World"
14.108.234.90 - - [12/Nov/2025:08:06:07 +0800] "GET /media/ HTTP/1.1" 200 28943 "-" "Mozilla/5.0 (Windows NT 10.0; Win64; x64) AppleWebKit/537.36 (KHTML, like Gecko) Chrome/142.0.0.0 Safari/537.36 Edg/142.0.0.0"
14.108.234.90 - - [12/Nov/2025:08:06:07 +0800] "GET /wp-content/uploads/2025/11/1762861549-%E5%85%A8%E6%99%AF%E5%90%AF%E8%88%9F%E5%9D%A4%E7%85%8C%E5%BA%93.webp HTTP/1.1" 304 0 "http://cqqizhou.com/media/" "Mozilla/5.0 (Windows NT 10.0; Win64; x64) AppleWebKit/537.36 (KHTML, like Gecko) Chrome/142.0.0.0 Safari/537.36 Edg/142.0.0.0"
14.108.234.90 - - [12/Nov/2025:08:06:07 +0800] "GET /wp-content/uploads/2025/11/1762861550-%E4%B8%87%E5%98%89%E7%9B%9B%E5%BA%93%E5%85%A8%E6%99%AF%E5%9B%BE.webp HTTP/1.1" 304 0 "http://cqqizhou.com/media/" "Mozilla/5.0 (Windows NT 10.0; Win64; x64) AppleWebKit/537.36 (KHTML, like Gecko) Chrome/142.0.0.0 Safari/537.36 Edg/142.0.0.0"
14.108.234.90 - - [12/Nov/2025:08:06:08 +0800] "GET /wp-content/uploads/media/qizhou_Brochure.webp HTTP/1.1" 304 0 "http://cqqizhou.com/media/" "Mozilla/5.0 (Windows NT 10.0; Win64; x64) AppleWebKit/537.36 (KHTML, like Gecko) Chrome/142.0.0.0 Safari/537.36 Edg/142.0.0.0"
14.108.234.90 - - [12/Nov/2025:08:06:08 +0800] "GET /wp-content/uploads/2025/11/1762864378-QZ_Photo-5.webp HTTP/1.1" 304 0 "http://cqqizhou.com/media/" "Mozilla/5.0 (Windows NT 10.0; Win64; x64) AppleWebKit/537.36 (KHTML, like Gecko) Chrome/142.0.0.0 Safari/537.36 Edg/142.0.0.0"
14.108.234.90 - - [12/Nov/2025:08:06:08 +0800] "GET /wp-content/uploads/2025/11/1762864369-QZ_Photo-11.webp HTTP/1.1" 304 0 "http://cqqizhou.com/media/" "Mozilla/5.0 (Windows NT 10.0; Win64; x64) AppleWebKit/537.36 (KHTML, like Gecko) Chrome/142.0.0.0 Safari/537.36 Edg/142.0.0.0"
14.108.234.90 - - [12/Nov/2025:08:06:08 +0800] "GET /wp-content/uploads/2025/11/1762864379-QZ_Photo-6.webp HTTP/1.1" 304 0 "http://cqqizhou.com/media/" "Mozilla/5.0 (Windows NT 10.0; Win64; x64) AppleWebKit/537.36 (KHTML, like Gecko) Chrome/142.0.0.0 Safari/537.36 Edg/142.0.0.0"
14.108.234.90 - - [12/Nov/2025:08:06:08 +0800] "GET /wp-content/uploads/2025/11/1762864384-QZ_Photo-9.webp HTTP/1.1" 304 0 "http://cqqizhou.com/media/" "Mozilla/5.0 (Windows NT 10.0; Win64; x64) AppleWebKit/537.36 (KHTML, like Gecko) Chrome/142.0.0.0 Safari/537.36 Edg/142.0.0.0"
14.108.234.90 - - [12/Nov/2025:08:06:08 +0800] "GET /wp-content/uploads/2025/11/1762864385-QZ_Photo-10.webp HTTP/1.1" 304 0 "http://cqqizhou.com/media/" "Mozilla/5.0 (Windows NT 10.0; Win64; x64) AppleWebKit/537.36 (KHTML, like Gecko) Chrome/142.0.0.0 Safari/537.36 Edg/142.0.0.0"
14.108.234.90 - - [12/Nov/2025:08:06:08 +0800] "GET /wp-content/uploads/2025/11/1762864370-QZ_Photo-1.webp HTTP/1.1" 304 0 "http://cqqizhou.com/media/" "Mozilla/5.0 (Windows NT 10.0; Win64; x64) AppleWebKit/537.36 (KHTML, like Gecko) Chrome/142.0.0.0 Safari/537.36 Edg/142.0.0.0"
14.108.234.90 - - [12/Nov/2025:08:06:08 +0800] "GET /wp-content/uploads/2025/11/1762864372-QZ_Photo-2.webp HTTP/1.1" 304 0 "http://cqqizhou.com/media/" "Mozilla/5.0 (Windows NT 10.0; Win64; x64) AppleWebKit/537.36 (KHTML, like Gecko) Chrome/142.0.0.0 Safari/537.36 Edg/142.0.0.0"
14.108.234.90 - - [12/Nov/2025:08:06:08 +0800] "GET /wp-content/uploads/2025/11/1762864381-QZ_Photo-7.webp HTTP/1.1" 304 0 "http://cqqizhou.com/media/" "Mozilla/5.0 (Windows NT 10.0; Win64; x64) AppleWebKit/537.36 (KHTML, like Gecko) Chrome/142.0.0.0 Safari/537.36 Edg/142.0.0.0"
14.108.234.90 - - [12/Nov/2025:08:06:08 +0800] "GET /wp-content/uploads/2025/11/1762864375-QZ_Photo-3.webp HTTP/1.1" 304 0 "http://cqqizhou.com/media/" "Mozilla/5.0 (Windows NT 10.0; Win64; x64) AppleWebKit/537.36 (KHTML, like Gecko) Chrome/142.0.0.0 Safari/537.36 Edg/142.0.0.0"
14.108.234.90 - - [12/Nov/2025:08:06:08 +0800] "GET /wp-content/uploads/2025/11/1762864376-QZ_Photo-4.webp HTTP/1.1" 304 0 "http://cqqizhou.com/media/" "Mozilla/5.0 (Windows NT 10.0; Win64; x64) AppleWebKit/537.36 (KHTML, like Gecko) Chrome/142.0.0.0 Safari/537.36 Edg/142.0.0.0"
14.108.234.90 - - [12/Nov/2025:08:06:29 +0800] "GET /logistics/ HTTP/1.1" 200 22406 "http://cqqizhou.com/media/" "Mozilla/5.0 (Windows NT 10.0; Win64; x64) AppleWebKit/537.36 (KHTML, like Gecko) Chrome/142.0.0.0 Safari/537.36 Edg/142.0.0.0"
14.108.234.90 - - [12/Nov/2025:08:06:29 +0800] "GET /wp-content/uploads/2025/07/1751864682-Logistics800x500_2.webp HTTP/1.1" 200 27420 "http://cqqizhou.com/logistics/" "Mozilla/5.0 (Windows NT 10.0; Win64; x64) AppleWebKit/537.36 (KHTML, like Gecko) Chrome/142.0.0.0 Safari/537.36 Edg/142.0.0.0"
14.108.234.90 - - [12/Nov/2025:08:06:29 +0800] "GET /wp-content/uploads/2025/07/1753407887-Logistics_Banner2000%C3%97400px-%E6%8B%B7%E8%B4%9D.webp HTTP/1.1" 200 18866 "http://cqqizhou.com/logistics/" "Mozilla/5.0 (Windows NT 10.0; Win64; x64) AppleWebKit/537.36 (KHTML, like Gecko) Chrome/142.0.0.0 Safari/537.36 Edg/142.0.0.0"
36.133.115.36 - - [12/Nov/2025:08:08:01 +0800] "POST /wp-cron.php?doing_wp_cron=1762906081.3737020492553710937500 HTTP/1.1" 200 31 "-" "WordPress/6.8.3; http://cqqizhou.com"
45.135.193.162 - - [12/Nov/2025:08:08:01 +0800] "GET http://ip-api.com/json/ HTTP/1.1" 404 8990 "-" "Go-http-client/1.1"
36.133.115.36 - - [12/Nov/2025:08:09:01 +0800] "POST /wp-cron.php?doing_wp_cron=1762906140.9644749164581298828125 HTTP/1.1" 200 31 "-" "WordPress/6.8.3; http://cqqizhou.com"
14.108.234.90 - - [12/Nov/2025:08:09:01 +0800] "GET /about/ HTTP/1.1" 200 30071 "http://cqqizhou.com/media/" "Mozilla/5.0 (Windows NT 10.0; Win64; x64) AppleWebKit/537.36 (KHTML, like Gecko) Chrome/142.0.0.0 Safari/537.36 Edg/142.0.0.0"
14.108.234.90 - - [12/Nov/2025:08:09:01 +0800] "GET /wp-content/uploads/2025/07/1750945417-honor300%C3%97206_1.webp HTTP/1.1" 200 57666 "http://cqqizhou.com/about/" "Mozilla/5.0 (Windows NT 10.0; Win64; x64) AppleWebKit/537.36 (KHTML, like Gecko) Chrome/142.0.0.0 Safari/537.36 Edg/142.0.0.0"
14.108.234.90 - - [12/Nov/2025:08:09:01 +0800] "GET /wp-content/uploads/2025/07/1750945444-honor300%C3%97206_2.webp HTTP/1.1" 200 71296 "http://cqqizhou.com/about/" "Mozilla/5.0 (Windows NT 10.0; Win64; x64) AppleWebKit/537.36 (KHTML, like Gecko) Chrome/142.0.0.0 Safari/537.36 Edg/142.0.0.0"
14.108.234.90 - - [12/Nov/2025:08:09:01 +0800] "GET /wp-content/uploads/2025/07/1750671800-partner1_200x50.webp HTTP/1.1" 200 2244 "http://cqqizhou.com/about/" "Mozilla/5.0 (Windows NT 10.0; Win64; x64) AppleWebKit/537.36 (KHTML, like Gecko) Chrome/142.0.0.0 Safari/537.36 Edg/142.0.0.0"
14.108.234.90 - - [12/Nov/2025:08:09:01 +0800] "GET /wp-content/uploads/2025/07/1750671801-partner2_200x50.webp HTTP/1.1" 200 3946 "http://cqqizhou.com/about/" "Mozilla/5.0 (Windows NT 10.0; Win64; x64) AppleWebKit/537.36 (KHTML, like Gecko) Chrome/142.0.0.0 Safari/537.36 Edg/142.0.0.0"
14.108.234.90 - - [12/Nov/2025:08:09:01 +0800] "GET /wp-content/uploads/2025/07/1750671805-partner4_200x50.webp HTTP/1.1" 200 2390 "http://cqqizhou.com/about/" "Mozilla/5.0 (Windows NT 10.0; Win64; x64) AppleWebKit/537.36 (KHTML, like Gecko) Chrome/142.0.0.0 Safari/537.36 Edg/142.0.0.0"
14.108.234.90 - - [12/Nov/2025:08:09:01 +0800] "GET /wp-content/uploads/2025/07/1750671803-partner3_200x50.webp HTTP/1.1" 200 4414 "http://cqqizhou.com/about/" "Mozilla/5.0 (Windows NT 10.0; Win64; x64) AppleWebKit/537.36 (KHTML, like Gecko) Chrome/142.0.0.0 Safari/537.36 Edg/142.0.0.0"
14.108.234.90 - - [12/Nov/2025:08:09:01 +0800] "GET /wp-content/uploads/2025/07/1750671808-partner6_200x50.webp HTTP/1.1" 200 3004 "http://cqqizhou.com/about/" "Mozilla/5.0 (Windows NT 10.0; Win64; x64) AppleWebKit/537.36 (KHTML, like Gecko) Chrome/142.0.0.0 Safari/537.36 Edg/142.0.0.0"
14.108.234.90 - - [12/Nov/2025:08:09:01 +0800] "GET /wp-content/uploads/2025/07/1750671806-partner5_200x50.webp HTTP/1.1" 200 2840 "http://cqqizhou.com/about/" "Mozilla/5.0 (Windows NT 10.0; Win64; x64) AppleWebKit/537.36 (KHTML, like Gecko) Chrome/142.0.0.0 Safari/537.36 Edg/142.0.0.0"
14.108.234.90 - - [12/Nov/2025:08:09:01 +0800] "GET /wp-content/uploads/elementor/thumbs/1751373145-About_Qizhoudalou_W800px-r91b70ok8huvvdr4ynxnf302e8ie3iydlh6ag9ew82.webp HTTP/1.1" 200 37938 "http://cqqizhou.com/about/" "Mozilla/5.0 (Windows NT 10.0; Win64; x64) AppleWebKit/537.36 (KHTML, like Gecko) Chrome/142.0.0.0 Safari/537.36 Edg/142.0.0.0"
14.108.234.90 - - [12/Nov/2025:08:09:01 +0800] "GET /wp-content/uploads/elementor/thumbs/1751209300-Hello-Qizhou3-r91b71mdtei8mab1rr8x739cnvi1mafuaga3vbed3o.webp HTTP/1.1" 200 39120 "http://cqqizhou.com/about/" "Mozilla/5.0 (Windows NT 10.0; Win64; x64) AppleWebKit/537.36 (KHTML, like Gecko) Chrome/142.0.0.0 Safari/537.36 Edg/142.0.0.0"
14.108.234.90 - - [12/Nov/2025:08:09:01 +0800] "GET /wp-content/uploads/2025/07/1750649179-qizhou1920x1080_1.webp HTTP/1.1" 200 172154 "http://cqqizhou.com/about/" "Mozilla/5.0 (Windows NT 10.0; Win64; x64) AppleWebKit/537.36 (KHTML, like Gecko) Chrome/142.0.0.0 Safari/537.36 Edg/142.0.0.0"
14.108.234.90 - - [12/Nov/2025:08:09:01 +0800] "GET /wp-content/uploads/2025/07/1750649186-qizhou1920x1080_3.webp HTTP/1.1" 200 134070 "http://cqqizhou.com/about/" "Mozilla/5.0 (Windows NT 10.0; Win64; x64) AppleWebKit/537.36 (KHTML, like Gecko) Chrome/142.0.0.0 Safari/537.36 Edg/142.0.0.0"
14.108.234.90 - - [12/Nov/2025:08:09:01 +0800] "GET /wp-content/uploads/2025/07/1750649200-qizhou1920x1080_7.webp HTTP/1.1" 200 238866 "http://cqqizhou.com/about/" "Mozilla/5.0 (Windows NT 10.0; Win64; x64) AppleWebKit/537.36 (KHTML, like Gecko) Chrome/142.0.0.0 Safari/537.36 Edg/142.0.0.0"
14.108.234.90 - - [12/Nov/2025:08:09:01 +0800] "GET /wp-content/uploads/2025/07/1750649183-qizhou1920x1080_2.webp HTTP/1.1" 200 267936 "http://cqqizhou.com/about/" "Mozilla/5.0 (Windows NT 10.0; Win64; x64) AppleWebKit/537.36 (KHTML, like Gecko) Chrome/142.0.0.0 Safari/537.36 Edg/142.0.0.0"
14.108.234.90 - - [12/Nov/2025:08:09:01 +0800] "GET /wp-content/uploads/2025/07/1750649197-qizhou1920x1080_6.webp HTTP/1.1" 200 150354 "http://cqqizhou.com/about/" "Mozilla/5.0 (Windows NT 10.0; Win64; x64) AppleWebKit/537.36 (KHTML, like Gecko) Chrome/142.0.0.0 Safari/537.36 Edg/142.0.0.0"
14.108.234.90 - - [12/Nov/2025:08:09:01 +0800] "GET /wp-content/uploads/2025/07/1750649207-qizhou1920x1080_9.webp HTTP/1.1" 200 146108 "http://cqqizhou.com/about/" "Mozilla/5.0 (Windows NT 10.0; Win64; x64) AppleWebKit/537.36 (KHTML, like Gecko) Chrome/142.0.0.0 Safari/537.36 Edg/142.0.0.0"
14.108.234.90 - - [12/Nov/2025:08:09:01 +0800] "GET /wp-content/uploads/2025/07/1750649189-qizhou1920x1080_4.webp HTTP/1.1" 200 174962 "http://cqqizhou.com/about/" "Mozilla/5.0 (Windows NT 10.0; Win64; x64) AppleWebKit/537.36 (KHTML, like Gecko) Chrome/142.0.0.0 Safari/537.36 Edg/142.0.0.0"
