HEX
Server: nginx/1.16.1
System: Linux ecs-04358622 4.19.90-2107.6.0.0100.oe1.bclinux.x86_64 #1 SMP Wed Dec 1 19:59:44 CST 2021 x86_64
User: nginx (994)
PHP: 8.0.0
Disabled: NONE
Upload Files
File: /home/logs/cqqizhou_access_2025-10-25.log
34.1.27.6 - - [25/Oct/2025:00:00:01 +0800] "GET /wp-login.php HTTP/1.1" 200 2781 "http://cqqizhou.com/login/" "Mozilla/5.0 (Macintosh; Intel Mac OS X 10_15_7) AppleWebKit/537.36 (KHTML, like Gecko) Chrome/135.0.0.0 Safari/537.36"
34.1.27.6 - - [25/Oct/2025:00:00:02 +0800] "GET / HTTP/1.1" 301 5 "-" "Mozilla/5.0 (Macintosh; Intel Mac OS X 10_15_7) AppleWebKit/537.36 (KHTML, like Gecko) Chrome/135.0.0.0 Safari/537.36"
34.1.27.6 - - [25/Oct/2025:00:00:02 +0800] "GET / HTTP/1.1" 200 33931 "http://www.cqqizhou.com/" "Mozilla/5.0 (Macintosh; Intel Mac OS X 10_15_7) AppleWebKit/537.36 (KHTML, like Gecko) Chrome/135.0.0.0 Safari/537.36"
34.1.27.6 - - [25/Oct/2025:00:00:04 +0800] "GET /app/ HTTP/1.1" 404 8989 "-" "Mozilla/5.0 (Macintosh; Intel Mac OS X 10_15_7) AppleWebKit/537.36 (KHTML, like Gecko) Chrome/135.0.0.0 Safari/537.36"
34.1.27.6 - - [25/Oct/2025:00:00:04 +0800] "GET /login/ HTTP/1.1" 302 5 "-" "Mozilla/5.0 (Macintosh; Intel Mac OS X 10_15_7) AppleWebKit/537.36 (KHTML, like Gecko) Chrome/135.0.0.0 Safari/537.36"
34.1.27.6 - - [25/Oct/2025:00:00:05 +0800] "GET /wp-login.php HTTP/1.1" 200 2781 "http://cqqizhou.com/login/" "Mozilla/5.0 (Macintosh; Intel Mac OS X 10_15_7) AppleWebKit/537.36 (KHTML, like Gecko) Chrome/135.0.0.0 Safari/537.36"
180.153.236.180 - - [25/Oct/2025:00:27:20 +0800] "GET / HTTP/1.1" 200 33931 "http://cqqizhou.com" "Mozilla/5.0 (Windows NT 10.0; Win64; x64) AppleWebKit/537.36 (KHTML, like Gecko) Chrome/140.0.0.0 Safari/537.36 Edg/140.0.0.0; 360Spider"
36.133.115.36 - - [25/Oct/2025:00:28:18 +0800] "POST /wp-cron.php?doing_wp_cron=1761323298.0430099964141845703125 HTTP/1.1" 200 31 "-" "WordPress/6.8.2; http://cqqizhou.com"
87.120.191.84 - - [25/Oct/2025:00:28:18 +0800] "GET / HTTP/1.1" 301 5 "-" "Mozilla/5.0 (Windows NT 10.0; Win64; x64) AppleWebKit/537.36 (KHTML, like Gecko) Chrome/90.0.4430.85 Safari/537.36 Edg/90.0.818.46"
220.181.108.155 - - [25/Oct/2025:00:53:14 +0800] "GET / HTTP/1.1" 200 33931 "-" "Mozilla/5.0 (compatible; Baiduspider/2.0; +http://www.baidu.com/search/spider.html)"
36.133.115.36 - - [25/Oct/2025:00:53:14 +0800] "POST /wp-cron.php?doing_wp_cron=1761324794.8923370838165283203125 HTTP/1.1" 200 31 "-" "WordPress/6.8.2; http://cqqizhou.com"
116.179.32.50 - - [25/Oct/2025:00:53:15 +0800] "GET / HTTP/1.1" 200 33466 "-" "Mozilla/5.0 (Linux;u;Android 4.2.2;zh-cn;) AppleWebKit/534.46 (KHTML,like Gecko) Version/5.1 Mobile Safari/10600.6.3 (compatible; Baiduspider/2.0; +http://www.baidu.com/search/spider.html)"
36.133.115.36 - - [25/Oct/2025:01:02:28 +0800] "POST /wp-cron.php?doing_wp_cron=1761325348.2436931133270263671875 HTTP/1.1" 200 31 "-" "WordPress/6.8.2; http://cqqizhou.com"
87.120.191.84 - - [25/Oct/2025:01:02:28 +0800] "GET / HTTP/1.1" 301 5 "-" "Mozilla/5.0 (Windows NT 10.0; Win64; x64) AppleWebKit/537.36 (KHTML, like Gecko) Chrome/90.0.4430.85 Safari/537.36 Edg/90.0.818.46"
36.133.115.36 - - [25/Oct/2025:01:06:56 +0800] "POST /wp-cron.php?doing_wp_cron=1761325616.8459160327911376953125 HTTP/1.1" 200 31 "-" "WordPress/6.8.2; http://cqqizhou.com"
107.190.140.138 - - [25/Oct/2025:01:06:57 +0800] "POST /xmlrpc.php HTTP/1.1" 200 217 "-" "Mozilla/5.0 (X11; Ubuntu; Linux x86_64; rv:85.0) Gecko/20100101 Firefox/91.0"
36.133.115.36 - - [25/Oct/2025:01:27:44 +0800] "POST /wp-cron.php?doing_wp_cron=1761326864.3838450908660888671875 HTTP/1.1" 200 31 "-" "WordPress/6.8.2; http://cqqizhou.com"
163.47.34.82 - - [25/Oct/2025:01:27:44 +0800] "GET /robots.txt HTTP/1.0" 200 378 "-" "xfa1"
36.133.115.36 - - [25/Oct/2025:01:34:59 +0800] "POST /wp-cron.php?doing_wp_cron=1761327299.5323250293731689453125 HTTP/1.1" 200 31 "-" "WordPress/6.8.2; http://cqqizhou.com"
213.209.143.66 - - [25/Oct/2025:01:34:59 +0800] "GET / HTTP/1.1" 200 33466 "-" "Mozilla/5.0 (Windows NT 10.0; Win64; x64) AppleWebKit/537.36 (KHTML, like Gecko) Chrome/90.0.4430.85 Safari/537.36 Edg/90.0.818.46"
36.133.115.36 - - [25/Oct/2025:01:37:14 +0800] "POST /wp-cron.php?doing_wp_cron=1761327434.0005760192871093750000 HTTP/1.1" 200 31 "-" "WordPress/6.8.2; http://cqqizhou.com"
87.120.191.84 - - [25/Oct/2025:01:37:14 +0800] "GET / HTTP/1.1" 301 5 "-" "Mozilla/5.0 (Windows NT 10.0; Win64; x64) AppleWebKit/537.36 (KHTML, like Gecko) Chrome/90.0.4430.85 Safari/537.36 Edg/90.0.818.46"
36.133.115.36 - - [25/Oct/2025:01:49:41 +0800] "POST /wp-cron.php?doing_wp_cron=1761328181.0241351127624511718750 HTTP/1.1" 200 31 "-" "WordPress/6.8.2; http://cqqizhou.com"
20.171.8.1 - - [25/Oct/2025:01:49:41 +0800] "GET /portal/redlion HTTP/1.1" 404 8989 "-" "Mozilla/5.0 zgrab/0.x"
36.133.115.36 - - [25/Oct/2025:02:03:37 +0800] "POST /wp-cron.php?doing_wp_cron=1761329017.1607251167297363281250 HTTP/1.1" 200 31 "-" "WordPress/6.8.2; http://cqqizhou.com"
49.51.180.2 - - [25/Oct/2025:02:03:37 +0800] "GET / HTTP/1.1" 200 33466 "-" "Mozilla/5.0 (iPhone; CPU iPhone OS 13_2_3 like Mac OS X) AppleWebKit/605.1.15 (KHTML, like Gecko) Version/13.0.3 Mobile/15E148 Safari/604.1"
36.133.115.36 - - [25/Oct/2025:02:04:59 +0800] "POST /wp-cron.php?doing_wp_cron=1761329099.0684170722961425781250 HTTP/1.1" 200 31 "-" "WordPress/6.8.2; http://cqqizhou.com"
87.120.191.84 - - [25/Oct/2025:02:04:59 +0800] "GET / HTTP/1.1" 301 5 "-" "Mozilla/5.0 (Windows NT 10.0; Win64; x64) AppleWebKit/537.36 (KHTML, like Gecko) Chrome/90.0.4430.85 Safari/537.36 Edg/90.0.818.46"
36.133.115.36 - - [25/Oct/2025:02:14:53 +0800] "POST /wp-cron.php?doing_wp_cron=1761329693.6981480121612548828125 HTTP/1.1" 200 31 "-" "WordPress/6.8.2; http://cqqizhou.com"
110.4.45.30 - - [25/Oct/2025:02:14:53 +0800] "POST /xmlrpc.php HTTP/1.1" 200 217 "http://cqqizhou.com" "Mozilla/5.0 (Macintosh; Intel Mac OS X 13.3; rv:126.0) Gecko/20100101 Firefox/126.0"
36.133.115.36 - - [25/Oct/2025:02:18:21 +0800] "POST /wp-cron.php?doing_wp_cron=1761329901.6199090480804443359375 HTTP/1.1" 200 31 "-" "WordPress/6.8.2; http://cqqizhou.com"
101.78.165.58 - - [25/Oct/2025:02:18:21 +0800] "POST /xmlrpc.php HTTP/1.1" 200 217 "http://cqqizhou.com" "Mozilla/5.0 (Windows NT 10.0; Win64; x64) AppleWebKit/537.36 (KHTML, like Gecko) Chrome/115.0.5790.102 Safari/537.36"
36.133.115.36 - - [25/Oct/2025:02:21:56 +0800] "POST /wp-cron.php?doing_wp_cron=1761330116.0890910625457763671875 HTTP/1.1" 200 31 "-" "WordPress/6.8.2; http://cqqizhou.com"
101.78.165.58 - - [25/Oct/2025:02:21:56 +0800] "POST /xmlrpc.php HTTP/1.1" 200 217 "http://cqqizhou.com" "Mozilla/5.0 (Macintosh; Intel Mac OS X 10_15_7) AppleWebKit/537.36 (KHTML, like Gecko) Chrome/112.0.5615.138 Safari/537.36"
95.154.198.138 - - [25/Oct/2025:02:22:31 +0800] "POST /xmlrpc.php HTTP/1.1" 200 217 "-" "Mozilla/5.0 (X11; Ubuntu; Linux x86_64; rv:85.0) Gecko/20100101 Firefox/91.0"
36.133.115.36 - - [25/Oct/2025:02:23:27 +0800] "POST /wp-cron.php?doing_wp_cron=1761330207.1302950382232666015625 HTTP/1.1" 200 31 "-" "WordPress/6.8.2; http://cqqizhou.com"
43.166.129.247 - - [25/Oct/2025:02:23:27 +0800] "GET /portfolio/duplex-stainless-steel/ HTTP/1.1" 200 18677 "-" "Mozilla/5.0 (iPhone; CPU iPhone OS 13_2_3 like Mac OS X) AppleWebKit/605.1.15 (KHTML, like Gecko) Version/13.0.3 Mobile/15E148 Safari/604.1"
36.133.115.36 - - [25/Oct/2025:02:31:15 +0800] "POST /wp-cron.php?doing_wp_cron=1761330675.4134728908538818359375 HTTP/1.1" 200 31 "-" "WordPress/6.8.2; http://cqqizhou.com"
43.156.232.190 - - [25/Oct/2025:02:31:15 +0800] "GET /logistics HTTP/1.1" 301 5 "-" "Mozilla/5.0 (iPhone; CPU iPhone OS 13_2_3 like Mac OS X) AppleWebKit/605.1.15 (KHTML, like Gecko) Version/13.0.3 Mobile/15E148 Safari/604.1"
43.156.232.190 - - [25/Oct/2025:02:31:20 +0800] "GET /logistics/ HTTP/1.1" 200 18248 "http://cqqizhou.com/logistics" "Mozilla/5.0 (iPhone; CPU iPhone OS 13_2_3 like Mac OS X) AppleWebKit/605.1.15 (KHTML, like Gecko) Version/13.0.3 Mobile/15E148 Safari/604.1"
13.67.148.78 - - [25/Oct/2025:02:32:29 +0800] "GET /wp-admin/asasx.php HTTP/1.1" 404 27 "-" "-"
13.67.148.78 - - [25/Oct/2025:02:32:30 +0800] "GET /wp-content/makeasmtp.php HTTP/1.1" 404 27 "-" "-"
13.67.148.78 - - [25/Oct/2025:02:32:30 +0800] "GET /wp-content/classwithtostring.php HTTP/1.1" 404 27 "-" "-"
13.67.148.78 - - [25/Oct/2025:02:32:30 +0800] "GET /wp-admin/alfa.php HTTP/1.1" 404 27 "-" "-"
13.67.148.78 - - [25/Oct/2025:02:32:30 +0800] "GET /wp-content/function.php HTTP/1.1" 404 27 "-" "-"
13.67.148.78 - - [25/Oct/2025:02:32:31 +0800] "GET /wp-content/bala.php HTTP/1.1" 404 27 "-" "-"
13.67.148.78 - - [25/Oct/2025:02:32:31 +0800] "GET /wp-admin/atomlib.php HTTP/1.1" 404 27 "-" "-"
13.67.148.78 - - [25/Oct/2025:02:32:31 +0800] "GET /wp-content/autoload_classmap/function.php HTTP/1.1" 404 27 "-" "-"
13.67.148.78 - - [25/Oct/2025:02:32:31 +0800] "GET /wp-content/flower.php HTTP/1.1" 404 27 "-" "-"
13.67.148.78 - - [25/Oct/2025:02:32:32 +0800] "GET /wp-content/goat.php HTTP/1.1" 404 27 "-" "-"
13.67.148.78 - - [25/Oct/2025:02:32:32 +0800] "GET /wp-admin/ab.php HTTP/1.1" 404 27 "-" "-"
36.133.115.36 - - [25/Oct/2025:02:32:32 +0800] "POST /wp-cron.php?doing_wp_cron=1761330752.8205680847167968750000 HTTP/1.1" 200 31 "-" "WordPress/6.8.2; http://cqqizhou.com"
13.67.148.78 - - [25/Oct/2025:02:32:32 +0800] "GET /wp-admin/install.php HTTP/1.1" 200 1269 "-" "-"
13.67.148.78 - - [25/Oct/2025:02:32:33 +0800] "GET /wp-admin/akc.php HTTP/1.1" 404 27 "-" "-"
13.67.148.78 - - [25/Oct/2025:02:32:33 +0800] "GET /wp-content/aa.php HTTP/1.1" 404 27 "-" "-"
13.67.148.78 - - [25/Oct/2025:02:32:33 +0800] "GET /wp-content/lock360.php HTTP/1.1" 404 27 "-" "-"
13.67.148.78 - - [25/Oct/2025:02:32:33 +0800] "GET /wp-admin/file2.php HTTP/1.1" 404 27 "-" "-"
13.67.148.78 - - [25/Oct/2025:02:32:34 +0800] "GET /wp-admin/wsa.php HTTP/1.1" 404 27 "-" "-"
13.67.148.78 - - [25/Oct/2025:02:32:34 +0800] "GET /wp-admin/mm.php HTTP/1.1" 404 27 "-" "-"
13.67.148.78 - - [25/Oct/2025:02:32:34 +0800] "GET /wp-admin/wp.php HTTP/1.1" 404 27 "-" "-"
13.67.148.78 - - [25/Oct/2025:02:32:34 +0800] "GET /wp-admin/abcd.php HTTP/1.1" 404 27 "-" "-"
13.67.148.78 - - [25/Oct/2025:02:32:35 +0800] "GET /wp-admin/lock360.php HTTP/1.1" 404 27 "-" "-"
13.67.148.78 - - [25/Oct/2025:02:32:35 +0800] "GET /wp-content/ioxi-o.php HTTP/1.1" 404 27 "-" "-"
13.67.148.78 - - [25/Oct/2025:02:32:35 +0800] "GET /wp-content/abcd.php HTTP/1.1" 404 27 "-" "-"
13.67.148.78 - - [25/Oct/2025:02:32:35 +0800] "GET /wp-content/ova.php HTTP/1.1" 404 27 "-" "-"
13.67.148.78 - - [25/Oct/2025:02:32:35 +0800] "GET /wp-admin/classwithtostring.php HTTP/1.1" 404 27 "-" "-"
13.67.148.78 - - [25/Oct/2025:02:32:36 +0800] "GET /wp-admin/function.php HTTP/1.1" 404 27 "-" "-"
13.67.148.78 - - [25/Oct/2025:02:32:36 +0800] "GET /wp-admin/moon.php HTTP/1.1" 404 27 "-" "-"
13.67.148.78 - - [25/Oct/2025:02:32:36 +0800] "GET /wp-content/wp.php HTTP/1.1" 404 27 "-" "-"
13.67.148.78 - - [25/Oct/2025:02:32:36 +0800] "GET /wp-content/w.php HTTP/1.1" 404 27 "-" "-"
13.67.148.78 - - [25/Oct/2025:02:32:37 +0800] "GET /wp-content/moon.php HTTP/1.1" 404 27 "-" "-"
13.67.148.78 - - [25/Oct/2025:02:32:37 +0800] "GET /wp-content/gecko.php HTTP/1.1" 404 27 "-" "-"
13.67.148.78 - - [25/Oct/2025:02:32:37 +0800] "GET /wp-admin/flower.php HTTP/1.1" 404 27 "-" "-"
13.67.148.78 - - [25/Oct/2025:02:32:37 +0800] "GET /wp-admin/buy.php HTTP/1.1" 404 27 "-" "-"
13.67.148.78 - - [25/Oct/2025:02:32:38 +0800] "GET /wp-content/ab.php HTTP/1.1" 404 27 "-" "-"
13.67.148.78 - - [25/Oct/2025:02:32:38 +0800] "GET /wp-content/tinyfilemanager.php HTTP/1.1" 404 27 "-" "-"
13.67.148.78 - - [25/Oct/2025:02:32:38 +0800] "GET /wp-content/edit.php HTTP/1.1" 404 27 "-" "-"
13.67.148.78 - - [25/Oct/2025:02:32:38 +0800] "GET /wp-content/admin.php HTTP/1.1" 404 27 "-" "-"
13.67.148.78 - - [25/Oct/2025:02:32:39 +0800] "GET /wp-admin/cong.php HTTP/1.1" 404 27 "-" "-"
13.67.148.78 - - [25/Oct/2025:02:32:39 +0800] "GET /wp-admin/autoload_classmap.php HTTP/1.1" 404 27 "-" "-"
13.67.148.78 - - [25/Oct/2025:02:32:39 +0800] "GET /wp-admin/file.php HTTP/1.1" 404 27 "-" "-"
13.67.148.78 - - [25/Oct/2025:02:32:39 +0800] "GET /wp-content/cong.php HTTP/1.1" 404 27 "-" "-"
36.133.115.36 - - [25/Oct/2025:02:32:40 +0800] "POST /wp-cron.php?doing_wp_cron=1761330760.6125400066375732421875 HTTP/1.1" 200 31 "-" "WordPress/6.8.2; http://cqqizhou.com"
13.67.148.78 - - [25/Oct/2025:02:32:40 +0800] "GET /wp-admin/edit.php HTTP/1.1" 302 5 "-" "-"
13.67.148.78 - - [25/Oct/2025:02:32:41 +0800] "GET /wp-login.php?redirect_to=http%3A%2F%2Fcqqizhou.com%2Fwp-admin%2Fedit.php&reauth=1 HTTP/1.1" 200 8680 "-" "-"
13.67.148.78 - - [25/Oct/2025:02:32:41 +0800] "GET /wp-content/atomlib.php HTTP/1.1" 404 27 "-" "-"
13.67.148.78 - - [25/Oct/2025:02:32:42 +0800] "GET /wp-admin/users.php HTTP/1.1" 302 5 "-" "-"
13.67.148.78 - - [25/Oct/2025:02:32:43 +0800] "GET /wp-login.php?redirect_to=http%3A%2F%2Fcqqizhou.com%2Fwp-admin%2Fusers.php&reauth=1 HTTP/1.1" 200 8681 "-" "-"
13.67.148.78 - - [25/Oct/2025:02:32:43 +0800] "GET /wp-content/autoload_classmap.php HTTP/1.1" 404 27 "-" "-"
13.67.148.78 - - [25/Oct/2025:02:32:43 +0800] "GET /wp-admin/makeasmtp.php HTTP/1.1" 404 27 "-" "-"
13.67.148.78 - - [25/Oct/2025:02:32:44 +0800] "GET /wp-admin/w.php HTTP/1.1" 404 27 "-" "-"
13.67.148.78 - - [25/Oct/2025:02:32:44 +0800] "GET /wp-content/goods.php HTTP/1.1" 404 27 "-" "-"
13.67.148.78 - - [25/Oct/2025:02:32:44 +0800] "GET /wp-content/buy.php HTTP/1.1" 404 27 "-" "-"
13.67.148.78 - - [25/Oct/2025:02:32:44 +0800] "GET /wp-admin/chosen.php HTTP/1.1" 404 27 "-" "-"
13.67.148.78 - - [25/Oct/2025:02:32:45 +0800] "GET /wp-admin/goat.php HTTP/1.1" 404 27 "-" "-"
13.67.148.78 - - [25/Oct/2025:02:32:45 +0800] "GET /wp-content/about.php HTTP/1.1" 404 27 "-" "-"
36.133.115.36 - - [25/Oct/2025:02:32:46 +0800] "POST /wp-cron.php?doing_wp_cron=1761330766.1089160442352294921875 HTTP/1.1" 200 31 "-" "WordPress/6.8.2; http://cqqizhou.com"
13.67.148.78 - - [25/Oct/2025:02:32:46 +0800] "GET /wp-admin/index.php HTTP/1.1" 302 5 "-" "-"
13.67.148.78 - - [25/Oct/2025:02:32:46 +0800] "GET /wp-login.php?redirect_to=http%3A%2F%2Fcqqizhou.com%2Fwp-admin%2Findex.php&reauth=1 HTTP/1.1" 200 8681 "-" "-"
13.67.148.78 - - [25/Oct/2025:02:32:47 +0800] "GET /wp-content/asasx.php HTTP/1.1" 404 27 "-" "-"
13.67.148.78 - - [25/Oct/2025:02:32:47 +0800] "GET /wp-admin/gecko.php HTTP/1.1" 404 27 "-" "-"
13.67.148.78 - - [25/Oct/2025:02:32:47 +0800] "GET /wp-content/install.php HTTP/1.1" 404 27 "-" "-"
13.67.148.78 - - [25/Oct/2025:02:32:47 +0800] "GET /wp-content/users.php HTTP/1.1" 404 27 "-" "-"
13.67.148.78 - - [25/Oct/2025:02:32:48 +0800] "GET /wp-content/alfa.php HTTP/1.1" 404 27 "-" "-"
13.67.148.78 - - [25/Oct/2025:02:32:48 +0800] "GET /wp-content/chosen.php HTTP/1.1" 404 27 "-" "-"
13.67.148.78 - - [25/Oct/2025:02:32:48 +0800] "GET /wp-content/akc.php HTTP/1.1" 404 27 "-" "-"
13.67.148.78 - - [25/Oct/2025:02:32:48 +0800] "GET /wp-admin/goods.php HTTP/1.1" 404 27 "-" "-"
13.67.148.78 - - [25/Oct/2025:02:32:49 +0800] "GET /wp-admin/bala.php HTTP/1.1" 404 27 "-" "-"
216.37.42.34 - - [25/Oct/2025:02:32:49 +0800] "POST /xmlrpc.php HTTP/1.1" 200 217 "http://cqqizhou.com" "Mozilla/5.0 (Macintosh; Intel Mac OS X 10_15_7; rv:126.0) Gecko/20100101 Firefox/126.0"
13.67.148.78 - - [25/Oct/2025:02:32:49 +0800] "GET /wp-content/file.php HTTP/1.1" 404 27 "-" "-"
13.67.148.78 - - [25/Oct/2025:02:32:49 +0800] "GET /wp-admin/aa.php HTTP/1.1" 404 27 "-" "-"
13.67.148.78 - - [25/Oct/2025:02:32:49 +0800] "GET /wp-admin/autoload_classmap/function.php HTTP/1.1" 404 27 "-" "-"
13.67.148.78 - - [25/Oct/2025:02:32:50 +0800] "GET /wp-admin/about.php HTTP/1.1" 302 5 "-" "-"
13.67.148.78 - - [25/Oct/2025:02:32:51 +0800] "GET /wp-login.php?redirect_to=http%3A%2F%2Fcqqizhou.com%2Fwp-admin%2Fabout.php&reauth=1 HTTP/1.1" 200 8681 "-" "-"
13.67.148.78 - - [25/Oct/2025:02:32:51 +0800] "GET /wp-admin/ioxi-o.php HTTP/1.1" 404 27 "-" "-"
13.67.148.78 - - [25/Oct/2025:02:32:51 +0800] "GET /wp-admin/ova.php HTTP/1.1" 404 27 "-" "-"
13.67.148.78 - - [25/Oct/2025:02:32:52 +0800] "GET /wp-content/wsa.php HTTP/1.1" 404 27 "-" "-"
13.67.148.78 - - [25/Oct/2025:02:32:52 +0800] "GET /wp-content/file2.php HTTP/1.1" 404 27 "-" "-"
13.67.148.78 - - [25/Oct/2025:02:32:53 +0800] "GET /wp-admin/admin.php HTTP/1.1" 302 5 "-" "-"
13.67.148.78 - - [25/Oct/2025:02:32:54 +0800] "GET /wp-login.php?redirect_to=http%3A%2F%2Fcqqizhou.com%2Fwp-admin%2Fadmin.php&reauth=1 HTTP/1.1" 200 8681 "-" "-"
13.67.148.78 - - [25/Oct/2025:02:32:54 +0800] "GET /wp-content/index.php HTTP/1.1" 200 5 "-" "-"
13.67.148.78 - - [25/Oct/2025:02:32:54 +0800] "GET /wp-content/mm.php HTTP/1.1" 404 27 "-" "-"
13.67.148.78 - - [25/Oct/2025:02:32:54 +0800] "GET /wp-admin/tinyfilemanager.php HTTP/1.1" 404 27 "-" "-"
13.67.148.78 - - [25/Oct/2025:02:32:55 +0800] "GET /aa.php HTTP/1.1" 404 27 "-" "-"
13.67.148.78 - - [25/Oct/2025:02:32:55 +0800] "GET /abcd.php HTTP/1.1" 404 27 "-" "-"
13.67.148.78 - - [25/Oct/2025:02:32:55 +0800] "GET /about.php HTTP/1.1" 404 27 "-" "-"
13.67.148.78 - - [25/Oct/2025:02:32:55 +0800] "GET /admin.php HTTP/1.1" 404 27 "-" "-"
13.67.148.78 - - [25/Oct/2025:02:32:55 +0800] "GET /alfa.php HTTP/1.1" 404 27 "-" "-"
13.67.148.78 - - [25/Oct/2025:02:32:56 +0800] "GET /chosen.php HTTP/1.1" 404 27 "-" "-"
13.67.148.78 - - [25/Oct/2025:02:32:56 +0800] "GET /classwithtostring.php HTTP/1.1" 404 27 "-" "-"
13.67.148.78 - - [25/Oct/2025:02:32:56 +0800] "GET /code.php HTTP/1.1" 404 27 "-" "-"
13.67.148.78 - - [25/Oct/2025:02:32:56 +0800] "GET /edit.php HTTP/1.1" 404 27 "-" "-"
13.67.148.78 - - [25/Oct/2025:02:32:57 +0800] "GET /file.php HTTP/1.1" 404 27 "-" "-"
13.67.148.78 - - [25/Oct/2025:02:32:57 +0800] "GET /flower.php HTTP/1.1" 404 27 "-" "-"
13.67.148.78 - - [25/Oct/2025:02:32:57 +0800] "GET /goods.php HTTP/1.1" 404 27 "-" "-"
13.67.148.78 - - [25/Oct/2025:02:32:57 +0800] "GET /ioxi-o.php HTTP/1.1" 404 27 "-" "-"
13.67.148.78 - - [25/Oct/2025:02:32:58 +0800] "GET /moon.php HTTP/1.1" 404 27 "-" "-"
13.67.148.78 - - [25/Oct/2025:02:32:58 +0800] "GET /w.php HTTP/1.1" 404 27 "-" "-"
13.67.148.78 - - [25/Oct/2025:02:32:58 +0800] "GET /wp-admin/css/colors/blue/index.php HTTP/1.1" 404 27 "-" "-"
13.67.148.78 - - [25/Oct/2025:02:32:58 +0800] "GET /wp-admin/js/widgets/ HTTP/1.1" 403 146 "-" "-"
13.67.148.78 - - [25/Oct/2025:02:32:59 +0800] "GET /wp-admin/network/chosen.php HTTP/1.1" 404 27 "-" "-"
13.67.148.78 - - [25/Oct/2025:02:32:59 +0800] "GET /wp-content/code.php HTTP/1.1" 404 27 "-" "-"
13.67.148.78 - - [25/Oct/2025:02:32:59 +0800] "GET /wp-content/themes/about.php HTTP/1.1" 404 27 "-" "-"
13.67.148.78 - - [25/Oct/2025:02:32:59 +0800] "GET /wp-content/themes/news-portal/error.php HTTP/1.1" 404 27 "-" "-"
13.67.148.78 - - [25/Oct/2025:02:33:00 +0800] "GET /wp-content/wp-conflg.php HTTP/1.1" 404 27 "-" "-"
13.67.148.78 - - [25/Oct/2025:02:33:00 +0800] "GET /wp-includes/blocks/comments/ HTTP/1.1" 403 146 "-" "-"
13.67.148.78 - - [25/Oct/2025:02:33:00 +0800] "GET /wp-setup.php HTTP/1.1" 404 27 "-" "-"
13.67.148.78 - - [25/Oct/2025:02:33:01 +0800] "GET /wp.php HTTP/1.1" 404 27 "-" "-"
13.67.148.78 - - [25/Oct/2025:02:33:01 +0800] "GET /wsa.php HTTP/1.1" 404 27 "-" "-"
36.133.115.36 - - [25/Oct/2025:02:36:28 +0800] "POST /wp-cron.php?doing_wp_cron=1761330988.1441020965576171875000 HTTP/1.1" 200 31 "-" "WordPress/6.8.2; http://cqqizhou.com"
144.217.73.102 - - [25/Oct/2025:02:36:28 +0800] "POST /xmlrpc.php HTTP/1.1" 200 217 "http://cqqizhou.com" "Mozilla/5.0 (Macintosh; Intel Mac OS X 14_6) AppleWebKit/605.1.15 (KHTML, like Gecko) Version/17.5 Safari/605.1.15"
36.133.115.36 - - [25/Oct/2025:02:39:24 +0800] "POST /wp-cron.php?doing_wp_cron=1761331164.7180349826812744140625 HTTP/1.1" 200 31 "-" "WordPress/6.8.2; http://cqqizhou.com"
170.106.11.6 - - [25/Oct/2025:02:39:24 +0800] "GET /portfolio-category/hot-dip-galvanized-coil/ HTTP/1.1" 200 17630 "-" "Mozilla/5.0 (iPhone; CPU iPhone OS 13_2_3 like Mac OS X) AppleWebKit/605.1.15 (KHTML, like Gecko) Version/13.0.3 Mobile/15E148 Safari/604.1"
36.133.115.36 - - [25/Oct/2025:02:40:17 +0800] "POST /wp-cron.php?doing_wp_cron=1761331217.1143410205841064453125 HTTP/1.1" 200 31 "-" "WordPress/6.8.2; http://cqqizhou.com"
216.22.5.93 - - [25/Oct/2025:02:40:17 +0800] "POST /xmlrpc.php HTTP/1.1" 200 217 "http://cqqizhou.com" "Mozilla/5.0 (Windows NT 11.0; Win64; x64; rv:126.0) Gecko/20100101 Firefox/126.0"
36.133.115.36 - - [25/Oct/2025:02:41:59 +0800] "POST /wp-cron.php?doing_wp_cron=1761331319.6546020507812500000000 HTTP/1.1" 200 31 "-" "WordPress/6.8.2; http://cqqizhou.com"
79.133.57.54 - - [25/Oct/2025:02:41:59 +0800] "GET / HTTP/1.1" 200 33465 "-" "Mozilla/5.0 (X11; Linux x86_64; rv:140.0) Gecko/20100101 Firefox/140.0"
87.120.191.84 - - [25/Oct/2025:02:42:10 +0800] "GET / HTTP/1.1" 301 5 "-" "Mozilla/5.0 (Windows NT 10.0; Win64; x64) AppleWebKit/537.36 (KHTML, like Gecko) Chrome/90.0.4430.85 Safari/537.36 Edg/90.0.818.46"
36.133.115.36 - - [25/Oct/2025:02:44:05 +0800] "POST /wp-cron.php?doing_wp_cron=1761331445.0793468952178955078125 HTTP/1.1" 200 31 "-" "WordPress/6.8.2; http://cqqizhou.com"
103.166.182.115 - - [25/Oct/2025:02:44:05 +0800] "POST /xmlrpc.php HTTP/1.1" 200 217 "http://cqqizhou.com" "Mozilla/5.0 (Windows NT 11.0; Win64; x64) AppleWebKit/537.36 (KHTML, like Gecko) Chrome/126.0.0.0 Safari/537.36"
208.84.101.119 - - [25/Oct/2025:02:47:18 +0800] "GET /wp-admin/setup-config.php HTTP/1.1" 409 2667 "-" "Mozilla/5.0 (Windows NT 10.0; Win64; x64)"
36.133.115.36 - - [25/Oct/2025:02:50:41 +0800] "POST /wp-cron.php?doing_wp_cron=1761331841.4558079242706298828125 HTTP/1.1" 200 31 "-" "WordPress/6.8.2; http://cqqizhou.com"
43.130.16.212 - - [25/Oct/2025:02:50:41 +0800] "GET /logistics/ HTTP/1.1" 200 18248 "-" "Mozilla/5.0 (iPhone; CPU iPhone OS 13_2_3 like Mac OS X) AppleWebKit/605.1.15 (KHTML, like Gecko) Version/13.0.3 Mobile/15E148 Safari/604.1"
36.133.115.36 - - [25/Oct/2025:02:51:41 +0800] "POST /wp-cron.php?doing_wp_cron=1761331901.8717861175537109375000 HTTP/1.1" 200 31 "-" "WordPress/6.8.2; http://cqqizhou.com"
89.46.107.133 - - [25/Oct/2025:02:51:41 +0800] "POST /xmlrpc.php HTTP/1.1" 200 217 "http://cqqizhou.com" "Mozilla/5.0 (Macintosh; Intel Mac OS X 10_15_7; rv:127.0) Gecko/20100101 Firefox/127.0"
36.133.115.36 - - [25/Oct/2025:02:55:29 +0800] "POST /wp-cron.php?doing_wp_cron=1761332129.2971160411834716796875 HTTP/1.1" 200 31 "-" "WordPress/6.8.2; http://cqqizhou.com"
47.236.12.137 - - [25/Oct/2025:02:55:29 +0800] "POST /xmlrpc.php HTTP/1.1" 200 217 "http://cqqizhou.com" "Mozilla/5.0 (Windows NT 10.0; Win64; x64) AppleWebKit/537.36 (KHTML, like Gecko) Chrome/116.0.5845.96 Safari/537.36 Edg/116.0.1938.62"
36.133.115.36 - - [25/Oct/2025:02:56:12 +0800] "POST /wp-cron.php?doing_wp_cron=1761332172.4408888816833496093750 HTTP/1.1" 200 31 "-" "WordPress/6.8.2; http://cqqizhou.com"
165.154.38.157 - - [25/Oct/2025:02:56:12 +0800] "GET /wp-login.php HTTP/1.1" 200 2781 "-" "Mozilla/5.0"
165.154.38.157 - - [25/Oct/2025:02:56:13 +0800] "GET /?author=1 HTTP/1.1" 301 5 "-" "Mozilla/5.0"
165.154.38.157 - - [25/Oct/2025:02:56:14 +0800] "GET /?author=2 HTTP/1.1" 301 5 "-" "Mozilla/5.0"
36.133.115.36 - - [25/Oct/2025:02:59:20 +0800] "POST /wp-cron.php?doing_wp_cron=1761332360.0973849296569824218750 HTTP/1.1" 200 31 "-" "WordPress/6.8.2; http://cqqizhou.com"
139.59.24.60 - - [25/Oct/2025:02:59:20 +0800] "POST /xmlrpc.php HTTP/1.1" 200 217 "http://cqqizhou.com" "Mozilla/5.0 (Macintosh; Intel Mac OS X 14.5) AppleWebKit/618.3.5 (KHTML, like Gecko) Version/17.4 Safari/618.3.5"
36.133.115.36 - - [25/Oct/2025:03:03:09 +0800] "POST /wp-cron.php?doing_wp_cron=1761332589.9514410495758056640625 HTTP/1.1" 200 31 "-" "WordPress/6.8.2; http://cqqizhou.com"
170.106.167.214 - - [25/Oct/2025:03:03:10 +0800] "GET / HTTP/1.1" 200 33465 "-" "Mozilla/5.0 (iPhone; CPU iPhone OS 13_2_3 like Mac OS X) AppleWebKit/605.1.15 (KHTML, like Gecko) Version/13.0.3 Mobile/15E148 Safari/604.1"
69.5.17.214 - - [25/Oct/2025:03:03:10 +0800] "POST /xmlrpc.php HTTP/1.1" 200 217 "http://cqqizhou.com" "Mozilla/5.0 (Windows NT 11.0; Win64; x64; rv:126.0) Gecko/20100101 Firefox/126.0"
36.133.115.36 - - [25/Oct/2025:03:05:41 +0800] "POST /wp-cron.php?doing_wp_cron=1761332741.2317469120025634765625 HTTP/1.1" 200 31 "-" "WordPress/6.8.2; http://cqqizhou.com"
43.165.67.57 - - [25/Oct/2025:03:05:41 +0800] "GET / HTTP/1.1" 301 5 "-" "Mozilla/5.0 (iPhone; CPU iPhone OS 13_2_3 like Mac OS X) AppleWebKit/605.1.15 (KHTML, like Gecko) Version/13.0.3 Mobile/15E148 Safari/604.1"
43.165.67.57 - - [25/Oct/2025:03:05:45 +0800] "GET / HTTP/1.1" 200 33466 "http://36.133.115.36" "Mozilla/5.0 (iPhone; CPU iPhone OS 13_2_3 like Mac OS X) AppleWebKit/605.1.15 (KHTML, like Gecko) Version/13.0.3 Mobile/15E148 Safari/604.1"
36.133.115.36 - - [25/Oct/2025:03:06:59 +0800] "POST /wp-cron.php?doing_wp_cron=1761332819.3340959548950195312500 HTTP/1.1" 200 31 "-" "WordPress/6.8.2; http://cqqizhou.com"
185.197.195.89 - - [25/Oct/2025:03:06:59 +0800] "POST /xmlrpc.php HTTP/1.1" 200 217 "http://cqqizhou.com" "Mozilla/5.0 (Windows NT 10.0; Win64; x64) AppleWebKit/537.36 (KHTML, like Gecko) Chrome/114.0.5735.134 Safari/537.36"
36.133.115.36 - - [25/Oct/2025:03:10:49 +0800] "POST /wp-cron.php?doing_wp_cron=1761333049.6814529895782470703125 HTTP/1.1" 200 31 "-" "WordPress/6.8.2; http://cqqizhou.com"
103.42.58.99 - - [25/Oct/2025:03:10:49 +0800] "POST /xmlrpc.php HTTP/1.1" 200 217 "http://cqqizhou.com" "Mozilla/5.0 (Windows NT 10.0; Win64; x64; rv:128.0) Gecko/20100101 Firefox/128.0"
36.133.115.36 - - [25/Oct/2025:03:12:35 +0800] "POST /wp-cron.php?doing_wp_cron=1761333155.3979899883270263671875 HTTP/1.1" 200 31 "-" "WordPress/6.8.2; http://cqqizhou.com"
43.130.110.130 - - [25/Oct/2025:03:12:35 +0800] "GET /about/ HTTP/1.1" 200 24240 "-" "Mozilla/5.0 (iPhone; CPU iPhone OS 13_2_3 like Mac OS X) AppleWebKit/605.1.15 (KHTML, like Gecko) Version/13.0.3 Mobile/15E148 Safari/604.1"
36.133.115.36 - - [25/Oct/2025:03:14:40 +0800] "POST /wp-cron.php?doing_wp_cron=1761333279.9676189422607421875000 HTTP/1.1" 200 31 "-" "WordPress/6.8.2; http://cqqizhou.com"
167.99.72.37 - - [25/Oct/2025:03:14:40 +0800] "POST /xmlrpc.php HTTP/1.1" 200 217 "http://cqqizhou.com" "Mozilla/5.0 (Windows NT 10.0; Win64; x64) AppleWebKit/537.36 (KHTML, like Gecko) Chrome/113.0.5672.93 Safari/537.36"
36.133.115.36 - - [25/Oct/2025:03:15:16 +0800] "POST /wp-cron.php?doing_wp_cron=1761333316.1644749641418457031250 HTTP/1.1" 200 31 "-" "WordPress/6.8.2; http://cqqizhou.com"
87.120.191.84 - - [25/Oct/2025:03:15:16 +0800] "GET / HTTP/1.1" 301 5 "-" "Mozilla/5.0 (Windows NT 10.0; Win64; x64) AppleWebKit/537.36 (KHTML, like Gecko) Chrome/90.0.4430.85 Safari/537.36 Edg/90.0.818.46"
36.133.115.36 - - [25/Oct/2025:03:18:33 +0800] "POST /wp-cron.php?doing_wp_cron=1761333513.5618519783020019531250 HTTP/1.1" 200 31 "-" "WordPress/6.8.2; http://cqqizhou.com"
43.157.179.227 - - [25/Oct/2025:03:18:33 +0800] "GET /portfolio/hot-dip-galvanized-coil/ HTTP/1.1" 200 18819 "-" "Mozilla/5.0 (iPhone; CPU iPhone OS 13_2_3 like Mac OS X) AppleWebKit/605.1.15 (KHTML, like Gecko) Version/13.0.3 Mobile/15E148 Safari/604.1"
188.166.188.97 - - [25/Oct/2025:03:18:35 +0800] "POST /xmlrpc.php HTTP/1.1" 200 217 "http://cqqizhou.com" "Mozilla/5.0 (Windows NT 10.0; Win64; x64) AppleWebKit/537.36 (KHTML, like Gecko) Chrome/116.0.5845.96 Safari/537.36"
36.133.115.36 - - [25/Oct/2025:03:20:41 +0800] "POST /wp-cron.php?doing_wp_cron=1761333641.8408679962158203125000 HTTP/1.1" 200 31 "-" "WordPress/6.8.2; http://cqqizhou.com"
117.62.235.53 - - [25/Oct/2025:03:20:41 +0800] "GET / HTTP/1.1" 301 5 "-" "Mozilla/5.0 (iPhone; CPU iPhone OS 13_2_3 like Mac OS X) AppleWebKit/605.1.15 (KHTML, like Gecko) Version/13.0.3 Mobile/15E148 Safari/604.1"
117.62.235.53 - - [25/Oct/2025:03:20:44 +0800] "GET / HTTP/1.1" 200 33465 "http://www.cqqizhou.com" "Mozilla/5.0 (iPhone; CPU iPhone OS 13_2_3 like Mac OS X) AppleWebKit/605.1.15 (KHTML, like Gecko) Version/13.0.3 Mobile/15E148 Safari/604.1"
36.133.115.36 - - [25/Oct/2025:03:22:30 +0800] "POST /wp-cron.php?doing_wp_cron=1761333750.9290339946746826171875 HTTP/1.1" 200 31 "-" "WordPress/6.8.2; http://cqqizhou.com"
103.82.36.71 - - [25/Oct/2025:03:22:30 +0800] "POST /xmlrpc.php HTTP/1.1" 200 217 "http://cqqizhou.com" "Mozilla/5.0 (Windows NT 10.0; Win64; x64; rv:127.0) Gecko/20100101 Firefox/127.0"
36.133.115.36 - - [25/Oct/2025:03:26:21 +0800] "POST /wp-cron.php?doing_wp_cron=1761333981.7286739349365234375000 HTTP/1.1" 200 31 "-" "WordPress/6.8.2; http://cqqizhou.com"
185.146.3.15 - - [25/Oct/2025:03:26:21 +0800] "POST /xmlrpc.php HTTP/1.1" 200 217 "http://cqqizhou.com" "Mozilla/5.0 (Windows NT 10.0; Win64; x64) AppleWebKit/537.36 (KHTML, like Gecko) Chrome/114.0.5735.199 Safari/537.36 Edg/114.0.1823.67"
36.133.115.36 - - [25/Oct/2025:03:27:19 +0800] "POST /wp-cron.php?doing_wp_cron=1761334039.8214240074157714843750 HTTP/1.1" 200 31 "-" "WordPress/6.8.2; http://cqqizhou.com"
43.157.188.74 - - [25/Oct/2025:03:27:20 +0800] "GET /club/ HTTP/1.1" 200 11903 "-" "Mozilla/5.0 (iPhone; CPU iPhone OS 13_2_3 like Mac OS X) AppleWebKit/605.1.15 (KHTML, like Gecko) Version/13.0.3 Mobile/15E148 Safari/604.1"
36.133.115.36 - - [25/Oct/2025:03:30:12 +0800] "POST /wp-cron.php?doing_wp_cron=1761334212.0973479747772216796875 HTTP/1.1" 200 31 "-" "WordPress/6.8.2; http://cqqizhou.com"
51.222.106.76 - - [25/Oct/2025:03:30:12 +0800] "POST /xmlrpc.php HTTP/1.1" 200 217 "http://cqqizhou.com" "Mozilla/5.0 (Windows NT 10.0; Win64; x64) AppleWebKit/537.36 (KHTML, like Gecko) Chrome/115.0.5790.171 Safari/537.36 Edg/115.0.1901.203"
36.133.115.36 - - [25/Oct/2025:03:31:14 +0800] "POST /wp-cron.php?doing_wp_cron=1761334274.5713980197906494140625 HTTP/1.1" 200 31 "-" "WordPress/6.8.2; http://cqqizhou.com"
115.159.33.43 - - [25/Oct/2025:03:31:14 +0800] "GET / HTTP/1.1" 301 5 "-" "Mozilla/5.0 (Windows NT 10.0; Win64; x64) AppleWebKit/537.36 (KHTML, like Gecko) Chrome/79.0.3945.117 Safari/537.36"
36.133.115.36 - - [25/Oct/2025:03:33:58 +0800] "POST /wp-cron.php?doing_wp_cron=1761334438.5004689693450927734375 HTTP/1.1" 200 31 "-" "WordPress/6.8.2; http://cqqizhou.com"
68.183.157.208 - - [25/Oct/2025:03:33:58 +0800] "POST /xmlrpc.php HTTP/1.1" 200 217 "http://cqqizhou.com" "Mozilla/5.0 (Macintosh; Intel Mac OS X 14.5) AppleWebKit/618.3.5 (KHTML, like Gecko) Version/17.4 Safari/618.3.5"
36.133.115.36 - - [25/Oct/2025:03:39:24 +0800] "POST /wp-cron.php?doing_wp_cron=1761334764.8544631004333496093750 HTTP/1.1" 200 31 "-" "WordPress/6.8.2; http://cqqizhou.com"
173.212.197.119 - - [25/Oct/2025:03:39:25 +0800] "POST /xmlrpc.php HTTP/1.1" 200 217 "-" "Mozilla/5.0 (X11; Ubuntu; Linux x86_64; rv:85.0) Gecko/20100101 Firefox/91.0"
36.133.115.36 - - [25/Oct/2025:03:41:35 +0800] "POST /wp-cron.php?doing_wp_cron=1761334895.7874450683593750000000 HTTP/1.1" 200 31 "-" "WordPress/6.8.2; http://cqqizhou.com"
184.154.206.215 - - [25/Oct/2025:03:41:35 +0800] "POST /xmlrpc.php HTTP/1.1" 200 217 "http://cqqizhou.com" "Mozilla/5.0 (Windows NT 10.0; Win64; x64; rv:127.0) Gecko/20100101 Firefox/127.0"
36.133.115.36 - - [25/Oct/2025:03:41:56 +0800] "POST /wp-cron.php?doing_wp_cron=1761334916.1818048954010009765625 HTTP/1.1" 200 31 "-" "WordPress/6.8.2; http://cqqizhou.com"
43.166.136.24 - - [25/Oct/2025:03:41:56 +0800] "GET /portfolio/ HTTP/1.1" 200 17013 "-" "Mozilla/5.0 (iPhone; CPU iPhone OS 13_2_3 like Mac OS X) AppleWebKit/605.1.15 (KHTML, like Gecko) Version/13.0.3 Mobile/15E148 Safari/604.1"
36.133.115.36 - - [25/Oct/2025:03:45:27 +0800] "POST /wp-cron.php?doing_wp_cron=1761335127.1432480812072753906250 HTTP/1.1" 200 31 "-" "WordPress/6.8.2; http://cqqizhou.com"
190.107.177.239 - - [25/Oct/2025:03:45:27 +0800] "POST /xmlrpc.php HTTP/1.1" 200 217 "http://cqqizhou.com" "Mozilla/5.0 (Macintosh; Intel Mac OS X 10_15_7; rv:127.0) Gecko/20100101 Firefox/127.0"
36.133.115.36 - - [25/Oct/2025:03:48:57 +0800] "POST /wp-cron.php?doing_wp_cron=1761335337.9113450050354003906250 HTTP/1.1" 200 31 "-" "WordPress/6.8.2; http://cqqizhou.com"
87.120.191.84 - - [25/Oct/2025:03:48:57 +0800] "GET / HTTP/1.1" 301 5 "-" "Mozilla/5.0 (Windows NT 10.0; Win64; x64) AppleWebKit/537.36 (KHTML, like Gecko) Chrome/90.0.4430.85 Safari/537.36 Edg/90.0.818.46"
36.133.115.36 - - [25/Oct/2025:03:52:56 +0800] "POST /wp-cron.php?doing_wp_cron=1761335576.0165610313415527343750 HTTP/1.1" 200 31 "-" "WordPress/6.8.2; http://cqqizhou.com"
209.15.119.224 - - [25/Oct/2025:03:52:56 +0800] "POST /xmlrpc.php HTTP/1.1" 200 217 "http://cqqizhou.com" "Mozilla/5.0 (Windows NT 10.0; Win64; x64) AppleWebKit/537.36 (KHTML, like Gecko) Chrome/112.0.5615.138 Safari/537.36"
36.133.115.36 - - [25/Oct/2025:03:56:42 +0800] "POST /wp-cron.php?doing_wp_cron=1761335802.1659588813781738281250 HTTP/1.1" 200 31 "-" "WordPress/6.8.2; http://cqqizhou.com"
103.124.95.168 - - [25/Oct/2025:03:56:42 +0800] "POST /xmlrpc.php HTTP/1.1" 200 217 "http://cqqizhou.com" "Mozilla/5.0 (Macintosh; Intel Mac OS X 10_15_7) AppleWebKit/537.36 (KHTML, like Gecko) Chrome/126.0.0.0 Safari/537.36"
43.130.3.120 - - [25/Oct/2025:03:56:58 +0800] "GET /wp-content/uploads/2025/07/1751864664-Logistics800x500_1-768x480.webp HTTP/1.1" 200 83946 "-" "Mozilla/5.0 (iPhone; CPU iPhone OS 13_2_3 like Mac OS X) AppleWebKit/605.1.15 (KHTML, like Gecko) Version/13.0.3 Mobile/15E148 Safari/604.1"
36.133.115.36 - - [25/Oct/2025:04:00:33 +0800] "POST /wp-cron.php?doing_wp_cron=1761336033.4148139953613281250000 HTTP/1.1" 200 31 "-" "WordPress/6.8.2; http://cqqizhou.com"
204.13.236.90 - - [25/Oct/2025:04:00:33 +0800] "POST /xmlrpc.php HTTP/1.1" 200 217 "http://cqqizhou.com" "Mozilla/5.0 (Macintosh; Intel Mac OS X 14_4_1) AppleWebKit/605.1.15 (KHTML, like Gecko) Version/17.3.1 Safari/605.1.15"
36.133.115.36 - - [25/Oct/2025:04:02:19 +0800] "POST /wp-cron.php?doing_wp_cron=1761336139.2582828998565673828125 HTTP/1.1" 200 31 "-" "WordPress/6.8.2; http://cqqizhou.com"
8.219.209.185 - - [25/Oct/2025:04:02:19 +0800] "GET http://passport.baidu.com/ HTTP/1.1" 200 33465 "-" "-"
36.133.115.36 - - [25/Oct/2025:04:03:52 +0800] "POST /wp-cron.php?doing_wp_cron=1761336232.1387810707092285156250 HTTP/1.1" 200 31 "-" "WordPress/6.8.2; http://cqqizhou.com"
43.155.188.157 - - [25/Oct/2025:04:03:52 +0800] "GET /portfolio/remaining-rolls/ HTTP/1.1" 200 18696 "-" "Mozilla/5.0 (iPhone; CPU iPhone OS 13_2_3 like Mac OS X) AppleWebKit/605.1.15 (KHTML, like Gecko) Version/13.0.3 Mobile/15E148 Safari/604.1"
62.171.153.247 - - [25/Oct/2025:04:04:29 +0800] "POST /xmlrpc.php HTTP/1.1" 200 217 "http://cqqizhou.com" "Mozilla/5.0 (Windows NT 10.0; Win64; x64) AppleWebKit/537.36 (KHTML, like Gecko) Chrome/115.0.5790.171 Safari/537.36 Edg/115.0.1901.203"
36.133.115.36 - - [25/Oct/2025:04:08:17 +0800] "POST /wp-cron.php?doing_wp_cron=1761336497.6041700839996337890625 HTTP/1.1" 200 31 "-" "WordPress/6.8.2; http://cqqizhou.com"
209.172.2.60 - - [25/Oct/2025:04:08:17 +0800] "POST /xmlrpc.php HTTP/1.1" 200 217 "http://cqqizhou.com" "Mozilla/5.0 (Macintosh; Intel Mac OS X 10.15; rv:126.0) Gecko/20100101 Firefox/126.0"
103.115.64.61 - - [25/Oct/2025:04:10:54 +0800] "HEAD / HTTP/1.1" 200 0 "http://cqqizhou.com" "Mozilla/5.0 (compatible; MSIE 9.0; Windows NT 6.1; Trident/5.0); 360Spider"
36.133.115.36 - - [25/Oct/2025:04:10:55 +0800] "POST /wp-cron.php?doing_wp_cron=1761336654.9650239944458007812500 HTTP/1.1" 200 31 "-" "WordPress/6.8.2; http://cqqizhou.com"
103.115.64.61 - - [25/Oct/2025:04:10:55 +0800] "GET /data/%235Dp8Gh.asp HTTP/1.1" 404 31381 "http://cqqizhou.com/data/%235Dp8Gh.asp" "Mozilla/5.0 (compatible; MSIE 9.0; Windows NT 6.1; Trident/5.0); 360Spider"
36.133.115.36 - - [25/Oct/2025:04:12:04 +0800] "POST /wp-cron.php?doing_wp_cron=1761336724.6491580009460449218750 HTTP/1.1" 200 31 "-" "WordPress/6.8.2; http://cqqizhou.com"
138.201.3.51 - - [25/Oct/2025:04:12:04 +0800] "POST /xmlrpc.php HTTP/1.1" 200 217 "http://cqqizhou.com" "Mozilla/5.0 (Macintosh; Intel Mac OS X 10_15_7; rv:126.0) Gecko/20100101 Firefox/126.0"
36.133.115.36 - - [25/Oct/2025:04:14:23 +0800] "POST /wp-cron.php?doing_wp_cron=1761336863.8065609931945800781250 HTTP/1.1" 200 31 "-" "WordPress/6.8.2; http://cqqizhou.com"
43.130.71.237 - - [25/Oct/2025:04:14:24 +0800] "GET / HTTP/1.1" 200 33466 "-" "Mozilla/5.0 (iPhone; CPU iPhone OS 13_2_3 like Mac OS X) AppleWebKit/605.1.15 (KHTML, like Gecko) Version/13.0.3 Mobile/15E148 Safari/604.1"
36.133.115.36 - - [25/Oct/2025:04:15:57 +0800] "POST /wp-cron.php?doing_wp_cron=1761336956.9967060089111328125000 HTTP/1.1" 200 31 "-" "WordPress/6.8.2; http://cqqizhou.com"
104.236.5.222 - - [25/Oct/2025:04:15:57 +0800] "POST /xmlrpc.php HTTP/1.1" 200 217 "http://cqqizhou.com" "Mozilla/5.0 (Windows NT 11.0; Win64; x64) AppleWebKit/537.36 (KHTML, like Gecko) Chrome/126.0.0.0 Safari/537.36"
36.133.115.36 - - [25/Oct/2025:04:18:55 +0800] "POST /wp-cron.php?doing_wp_cron=1761337135.2063798904418945312500 HTTP/1.1" 200 31 "-" "WordPress/6.8.2; http://cqqizhou.com"
87.120.191.84 - - [25/Oct/2025:04:18:55 +0800] "GET / HTTP/1.1" 301 5 "-" "Mozilla/5.0 (Windows NT 10.0; Win64; x64) AppleWebKit/537.36 (KHTML, like Gecko) Chrome/90.0.4430.85 Safari/537.36 Edg/90.0.818.46"
92.204.53.8 - - [25/Oct/2025:04:19:40 +0800] "POST /xmlrpc.php HTTP/1.1" 200 217 "http://cqqizhou.com" "Mozilla/5.0 (Windows NT 10.0; Win64; x64) AppleWebKit/537.36 (KHTML, like Gecko) Chrome/126.0.0.0 Safari/537.36 Edg/126.0.0.0"
36.133.115.36 - - [25/Oct/2025:04:20:10 +0800] "POST /wp-cron.php?doing_wp_cron=1761337210.1036319732666015625000 HTTP/1.1" 200 31 "-" "WordPress/6.8.2; http://cqqizhou.com"
91.212.166.40 - - [25/Oct/2025:04:20:10 +0800] "GET / HTTP/1.1" 301 5 "-" "Mozilla/5.0 zgrab/0.x"
36.133.115.36 - - [25/Oct/2025:04:23:38 +0800] "POST /wp-cron.php?doing_wp_cron=1761337418.1068289279937744140625 HTTP/1.1" 200 31 "-" "WordPress/6.8.2; http://cqqizhou.com"
5.202.15.246 - - [25/Oct/2025:04:23:38 +0800] "POST /xmlrpc.php HTTP/1.1" 200 217 "http://cqqizhou.com" "Mozilla/5.0 (Macintosh; Intel Mac OS X 14_6) AppleWebKit/605.1.15 (KHTML, like Gecko) Version/17.5 Safari/605.1.15"
36.133.115.36 - - [25/Oct/2025:04:27:39 +0800] "POST /wp-cron.php?doing_wp_cron=1761337659.0262200832366943359375 HTTP/1.1" 200 31 "-" "WordPress/6.8.2; http://cqqizhou.com"
43.153.96.79 - - [25/Oct/2025:04:27:39 +0800] "GET /wp-content/uploads/2025/07/1753453096- HTTP/1.1" 404 8989 "-" "Mozilla/5.0 (iPhone; CPU iPhone OS 13_2_3 like Mac OS X) AppleWebKit/605.1.15 (KHTML, like Gecko) Version/13.0.3 Mobile/15E148 Safari/604.1"
36.133.115.36 - - [25/Oct/2025:04:31:11 +0800] "POST /wp-cron.php?doing_wp_cron=1761337871.2745959758758544921875 HTTP/1.1" 200 31 "-" "WordPress/6.8.2; http://cqqizhou.com"
64.120.92.59 - - [25/Oct/2025:04:31:11 +0800] "POST /xmlrpc.php HTTP/1.1" 200 217 "http://cqqizhou.com" "Mozilla/5.0 (Macintosh; Intel Mac OS X 14.5) AppleWebKit/618.3.5 (KHTML, like Gecko) Version/17.4 Safari/618.3.5"
36.133.115.36 - - [25/Oct/2025:04:34:13 +0800] "POST /wp-cron.php?doing_wp_cron=1761338053.2496969699859619140625 HTTP/1.1" 200 31 "-" "WordPress/6.8.2; http://cqqizhou.com"
43.153.113.127 - - [25/Oct/2025:04:34:13 +0800] "GET /wp-json/oembed/1.0/embed?url=http%3A%2F%2Fcqqizhou.com%2Fclub%2F HTTP/1.1" 200 1108 "-" "Mozilla/5.0 (iPhone; CPU iPhone OS 13_2_3 like Mac OS X) AppleWebKit/605.1.15 (KHTML, like Gecko) Version/13.0.3 Mobile/15E148 Safari/604.1"
36.133.115.36 - - [25/Oct/2025:04:35:06 +0800] "POST /wp-cron.php?doing_wp_cron=1761338106.7197840213775634765625 HTTP/1.1" 200 31 "-" "WordPress/6.8.2; http://cqqizhou.com"
190.92.174.53 - - [25/Oct/2025:04:35:06 +0800] "POST /xmlrpc.php HTTP/1.1" 200 217 "http://cqqizhou.com" "Mozilla/5.0 (Windows NT 11.0; Win64; x64; rv:126.0) Gecko/20100101 Firefox/126.0"
36.133.115.36 - - [25/Oct/2025:04:38:56 +0800] "POST /wp-cron.php?doing_wp_cron=1761338336.2306098937988281250000 HTTP/1.1" 200 31 "-" "WordPress/6.8.2; http://cqqizhou.com"
116.118.45.196 - - [25/Oct/2025:04:38:56 +0800] "POST /xmlrpc.php HTTP/1.1" 200 217 "http://cqqizhou.com" "Mozilla/5.0 (Windows NT 10.0; Win64; x64) AppleWebKit/537.36 (KHTML, like Gecko) Chrome/115.0.5790.102 Safari/537.36"
36.133.115.36 - - [25/Oct/2025:04:44:14 +0800] "POST /wp-cron.php?doing_wp_cron=1761338654.3682410717010498046875 HTTP/1.1" 200 31 "-" "WordPress/6.8.2; http://cqqizhou.com"
43.130.40.120 - - [25/Oct/2025:04:44:14 +0800] "GET /portfolio-category/remaining-rolls/ HTTP/1.1" 200 17593 "-" "Mozilla/5.0 (iPhone; CPU iPhone OS 13_2_3 like Mac OS X) AppleWebKit/605.1.15 (KHTML, like Gecko) Version/13.0.3 Mobile/15E148 Safari/604.1"
36.133.115.36 - - [25/Oct/2025:04:50:32 +0800] "POST /wp-cron.php?doing_wp_cron=1761339032.3280310630798339843750 HTTP/1.1" 200 31 "-" "WordPress/6.8.2; http://cqqizhou.com"
75.119.208.120 - - [25/Oct/2025:04:50:32 +0800] "POST /xmlrpc.php HTTP/1.1" 200 217 "http://cqqizhou.com" "Mozilla/5.0 (Windows NT 10.0; Win64; x64; rv:126.0) Gecko/20100101 Firefox/126.0"
36.133.115.36 - - [25/Oct/2025:04:52:24 +0800] "POST /wp-cron.php?doing_wp_cron=1761339144.5808389186859130859375 HTTP/1.1" 200 31 "-" "WordPress/6.8.2; http://cqqizhou.com"
51.158.54.10 - - [25/Oct/2025:04:52:24 +0800] "GET /robots.txt HTTP/1.0" 200 378 "-" "xfa1"
162.62.213.187 - - [25/Oct/2025:04:52:31 +0800] "GET /wp-content/uploads/2025/07/1753453029- HTTP/1.1" 404 8989 "-" "Mozilla/5.0 (iPhone; CPU iPhone OS 13_2_3 like Mac OS X) AppleWebKit/605.1.15 (KHTML, like Gecko) Version/13.0.3 Mobile/15E148 Safari/604.1"
87.120.191.84 - - [25/Oct/2025:04:52:41 +0800] "GET / HTTP/1.1" 301 5 "-" "Mozilla/5.0 (Windows NT 10.0; Win64; x64) AppleWebKit/537.36 (KHTML, like Gecko) Chrome/90.0.4430.85 Safari/537.36 Edg/90.0.818.46"
36.133.115.36 - - [25/Oct/2025:04:54:20 +0800] "POST /wp-cron.php?doing_wp_cron=1761339260.3976819515228271484375 HTTP/1.1" 200 31 "-" "WordPress/6.8.2; http://cqqizhou.com"
203.217.101.237 - - [25/Oct/2025:04:54:20 +0800] "POST /xmlrpc.php HTTP/1.1" 200 217 "http://cqqizhou.com" "Mozilla/5.0 (Macintosh; Intel Mac OS X 10_15_7) AppleWebKit/537.36 (KHTML, like Gecko) Chrome/126.0.0.0 Safari/537.36"
36.133.115.36 - - [25/Oct/2025:04:56:12 +0800] "POST /wp-cron.php?doing_wp_cron=1761339372.5276989936828613281250 HTTP/1.1" 200 31 "-" "WordPress/6.8.2; http://cqqizhou.com"
38.242.251.125 - - [25/Oct/2025:04:56:12 +0800] "POST /xmlrpc.php HTTP/1.1" 200 217 "-" "Mozilla/5.0 (X11; Ubuntu; Linux x86_64; rv:85.0) Gecko/20100101 Firefox/91.0"
36.133.115.36 - - [25/Oct/2025:04:58:13 +0800] "POST /wp-cron.php?doing_wp_cron=1761339493.7272930145263671875000 HTTP/1.1" 200 31 "-" "WordPress/6.8.2; http://cqqizhou.com"
82.165.69.22 - - [25/Oct/2025:04:58:13 +0800] "POST /xmlrpc.php HTTP/1.1" 200 217 "http://cqqizhou.com" "Mozilla/5.0 (Macintosh; Intel Mac OS X 14.3) AppleWebKit/614.31.14 (KHTML, like Gecko) Version/17.0.96 Safari/614.31.14"
36.133.115.36 - - [25/Oct/2025:05:01:35 +0800] "POST /wp-cron.php?doing_wp_cron=1761339695.7866630554199218750000 HTTP/1.1" 200 31 "-" "WordPress/6.8.2; http://cqqizhou.com"
20.171.207.229 - - [25/Oct/2025:05:01:35 +0800] "GET /wp-sitemap.xml HTTP/1.1" 501 253 "-" "Mozilla/5.0 AppleWebKit/537.36 (KHTML, like Gecko; compatible; GPTBot/1.2; +https://openai.com/gptbot)"
36.133.115.36 - - [25/Oct/2025:05:02:01 +0800] "POST /wp-cron.php?doing_wp_cron=1761339721.8901360034942626953125 HTTP/1.1" 200 31 "-" "WordPress/6.8.2; http://cqqizhou.com"
185.197.195.89 - - [25/Oct/2025:05:02:01 +0800] "POST /xmlrpc.php HTTP/1.1" 200 217 "http://cqqizhou.com" "Mozilla/5.0 (Macintosh; Intel Mac OS X 14.3) AppleWebKit/614.31.14 (KHTML, like Gecko) Version/17.0.96 Safari/614.31.14"
36.133.115.36 - - [25/Oct/2025:05:04:31 +0800] "POST /wp-cron.php?doing_wp_cron=1761339871.9550280570983886718750 HTTP/1.1" 200 31 "-" "WordPress/6.8.2; http://cqqizhou.com"
170.106.72.93 - - [25/Oct/2025:05:04:32 +0800] "GET /portfolio-tag/%e9%9e%8d%e9%92%a2%e8%92%82%e6%a3%ae/ HTTP/1.1" 200 18123 "-" "Mozilla/5.0 (iPhone; CPU iPhone OS 13_2_3 like Mac OS X) AppleWebKit/605.1.15 (KHTML, like Gecko) Version/13.0.3 Mobile/15E148 Safari/604.1"
36.133.115.36 - - [25/Oct/2025:05:05:53 +0800] "POST /wp-cron.php?doing_wp_cron=1761339953.6590468883514404296875 HTTP/1.1" 200 31 "-" "WordPress/6.8.2; http://cqqizhou.com"
213.136.93.169 - - [25/Oct/2025:05:05:53 +0800] "POST /xmlrpc.php HTTP/1.1" 200 217 "http://cqqizhou.com" "Mozilla/5.0 (Macintosh; Intel Mac OS X 10_15_7) AppleWebKit/537.36 (KHTML, like Gecko) Chrome/114.0.5735.134 Safari/537.36"
36.133.115.36 - - [25/Oct/2025:05:09:42 +0800] "POST /wp-cron.php?doing_wp_cron=1761340182.0354669094085693359375 HTTP/1.1" 200 31 "-" "WordPress/6.8.2; http://cqqizhou.com"
132.148.72.207 - - [25/Oct/2025:05:09:42 +0800] "POST /xmlrpc.php HTTP/1.1" 200 217 "http://cqqizhou.com" "Mozilla/5.0 (Windows NT 10.0; Win64; x64) AppleWebKit/537.36 (KHTML, like Gecko) Chrome/114.0.5735.134 Safari/537.36"
36.133.115.36 - - [25/Oct/2025:05:12:43 +0800] "POST /wp-cron.php?doing_wp_cron=1761340363.6000840663909912109375 HTTP/1.1" 200 31 "-" "WordPress/6.8.2; http://cqqizhou.com"
43.130.139.177 - - [25/Oct/2025:05:12:43 +0800] "GET /portfolio/pickled-coil/ HTTP/1.1" 200 18699 "-" "Mozilla/5.0 (iPhone; CPU iPhone OS 13_2_3 like Mac OS X) AppleWebKit/605.1.15 (KHTML, like Gecko) Version/13.0.3 Mobile/15E148 Safari/604.1"
36.133.115.36 - - [25/Oct/2025:05:13:27 +0800] "POST /wp-cron.php?doing_wp_cron=1761340407.1499989032745361328125 HTTP/1.1" 200 31 "-" "WordPress/6.8.2; http://cqqizhou.com"
103.7.9.26 - - [25/Oct/2025:05:13:27 +0800] "POST /xmlrpc.php HTTP/1.1" 200 217 "http://cqqizhou.com" "Mozilla/5.0 (Macintosh; Intel Mac OS X 14.5) AppleWebKit/618.3.5 (KHTML, like Gecko) Version/17.4 Safari/618.3.5"
36.133.115.36 - - [25/Oct/2025:05:17:16 +0800] "POST /wp-cron.php?doing_wp_cron=1761340636.3027210235595703125000 HTTP/1.1" 200 31 "-" "WordPress/6.8.2; http://cqqizhou.com"
103.6.196.61 - - [25/Oct/2025:05:17:16 +0800] "POST /xmlrpc.php HTTP/1.1" 200 217 "http://cqqizhou.com" "Mozilla/5.0 (Windows NT 11.0; Win64; x64; rv:126.0) Gecko/20100101 Firefox/126.0"
36.133.115.36 - - [25/Oct/2025:05:21:06 +0800] "POST /wp-cron.php?doing_wp_cron=1761340866.4970560073852539062500 HTTP/1.1" 200 31 "-" "WordPress/6.8.2; http://cqqizhou.com"
62.171.153.247 - - [25/Oct/2025:05:21:06 +0800] "POST /xmlrpc.php HTTP/1.1" 200 217 "http://cqqizhou.com" "Mozilla/5.0 (Macintosh; Intel Mac OS X 10_15_7) AppleWebKit/537.36 (KHTML, like Gecko) Chrome/112.0.5615.138 Safari/537.36"
36.133.115.36 - - [25/Oct/2025:05:22:42 +0800] "POST /wp-cron.php?doing_wp_cron=1761340962.1214699745178222656250 HTTP/1.1" 200 31 "-" "WordPress/6.8.2; http://cqqizhou.com"
170.106.35.153 - - [25/Oct/2025:05:22:42 +0800] "GET /wp-content/uploads/2025/07/1753587901-Slider_3840 HTTP/1.1" 404 8989 "-" "Mozilla/5.0 (iPhone; CPU iPhone OS 13_2_3 like Mac OS X) AppleWebKit/605.1.15 (KHTML, like Gecko) Version/13.0.3 Mobile/15E148 Safari/604.1"
36.133.115.36 - - [25/Oct/2025:05:24:55 +0800] "POST /wp-cron.php?doing_wp_cron=1761341095.3818080425262451171875 HTTP/1.1" 200 31 "-" "WordPress/6.8.2; http://cqqizhou.com"
62.171.153.247 - - [25/Oct/2025:05:24:55 +0800] "POST /xmlrpc.php HTTP/1.1" 200 217 "http://cqqizhou.com" "Mozilla/5.0 (Macintosh; Intel Mac OS X 10_15_7) AppleWebKit/537.36 (KHTML, like Gecko) Chrome/116.0.5845.96 Safari/537.36"
36.133.115.36 - - [25/Oct/2025:05:26:18 +0800] "POST /wp-cron.php?doing_wp_cron=1761341178.7230329513549804687500 HTTP/1.1" 200 31 "-" "WordPress/6.8.2; http://cqqizhou.com"
87.120.191.84 - - [25/Oct/2025:05:26:18 +0800] "GET / HTTP/1.1" 301 5 "-" "Mozilla/5.0 (Windows NT 10.0; Win64; x64) AppleWebKit/537.36 (KHTML, like Gecko) Chrome/90.0.4430.85 Safari/537.36 Edg/90.0.818.46"
36.133.115.36 - - [25/Oct/2025:05:28:37 +0800] "POST /wp-cron.php?doing_wp_cron=1761341317.7578411102294921875000 HTTP/1.1" 200 31 "-" "WordPress/6.8.2; http://cqqizhou.com"
190.90.160.5 - - [25/Oct/2025:05:28:37 +0800] "POST /xmlrpc.php HTTP/1.1" 200 217 "http://cqqizhou.com" "Mozilla/5.0 (Windows NT 10.0; Win64; x64) AppleWebKit/537.36 (KHTML, like Gecko) Chrome/126.0.0.0 Safari/537.36"
36.133.115.36 - - [25/Oct/2025:05:35:35 +0800] "POST /wp-cron.php?doing_wp_cron=1761341734.9709270000457763671875 HTTP/1.1" 200 31 "-" "WordPress/6.8.2; http://cqqizhou.com"
87.120.191.84 - - [25/Oct/2025:05:35:35 +0800] "GET / HTTP/1.1" 200 33466 "-" "Mozilla/5.0 (Windows NT 10.0; Win64; x64) AppleWebKit/537.36 (KHTML, like Gecko) Chrome/90.0.4430.85 Safari/537.36 Edg/90.0.818.46"
36.133.115.36 - - [25/Oct/2025:05:36:05 +0800] "POST /wp-cron.php?doing_wp_cron=1761341765.1896851062774658203125 HTTP/1.1" 200 31 "-" "WordPress/6.8.2; http://cqqizhou.com"
47.238.97.17 - - [25/Oct/2025:05:36:05 +0800] "POST /xmlrpc.php HTTP/1.1" 200 217 "http://cqqizhou.com" "Mozilla/5.0 (Windows NT 10.0; Win64; x64) AppleWebKit/537.36 (KHTML, like Gecko) Chrome/114.0.5735.134 Safari/537.36"
36.133.115.36 - - [25/Oct/2025:05:39:54 +0800] "POST /wp-cron.php?doing_wp_cron=1761341994.1727120876312255859375 HTTP/1.1" 200 31 "-" "WordPress/6.8.2; http://cqqizhou.com"
79.107.117.67 - - [25/Oct/2025:05:39:54 +0800] "POST /xmlrpc.php HTTP/1.1" 200 217 "http://cqqizhou.com" "Mozilla/5.0 (Macintosh; Intel Mac OS X 10_15_7) AppleWebKit/537.36 (KHTML, like Gecko) Chrome/116.0.5845.96 Safari/537.36"
36.133.115.36 - - [25/Oct/2025:05:42:22 +0800] "POST /wp-cron.php?doing_wp_cron=1761342142.0980598926544189453125 HTTP/1.1" 200 31 "-" "WordPress/6.8.2; http://cqqizhou.com"
87.120.191.84 - - [25/Oct/2025:05:42:22 +0800] "GET / HTTP/1.1" 301 5 "-" "Mozilla/5.0 (Windows NT 10.0; Win64; x64) AppleWebKit/537.36 (KHTML, like Gecko) Chrome/90.0.4430.85 Safari/537.36 Edg/90.0.818.46"
36.133.115.36 - - [25/Oct/2025:05:47:30 +0800] "POST /wp-cron.php?doing_wp_cron=1761342450.5202450752258300781250 HTTP/1.1" 200 31 "-" "WordPress/6.8.2; http://cqqizhou.com"
18.136.195.206 - - [25/Oct/2025:05:47:30 +0800] "POST /xmlrpc.php HTTP/1.1" 200 217 "http://cqqizhou.com" "Mozilla/5.0 (Macintosh; Intel Mac OS X 10_15_7) AppleWebKit/537.36 (KHTML, like Gecko) Chrome/112.0.5615.138 Safari/537.36"
36.133.115.36 - - [25/Oct/2025:05:48:42 +0800] "POST /wp-cron.php?doing_wp_cron=1761342522.0162758827209472656250 HTTP/1.1" 200 31 "-" "WordPress/6.8.2; http://cqqizhou.com"
