91.196.152.52 - - [05/Oct/2025:10:31:09 +0800] "GET / HTTP/1.1" 301 5 "-" "Mozilla/5.0 (X11; Ubuntu; Linux x86_64; rv:134.0) Gecko/20100101 Firefox/134.0"
91.196.152.41 - - [05/Oct/2025:10:38:10 +0800] "GET / HTTP/1.1" 200 165874 "-" "Mozilla/5.0 (X11; Ubuntu; Linux x86_64; rv:134.0) Gecko/20100101 Firefox/134.0"
36.133.115.36 - - [05/Oct/2025:10:39:14 +0800] "POST /wp-cron.php?doing_wp_cron=1759631953.9665670394897460937500 HTTP/1.1" 200 31 "-" "WordPress/6.8.2; http://cqqizhou.com"
164.90.187.50 - - [05/Oct/2025:10:39:14 +0800] "GET / HTTP/1.0" 301 0 "-" "-"
164.90.187.50 - - [05/Oct/2025:10:39:15 +0800] "GET / HTTP/1.0" 301 0 "-" "-"
164.90.187.50 - - [05/Oct/2025:10:39:15 +0800] "GET /odinhttpcall1759631954 HTTP/1.1" 404 31381 "-" "Mozilla/5.0 (compatible; Odin; https://docs.getodin.com/)"
164.90.187.50 - - [05/Oct/2025:10:39:15 +0800] "POST /sdk HTTP/1.1" 404 31381 "-" "Mozilla/5.0 (compatible; Odin; https://docs.getodin.com/)"
164.90.187.50 - - [05/Oct/2025:10:39:16 +0800] "GET /HNAP1 HTTP/1.1" 404 31381 "-" "Mozilla/5.0 (compatible; Odin; https://docs.getodin.com/)"
164.90.187.50 - - [05/Oct/2025:10:39:16 +0800] "GET /evox/about HTTP/1.1" 404 31381 "-" "Mozilla/5.0 (compatible; Odin; https://docs.getodin.com/)"
164.90.187.50 - - [05/Oct/2025:10:39:18 +0800] "GET / HTTP/1.0" 301 0 "-" "-"
164.90.187.50 - - [05/Oct/2025:10:39:19 +0800] "GET / HTTP/1.1" 301 5 "-" "-"
167.71.50.225 - - [05/Oct/2025:10:39:21 +0800] "GET /cgi-bin/authLogin.cgi HTTP/1.1" 301 5 "-" "Go-http-client/1.1"
165.22.93.130 - - [05/Oct/2025:10:39:21 +0800] "GET /query?q=SHOW+DIAGNOSTICS HTTP/1.1" 301 5 "-" "Go-http-client/1.1"
142.93.173.235 - - [05/Oct/2025:10:39:21 +0800] "GET / HTTP/1.1" 301 5 "-" "Mozilla/5.0 (compatible; Odin; https://docs.getodin.com/)"
165.22.93.130 - - [05/Oct/2025:10:39:22 +0800] "GET /query?q=SHOW+DIAGNOSTICS HTTP/1.1" 404 31381 "http://36.133.115.36:80/query?q=SHOW+DIAGNOSTICS" "Go-http-client/1.1"
142.93.173.235 - - [05/Oct/2025:10:39:23 +0800] "GET / HTTP/1.1" 200 39369 "http://36.133.115.36" "Mozilla/5.0 (compatible; Odin; https://docs.getodin.com/)"
167.71.50.225 - - [05/Oct/2025:10:39:25 +0800] "GET /cgi-bin/authLogin.cgi HTTP/1.1" 404 31381 "http://36.133.115.36:80/cgi-bin/authLogin.cgi" "Go-http-client/1.1"
36.133.115.36 - - [05/Oct/2025:10:46:24 +0800] "POST /wp-cron.php?doing_wp_cron=1759632384.8482720851898193359375 HTTP/1.1" 200 31 "-" "WordPress/6.8.2; http://cqqizhou.com"
87.120.191.90 - - [05/Oct/2025:10:46:25 +0800] "GET / HTTP/1.1" 200 33467 "-" "Mozilla/5.0 (Windows NT 10.0; Win64; x64) AppleWebKit/537.36 (KHTML, like Gecko) Chrome/90.0.4430.85 Safari/537.36 Edg/90.0.818.46"
36.133.115.36 - - [05/Oct/2025:10:47:42 +0800] "POST /wp-cron.php?doing_wp_cron=1759632462.0318210124969482421875 HTTP/1.1" 200 31 "-" "WordPress/6.8.2; http://cqqizhou.com"
35.195.226.12 - - [05/Oct/2025:10:47:42 +0800] "GET / HTTP/1.1" 301 5 "-" "python-requests/2.32.5"
36.133.115.36 - - [05/Oct/2025:10:53:02 +0800] "POST /wp-cron.php?doing_wp_cron=1759632782.2244589328765869140625 HTTP/1.1" 200 31 "-" "WordPress/6.8.2; http://cqqizhou.com"
87.120.191.6 - - [05/Oct/2025:10:53:02 +0800] "GET / HTTP/1.1" 200 33467 "-" "Mozilla/5.0 (Windows NT 10.0; Win64; x64) AppleWebKit/537.36 (KHTML, like Gecko) Chrome/90.0.4430.85 Safari/537.36 Edg/90.0.818.46"
205.169.39.16 - - [05/Oct/2025:10:57:59 +0800] "GET / HTTP/1.1" 200 39369 "-" "Mozilla/5.0 (Windows NT 10.0; Win64; x64) AppleWebKit/537.36 (KHTML, like Gecko) Chrome/117.0.5938.132 Safari/537.36"
205.169.39.16 - - [05/Oct/2025:10:58:01 +0800] "GET /wp-content/uploads/2025/07/1751425283-qizhou.kf_.qq_.com_.webp HTTP/1.1" 200 16864 "http://cqqizhou.com/" "Mozilla/5.0 (Windows NT 10.0; Win64; x64) AppleWebKit/537.36 (KHTML, like Gecko) Chrome/117.0.5938.132 Safari/537.36"
205.169.39.16 - - [05/Oct/2025:10:58:03 +0800] "GET /wp-content/uploads/2025/07/1750174127-Marketing1920x800_3.webp HTTP/1.1" 200 52790 "http://cqqizhou.com/wp-content/uploads/elementor/css/post-1666.css?ver=1756373176" "Mozilla/5.0 (Windows NT 10.0; Win64; x64) AppleWebKit/537.36 (KHTML, like Gecko) Chrome/117.0.5938.132 Safari/537.36"
205.169.39.16 - - [05/Oct/2025:10:58:03 +0800] "GET /wp-content/uploads/2025/07/1753456723-%E5%8F%8C%E7%9B%B8%E9%92%A2roduct_Single600.webp HTTP/1.1" 200 22790 "http://cqqizhou.com/" "Mozilla/5.0 (Windows NT 10.0; Win64; x64) AppleWebKit/537.36 (KHTML, like Gecko) Chrome/117.0.5938.132 Safari/537.36"
205.169.39.16 - - [05/Oct/2025:10:58:03 +0800] "GET /wp-content/uploads/2025/07/1753453096-%E5%8F%8C%E7%9B%B8%E9%92%A2product_Single600%C3%97284.webp HTTP/1.1" 200 14562 "http://cqqizhou.com/" "Mozilla/5.0 (Windows NT 10.0; Win64; x64) AppleWebKit/537.36 (KHTML, like Gecko) Chrome/117.0.5938.132 Safari/537.36"
205.169.39.16 - - [05/Oct/2025:10:58:03 +0800] "GET /wp-content/uploads/2025/07/1753456770-%E7%83%AD%E9%95%80%E9%94%8C%E5%8D%B7product_Single600.webp HTTP/1.1" 200 27502 "http://cqqizhou.com/" "Mozilla/5.0 (Windows NT 10.0; Win64; x64) AppleWebKit/537.36 (KHTML, like Gecko) Chrome/117.0.5938.132 Safari/537.36"
205.169.39.16 - - [05/Oct/2025:10:58:03 +0800] "GET /wp-content/uploads/2025/07/1753453127-%E4%BD%99%E5%8D%B7product_Single600%C3%97284.webp HTTP/1.1" 200 18744 "http://cqqizhou.com/" "Mozilla/5.0 (Windows NT 10.0; Win64; x64) AppleWebKit/537.36 (KHTML, like Gecko) Chrome/117.0.5938.132 Safari/537.36"
36.133.115.36 - - [05/Oct/2025:10:58:05 +0800] "POST /wp-cron.php?doing_wp_cron=1759633085.8657419681549072265625 HTTP/1.1" 200 31 "-" "WordPress/6.8.2; http://cqqizhou.com"
205.169.39.16 - - [05/Oct/2025:10:58:05 +0800] "POST /wp-admin/admin-ajax.php HTTP/1.1" 403 33 "http://cqqizhou.com/" "Mozilla/5.0 (Windows NT 10.0; Win64; x64) AppleWebKit/537.36 (KHTML, like Gecko) Chrome/117.0.5938.132 Safari/537.36"
205.169.39.16 - - [05/Oct/2025:10:58:07 +0800] "GET /wp-content/uploads/revslider/slider-1/1750929639-yuanjing_Slider_3840%C3%972160_20250626171955-scaled.webp HTTP/1.1" 200 203290 "http://cqqizhou.com/" "Mozilla/5.0 (Windows NT 10.0; Win64; x64) AppleWebKit/537.36 (KHTML, like Gecko) Chrome/117.0.5938.132 Safari/537.36"
205.169.39.16 - - [05/Oct/2025:10:58:08 +0800] "GET /wp-content/uploads/2025/07/1753587901-Slider_3840%C3%972160_20250727-scaled-50x100.webp HTTP/1.1" 200 1660 "http://cqqizhou.com/" "Mozilla/5.0 (Windows NT 10.0; Win64; x64) AppleWebKit/537.36 (KHTML, like Gecko) Chrome/117.0.5938.132 Safari/537.36"
205.169.39.16 - - [05/Oct/2025:10:58:08 +0800] "GET /wp-content/uploads/revslider/slider-1/1750861156-logistics_Slider_3840%C3%972160_20250625191356-scaled-50x100.webp HTTP/1.1" 200 1416 "http://cqqizhou.com/" "Mozilla/5.0 (Windows NT 10.0; Win64; x64) AppleWebKit/537.36 (KHTML, like Gecko) Chrome/117.0.5938.132 Safari/537.36"
205.169.39.16 - - [05/Oct/2025:10:58:08 +0800] "GET /wp-content/uploads/revslider/slider-1/1750861156-logistics_Slider_3840%C3%972160_20250625191356-scaled-50x100.webp HTTP/1.1" 200 1416 "http://cqqizhou.com/" "Mozilla/5.0 (Windows NT 10.0; Win64; x64) AppleWebKit/537.36 (KHTML, like Gecko) Chrome/117.0.5938.132 Safari/537.36"
205.169.39.16 - - [05/Oct/2025:10:58:08 +0800] "GET /wp-content/uploads/2025/07/1753587901-Slider_3840%C3%972160_20250727-scaled-50x100.webp HTTP/1.1" 200 1660 "http://cqqizhou.com/" "Mozilla/5.0 (Windows NT 10.0; Win64; x64) AppleWebKit/537.36 (KHTML, like Gecko) Chrome/117.0.5938.132 Safari/537.36"
205.169.39.16 - - [05/Oct/2025:10:58:08 +0800] "GET /wp-json/sliderrevolution/sliders/1?srengine=7&slideid=3 HTTP/1.1" 200 2292 "http://cqqizhou.com/" "Mozilla/5.0 (Windows NT 10.0; Win64; x64) AppleWebKit/537.36 (KHTML, like Gecko) Chrome/117.0.5938.132 Safari/537.36"
205.169.39.16 - - [05/Oct/2025:10:58:08 +0800] "GET /wp-json/sliderrevolution/sliders/1?srengine=7&slideid=2 HTTP/1.1" 200 2058 "http://cqqizhou.com/" "Mozilla/5.0 (Windows NT 10.0; Win64; x64) AppleWebKit/537.36 (KHTML, like Gecko) Chrome/117.0.5938.132 Safari/537.36"
205.169.39.16 - - [05/Oct/2025:10:58:09 +0800] "GET /wp-content/uploads/2025/07/1753587901-Slider_3840%C3%972160_20250727-scaled.webp HTTP/1.1" 200 141034 "http://cqqizhou.com/" "Mozilla/5.0 (Windows NT 10.0; Win64; x64) AppleWebKit/537.36 (KHTML, like Gecko) Chrome/117.0.5938.132 Safari/537.36"
205.169.39.16 - - [05/Oct/2025:10:58:09 +0800] "GET /wp-content/uploads/revslider/slider-1/1750861156-logistics_Slider_3840%C3%972160_20250625191356-scaled.webp HTTP/1.1" 200 197360 "http://cqqizhou.com/" "Mozilla/5.0 (Windows NT 10.0; Win64; x64) AppleWebKit/537.36 (KHTML, like Gecko) Chrome/117.0.5938.132 Safari/537.36"
205.169.39.16 - - [05/Oct/2025:10:58:15 +0800] "POST /wp-admin/admin-ajax.php HTTP/1.1" 403 33 "http://cqqizhou.com/" "Mozilla/5.0 (X11; Linux x86_64) AppleWebKit/537.36 (KHTML, like Gecko) HeadlessChrome/127.0.6533.119 Safari/537.36"
205.169.39.16 - - [05/Oct/2025:10:58:18 +0800] "GET /wp-content/uploads/revslider/slider-1/1750929639-yuanjing_Slider_3840%C3%972160_20250626171955-scaled-50x100.webp HTTP/1.1" 200 1784 "http://cqqizhou.com/" "Mozilla/5.0 (X11; Linux x86_64) AppleWebKit/537.36 (KHTML, like Gecko) HeadlessChrome/127.0.6533.119 Safari/537.36"
36.133.115.36 - - [05/Oct/2025:11:01:02 +0800] "POST /wp-cron.php?doing_wp_cron=1759633262.2825059890747070312500 HTTP/1.1" 200 31 "-" "WordPress/6.8.2; http://cqqizhou.com"
87.120.191.70 - - [05/Oct/2025:11:01:02 +0800] "GET / HTTP/1.1" 200 33467 "-" "Mozilla/5.0 (Windows NT 10.0; Win64; x64) AppleWebKit/537.36 (KHTML, like Gecko) Chrome/90.0.4430.85 Safari/537.36 Edg/90.0.818.46"
36.133.115.36 - - [05/Oct/2025:11:32:04 +0800] "POST /wp-cron.php?doing_wp_cron=1759635124.5205070972442626953125 HTTP/1.1" 200 31 "-" "WordPress/6.8.2; http://cqqizhou.com"
45.142.195.99 - - [05/Oct/2025:11:32:04 +0800] "GET / HTTP/1.1" 200 33467 "-" "Mozilla/5.0 (Windows NT 10.0; Win64; x64) AppleWebKit/537.36 (KHTML, like Gecko) Chrome/90.0.4430.85 Safari/537.36 Edg/90.0.818.46"
87.120.191.90 - - [05/Oct/2025:11:32:14 +0800] "GET / HTTP/1.1" 200 33467 "-" "Mozilla/5.0 (Windows NT 10.0; Win64; x64) AppleWebKit/537.36 (KHTML, like Gecko) Chrome/90.0.4430.85 Safari/537.36 Edg/90.0.818.46"
45.204.215.184 - - [05/Oct/2025:11:33:04 +0800] "GET /admin.php?file=tag&action=preview&tag_code={phpinfo()} HTTP/1.1" 404 47 "-" "Mozilla/5.0"
45.204.215.184 - - [05/Oct/2025:11:33:04 +0800] "GET /member/record.php?action=pay&mid=-1/*!50000union*//*!50000select*/md5(1),2,md5(1),md5(1),5,6,7,8,9-- HTTP/1.1" 404 47 "-" "Mozilla/5.0 (ZZ; Linux x86_64) AppleWebKit/537.36 (KHTML, like Gecko) Chrome/119.0.0.0 Safari/537.36"
45.204.215.184 - - [05/Oct/2025:11:33:05 +0800] "GET /index.php?g=Admin&m=Login&a=checkEmail&userid=1&email=%27+AND+%28SELECT+2578+FROM%28SELECT+COUNT%28%2A%29%2CCONCAT%280x71706b6b71%2C%28SELECT+%28ELT%282578%3D2578%2C1%29%29%29%2C0x7162627671%2CFLOOR%28RAND%280%29%2A2%29%29x+FROM+INFORMATION_SCHEMA.PLUGINS+GROUP+BY+x%29a%29--+xmVt HTTP/1.1" 301 5 "-" "Mozilla/5.0 (Windows NT 10.0; Win64; x64; rv:132.0) Gecko/20100101 Firefox/132.0"
45.204.215.184 - - [05/Oct/2025:11:33:05 +0800] "GET /SubCategory.aspx?keywords=2&minSalePrice&maxSalePrice&categoryId=1&TagIds=convert(int,(char(71)%2Bchar(65)%2Bchar(79)%2Bchar(32)%2Bchar(74)%2Bchar(73)%2Bchar(64)%2B@@version))&brand=27 HTTP/1.1" 301 5 "-" "Mozilla/5.0 (Debian; Linux i686) AppleWebKit/537.36 (KHTML, like Gecko) Chrome/125.0.0.0 Safari/537.36"
45.204.215.184 - - [05/Oct/2025:11:33:05 +0800] "GET /wapshop/productlist.aspx?sort=char(sys.fn_varbintohexstr(hashbytes('MD5','1234'))) HTTP/1.1" 301 5 "-" "Mozilla/5.0 (ZZ; Linux i686; rv:135.0) Gecko/20100101 Firefox/135.0"
36.133.115.36 - - [05/Oct/2025:11:33:05 +0800] "POST /wp-cron.php?doing_wp_cron=1759635185.4865419864654541015625 HTTP/1.1" 200 31 "-" "WordPress/6.8.2; http://cqqizhou.com"
45.204.215.184 - - [05/Oct/2025:11:33:05 +0800] "GET /Brand.aspx?pageIndex=1&sortOrderBy=VistiCounts%20Desc)%20AS%20RowNumber%20FROM%20vw_Hishop_BrowseProductList%20p%20WHERE%20SaleStatus%20=%201)%20T%20WHERE%201=1%20and%201=convert(int,(char(71)%2Bchar(65)%2Bchar(79)%2Bchar(32)%2Bchar(74)%2Bchar(73)%2Bchar(64)%2B@@version))%20-- HTTP/1.1" 301 5 "-" "Mozilla/5.0 (Fedora; Linux i686) AppleWebKit/537.36 (KHTML, like Gecko) Chrome/134.0.0.0 Safari/537.36"
45.204.215.184 - - [05/Oct/2025:11:33:05 +0800] "GET /e/install/index.aspx?__EVENTTARGET&__EVENTARGUMENT&__VIEWSTATE=%2FwEPDwULLTExODcwMDU5OTgPZBYCAgEPZBYCAgMPFgIeB1Zpc2libGVoZGQ%3D&ctl02=%E8%BF%90%E8%A1%8CSQ HTTP/1.1" 301 5 "-" "Mozilla/5.0 (Debian; Linux x86_64) AppleWebKit/537.36 (KHTML, like Gecko) Chrome/126.0.0.0 Safari/537.36"
45.204.215.184 - - [05/Oct/2025:11:33:05 +0800] "GET /?member/login/aaaaaa}{pboot:if(true);use/**/function/**/var_dump/**/as/**/test;use/**/function/**/md5/**/as/**/test1;use/**/function/**/get/**/as/**/test3;test(test1(test3('content')));if(true)}{/pboot:if}&content=999999999 HTTP/1.1" 301 5 "-" "Mozilla/5.0 (Windows NT 10.0) AppleWebKit/537.36 (KHTML, like Gecko) Chrome/40.0.2214.93 Safari/537.36"
45.204.215.184 - - [05/Oct/2025:11:33:05 +0800] "GET /plus/Ajaxs.asp?action=GetRelativeItem&Key=goingta%2525%2527%2529%2520%2575%256E%2569%256F%256E%2520%2573%2565%256C%2565%2563%2574%25201,2,6666123%252b777700%252b9%20from%20KS_Admin%2500 HTTP/1.1" 301 5 "-" "Mozilla/5.0 (SS; Linux i686) AppleWebKit/537.36 (KHTML, like Gecko) Chrome/133.0.0.0 Safari/537.36"
45.204.215.184 - - [05/Oct/2025:11:33:05 +0800] "POST /?tag=%7d%73%71%6c%3a%20%20%7b%70%62%6f%6f%74%3a%6c%69%73%74%20%66%69%6c%74%65%72%3d%31%3d%32%29%55%4e%49%4f%4e%28%53%45%4c%45%43%54%2f%2a%2a%2f%31%2c%31%2c%31%2c%31%2c%31%2c%31%2c%31%2c%31%2c%31%2c%31%2c%28%73%65%6c%65%63%74%2f%2a%2a%2f%76%65%72%73%69%6f%6e%28%29%29%2c%31%2c%31%2c%31%2c%31%2c%31%2c%31%2c%31%2c%31%2c%31%2c%31%2c%31%2c%31%2c%31%2c%31%2c%31%2c%31%2c%31%2c%31%2c%31%2c%31%2c%31%2c%31%2c%31%2c%31%2c%31%2c%31%2c%31%2c%31%2c%31%2c%31%2c%31%2c%31%2c%31%2c%31%2c%31%2c%31%2c%31%29%2f%2a%2a%2f%23%2f%2a%2a%2f%7c%31%32%33%20%73%63%6f%64%65%3d%31%32%33%7d%5b%6c%69%73%74%3a%6c%69%6e%6b%20%6c%69%6e%6b%3d%61%73%64%5d%7b%2f%70%62%6f%6f%74%3a%6c%69%73%74%7d HTTP/1.1" 404 8989 "-" "Mozilla/5.0 (Windows NT 10.0; Win64; x64; rv:132.0) Gecko/20100101 Firefox/132.0"
45.204.215.184 - - [05/Oct/2025:11:33:05 +0800] "POST /plus/weixin.php?signature=da39a3ee5e6b4b0d3255bfef95601890afd80709&timestamp&nonce HTTP/1.1" 404 47 "-" "Mozilla/5.0 (Macintosh; Intel Mac OS X 10_15_6) AppleWebKit/605.1.15 (KHTML, like Gecko) Version/15.3 Safari/605.1.15"
45.204.215.184 - - [05/Oct/2025:11:33:05 +0800] "POST /member/chat.php?touser=admin HTTP/1.1" 404 47 "-" "Mozilla/5.0"
45.204.215.184 - - [05/Oct/2025:11:33:06 +0800] "POST /pay/index/pay_callback.html HTTP/1.1" 404 8990 "-" "Mozilla/5.0 (ZZ; Linux x86_64; rv:128.0) Gecko/20100101 Firefox/128.0"
45.204.215.184 - - [05/Oct/2025:11:33:06 +0800] "POST /index.php HTTP/1.1" 200 33467 "-" "Mozilla/5.0 (Windows NT 10.0; rv:78.0) Gecko/20100101 Firefox/78.0"
45.204.215.184 - - [05/Oct/2025:11:33:06 +0800] "POST / HTTP/1.1" 200 33467 "-" "Mozilla/5.0 (Windows NT 10.0; rv:78.0) Gecko/20100101 Firefox/78.0"
36.133.115.36 - - [05/Oct/2025:11:34:15 +0800] "POST /wp-cron.php?doing_wp_cron=1759635255.2091319561004638671875 HTTP/1.1" 200 31 "-" "WordPress/6.8.2; http://cqqizhou.com"
45.204.215.184 - - [05/Oct/2025:11:34:15 +0800] "GET /hits/?lang=cn&type=news&vid=1%27%20%41%4e%44%20%28%53%45%4c%45%43%54%20%31%33%39%31%20%46%52%4f%4d%20%28%53%45%4c%45%43%54%28%53%4c%45%45%50%28%31%29%29%29%45%47%4d%4c%29%20%41%4e%44%20%27%4e%49%48%48%27%3d%27%4e%49%48%48&list=1 HTTP/1.1" 301 5 "-" "Mozilla/5.0 (Windows NT 10.0; Win64; x64; rv:125.0) Gecko/20100101 Firefox/125.0"
45.204.215.184 - - [05/Oct/2025:11:34:15 +0800] "GET /zhanting/index.php?id=1'union+select+1,2,3,4,5,6,7,8,9,10,11,12,13,14,15,16,17,18,19,20,21,22,23,24,25,26,27,28,29,30,31,32,33,34,35,36,sleep(4)+--+x&skin HTTP/1.1" 404 47 "-" "Mozilla/5.0 (Windows NT 10.0; Win64; x64; rv:128.0) Gecko/20100101 Firefox/128.0"
45.204.215.184 - - [05/Oct/2025:11:34:17 +0800] "GET /zhanting/index.php?id=1'union+select+1,2,3,4,5,6,7,8,9,10,11,12,13,14,15,16,17,18,19,20,21,22,23,24,25,26,27,28,29,30,31,32,33,34,35,36,sleep(8)+--+x&skin HTTP/1.1" 404 47 "-" "Mozilla/5.0 (Windows NT 10.0; Win64; x64; rv:128.0) Gecko/20100101 Firefox/128.0"
45.204.215.184 - - [05/Oct/2025:11:34:18 +0800] "GET /hits/?lang=cn&type=news&vid=1%27%20%41%4e%44%20%28%53%45%4c%45%43%54%20%31%33%39%31%20%46%52%4f%4d%20%28%53%45%4c%45%43%54%28%53%4c%45%45%50%28%31%30%29%29%29%45%47%4d%4c%29%20%41%4e%44%20%27%4e%49%48%48%27%3d%27%4e%49%48%48&list=1 HTTP/1.1" 301 5 "-" "Mozilla/5.0 (Windows NT 10.0; Win64; x64; rv:125.0) Gecko/20100101 Firefox/125.0"
45.204.215.184 - - [05/Oct/2025:11:34:22 +0800] "POST /feedback/uploadfile_save.php?met_file_format=pphphp&met_file_maxsize=9999&lang=metinfo HTTP/1.1" 404 47 "-" "Mozilla/5.0 (X11; Linux x86_64) AppleWebKit/537.36 (KHTML, like Gecko) Chrome/47.0.2526.73 Safari/537.36"
45.204.215.184 - - [05/Oct/2025:11:34:24 +0800] "GET /upload/file/1759635264.php HTTP/1.1" 404 47 "-" "Mozilla/5.0 (X11; Linux x86_64) AppleWebKit/537.36 (KHTML, like Gecko) Chrome/47.0.2526.73 Safari/537.36"
36.133.115.36 - - [05/Oct/2025:11:34:55 +0800] "POST /wp-cron.php?doing_wp_cron=1759635295.1958711147308349609375 HTTP/1.1" 200 31 "-" "WordPress/6.8.2; http://cqqizhou.com"
45.204.215.184 - - [05/Oct/2025:11:34:55 +0800] "POST /index.php?s=/Index/\x5Cthink\x5Capp/invokefunction HTTP/1.1" 200 17198 "-" "Mozilla/5.0 (Windows NT 10.0; rv:78.0) Gecko/20100101 Firefox/78.0"
45.204.215.184 - - [05/Oct/2025:11:34:58 +0800] "POST /index.php?s=/Index/\x5Cthink\x5Capp/invokefunction HTTP/1.1" 200 17198 "-" "Mozilla/5.0 (Windows NT 10.0; rv:78.0) Gecko/20100101 Firefox/78.0"
45.204.215.184 - - [05/Oct/2025:11:35:00 +0800] "POST /index.php?s=captcha HTTP/1.1" 200 17164 "-" "Mozilla/5.0 (Windows NT 10.0; rv:78.0) Gecko/20100101 Firefox/78.0"
45.204.215.184 - - [05/Oct/2025:11:35:03 +0800] "POST /index.php?s=captcha HTTP/1.1" 200 17164 "-" "Mozilla/5.0 (Windows NT 10.0; rv:78.0) Gecko/20100101 Firefox/78.0"
36.133.115.36 - - [05/Oct/2025:11:38:55 +0800] "POST /wp-cron.php?doing_wp_cron=1759635535.8650200366973876953125 HTTP/1.1" 200 31 "-" "WordPress/6.8.2; http://cqqizhou.com"
87.120.191.84 - - [05/Oct/2025:11:38:56 +0800] "GET / HTTP/1.1" 200 33467 "-" "Mozilla/5.0 (Windows NT 10.0; Win64; x64) AppleWebKit/537.36 (KHTML, like Gecko) Chrome/90.0.4430.85 Safari/537.36 Edg/90.0.818.46"
36.133.115.36 - - [05/Oct/2025:11:56:39 +0800] "POST /wp-cron.php?doing_wp_cron=1759636599.1522190570831298828125 HTTP/1.1" 200 31 "-" "WordPress/6.8.2; http://cqqizhou.com"
43.135.211.148 - - [05/Oct/2025:11:56:39 +0800] "GET / HTTP/1.1" 301 5 "-" "Mozilla/5.0 (iPhone; CPU iPhone OS 13_2_3 like Mac OS X) AppleWebKit/605.1.15 (KHTML, like Gecko) Version/13.0.3 Mobile/15E148 Safari/604.1"
43.135.211.148 - - [05/Oct/2025:11:56:43 +0800] "GET / HTTP/1.1" 200 33467 "http://36.133.115.36" "Mozilla/5.0 (iPhone; CPU iPhone OS 13_2_3 like Mac OS X) AppleWebKit/605.1.15 (KHTML, like Gecko) Version/13.0.3 Mobile/15E148 Safari/604.1"
36.133.115.36 - - [05/Oct/2025:11:58:17 +0800] "POST /wp-cron.php?doing_wp_cron=1759636697.1969540119171142578125 HTTP/1.1" 200 31 "-" "WordPress/6.8.2; http://cqqizhou.com"
87.120.191.84 - - [05/Oct/2025:11:58:17 +0800] "GET / HTTP/1.1" 200 33467 "-" "Mozilla/5.0 (Windows NT 10.0; Win64; x64) AppleWebKit/537.36 (KHTML, like Gecko) Chrome/90.0.4430.85 Safari/537.36 Edg/90.0.818.46"
87.120.191.70 - - [05/Oct/2025:11:58:21 +0800] "GET / HTTP/1.1" 200 33467 "-" "Mozilla/5.0 (Windows NT 10.0; Win64; x64) AppleWebKit/537.36 (KHTML, like Gecko) Chrome/90.0.4430.85 Safari/537.36 Edg/90.0.818.46"
36.133.115.36 - - [05/Oct/2025:12:09:29 +0800] "POST /wp-cron.php?doing_wp_cron=1759637369.7273809909820556640625 HTTP/1.1" 200 31 "-" "WordPress/6.8.2; http://cqqizhou.com"
43.157.156.190 - - [05/Oct/2025:12:09:30 +0800] "GET / HTTP/1.1" 200 33466 "-" "Mozilla/5.0 (iPhone; CPU iPhone OS 13_2_3 like Mac OS X) AppleWebKit/605.1.15 (KHTML, like Gecko) Version/13.0.3 Mobile/15E148 Safari/604.1"
36.133.115.36 - - [05/Oct/2025:12:10:53 +0800] "POST /wp-cron.php?doing_wp_cron=1759637453.9281880855560302734375 HTTP/1.1" 200 31 "-" "WordPress/6.8.2; http://cqqizhou.com"
87.120.191.90 - - [05/Oct/2025:12:10:54 +0800] "GET / HTTP/1.1" 200 33467 "-" "Mozilla/5.0 (Windows NT 10.0; Win64; x64) AppleWebKit/537.36 (KHTML, like Gecko) Chrome/90.0.4430.85 Safari/537.36 Edg/90.0.818.46"
36.133.115.36 - - [05/Oct/2025:12:14:38 +0800] "POST /wp-cron.php?doing_wp_cron=1759637678.2534270286560058593750 HTTP/1.1" 200 31 "-" "WordPress/6.8.2; http://cqqizhou.com"
93.123.109.214 - - [05/Oct/2025:12:14:38 +0800] "GET / HTTP/1.1" 301 5 "-" "l9tcpid/v1.1.0"
36.133.115.36 - - [05/Oct/2025:12:23:48 +0800] "POST /wp-cron.php?doing_wp_cron=1759638228.5518100261688232421875 HTTP/1.1" 200 31 "-" "WordPress/6.8.2; http://cqqizhou.com"
43.153.79.218 - - [05/Oct/2025:12:23:48 +0800] "GET / HTTP/1.1" 200 33467 "-" "Mozilla/5.0 (iPhone; CPU iPhone OS 13_2_3 like Mac OS X) AppleWebKit/605.1.15 (KHTML, like Gecko) Version/13.0.3 Mobile/15E148 Safari/604.1"
36.133.115.36 - - [05/Oct/2025:12:31:24 +0800] "POST /wp-cron.php?doing_wp_cron=1759638684.8683459758758544921875 HTTP/1.1" 200 31 "-" "WordPress/6.8.2; http://cqqizhou.com"
43.159.139.164 - - [05/Oct/2025:12:31:25 +0800] "GET / HTTP/1.1" 200 33467 "-" "Mozilla/5.0 (iPhone; CPU iPhone OS 13_2_3 like Mac OS X) AppleWebKit/605.1.15 (KHTML, like Gecko) Version/13.0.3 Mobile/15E148 Safari/604.1"
87.120.191.6 - - [05/Oct/2025:12:31:25 +0800] "GET / HTTP/1.1" 200 33467 "-" "Mozilla/5.0 (Windows NT 10.0; Win64; x64) AppleWebKit/537.36 (KHTML, like Gecko) Chrome/90.0.4430.85 Safari/537.36 Edg/90.0.818.46"
36.133.115.36 - - [05/Oct/2025:12:36:11 +0800] "POST /wp-cron.php?doing_wp_cron=1759638970.9632639884948730468750 HTTP/1.1" 200 31 "-" "WordPress/6.8.2; http://cqqizhou.com"
91.230.168.202 - - [05/Oct/2025:12:36:11 +0800] "GET / HTTP/1.1" 301 5 "-" "Mozilla/5.0 (X11; Ubuntu; Linux x86_64; rv:134.0) Gecko/20100101 Firefox/134.0"
36.133.115.36 - - [05/Oct/2025:12:51:06 +0800] "POST /wp-cron.php?doing_wp_cron=1759639866.8021769523620605468750 HTTP/1.1" 200 31 "-" "WordPress/6.8.2; http://cqqizhou.com"
87.120.191.84 - - [05/Oct/2025:12:51:07 +0800] "GET / HTTP/1.1" 200 33468 "-" "Mozilla/5.0 (Windows NT 10.0; Win64; x64) AppleWebKit/537.36 (KHTML, like Gecko) Chrome/90.0.4430.85 Safari/537.36 Edg/90.0.818.46"
36.133.115.36 - - [05/Oct/2025:12:54:55 +0800] "POST /wp-cron.php?doing_wp_cron=1759640095.7564620971679687500000 HTTP/1.1" 200 31 "-" "WordPress/6.8.2; http://cqqizhou.com"
87.120.191.90 - - [05/Oct/2025:12:54:56 +0800] "GET / HTTP/1.1" 200 33467 "-" "Mozilla/5.0 (Windows NT 10.0; Win64; x64) AppleWebKit/537.36 (KHTML, like Gecko) Chrome/90.0.4430.85 Safari/537.36 Edg/90.0.818.46"
36.133.115.36 - - [05/Oct/2025:12:56:42 +0800] "POST /wp-cron.php?doing_wp_cron=1759640202.2562479972839355468750 HTTP/1.1" 200 31 "-" "WordPress/6.8.2; http://cqqizhou.com"
45.204.215.184 - - [05/Oct/2025:12:56:42 +0800] "GET /?lang=../../../../../usr/local/php/pearcmd HTTP/1.1" 301 5 "-" "Mozilla/5.0 (Debian; Linux x86_64; rv:123.0) Gecko/20100101 Firefox/123.0"
45.204.215.184 - - [05/Oct/2025:12:56:43 +0800] "GET /index.php/?suanve=}{pboot:if((get_lg/*suanve-*/())/**/(get_backurl/*suanve-*/()))}123321suanve{/pboot:if}&backurl=;id HTTP/1.1" 301 5 "-" "Mozilla/5.0 (Windows NT 10.0) AppleWebKit/537.36 (KHTML, like Gecko) Chrome/40.0.2214.93 Safari/537.36"
45.204.215.184 - - [05/Oct/2025:12:56:46 +0800] "GET / HTTP/1.1" 301 5 "-" "Mozilla/5.0 (Debian; Linux x86_64; rv:123.0) Gecko/20100101 Firefox/123.0"
36.133.115.36 - - [05/Oct/2025:12:56:46 +0800] "POST /wp-cron.php?doing_wp_cron=1759640206.2719330787658691406250 HTTP/1.1" 200 31 "-" "WordPress/6.8.2; http://cqqizhou.com"
45.204.215.184 - - [05/Oct/2025:12:56:46 +0800] "GET /index.php/keyword?keyword=}{pboot:if((get_lg/*suanve-*/())/**/(get_backurl/*suanve-*/()))}123321suanve{/pboot:if}&backurl=;id HTTP/1.1" 301 5 "-" "Mozilla/5.0 (Windows NT 10.0) AppleWebKit/537.36 (KHTML, like Gecko) Chrome/40.0.2214.93 Safari/537.36"
45.204.215.184 - - [05/Oct/2025:12:56:49 +0800] "GET /?member/login/?suanve=}{pboot:if((get_lg/*suanve-*/())/**/(get_backurl/*suanve-*/()))}123321suanve{/pboot:if}&backurl=;id HTTP/1.1" 301 5 "-" "Mozilla/5.0 (Windows NT 10.0) AppleWebKit/537.36 (KHTML, like Gecko) Chrome/40.0.2214.93 Safari/537.36"
45.204.215.184 - - [05/Oct/2025:12:56:49 +0800] "GET /?+config-create+/&lang=../../../../../../../../../../../usr/local/lib/php/pearcmd&/safedog()+exWJS7lFYT.log HTTP/1.1" 301 5 "-" "Mozilla/5.0 (Windows NT 10.0; WOW64) AppleWebKit/537.36 (KHTML, like Gecko) Chrome/62.0.3202.94 Safari/537.36"
36.133.115.36 - - [05/Oct/2025:12:59:34 +0800] "POST /wp-cron.php?doing_wp_cron=1759640374.9165260791778564453125 HTTP/1.1" 200 31 "-" "WordPress/6.8.2; http://cqqizhou.com"
180.110.203.108 - - [05/Oct/2025:12:59:34 +0800] "GET / HTTP/1.1" 301 5 "-" "Mozilla/5.0 (iPhone; CPU iPhone OS 13_2_3 like Mac OS X) AppleWebKit/605.1.15 (KHTML, like Gecko) Version/13.0.3 Mobile/15E148 Safari/604.1"
180.110.203.108 - - [05/Oct/2025:12:59:37 +0800] "GET / HTTP/1.1" 200 33467 "http://www.cqqizhou.com" "Mozilla/5.0 (iPhone; CPU iPhone OS 13_2_3 like Mac OS X) AppleWebKit/605.1.15 (KHTML, like Gecko) Version/13.0.3 Mobile/15E148 Safari/604.1"
36.133.115.36 - - [05/Oct/2025:13:04:10 +0800] "POST /wp-cron.php?doing_wp_cron=1759640650.0730359554290771484375 HTTP/1.1" 200 31 "-" "WordPress/6.8.2; http://cqqizhou.com"
13.86.115.189 - - [05/Oct/2025:13:04:10 +0800] "GET / HTTP/1.1" 301 5 "-" "Mozilla/5.0 zgrab/0.x"
36.133.115.36 - - [05/Oct/2025:13:06:39 +0800] "POST /wp-cron.php?doing_wp_cron=1759640799.6764750480651855468750 HTTP/1.1" 200 31 "-" "WordPress/6.8.2; http://cqqizhou.com"
87.120.191.84 - - [05/Oct/2025:13:06:39 +0800] "GET / HTTP/1.1" 200 33467 "-" "Mozilla/5.0 (Windows NT 10.0; Win64; x64) AppleWebKit/537.36 (KHTML, like Gecko) Chrome/90.0.4430.85 Safari/537.36 Edg/90.0.818.46"
36.133.115.36 - - [05/Oct/2025:13:13:00 +0800] "POST /wp-cron.php?doing_wp_cron=1759641180.6543240547180175781250 HTTP/1.1" 200 31 "-" "WordPress/6.8.2; http://cqqizhou.com"
87.120.191.70 - - [05/Oct/2025:13:13:00 +0800] "GET / HTTP/1.1" 200 33467 "-" "Mozilla/5.0 (Windows NT 10.0; Win64; x64) AppleWebKit/537.36 (KHTML, like Gecko) Chrome/90.0.4430.85 Safari/537.36 Edg/90.0.818.46"
36.133.115.36 - - [05/Oct/2025:13:19:14 +0800] "POST /wp-cron.php?doing_wp_cron=1759641554.4309101104736328125000 HTTP/1.1" 200 31 "-" "WordPress/6.8.2; http://cqqizhou.com"
87.120.191.84 - - [05/Oct/2025:13:19:14 +0800] "GET / HTTP/1.1" 200 33467 "-" "Mozilla/5.0 (Windows NT 10.0; Win64; x64) AppleWebKit/537.36 (KHTML, like Gecko) Chrome/90.0.4430.85 Safari/537.36 Edg/90.0.818.46"
36.133.115.36 - - [05/Oct/2025:13:40:12 +0800] "POST /wp-cron.php?doing_wp_cron=1759642812.1281840801239013671875 HTTP/1.1" 200 31 "-" "WordPress/6.8.2; http://cqqizhou.com"
87.120.191.90 - - [05/Oct/2025:13:40:12 +0800] "GET / HTTP/1.1" 200 33466 "-" "Mozilla/5.0 (Windows NT 10.0; Win64; x64) AppleWebKit/537.36 (KHTML, like Gecko) Chrome/90.0.4430.85 Safari/537.36 Edg/90.0.818.46"
87.120.191.84 - - [05/Oct/2025:13:40:14 +0800] "GET / HTTP/1.1" 200 33467 "-" "Mozilla/5.0 (Windows NT 10.0; Win64; x64) AppleWebKit/537.36 (KHTML, like Gecko) Chrome/90.0.4430.85 Safari/537.36 Edg/90.0.818.46"
36.133.115.36 - - [05/Oct/2025:13:54:53 +0800] "POST /wp-cron.php?doing_wp_cron=1759643693.1847240924835205078125 HTTP/1.1" 200 31 "-" "WordPress/6.8.2; http://cqqizhou.com"
87.120.191.6 - - [05/Oct/2025:13:54:53 +0800] "GET / HTTP/1.1" 200 33467 "-" "Mozilla/5.0 (Windows NT 10.0; Win64; x64) AppleWebKit/537.36 (KHTML, like Gecko) Chrome/90.0.4430.85 Safari/537.36 Edg/90.0.818.46"
87.120.191.84 - - [05/Oct/2025:13:55:18 +0800] "GET / HTTP/1.1" 200 33467 "-" "Mozilla/5.0 (Windows NT 10.0; Win64; x64) AppleWebKit/537.36 (KHTML, like Gecko) Chrome/90.0.4430.85 Safari/537.36 Edg/90.0.818.46"
61.170.153.95 - - [05/Oct/2025:14:08:14 +0800] "GET / HTTP/1.1" 200 39369 "-" "Mozilla/5.0 (Windows NT 6.2; Win64; x64) AppleWebKit/537.36 (KHTML, like Gecko) Chrome/83.0.4103.39"
36.133.115.36 - - [05/Oct/2025:14:08:15 +0800] "POST /wp-cron.php?doing_wp_cron=1759644495.4146010875701904296875 HTTP/1.1" 200 31 "-" "WordPress/6.8.2; http://cqqizhou.com"
171.127.122.181 - - [05/Oct/2025:14:08:15 +0800] "GET / HTTP/1.1" 301 5 "-" "Mozilla/5.0 (Windows NT 6.1) AppleWebKit/537.36 (KHTML, like Gecko) Chrome/77.0.3865.10"
171.127.122.181 - - [05/Oct/2025:14:08:15 +0800] "GET / HTTP/1.1" 200 39369 "-" "Mozilla/5.0 (Windows NT 6.1) AppleWebKit/537.36 (KHTML, like Gecko) Chrome/77.0.3865.10"
36.133.115.36 - - [05/Oct/2025:14:09:41 +0800] "POST /wp-cron.php?doing_wp_cron=1759644581.4203789234161376953125 HTTP/1.1" 200 31 "-" "WordPress/6.8.2; http://cqqizhou.com"
135.222.40.73 - - [05/Oct/2025:14:09:41 +0800] "GET /ReportServer HTTP/1.1" 404 8990 "-" "Mozilla/5.0 zgrab/0.x"
36.133.115.36 - - [05/Oct/2025:14:16:51 +0800] "POST /wp-cron.php?doing_wp_cron=1759645011.1644909381866455078125 HTTP/1.1" 200 31 "-" "WordPress/6.8.2; http://cqqizhou.com"
87.120.191.84 - - [05/Oct/2025:14:16:51 +0800] "GET / HTTP/1.1" 200 33467 "-" "Mozilla/5.0 (Windows NT 10.0; Win64; x64) AppleWebKit/537.36 (KHTML, like Gecko) Chrome/90.0.4430.85 Safari/537.36 Edg/90.0.818.46"
36.133.115.36 - - [05/Oct/2025:14:21:30 +0800] "POST /wp-cron.php?doing_wp_cron=1759645290.0259149074554443359375 HTTP/1.1" 200 31 "-" "WordPress/6.8.2; http://cqqizhou.com"
87.120.191.90 - - [05/Oct/2025:14:21:30 +0800] "GET / HTTP/1.1" 200 33467 "-" "Mozilla/5.0 (Windows NT 10.0; Win64; x64) AppleWebKit/537.36 (KHTML, like Gecko) Chrome/90.0.4430.85 Safari/537.36 Edg/90.0.818.46"
36.133.115.36 - - [05/Oct/2025:14:25:56 +0800] "POST /wp-cron.php?doing_wp_cron=1759645556.2315220832824707031250 HTTP/1.1" 200 31 "-" "WordPress/6.8.2; http://cqqizhou.com"
35.203.210.241 - - [05/Oct/2025:14:25:56 +0800] "GET /.well-known/security.txt HTTP/1.1" 301 5 "-" "Hello from Palo Alto Networks, find out more about our scans in https://docs-cortex.paloaltonetworks.com/r/1/Cortex-Xpanse/Scanning-activity"
35.203.210.241 - - [05/Oct/2025:14:25:57 +0800] "GET /.well-known/security.txt HTTP/1.1" 404 31381 "http://36.133.115.36:80/.well-known/security.txt" "Hello from Palo Alto Networks, find out more about our scans in https://docs-cortex.paloaltonetworks.com/r/1/Cortex-Xpanse/Scanning-activity"
36.133.115.36 - - [05/Oct/2025:14:27:02 +0800] "POST /wp-cron.php?doing_wp_cron=1759645622.5295240879058837890625 HTTP/1.1" 200 31 "-" "WordPress/6.8.2; http://cqqizhou.com"
87.120.191.70 - - [05/Oct/2025:14:27:02 +0800] "GET / HTTP/1.1" 200 33467 "-" "Mozilla/5.0 (Windows NT 10.0; Win64; x64) AppleWebKit/537.36 (KHTML, like Gecko) Chrome/90.0.4430.85 Safari/537.36 Edg/90.0.818.46"
36.133.115.36 - - [05/Oct/2025:14:46:32 +0800] "POST /wp-cron.php?doing_wp_cron=1759646792.0566279888153076171875 HTTP/1.1" 200 31 "-" "WordPress/6.8.2; http://cqqizhou.com"
43.159.145.149 - - [05/Oct/2025:14:46:32 +0800] "GET / HTTP/1.1" 301 5 "-" "Mozilla/5.0 (iPhone; CPU iPhone OS 13_2_3 like Mac OS X) AppleWebKit/605.1.15 (KHTML, like Gecko) Version/13.0.3 Mobile/15E148 Safari/604.1"
43.159.145.149 - - [05/Oct/2025:14:46:34 +0800] "GET / HTTP/1.1" 200 33467 "http://www.cqqizhou.com" "Mozilla/5.0 (iPhone; CPU iPhone OS 13_2_3 like Mac OS X) AppleWebKit/605.1.15 (KHTML, like Gecko) Version/13.0.3 Mobile/15E148 Safari/604.1"
36.133.115.36 - - [05/Oct/2025:14:55:07 +0800] "POST /wp-cron.php?doing_wp_cron=1759647307.7212591171264648437500 HTTP/1.1" 200 31 "-" "WordPress/6.8.2; http://cqqizhou.com"
91.224.92.17 - - [05/Oct/2025:14:55:08 +0800] "GET / HTTP/1.1" 200 151919 "-" "-"
36.133.115.36 - - [05/Oct/2025:14:56:19 +0800] "POST /wp-cron.php?doing_wp_cron=1759647379.9241330623626708984375 HTTP/1.1" 200 31 "-" "WordPress/6.8.2; http://cqqizhou.com"
87.120.191.84 - - [05/Oct/2025:14:56:20 +0800] "GET / HTTP/1.1" 200 33467 "-" "Mozilla/5.0 (Windows NT 10.0; Win64; x64) AppleWebKit/537.36 (KHTML, like Gecko) Chrome/90.0.4430.85 Safari/537.36 Edg/90.0.818.46"
36.133.115.36 - - [05/Oct/2025:15:03:58 +0800] "POST /wp-cron.php?doing_wp_cron=1759647838.1938450336456298828125 HTTP/1.1" 200 31 "-" "WordPress/6.8.2; http://cqqizhou.com"
87.120.191.90 - - [05/Oct/2025:15:03:58 +0800] "GET / HTTP/1.1" 200 33467 "-" "Mozilla/5.0 (Windows NT 10.0; Win64; x64) AppleWebKit/537.36 (KHTML, like Gecko) Chrome/90.0.4430.85 Safari/537.36 Edg/90.0.818.46"
180.184.144.185 - - [05/Oct/2025:15:07:37 +0800] "GET / HTTP/1.1" 200 39369 "-" "Mozilla/5.0 (Macintosh; Intel Mac OS X 10_15_7) AppleWebKit/537.36 (KHTML, like Gecko) Chrome/106.0.0.0 Safari/537.36"
36.133.115.36 - - [05/Oct/2025:15:18:36 +0800] "POST /wp-cron.php?doing_wp_cron=1759648715.9674849510192871093750 HTTP/1.1" 200 31 "-" "WordPress/6.8.2; http://cqqizhou.com"
195.178.110.15 - - [05/Oct/2025:15:18:36 +0800] "GET / HTTP/1.1" 301 5 "-" "l9tcpid/v1.1.0"
36.133.115.36 - - [05/Oct/2025:15:29:02 +0800] "POST /wp-cron.php?doing_wp_cron=1759649342.5181879997253417968750 HTTP/1.1" 200 31 "-" "WordPress/6.8.2; http://cqqizhou.com"
201.220.150.103 - - [05/Oct/2025:15:29:03 +0800] "GET / HTTP/1.1" 200 151919 "-" "Mozilla/5.0 (Windows NT 10.0; WOW64) AppleWebKit/537.36 (KHTML, like Gecko) Chrome/51.0.2704.103 Safari/537.36"
36.133.115.36 - - [05/Oct/2025:15:34:16 +0800] "POST /wp-cron.php?doing_wp_cron=1759649656.6814720630645751953125 HTTP/1.1" 200 31 "-" "WordPress/6.8.2; http://cqqizhou.com"
87.120.191.6 - - [05/Oct/2025:15:34:16 +0800] "GET / HTTP/1.1" 200 33467 "-" "Mozilla/5.0 (Windows NT 10.0; Win64; x64) AppleWebKit/537.36 (KHTML, like Gecko) Chrome/90.0.4430.85 Safari/537.36 Edg/90.0.818.46"
36.133.115.36 - - [05/Oct/2025:15:35:26 +0800] "POST /wp-cron.php?doing_wp_cron=1759649726.7175209522247314453125 HTTP/1.1" 200 31 "-" "WordPress/6.8.2; http://cqqizhou.com"
123.160.221.141 - - [05/Oct/2025:15:35:27 +0800] "GET / HTTP/1.1" 200 41369 "-" "curl/7.64.1"
113.141.87.68 - - [05/Oct/2025:15:35:36 +0800] "GET / HTTP/1.1" 200 39369 "-" "Mozilla/5.0 (Macintosh; Intel Mac OS X 10_15_7) AppleWebKit/537.36 (KHTML, like Gecko) Chrome/96.0.4664.110 Safari/537.36"
111.7.106.107 - - [05/Oct/2025:15:35:45 +0800] "GET / HTTP/1.1" 301 5 "-" "Mozilla/5.0 (Macintosh; Intel Mac OS X 10_15_7) AppleWebKit/537.36 (KHTML, like Gecko) Chrome/96.0.4664.110 Safari/537.36"
111.7.106.107 - - [05/Oct/2025:15:35:45 +0800] "GET / HTTP/1.1" 200 39369 "http://36.133.115.36" "Mozilla/5.0 (Macintosh; Intel Mac OS X 10_15_7) AppleWebKit/537.36 (KHTML, like Gecko) Chrome/96.0.4664.110 Safari/537.36"
36.133.115.36 - - [05/Oct/2025:15:36:01 +0800] "POST /wp-cron.php?doing_wp_cron=1759649761.2802109718322753906250 HTTP/1.1" 200 31 "-" "WordPress/6.8.2; http://cqqizhou.com"
123.160.223.75 - - [05/Oct/2025:15:36:01 +0800] "GET / HTTP/1.1" 301 5 "-" "Mozilla/5.0 (Macintosh; Intel Mac OS X 10_15_7) AppleWebKit/537.36 (KHTML, like Gecko) Chrome/96.0.4664.110 Safari/537.36"
123.160.223.73 - - [05/Oct/2025:15:36:02 +0800] "GET / HTTP/1.1" 200 39369 "http://www.cqqizhou.com" "Mozilla/5.0 (Macintosh; Intel Mac OS X 10_15_7) AppleWebKit/537.36 (KHTML, like Gecko) Chrome/96.0.4664.110 Safari/537.36"
195.178.110.15 - - [05/Oct/2025:15:36:32 +0800] "GET / HTTP/1.1" 301 5 "-" "l9tcpid/v1.1.0"
36.133.115.36 - - [05/Oct/2025:15:37:36 +0800] "POST /wp-cron.php?doing_wp_cron=1759649856.0881528854370117187500 HTTP/1.1" 200 31 "-" "WordPress/6.8.2; http://cqqizhou.com"
87.120.191.70 - - [05/Oct/2025:15:37:36 +0800] "GET / HTTP/1.1" 200 33467 "-" "Mozilla/5.0 (Windows NT 10.0; Win64; x64) AppleWebKit/537.36 (KHTML, like Gecko) Chrome/90.0.4430.85 Safari/537.36 Edg/90.0.818.46"
36.133.115.36 - - [05/Oct/2025:15:42:41 +0800] "POST /wp-cron.php?doing_wp_cron=1759650161.8327960968017578125000 HTTP/1.1" 200 31 "-" "WordPress/6.8.2; http://cqqizhou.com"
87.120.191.84 - - [05/Oct/2025:15:42:42 +0800] "GET / HTTP/1.1" 200 33467 "-" "Mozilla/5.0 (Windows NT 10.0; Win64; x64) AppleWebKit/537.36 (KHTML, like Gecko) Chrome/90.0.4430.85 Safari/537.36 Edg/90.0.818.46"
36.133.115.36 - - [05/Oct/2025:15:45:12 +0800] "POST /wp-cron.php?doing_wp_cron=1759650312.2343859672546386718750 HTTP/1.1" 200 31 "-" "WordPress/6.8.2; http://cqqizhou.com"
87.120.191.90 - - [05/Oct/2025:15:45:12 +0800] "GET / HTTP/1.1" 200 33466 "-" "Mozilla/5.0 (Windows NT 10.0; Win64; x64) AppleWebKit/537.36 (KHTML, like Gecko) Chrome/90.0.4430.85 Safari/537.36 Edg/90.0.818.46"
36.133.115.36 - - [05/Oct/2025:15:49:54 +0800] "POST /wp-cron.php?doing_wp_cron=1759650594.1691699028015136718750 HTTP/1.1" 200 31 "-" "WordPress/6.8.2; http://cqqizhou.com"
36.155.132.150 - - [05/Oct/2025:15:49:54 +0800] "GET / HTTP/1.1" 301 5 "http://m.baidu.com/s?wd=mannerkod" "Mozilla/5.0 (Windows NT 6.1; WOW64; rv:43.0) Gecko/20100101 Firefox/43.0"
36.155.132.171 - - [05/Oct/2025:15:49:54 +0800] "GET / HTTP/1.1" 200 39369 "-" "Mozilla/5.0 (Windows NT 6.1; WOW64; rv:43.0) Gecko/20100101 Firefox/43.0"
36.133.115.36 - - [05/Oct/2025:15:51:37 +0800] "POST /wp-cron.php?doing_wp_cron=1759650697.3591170310974121093750 HTTP/1.1" 200 31 "-" "WordPress/6.8.2; http://cqqizhou.com"
23.234.85.67 - - [05/Oct/2025:15:51:37 +0800] "GET /?s=../%5Cthink%5Capp/invokefunction&function=call_user_func_array&vars%5B0%5D=md5&vars%5B1%5D%5B%5D=HelloThinkPHP HTTP/1.1" 200 17193 "-" "Mozilla/5.0 (Macintosh; Intel Mac OS X 10_12_6) AppleWebKit/537.36 (KHTML, like Gecko) Chrome/60.0.1519.78 Safari/537.36"
23.234.85.67 - - [05/Oct/2025:15:51:39 +0800] "GET /?s=../%5Cthink%5CContainer/invokefunction&function=call_user_func_array&vars%5B0%5D=md5&vars%5B1%5D%5B%5D=HelloThinkPHP HTTP/1.1" 200 17195 "-" "Mozilla/5.0 (Windows NT 10.0; WOW64) AppleWebKit/537.36 (KHTML, like Gecko) Chrome/55.0.288.61 Safari/537.36"
23.234.85.67 - - [05/Oct/2025:15:51:41 +0800] "GET /?s=/index/%5Cthink%5Capp/invokefunction&function=call_user_func_array&vars%5B0%5D=md5&vars%5B1%5D%5B%5D=HelloThinkPHP HTTP/1.1" 200 17195 "-" "Mozilla/5.0 (X11; Linux x86_64) AppleWebKit/537.36 (KHTML, like Gecko) Chrome/56.0.1706.81 Safari/537.36"
36.133.115.36 - - [05/Oct/2025:15:51:53 +0800] "POST /wp-cron.php?doing_wp_cron=1759650713.0260529518127441406250 HTTP/1.1" 200 31 "-" "WordPress/6.8.2; http://cqqizhou.com"
23.234.85.67 - - [05/Oct/2025:15:51:53 +0800] "GET /?s=/index/%5Cthink%5CContainer/invokefunction&function=call_user_func_array&vars%5B0%5D=md5&vars%5B1%5D%5B%5D=HelloThinkPHP HTTP/1.1" 200 17197 "-" "Mozilla/5.0 (X11; Linux x86_64) AppleWebKit/537.36 (KHTML, like Gecko) Chrome/62.0.2935.58 Safari/537.36"
23.234.85.67 - - [05/Oct/2025:15:52:06 +0800] "GET /?s=/Home/%5Cthink%5Capp/invokefunction&function=call_user_func_array&vars%5B0%5D=md5&vars%5B1%5D%5B%5D=HelloThinkPHP HTTP/1.1" 200 17198 "-" "Mozilla/5.0 (Macintosh; Intel Mac OS X 10_12_6) AppleWebKit/537.36 (KHTML, like Gecko) Chrome/62.0.1649.25 Safari/537.36"
36.133.115.36 - - [05/Oct/2025:15:55:02 +0800] "POST /wp-cron.php?doing_wp_cron=1759650902.6149520874023437500000 HTTP/1.1" 200 31 "-" "WordPress/6.8.2; http://cqqizhou.com"
45.142.195.99 - - [05/Oct/2025:15:55:02 +0800] "GET / HTTP/1.1" 200 33467 "-" "Mozilla/5.0 (Windows NT 10.0; Win64; x64) AppleWebKit/537.36 (KHTML, like Gecko) Chrome/90.0.4430.85 Safari/537.36 Edg/90.0.818.46"
36.133.115.36 - - [05/Oct/2025:15:59:15 +0800] "POST /wp-cron.php?doing_wp_cron=1759651155.7018399238586425781250 HTTP/1.1" 200 31 "-" "WordPress/6.8.2; http://cqqizhou.com"
87.120.191.84 - - [05/Oct/2025:15:59:16 +0800] "GET / HTTP/1.1" 200 33467 "-" "Mozilla/5.0 (Windows NT 10.0; Win64; x64) AppleWebKit/537.36 (KHTML, like Gecko) Chrome/90.0.4430.85 Safari/537.36 Edg/90.0.818.46"
36.133.115.36 - - [05/Oct/2025:16:28:54 +0800] "POST /wp-cron.php?doing_wp_cron=1759652934.2325630187988281250000 HTTP/1.1" 200 31 "-" "WordPress/6.8.2; http://cqqizhou.com"
87.120.191.90 - - [05/Oct/2025:16:28:54 +0800] "GET / HTTP/1.1" 200 33467 "-" "Mozilla/5.0 (Windows NT 10.0; Win64; x64) AppleWebKit/537.36 (KHTML, like Gecko) Chrome/90.0.4430.85 Safari/537.36 Edg/90.0.818.46"
220.181.108.114 - - [05/Oct/2025:16:38:02 +0800] "GET /services/processing/ HTTP/1.1" 304 0 "-" "Mozilla/5.0 (compatible; Baiduspider/2.0; +http://www.baidu.com/search/spider.html)"
36.133.115.36 - - [05/Oct/2025:16:50:27 +0800] "POST /wp-cron.php?doing_wp_cron=1759654227.8097319602966308593750 HTTP/1.1" 200 31 "-" "WordPress/6.8.2; http://cqqizhou.com"
87.120.191.70 - - [05/Oct/2025:16:50:28 +0800] "GET / HTTP/1.1" 200 33467 "-" "Mozilla/5.0 (Windows NT 10.0; Win64; x64) AppleWebKit/537.36 (KHTML, like Gecko) Chrome/90.0.4430.85 Safari/537.36 Edg/90.0.818.46"
36.133.115.36 - - [05/Oct/2025:16:55:59 +0800] "POST /wp-cron.php?doing_wp_cron=1759654559.3149709701538085937500 HTTP/1.1" 200 31 "-" "WordPress/6.8.2; http://cqqizhou.com"
87.120.191.6 - - [05/Oct/2025:16:55:59 +0800] "GET / HTTP/1.1" 200 33467 "-" "Mozilla/5.0 (Windows NT 10.0; Win64; x64) AppleWebKit/537.36 (KHTML, like Gecko) Chrome/90.0.4430.85 Safari/537.36 Edg/90.0.818.46"
36.133.115.36 - - [05/Oct/2025:16:56:48 +0800] "POST /wp-cron.php?doing_wp_cron=1759654608.0335760116577148437500 HTTP/1.1" 200 31 "-" "WordPress/6.8.2; http://cqqizhou.com"
106.119.167.146 - - [05/Oct/2025:16:56:48 +0800] "GET / HTTP/1.1" 200 33467 "-" "Mozilla/5.0 (iPhone; CPU iPhone OS 13_2_3 like Mac OS X) AppleWebKit/605.1.15 (KHTML, like Gecko) Version/13.0.3 Mobile/15E148 Safari/604.1"
36.133.115.36 - - [05/Oct/2025:16:59:50 +0800] "POST /wp-cron.php?doing_wp_cron=1759654790.2564170360565185546875 HTTP/1.1" 200 31 "-" "WordPress/6.8.2; http://cqqizhou.com"
93.123.109.214 - - [05/Oct/2025:16:59:50 +0800] "GET / HTTP/1.1" 301 5 "-" "l9tcpid/v1.1.0"
93.123.109.214 - - [05/Oct/2025:16:59:51 +0800] "GET / HTTP/1.1" 301 5 "-" "l9tcpid/v1.1.0"
36.133.115.36 - - [05/Oct/2025:17:01:59 +0800] "POST /wp-cron.php?doing_wp_cron=1759654919.3308908939361572265625 HTTP/1.1" 200 31 "-" "WordPress/6.8.2; http://cqqizhou.com"
87.120.191.84 - - [05/Oct/2025:17:01:59 +0800] "GET / HTTP/1.1" 200 33467 "-" "Mozilla/5.0 (Windows NT 10.0; Win64; x64) AppleWebKit/537.36 (KHTML, like Gecko) Chrome/90.0.4430.85 Safari/537.36 Edg/90.0.818.46"
36.133.115.36 - - [05/Oct/2025:17:06:26 +0800] "POST /wp-cron.php?doing_wp_cron=1759655186.4365179538726806640625 HTTP/1.1" 200 31 "-" "WordPress/6.8.2; http://cqqizhou.com"
42.236.12.235 - - [05/Oct/2025:17:06:26 +0800] "GET / HTTP/1.1" 200 33467 "http://cqqizhou.com/" "Mozilla/5.0 (Linux; Android 10; K) AppleWebKit/537.36 (KHTML, like Gecko) Chrome/131.0.0.0 Mobile Safari/537.36; 360Spider"
36.133.115.36 - - [05/Oct/2025:17:09:15 +0800] "POST /wp-cron.php?doing_wp_cron=1759655355.4573569297790527343750 HTTP/1.1" 200 31 "-" "WordPress/6.8.2; http://cqqizhou.com"
87.120.191.84 - - [05/Oct/2025:17:09:15 +0800] "GET / HTTP/1.1" 301 5 "-" "Mozilla/5.0 (Windows NT 10.0; Win64; x64) AppleWebKit/537.36 (KHTML, like Gecko) Chrome/90.0.4430.85 Safari/537.36 Edg/90.0.818.46"
36.133.115.36 - - [05/Oct/2025:17:11:59 +0800] "POST /wp-cron.php?doing_wp_cron=1759655519.3727800846099853515625 HTTP/1.1" 200 31 "-" "WordPress/6.8.2; http://cqqizhou.com"
87.120.191.90 - - [05/Oct/2025:17:11:59 +0800] "GET / HTTP/1.1" 200 33467 "-" "Mozilla/5.0 (Windows NT 10.0; Win64; x64) AppleWebKit/537.36 (KHTML, like Gecko) Chrome/90.0.4430.85 Safari/537.36 Edg/90.0.818.46"
46.8.107.47 - - [05/Oct/2025:17:14:52 +0800] "GET / HTTP/1.0" 200 165852 "http://cqqizhou.com/" "Mozilla/5.0 (Windows NT 10.0; Win64; x64) AppleWebKit/537.36 (KHTML, like Gecko) Chrome/129.0.0.0 Safari/537.36"
36.133.115.36 - - [05/Oct/2025:17:15:18 +0800] "POST /wp-cron.php?doing_wp_cron=1759655718.7349190711975097656250 HTTP/1.1" 200 31 "-" "WordPress/6.8.2; http://cqqizhou.com"
195.178.110.109 - - [05/Oct/2025:17:15:18 +0800] "GET / HTTP/1.1" 301 5 "-" "l9tcpid/v1.1.0"
36.133.115.36 - - [05/Oct/2025:17:19:18 +0800] "POST /wp-cron.php?doing_wp_cron=1759655958.4463551044464111328125 HTTP/1.1" 200 31 "-" "WordPress/6.8.2; http://cqqizhou.com"
49.51.178.45 - - [05/Oct/2025:17:19:18 +0800] "GET / HTTP/1.1" 200 33467 "-" "Mozilla/5.0 (iPhone; CPU iPhone OS 13_2_3 like Mac OS X) AppleWebKit/605.1.15 (KHTML, like Gecko) Version/13.0.3 Mobile/15E148 Safari/604.1"
36.133.115.36 - - [05/Oct/2025:17:22:28 +0800] "POST /wp-cron.php?doing_wp_cron=1759656148.7788119316101074218750 HTTP/1.1" 200 31 "-" "WordPress/6.8.2; http://cqqizhou.com"
48.214.144.79 - - [05/Oct/2025:17:22:28 +0800] "GET /portal/redlion HTTP/1.1" 404 8990 "-" "Mozilla/5.0 zgrab/0.x"
36.133.115.36 - - [05/Oct/2025:17:24:31 +0800] "POST /wp-cron.php?doing_wp_cron=1759656271.4678049087524414062500 HTTP/1.1" 200 31 "-" "WordPress/6.8.2; http://cqqizhou.com"
41.33.96.101 - - [05/Oct/2025:17:24:31 +0800] "GET / HTTP/1.1" 301 5 "-" "Mozilla/5.0 (Windows NT 10.0; Win64; x64) AppleWebKit/537.36 (KHTML, like Gecko) Chrome/58.0.3029.110 Safari/537.3"
41.33.96.101 - - [05/Oct/2025:17:24:37 +0800] "GET / HTTP/1.1" 200 39369 "-" "Mozilla/5.0 (Windows NT 10.0; Win64; x64) AppleWebKit/537.36 (KHTML, like Gecko) Chrome/58.0.3029.110 Safari/537.3"
36.133.115.36 - - [05/Oct/2025:17:55:19 +0800] "POST /wp-cron.php?doing_wp_cron=1759658119.4066910743713378906250 HTTP/1.1" 200 31 "-" "WordPress/6.8.2; http://cqqizhou.com"
87.120.191.90 - - [05/Oct/2025:17:55:19 +0800] "GET / HTTP/1.1" 200 33467 "-" "Mozilla/5.0 (Windows NT 10.0; Win64; x64) AppleWebKit/537.36 (KHTML, like Gecko) Chrome/90.0.4430.85 Safari/537.36 Edg/90.0.818.46"
42.236.12.226 - - [05/Oct/2025:17:56:22 +0800] "GET / HTTP/1.1" 200 39369 "http://cqqizhou.com/" "Mozilla/5.0 (Windows NT 10.0; Win64; x64) AppleWebKit/537.36 (KHTML, like Gecko) Chrome/140.0.0.0 Safari/537.36 Edg/140.0.0.0; 360Spider"
36.133.115.36 - - [05/Oct/2025:18:00:11 +0800] "POST /wp-cron.php?doing_wp_cron=1759658411.1542570590972900390625 HTTP/1.1" 200 31 "-" "WordPress/6.8.2; http://cqqizhou.com"
87.120.191.70 - - [05/Oct/2025:18:00:11 +0800] "GET / HTTP/1.1" 200 33467 "-" "Mozilla/5.0 (Windows NT 10.0; Win64; x64) AppleWebKit/537.36 (KHTML, like Gecko) Chrome/90.0.4430.85 Safari/537.36 Edg/90.0.818.46"
42.236.101.224 - - [05/Oct/2025:18:06:27 +0800] "GET / HTTP/1.1" 200 39369 "http://cqqizhou.com/" "Mozilla/5.0 (Windows NT 10.0; Win64; x64) AppleWebKit/537.36 (KHTML, like Gecko) Chrome/140.0.0.0 Safari/537.36 Edg/140.0.0.0; 360Spider"
36.133.115.36 - - [05/Oct/2025:18:34:02 +0800] "POST /wp-cron.php?doing_wp_cron=1759660442.3666040897369384765625 HTTP/1.1" 200 31 "-" "WordPress/6.8.2; http://cqqizhou.com"
87.120.191.6 - - [05/Oct/2025:18:34:02 +0800] "GET / HTTP/1.1" 200 33467 "-" "Mozilla/5.0 (Windows NT 10.0; Win64; x64) AppleWebKit/537.36 (KHTML, like Gecko) Chrome/90.0.4430.85 Safari/537.36 Edg/90.0.818.46"
36.133.115.36 - - [05/Oct/2025:18:38:21 +0800] "POST /wp-cron.php?doing_wp_cron=1759660701.6699450016021728515625 HTTP/1.1" 200 31 "-" "WordPress/6.8.2; http://cqqizhou.com"
45.142.195.99 - - [05/Oct/2025:18:38:21 +0800] "GET / HTTP/1.1" 200 33467 "-" "Mozilla/5.0 (Windows NT 10.0; Win64; x64) AppleWebKit/537.36 (KHTML, like Gecko) Chrome/90.0.4430.85 Safari/537.36 Edg/90.0.818.46"
87.120.191.90 - - [05/Oct/2025:18:38:30 +0800] "GET / HTTP/1.1" 200 33467 "-" "Mozilla/5.0 (Windows NT 10.0; Win64; x64) AppleWebKit/537.36 (KHTML, like Gecko) Chrome/90.0.4430.85 Safari/537.36 Edg/90.0.818.46"
36.133.115.36 - - [05/Oct/2025:18:39:08 +0800] "POST /wp-cron.php?doing_wp_cron=1759660748.9237859249114990234375 HTTP/1.1" 200 31 "-" "WordPress/6.8.2; http://cqqizhou.com"
87.120.191.84 - - [05/Oct/2025:18:39:08 +0800] "GET / HTTP/1.1" 301 5 "-" "Mozilla/5.0 (Windows NT 10.0; Win64; x64) AppleWebKit/537.36 (KHTML, like Gecko) Chrome/90.0.4430.85 Safari/537.36 Edg/90.0.818.46"
52.167.144.16 - - [05/Oct/2025:18:41:59 +0800] "GET / HTTP/1.1" 200 39369 "-" "Mozilla/5.0 AppleWebKit/537.36 (KHTML, like Gecko; compatible; bingbot/2.0; +http://www.bing.com/bingbot.htm) Chrome/116.0.1938.76 Safari/537.36"
36.133.115.36 - - [05/Oct/2025:18:55:42 +0800] "POST /wp-cron.php?doing_wp_cron=1759661742.8032200336456298828125 HTTP/1.1" 200 31 "-" "WordPress/6.8.2; http://cqqizhou.com"
133.18.165.147 - - [05/Oct/2025:18:55:42 +0800] "GET /wp-login.php HTTP/1.1" 200 2780 "-" "Mozilla/5.0"
133.18.165.147 - - [05/Oct/2025:18:55:43 +0800] "GET /?author=1 HTTP/1.1" 301 5 "-" "Mozilla/5.0"
133.18.165.147 - - [05/Oct/2025:18:55:44 +0800] "GET /?author=2 HTTP/1.1" 301 5 "-" "Mozilla/5.0"
36.133.115.36 - - [05/Oct/2025:18:57:47 +0800] "POST /wp-cron.php?doing_wp_cron=1759661867.9142270088195800781250 HTTP/1.1" 200 31 "-" "WordPress/6.8.2; http://cqqizhou.com"
43.166.244.251 - - [05/Oct/2025:18:57:48 +0800] "GET / HTTP/1.1" 200 33467 "-" "Mozilla/5.0 (iPhone; CPU iPhone OS 13_2_3 like Mac OS X) AppleWebKit/605.1.15 (KHTML, like Gecko) Version/13.0.3 Mobile/15E148 Safari/604.1"
36.133.115.36 - - [05/Oct/2025:19:07:45 +0800] "POST /wp-cron.php?doing_wp_cron=1759662465.2313609123229980468750 HTTP/1.1" 200 31 "-" "WordPress/6.8.2; http://cqqizhou.com"
87.120.191.70 - - [05/Oct/2025:19:07:45 +0800] "GET / HTTP/1.1" 200 33467 "-" "Mozilla/5.0 (Windows NT 10.0; Win64; x64) AppleWebKit/537.36 (KHTML, like Gecko) Chrome/90.0.4430.85 Safari/537.36 Edg/90.0.818.46"
36.133.115.36 - - [05/Oct/2025:19:12:43 +0800] "POST /wp-cron.php?doing_wp_cron=1759662763.7591419219970703125000 HTTP/1.1" 200 31 "-" "WordPress/6.8.2; http://cqqizhou.com"
39.191.209.32 - - [05/Oct/2025:19:12:43 +0800] "GET /PLTV/11/224/3221226163/1.m3u8 HTTP/1.1" 404 31381 "-" "ZTE/1.0.6"
36.133.115.36 - - [05/Oct/2025:19:21:36 +0800] "POST /wp-cron.php?doing_wp_cron=1759663296.7867720127105712890625 HTTP/1.1" 200 31 "-" "WordPress/6.8.2; http://cqqizhou.com"
87.120.191.90 - - [05/Oct/2025:19:21:37 +0800] "GET / HTTP/1.1" 200 33467 "-" "Mozilla/5.0 (Windows NT 10.0; Win64; x64) AppleWebKit/537.36 (KHTML, like Gecko) Chrome/90.0.4430.85 Safari/537.36 Edg/90.0.818.46"
64.23.138.166 - - [05/Oct/2025:19:21:39 +0800] "GET /.env HTTP/1.1" 404 8990 "-" "Mozilla/5.0; Keydrop.io/1.0(onlyscans.com/about);"
64.23.138.166 - - [05/Oct/2025:19:21:40 +0800] "GET /.git/config HTTP/1.1" 404 8990 "-" "Mozilla/5.0; Keydrop.io/1.0(onlyscans.com/about);"
36.133.115.36 - - [05/Oct/2025:19:27:21 +0800] "POST /wp-cron.php?doing_wp_cron=1759663641.2928099632263183593750 HTTP/1.1" 200 31 "-" "WordPress/6.8.2; http://cqqizhou.com"
