HEX
Server: nginx/1.16.1
System: Linux ecs-04358622 4.19.90-2107.6.0.0100.oe1.bclinux.x86_64 #1 SMP Wed Dec 1 19:59:44 CST 2021 x86_64
User: nginx (994)
PHP: 8.0.0
Disabled: NONE
Upload Files
File: /home/logs/cqqizhou_access_2026-06-15.log
36.133.115.36 - - [15/Jun/2026:00:08:58 +0800] "POST /wp-cron.php?doing_wp_cron=1781453338.2035629749298095703125 HTTP/1.1" 200 31 "-" "WordPress/6.9; http://cqqizhou.com"
43.166.136.153 - - [15/Jun/2026:00:08:58 +0800] "GET / HTTP/1.1" 301 5 "-" "Mozilla/5.0 (iPhone; CPU iPhone OS 13_2_3 like Mac OS X) AppleWebKit/605.1.15 (KHTML, like Gecko) Version/13.0.3 Mobile/15E148 Safari/604.1"
43.166.136.153 - - [15/Jun/2026:00:09:01 +0800] "GET / HTTP/1.1" 200 35195 "http://www.cqqizhou.com" "Mozilla/5.0 (iPhone; CPU iPhone OS 13_2_3 like Mac OS X) AppleWebKit/605.1.15 (KHTML, like Gecko) Version/13.0.3 Mobile/15E148 Safari/604.1"
36.133.115.36 - - [15/Jun/2026:00:23:45 +0800] "POST /wp-cron.php?doing_wp_cron=1781454225.6406691074371337890625 HTTP/1.1" 200 31 "-" "WordPress/6.9; http://cqqizhou.com"
39.100.83.180 - - [15/Jun/2026:00:23:45 +0800] "GET / HTTP/1.0" 301 0 "-" "-"
39.100.83.180 - - [15/Jun/2026:00:23:56 +0800] "GET / HTTP/1.0" 301 0 "-" "-"
39.100.83.180 - - [15/Jun/2026:00:23:56 +0800] "GET /nmaplowercheck1781454226 HTTP/1.1" 404 32979 "-" "Mozilla/5.0 (compatible; Nmap Scripting Engine; https://nmap.org/book/nse.html)"
39.100.83.180 - - [15/Jun/2026:00:23:57 +0800] "POST /sdk HTTP/1.1" 404 32979 "-" "Mozilla/5.0 (compatible; Nmap Scripting Engine; https://nmap.org/book/nse.html)"
39.100.83.180 - - [15/Jun/2026:00:23:57 +0800] "GET /HNAP1 HTTP/1.1" 404 32979 "-" "Mozilla/5.0 (compatible; Nmap Scripting Engine; https://nmap.org/book/nse.html)"
39.100.83.180 - - [15/Jun/2026:00:23:57 +0800] "GET /evox/about HTTP/1.1" 404 32979 "-" "Mozilla/5.0 (compatible; Nmap Scripting Engine; https://nmap.org/book/nse.html)"
36.133.115.36 - - [15/Jun/2026:00:24:16 +0800] "POST /wp-cron.php?doing_wp_cron=1781454256.9472279548645019531250 HTTP/1.1" 200 31 "-" "WordPress/6.9; http://cqqizhou.com"
39.100.83.180 - - [15/Jun/2026:00:24:16 +0800] "GET / HTTP/1.0" 301 0 "-" "-"
39.100.83.180 - - [15/Jun/2026:00:24:17 +0800] "GET / HTTP/1.1" 301 5 "-" "-"
176.65.139.66 - - [15/Jun/2026:00:24:18 +0800] "GET / HTTP/1.0" 301 0 "-" "Shodan-Pull/1.0"
36.133.115.36 - - [15/Jun/2026:00:25:14 +0800] "POST /wp-cron.php?doing_wp_cron=1781454314.5743730068206787109375 HTTP/1.1" 200 31 "-" "WordPress/6.9; http://cqqizhou.com"
110.42.208.131 - - [15/Jun/2026:00:25:14 +0800] "GET / HTTP/1.1" 301 5 "-" "Mozilla/5.0 (iPhone; CPU iPhone OS 13_2_3 like Mac OS X) AppleWebKit/605.1.15 (KHTML, like Gecko) Version/13.0.3 Mobile/15E148 Safari/604.1"
110.42.208.131 - - [15/Jun/2026:00:25:17 +0800] "GET / HTTP/1.1" 200 35195 "http://www.cqqizhou.com" "Mozilla/5.0 (iPhone; CPU iPhone OS 13_2_3 like Mac OS X) AppleWebKit/605.1.15 (KHTML, like Gecko) Version/13.0.3 Mobile/15E148 Safari/604.1"
36.133.115.36 - - [15/Jun/2026:00:37:57 +0800] "POST /wp-cron.php?doing_wp_cron=1781455077.7794361114501953125000 HTTP/1.1" 200 31 "-" "WordPress/6.9; http://cqqizhou.com"
182.89.31.140 - - [15/Jun/2026:00:37:57 +0800] "GET /Ly9jcXFpemhvdS5jb20vd3AtY29udGVudC91cGxvYWRzLzIwMjYvMDEvMTc2ODI4MDI3MC1hbnF1YW5fU2xpZGVyXzM4NDDDlzIxNjBfMjAyNjAxMTQtc2NhbGVkLndlYnA= HTTP/1.1" 404 9410 "-" "Mozilla/5.0 (Windows NT 6.1; WOW64) AppleWebKit/537.36 (KHTML, like Gecko) Chrome/85.0.4183.38"
36.133.115.36 - - [15/Jun/2026:00:42:15 +0800] "POST /wp-cron.php?doing_wp_cron=1781455335.1896400451660156250000 HTTP/1.1" 200 31 "-" "WordPress/6.9; http://cqqizhou.com"
36.133.108.121 - - [15/Jun/2026:00:42:15 +0800] "HEAD /___proxy_subdomain_whm/login/ HTTP/1.1" 404 0 "-" "Mozilla/5.0 (X11; Ubuntu; Linux x86_64; rv:24.0) Gecko/20100101 Firefox/24.0"
36.133.115.36 - - [15/Jun/2026:00:53:11 +0800] "POST /wp-cron.php?doing_wp_cron=1781455990.9954619407653808593750 HTTP/1.1" 200 31 "-" "WordPress/6.9; http://cqqizhou.com"
119.0.220.96 - - [15/Jun/2026:00:53:11 +0800] "GET /Ly9jcXFpemhvdS5jb20vd3AtY29udGVudC91cGxvYWRzL3JldnNsaWRlci9zbGlkZXItMS8xNzUwODYxMTU2LWxvZ2lzdGljc19TbGlkZXJfMzg0MMOXMjE2MF8yMDI1MDYyNTE5MTM1Ni1zY2FsZWQud2VicA== HTTP/1.1" 404 9408 "-" "Mozilla/5.0 (Windows NT 6.2; WOW64) AppleWebKit/537.36 (KHTML, like Gecko) Chrome/79.0.3945.16"
36.133.115.36 - - [15/Jun/2026:00:55:47 +0800] "POST /wp-cron.php?doing_wp_cron=1781456146.9871890544891357421875 HTTP/1.1" 200 31 "-" "WordPress/6.9; http://cqqizhou.com"
121.41.169.9 - - [15/Jun/2026:00:55:47 +0800] "GET / HTTP/1.1" 301 5 "-" "Mozilla/5.0 (Windows NT 10.0; Win64; x64) AppleWebKit/537.36 (KHTML, like Gecko) Chrome/59.0.3071.115 Safari/537.36"
36.133.108.121 - - [15/Jun/2026:00:56:06 +0800] "HEAD /assets.war HTTP/1.1" 404 0 "-" "Opera/9.80 (Windows NT 6.1; U; zh-tw) Presto/2.7.62 Version/11.01"
36.133.115.36 - - [15/Jun/2026:00:59:01 +0800] "POST /wp-cron.php?doing_wp_cron=1781456340.9725720882415771484375 HTTP/1.1" 200 31 "-" "WordPress/6.9; http://cqqizhou.com"
69.5.169.13 - - [15/Jun/2026:00:59:01 +0800] "GET / HTTP/1.1" 301 5 "-" "Mozilla/5.0 (compatible; Infrawatch/1.0; +https://infrawat.ch/)"
36.133.115.36 - - [15/Jun/2026:00:59:08 +0800] "POST /wp-cron.php?doing_wp_cron=1781456348.7465910911560058593750 HTTP/1.1" 200 31 "-" "WordPress/6.9; http://cqqizhou.com"
69.5.169.191 - - [15/Jun/2026:00:59:08 +0800] "GET / HTTP/1.1" 301 5 "-" "Mozilla/5.0 (compatible; Infrawatch/1.0; +https://infrawat.ch/)"
69.5.169.133 - - [15/Jun/2026:00:59:11 +0800] "GET / HTTP/1.1" 200 35637 "-" "Mozilla/5.0 (compatible; Infrawatch/1.0; +https://infrawat.ch/)"
69.5.169.205 - - [15/Jun/2026:00:59:37 +0800] "POST / HTTP/1.1" 200 35195 "-" "Mozilla/5.0 (compatible; Infrawatch/1.0; +https://infrawat.ch/)"
69.5.169.169 - - [15/Jun/2026:00:59:46 +0800] "GET /sse HTTP/1.1" 404 9410 "-" "Mozilla/5.0 (compatible; Infrawatch/1.0; +https://infrawat.ch/)"
36.133.115.36 - - [15/Jun/2026:01:00:51 +0800] "POST /wp-cron.php?doing_wp_cron=1781456451.4746990203857421875000 HTTP/1.1" 200 31 "-" "WordPress/6.9; http://cqqizhou.com"
45.157.112.210 - - [15/Jun/2026:01:00:51 +0800] "GET /wp-login.php HTTP/1.1" 200 2854 "https://www.facebook.com/" "Mozilla/5.0 (Macintosh; Intel Mac OS X 10_15_7) AppleWebKit/605.1.15 (KHTML, like Gecko) Version/16.6 Safari/605.1.15"
36.133.115.36 - - [15/Jun/2026:01:01:09 +0800] "POST /wp-cron.php?doing_wp_cron=1781456469.8492839336395263671875 HTTP/1.1" 200 31 "-" "WordPress/6.9; http://cqqizhou.com"
45.157.112.210 - - [15/Jun/2026:01:01:09 +0800] "POST /wp-login.php HTTP/1.1" 200 3061 "http://cqqizhou.com/wp-login.php" "Mozilla/5.0 (Macintosh; Intel Mac OS X 13_6_1; rv:119.0) Gecko/20100101 Firefox/119.0"
45.157.112.210 - - [15/Jun/2026:01:01:19 +0800] "POST /wp-login.php HTTP/1.1" 200 3002 "http://cqqizhou.com/wp-login.php" "Mozilla/5.0 (Macintosh; Intel Mac OS X 13_6_1; rv:121.0) Gecko/20100101 Firefox/121.0"
45.157.112.210 - - [15/Jun/2026:01:01:28 +0800] "POST /wp-login.php HTTP/1.1" 200 2968 "http://cqqizhou.com/wp-login.php" "Mozilla/5.0 (X11; Ubuntu; Linux x86_64) AppleWebKit/537.36 (KHTML, like Gecko) Chrome/118.0.0.0 Safari/537.36"
45.157.112.210 - - [15/Jun/2026:01:01:36 +0800] "POST /wp-login.php HTTP/1.1" 200 3059 "http://cqqizhou.com/wp-login.php" "Mozilla/5.0 (Macintosh; Intel Mac OS X 13_6_1; rv:121.0) Gecko/20100101 Firefox/121.0"
45.157.112.210 - - [15/Jun/2026:01:01:44 +0800] "POST /wp-login.php HTTP/1.1" 200 3056 "http://cqqizhou.com/wp-login.php" "Mozilla/5.0 (Macintosh; Intel Mac OS X 13_6_1) AppleWebKit/537.36 (KHTML, like Gecko) Chrome/118.0.0.0 Safari/537.36"
45.157.112.210 - - [15/Jun/2026:01:01:51 +0800] "POST /wp-login.php HTTP/1.1" 200 3059 "http://cqqizhou.com/wp-login.php" "Mozilla/5.0 (Macintosh; Intel Mac OS X 10_15_7) AppleWebKit/537.36 (KHTML, like Gecko) Chrome/118.0.0.0 Safari/537.36"
45.157.112.210 - - [15/Jun/2026:01:02:05 +0800] "POST /wp-login.php HTTP/1.1" 200 3058 "http://cqqizhou.com/wp-login.php" "Mozilla/5.0 (Windows NT 10.0; Win64; x64) AppleWebKit/537.36 (KHTML, like Gecko) Chrome/118.0.0.0 Safari/537.36"
36.133.115.36 - - [15/Jun/2026:01:02:23 +0800] "POST /wp-cron.php?doing_wp_cron=1781456543.9040560722351074218750 HTTP/1.1" 200 31 "-" "WordPress/6.9; http://cqqizhou.com"
45.157.112.210 - - [15/Jun/2026:01:02:23 +0800] "POST /wp-login.php HTTP/1.1" 200 3002 "http://cqqizhou.com/wp-login.php" "Mozilla/5.0 (X11; Ubuntu; Linux x86_64) AppleWebKit/537.36 (KHTML, like Gecko) Chrome/120.0.0.0 Safari/537.36"
36.133.115.36 - - [15/Jun/2026:01:10:58 +0800] "POST /wp-cron.php?doing_wp_cron=1781457058.0855660438537597656250 HTTP/1.1" 200 31 "-" "WordPress/6.9; http://cqqizhou.com"
216.244.66.245 - - [15/Jun/2026:01:10:58 +0800] "GET /robots.txt HTTP/1.1" 200 390 "-" "Mozilla/5.0 (compatible; DotBot/1.2; +https://opensiteexplorer.org/dotbot; help@moz.com)"
36.133.115.36 - - [15/Jun/2026:01:15:56 +0800] "POST /wp-cron.php?doing_wp_cron=1781457356.0451419353485107421875 HTTP/1.1" 200 31 "-" "WordPress/6.9; http://cqqizhou.com"
216.244.66.245 - - [15/Jun/2026:01:15:56 +0800] "GET /about/ HTTP/1.1" 301 5 "-" "Mozilla/5.0 (compatible; DotBot/1.2; +https://opensiteexplorer.org/dotbot; help@moz.com)"
36.133.115.36 - - [15/Jun/2026:01:20:15 +0800] "POST /wp-cron.php?doing_wp_cron=1781457615.7324790954589843750000 HTTP/1.1" 200 31 "-" "WordPress/6.9; http://cqqizhou.com"
20.161.77.162 - - [15/Jun/2026:01:20:15 +0800] "GET /config/database.yml HTTP/1.1" 404 9409 "-" "Mozilla/5.0 (Linux; Android 14; Pixel 8) AppleWebKit/537.36 (KHTML, like Gecko) Chrome/124.0.0.0 Mobile Safari/537.36"
20.161.77.163 - - [15/Jun/2026:01:20:22 +0800] "GET /actuator/env HTTP/1.1" 404 9409 "-" "Mozilla/5.0 (Macintosh; Intel Mac OS X 10_15_7) AppleWebKit/537.36 (KHTML, like Gecko) Chrome/124.0.0.0 Safari/537.36"
20.161.77.162 - - [15/Jun/2026:01:20:32 +0800] "GET /app/config/parameters.yml HTTP/1.1" 404 9409 "-" "Mozilla/5.0 (Windows NT 10.0; Win64; x64) AppleWebKit/537.36 (KHTML, like Gecko) Chrome/123.0.0.0 Safari/537.36"
20.161.77.162 - - [15/Jun/2026:01:20:35 +0800] "GET /.htpasswd HTTP/1.1" 404 9410 "-" "Mozilla/5.0 (Windows NT 10.0; Win64; x64; rv:125.0) Gecko/20100101 Firefox/125.0"
20.161.77.162 - - [15/Jun/2026:01:20:40 +0800] "GET /dump.sql HTTP/1.1" 404 9407 "-" "Mozilla/5.0 (Macintosh; Intel Mac OS X 14_4_1) AppleWebKit/537.36 (KHTML, like Gecko) Chrome/124.0.0.0 Safari/537.36"
121.228.18.206 - - [15/Jun/2026:01:25:35 +0800] "GET /news/tag/%E5%90%AF%E8%88%9F%E7%AE%A1%E7%90%86 HTTP/1.1" 200 24050 "-" "Mozilla/5.0 (Windows NT 10.0; Win64; x64) AppleWebKit/537.36 (KHTML, like Gecko) Chrome/111.0.0.0 Safari/537.36"
36.133.115.36 - - [15/Jun/2026:01:25:40 +0800] "POST /wp-cron.php?doing_wp_cron=1781457940.7398850917816162109375 HTTP/1.1" 200 31 "-" "WordPress/6.9; http://cqqizhou.com"
111.72.197.80 - - [15/Jun/2026:01:25:40 +0800] "GET /robots.txt HTTP/1.1" 200 190 "-" "Mozilla/5.0 (Macintosh; Intel Mac OS X 10_13_5) AppleWebKit/537.36 (KHTML, like Gecko) Chrome/69.0.3497.100 Safari/537.36"
120.34.182.221 - - [15/Jun/2026:01:25:46 +0800] "GET /robots.txt HTTP/1.1" 200 190 "-" "Mozilla/5.0 (Macintosh; Intel Mac OS X 10_13_5) AppleWebKit/537.36 (KHTML, like Gecko) Chrome/69.0.3497.100 Safari/537.36"
36.133.115.36 - - [15/Jun/2026:01:26:19 +0800] "POST /wp-cron.php?doing_wp_cron=1781457979.0604550838470458984375 HTTP/1.1" 200 31 "-" "WordPress/6.9; http://cqqizhou.com"
120.241.208.76 - - [15/Jun/2026:01:26:19 +0800] "GET /2160/ HTTP/1.1" 301 5 "-" "Mozilla/5.0 (Windows NT 10.0; Win64; x64) AppleWebKit/537.36 (KHTML, like Gecko) Chrome/133.0.0.0 Safari/537.36"
120.241.209.234 - - [15/Jun/2026:01:26:27 +0800] "GET /news/2160 HTTP/1.1" 200 30119 "-" "Mozilla/5.0 (Windows NT 10.0; Win64; x64) AppleWebKit/537.36 (KHTML, like Gecko) Chrome/133.0.0.0 Safari/537.36"
112.90.2.173 - - [15/Jun/2026:01:26:28 +0800] "GET /2160/ HTTP/1.1" 301 5 "-" "Mozilla/5.0 (Windows NT 10.0; Win64; x64) AppleWebKit/537.36 (KHTML, like Gecko) Chrome/116.0.0.0 Safari/537.36"
112.90.2.173 - - [15/Jun/2026:01:26:28 +0800] "GET /news/2160 HTTP/1.1" 200 30119 "http://cqqizhou.com/2160/" "Mozilla/5.0 (Windows NT 10.0; Win64; x64) AppleWebKit/537.36 (KHTML, like Gecko) Chrome/116.0.0.0 Safari/537.36"
110.249.202.164 - - [15/Jun/2026:01:26:57 +0800] "GET /robots.txt HTTP/1.1" 200 190 "-" "Mozilla/5.0 (Linux; Android 5.0) AppleWebKit/537.36 (KHTML, like Gecko) Mobile Safari/537.36 (compatible; Bytespider; https://zhanzhang.toutiao.com/)"
36.133.115.36 - - [15/Jun/2026:01:28:50 +0800] "POST /wp-cron.php?doing_wp_cron=1781458130.1769509315490722656250 HTTP/1.1" 200 31 "-" "WordPress/6.9; http://cqqizhou.com"
43.161.233.190 - - [15/Jun/2026:01:28:50 +0800] "GET / HTTP/1.1" 200 35195 "-" "Mozilla/5.0 (iPhone; CPU iPhone OS 13_2_3 like Mac OS X) AppleWebKit/605.1.15 (KHTML, like Gecko) Version/13.0.3 Mobile/15E148 Safari/604.1"
36.133.115.36 - - [15/Jun/2026:01:47:50 +0800] "POST /wp-cron.php?doing_wp_cron=1781459270.0330250263214111328125 HTTP/1.1" 200 31 "-" "WordPress/6.9; http://cqqizhou.com"
192.142.28.77 - - [15/Jun/2026:01:47:50 +0800] "GET /login.cgi HTTP/1.1" 404 32979 "-" "-"
196.196.53.100 - - [15/Jun/2026:01:56:24 +0800] "GET / HTTP/1.0" 200 160317 "http://cqqizhou.com/" "Mozilla/5.0 (Windows NT 10.0; Win64; x64) AppleWebKit/537.36 (KHTML, like Gecko) Chrome/103.0.0.0 Safari/537.36"
36.133.115.36 - - [15/Jun/2026:02:19:13 +0800] "POST /wp-cron.php?doing_wp_cron=1781461153.6786210536956787109375 HTTP/1.1" 200 31 "-" "WordPress/6.9; http://cqqizhou.com"
45.148.10.67 - - [15/Jun/2026:02:19:13 +0800] "GET / HTTP/1.1" 200 35194 "-" "Mozilla/5.0 (Windows NT 10.0; Win64; x64) AppleWebKit/537.36 (KHTML, like Gecko) Chrome/131.0.0.0 Safari/537.36"
36.133.115.36 - - [15/Jun/2026:02:34:39 +0800] "POST /wp-cron.php?doing_wp_cron=1781462079.8936040401458740234375 HTTP/1.1" 200 31 "-" "WordPress/6.9; http://cqqizhou.com"
1.24.196.6 - - [15/Jun/2026:02:34:39 +0800] "GET /Ly9jcXFpemhvdS5jb20vd3AtY29udGVudC91cGxvYWRzLzIwMjUvMTIvMTc2NTI2ODk1NS1xaXpob3VfU2xpZGVyMV8zODQww5cyMTYwXzIwMjUxMjEwLXNjYWxlZC53ZWJw HTTP/1.1" 404 9409 "-" "Mozilla/5.0 (Windows NT 6.1; WOW64) AppleWebKit/537.36 (KHTML, like Gecko) Chrome/75.0.3770.90"
36.133.115.36 - - [15/Jun/2026:02:36:23 +0800] "POST /wp-cron.php?doing_wp_cron=1781462183.6348528861999511718750 HTTP/1.1" 200 31 "-" "WordPress/6.9; http://cqqizhou.com"
216.244.66.245 - - [15/Jun/2026:02:36:23 +0800] "GET /robots.txt HTTP/1.1" 200 390 "-" "Mozilla/5.0 (compatible; DotBot/1.2; +https://opensiteexplorer.org/dotbot; help@moz.com)"
216.244.66.245 - - [15/Jun/2026:02:41:25 +0800] "GET /news/portfolio/hot-dip-galvanized-coil HTTP/1.1" 200 81821 "-" "Mozilla/5.0 (compatible; DotBot/1.2; +https://opensiteexplorer.org/dotbot; help@moz.com)"
36.133.115.36 - - [15/Jun/2026:02:42:13 +0800] "POST /wp-cron.php?doing_wp_cron=1781462533.3519389629364013671875 HTTP/1.1" 200 31 "-" "WordPress/6.9; http://cqqizhou.com"
216.244.66.245 - - [15/Jun/2026:02:42:13 +0800] "GET /portfolio-category/remaining-rolls/ HTTP/1.1" 301 5 "-" "Mozilla/5.0 (compatible; DotBot/1.2; +https://opensiteexplorer.org/dotbot; help@moz.com)"
216.244.66.245 - - [15/Jun/2026:02:42:25 +0800] "GET /portfolio/hot-dip-galvanized-coil/ HTTP/1.1" 301 5 "-" "Mozilla/5.0 (compatible; DotBot/1.2; +https://opensiteexplorer.org/dotbot; help@moz.com)"
36.133.115.36 - - [15/Jun/2026:02:55:51 +0800] "POST /wp-cron.php?doing_wp_cron=1781463351.6282789707183837890625 HTTP/1.1" 200 31 "-" "WordPress/6.9; http://cqqizhou.com"
103.252.90.129 - - [15/Jun/2026:02:55:51 +0800] "GET / HTTP/1.1" 200 35195 "-" "Mozilla/5.0 (Windows NT 10.0; Win64; x64) AppleWebKit/537.36 (KHTML, like Gecko) Chrome/90.0.4430.85 Safari/537.36 Edg/90.0.818.46"
36.133.115.36 - - [15/Jun/2026:03:05:16 +0800] "POST /wp-cron.php?doing_wp_cron=1781463916.5892529487609863281250 HTTP/1.1" 200 31 "-" "WordPress/6.9; http://cqqizhou.com"
115.159.33.43 - - [15/Jun/2026:03:05:16 +0800] "GET / HTTP/1.1" 301 5 "-" "Mozilla/5.0 (Windows NT 10.0; Win64; x64) AppleWebKit/537.36 (KHTML, like Gecko) Chrome/79.0.3945.117 Safari/537.36"
36.133.115.36 - - [15/Jun/2026:03:16:58 +0800] "POST /wp-cron.php?doing_wp_cron=1781464618.9182229042053222656250 HTTP/1.1" 200 31 "-" "WordPress/6.9; http://cqqizhou.com"
217.160.234.86 - - [15/Jun/2026:03:16:59 +0800] "GET / HTTP/1.0" 200 109870 "-" "-"
36.133.115.36 - - [15/Jun/2026:03:26:09 +0800] "POST /wp-cron.php?doing_wp_cron=1781465169.6454908847808837890625 HTTP/1.1" 200 31 "-" "WordPress/6.9; http://cqqizhou.com"
5.61.209.92 - - [15/Jun/2026:03:26:09 +0800] "GET /SDK/webLanguage HTTP/1.1" 301 5 "-" "Mozilla/5.0 (Windows NT 10.0; Win64; x64) AppleWebKit/537.36 (KHTML, like Gecko) Chrome/90.0.4430.85 Safari/537.36 Edg/90.0.818.46"
176.65.148.24 - - [15/Jun/2026:03:26:29 +0800] "POST /boaform/admin/formLogin HTTP/1.1" 404 9409 "http://36.133.115.36:80/admin/login.asp" "Mozilla/5.0 (X11; Ubuntu; Linux x86_64; rv:71.0) Gecko/20100101 Firefox/71.0"
36.133.115.36 - - [15/Jun/2026:03:34:17 +0800] "POST /wp-cron.php?doing_wp_cron=1781465657.7136020660400390625000 HTTP/1.1" 200 31 "-" "WordPress/6.9; http://cqqizhou.com"
114.138.223.231 - - [15/Jun/2026:03:34:17 +0800] "GET /Ly9jcXFpemhvdS5jb20vd3AtY29udGVudC91cGxvYWRzLzIwMjYvMDEvMTc2ODI3NjExOS1xaXpob3VqaWFnb25nX1NsaWRlcl8zODQww5cyMTYwXzIwMjYwMTEzLXNjYWxlZC53ZWJw HTTP/1.1" 404 9410 "-" "Mozilla/5.0 (Windows NT 6.2; Win64; x64) AppleWebKit/537.36 (KHTML, like Gecko) Chrome/76.0.3809.25"
121.41.176.196 - - [15/Jun/2026:03:36:26 +0800] "GET / HTTP/1.1" 200 35637 "-" "Mozilla/5.0 (Windows NT 10.0; Win64; x64) AppleWebKit/537.36 (KHTML, like Gecko) Chrome/59.0.3071.115 Safari/537.36"
36.133.115.36 - - [15/Jun/2026:03:54:30 +0800] "POST /wp-cron.php?doing_wp_cron=1781466870.5374789237976074218750 HTTP/1.1" 200 31 "-" "WordPress/6.9; http://cqqizhou.com"
43.163.5.216 - - [15/Jun/2026:03:54:30 +0800] "GET / HTTP/1.1" 301 5 "-" "Mozilla/5.0 (iPhone; CPU iPhone OS 13_2_3 like Mac OS X) AppleWebKit/605.1.15 (KHTML, like Gecko) Version/13.0.3 Mobile/15E148 Safari/604.1"
43.163.5.216 - - [15/Jun/2026:03:54:32 +0800] "GET / HTTP/1.1" 200 35195 "http://www.cqqizhou.com" "Mozilla/5.0 (iPhone; CPU iPhone OS 13_2_3 like Mac OS X) AppleWebKit/605.1.15 (KHTML, like Gecko) Version/13.0.3 Mobile/15E148 Safari/604.1"
116.179.32.159 - - [15/Jun/2026:04:04:20 +0800] "GET /news/2354 HTTP/1.1" 200 24926 "-" "Mozilla/5.0 (compatible; Baiduspider/2.0; +http://www.baidu.com/search/spider.html)"
116.179.37.72 - - [15/Jun/2026:04:04:22 +0800] "GET /wp-content/uploads/2025/12/1765894221-Article20251216211544.webp HTTP/1.1" 200 75768 "http://cqqizhou.com/news/2354" "Mozilla/5.0 (compatible; Baiduspider-render/2.0; +http://www.baidu.com/search/spider.html)"
36.133.115.36 - - [15/Jun/2026:04:38:18 +0800] "POST /wp-cron.php?doing_wp_cron=1781469498.4524230957031250000000 HTTP/1.1" 200 31 "-" "WordPress/6.9; http://cqqizhou.com"
92.222.104.214 - - [15/Jun/2026:04:38:18 +0800] "GET /robots.txt HTTP/1.1" 200 190 "-" "Mozilla/5.0 (compatible; AhrefsBot/7.0; +http://ahrefs.com/robot/)"
36.133.115.36 - - [15/Jun/2026:04:38:21 +0800] "POST /wp-cron.php?doing_wp_cron=1781469501.2566061019897460937500 HTTP/1.1" 200 31 "-" "WordPress/6.9; http://cqqizhou.com"
142.44.233.211 - - [15/Jun/2026:04:38:21 +0800] "GET /tag/%E7%89%A9%E6%B5%81/ HTTP/1.1" 404 9409 "-" "Mozilla/5.0 (compatible; AhrefsBot/7.0; +http://ahrefs.com/robot/)"
116.179.37.24 - - [15/Jun/2026:04:57:48 +0800] "GET /work-safety HTTP/1.1" 200 26072 "-" "Mozilla/5.0 (compatible; Baiduspider/2.0; +http://www.baidu.com/search/spider.html)"
116.179.37.68 - - [15/Jun/2026:04:57:52 +0800] "GET /wp-content/uploads/2025/12/1766064629-Article_images_20251218212623.webp HTTP/1.1" 200 20366 "http://cqqizhou.com/work-safety" "Mozilla/5.0 (compatible; Baiduspider-render/2.0; +http://www.baidu.com/search/spider.html)"
116.179.37.160 - - [15/Jun/2026:04:57:52 +0800] "GET /wp-content/uploads/revslider/slider-1/1750861156-logistics_Slider_3840%C3%972160_20250625191356-scaled-2048x1152.webp HTTP/1.1" 200 121796 "http://cqqizhou.com/work-safety" "Mozilla/5.0 (compatible; Baiduspider-render/2.0; +http://www.baidu.com/search/spider.html)"
49.82.52.196 - - [15/Jun/2026:05:00:13 +0800] "GET /logistics HTTP/1.1" 200 26175 "-" "Mozilla/5.0 (Windows NT 10.0; Win64; x64) AppleWebKit/537.36 (KHTML, like Gecko) Chrome/147.0.0.0 Safari/537.36"
36.133.115.36 - - [15/Jun/2026:05:18:33 +0800] "POST /wp-cron.php?doing_wp_cron=1781471913.3113400936126708984375 HTTP/1.1" 200 31 "-" "WordPress/6.9; http://cqqizhou.com"
216.180.246.47 - - [15/Jun/2026:05:18:33 +0800] "GET / HTTP/1.0" 301 0 "-" "Mozilla/5.0 (compatible; GenomeCrawlerd/1.0; +https://www.nokia.com/genomecrawler)"
216.180.246.47 - - [15/Jun/2026:05:19:05 +0800] "GET / HTTP/1.0" 301 0 "-" "Mozilla/5.0 (compatible; GenomeCrawlerd/1.0; +https://www.nokia.com/genomecrawler)"
36.133.115.36 - - [15/Jun/2026:05:19:41 +0800] "POST /wp-cron.php?doing_wp_cron=1781471981.6808199882507324218750 HTTP/1.1" 200 31 "-" "WordPress/6.9; http://cqqizhou.com"
216.180.246.47 - - [15/Jun/2026:05:19:41 +0800] "GET / HTTP/1.0" 301 0 "-" "Mozilla/5.0 (compatible; GenomeCrawlerd/1.0; +https://www.nokia.com/genomecrawler)"
36.133.115.36 - - [15/Jun/2026:05:20:19 +0800] "POST /wp-cron.php?doing_wp_cron=1781472019.7558710575103759765625 HTTP/1.1" 200 31 "-" "WordPress/6.9; http://cqqizhou.com"
216.180.246.47 - - [15/Jun/2026:05:20:19 +0800] "GET / HTTP/1.1" 301 5 "-" "Mozilla/5.0 (compatible; GenomeCrawlerd/1.0; +https://www.nokia.com/genomecrawler)"
124.229.106.249 - - [15/Jun/2026:05:20:55 +0800] "GET /wp-content/uploads/2025/07/1750945616-honor300%C3%97206_4.webp HTTP/1.1" 200 33814 "http://cqqizhou.com/" "Mozilla/5.0 (Windows NT 10.0; Win64; x64) AppleWebKit/537.36 (KHTML, like Gecko) Chrome/109.0.0.0 Safari/537.36"
36.133.115.36 - - [15/Jun/2026:05:21:16 +0800] "POST /wp-cron.php?doing_wp_cron=1781472076.5703270435333251953125 HTTP/1.1" 200 31 "-" "WordPress/6.9; http://cqqizhou.com"
216.180.246.47 - - [15/Jun/2026:05:21:16 +0800] "GET / HTTP/1.0" 301 0 "-" "-"
36.133.115.36 - - [15/Jun/2026:05:36:07 +0800] "POST /wp-cron.php?doing_wp_cron=1781472967.1994531154632568359375 HTTP/1.1" 200 31 "-" "WordPress/6.9; http://cqqizhou.com"
183.247.185.35 - - [15/Jun/2026:05:36:07 +0800] "GET / HTTP/1.1" 301 5 "-" "Mozilla/5.0 (Windows NT 10.0; Win64; x64) AppleWebKit/537.36 (KHTML, like Gecko) Chrome/142.0.0.0 Safari/537.36"
183.247.185.35 - - [15/Jun/2026:05:36:07 +0800] "GET / HTTP/1.1" 200 35637 "-" "Mozilla/5.0 (Windows NT 10.0; Win64; x64) AppleWebKit/537.36 (KHTML, like Gecko) Chrome/142.0.0.0 Safari/537.36"
183.247.185.35 - - [15/Jun/2026:05:36:10 +0800] "GET /wp-json/sliderrevolution/sliders/1?srengine=7&slideid=4 HTTP/1.1" 499 0 "http://cqqizhou.com/" "Mozilla/5.0 (Windows NT 10.0; Win64; x64) AppleWebKit/537.36 (KHTML, like Gecko) Chrome/142.0.0.0 Safari/537.36"
183.247.185.35 - - [15/Jun/2026:05:36:10 +0800] "GET /wp-json/sliderrevolution/sliders/1?srengine=7&slideid=2 HTTP/1.1" 499 0 "http://cqqizhou.com/" "Mozilla/5.0 (Windows NT 10.0; Win64; x64) AppleWebKit/537.36 (KHTML, like Gecko) Chrome/142.0.0.0 Safari/537.36"
36.133.115.36 - - [15/Jun/2026:05:36:10 +0800] "POST /wp-cron.php?doing_wp_cron=1781472970.7640910148620605468750 HTTP/1.1" 200 31 "-" "WordPress/6.9; http://cqqizhou.com"
220.161.241.185 - - [15/Jun/2026:05:38:29 +0800] "GET / HTTP/1.1" 200 35637 "-" "Mozilla/5.0 (Macintosh; Intel Mac OS X 10_15_7) AppleWebKit/537.36 (KHTML, like Gecko) Chrome/148.0.0.0 Safari/537.36"
120.241.209.200 - - [15/Jun/2026:05:38:29 +0800] "GET / HTTP/1.1" 200 35637 "-" "Mozilla/5.0 (Windows NT 10.0; Win64; x64) AppleWebKit/537.36 (KHTML, like Gecko) Chrome/124.0.0.0 Safari/537.36"
36.133.115.36 - - [15/Jun/2026:05:48:33 +0800] "POST /wp-cron.php?doing_wp_cron=1781473713.8270099163055419921875 HTTP/1.1" 200 31 "-" "WordPress/6.9; http://cqqizhou.com"
66.249.73.228 - - [15/Jun/2026:05:48:33 +0800] "GET /contacts HTTP/1.1" 200 19098 "-" "Mozilla/5.0 (Linux; Android 6.0.1; Nexus 5X Build/MMB29P) AppleWebKit/537.36 (KHTML, like Gecko) Chrome/148.0.7778.96 Mobile Safari/537.36 (compatible; Googlebot/2.1; +http://www.google.com/bot.html)"
36.133.115.36 - - [15/Jun/2026:06:09:38 +0800] "POST /wp-cron.php?doing_wp_cron=1781474978.1207389831542968750000 HTTP/1.1" 200 31 "-" "WordPress/6.9; http://cqqizhou.com"
8.229.78.169 - - [15/Jun/2026:06:09:38 +0800] "HEAD /blog/ HTTP/1.1" 404 0 "-" "Mozilla/5.0 (Linux; Android 13; Pixel 7a) AppleWebKit/537.36 (KHTML, like Gecko) Chrome/124.0.6367.82 Mobile Safari/537.36"
8.229.78.169 - - [15/Jun/2026:06:09:39 +0800] "HEAD /backup/ HTTP/1.1" 404 0 "-" "Mozilla/5.0 (Windows NT 11.0; Win64; x64) AppleWebKit/537.36 (KHTML, like Gecko) Chrome/128.0.6540.18 Safari/537.36"
8.229.78.169 - - [15/Jun/2026:06:09:39 +0800] "HEAD /wp/ HTTP/1.1" 404 0 "-" "Mozilla/5.0 (X11; Linux x86_64) AppleWebKit/537.36 (KHTML, like Gecko) Chrome/125.0.6422.76 Safari/537.36"
8.229.78.169 - - [15/Jun/2026:06:09:40 +0800] "HEAD /new/ HTTP/1.1" 301 0 "-" "Mozilla/5.0 (Linux; Android 11; RMX2195) AppleWebKit/537.36 (KHTML, like Gecko) Chrome/120.0.6099.210 Mobile Safari/537.36 OPR/75.2.3995.72468"
8.229.78.169 - - [15/Jun/2026:06:09:41 +0800] "HEAD /news HTTP/1.1" 200 0 "http://cqqizhou.com/new/" "Mozilla/5.0 (Linux; Android 11; RMX2195) AppleWebKit/537.36 (KHTML, like Gecko) Chrome/120.0.6099.210 Mobile Safari/537.36 OPR/75.2.3995.72468"
8.229.78.169 - - [15/Jun/2026:06:09:42 +0800] "HEAD /wordpress/ HTTP/1.1" 404 0 "-" "Mozilla/5.0 (iPad; CPU OS 17_4 like Mac OS X) AppleWebKit/605.1.15 (KHTML, like Gecko) Version/17.4 Mobile/15E148 Safari/604.1"
8.229.78.169 - - [15/Jun/2026:06:09:43 +0800] "HEAD /old/ HTTP/1.1" 404 0 "-" "Mozilla/5.0 (X11; Linux x86_64; rv:127.0) Gecko/20100101 Firefox/127.0"
8.229.78.169 - - [15/Jun/2026:06:09:44 +0800] "HEAD / HTTP/1.1" 200 0 "-" "Mozilla/5.0 (iPhone; CPU iPhone OS 16_7 like Mac OS X) AppleWebKit/605.1.15 (KHTML, like Gecko) Version/16.7 Mobile/15E148 Safari/604.1"
36.133.115.36 - - [15/Jun/2026:06:26:03 +0800] "POST /wp-cron.php?doing_wp_cron=1781475963.9094510078430175781250 HTTP/1.1" 200 31 "-" "WordPress/6.9; http://cqqizhou.com"
66.249.73.230 - - [15/Jun/2026:06:26:03 +0800] "GET /news/2164 HTTP/1.1" 200 20268 "-" "Mozilla/5.0 (Linux; Android 6.0.1; Nexus 5X Build/MMB29P) AppleWebKit/537.36 (KHTML, like Gecko) Chrome/148.0.7778.96 Mobile Safari/537.36 (compatible; Googlebot/2.1; +http://www.google.com/bot.html)"
36.133.115.36 - - [15/Jun/2026:06:34:49 +0800] "POST /wp-cron.php?doing_wp_cron=1781476489.7229230403900146484375 HTTP/1.1" 200 31 "-" "WordPress/6.9; http://cqqizhou.com"
146.56.199.139 - - [15/Jun/2026:06:34:49 +0800] "GET / HTTP/1.1" 200 35195 "-" "Mozilla/5.0 (iPhone; CPU iPhone OS 13_2_3 like Mac OS X) AppleWebKit/605.1.15 (KHTML, like Gecko) Version/13.0.3 Mobile/15E148 Safari/604.1"
59.60.151.125 - - [15/Jun/2026:06:38:31 +0800] "GET /bug HTTP/1.1" 200 13323 "-" "Mozilla/5.0 (Macintosh; Intel Mac OS X 10_15_7) AppleWebKit/537.36 (KHTML, like Gecko) Chrome/140.0.0.0 Safari/537.36"
36.133.115.36 - - [15/Jun/2026:06:38:33 +0800] "POST /wp-cron.php?doing_wp_cron=1781476713.7549290657043457031250 HTTP/1.1" 200 31 "-" "WordPress/6.9; http://cqqizhou.com"
66.249.73.228 - - [15/Jun/2026:06:38:33 +0800] "GET /news/portfolio/remaining-rolls HTTP/1.1" 200 19278 "-" "Mozilla/5.0 (Linux; Android 6.0.1; Nexus 5X Build/MMB29P) AppleWebKit/537.36 (KHTML, like Gecko) Chrome/148.0.7778.96 Mobile Safari/537.36 (compatible; Googlebot/2.1; +http://www.google.com/bot.html)"
223.167.143.94 - - [15/Jun/2026:06:45:12 +0800] "GET /logistics HTTP/1.1" 200 26175 "-" "Mozilla/5.0 (Windows NT 10.0; WOW64) AppleWebKit/537.36 (KHTML, like Gecko) Chrome/131.0.0.0 Safari/537.36 QIHU 360SE"
80.247.95.180 - - [15/Jun/2026:06:51:18 +0800] "GET / HTTP/1.1" 200 35637 "-" "Mozilla/5.0 (Windows NT 10.0; Win64; x64; rv:68.0) Gecko/20100101 Firefox/68.0"
80.247.95.180 - - [15/Jun/2026:06:51:18 +0800] "GET / HTTP/1.1" 200 35637 "-" "Mozilla/5.0 (Windows NT 10.0; Win64; x64; rv:56.0) Gecko/20100101 Firefox/56.0"
80.247.95.180 - - [15/Jun/2026:06:51:18 +0800] "GET / HTTP/1.1" 200 35637 "-" "Mozilla/5.0 (Windows NT 10.0; Win64; x64; rv:84.0) Gecko/20100101 Firefox/84.0"
80.247.95.180 - - [15/Jun/2026:06:51:18 +0800] "GET / HTTP/1.1" 200 35637 "-" "Mozilla/5.0 (Windows NT 10.0; Win64; x64; rv:99.0) Gecko/20100101 Firefox/99.0"
80.247.95.180 - - [15/Jun/2026:06:51:19 +0800] "GET / HTTP/1.1" 200 35637 "-" "Mozilla/5.0 (Windows NT 10.0; Win64; x64; rv:52.0) Gecko/20100101 Firefox/52.0"
80.247.95.180 - - [15/Jun/2026:06:51:19 +0800] "GET / HTTP/1.1" 200 35637 "-" "Mozilla/5.0 (Windows NT 10.0; Win64; x64; rv:49.0) Gecko/20100101 Firefox/49.0"
80.247.95.180 - - [15/Jun/2026:06:51:19 +0800] "GET / HTTP/1.1" 200 35637 "-" "Mozilla/5.0 (Windows NT 10.0; Win64; x64; rv:97.0) Gecko/20100101 Firefox/97.0"
80.247.95.180 - - [15/Jun/2026:06:51:19 +0800] "GET / HTTP/1.1" 200 35637 "-" "Mozilla/5.0 (Windows NT 10.0; Win64; x64; rv:71.0) Gecko/20100101 Firefox/71.0"
80.247.95.180 - - [15/Jun/2026:06:51:19 +0800] "GET / HTTP/1.1" 200 35637 "-" "Mozilla/5.0 (Windows NT 10.0; Win64; x64; rv:44.0) Gecko/20100101 Firefox/44.0"
80.247.95.180 - - [15/Jun/2026:06:51:19 +0800] "GET / HTTP/1.1" 200 35637 "-" "Mozilla/5.0 (Windows NT 10.0; Win64; x64; rv:75.0) Gecko/20100101 Firefox/75.0"
80.247.95.180 - - [15/Jun/2026:06:51:19 +0800] "GET / HTTP/1.1" 200 35637 "-" "Mozilla/5.0 (Windows NT 10.0; Win64; x64; rv:100.0) Gecko/20100101 Firefox/100.0"
80.247.95.180 - - [15/Jun/2026:06:51:19 +0800] "GET / HTTP/1.1" 200 35637 "-" "Mozilla/5.0 (Windows NT 10.0; Win64; x64; rv:43.0) Gecko/20100101 Firefox/43.0"
80.247.95.180 - - [15/Jun/2026:06:51:19 +0800] "GET / HTTP/1.1" 200 35637 "-" "Mozilla/5.0 (Windows NT 10.0; Win64; x64; rv:86.0) Gecko/20100101 Firefox/86.0"
80.247.95.180 - - [15/Jun/2026:06:51:19 +0800] "GET / HTTP/1.1" 200 35637 "-" "Mozilla/5.0 (Windows NT 10.0; Win64; x64; rv:92.0) Gecko/20100101 Firefox/92.0"
80.247.95.180 - - [15/Jun/2026:06:51:19 +0800] "GET / HTTP/1.1" 200 35637 "-" "Mozilla/5.0 (Windows NT 10.0; Win64; x64; rv:89.0) Gecko/20100101 Firefox/89.0"
80.247.95.180 - - [15/Jun/2026:06:51:19 +0800] "GET / HTTP/1.1" 200 35637 "-" "Mozilla/5.0 (Windows NT 10.0; Win64; x64; rv:91.0) Gecko/20100101 Firefox/91.0"
80.247.95.180 - - [15/Jun/2026:06:51:20 +0800] "GET / HTTP/1.1" 200 35637 "-" "Mozilla/5.0 (Windows NT 10.0; Win64; x64; rv:71.0) Gecko/20100101 Firefox/71.0"
80.247.95.180 - - [15/Jun/2026:06:51:20 +0800] "GET / HTTP/1.1" 200 35637 "-" "Mozilla/5.0 (Windows NT 10.0; Win64; x64; rv:73.0) Gecko/20100101 Firefox/73.0"
80.247.95.180 - - [15/Jun/2026:06:51:20 +0800] "GET /wp-json/wp/v2/users HTTP/1.1" 200 284 "-" "Mozilla/5.0 (Windows NT 10.0; Win64; x64; rv:81.0) Gecko/20100101 Firefox/81.0"
36.133.115.36 - - [15/Jun/2026:06:51:20 +0800] "POST /wp-cron.php?doing_wp_cron=1781477480.3730969429016113281250 HTTP/1.1" 200 31 "-" "WordPress/6.9; http://cqqizhou.com"
80.247.95.180 - - [15/Jun/2026:06:51:20 +0800] "GET /wp-json/wp/v2/users HTTP/1.1" 200 284 "-" "Mozilla/5.0 (Windows NT 10.0; Win64; x64; rv:49.0) Gecko/20100101 Firefox/49.0"
80.247.95.180 - - [15/Jun/2026:06:51:20 +0800] "GET / HTTP/1.1" 200 35637 "-" "Mozilla/5.0 (Windows NT 10.0; Win64; x64; rv:77.0) Gecko/20100101 Firefox/77.0"
80.247.95.180 - - [15/Jun/2026:06:51:20 +0800] "GET /wp-json/wp/v2/users HTTP/1.1" 200 284 "-" "Mozilla/5.0 (Windows NT 10.0; Win64; x64; rv:61.0) Gecko/20100101 Firefox/61.0"
80.247.95.180 - - [15/Jun/2026:06:51:20 +0800] "GET /wp-json/wp/v2/users HTTP/1.1" 200 284 "-" "Mozilla/5.0 (Windows NT 10.0; Win64; x64; rv:82.0) Gecko/20100101 Firefox/82.0"
80.247.95.180 - - [15/Jun/2026:06:51:20 +0800] "GET /wp-json/wp/v2/users HTTP/1.1" 200 284 "-" "Mozilla/5.0 (Windows NT 10.0; Win64; x64; rv:77.0) Gecko/20100101 Firefox/77.0"
80.247.95.180 - - [15/Jun/2026:06:51:20 +0800] "GET /wp-json/wp/v2/users HTTP/1.1" 200 284 "-" "Mozilla/5.0 (Windows NT 10.0; Win64; x64; rv:93.0) Gecko/20100101 Firefox/93.0"
80.247.95.180 - - [15/Jun/2026:06:51:20 +0800] "GET /wp-json/wp/v2/users HTTP/1.1" 200 284 "-" "Mozilla/5.0 (Windows NT 10.0; Win64; x64; rv:72.0) Gecko/20100101 Firefox/72.0"
80.247.95.180 - - [15/Jun/2026:06:51:20 +0800] "GET /wp-json/wp/v2/users HTTP/1.1" 200 284 "-" "Mozilla/5.0 (Windows NT 10.0; Win64; x64; rv:45.0) Gecko/20100101 Firefox/45.0"
80.247.95.180 - - [15/Jun/2026:06:51:21 +0800] "GET /wp-json/wp/v2/users HTTP/1.1" 200 284 "-" "Mozilla/5.0 (Windows NT 10.0; Win64; x64; rv:100.0) Gecko/20100101 Firefox/100.0"
80.247.95.180 - - [15/Jun/2026:06:51:21 +0800] "GET /wp-json/wp/v2/users HTTP/1.1" 200 284 "-" "Mozilla/5.0 (Windows NT 10.0; Win64; x64; rv:72.0) Gecko/20100101 Firefox/72.0"
80.247.95.180 - - [15/Jun/2026:06:51:21 +0800] "GET /wp-json/wp/v2/users HTTP/1.1" 200 284 "-" "Mozilla/5.0 (Windows NT 10.0; Win64; x64; rv:84.0) Gecko/20100101 Firefox/84.0"
80.247.95.180 - - [15/Jun/2026:06:51:22 +0800] "GET /wp-json/wp/v2/users HTTP/1.1" 200 284 "-" "Mozilla/5.0 (Windows NT 10.0; Win64; x64; rv:87.0) Gecko/20100101 Firefox/87.0"
80.247.95.180 - - [15/Jun/2026:06:51:22 +0800] "GET /?author=1 HTTP/1.1" 301 5 "-" "Mozilla/5.0 (Windows NT 10.0; Win64; x64; rv:66.0) Gecko/20100101 Firefox/66.0"
80.247.95.180 - - [15/Jun/2026:06:51:23 +0800] "GET /?author=1 HTTP/1.1" 301 5 "-" "Mozilla/5.0 (Windows NT 10.0; Win64; x64; rv:48.0) Gecko/20100101 Firefox/48.0"
80.247.95.180 - - [15/Jun/2026:06:51:23 +0800] "GET / HTTP/1.1" 200 35637 "-" "Mozilla/5.0 (Windows NT 10.0; Win64; x64; rv:81.0) Gecko/20100101 Firefox/81.0"
80.247.95.180 - - [15/Jun/2026:06:51:23 +0800] "GET /wp-json/wp/v2/users HTTP/1.1" 200 284 "-" "Mozilla/5.0 (Windows NT 10.0; Win64; x64; rv:64.0) Gecko/20100101 Firefox/64.0"
80.247.95.180 - - [15/Jun/2026:06:51:23 +0800] "GET /?author=1 HTTP/1.1" 301 5 "-" "Mozilla/5.0 (Windows NT 10.0; Win64; x64; rv:99.0) Gecko/20100101 Firefox/99.0"
80.247.95.180 - - [15/Jun/2026:06:51:23 +0800] "GET /news/author/admin HTTP/1.1" 200 26101 "-" "Mozilla/5.0 (Windows NT 10.0; Win64; x64; rv:48.0) Gecko/20100101 Firefox/48.0"
80.247.95.180 - - [15/Jun/2026:06:51:24 +0800] "GET /news/author/admin HTTP/1.1" 200 26101 "-" "Mozilla/5.0 (Windows NT 10.0; Win64; x64; rv:99.0) Gecko/20100101 Firefox/99.0"
80.247.95.180 - - [15/Jun/2026:06:51:24 +0800] "GET /news/author/admin HTTP/1.1" 200 26101 "-" "Mozilla/5.0 (Windows NT 10.0; Win64; x64; rv:66.0) Gecko/20100101 Firefox/66.0"
80.247.95.180 - - [15/Jun/2026:06:51:24 +0800] "GET /?author=1 HTTP/1.1" 301 5 "-" "Mozilla/5.0 (Windows NT 10.0; Win64; x64; rv:90.0) Gecko/20100101 Firefox/90.0"
80.247.95.180 - - [15/Jun/2026:06:51:25 +0800] "GET /?author=1 HTTP/1.1" 301 5 "-" "Mozilla/5.0 (Windows NT 10.0; Win64; x64; rv:57.0) Gecko/20100101 Firefox/57.0"
80.247.95.180 - - [15/Jun/2026:06:51:25 +0800] "GET / HTTP/1.1" 200 35637 "-" "Mozilla/5.0 (Windows NT 10.0; Win64; x64; rv:64.0) Gecko/20100101 Firefox/64.0"
80.247.95.180 - - [15/Jun/2026:06:51:25 +0800] "GET /?author=1 HTTP/1.1" 301 5 "-" "Mozilla/5.0 (Windows NT 10.0; Win64; x64; rv:67.0) Gecko/20100101 Firefox/67.0"
80.247.95.180 - - [15/Jun/2026:06:51:25 +0800] "GET /?author=1 HTTP/1.1" 301 5 "-" "Mozilla/5.0 (Windows NT 10.0; Win64; x64; rv:42.0) Gecko/20100101 Firefox/42.0"
80.247.95.180 - - [15/Jun/2026:06:51:25 +0800] "GET / HTTP/1.1" 200 35637 "-" "Mozilla/5.0 (Windows NT 10.0; Win64; x64; rv:64.0) Gecko/20100101 Firefox/64.0"
80.247.95.180 - - [15/Jun/2026:06:51:25 +0800] "GET /news/author/admin HTTP/1.1" 200 26101 "-" "Mozilla/5.0 (Windows NT 10.0; Win64; x64; rv:67.0) Gecko/20100101 Firefox/67.0"
80.247.95.180 - - [15/Jun/2026:06:51:25 +0800] "GET /news/author/admin HTTP/1.1" 200 26101 "-" "Mozilla/5.0 (Windows NT 10.0; Win64; x64; rv:90.0) Gecko/20100101 Firefox/90.0"
80.247.95.180 - - [15/Jun/2026:06:51:25 +0800] "GET /news/author/admin HTTP/1.1" 200 26101 "-" "Mozilla/5.0 (Windows NT 10.0; Win64; x64; rv:57.0) Gecko/20100101 Firefox/57.0"
80.247.95.180 - - [15/Jun/2026:06:51:26 +0800] "GET /news/author/admin HTTP/1.1" 200 26101 "-" "Mozilla/5.0 (Windows NT 10.0; Win64; x64; rv:42.0) Gecko/20100101 Firefox/42.0"
80.247.95.180 - - [15/Jun/2026:06:51:26 +0800] "GET / HTTP/1.1" 200 35637 "-" "Mozilla/5.0 (Windows NT 10.0; Win64; x64; rv:83.0) Gecko/20100101 Firefox/83.0"
80.247.95.180 - - [15/Jun/2026:06:51:26 +0800] "GET / HTTP/1.1" 200 35637 "-" "Mozilla/5.0 (Windows NT 10.0; Win64; x64; rv:69.0) Gecko/20100101 Firefox/69.0"
80.247.95.180 - - [15/Jun/2026:06:51:26 +0800] "GET /?author=1 HTTP/1.1" 301 5 "-" "Mozilla/5.0 (Windows NT 10.0; Win64; x64; rv:100.0) Gecko/20100101 Firefox/100.0"
80.247.95.180 - - [15/Jun/2026:06:51:26 +0800] "GET /?author=1 HTTP/1.1" 301 5 "-" "Mozilla/5.0 (Windows NT 10.0; Win64; x64; rv:42.0) Gecko/20100101 Firefox/42.0"
80.247.95.180 - - [15/Jun/2026:06:51:26 +0800] "GET / HTTP/1.1" 200 35637 "-" "Mozilla/5.0 (Windows NT 10.0; Win64; x64; rv:88.0) Gecko/20100101 Firefox/88.0"
80.247.95.180 - - [15/Jun/2026:06:51:26 +0800] "GET /?author=1 HTTP/1.1" 301 5 "-" "Mozilla/5.0 (Windows NT 10.0; Win64; x64; rv:51.0) Gecko/20100101 Firefox/51.0"
80.247.95.180 - - [15/Jun/2026:06:51:26 +0800] "GET /?author=1 HTTP/1.1" 301 5 "-" "Mozilla/5.0 (Windows NT 10.0; Win64; x64; rv:74.0) Gecko/20100101 Firefox/74.0"
80.247.95.180 - - [15/Jun/2026:06:51:26 +0800] "GET /news/author/admin HTTP/1.1" 200 26101 "-" "Mozilla/5.0 (Windows NT 10.0; Win64; x64; rv:42.0) Gecko/20100101 Firefox/42.0"
80.247.95.180 - - [15/Jun/2026:06:51:26 +0800] "GET /news/author/admin HTTP/1.1" 200 26101 "-" "Mozilla/5.0 (Windows NT 10.0; Win64; x64; rv:100.0) Gecko/20100101 Firefox/100.0"
80.247.95.180 - - [15/Jun/2026:06:51:26 +0800] "GET /news/author/admin HTTP/1.1" 200 26101 "-" "Mozilla/5.0 (Windows NT 10.0; Win64; x64; rv:51.0) Gecko/20100101 Firefox/51.0"
80.247.95.180 - - [15/Jun/2026:06:51:27 +0800] "GET /news/author/admin HTTP/1.1" 200 26101 "-" "Mozilla/5.0 (Windows NT 10.0; Win64; x64; rv:74.0) Gecko/20100101 Firefox/74.0"
80.247.95.180 - - [15/Jun/2026:06:51:27 +0800] "GET /?author=1 HTTP/1.1" 301 5 "-" "Mozilla/5.0 (Windows NT 10.0; Win64; x64; rv:43.0) Gecko/20100101 Firefox/43.0"
80.247.95.180 - - [15/Jun/2026:06:51:27 +0800] "GET /wp-json/wp/v2/users HTTP/1.1" 200 284 "-" "Mozilla/5.0 (Windows NT 10.0; Win64; x64; rv:97.0) Gecko/20100101 Firefox/97.0"
80.247.95.180 - - [15/Jun/2026:06:51:27 +0800] "GET /?author=1 HTTP/1.1" 301 5 "-" "Mozilla/5.0 (Windows NT 10.0; Win64; x64; rv:80.0) Gecko/20100101 Firefox/80.0"
80.247.95.180 - - [15/Jun/2026:06:51:27 +0800] "GET / HTTP/1.1" 200 35637 "-" "Mozilla/5.0 (Windows NT 10.0; Win64; x64; rv:43.0) Gecko/20100101 Firefox/43.0"
80.247.95.180 - - [15/Jun/2026:06:51:27 +0800] "GET /wp-json/wp/v2/users HTTP/1.1" 200 284 "-" "Mozilla/5.0 (Windows NT 10.0; Win64; x64; rv:63.0) Gecko/20100101 Firefox/63.0"
80.247.95.180 - - [15/Jun/2026:06:51:27 +0800] "GET / HTTP/1.1" 200 35637 "-" "Mozilla/5.0 (Windows NT 10.0; Win64; x64; rv:98.0) Gecko/20100101 Firefox/98.0"
80.247.95.180 - - [15/Jun/2026:06:51:27 +0800] "GET /news/author/admin HTTP/1.1" 200 26101 "-" "Mozilla/5.0 (Windows NT 10.0; Win64; x64; rv:43.0) Gecko/20100101 Firefox/43.0"
80.247.95.180 - - [15/Jun/2026:06:51:27 +0800] "GET /wp-json/wp/v2/users HTTP/1.1" 200 284 "-" "Mozilla/5.0 (Windows NT 10.0; Win64; x64; rv:90.0) Gecko/20100101 Firefox/90.0"
80.247.95.180 - - [15/Jun/2026:06:51:27 +0800] "GET /news/author/admin HTTP/1.1" 200 26101 "-" "Mozilla/5.0 (Windows NT 10.0; Win64; x64; rv:80.0) Gecko/20100101 Firefox/80.0"
80.247.95.180 - - [15/Jun/2026:06:51:27 +0800] "GET /wp-json/wp/v2/users HTTP/1.1" 200 284 "-" "Mozilla/5.0 (Windows NT 10.0; Win64; x64; rv:60.0) Gecko/20100101 Firefox/60.0"
80.247.95.180 - - [15/Jun/2026:06:51:27 +0800] "GET /wp-json/wp/v2/users HTTP/1.1" 200 284 "-" "Mozilla/5.0 (Windows NT 10.0; Win64; x64; rv:78.0) Gecko/20100101 Firefox/78.0"
80.247.95.180 - - [15/Jun/2026:06:51:27 +0800] "GET / HTTP/1.1" 200 35637 "-" "Mozilla/5.0 (Windows NT 10.0; Win64; x64; rv:97.0) Gecko/20100101 Firefox/97.0"
80.247.95.180 - - [15/Jun/2026:06:51:27 +0800] "GET / HTTP/1.1" 200 35637 "-" "Mozilla/5.0 (Windows NT 10.0; Win64; x64; rv:99.0) Gecko/20100101 Firefox/99.0"
80.247.95.180 - - [15/Jun/2026:06:51:27 +0800] "GET /wp-json/wp/v2/users HTTP/1.1" 200 284 "-" "Mozilla/5.0 (Windows NT 10.0; Win64; x64; rv:58.0) Gecko/20100101 Firefox/58.0"
80.247.95.180 - - [15/Jun/2026:06:51:27 +0800] "GET /wp-json/wp/v2/users HTTP/1.1" 200 284 "-" "Mozilla/5.0 (Windows NT 10.0; Win64; x64; rv:50.0) Gecko/20100101 Firefox/50.0"
80.247.95.180 - - [15/Jun/2026:06:51:27 +0800] "GET /?author=2 HTTP/1.1" 200 17786 "-" "Mozilla/5.0 (Windows NT 10.0; Win64; x64; rv:69.0) Gecko/20100101 Firefox/69.0"
80.247.95.180 - - [15/Jun/2026:06:51:27 +0800] "GET /?author=2 HTTP/1.1" 200 17786 "-" "Mozilla/5.0 (Windows NT 10.0; Win64; x64; rv:86.0) Gecko/20100101 Firefox/86.0"
80.247.95.180 - - [15/Jun/2026:06:51:28 +0800] "GET / HTTP/1.1" 200 35637 "-" "Mozilla/5.0 (Windows NT 10.0; Win64; x64; rv:84.0) Gecko/20100101 Firefox/84.0"
80.247.95.180 - - [15/Jun/2026:06:51:28 +0800] "GET /?author=2 HTTP/1.1" 200 17786 "-" "Mozilla/5.0 (Windows NT 10.0; Win64; x64; rv:63.0) Gecko/20100101 Firefox/63.0"
80.247.95.180 - - [15/Jun/2026:06:51:28 +0800] "GET /wp-json/wp/v2/users HTTP/1.1" 200 284 "-" "Mozilla/5.0 (Windows NT 10.0; Win64; x64; rv:50.0) Gecko/20100101 Firefox/50.0"
80.247.95.180 - - [15/Jun/2026:06:51:28 +0800] "GET / HTTP/1.1" 200 35637 "-" "Mozilla/5.0 (Windows NT 10.0; Win64; x64; rv:81.0) Gecko/20100101 Firefox/81.0"
80.247.95.180 - - [15/Jun/2026:06:51:28 +0800] "GET / HTTP/1.1" 200 35637 "-" "Mozilla/5.0 (Windows NT 10.0; Win64; x64; rv:71.0) Gecko/20100101 Firefox/71.0"
80.247.95.180 - - [15/Jun/2026:06:51:28 +0800] "GET /wp-json/wp/v2/users HTTP/1.1" 200 284 "-" "Mozilla/5.0 (Windows NT 10.0; Win64; x64; rv:45.0) Gecko/20100101 Firefox/45.0"
80.247.95.180 - - [15/Jun/2026:06:51:28 +0800] "GET /?author=2 HTTP/1.1" 200 17786 "-" "Mozilla/5.0 (Windows NT 10.0; Win64; x64; rv:56.0) Gecko/20100101 Firefox/56.0"
80.247.95.180 - - [15/Jun/2026:06:51:28 +0800] "GET /?author=2 HTTP/1.1" 200 17786 "-" "Mozilla/5.0 (Windows NT 10.0; Win64; x64; rv:79.0) Gecko/20100101 Firefox/79.0"
80.247.95.180 - - [15/Jun/2026:06:51:28 +0800] "GET / HTTP/1.1" 200 35637 "-" "Mozilla/5.0 (Windows NT 10.0; Win64; x64; rv:57.0) Gecko/20100101 Firefox/57.0"
80.247.95.180 - - [15/Jun/2026:06:51:28 +0800] "GET /wp-json/wp/v2/users HTTP/1.1" 200 284 "-" "Mozilla/5.0 (Windows NT 10.0; Win64; x64; rv:59.0) Gecko/20100101 Firefox/59.0"
80.247.95.180 - - [15/Jun/2026:06:51:28 +0800] "GET /?author=2 HTTP/1.1" 200 17786 "-" "Mozilla/5.0 (Windows NT 10.0; Win64; x64; rv:53.0) Gecko/20100101 Firefox/53.0"
80.247.95.180 - - [15/Jun/2026:06:51:28 +0800] "GET /?author=2 HTTP/1.1" 200 17786 "-" "Mozilla/5.0 (Windows NT 10.0; Win64; x64; rv:68.0) Gecko/20100101 Firefox/68.0"
80.247.95.180 - - [15/Jun/2026:06:51:28 +0800] "GET / HTTP/1.1" 200 35637 "-" "Mozilla/5.0 (Windows NT 10.0; Win64; x64; rv:59.0) Gecko/20100101 Firefox/59.0"
80.247.95.180 - - [15/Jun/2026:06:51:28 +0800] "GET /wp-json/wp/v2/users HTTP/1.1" 200 284 "-" "Mozilla/5.0 (Windows NT 10.0; Win64; x64; rv:44.0) Gecko/20100101 Firefox/44.0"
80.247.95.180 - - [15/Jun/2026:06:51:29 +0800] "GET /wp-json/wp/v2/users HTTP/1.1" 200 284 "-" "Mozilla/5.0 (Windows NT 10.0; Win64; x64; rv:70.0) Gecko/20100101 Firefox/70.0"
80.247.95.180 - - [15/Jun/2026:06:51:29 +0800] "GET /?author=1 HTTP/1.1" 301 5 "-" "Mozilla/5.0 (Windows NT 10.0; Win64; x64; rv:74.0) Gecko/20100101 Firefox/74.0"
80.247.95.180 - - [15/Jun/2026:06:51:29 +0800] "GET /?author=1 HTTP/1.1" 301 5 "-" "Mozilla/5.0 (Windows NT 10.0; Win64; x64; rv:67.0) Gecko/20100101 Firefox/67.0"
80.247.95.180 - - [15/Jun/2026:06:51:29 +0800] "GET /news/author/admin HTTP/1.1" 200 26101 "-" "Mozilla/5.0 (Windows NT 10.0; Win64; x64; rv:74.0) Gecko/20100101 Firefox/74.0"
80.247.95.180 - - [15/Jun/2026:06:51:29 +0800] "GET / HTTP/1.1" 200 35637 "-" "Mozilla/5.0 (Windows NT 10.0; Win64; x64; rv:45.0) Gecko/20100101 Firefox/45.0"
80.247.95.180 - - [15/Jun/2026:06:51:29 +0800] "GET /news/author/admin HTTP/1.1" 200 26101 "-" "Mozilla/5.0 (Windows NT 10.0; Win64; x64; rv:67.0) Gecko/20100101 Firefox/67.0"
80.247.95.180 - - [15/Jun/2026:06:51:29 +0800] "GET /?author=1 HTTP/1.1" 301 5 "-" "Mozilla/5.0 (Windows NT 10.0; Win64; x64; rv:75.0) Gecko/20100101 Firefox/75.0"
80.247.95.180 - - [15/Jun/2026:06:51:29 +0800] "GET /?author=2 HTTP/1.1" 200 17786 "-" "Mozilla/5.0 (Windows NT 10.0; Win64; x64; rv:53.0) Gecko/20100101 Firefox/53.0"
80.247.95.180 - - [15/Jun/2026:06:51:29 +0800] "GET /?author=2 HTTP/1.1" 200 17786 "-" "Mozilla/5.0 (Windows NT 10.0; Win64; x64; rv:97.0) Gecko/20100101 Firefox/97.0"
80.247.95.180 - - [15/Jun/2026:06:51:29 +0800] "GET /?author=1 HTTP/1.1" 301 5 "-" "Mozilla/5.0 (Windows NT 10.0; Win64; x64; rv:83.0) Gecko/20100101 Firefox/83.0"
80.247.95.180 - - [15/Jun/2026:06:51:29 +0800] "GET /?author=2 HTTP/1.1" 200 17786 "-" "Mozilla/5.0 (Windows NT 10.0; Win64; x64; rv:75.0) Gecko/20100101 Firefox/75.0"
80.247.95.180 - - [15/Jun/2026:06:51:29 +0800] "GET /?author=1 HTTP/1.1" 301 5 "-" "Mozilla/5.0 (Windows NT 10.0; Win64; x64; rv:57.0) Gecko/20100101 Firefox/57.0"
80.247.95.180 - - [15/Jun/2026:06:51:30 +0800] "GET /news/author/admin HTTP/1.1" 200 26101 "-" "Mozilla/5.0 (Windows NT 10.0; Win64; x64; rv:75.0) Gecko/20100101 Firefox/75.0"
80.247.95.180 - - [15/Jun/2026:06:51:30 +0800] "GET /news/author/admin HTTP/1.1" 200 26101 "-" "Mozilla/5.0 (Windows NT 10.0; Win64; x64; rv:83.0) Gecko/20100101 Firefox/83.0"
80.247.95.180 - - [15/Jun/2026:06:51:30 +0800] "GET /news/author/admin HTTP/1.1" 200 26101 "-" "Mozilla/5.0 (Windows NT 10.0; Win64; x64; rv:57.0) Gecko/20100101 Firefox/57.0"
80.247.95.180 - - [15/Jun/2026:06:51:30 +0800] "GET /wp-json/wp/v2/users HTTP/1.1" 200 284 "-" "Mozilla/5.0 (Windows NT 10.0; Win64; x64; rv:79.0) Gecko/20100101 Firefox/79.0"
80.247.95.180 - - [15/Jun/2026:06:51:30 +0800] "GET /?author=1 HTTP/1.1" 301 5 "-" "Mozilla/5.0 (Windows NT 10.0; Win64; x64; rv:85.0) Gecko/20100101 Firefox/85.0"
80.247.95.180 - - [15/Jun/2026:06:51:30 +0800] "GET /wp-json/wp/v2/users HTTP/1.1" 200 284 "-" "Mozilla/5.0 (Windows NT 10.0; Win64; x64; rv:91.0) Gecko/20100101 Firefox/91.0"
80.247.95.180 - - [15/Jun/2026:06:51:30 +0800] "GET /wp-json/wp/v2/users HTTP/1.1" 200 284 "-" "Mozilla/5.0 (Windows NT 10.0; Win64; x64; rv:51.0) Gecko/20100101 Firefox/51.0"
80.247.95.180 - - [15/Jun/2026:06:51:30 +0800] "GET /wp-json/wp/v2/users HTTP/1.1" 200 284 "-" "Mozilla/5.0 (Windows NT 10.0; Win64; x64; rv:58.0) Gecko/20100101 Firefox/58.0"
80.247.95.180 - - [15/Jun/2026:06:51:30 +0800] "GET /?author=2 HTTP/1.1" 200 17785 "-" "Mozilla/5.0 (Windows NT 10.0; Win64; x64; rv:91.0) Gecko/20100101 Firefox/91.0"
80.247.95.180 - - [15/Jun/2026:06:51:30 +0800] "GET /?author=1 HTTP/1.1" 301 5 "-" "Mozilla/5.0 (Windows NT 10.0; Win64; x64; rv:57.0) Gecko/20100101 Firefox/57.0"
80.247.95.180 - - [15/Jun/2026:06:51:30 +0800] "GET /news/author/admin HTTP/1.1" 200 26101 "-" "Mozilla/5.0 (Windows NT 10.0; Win64; x64; rv:85.0) Gecko/20100101 Firefox/85.0"
80.247.95.180 - - [15/Jun/2026:06:51:30 +0800] "GET /?author=2 HTTP/1.1" 200 17785 "-" "Mozilla/5.0 (Windows NT 10.0; Win64; x64; rv:43.0) Gecko/20100101 Firefox/43.0"
80.247.95.180 - - [15/Jun/2026:06:51:30 +0800] "GET /news/author/admin HTTP/1.1" 200 26101 "-" "Mozilla/5.0 (Windows NT 10.0; Win64; x64; rv:57.0) Gecko/20100101 Firefox/57.0"
80.247.95.180 - - [15/Jun/2026:06:51:31 +0800] "GET /wp-json/wp/v2/users HTTP/1.1" 200 284 "-" "Mozilla/5.0 (Windows NT 10.0; Win64; x64; rv:69.0) Gecko/20100101 Firefox/69.0"
80.247.95.180 - - [15/Jun/2026:06:51:31 +0800] "GET /?author=2 HTTP/1.1" 200 17785 "-" "Mozilla/5.0 (Windows NT 10.0; Win64; x64; rv:47.0) Gecko/20100101 Firefox/47.0"
80.247.95.180 - - [15/Jun/2026:06:51:31 +0800] "GET /?author=1 HTTP/1.1" 301 5 "-" "Mozilla/5.0 (Windows NT 10.0; Win64; x64; rv:95.0) Gecko/20100101 Firefox/95.0"
80.247.95.180 - - [15/Jun/2026:06:51:31 +0800] "GET /?author=1 HTTP/1.1" 301 5 "-" "Mozilla/5.0 (Windows NT 10.0; Win64; x64; rv:100.0) Gecko/20100101 Firefox/100.0"
80.247.95.180 - - [15/Jun/2026:06:51:31 +0800] "GET /?author=1 HTTP/1.1" 301 5 "-" "Mozilla/5.0 (Windows NT 10.0; Win64; x64; rv:75.0) Gecko/20100101 Firefox/75.0"
80.247.95.180 - - [15/Jun/2026:06:51:31 +0800] "GET /?author=3 HTTP/1.1" 200 17784 "-" "Mozilla/5.0 (Windows NT 10.0; Win64; x64; rv:42.0) Gecko/20100101 Firefox/42.0"
80.247.95.180 - - [15/Jun/2026:06:51:31 +0800] "GET /?author=1 HTTP/1.1" 301 5 "-" "Mozilla/5.0 (Windows NT 10.0; Win64; x64; rv:89.0) Gecko/20100101 Firefox/89.0"
80.247.95.180 - - [15/Jun/2026:06:51:31 +0800] "GET /news/author/admin HTTP/1.1" 200 26101 "-" "Mozilla/5.0 (Windows NT 10.0; Win64; x64; rv:95.0) Gecko/20100101 Firefox/95.0"
80.247.95.180 - - [15/Jun/2026:06:51:31 +0800] "GET /wp-json/wp/v2/users HTTP/1.1" 200 284 "-" "Mozilla/5.0 (Windows NT 10.0; Win64; x64; rv:95.0) Gecko/20100101 Firefox/95.0"
80.247.95.180 - - [15/Jun/2026:06:51:31 +0800] "GET /news/author/admin HTTP/1.1" 200 26101 "-" "Mozilla/5.0 (Windows NT 10.0; Win64; x64; rv:100.0) Gecko/20100101 Firefox/100.0"
80.247.95.180 - - [15/Jun/2026:06:51:31 +0800] "GET /news/author/admin HTTP/1.1" 200 26101 "-" "Mozilla/5.0 (Windows NT 10.0; Win64; x64; rv:75.0) Gecko/20100101 Firefox/75.0"
80.247.95.180 - - [15/Jun/2026:06:51:31 +0800] "GET /?author=1 HTTP/1.1" 301 5 "-" "Mozilla/5.0 (Windows NT 10.0; Win64; x64; rv:81.0) Gecko/20100101 Firefox/81.0"
80.247.95.180 - - [15/Jun/2026:06:51:31 +0800] "GET /news/author/admin HTTP/1.1" 200 26101 "-" "Mozilla/5.0 (Windows NT 10.0; Win64; x64; rv:89.0) Gecko/20100101 Firefox/89.0"
80.247.95.180 - - [15/Jun/2026:06:51:31 +0800] "GET /wp-json/wp/v2/users HTTP/1.1" 200 284 "-" "Mozilla/5.0 (Windows NT 10.0; Win64; x64; rv:72.0) Gecko/20100101 Firefox/72.0"
80.247.95.180 - - [15/Jun/2026:06:51:31 +0800] "GET /?author=3 HTTP/1.1" 200 17784 "-" "Mozilla/5.0 (Windows NT 10.0; Win64; x64; rv:56.0) Gecko/20100101 Firefox/56.0"
80.247.95.180 - - [15/Jun/2026:06:51:31 +0800] "GET /news/author/admin HTTP/1.1" 200 26101 "-" "Mozilla/5.0 (Windows NT 10.0; Win64; x64; rv:81.0) Gecko/20100101 Firefox/81.0"
