74.177.109.168 - - [04/Apr/2026:04:00:50 +0800] "GET /company-news HTTP/1.1" 301 5 "-" "Mozilla/5.0 (Windows NT 10.0; Win64; x64) AppleWebKit/537.36 (KHTML, like Gecko) Chrome/131.0.0.0 Safari/537.36 Edg/131.0.0.0"
116.179.32.109 - - [04/Apr/2026:04:02:48 +0800] "GET /news/2543 HTTP/1.1" 200 25558 "-" "Mozilla/5.0 (compatible; Baiduspider/2.0; +http://www.baidu.com/search/spider.html)"
116.179.37.72 - - [04/Apr/2026:04:02:50 +0800] "GET /wp-content/uploads/2026/02/1769999241-4.2%E7%B1%B3%E9%AB%98%E6%A0%8F%E8%B4%A7%E8%BD%A6.webp HTTP/1.1" 200 54794 "http://cqqizhou.com/news/2543" "Mozilla/5.0 (compatible; Baiduspider-render/2.0; +http://www.baidu.com/search/spider.html)"
36.133.115.36 - - [04/Apr/2026:04:03:25 +0800] "POST /wp-cron.php?doing_wp_cron=1775246605.1117479801177978515625 HTTP/1.1" 200 31 "-" "WordPress/6.9; http://cqqizhou.com"
119.249.100.111 - - [04/Apr/2026:04:03:25 +0800] "GET /wp-content/uploads/2026/02/1769999241-4.2%C3%D7%B8%DF%C0%B8%BB%F5%B3%B5.webp HTTP/1.1" 404 31365 "http://cqqizhou.com/" "Mozilla/5.0 (Windows NT 10.0; WOW64) AppleWebKit/537.36 (KHTML, like Gecko) Chrome/48.0.2564.116 Safari/537.36"
36.133.115.36 - - [04/Apr/2026:04:06:26 +0800] "POST /wp-cron.php?doing_wp_cron=1775246786.0723071098327636718750 HTTP/1.1" 200 31 "-" "WordPress/6.9; http://cqqizhou.com"
101.33.80.42 - - [04/Apr/2026:04:06:26 +0800] "GET /wp-json/ HTTP/1.1" 200 19895 "-" "Mozilla/5.0 (iPhone; CPU iPhone OS 13_2_3 like Mac OS X) AppleWebKit/605.1.15 (KHTML, like Gecko) Version/13.0.3 Mobile/15E148 Safari/604.1"
36.133.115.36 - - [04/Apr/2026:04:10:37 +0800] "POST /wp-cron.php?doing_wp_cron=1775247037.5730459690093994140625 HTTP/1.1" 200 31 "-" "WordPress/6.9; http://cqqizhou.com"
119.84.246.117 - - [04/Apr/2026:04:10:37 +0800] "GET / HTTP/1.1" 301 5 "-" "Mozilla/5.0 (Windows NT 6.1; WOW64) AppleWebKit/535.11 (KHTML, like Gecko) Chrome/17.0.963.84 Safari/535.11 SE 2.X MetaSr 1.0"
119.84.246.117 - - [04/Apr/2026:04:10:42 +0800] "GET / HTTP/1.1" 200 158675 "-" "Mozilla/5.0 (Windows NT 6.1; WOW64) AppleWebKit/535.11 (KHTML, like Gecko) Chrome/17.0.963.84 Safari/535.11 SE 2.X MetaSr 1.0"
119.84.246.117 - - [04/Apr/2026:04:10:43 +0800] "GET / HTTP/1.1" 301 5 "-" "Mozilla/5.0 (Windows NT 6.1) AppleWebKit/535.12 (KHTML, like Gecko) Maxthon/3.4.2.3000 Chrome/18.0.966.0 Safari/535.12"
119.84.246.117 - - [04/Apr/2026:04:10:48 +0800] "GET / HTTP/1.1" 200 158675 "-" "Mozilla/5.0 (Windows NT 6.1) AppleWebKit/535.12 (KHTML, like Gecko) Maxthon/3.4.2.3000 Chrome/18.0.966.0 Safari/535.12"
119.84.246.117 - - [04/Apr/2026:04:10:49 +0800] "GET / HTTP/1.1" 301 5 "-" "Mozilla/5.0 (Windows NT 6.1; WOW64) AppleWebKit/535.11 (KHTML, like Gecko) Chrome/17.0.963.84 Safari/535.11 SE 2.X MetaSr 1.0"
119.84.246.117 - - [04/Apr/2026:04:10:49 +0800] "GET / HTTP/1.1" 200 158675 "-" "Mozilla/5.0 (Windows NT 6.1; WOW64) AppleWebKit/535.11 (KHTML, like Gecko) Chrome/17.0.963.84 Safari/535.11 SE 2.X MetaSr 1.0"
36.133.115.36 - - [04/Apr/2026:04:14:58 +0800] "POST /wp-cron.php?doing_wp_cron=1775247298.4297869205474853515625 HTTP/1.1" 200 31 "-" "WordPress/6.9; http://cqqizhou.com"
39.148.113.97 - - [04/Apr/2026:04:14:58 +0800] "GET http://cqqizhou.com/wp-content/uploads/2025/12/1766647830-Article_images_202512252.webp%20900w,%20http://cqqizhou.com/wp-content/uploads/2025/12/1766647830-Article_images_202512252-300x169.webp%20300w,%20http://cqqizhou.com/wp-content/uploads/2025/12/1766647830-Article_images_202512252-768x432.webp%20768w HTTP/1.1" 301 5 "http://cqqizhou.com/" "Mozilla/5.0 (Windows NT 10.0; Win64; x64) AppleWebKit/537.36 (KHTML, like Gecko) Chrome/108.0.0.0 Safari/537.36"
36.133.115.36 - - [04/Apr/2026:04:15:08 +0800] "POST /wp-cron.php?doing_wp_cron=1775247308.0598340034484863281250 HTTP/1.1" 200 31 "-" "WordPress/6.9; http://cqqizhou.com"
43.137.62.65 - - [04/Apr/2026:04:15:08 +0800] "GET /wp-content/uploads/2025/12/1766647830-Article_images_202512252.webp%20900w,%20http://cqqizhou.com/wp-content/uploads/2025/12/1766647830-Article_images_202512252-300x169.webp%20300w,%20http://cqqizhou.com/wp-content/uploads/2025/12/1766647830-Article_images_202512252-768x432.webp%20768w HTTP/1.1" 301 5 "http://cqqizhou.com/" "Mozilla/5.0 (Windows NT 10.0; Win64; x64) AppleWebKit/537.36 (KHTML, like Gecko) Chrome/108.0.0.0 Safari/537.36"
43.137.62.65 - - [04/Apr/2026:04:15:09 +0800] "GET /wp-content/uploads/2025/12/1766647830-Article_images_202512252.webp%20900w,%20http:/cqqizhou.com/wp-content/uploads/2025/12/1766647830-Article_images_202512252-300x169.webp%20300w,%20http:/cqqizhou.com/wp-content/uploads/2025/12/1766647830-Article_images_202512252-768x432.webp%20768w HTTP/1.1" 404 8949 "http://cqqizhou.com/" "Mozilla/5.0 (Windows NT 10.0; Win64; x64) AppleWebKit/537.36 (KHTML, like Gecko) Chrome/108.0.0.0 Safari/537.36"
36.133.115.36 - - [04/Apr/2026:04:21:57 +0800] "POST /wp-cron.php?doing_wp_cron=1775247717.0551118850708007812500 HTTP/1.1" 200 31 "-" "WordPress/6.9; http://cqqizhou.com"
121.40.172.177 - - [04/Apr/2026:04:21:57 +0800] "GET / HTTP/1.0" 301 0 "-" "-"
121.40.172.177 - - [04/Apr/2026:04:22:07 +0800] "GET / HTTP/1.0" 301 0 "-" "-"
121.40.172.177 - - [04/Apr/2026:04:22:07 +0800] "GET /nmaplowercheck1775247720 HTTP/1.1" 404 31365 "-" "Mozilla/5.0 (compatible; Nmap Scripting Engine; https://nmap.org/book/nse.html)"
121.40.172.177 - - [04/Apr/2026:04:22:08 +0800] "POST /sdk HTTP/1.1" 404 31365 "-" "Mozilla/5.0 (compatible; Nmap Scripting Engine; https://nmap.org/book/nse.html)"
36.133.115.36 - - [04/Apr/2026:04:22:08 +0800] "POST /wp-cron.php?doing_wp_cron=1775247728.7702150344848632812500 HTTP/1.1" 200 31 "-" "WordPress/6.9; http://cqqizhou.com"
121.40.172.177 - - [04/Apr/2026:04:22:08 +0800] "GET /evox/about HTTP/1.1" 404 31365 "-" "Mozilla/5.0 (compatible; Nmap Scripting Engine; https://nmap.org/book/nse.html)"
121.40.172.177 - - [04/Apr/2026:04:22:08 +0800] "GET /HNAP1 HTTP/1.1" 404 31365 "-" "Mozilla/5.0 (compatible; Nmap Scripting Engine; https://nmap.org/book/nse.html)"
121.40.172.177 - - [04/Apr/2026:04:22:28 +0800] "GET / HTTP/1.0" 301 0 "-" "-"
121.40.172.177 - - [04/Apr/2026:04:22:28 +0800] "GET / HTTP/1.1" 301 5 "-" "-"
36.133.115.36 - - [04/Apr/2026:04:25:05 +0800] "POST /wp-cron.php?doing_wp_cron=1775247905.1065979003906250000000 HTTP/1.1" 200 31 "-" "WordPress/6.9; http://cqqizhou.com"
121.226.168.254 - - [04/Apr/2026:04:25:05 +0800] "GET http://cqqizhou.com/wp-content/uploads/2025/12/1766647831-Article_images_202512254.webp%20900w,%20http://cqqizhou.com/wp-content/uploads/2025/12/1766647831-Article_images_202512254-300x169.webp%20300w,%20http://cqqizhou.com/wp-content/uploads/2025/12/1766647831-Article_images_202512254-768x432.webp%20768w HTTP/1.1" 301 5 "http://cqqizhou.com/" "Mozilla/5.0 (Windows NT 10.0; Win64; x64) AppleWebKit/537.36 (KHTML, like Gecko) Chrome/131.0.0.0 Safari/537.36"
36.133.115.36 - - [04/Apr/2026:04:25:16 +0800] "POST /wp-cron.php?doing_wp_cron=1775247916.2438809871673583984375 HTTP/1.1" 200 31 "-" "WordPress/6.9; http://cqqizhou.com"
49.232.130.105 - - [04/Apr/2026:04:25:16 +0800] "GET /wp-content/uploads/2025/12/1766647831-Article_images_202512254.webp%20900w,%20http://cqqizhou.com/wp-content/uploads/2025/12/1766647831-Article_images_202512254-300x169.webp%20300w,%20http://cqqizhou.com/wp-content/uploads/2025/12/1766647831-Article_images_202512254-768x432.webp%20768w HTTP/1.1" 301 5 "http://cqqizhou.com/" "Mozilla/5.0 (Windows NT 10.0; Win64; x64) AppleWebKit/537.36 (KHTML, like Gecko) Chrome/131.0.0.0 Safari/537.36"
49.232.130.105 - - [04/Apr/2026:04:25:17 +0800] "GET /wp-content/uploads/2025/12/1766647831-Article_images_202512254.webp%20900w,%20http:/cqqizhou.com/wp-content/uploads/2025/12/1766647831-Article_images_202512254-300x169.webp%20300w,%20http:/cqqizhou.com/wp-content/uploads/2025/12/1766647831-Article_images_202512254-768x432.webp%20768w HTTP/1.1" 404 8949 "http://cqqizhou.com/" "Mozilla/5.0 (Windows NT 10.0; Win64; x64) AppleWebKit/537.36 (KHTML, like Gecko) Chrome/131.0.0.0 Safari/537.36"
36.133.115.36 - - [04/Apr/2026:04:27:54 +0800] "POST /wp-cron.php?doing_wp_cron=1775248074.0137369632720947265625 HTTP/1.1" 200 31 "-" "WordPress/6.9; http://cqqizhou.com"
111.225.148.177 - - [04/Apr/2026:04:27:54 +0800] "GET /robots.txt HTTP/1.1" 200 190 "-" "Mozilla/5.0 (Linux; Android 5.0) AppleWebKit/537.36 (KHTML, like Gecko) Mobile Safari/537.36 (compatible; Bytespider; https://zhanzhang.toutiao.com/)"
36.133.115.36 - - [04/Apr/2026:04:30:07 +0800] "POST /wp-cron.php?doing_wp_cron=1775248207.7368230819702148437500 HTTP/1.1" 200 31 "-" "WordPress/6.9; http://cqqizhou.com"
198.244.242.249 - - [04/Apr/2026:04:30:07 +0800] "GET /news/2354 HTTP/1.1" 200 24377 "-" "Mozilla/5.0 (compatible; AhrefsBot/7.0; +http://ahrefs.com/robot/)"
116.179.32.169 - - [04/Apr/2026:04:37:05 +0800] "GET /news/2535 HTTP/1.1" 200 19928 "-" "Mozilla/5.0 (compatible; Baiduspider/2.0; +http://www.baidu.com/search/spider.html)"
116.179.37.86 - - [04/Apr/2026:04:37:12 +0800] "GET /wp-content/uploads/2026/04/1775195056-2Article_images_W900px.webp HTTP/1.1" 200 29660 "http://cqqizhou.com/news/2535" "Mozilla/5.0 (compatible; Baiduspider-render/2.0; +http://www.baidu.com/search/spider.html)"
116.179.37.25 - - [04/Apr/2026:04:37:12 +0800] "GET /wp-content/uploads/2026/02/1770617948-Article_images_W900%C3%97500px.webp HTTP/1.1" 200 38890 "http://cqqizhou.com/news/2535" "Mozilla/5.0 (compatible; Baiduspider-render/2.0; +http://www.baidu.com/search/spider.html)"
36.133.115.36 - - [04/Apr/2026:04:44:27 +0800] "POST /wp-cron.php?doing_wp_cron=1775249067.7823739051818847656250 HTTP/1.1" 200 31 "-" "WordPress/6.9; http://cqqizhou.com"
52.167.144.237 - - [04/Apr/2026:04:44:27 +0800] "GET /sitemap.xml.gz HTTP/1.1" 301 5 "-" "Mozilla/5.0 AppleWebKit/537.36 (KHTML, like Gecko; compatible; bingbot/2.0; +http://www.bing.com/bingbot.htm) Chrome/116.0.1938.76 Safari/537.36"
36.133.115.36 - - [04/Apr/2026:04:46:38 +0800] "POST /wp-cron.php?doing_wp_cron=1775249198.8293659687042236328125 HTTP/1.1" 200 31 "-" "WordPress/6.9; http://cqqizhou.com"
66.132.195.68 - - [04/Apr/2026:04:46:38 +0800] "GET /robots.txt HTTP/1.1" 200 190 "-" "Mozilla/5.0 (compatible; CensysInspect/1.1; +https://about.censys.io/)"
66.132.195.68 - - [04/Apr/2026:04:46:51 +0800] "GET /chbgub6gnn HTTP/1.1" 404 8949 "-" "Mozilla/5.0 (compatible; CensysInspect/1.1; +https://about.censys.io/)"
36.133.115.36 - - [04/Apr/2026:04:50:49 +0800] "POST /wp-cron.php?doing_wp_cron=1775249449.3708899021148681640625 HTTP/1.1" 200 31 "-" "WordPress/6.9; http://cqqizhou.com"
66.132.172.111 - - [04/Apr/2026:04:50:49 +0800] "GET /sitemap.xml HTTP/1.1" 200 535 "-" "Mozilla/5.0 (compatible; CensysInspect/1.1; +https://about.censys.io/)"
66.132.172.111 - - [04/Apr/2026:04:51:01 +0800] "GET /nixqxldsmou24ibq1q HTTP/1.1" 404 8949 "-" "Mozilla/5.0 (compatible; CensysInspect/1.1; +https://about.censys.io/)"
36.133.115.36 - - [04/Apr/2026:04:52:04 +0800] "POST /wp-cron.php?doing_wp_cron=1775249524.9068679809570312500000 HTTP/1.1" 200 31 "-" "WordPress/6.9; http://cqqizhou.com"
66.132.172.37 - - [04/Apr/2026:04:52:04 +0800] "GET / HTTP/1.1" 301 5 "-" "Mozilla/5.0 (compatible; CensysInspect/1.1; +https://about.censys.io/)"
36.133.115.36 - - [04/Apr/2026:04:52:19 +0800] "POST /wp-cron.php?doing_wp_cron=1775249539.8707768917083740234375 HTTP/1.1" 200 31 "-" "WordPress/6.9; http://cqqizhou.com"
66.132.172.37 - - [04/Apr/2026:04:52:19 +0800] "GET /sitemap.xml HTTP/1.1" 200 535 "-" "Mozilla/5.0 (compatible; CensysInspect/1.1; +https://about.censys.io/)"
66.132.172.37 - - [04/Apr/2026:04:52:27 +0800] "GET /yhmhunem54 HTTP/1.1" 404 8950 "-" "Mozilla/5.0 (compatible; CensysInspect/1.1; +https://about.censys.io/)"
72.63.11.168 - - [04/Apr/2026:05:02:27 +0800] "GET /wp-content/uploads/2026/01/1768527485-Article_images_W900%C3%97500px202601164.webp HTTP/1.1" 200 52448 "-" "Mozilla/5.0 (compatible; crawler)"
220.181.108.158 - - [04/Apr/2026:05:11:22 +0800] "GET /news/2534 HTTP/1.1" 200 24224 "-" "Mozilla/5.0 (compatible; Baiduspider/2.0; +http://www.baidu.com/search/spider.html)"
36.133.115.36 - - [04/Apr/2026:05:12:52 +0800] "POST /wp-cron.php?doing_wp_cron=1775250772.8133149147033691406250 HTTP/1.1" 200 31 "-" "WordPress/6.9; http://cqqizhou.com"
3.249.130.3 - - [04/Apr/2026:05:12:52 +0800] "GET / HTTP/1.0" 301 0 "-" "Mozilla/5.0 (compatible; NetcraftSurveyAgent/1.0; +info@netcraft.com)"
3.249.130.3 - - [04/Apr/2026:05:12:55 +0800] "GET / HTTP/1.0" 200 158653 "-" "Mozilla/5.0 (compatible; NetcraftSurveyAgent/1.0; +info@netcraft.com)"
36.133.115.36 - - [04/Apr/2026:05:23:03 +0800] "POST /wp-cron.php?doing_wp_cron=1775251383.7358520030975341796875 HTTP/1.1" 200 31 "-" "WordPress/6.9; http://cqqizhou.com"
176.65.139.104 - - [04/Apr/2026:05:23:04 +0800] "GET / HTTP/1.1" 200 157016 "-" "-"
36.133.115.36 - - [04/Apr/2026:05:25:55 +0800] "POST /wp-cron.php?doing_wp_cron=1775251555.7216219902038574218750 HTTP/1.1" 200 31 "-" "WordPress/6.9; http://cqqizhou.com"
74.178.242.130 - - [04/Apr/2026:05:25:55 +0800] "GET /news/2214 HTTP/1.1" 200 25868 "-" "Mozilla/5.0 (Windows NT 10.0; Win64; x64) AppleWebKit/537.36 (KHTML, like Gecko) Chrome/131.0.0.0 Safari/537.36 Edg/131.0.0.0"
36.133.115.36 - - [04/Apr/2026:05:32:30 +0800] "POST /wp-cron.php?doing_wp_cron=1775251950.8845720291137695312500 HTTP/1.1" 200 31 "-" "WordPress/6.9; http://cqqizhou.com"
125.75.66.97 - - [04/Apr/2026:05:32:30 +0800] "GET / HTTP/1.1" 301 5 "-" "Mozilla/5.0 (iPhone; CPU iPhone OS 13_2_3 like Mac OS X) AppleWebKit/605.1.15 (KHTML, like Gecko) Version/13.0.3 Mobile/15E148 Safari/604.1"
125.75.66.97 - - [04/Apr/2026:05:32:39 +0800] "GET / HTTP/1.1" 200 34824 "http://www.cqqizhou.com" "Mozilla/5.0 (iPhone; CPU iPhone OS 13_2_3 like Mac OS X) AppleWebKit/605.1.15 (KHTML, like Gecko) Version/13.0.3 Mobile/15E148 Safari/604.1"
51.89.129.31 - - [04/Apr/2026:05:38:52 +0800] "GET /company-news HTTP/1.1" 200 25865 "-" "Mozilla/5.0 (compatible; AhrefsBot/7.0; +http://ahrefs.com/robot/)"
116.179.32.210 - - [04/Apr/2026:05:45:40 +0800] "GET /wp-content/uploads/2026/04/1775195054-1Article_images_W900px.webp HTTP/1.1" 200 25562 "-" "Mozilla/5.0 (compatible; Baiduspider/2.0; +http://www.baidu.com/search/spider.html)"
220.181.108.159 - - [04/Apr/2026:05:45:41 +0800] "GET /news/2339 HTTP/1.1" 200 24607 "-" "Mozilla/5.0 (compatible; Baiduspider/2.0; +http://www.baidu.com/search/spider.html)"
36.133.115.36 - - [04/Apr/2026:05:45:41 +0800] "POST /wp-cron.php?doing_wp_cron=1775252740.9692409038543701171875 HTTP/1.1" 200 31 "-" "WordPress/6.9; http://cqqizhou.com"
220.181.108.147 - - [04/Apr/2026:05:45:41 +0800] "GET /news/portfolio-tag/ansteel-thyssen HTTP/1.1" 200 22541 "-" "Mozilla/5.0 (compatible; Baiduspider/2.0; +http://www.baidu.com/search/spider.html)"
220.181.108.93 - - [04/Apr/2026:05:45:41 +0800] "GET /wp-content/uploads/2026/04/1775195056-2Article_images_W900px.webp HTTP/1.1" 200 29660 "-" "Mozilla/5.0 (compatible; Baiduspider/2.0; +http://www.baidu.com/search/spider.html)"
116.179.37.41 - - [04/Apr/2026:05:45:41 +0800] "GET /wp-content/uploads/2025/07/1753453127-%E4%BD%99%E5%8D%B7product_Single600%C3%97284.webp HTTP/1.1" 200 18744 "http://cqqizhou.com/news/portfolio-tag/ansteel-thyssen" "Mozilla/5.0 (compatible; Baiduspider-render/2.0; +http://www.baidu.com/search/spider.html)"
116.179.37.163 - - [04/Apr/2026:05:45:42 +0800] "GET /wp-content/uploads/2025/07/1753456770-%E7%83%AD%E9%95%80%E9%94%8C%E5%8D%B7product_Single600.webp HTTP/1.1" 200 27502 "http://cqqizhou.com/news/portfolio-tag/ansteel-thyssen" "Mozilla/5.0 (compatible; Baiduspider-render/2.0; +http://www.baidu.com/search/spider.html)"
116.179.37.125 - - [04/Apr/2026:05:46:39 +0800] "GET /wp-content/uploads/2025/12/1765248770-20251209104226_107_60.webp HTTP/1.1" 200 66916 "http://cqqizhou.com/news/2339" "Mozilla/5.0 (compatible; Baiduspider-render/2.0; +http://www.baidu.com/search/spider.html)"
36.133.115.36 - - [04/Apr/2026:05:58:58 +0800] "POST /wp-cron.php?doing_wp_cron=1775253538.7063210010528564453125 HTTP/1.1" 200 31 "-" "WordPress/6.9; http://cqqizhou.com"
66.249.74.8 - - [04/Apr/2026:05:58:58 +0800] "GET /news/portfolio/duplex-stainless-steel HTTP/1.1" 200 18778 "-" "Mozilla/5.0 (Linux; Android 6.0.1; Nexus 5X Build/MMB29P) AppleWebKit/537.36 (KHTML, like Gecko) Chrome/146.0.7680.177 Mobile Safari/537.36 (compatible; Googlebot/2.1; +http://www.google.com/bot.html)"
148.135.212.53 - - [04/Apr/2026:06:17:45 +0800] "GET /wp-content/uploads/logistics/Conatiner-5.webp HTTP/1.1" 200 63396 "-" "Mozilla/5.0 (compatible; crawler)"
101.47.55.10 - - [04/Apr/2026:06:27:09 +0800] "GET /company-news HTTP/1.1" 200 25865 "-" "Mozilla/5.0 (Macintosh; Intel Mac OS X 10_15_7) AppleWebKit/537.36 (KHTML, like Gecko) Chrome/119.0.0.0 Safari/537.36"
36.133.115.36 - - [04/Apr/2026:06:31:26 +0800] "POST /wp-cron.php?doing_wp_cron=1775255486.0536229610443115234375 HTTP/1.1" 200 31 "-" "WordPress/6.9; http://cqqizhou.com"
157.148.43.70 - - [04/Apr/2026:06:31:26 +0800] "GET /news/portfolio/%E5%86%B7%E8%BD%A7%E6%9D%BF HTTP/1.1" 200 22170 "-" "Mozilla/5.0 (Windows NT 10.0; Win64; x64) AppleWebKit/537.36 (KHTML, like Gecko) Chrome/127.0.0.0 Safari/537.36"
36.133.115.36 - - [04/Apr/2026:06:36:28 +0800] "POST /wp-cron.php?doing_wp_cron=1775255788.6876430511474609375000 HTTP/1.1" 200 31 "-" "WordPress/6.9; http://cqqizhou.com"
66.249.74.9 - - [04/Apr/2026:06:36:28 +0800] "GET /news/2361 HTTP/1.1" 200 21000 "-" "Mozilla/5.0 (Linux; Android 6.0.1; Nexus 5X Build/MMB29P) AppleWebKit/537.36 (KHTML, like Gecko) Chrome/146.0.7680.177 Mobile Safari/537.36 (compatible; Googlebot/2.1; +http://www.google.com/bot.html)"
111.29.151.170 - - [04/Apr/2026:06:36:38 +0800] "GET /contacts/ HTTP/1.1" 301 5 "-" "Mozilla/5.0 (Windows NT 10.0; Win64; x64) AppleWebKit/537.36 (KHTML, like Gecko) Chrome/136.0.0.0 Safari/537.36"
111.29.151.170 - - [04/Apr/2026:06:36:38 +0800] "GET http://cqqizhou.com/contacts HTTP/1.1" 200 21638 "-" "Mozilla/5.0 (Windows NT 10.0; Win64; x64) AppleWebKit/537.36 (KHTML, like Gecko) Chrome/136.0.0.0 Safari/537.36"
36.133.115.36 - - [04/Apr/2026:06:37:08 +0800] "POST /wp-cron.php?doing_wp_cron=1775255828.4266610145568847656250 HTTP/1.1" 200 31 "-" "WordPress/6.9; http://cqqizhou.com"
39.66.222.64 - - [04/Apr/2026:06:37:08 +0800] "GET /contacts/ HTTP/1.1" 301 5 "http://cqqizhou.com/contacts/" "Mozilla/5.0 (Windows NT 10.0; Win64; x64) AppleWebKit/537.36 (KHTML, like Gecko) Chrome/136.0.0.0 Safari/537.36"
39.66.222.64 - - [04/Apr/2026:06:37:08 +0800] "GET http://cqqizhou.com/contacts HTTP/1.1" 200 21638 "http://cqqizhou.com/contacts/" "Mozilla/5.0 (Windows NT 10.0; Win64; x64) AppleWebKit/537.36 (KHTML, like Gecko) Chrome/136.0.0.0 Safari/537.36"
120.217.49.146 - - [04/Apr/2026:06:37:31 +0800] "GET /contacts/ HTTP/1.1" 301 5 "-" "Mozilla/5.0 (Windows NT 10.0; Win64; x64) AppleWebKit/537.36 (KHTML, like Gecko) Chrome/136.0.0.0 Safari/537.36"
36.133.115.36 - - [04/Apr/2026:06:38:34 +0800] "POST /wp-cron.php?doing_wp_cron=1775255914.0955839157104492187500 HTTP/1.1" 200 31 "-" "WordPress/6.9; http://cqqizhou.com"
120.241.209.181 - - [04/Apr/2026:06:38:34 +0800] "GET /news/portfolio/duplex-stainless-steel HTTP/1.1" 200 22234 "-" "Mozilla/5.0 (Windows NT 10.0; Win64; x64) AppleWebKit/537.36 (KHTML, like Gecko) Chrome/144.0.0.0 Safari/537.36"
124.167.25.228 - - [04/Apr/2026:06:49:50 +0800] "GET / HTTP/1.1" 200 35274 "-" "Mozilla/5.0 (Macintosh; Intel Mac OS X 10_15_7) AppleWebKit/537.36 (KHTML, like Gecko) Chrome/106.0.0.0 Safari/537.36"
36.133.115.36 - - [04/Apr/2026:06:51:12 +0800] "POST /wp-cron.php?doing_wp_cron=1775256672.0222918987274169921875 HTTP/1.1" 200 31 "-" "WordPress/6.9; http://cqqizhou.com"
85.208.96.206 - - [04/Apr/2026:06:51:12 +0800] "GET /robots.txt HTTP/1.1" 200 190 "-" "Mozilla/5.0 (compatible; SemrushBot/7~bl; +http://www.semrush.com/bot.html)"
117.132.188.205 - - [04/Apr/2026:06:54:23 +0800] "GET / HTTP/1.1" 200 35274 "-" "Mozilla/5.0 (Windows NT 10.0; Win64; x64) AppleWebKit/537.36 (KHTML, like Gecko) Chrome/107.0.0.0 Safari/537.36"
36.133.115.36 - - [04/Apr/2026:06:54:26 +0800] "POST /wp-cron.php?doing_wp_cron=1775256866.0563580989837646484375 HTTP/1.1" 200 31 "-" "WordPress/6.9; http://cqqizhou.com"
117.132.188.205 - - [04/Apr/2026:06:54:26 +0800] "GET /wp-json/oembed/1.0/embed?url=http%3A%2F%2Fcqqizhou.com%2F HTTP/1.1" 200 1129 "-" "Mozilla/5.0 (Windows NT 10.0; Win64; x64) AppleWebKit/537.36 (KHTML, like Gecko) Chrome/107.0.0.0 Safari/537.36"
117.132.188.205 - - [04/Apr/2026:06:54:26 +0800] "GET /comments/feed HTTP/1.1" 200 703 "-" "Mozilla/5.0 (Windows NT 10.0; Win64; x64) AppleWebKit/537.36 (KHTML, like Gecko) Chrome/107.0.0.0 Safari/537.36"
117.132.188.205 - - [04/Apr/2026:06:54:27 +0800] "GET /feed HTTP/1.1" 200 52372 "-" "Mozilla/5.0 (Windows NT 10.0; Win64; x64) AppleWebKit/537.36 (KHTML, like Gecko) Chrome/107.0.0.0 Safari/537.36"
117.132.188.205 - - [04/Apr/2026:06:54:27 +0800] "GET /bug HTTP/1.1" 200 12865 "-" "Mozilla/5.0 (Windows NT 10.0; Win64; x64) AppleWebKit/537.36 (KHTML, like Gecko) Chrome/107.0.0.0 Safari/537.36"
117.132.188.205 - - [04/Apr/2026:06:54:28 +0800] "GET /club/ HTTP/1.1" 301 5 "-" "Mozilla/5.0 (Windows NT 10.0; Win64; x64) AppleWebKit/537.36 (KHTML, like Gecko) Chrome/107.0.0.0 Safari/537.36"
117.132.188.205 - - [04/Apr/2026:06:54:28 +0800] "GET /club HTTP/1.1" 200 13084 "-" "Mozilla/5.0 (Windows NT 10.0; Win64; x64) AppleWebKit/537.36 (KHTML, like Gecko) Chrome/107.0.0.0 Safari/537.36"
117.132.188.205 - - [04/Apr/2026:06:54:30 +0800] "GET /news/2518 HTTP/1.1" 200 20337 "-" "Mozilla/5.0 (Windows NT 10.0; Win64; x64) AppleWebKit/537.36 (KHTML, like Gecko) Chrome/107.0.0.0 Safari/537.36"
117.132.188.205 - - [04/Apr/2026:06:54:31 +0800] "GET /news/2527 HTTP/1.1" 200 21247 "-" "Mozilla/5.0 (Windows NT 10.0; Win64; x64) AppleWebKit/537.36 (KHTML, like Gecko) Chrome/107.0.0.0 Safari/537.36"
117.132.188.205 - - [04/Apr/2026:06:54:31 +0800] "GET /company-news HTTP/1.1" 200 25865 "-" "Mozilla/5.0 (Windows NT 10.0; Win64; x64) AppleWebKit/537.36 (KHTML, like Gecko) Chrome/107.0.0.0 Safari/537.36"
117.132.188.205 - - [04/Apr/2026:06:54:31 +0800] "GET /news/2534 HTTP/1.1" 200 24224 "-" "Mozilla/5.0 (Windows NT 10.0; Win64; x64) AppleWebKit/537.36 (KHTML, like Gecko) Chrome/107.0.0.0 Safari/537.36"
117.132.188.205 - - [04/Apr/2026:06:54:31 +0800] "GET /work-safety HTTP/1.1" 200 24160 "-" "Mozilla/5.0 (Windows NT 10.0; Win64; x64) AppleWebKit/537.36 (KHTML, like Gecko) Chrome/107.0.0.0 Safari/537.36"
117.132.188.205 - - [04/Apr/2026:06:54:31 +0800] "GET /news/2535 HTTP/1.1" 200 19928 "-" "Mozilla/5.0 (Windows NT 10.0; Win64; x64) AppleWebKit/537.36 (KHTML, like Gecko) Chrome/107.0.0.0 Safari/537.36"
117.132.188.205 - - [04/Apr/2026:06:54:32 +0800] "GET /industry HTTP/1.1" 200 24693 "-" "Mozilla/5.0 (Windows NT 10.0; Win64; x64) AppleWebKit/537.36 (KHTML, like Gecko) Chrome/107.0.0.0 Safari/537.36"
117.132.188.205 - - [04/Apr/2026:06:54:32 +0800] "GET /news/2543 HTTP/1.1" 200 25558 "-" "Mozilla/5.0 (Windows NT 10.0; Win64; x64) AppleWebKit/537.36 (KHTML, like Gecko) Chrome/107.0.0.0 Safari/537.36"
117.132.188.205 - - [04/Apr/2026:06:54:32 +0800] "GET /material.html HTTP/1.1" 200 6459 "-" "Mozilla/5.0 (Windows NT 10.0; Win64; x64) AppleWebKit/537.36 (KHTML, like Gecko) Chrome/107.0.0.0 Safari/537.36"
117.132.188.205 - - [04/Apr/2026:06:54:32 +0800] "GET / HTTP/1.1" 200 35274 "-" "Mozilla/5.0 (Windows NT 10.0; Win64; x64) AppleWebKit/537.36 (KHTML, like Gecko) Chrome/107.0.0.0 Safari/537.36"
117.132.188.205 - - [04/Apr/2026:06:54:33 +0800] "GET /news/portfolio-category/remaining-rolls HTTP/1.1" 200 21128 "-" "Mozilla/5.0 (Windows NT 10.0; Win64; x64) AppleWebKit/537.36 (KHTML, like Gecko) Chrome/107.0.0.0 Safari/537.36"
117.132.188.205 - - [04/Apr/2026:06:54:34 +0800] "GET /news/portfolio/remaining-rolls HTTP/1.1" 200 22245 "-" "Mozilla/5.0 (Windows NT 10.0; Win64; x64) AppleWebKit/537.36 (KHTML, like Gecko) Chrome/107.0.0.0 Safari/537.36"
117.132.188.205 - - [04/Apr/2026:06:54:35 +0800] "GET /news/portfolio-category/hot-dip-galvanized-coil HTTP/1.1" 200 21166 "-" "Mozilla/5.0 (Windows NT 10.0; Win64; x64) AppleWebKit/537.36 (KHTML, like Gecko) Chrome/107.0.0.0 Safari/537.36"
117.132.188.205 - - [04/Apr/2026:06:54:36 +0800] "GET /news/portfolio/hot-dip-galvanized-coil HTTP/1.1" 200 22398 "-" "Mozilla/5.0 (Windows NT 10.0; Win64; x64) AppleWebKit/537.36 (KHTML, like Gecko) Chrome/107.0.0.0 Safari/537.36"
117.132.188.205 - - [04/Apr/2026:06:54:37 +0800] "GET /news/portfolio-category/dual-phase-steel HTTP/1.1" 200 18014 "-" "Mozilla/5.0 (Windows NT 10.0; Win64; x64) AppleWebKit/537.36 (KHTML, like Gecko) Chrome/107.0.0.0 Safari/537.36"
117.132.188.205 - - [04/Apr/2026:06:54:38 +0800] "GET /news/portfolio/duplex-stainless-steel HTTP/1.1" 200 22253 "-" "Mozilla/5.0 (Windows NT 10.0; Win64; x64) AppleWebKit/537.36 (KHTML, like Gecko) Chrome/107.0.0.0 Safari/537.36"
117.132.188.205 - - [04/Apr/2026:06:54:39 +0800] "GET /news/portfolio-category/cold-rolled-coil HTTP/1.1" 200 18026 "-" "Mozilla/5.0 (Windows NT 10.0; Win64; x64) AppleWebKit/537.36 (KHTML, like Gecko) Chrome/107.0.0.0 Safari/537.36"
117.132.188.205 - - [04/Apr/2026:06:54:39 +0800] "GET /news/portfolio/%e5%86%b7%e8%bd%a7%e6%9d%bf HTTP/1.1" 200 22189 "-" "Mozilla/5.0 (Windows NT 10.0; Win64; x64) AppleWebKit/537.36 (KHTML, like Gecko) Chrome/107.0.0.0 Safari/537.36"
117.132.188.205 - - [04/Apr/2026:06:54:39 +0800] "GET / HTTP/1.1" 200 35274 "-" "Mozilla/5.0 (Windows NT 10.0; Win64; x64) AppleWebKit/537.36 (KHTML, like Gecko) Chrome/107.0.0.0 Safari/537.36"
117.132.188.205 - - [04/Apr/2026:06:54:39 +0800] "GET / HTTP/1.1" 200 35274 "-" "Mozilla/5.0 (Windows NT 10.0; Win64; x64) AppleWebKit/537.36 (KHTML, like Gecko) Chrome/107.0.0.0 Safari/537.36"
117.132.188.205 - - [04/Apr/2026:06:54:39 +0800] "GET / HTTP/1.1" 200 35274 "-" "Mozilla/5.0 (Windows NT 10.0; Win64; x64) AppleWebKit/537.36 (KHTML, like Gecko) Chrome/107.0.0.0 Safari/537.36"
117.132.188.205 - - [04/Apr/2026:06:54:40 +0800] "GET /logistics/ HTTP/1.1" 301 5 "-" "Mozilla/5.0 (Windows NT 10.0; Win64; x64) AppleWebKit/537.36 (KHTML, like Gecko) Chrome/107.0.0.0 Safari/537.36"
117.132.188.205 - - [04/Apr/2026:06:54:40 +0800] "GET /logistics HTTP/1.1" 200 25702 "-" "Mozilla/5.0 (Windows NT 10.0; Win64; x64) AppleWebKit/537.36 (KHTML, like Gecko) Chrome/107.0.0.0 Safari/537.36"
117.132.188.205 - - [04/Apr/2026:06:54:40 +0800] "GET /services/ HTTP/1.1" 301 5 "-" "Mozilla/5.0 (Windows NT 10.0; Win64; x64) AppleWebKit/537.36 (KHTML, like Gecko) Chrome/107.0.0.0 Safari/537.36"
117.132.188.205 - - [04/Apr/2026:06:54:41 +0800] "GET /services HTTP/1.1" 200 31707 "-" "Mozilla/5.0 (Windows NT 10.0; Win64; x64) AppleWebKit/537.36 (KHTML, like Gecko) Chrome/107.0.0.0 Safari/537.36"
117.132.188.205 - - [04/Apr/2026:06:54:41 +0800] "GET /contacts HTTP/1.1" 200 21638 "-" "Mozilla/5.0 (Windows NT 10.0; Win64; x64) AppleWebKit/537.36 (KHTML, like Gecko) Chrome/107.0.0.0 Safari/537.36"
117.132.188.205 - - [04/Apr/2026:06:54:41 +0800] "GET / HTTP/1.1" 200 35274 "-" "Mozilla/5.0 (Windows NT 10.0; Win64; x64) AppleWebKit/537.36 (KHTML, like Gecko) Chrome/107.0.0.0 Safari/537.36"
117.132.188.205 - - [04/Apr/2026:06:54:41 +0800] "GET /contacts/ HTTP/1.1" 301 5 "-" "Mozilla/5.0 (Windows NT 10.0; Win64; x64) AppleWebKit/537.36 (KHTML, like Gecko) Chrome/107.0.0.0 Safari/537.36"
117.132.188.205 - - [04/Apr/2026:06:54:41 +0800] "GET /contacts HTTP/1.1" 200 21638 "-" "Mozilla/5.0 (Windows NT 10.0; Win64; x64) AppleWebKit/537.36 (KHTML, like Gecko) Chrome/107.0.0.0 Safari/537.36"
117.132.188.205 - - [04/Apr/2026:06:54:42 +0800] "GET /news HTTP/1.1" 200 20219 "-" "Mozilla/5.0 (Windows NT 10.0; Win64; x64) AppleWebKit/537.36 (KHTML, like Gecko) Chrome/107.0.0.0 Safari/537.36"
117.132.188.205 - - [04/Apr/2026:06:54:42 +0800] "GET /media HTTP/1.1" 200 26453 "-" "Mozilla/5.0 (Windows NT 10.0; Win64; x64) AppleWebKit/537.36 (KHTML, like Gecko) Chrome/107.0.0.0 Safari/537.36"
117.132.188.205 - - [04/Apr/2026:06:54:42 +0800] "GET /logistics HTTP/1.1" 200 25702 "-" "Mozilla/5.0 (Windows NT 10.0; Win64; x64) AppleWebKit/537.36 (KHTML, like Gecko) Chrome/107.0.0.0 Safari/537.36"
117.132.188.205 - - [04/Apr/2026:06:54:42 +0800] "GET /services HTTP/1.1" 200 31707 "-" "Mozilla/5.0 (Windows NT 10.0; Win64; x64) AppleWebKit/537.36 (KHTML, like Gecko) Chrome/107.0.0.0 Safari/537.36"
117.132.188.205 - - [04/Apr/2026:06:54:42 +0800] "GET /about HTTP/1.1" 200 24508 "-" "Mozilla/5.0 (Windows NT 10.0; Win64; x64) AppleWebKit/537.36 (KHTML, like Gecko) Chrome/107.0.0.0 Safari/537.36"
117.132.188.205 - - [04/Apr/2026:06:54:42 +0800] "GET / HTTP/1.1" 200 35274 "-" "Mozilla/5.0 (Windows NT 10.0; Win64; x64) AppleWebKit/537.36 (KHTML, like Gecko) Chrome/107.0.0.0 Safari/537.36"
117.132.188.205 - - [04/Apr/2026:06:54:42 +0800] "GET /wp-content/uploads/2026/03/1772790791-%E5%B0%81%E9%9D%A2%E5%A4%B4%E5%9B%BEArticle_images_W900%C3%97500px2026.webp HTTP/1.1" 200 52968 "-" "Mozilla/5.0 (Windows NT 10.0; Win64; x64) AppleWebKit/537.36 (KHTML, like Gecko) Chrome/107.0.0.0 Safari/537.36"
117.132.188.205 - - [04/Apr/2026:06:54:42 +0800] "GET /wp-content/uploads/2026/03/1773722869-1Article_images_W900px.webp HTTP/1.1" 200 28566 "-" "Mozilla/5.0 (Windows NT 10.0; Win64; x64) AppleWebKit/537.36 (KHTML, like Gecko) Chrome/107.0.0.0 Safari/537.36"
117.132.188.205 - - [04/Apr/2026:06:54:42 +0800] "GET /wp-content/uploads/2025/07/1751864664-Logistics800x500_1.webp HTTP/1.1" 200 76914 "-" "Mozilla/5.0 (Windows NT 10.0; Win64; x64) AppleWebKit/537.36 (KHTML, like Gecko) Chrome/107.0.0.0 Safari/537.36"
117.132.188.205 - - [04/Apr/2026:06:54:42 +0800] "GET /wp-content/uploads/2026/04/1775195054-1Article_images_W900px.webp HTTP/1.1" 200 25562 "-" "Mozilla/5.0 (Windows NT 10.0; Win64; x64) AppleWebKit/537.36 (KHTML, like Gecko) Chrome/107.0.0.0 Safari/537.36"
117.132.188.205 - - [04/Apr/2026:06:54:42 +0800] "GET /wp-content/uploads/2026/02/1769999241-4.2%E7%B1%B3%E9%AB%98%E6%A0%8F%E8%B4%A7%E8%BD%A6.webp HTTP/1.1" 200 54794 "-" "Mozilla/5.0 (Windows NT 10.0; Win64; x64) AppleWebKit/537.36 (KHTML, like Gecko) Chrome/107.0.0.0 Safari/537.36"
117.132.188.205 - - [04/Apr/2026:06:54:42 +0800] "GET /wp-content/uploads/2025/07/1753453127-%E4%BD%99%E5%8D%B7product_Single600%C3%97284.webp HTTP/1.1" 200 18744 "-" "Mozilla/5.0 (Windows NT 10.0; Win64; x64) AppleWebKit/537.36 (KHTML, like Gecko) Chrome/107.0.0.0 Safari/537.36"
117.132.188.205 - - [04/Apr/2026:06:54:42 +0800] "GET /wp-content/uploads/2025/07/1753456770-%E7%83%AD%E9%95%80%E9%94%8C%E5%8D%B7product_Single600.webp HTTP/1.1" 200 27502 "-" "Mozilla/5.0 (Windows NT 10.0; Win64; x64) AppleWebKit/537.36 (KHTML, like Gecko) Chrome/107.0.0.0 Safari/537.36"
117.132.188.205 - - [04/Apr/2026:06:54:42 +0800] "GET /wp-content/uploads/2025/07/1753453096-%E5%8F%8C%E7%9B%B8%E9%92%A2product_Single600%C3%97284.webp HTTP/1.1" 200 14562 "-" "Mozilla/5.0 (Windows NT 10.0; Win64; x64) AppleWebKit/537.36 (KHTML, like Gecko) Chrome/107.0.0.0 Safari/537.36"
117.132.188.205 - - [04/Apr/2026:06:54:42 +0800] "GET /wp-content/uploads/2025/07/1753456723-%E5%8F%8C%E7%9B%B8%E9%92%A2roduct_Single600.webp HTTP/1.1" 200 22790 "-" "Mozilla/5.0 (Windows NT 10.0; Win64; x64) AppleWebKit/537.36 (KHTML, like Gecko) Chrome/107.0.0.0 Safari/537.36"
117.132.188.205 - - [04/Apr/2026:06:54:42 +0800] "GET /wp-content/uploads/2025/07/1751425283-qizhou.kf_.qq_.com_.webp HTTP/1.1" 200 16864 "-" "Mozilla/5.0 (Windows NT 10.0; Win64; x64) AppleWebKit/537.36 (KHTML, like Gecko) Chrome/107.0.0.0 Safari/537.36"
117.132.188.205 - - [04/Apr/2026:06:54:43 +0800] "GET /wp-content/uploads/revslider/slider-1/1750861156-logistics_Slider_3840%C3%972160_20250625191356-scaled.webp HTTP/1.1" 200 197360 "-" "Mozilla/5.0 (Windows NT 10.0; Win64; x64) AppleWebKit/537.36 (KHTML, like Gecko) Chrome/107.0.0.0 Safari/537.36"
117.132.188.205 - - [04/Apr/2026:06:54:43 +0800] "GET /wp-content/uploads/2026/01/1768276119-qizhoujiagong_Slider_3840%C3%972160_20260113-scaled.webp HTTP/1.1" 200 131696 "-" "Mozilla/5.0 (Windows NT 10.0; Win64; x64) AppleWebKit/537.36 (KHTML, like Gecko) Chrome/107.0.0.0 Safari/537.36"
117.132.188.205 - - [04/Apr/2026:06:54:43 +0800] "GET /wp-content/uploads/2025/12/1765268955-qizhou_Slider1_3840%C3%972160_20251210-scaled.webp HTTP/1.1" 200 152162 "-" "Mozilla/5.0 (Windows NT 10.0; Win64; x64) AppleWebKit/537.36 (KHTML, like Gecko) Chrome/107.0.0.0 Safari/537.36"
180.153.236.110 - - [04/Apr/2026:06:56:37 +0800] "GET / HTTP/1.1" 200 35274 "http://cqqizhou.com" "User-Agent:Mozilla/5.0 (Windows NT 10.0; Win64; x64) AppleWebKit/537.36 (KHTML, like Gecko) Chrome/140.0.0.0 Safari/537.36 Edg/140.0.0.0; 360Spider"
36.133.115.36 - - [04/Apr/2026:07:09:21 +0800] "POST /wp-cron.php?doing_wp_cron=1775257761.0567989349365234375000 HTTP/1.1" 200 31 "-" "WordPress/6.9; http://cqqizhou.com"
119.84.232.142 - - [04/Apr/2026:07:09:21 +0800] "GET /news/2534 HTTP/1.1" 200 20175 "-" "Mozilla/5.0 (Linux; Android 15; 2201123C Build/AQ3A.250226.002; wv) AppleWebKit/537.36 (KHTML, like Gecko) Version/4.0 Chrome/138.0.7204.180 Mobile Safari/537.36 XWEB/1380347 MMWEBSDK/20250202 MMWEBID/4954 wxwork/5.0.2 MicroMessenger/7.0.1 NetType/WIFI Language/zh Lang/zh ColorScheme/Dark wwmver/3.26.502.634"
119.84.232.142 - - [04/Apr/2026:07:09:21 +0800] "GET /wp-content/uploads/2025/07/1751864664-Logistics800x500_1.webp HTTP/1.1" 200 76914 "http://cqqizhou.com/news/2534" "Mozilla/5.0 (Linux; Android 15; 2201123C Build/AQ3A.250226.002; wv) AppleWebKit/537.36 (KHTML, like Gecko) Version/4.0 Chrome/138.0.7204.180 Mobile Safari/537.36 XWEB/1380347 MMWEBSDK/20250202 MMWEBID/4954 wxwork/5.0.2 MicroMessenger/7.0.1 NetType/WIFI Language/zh Lang/zh ColorScheme/Dark wwmver/3.26.502.634"
119.84.232.142 - - [04/Apr/2026:07:09:21 +0800] "GET /wp-content/uploads/2026/03/1773722869-1Article_images_W900px.webp HTTP/1.1" 200 28566 "http://cqqizhou.com/news/2534" "Mozilla/5.0 (Linux; Android 15; 2201123C Build/AQ3A.250226.002; wv) AppleWebKit/537.36 (KHTML, like Gecko) Version/4.0 Chrome/138.0.7204.180 Mobile Safari/537.36 XWEB/1380347 MMWEBSDK/20250202 MMWEBID/4954 wxwork/5.0.2 MicroMessenger/7.0.1 NetType/WIFI Language/zh Lang/zh ColorScheme/Dark wwmver/3.26.502.634"
119.84.232.142 - - [04/Apr/2026:07:09:21 +0800] "GET /wp-content/uploads/2026/03/1772790791-%E5%B0%81%E9%9D%A2%E5%A4%B4%E5%9B%BEArticle_images_W900%C3%97500px2026.webp HTTP/1.1" 200 52968 "http://cqqizhou.com/news/2534" "Mozilla/5.0 (Linux; Android 15; 2201123C Build/AQ3A.250226.002; wv) AppleWebKit/537.36 (KHTML, like Gecko) Version/4.0 Chrome/138.0.7204.180 Mobile Safari/537.36 XWEB/1380347 MMWEBSDK/20250202 MMWEBID/4954 wxwork/5.0.2 MicroMessenger/7.0.1 NetType/WIFI Language/zh Lang/zh ColorScheme/Dark wwmver/3.26.502.634"
119.84.232.142 - - [04/Apr/2026:07:09:21 +0800] "GET /wp-content/uploads/2025/07/1751425283-qizhou.kf_.qq_.com_.webp HTTP/1.1" 200 16864 "http://cqqizhou.com/news/2534" "Mozilla/5.0 (Linux; Android 15; 2201123C Build/AQ3A.250226.002; wv) AppleWebKit/537.36 (KHTML, like Gecko) Version/4.0 Chrome/138.0.7204.180 Mobile Safari/537.36 XWEB/1380347 MMWEBSDK/20250202 MMWEBID/4954 wxwork/5.0.2 MicroMessenger/7.0.1 NetType/WIFI Language/zh Lang/zh ColorScheme/Dark wwmver/3.26.502.634"
119.84.232.142 - - [04/Apr/2026:07:09:21 +0800] "GET /wp-content/uploads/2025/07/1753410289-News2000%C3%97400_202571.webp HTTP/1.1" 200 17830 "http://cqqizhou.com/news/2534" "Mozilla/5.0 (Linux; Android 15; 2201123C Build/AQ3A.250226.002; wv) AppleWebKit/537.36 (KHTML, like Gecko) Version/4.0 Chrome/138.0.7204.180 Mobile Safari/537.36 XWEB/1380347 MMWEBSDK/20250202 MMWEBID/4954 wxwork/5.0.2 MicroMessenger/7.0.1 NetType/WIFI Language/zh Lang/zh ColorScheme/Dark wwmver/3.26.502.634"
36.133.115.36 - - [04/Apr/2026:07:11:57 +0800] "POST /wp-cron.php?doing_wp_cron=1775257917.9291410446166992187500 HTTP/1.1" 200 31 "-" "WordPress/6.9; http://cqqizhou.com"
119.84.232.142 - - [04/Apr/2026:07:11:57 +0800] "GET /news/2518 HTTP/1.1" 200 20062 "http://cqqizhou.com/news/2534" "Mozilla/5.0 (Linux; Android 15; 2201123C Build/AQ3A.250226.002; wv) AppleWebKit/537.36 (KHTML, like Gecko) Version/4.0 Chrome/138.0.7204.180 Mobile Safari/537.36 XWEB/1380347 MMWEBSDK/20250202 MMWEBID/4954 wxwork/5.0.2 MicroMessenger/7.0.1 NetType/WIFI Language/zh Lang/zh ColorScheme/Dark wwmver/3.26.502.634"
119.84.232.142 - - [04/Apr/2026:07:11:58 +0800] "GET /wp-content/uploads/2026/03/1772790943-1Article_images_W900px.webp HTTP/1.1" 200 35332 "http://cqqizhou.com/news/2518" "Mozilla/5.0 (Linux; Android 15; 2201123C Build/AQ3A.250226.002; wv) AppleWebKit/537.36 (KHTML, like Gecko) Version/4.0 Chrome/138.0.7204.180 Mobile Safari/537.36 XWEB/1380347 MMWEBSDK/20250202 MMWEBID/4954 wxwork/5.0.2 MicroMessenger/7.0.1 NetType/WIFI Language/zh Lang/zh ColorScheme/Dark wwmver/3.26.502.634"
119.84.232.142 - - [04/Apr/2026:07:11:58 +0800] "GET /wp-content/uploads/2026/03/1772790943-2Article_images_W900px.webp HTTP/1.1" 200 45662 "http://cqqizhou.com/news/2518" "Mozilla/5.0 (Linux; Android 15; 2201123C Build/AQ3A.250226.002; wv) AppleWebKit/537.36 (KHTML, like Gecko) Version/4.0 Chrome/138.0.7204.180 Mobile Safari/537.36 XWEB/1380347 MMWEBSDK/20250202 MMWEBID/4954 wxwork/5.0.2 MicroMessenger/7.0.1 NetType/WIFI Language/zh Lang/zh ColorScheme/Dark wwmver/3.26.502.634"
119.84.232.142 - - [04/Apr/2026:07:11:58 +0800] "GET /wp-content/uploads/2026/03/1772790943-3Article_images_W900px.webp HTTP/1.1" 200 37622 "http://cqqizhou.com/news/2518" "Mozilla/5.0 (Linux; Android 15; 2201123C Build/AQ3A.250226.002; wv) AppleWebKit/537.36 (KHTML, like Gecko) Version/4.0 Chrome/138.0.7204.180 Mobile Safari/537.36 XWEB/1380347 MMWEBSDK/20250202 MMWEBID/4954 wxwork/5.0.2 MicroMessenger/7.0.1 NetType/WIFI Language/zh Lang/zh ColorScheme/Dark wwmver/3.26.502.634"
119.84.232.142 - - [04/Apr/2026:07:11:58 +0800] "GET /wp-content/uploads/2026/03/1772790943-6Article_images_W900px.webp HTTP/1.1" 200 57278 "http://cqqizhou.com/news/2518" "Mozilla/5.0 (Linux; Android 15; 2201123C Build/AQ3A.250226.002; wv) AppleWebKit/537.36 (KHTML, like Gecko) Version/4.0 Chrome/138.0.7204.180 Mobile Safari/537.36 XWEB/1380347 MMWEBSDK/20250202 MMWEBID/4954 wxwork/5.0.2 MicroMessenger/7.0.1 NetType/WIFI Language/zh Lang/zh ColorScheme/Dark wwmver/3.26.502.634"
119.84.232.142 - - [04/Apr/2026:07:11:58 +0800] "GET /wp-content/uploads/2026/03/1772790943-5Article_images_W900px.webp HTTP/1.1" 200 57476 "http://cqqizhou.com/news/2518" "Mozilla/5.0 (Linux; Android 15; 2201123C Build/AQ3A.250226.002; wv) AppleWebKit/537.36 (KHTML, like Gecko) Version/4.0 Chrome/138.0.7204.180 Mobile Safari/537.36 XWEB/1380347 MMWEBSDK/20250202 MMWEBID/4954 wxwork/5.0.2 MicroMessenger/7.0.1 NetType/WIFI Language/zh Lang/zh ColorScheme/Dark wwmver/3.26.502.634"
119.84.232.142 - - [04/Apr/2026:07:12:02 +0800] "GET /news/2535 HTTP/1.1" 200 19631 "-" "Dalvik/2.1.0 (Linux; U; Android 15; 2201123C Build/AQ3A.250226.002)"
36.133.115.36 - - [04/Apr/2026:07:28:40 +0800] "POST /wp-cron.php?doing_wp_cron=1775258920.7844998836517333984375 HTTP/1.1" 200 31 "-" "WordPress/6.9; http://cqqizhou.com"
111.225.148.153 - - [04/Apr/2026:07:28:40 +0800] "GET /robots.txt HTTP/1.1" 200 190 "-" "Mozilla/5.0 (Linux; Android 5.0) AppleWebKit/537.36 (KHTML, like Gecko) Mobile Safari/537.36 (compatible; Bytespider; https://zhanzhang.toutiao.com/)"
54.38.147.162 - - [04/Apr/2026:07:45:48 +0800] "GET /news/portfolio-category/remaining-rolls HTTP/1.1" 200 21147 "-" "Mozilla/5.0 (compatible; AhrefsBot/7.0; +http://ahrefs.com/robot/)"
36.133.115.36 - - [04/Apr/2026:07:51:16 +0800] "POST /wp-cron.php?doing_wp_cron=1775260276.7211360931396484375000 HTTP/1.1" 200 31 "-" "WordPress/6.9; http://cqqizhou.com"
5.61.209.107 - - [04/Apr/2026:07:51:16 +0800] "GET /SDK/webLanguage HTTP/1.1" 301 5 "-" "Mozilla/5.0 (Windows NT 10.0; Win64; x64) AppleWebKit/537.36 (KHTML, like Gecko) Chrome/90.0.4430.85 Safari/537.36 Edg/90.0.818.46"
36.133.115.36 - - [04/Apr/2026:07:58:27 +0800] "POST /wp-cron.php?doing_wp_cron=1775260707.9359300136566162109375 HTTP/1.1" 200 31 "-" "WordPress/6.9; http://cqqizhou.com"
66.249.74.9 - - [04/Apr/2026:07:58:27 +0800] "GET /robots.txt HTTP/1.1" 200 190 "-" "Mozilla/5.0 (compatible; Googlebot/2.1; +http://www.google.com/bot.html)"
36.133.115.36 - - [04/Apr/2026:08:06:45 +0800] "POST /wp-cron.php?doing_wp_cron=1775261205.2898769378662109375000 HTTP/1.1" 200 31 "-" "WordPress/6.9; http://cqqizhou.com"
8.148.85.58 - - [04/Apr/2026:08:06:45 +0800] "GET / HTTP/1.1" 301 5 "-" "Mozilla/5.0 (Windows NT 10.0; Win64; x64) AppleWebKit/537.36 (KHTML, like Gecko) Chrome/97.0.4280.67 Safari/537.36 Edg/97.0.664.52"
8.148.85.58 - - [04/Apr/2026:08:06:45 +0800] "GET / HTTP/1.1" 200 35274 "-" "Mozilla/5.0 (Windows NT 10.0; Win64; x64) AppleWebKit/537.36 (KHTML, like Gecko) Chrome/97.0.4280.67 Safari/537.36 Edg/97.0.664.52"
36.133.115.36 - - [04/Apr/2026:08:08:06 +0800] "POST /wp-cron.php?doing_wp_cron=1775261286.8394639492034912109375 HTTP/1.1" 200 31 "-" "WordPress/6.9; http://cqqizhou.com"
66.249.74.9 - - [04/Apr/2026:08:08:06 +0800] "GET /news/2534 HTTP/1.1" 200 20175 "-" "Mozilla/5.0 (Linux; Android 6.0.1; Nexus 5X Build/MMB29P) AppleWebKit/537.36 (KHTML, like Gecko) Chrome/146.0.7680.177 Mobile Safari/537.36 (compatible; GoogleOther)"
112.47.243.242 - - [04/Apr/2026:08:08:13 +0800] "GET /services HTTP/1.1" 200 31707 "-" "Mozilla/4.0 (compatible; MSIE 7.0; Windows NT 5.1; Trident/4.0; SE 2.X MetaSr 1.0; SE 2.X MetaSr 1.0; .NET CLR 2.0.50727; SE 2.X MetaSr 1.0)"
36.133.115.36 - - [04/Apr/2026:08:08:14 +0800] "POST /wp-cron.php?doing_wp_cron=1775261294.1936259269714355468750 HTTP/1.1" 200 31 "-" "WordPress/6.9; http://cqqizhou.com"
116.132.138.135 - - [04/Apr/2026:08:08:14 +0800] "GET /robots.txt HTTP/1.1" 200 190 "-" "YisouSpider"
36.133.115.36 - - [04/Apr/2026:08:20:42 +0800] "POST /wp-cron.php?doing_wp_cron=1775262042.7943038940429687500000 HTTP/1.1" 200 31 "-" "WordPress/6.9; http://cqqizhou.com"
66.249.74.8 - - [04/Apr/2026:08:20:42 +0800] "GET /bug HTTP/1.1" 200 11689 "-" "Mozilla/5.0 (Linux; Android 6.0.1; Nexus 5X Build/MMB29P) AppleWebKit/537.36 (KHTML, like Gecko) Chrome/146.0.7680.177 Mobile Safari/537.36 (compatible; Googlebot/2.1; +http://www.google.com/bot.html)"
36.133.115.36 - - [04/Apr/2026:08:31:47 +0800] "POST /wp-cron.php?doing_wp_cron=1775262707.8927569389343261718750 HTTP/1.1" 200 31 "-" "WordPress/6.9; http://cqqizhou.com"
198.244.242.42 - - [04/Apr/2026:08:31:47 +0800] "GET /news/tag/%E5%8D%9A%E8%81%94%E8%BE%BE HTTP/1.1" 200 18434 "-" "Mozilla/5.0 (compatible; AhrefsBot/7.0; +http://ahrefs.com/robot/)"
36.133.115.36 - - [04/Apr/2026:08:41:31 +0800] "POST /wp-cron.php?doing_wp_cron=1775263291.4920349121093750000000 HTTP/1.1" 200 31 "-" "WordPress/6.9; http://cqqizhou.com"
119.84.246.117 - - [04/Apr/2026:08:41:31 +0800] "GET / HTTP/1.1" 301 5 "-" "-"
119.84.246.117 - - [04/Apr/2026:08:41:31 +0800] "GET / HTTP/1.1" 200 158675 "-" "-"
119.84.246.117 - - [04/Apr/2026:08:41:33 +0800] "GET / HTTP/1.1" 301 5 "-" "Mozilla/5.0 (Windows NT 6.1; WOW64) AppleWebKit/535.19 (KHTML, like Gecko) Chrome/18.0.1025.168 Safari/535.19 QIHU 360EE"
119.84.246.117 - - [04/Apr/2026:08:41:33 +0800] "GET / HTTP/1.1" 200 35274 "-" "Mozilla/5.0 (Windows NT 6.1; WOW64) AppleWebKit/535.19 (KHTML, like Gecko) Chrome/18.0.1025.168 Safari/535.19 QIHU 360EE"
119.84.246.117 - - [04/Apr/2026:08:41:33 +0800] "GET /wp-content/uploads/2025/07/1753456723-%E5%8F%8C%E7%9B%B8%E9%92%A2roduct_Single600.webp HTTP/1.1" 200 22790 "http://cqqizhou.com/" "Mozilla/5.0 (Windows NT 6.1; WOW64) AppleWebKit/535.19 (KHTML, like Gecko) Chrome/18.0.1025.168 Safari/535.19 QIHU 360EE"
119.84.246.117 - - [04/Apr/2026:08:41:33 +0800] "GET /wp-content/uploads/2025/07/1753453096-%E5%8F%8C%E7%9B%B8%E9%92%A2product_Single600%C3%97284.webp HTTP/1.1" 200 14562 "http://cqqizhou.com/" "Mozilla/5.0 (Windows NT 6.1; WOW64) AppleWebKit/535.19 (KHTML, like Gecko) Chrome/18.0.1025.168 Safari/535.19 QIHU 360EE"
119.84.246.117 - - [04/Apr/2026:08:41:33 +0800] "GET /wp-content/uploads/2025/07/1751425283-qizhou.kf_.qq_.com_.webp HTTP/1.1" 200 16864 "http://cqqizhou.com/" "Mozilla/5.0 (Windows NT 6.1; WOW64) AppleWebKit/535.19 (KHTML, like Gecko) Chrome/18.0.1025.168 Safari/535.19 QIHU 360EE"
119.84.246.117 - - [04/Apr/2026:08:41:33 +0800] "GET /wp-content/uploads/2025/07/1753456770-%E7%83%AD%E9%95%80%E9%94%8C%E5%8D%B7product_Single600.webp HTTP/1.1" 200 27502 "http://cqqizhou.com/" "Mozilla/5.0 (Windows NT 6.1; WOW64) AppleWebKit/535.19 (KHTML, like Gecko) Chrome/18.0.1025.168 Safari/535.19 QIHU 360EE"
119.84.246.117 - - [04/Apr/2026:08:41:33 +0800] "GET /wp-content/uploads/2025/07/1753453127-%E4%BD%99%E5%8D%B7product_Single600%C3%97284.webp HTTP/1.1" 200 18744 "http://cqqizhou.com/" "Mozilla/5.0 (Windows NT 6.1; WOW64) AppleWebKit/535.19 (KHTML, like Gecko) Chrome/18.0.1025.168 Safari/535.19 QIHU 360EE"
119.84.246.117 - - [04/Apr/2026:08:41:33 +0800] "GET /wp-content/uploads/2025/07/1751864664-Logistics800x500_1.webp HTTP/1.1" 200 76914 "http://cqqizhou.com/" "Mozilla/5.0 (Windows NT 6.1; WOW64) AppleWebKit/535.19 (KHTML, like Gecko) Chrome/18.0.1025.168 Safari/535.19 QIHU 360EE"
119.84.246.117 - - [04/Apr/2026:08:41:33 +0800] "GET /wp-content/uploads/2026/04/1775195054-1Article_images_W900px.webp HTTP/1.1" 200 25562 "http://cqqizhou.com/" "Mozilla/5.0 (Windows NT 6.1; WOW64) AppleWebKit/535.19 (KHTML, like Gecko) Chrome/18.0.1025.168 Safari/535.19 QIHU 360EE"
119.84.246.117 - - [04/Apr/2026:08:41:33 +0800] "GET /wp-content/uploads/2026/03/1773722869-1Article_images_W900px.webp HTTP/1.1" 200 28566 "http://cqqizhou.com/" "Mozilla/5.0 (Windows NT 6.1; WOW64) AppleWebKit/535.19 (KHTML, like Gecko) Chrome/18.0.1025.168 Safari/535.19 QIHU 360EE"
119.84.246.117 - - [04/Apr/2026:08:41:33 +0800] "GET /wp-content/uploads/2026/02/1769999241-4.2%E7%B1%B3%E9%AB%98%E6%A0%8F%E8%B4%A7%E8%BD%A6.webp HTTP/1.1" 200 54794 "http://cqqizhou.com/" "Mozilla/5.0 (Windows NT 6.1; WOW64) AppleWebKit/535.19 (KHTML, like Gecko) Chrome/18.0.1025.168 Safari/535.19 QIHU 360EE"
119.84.246.117 - - [04/Apr/2026:08:41:33 +0800] "GET /wp-content/uploads/2026/03/1772790791-%E5%B0%81%E9%9D%A2%E5%A4%B4%E5%9B%BEArticle_images_W900%C3%97500px2026.webp HTTP/1.1" 200 52968 "http://cqqizhou.com/" "Mozilla/5.0 (Windows NT 6.1; WOW64) AppleWebKit/535.19 (KHTML, like Gecko) Chrome/18.0.1025.168 Safari/535.19 QIHU 360EE"
36.133.115.36 - - [04/Apr/2026:08:50:04 +0800] "POST /wp-cron.php?doing_wp_cron=1775263804.3531699180603027343750 HTTP/1.1" 200 31 "-" "WordPress/6.9; http://cqqizhou.com"
47.128.31.127 - - [04/Apr/2026:08:50:04 +0800] "GET /robots.txt HTTP/1.1" 200 190 "-" "Mozilla/5.0 (Linux; Android 5.0) AppleWebKit/537.36 (KHTML, like Gecko) Mobile Safari/537.36 (compatible; Bytespider; spider-feedback@bytedance.com)"
36.133.115.36 - - [04/Apr/2026:08:52:44 +0800] "POST /wp-cron.php?doing_wp_cron=1775263964.5898869037628173828125 HTTP/1.1" 200 31 "-" "WordPress/6.9; http://cqqizhou.com"
176.65.150.63 - - [04/Apr/2026:08:52:44 +0800] "GET / HTTP/1.1" 200 34824 "-" "Linux Gnu (cow)"
36.133.115.36 - - [04/Apr/2026:08:56:27 +0800] "POST /wp-cron.php?doing_wp_cron=1775264187.9054520130157470703125 HTTP/1.1" 200 31 "-" "WordPress/6.9; http://cqqizhou.com"
43.153.48.240 - - [04/Apr/2026:08:56:27 +0800] "GET / HTTP/1.1" 301 5 "-" "Mozilla/5.0 (iPhone; CPU iPhone OS 13_2_3 like Mac OS X) AppleWebKit/605.1.15 (KHTML, like Gecko) Version/13.0.3 Mobile/15E148 Safari/604.1"
43.153.48.240 - - [04/Apr/2026:08:56:30 +0800] "GET / HTTP/1.1" 200 34824 "http://www.cqqizhou.com" "Mozilla/5.0 (iPhone; CPU iPhone OS 13_2_3 like Mac OS X) AppleWebKit/605.1.15 (KHTML, like Gecko) Version/13.0.3 Mobile/15E148 Safari/604.1"
36.133.115.36 - - [04/Apr/2026:08:57:50 +0800] "POST /wp-cron.php?doing_wp_cron=1775264270.3640799522399902343750 HTTP/1.1" 200 31 "-" "WordPress/6.9; http://cqqizhou.com"
47.128.31.107 - - [04/Apr/2026:08:57:50 +0800] "GET /robots.txt HTTP/1.1" 200 190 "-" "Mozilla/5.0 (Linux; Android 5.0) AppleWebKit/537.36 (KHTML, like Gecko) Mobile Safari/537.36 (compatible; Bytespider; spider-feedback@bytedance.com)"
36.133.115.36 - - [04/Apr/2026:08:58:12 +0800] "POST /wp-cron.php?doing_wp_cron=1775264292.8773930072784423828125 HTTP/1.1" 200 31 "-" "WordPress/6.9; http://cqqizhou.com"
66.249.74.8 - - [04/Apr/2026:08:58:12 +0800] "GET /logistics HTTP/1.1" 200 25342 "-" "Mozilla/5.0 (Linux; Android 6.0.1; Nexus 5X Build/MMB29P) AppleWebKit/537.36 (KHTML, like Gecko) Chrome/146.0.7680.177 Mobile Safari/537.36 (compatible; Googlebot/2.1; +http://www.google.com/bot.html)"
101.47.47.87 - - [04/Apr/2026:09:01:18 +0800] "GET /contacts HTTP/1.1" 200 21638 "-" "Mozilla/5.0 (Macintosh; Intel Mac OS X 10_15_7) AppleWebKit/537.36 (KHTML, like Gecko) Chrome/120.0.0.0 Safari/537.36"
36.133.115.36 - - [04/Apr/2026:09:07:55 +0800] "POST /wp-cron.php?doing_wp_cron=1775264875.1441469192504882812500 HTTP/1.1" 200 31 "-" "WordPress/6.9; http://cqqizhou.com"
24.144.122.228 - - [04/Apr/2026:09:07:55 +0800] "GET /wp-content/uploads/2025/07/1753456723-%E5%8F%8C%E7%9B%B8%E9%92%A2roduct_Single600-150x150.webp%20150w,%20http://cqqizhou.com/wp-content/uploads/2025/07/1753456723-%E5%8F%8C%E7%9B%B8%E9%92%A2roduct_Single600-300x300.webp%20300w,%20http://cqqizhou.com/wp-content/uploads/2025/07/1753456723-%E5%8F%8C%E7%9B%B8%E9%92%A2roduct_Single600.webp%20600w HTTP/1.1" 301 5 "http://cqqizhou.com/" "Mozilla/5.0 (Windows NT 10.0; Win64; x64) AppleWebKit/537.36 (KHTML, like Gecko) Chrome/109.0.0.0 Safari/537.36"
24.144.122.228 - - [04/Apr/2026:09:07:57 +0800] "GET /wp-content/uploads/2025/07/1753456723-%E5%8F%8C%E7%9B%B8%E9%92%A2roduct_Single600-150x150.webp%20150w,%20http:/cqqizhou.com/wp-content/uploads/2025/07/1753456723-%E5%8F%8C%E7%9B%B8%E9%92%A2roduct_Single600-300x300.webp%20300w,%20http:/cqqizhou.com/wp-content/uploads/2025/07/1753456723-%E5%8F%8C%E7%9B%B8%E9%92%A2roduct_Single600.webp%20600w HTTP/1.1" 404 8950 "http://cqqizhou.com/" "Mozilla/5.0 (Windows NT 10.0; Win64; x64) AppleWebKit/537.36 (KHTML, like Gecko) Chrome/109.0.0.0 Safari/537.36"
