139.59.97.94 - - [18/Mar/2026:02:35:36 +0800] "GET /v3/.git/config HTTP/1.1" 499 0 "-" "Mozilla/5.0 (Windows NT 10.0; Win64; x64) AppleWebKit/537.36 (KHTML, like Gecko) Chrome/123.0.0.0 Safari/537.36"
139.59.97.94 - - [18/Mar/2026:02:35:36 +0800] "GET /wordpress/.git/config HTTP/1.1" 499 0 "-" "Mozilla/5.0 (Windows NT 10.0; Win64; x64) AppleWebKit/537.36 (KHTML, like Gecko) Chrome/123.0.0.0 Safari/537.36"
139.59.97.94 - - [18/Mar/2026:02:35:36 +0800] "GET /wp-admin/.git/config HTTP/1.1" 499 0 "-" "Mozilla/5.0 (Windows NT 10.0; Win64; x64) AppleWebKit/537.36 (KHTML, like Gecko) Chrome/123.0.0.0 Safari/537.36"
139.59.97.94 - - [18/Mar/2026:02:35:36 +0800] "GET /ADMIN/.git/config HTTP/1.1" 499 0 "-" "Mozilla/5.0 (Windows NT 10.0; Win64; x64) AppleWebKit/537.36 (KHTML, like Gecko) Chrome/123.0.0.0 Safari/537.36"
139.59.97.94 - - [18/Mar/2026:02:35:36 +0800] "GET /API/.git/config HTTP/1.1" 499 0 "-" "Mozilla/5.0 (Windows NT 10.0; Win64; x64) AppleWebKit/537.36 (KHTML, like Gecko) Chrome/123.0.0.0 Safari/537.36"
139.59.97.94 - - [18/Mar/2026:02:35:36 +0800] "GET /www/.git/config HTTP/1.1" 499 0 "-" "Mozilla/5.0 (Windows NT 10.0; Win64; x64) AppleWebKit/537.36 (KHTML, like Gecko) Chrome/123.0.0.0 Safari/537.36"
139.59.97.94 - - [18/Mar/2026:02:35:36 +0800] "GET /APP/.git/config HTTP/1.1" 499 0 "-" "Mozilla/5.0 (Windows NT 10.0; Win64; x64) AppleWebKit/537.36 (KHTML, like Gecko) Chrome/123.0.0.0 Safari/537.36"
139.59.97.94 - - [18/Mar/2026:02:35:36 +0800] "GET /wp/.git/config HTTP/1.1" 499 0 "-" "Mozilla/5.0 (Windows NT 10.0; Win64; x64) AppleWebKit/537.36 (KHTML, like Gecko) Chrome/123.0.0.0 Safari/537.36"
139.59.97.94 - - [18/Mar/2026:02:35:36 +0800] "GET /BACKEND/.git/config HTTP/1.1" 499 0 "-" "Mozilla/5.0 (Windows NT 10.0; Win64; x64) AppleWebKit/537.36 (KHTML, like Gecko) Chrome/123.0.0.0 Safari/537.36"
139.59.97.94 - - [18/Mar/2026:02:35:36 +0800] "GET /Api/.git/config HTTP/1.1" 499 0 "-" "Mozilla/5.0 (Windows NT 10.0; Win64; x64) AppleWebKit/537.36 (KHTML, like Gecko) Chrome/123.0.0.0 Safari/537.36"
139.59.97.94 - - [18/Mar/2026:02:35:36 +0800] "GET /BE/.git/config HTTP/1.1" 499 0 "-" "Mozilla/5.0 (Windows NT 10.0; Win64; x64) AppleWebKit/537.36 (KHTML, like Gecko) Chrome/123.0.0.0 Safari/537.36"
139.59.97.94 - - [18/Mar/2026:02:35:36 +0800] "GET /Be/.git/config HTTP/1.1" 499 0 "-" "Mozilla/5.0 (Windows NT 10.0; Win64; x64) AppleWebKit/537.36 (KHTML, like Gecko) Chrome/123.0.0.0 Safari/537.36"
139.59.97.94 - - [18/Mar/2026:02:35:36 +0800] "GET /FRONTEND/.git/config HTTP/1.1" 499 0 "-" "Mozilla/5.0 (Windows NT 10.0; Win64; x64) AppleWebKit/537.36 (KHTML, like Gecko) Chrome/123.0.0.0 Safari/537.36"
139.59.97.94 - - [18/Mar/2026:02:35:36 +0800] "GET /Fe/.git/config HTTP/1.1" 499 0 "-" "Mozilla/5.0 (Windows NT 10.0; Win64; x64) AppleWebKit/537.36 (KHTML, like Gecko) Chrome/123.0.0.0 Safari/537.36"
139.59.97.94 - - [18/Mar/2026:02:35:36 +0800] "GET /FE/.git/config HTTP/1.1" 499 0 "-" "Mozilla/5.0 (Windows NT 10.0; Win64; x64) AppleWebKit/537.36 (KHTML, like Gecko) Chrome/123.0.0.0 Safari/537.36"
139.59.97.94 - - [18/Mar/2026:02:35:36 +0800] "GET /FRONT/.git/config HTTP/1.1" 499 0 "-" "Mozilla/5.0 (Windows NT 10.0; Win64; x64) AppleWebKit/537.36 (KHTML, like Gecko) Chrome/123.0.0.0 Safari/537.36"
139.59.97.94 - - [18/Mar/2026:02:35:36 +0800] "GET /Lara/.git/config HTTP/1.1" 499 0 "-" "Mozilla/5.0 (Windows NT 10.0; Win64; x64) AppleWebKit/537.36 (KHTML, like Gecko) Chrome/123.0.0.0 Safari/537.36"
139.59.97.94 - - [18/Mar/2026:02:35:36 +0800] "GET /Old/.git/config HTTP/1.1" 499 0 "-" "Mozilla/5.0 (Windows NT 10.0; Win64; x64) AppleWebKit/537.36 (KHTML, like Gecko) Chrome/123.0.0.0 Safari/537.36"
139.59.97.94 - - [18/Mar/2026:02:35:36 +0800] "GET /administrator/.git/config HTTP/1.1" 499 0 "-" "Mozilla/5.0 (Windows NT 10.0; Win64; x64) AppleWebKit/537.36 (KHTML, like Gecko) Chrome/123.0.0.0 Safari/537.36"
139.59.97.94 - - [18/Mar/2026:02:35:36 +0800] "GET /admin/.git/config HTTP/1.1" 499 0 "-" "Mozilla/5.0 (Windows NT 10.0; Win64; x64) AppleWebKit/537.36 (KHTML, like Gecko) Chrome/123.0.0.0 Safari/537.36"
139.59.97.94 - - [18/Mar/2026:02:35:36 +0800] "GET /Laravel/.git/config HTTP/1.1" 499 0 "-" "Mozilla/5.0 (Windows NT 10.0; Win64; x64) AppleWebKit/537.36 (KHTML, like Gecko) Chrome/123.0.0.0 Safari/537.36"
139.59.97.94 - - [18/Mar/2026:02:35:36 +0800] "GET /admin/backend/.git/config HTTP/1.1" 499 0 "-" "Mozilla/5.0 (Windows NT 10.0; Win64; x64) AppleWebKit/537.36 (KHTML, like Gecko) Chrome/123.0.0.0 Safari/537.36"
139.59.97.94 - - [18/Mar/2026:02:35:36 +0800] "GET /api-backend/.git/config HTTP/1.1" 499 0 "-" "Mozilla/5.0 (Windows NT 10.0; Win64; x64) AppleWebKit/537.36 (KHTML, like Gecko) Chrome/123.0.0.0 Safari/537.36"
139.59.97.94 - - [18/Mar/2026:02:35:36 +0800] "GET /apis/.git/config HTTP/1.1" 499 0 "-" "Mozilla/5.0 (Windows NT 10.0; Win64; x64) AppleWebKit/537.36 (KHTML, like Gecko) Chrome/123.0.0.0 Safari/537.36"
139.59.97.94 - - [18/Mar/2026:02:35:36 +0800] "GET /develop/.git/config HTTP/1.1" 499 0 "-" "Mozilla/5.0 (Windows NT 10.0; Win64; x64) AppleWebKit/537.36 (KHTML, like Gecko) Chrome/123.0.0.0 Safari/537.36"
139.59.97.94 - - [18/Mar/2026:02:35:36 +0800] "GET /application/.git/config HTTP/1.1" 499 0 "-" "Mozilla/5.0 (Windows NT 10.0; Win64; x64) AppleWebKit/537.36 (KHTML, like Gecko) Chrome/123.0.0.0 Safari/537.36"
139.59.97.94 - - [18/Mar/2026:02:35:36 +0800] "GET /back/.git/config HTTP/1.1" 499 0 "-" "Mozilla/5.0 (Windows NT 10.0; Win64; x64) AppleWebKit/537.36 (KHTML, like Gecko) Chrome/123.0.0.0 Safari/537.36"
139.59.97.94 - - [18/Mar/2026:02:35:36 +0800] "GET /dev/.git/config HTTP/1.1" 499 0 "-" "Mozilla/5.0 (Windows NT 10.0; Win64; x64) AppleWebKit/537.36 (KHTML, like Gecko) Chrome/123.0.0.0 Safari/537.36"
139.59.97.94 - - [18/Mar/2026:02:35:36 +0800] "GET /blog/.git/config HTTP/1.1" 499 0 "-" "Mozilla/5.0 (Windows NT 10.0; Win64; x64) AppleWebKit/537.36 (KHTML, like Gecko) Chrome/123.0.0.0 Safari/537.36"
139.59.97.94 - - [18/Mar/2026:02:35:36 +0800] "GET /config/.git/config HTTP/1.1" 499 0 "-" "Mozilla/5.0 (Windows NT 10.0; Win64; x64) AppleWebKit/537.36 (KHTML, like Gecko) Chrome/123.0.0.0 Safari/537.36"
139.59.97.94 - - [18/Mar/2026:02:35:36 +0800] "GET /back-api/.git/config HTTP/1.1" 499 0 "-" "Mozilla/5.0 (Windows NT 10.0; Win64; x64) AppleWebKit/537.36 (KHTML, like Gecko) Chrome/123.0.0.0 Safari/537.36"
139.59.97.94 - - [18/Mar/2026:02:35:36 +0800] "GET /back-end/.git/config HTTP/1.1" 499 0 "-" "Mozilla/5.0 (Windows NT 10.0; Win64; x64) AppleWebKit/537.36 (KHTML, like Gecko) Chrome/123.0.0.0 Safari/537.36"
139.59.97.94 - - [18/Mar/2026:02:35:36 +0800] "GET /crm/.git/config HTTP/1.1" 499 0 "-" "Mozilla/5.0 (Windows NT 10.0; Win64; x64) AppleWebKit/537.36 (KHTML, like Gecko) Chrome/123.0.0.0 Safari/537.36"
139.59.97.94 - - [18/Mar/2026:02:35:36 +0800] "GET /cms/.git/config HTTP/1.1" 499 0 "-" "Mozilla/5.0 (Windows NT 10.0; Win64; x64) AppleWebKit/537.36 (KHTML, like Gecko) Chrome/123.0.0.0 Safari/537.36"
139.59.97.94 - - [18/Mar/2026:02:35:36 +0800] "GET /backend/.git/config HTTP/1.1" 499 0 "-" "Mozilla/5.0 (Windows NT 10.0; Win64; x64) AppleWebKit/537.36 (KHTML, like Gecko) Chrome/123.0.0.0 Safari/537.36"
139.59.97.94 - - [18/Mar/2026:02:35:36 +0800] "GET /content/.git/config HTTP/1.1" 499 0 "-" "Mozilla/5.0 (Windows NT 10.0; Win64; x64) AppleWebKit/537.36 (KHTML, like Gecko) Chrome/123.0.0.0 Safari/537.36"
139.59.97.94 - - [18/Mar/2026:02:35:36 +0800] "GET /backend-api/.git/config HTTP/1.1" 499 0 "-" "Mozilla/5.0 (Windows NT 10.0; Win64; x64) AppleWebKit/537.36 (KHTML, like Gecko) Chrome/123.0.0.0 Safari/537.36"
139.59.97.94 - - [18/Mar/2026:02:35:36 +0800] "GET /client/.git/config HTTP/1.1" 499 0 "-" "Mozilla/5.0 (Windows NT 10.0; Win64; x64) AppleWebKit/537.36 (KHTML, like Gecko) Chrome/123.0.0.0 Safari/537.36"
139.59.97.94 - - [18/Mar/2026:02:35:36 +0800] "GET /app/.git/config HTTP/1.1" 499 0 "-" "Mozilla/5.0 (Windows NT 10.0; Win64; x64) AppleWebKit/537.36 (KHTML, like Gecko) Chrome/123.0.0.0 Safari/537.36"
139.59.97.94 - - [18/Mar/2026:02:35:36 +0800] "GET /build/.git/config HTTP/1.1" 499 0 "-" "Mozilla/5.0 (Windows NT 10.0; Win64; x64) AppleWebKit/537.36 (KHTML, like Gecko) Chrome/123.0.0.0 Safari/537.36"
139.59.97.94 - - [18/Mar/2026:02:35:36 +0800] "GET /asset/.git/config HTTP/1.1" 499 0 "-" "Mozilla/5.0 (Windows NT 10.0; Win64; x64) AppleWebKit/537.36 (KHTML, like Gecko) Chrome/123.0.0.0 Safari/537.36"
139.59.97.94 - - [18/Mar/2026:02:35:36 +0800] "GET /cron/.git/config HTTP/1.1" 499 0 "-" "Mozilla/5.0 (Windows NT 10.0; Win64; x64) AppleWebKit/537.36 (KHTML, like Gecko) Chrome/123.0.0.0 Safari/537.36"
139.59.97.94 - - [18/Mar/2026:02:35:36 +0800] "GET /craft/.git/config HTTP/1.1" 499 0 "-" "Mozilla/5.0 (Windows NT 10.0; Win64; x64) AppleWebKit/537.36 (KHTML, like Gecko) Chrome/123.0.0.0 Safari/537.36"
139.59.97.94 - - [18/Mar/2026:02:35:36 +0800] "GET /be/.git/config HTTP/1.1" 499 0 "-" "Mozilla/5.0 (Windows NT 10.0; Win64; x64) AppleWebKit/537.36 (KHTML, like Gecko) Chrome/123.0.0.0 Safari/537.36"
139.59.97.94 - - [18/Mar/2026:02:35:36 +0800] "GET /app/api/.git/config HTTP/1.1" 499 0 "-" "Mozilla/5.0 (Windows NT 10.0; Win64; x64) AppleWebKit/537.36 (KHTML, like Gecko) Chrome/123.0.0.0 Safari/537.36"
139.59.97.94 - - [18/Mar/2026:02:35:36 +0800] "GET /erp/.git/config HTTP/1.1" 499 0 "-" "Mozilla/5.0 (Windows NT 10.0; Win64; x64) AppleWebKit/537.36 (KHTML, like Gecko) Chrome/123.0.0.0 Safari/537.36"
139.59.97.94 - - [18/Mar/2026:02:35:36 +0800] "GET /backend/api/.git/config HTTP/1.1" 499 0 "-" "Mozilla/5.0 (Windows NT 10.0; Win64; x64) AppleWebKit/537.36 (KHTML, like Gecko) Chrome/123.0.0.0 Safari/537.36"
139.59.97.94 - - [18/Mar/2026:02:35:36 +0800] "GET /core/.git/config HTTP/1.1" 499 0 "-" "Mozilla/5.0 (Windows NT 10.0; Win64; x64) AppleWebKit/537.36 (KHTML, like Gecko) Chrome/123.0.0.0 Safari/537.36"
139.59.97.94 - - [18/Mar/2026:02:35:36 +0800] "GET /shop/.git/config HTTP/1.1" 499 0 "-" "Mozilla/5.0 (Windows NT 10.0; Win64; x64) AppleWebKit/537.36 (KHTML, like Gecko) Chrome/123.0.0.0 Safari/537.36"
139.59.97.94 - - [18/Mar/2026:02:35:36 +0800] "GET /backend/admin/.git/config HTTP/1.1" 499 0 "-" "Mozilla/5.0 (Windows NT 10.0; Win64; x64) AppleWebKit/537.36 (KHTML, like Gecko) Chrome/123.0.0.0 Safari/537.36"
139.59.97.94 - - [18/Mar/2026:02:35:36 +0800] "GET /resources/.git/config HTTP/1.1" 499 0 "-" "Mozilla/5.0 (Windows NT 10.0; Win64; x64) AppleWebKit/537.36 (KHTML, like Gecko) Chrome/123.0.0.0 Safari/537.36"
139.59.97.94 - - [18/Mar/2026:02:35:36 +0800] "GET /functions/.git/config HTTP/1.1" 499 0 "-" "Mozilla/5.0 (Windows NT 10.0; Win64; x64) AppleWebKit/537.36 (KHTML, like Gecko) Chrome/123.0.0.0 Safari/537.36"
139.59.97.94 - - [18/Mar/2026:02:35:36 +0800] "GET /front/.git/config HTTP/1.1" 499 0 "-" "Mozilla/5.0 (Windows NT 10.0; Win64; x64) AppleWebKit/537.36 (KHTML, like Gecko) Chrome/123.0.0.0 Safari/537.36"
139.59.97.94 - - [18/Mar/2026:02:35:36 +0800] "GET /laravel/core/.git/config HTTP/1.1" 499 0 "-" "Mozilla/5.0 (Windows NT 10.0; Win64; x64) AppleWebKit/537.36 (KHTML, like Gecko) Chrome/123.0.0.0 Safari/537.36"
139.59.97.94 - - [18/Mar/2026:02:35:36 +0800] "GET /market/.git/config HTTP/1.1" 499 0 "-" "Mozilla/5.0 (Windows NT 10.0; Win64; x64) AppleWebKit/537.36 (KHTML, like Gecko) Chrome/123.0.0.0 Safari/537.36"
36.133.115.36 - - [18/Mar/2026:02:35:46 +0800] "POST /wp-cron.php?doing_wp_cron=1773772545.3339729309082031250000 HTTP/1.1" 499 0 "-" "WordPress/6.9; http://cqqizhou.com"
36.133.115.36 - - [18/Mar/2026:03:01:02 +0800] "POST /wp-cron.php?doing_wp_cron=1773774062.4485719203948974609375 HTTP/1.1" 200 31 "-" "WordPress/6.9; http://cqqizhou.com"
115.159.33.43 - - [18/Mar/2026:03:01:02 +0800] "GET / HTTP/1.1" 301 5 "-" "Mozilla/5.0 (Windows NT 10.0; Win64; x64) AppleWebKit/537.36 (KHTML, like Gecko) Chrome/79.0.3945.117 Safari/537.36"
36.133.115.36 - - [18/Mar/2026:03:22:43 +0800] "POST /wp-cron.php?doing_wp_cron=1773775363.4163138866424560546875 HTTP/1.1" 200 31 "-" "WordPress/6.9; http://cqqizhou.com"
220.181.108.81 - - [18/Mar/2026:03:22:43 +0800] "GET /wp-json/oembed/1.0/embed?url=http%3A%2F%2Fcqqizhou.com%2Fnews%2F2339 HTTP/1.1" 200 1298 "-" "Mozilla/5.0 (compatible; Baiduspider/2.0; +http://www.baidu.com/search/spider.html)"
36.133.115.36 - - [18/Mar/2026:03:33:25 +0800] "POST /wp-cron.php?doing_wp_cron=1773776005.7999339103698730468750 HTTP/1.1" 200 31 "-" "WordPress/6.9; http://cqqizhou.com"
49.51.243.156 - - [18/Mar/2026:03:33:25 +0800] "GET / HTTP/1.1" 200 34808 "-" "Mozilla/5.0 (iPhone; CPU iPhone OS 13_2_3 like Mac OS X) AppleWebKit/605.1.15 (KHTML, like Gecko) Version/13.0.3 Mobile/15E148 Safari/604.1"
58.209.189.125 - - [18/Mar/2026:03:33:36 +0800] "GET / HTTP/1.1" 200 158844 "-" "Mozilla/5.0 (Macintosh; Intel Mac OS X 10_14_6) AppleWebKit/537.36 (KHTML, like Gecko) Chrome/95.0.4638.69 Safari/537.36"
36.133.115.36 - - [18/Mar/2026:03:34:43 +0800] "POST /wp-cron.php?doing_wp_cron=1773776083.3471400737762451171875 HTTP/1.1" 200 31 "-" "WordPress/6.9; http://cqqizhou.com"
216.244.66.245 - - [18/Mar/2026:03:34:43 +0800] "GET /robots.txt HTTP/1.1" 200 390 "-" "Mozilla/5.0 (compatible; DotBot/1.2; +https://opensiteexplorer.org/dotbot; help@moz.com)"
36.133.115.36 - - [18/Mar/2026:03:39:21 +0800] "POST /wp-cron.php?doing_wp_cron=1773776361.2033059597015380859375 HTTP/1.1" 200 31 "-" "WordPress/6.9; http://cqqizhou.com"
216.244.66.245 - - [18/Mar/2026:03:39:21 +0800] "GET /news/2165 HTTP/1.1" 200 91423 "-" "Mozilla/5.0 (compatible; DotBot/1.2; +https://opensiteexplorer.org/dotbot; help@moz.com)"
36.133.115.36 - - [18/Mar/2026:03:41:46 +0800] "POST /wp-cron.php?doing_wp_cron=1773776506.3226149082183837890625 HTTP/1.1" 200 31 "-" "WordPress/6.9; http://cqqizhou.com"
149.86.227.60 - - [18/Mar/2026:03:41:47 +0800] "GET / HTTP/1.1" 200 157185 "-" "Mozilla/5.0"
121.237.36.27 - - [18/Mar/2026:03:41:48 +0800] "GET / HTTP/1.1" 200 35246 "-" "Mozilla/5.0 (Windows; U; Windows NT 6.0; fr; rv:1.9.2.4) Gecko/20100523 Firefox/3.6.4 ( .NET CLR 3.5.30729)"
180.115.254.126 - - [18/Mar/2026:03:50:02 +0800] "GET / HTTP/1.1" 200 35246 "-" "Mozilla/5.0 (Macintosh; Intel Mac OS X 10_15_7) AppleWebKit/537.36 (KHTML, like Gecko) Chrome/106.0.0.0 Safari/537.36"
36.133.115.36 - - [18/Mar/2026:04:09:02 +0800] "POST /wp-cron.php?doing_wp_cron=1773778142.0993270874023437500000 HTTP/1.1" 200 31 "-" "WordPress/6.9; http://cqqizhou.com"
111.225.149.226 - - [18/Mar/2026:04:09:02 +0800] "GET /robots.txt HTTP/1.1" 200 190 "-" "Mozilla/5.0 (Linux; Android 5.0) AppleWebKit/537.36 (KHTML, like Gecko) Mobile Safari/537.36 (compatible; Bytespider; https://zhanzhang.toutiao.com/)"
36.133.115.36 - - [18/Mar/2026:04:15:44 +0800] "POST /wp-cron.php?doing_wp_cron=1773778544.5092239379882812500000 HTTP/1.1" 200 31 "-" "WordPress/6.9; http://cqqizhou.com"
60.216.105.162 - - [18/Mar/2026:04:15:44 +0800] "GET / HTTP/1.1" 200 34807 "-" "Mozilla/5.0 (Linux; Android 5.0; SM-G900P Build/LRX21T) AppleWebKit/537.36 (KHTML, like Gecko) Chrome/55.0.8006.1296 Mobile Safari/537.36"
60.216.105.162 - - [18/Mar/2026:04:15:45 +0800] "GET / HTTP/1.1" 200 35246 "-" "Mozilla/5.0 (Windows NT 10.0; Win64; x64) AppleWebKit/537.36 (KHTML, like Gecko) Chrome/144.0.7559.60 Safari/537.36"
60.216.105.162 - - [18/Mar/2026:04:15:46 +0800] "GET /wp-content/uploads/2025/07/1751425283-qizhou.kf_.qq_.com_.webp HTTP/1.1" 200 16864 "http://cqqizhou.com/" "Mozilla/5.0 (Windows NT 10.0; Win64; x64) AppleWebKit/537.36 (KHTML, like Gecko) Chrome/144.0.7559.60 Safari/537.36"
60.216.105.162 - - [18/Mar/2026:04:15:52 +0800] "GET /wp-content/uploads/2025/07/1753453096-%E5%8F%8C%E7%9B%B8%E9%92%A2product_Single600%C3%97284.webp HTTP/1.1" 200 14562 "http://cqqizhou.com/" "Mozilla/5.0 (Windows NT 10.0; Win64; x64) AppleWebKit/537.36 (KHTML, like Gecko) Chrome/144.0.7559.60 Safari/537.36"
60.216.105.162 - - [18/Mar/2026:04:15:52 +0800] "GET /wp-content/uploads/2025/07/1753456770-%E7%83%AD%E9%95%80%E9%94%8C%E5%8D%B7product_Single600.webp HTTP/1.1" 200 27502 "http://cqqizhou.com/" "Mozilla/5.0 (Windows NT 10.0; Win64; x64) AppleWebKit/537.36 (KHTML, like Gecko) Chrome/144.0.7559.60 Safari/537.36"
60.216.105.162 - - [18/Mar/2026:04:15:52 +0800] "GET /wp-content/uploads/2025/07/1753456723-%E5%8F%8C%E7%9B%B8%E9%92%A2roduct_Single600.webp HTTP/1.1" 200 22790 "http://cqqizhou.com/" "Mozilla/5.0 (Windows NT 10.0; Win64; x64) AppleWebKit/537.36 (KHTML, like Gecko) Chrome/144.0.7559.60 Safari/537.36"
60.216.105.162 - - [18/Mar/2026:04:15:52 +0800] "GET /wp-content/uploads/2025/07/1753453127-%E4%BD%99%E5%8D%B7product_Single600%C3%97284.webp HTTP/1.1" 200 18744 "http://cqqizhou.com/" "Mozilla/5.0 (Windows NT 10.0; Win64; x64) AppleWebKit/537.36 (KHTML, like Gecko) Chrome/144.0.7559.60 Safari/537.36"
60.216.105.162 - - [18/Mar/2026:04:15:54 +0800] "GET /wp-content/uploads/2025/12/1765268955-qizhou_Slider1_3840%C3%972160_20251210-scaled.webp HTTP/1.1" 200 152162 "http://cqqizhou.com/" "Mozilla/5.0 (Windows NT 10.0; Win64; x64) AppleWebKit/537.36 (KHTML, like Gecko) Chrome/144.0.7559.60 Safari/537.36"
60.216.105.162 - - [18/Mar/2026:04:15:55 +0800] "GET /wp-content/uploads/revslider/slider-1/1750861156-logistics_Slider_3840%C3%972160_20250625191356-scaled-50x100.webp HTTP/1.1" 200 1416 "http://cqqizhou.com/" "Mozilla/5.0 (Windows NT 10.0; Win64; x64) AppleWebKit/537.36 (KHTML, like Gecko) Chrome/144.0.7559.60 Safari/537.36"
60.216.105.162 - - [18/Mar/2026:04:15:55 +0800] "GET /wp-content/uploads/2026/01/1768276119-qizhoujiagong_Slider_3840%C3%972160_20260113-scaled-50x100.webp HTTP/1.1" 200 976 "http://cqqizhou.com/" "Mozilla/5.0 (Windows NT 10.0; Win64; x64) AppleWebKit/537.36 (KHTML, like Gecko) Chrome/144.0.7559.60 Safari/537.36"
60.216.105.162 - - [18/Mar/2026:04:15:56 +0800] "GET /wp-json/sliderrevolution/sliders/1?srengine=7&slideid=2 HTTP/1.1" 200 2000 "http://cqqizhou.com/" "Mozilla/5.0 (Windows NT 10.0; Win64; x64) AppleWebKit/537.36 (KHTML, like Gecko) Chrome/144.0.7559.60 Safari/537.36"
60.216.105.162 - - [18/Mar/2026:04:15:56 +0800] "GET /wp-json/sliderrevolution/sliders/1?srengine=7&slideid=4 HTTP/1.1" 200 2580 "http://cqqizhou.com/" "Mozilla/5.0 (Windows NT 10.0; Win64; x64) AppleWebKit/537.36 (KHTML, like Gecko) Chrome/144.0.7559.60 Safari/537.36"
60.216.105.162 - - [18/Mar/2026:04:15:58 +0800] "GET /wp-content/uploads/2026/01/1768276119-qizhoujiagong_Slider_3840%C3%972160_20260113-scaled.webp HTTP/1.1" 200 131696 "http://cqqizhou.com/" "Mozilla/5.0 (Windows NT 10.0; Win64; x64) AppleWebKit/537.36 (KHTML, like Gecko) Chrome/144.0.7559.60 Safari/537.36"
60.216.105.162 - - [18/Mar/2026:04:15:58 +0800] "GET /wp-content/uploads/revslider/slider-1/1750861156-logistics_Slider_3840%C3%972160_20250625191356-scaled.webp HTTP/1.1" 200 197360 "http://cqqizhou.com/" "Mozilla/5.0 (Windows NT 10.0; Win64; x64) AppleWebKit/537.36 (KHTML, like Gecko) Chrome/144.0.7559.60 Safari/537.36"
36.133.115.36 - - [18/Mar/2026:04:26:31 +0800] "POST /wp-cron.php?doing_wp_cron=1773779191.1647078990936279296875 HTTP/1.1" 200 31 "-" "WordPress/6.9; http://cqqizhou.com"
206.168.34.199 - - [18/Mar/2026:04:26:31 +0800] "GET / HTTP/1.1" 301 5 "-" "Mozilla/5.0 (compatible; CensysInspect/1.1; +https://about.censys.io/)"
206.168.34.199 - - [18/Mar/2026:04:26:38 +0800] "GET /security.txt HTTP/1.1" 200 19866 "-" "Mozilla/5.0 (compatible; CensysInspect/1.1; +https://about.censys.io/)"
43.153.204.189 - - [18/Mar/2026:04:26:44 +0800] "GET / HTTP/1.1" 200 34808 "-" "Mozilla/5.0 (iPhone; CPU iPhone OS 13_2_3 like Mac OS X) AppleWebKit/605.1.15 (KHTML, like Gecko) Version/13.0.3 Mobile/15E148 Safari/604.1"
206.168.34.199 - - [18/Mar/2026:04:26:46 +0800] "GET /ylw32hopefl HTTP/1.1" 404 8949 "-" "Mozilla/5.0 (compatible; CensysInspect/1.1; +https://about.censys.io/)"
36.133.115.36 - - [18/Mar/2026:04:30:59 +0800] "POST /wp-cron.php?doing_wp_cron=1773779459.6212770938873291015625 HTTP/1.1" 200 31 "-" "WordPress/6.9; http://cqqizhou.com"
139.59.116.9 - - [18/Mar/2026:04:30:59 +0800] "GET / HTTP/1.1" 200 34808 "-" "Mozilla/5.0 (Windows NT 10.0; Win64; x64) AppleWebKit/537.36 (KHTML, like Gecko) Chrome/90.0.4430.85 Safari/537.36 Edg/90.0.818.46"
180.153.236.119 - - [18/Mar/2026:04:35:47 +0800] "GET / HTTP/1.1" 200 35246 "http://cqqizhou.com/" "User-Agent:Mozilla/5.0 (Windows NT 10.0; Win64; x64) AppleWebKit/537.36 (KHTML, like Gecko) Chrome/140.0.0.0 Safari/537.36 Edg/140.0.0.0; 360Spider"
36.133.115.36 - - [18/Mar/2026:04:51:04 +0800] "POST /wp-cron.php?doing_wp_cron=1773780664.7497169971466064453125 HTTP/1.1" 200 31 "-" "WordPress/6.9; http://cqqizhou.com"
103.230.15.88 - - [18/Mar/2026:04:51:04 +0800] "GET /qz_ueditor/net/imageup.ashx HTTP/1.1" 301 5 "-" "Mozilla/5.0 (Windows NT 10.0; WOW64; rv:48.0) Gecko/20100101 Firefox/48.0"
36.133.115.36 - - [18/Mar/2026:05:00:28 +0800] "POST /wp-cron.php?doing_wp_cron=1773781228.9386849403381347656250 HTTP/1.1" 200 31 "-" "WordPress/6.9; http://cqqizhou.com"
17.241.227.230 - - [18/Mar/2026:05:00:28 +0800] "GET /robots.txt HTTP/1.1" 200 190 "-" "Mozilla/5.0 (Macintosh; Intel Mac OS X 10_15_7) AppleWebKit/605.1.15 (KHTML, like Gecko) Version/17.4 Safari/605.1.15 (Applebot/0.1; +http://www.apple.com/go/applebot)"
17.241.227.230 - - [18/Mar/2026:05:00:31 +0800] "GET /news/page/3 HTTP/1.1" 200 25652 "-" "Mozilla/5.0 (Macintosh; Intel Mac OS X 10_15_7) AppleWebKit/605.1.15 (KHTML, like Gecko) Version/17.4 Safari/605.1.15 (Applebot/0.1; +http://www.apple.com/go/applebot)"
66.240.223.240 - - [18/Mar/2026:05:00:49 +0800] "GET / HTTP/1.1" 301 5 "-" "Mozilla/5.0 zgrab/0.x"
36.133.115.36 - - [18/Mar/2026:05:01:29 +0800] "POST /wp-cron.php?doing_wp_cron=1773781289.7417190074920654296875 HTTP/1.1" 200 31 "-" "WordPress/6.9; http://cqqizhou.com"
204.76.203.18 - - [18/Mar/2026:05:01:30 +0800] "GET / HTTP/1.1" 200 96149 "-" "-"
204.76.203.18 - - [18/Mar/2026:05:01:32 +0800] "GET / HTTP/1.1" 200 96149 "-" "-"
204.76.203.18 - - [18/Mar/2026:05:01:33 +0800] "GET / HTTP/1.1" 200 96149 "-" "-"
204.76.203.18 - - [18/Mar/2026:05:01:39 +0800] "GET / HTTP/1.1" 200 96149 "-" "-"
5.39.1.236 - - [18/Mar/2026:05:34:18 +0800] "GET /news/2527 HTTP/1.1" 200 25086 "-" "Mozilla/5.0 (compatible; AhrefsBot/7.0; +http://ahrefs.com/robot/)"
36.133.115.36 - - [18/Mar/2026:05:38:10 +0800] "POST /wp-cron.php?doing_wp_cron=1773783490.3973360061645507812500 HTTP/1.1" 200 31 "-" "WordPress/6.9; http://cqqizhou.com"
66.249.73.7 - - [18/Mar/2026:05:38:10 +0800] "GET /robots.txt HTTP/1.1" 200 190 "-" "Mozilla/5.0 (compatible; Googlebot/2.1; +http://www.google.com/bot.html)"
36.133.108.125 - - [18/Mar/2026:05:41:01 +0800] "HEAD /lib/phpunit/phpunit/src/Util/PHP/eval-stdin.php HTTP/1.1" 404 0 "-" "Mozilla/5.0 (Windows NT 6.3; rv:36.0) Gecko/20100101 Firefox/36.0"
36.133.115.36 - - [18/Mar/2026:05:50:15 +0800] "POST /wp-cron.php?doing_wp_cron=1773784215.3398549556732177734375 HTTP/1.1" 200 31 "-" "WordPress/6.9; http://cqqizhou.com"
110.166.71.39 - - [18/Mar/2026:05:50:15 +0800] "GET / HTTP/1.1" 301 5 "-" "Mozilla/5.0 (iPhone; CPU iPhone OS 13_2_3 like Mac OS X) AppleWebKit/605.1.15 (KHTML, like Gecko) Version/13.0.3 Mobile/15E148 Safari/604.1"
110.166.71.39 - - [18/Mar/2026:05:50:16 +0800] "GET / HTTP/1.1" 200 34807 "http://www.cqqizhou.com" "Mozilla/5.0 (iPhone; CPU iPhone OS 13_2_3 like Mac OS X) AppleWebKit/605.1.15 (KHTML, like Gecko) Version/13.0.3 Mobile/15E148 Safari/604.1"
36.133.115.36 - - [18/Mar/2026:05:54:27 +0800] "POST /wp-cron.php?doing_wp_cron=1773784467.1152958869934082031250 HTTP/1.1" 200 31 "-" "WordPress/6.9; http://cqqizhou.com"
203.83.11.13 - - [18/Mar/2026:05:54:27 +0800] "GET / HTTP/1.1" 301 5 "-" "Mozilla/5.0"
36.133.115.36 - - [18/Mar/2026:06:11:35 +0800] "POST /wp-cron.php?doing_wp_cron=1773785495.1349511146545410156250 HTTP/1.1" 200 31 "-" "WordPress/6.9; http://cqqizhou.com"
43.167.245.18 - - [18/Mar/2026:06:11:35 +0800] "GET / HTTP/1.1" 301 5 "-" "Mozilla/5.0 (iPhone; CPU iPhone OS 13_2_3 like Mac OS X) AppleWebKit/605.1.15 (KHTML, like Gecko) Version/13.0.3 Mobile/15E148 Safari/604.1"
43.167.245.18 - - [18/Mar/2026:06:11:36 +0800] "GET / HTTP/1.1" 200 34808 "http://36.133.115.36" "Mozilla/5.0 (iPhone; CPU iPhone OS 13_2_3 like Mac OS X) AppleWebKit/605.1.15 (KHTML, like Gecko) Version/13.0.3 Mobile/15E148 Safari/604.1"
36.133.115.36 - - [18/Mar/2026:06:26:42 +0800] "POST /wp-cron.php?doing_wp_cron=1773786402.1613240242004394531250 HTTP/1.1" 200 31 "-" "WordPress/6.9; http://cqqizhou.com"
178.128.214.41 - - [18/Mar/2026:06:26:42 +0800] "GET / HTTP/1.1" 200 34807 "-" "Mozilla/5.0 (Windows NT 10.0; Win64; x64) AppleWebKit/537.36 (KHTML, like Gecko) Chrome/90.0.4430.85 Safari/537.36 Edg/90.0.818.46"
36.133.115.36 - - [18/Mar/2026:06:29:42 +0800] "POST /wp-cron.php?doing_wp_cron=1773786582.2624030113220214843750 HTTP/1.1" 200 31 "-" "WordPress/6.9; http://cqqizhou.com"
103.230.15.144 - - [18/Mar/2026:06:29:42 +0800] "GET /qz_ueditor/net/imageup.ashx HTTP/1.1" 301 5 "-" "Mozilla/5.0 (Windows NT 10.0; WOW64; rv:48.0) Gecko/20100101 Firefox/48.0"
36.133.115.36 - - [18/Mar/2026:06:30:47 +0800] "POST /wp-cron.php?doing_wp_cron=1773786647.2056870460510253906250 HTTP/1.1" 200 31 "-" "WordPress/6.9; http://cqqizhou.com"
170.106.167.214 - - [18/Mar/2026:06:30:47 +0800] "GET / HTTP/1.1" 301 5 "-" "Mozilla/5.0 (iPhone; CPU iPhone OS 13_2_3 like Mac OS X) AppleWebKit/605.1.15 (KHTML, like Gecko) Version/13.0.3 Mobile/15E148 Safari/604.1"
170.106.167.214 - - [18/Mar/2026:06:30:49 +0800] "GET / HTTP/1.1" 200 34808 "http://www.cqqizhou.com" "Mozilla/5.0 (iPhone; CPU iPhone OS 13_2_3 like Mac OS X) AppleWebKit/605.1.15 (KHTML, like Gecko) Version/13.0.3 Mobile/15E148 Safari/604.1"
36.133.115.36 - - [18/Mar/2026:06:56:13 +0800] "POST /wp-cron.php?doing_wp_cron=1773788173.1542348861694335937500 HTTP/1.1" 200 31 "-" "WordPress/6.9; http://cqqizhou.com"
176.65.149.234 - - [18/Mar/2026:06:56:13 +0800] "GET / HTTP/1.1" 200 157185 "-" "Mozilla/1.0"
123.17.79.71 - - [18/Mar/2026:07:00:12 +0800] "GET / HTTP/1.1" 499 0 "-" "-"
36.133.115.36 - - [18/Mar/2026:07:00:12 +0800] "POST /wp-cron.php?doing_wp_cron=1773788412.6979939937591552734375 HTTP/1.1" 200 31 "-" "WordPress/6.9; http://cqqizhou.com"
111.225.149.60 - - [18/Mar/2026:07:09:06 +0800] "GET /wp-content/uploads/2026/01/1768527484-Article_images_W900%C3%97500px202601162.webp HTTP/1.1" 200 20598 "http://cqqizhou.com/news/2440" "Mozilla/5.0 (Linux; Android 5.0) AppleWebKit/537.36 (KHTML, like Gecko) Mobile Safari/537.36 (compatible; Bytespider; https://zhanzhang.toutiao.com/)"
36.133.115.36 - - [18/Mar/2026:07:13:14 +0800] "POST /wp-cron.php?doing_wp_cron=1773789194.1692099571228027343750 HTTP/1.1" 200 31 "-" "WordPress/6.9; http://cqqizhou.com"
13.218.37.58 - - [18/Mar/2026:07:13:14 +0800] "GET / HTTP/1.1" 301 5 "-" "Go-http-client/1.1"
13.218.37.58 - - [18/Mar/2026:07:13:15 +0800] "GET / HTTP/1.1" 200 35246 "http://36.133.115.36" "Go-http-client/1.1"
36.133.108.121 - - [18/Mar/2026:07:38:14 +0800] "HEAD /lib/phpunit/phpunit/Util/PHP/eval-stdin.php HTTP/1.1" 404 0 "-" "Mozilla/5.0 (iPad; U; CPU OS 3_2 like Mac OS X; en-us) AppleWebKit/531.21.10 (KHTML, like Gecko) Version/4.0.4 Mobile/7B334b Safari/531.21.10"
36.133.115.36 - - [18/Mar/2026:07:52:27 +0800] "POST /wp-cron.php?doing_wp_cron=1773791547.7410500049591064453125 HTTP/1.1" 200 31 "-" "WordPress/6.9; http://cqqizhou.com"
176.65.148.66 - - [18/Mar/2026:07:52:27 +0800] "HEAD / HTTP/1.1" 200 0 "-" "Mozilla/5.0 (compatible; Let's Encrypt validation server; +https://www.letsencrypt.org  )"
176.65.148.66 - - [18/Mar/2026:07:52:29 +0800] "GET / HTTP/1.1" 200 157185 "-" "Mozilla/5.0 (compatible; Let's Encrypt validation server; +https://www.letsencrypt.org  )"
176.65.148.66 - - [18/Mar/2026:07:52:31 +0800] "HEAD /_next HTTP/1.1" 301 0 "-" "Mozilla/5.0 (compatible; Let's Encrypt validation server; +https://www.letsencrypt.org  )"
176.65.148.66 - - [18/Mar/2026:07:52:34 +0800] "POST / HTTP/1.1" 200 34808 "-" "Mozilla/5.0 (compatible; Let's Encrypt validation server; +https://www.letsencrypt.org  )"
176.65.148.66 - - [18/Mar/2026:07:52:36 +0800] "POST /_next HTTP/1.1" 404 8950 "-" "Mozilla/5.0 (compatible; Let's Encrypt validation server; +https://www.letsencrypt.org  )"
204.76.203.18 - - [18/Mar/2026:07:52:48 +0800] "GET /bins/ HTTP/1.1" 301 5 "-" "-"
36.133.115.36 - - [18/Mar/2026:08:02:02 +0800] "POST /wp-cron.php?doing_wp_cron=1773792122.4813950061798095703125 HTTP/1.1" 200 31 "-" "WordPress/6.9; http://cqqizhou.com"
103.230.15.94 - - [18/Mar/2026:08:02:02 +0800] "GET /qz_ueditor/net/imageup.ashx HTTP/1.1" 301 5 "-" "Mozilla/5.0 (Windows NT 10.0; WOW64; rv:48.0) Gecko/20100101 Firefox/48.0"
36.133.115.36 - - [18/Mar/2026:08:23:29 +0800] "POST /wp-cron.php?doing_wp_cron=1773793409.9360210895538330078125 HTTP/1.1" 200 31 "-" "WordPress/6.9; http://cqqizhou.com"
110.249.202.202 - - [18/Mar/2026:08:23:29 +0800] "GET /news/2418 HTTP/1.1" 200 23562 "-" "Mozilla/5.0 (Linux; Android 5.0) AppleWebKit/537.36 (KHTML, like Gecko) Mobile Safari/537.36 (compatible; Bytespider; https://zhanzhang.toutiao.com/)"
110.249.202.202 - - [18/Mar/2026:08:23:30 +0800] "GET /wp-content/uploads/revslider/slider-1/1750861156-logistics_Slider_3840%C3%972160_20250625191356-scaled-768x432.webp HTTP/1.1" 206 500 "http://cqqizhou.com/news/2418" "Mozilla/5.0 (Linux; Android 5.0) AppleWebKit/537.36 (KHTML, like Gecko) Mobile Safari/537.36 (compatible; Bytespider; https://zhanzhang.toutiao.com/)"
110.249.202.135 - - [18/Mar/2026:08:23:30 +0800] "GET /wp-content/uploads/2026/02/1770617948-Article_images_W900%C3%97500px-768x432.webp HTTP/1.1" 206 500 "http://cqqizhou.com/news/2418" "Mozilla/5.0 (Linux; Android 5.0) AppleWebKit/537.36 (KHTML, like Gecko) Mobile Safari/537.36 (compatible; Bytespider; https://zhanzhang.toutiao.com/)"
110.249.202.49 - - [18/Mar/2026:08:23:30 +0800] "GET /wp-content/uploads/2026/02/1770617354-Article_images_W900px-768x479.webp HTTP/1.1" 206 500 "http://cqqizhou.com/news/2418" "Mozilla/5.0 (Linux; Android 5.0) AppleWebKit/537.36 (KHTML, like Gecko) Mobile Safari/537.36 (compatible; Bytespider; https://zhanzhang.toutiao.com/)"
36.133.115.36 - - [18/Mar/2026:09:04:25 +0800] "POST /wp-cron.php?doing_wp_cron=1773795865.0611529350280761718750 HTTP/1.1" 200 31 "-" "WordPress/6.9; http://cqqizhou.com"
147.185.133.30 - - [18/Mar/2026:09:04:25 +0800] "GET / HTTP/1.1" 200 34808 "-" "Hello from Palo Alto Networks, find out more about our scans in https://docs-cortex.paloaltonetworks.com/r/1/Cortex-Xpanse/Scanning-activity"
36.133.115.36 - - [18/Mar/2026:09:10:29 +0800] "POST /wp-cron.php?doing_wp_cron=1773796229.3528079986572265625000 HTTP/1.1" 200 31 "-" "WordPress/6.9; http://cqqizhou.com"
80.248.225.154 - - [18/Mar/2026:09:10:29 +0800] "GET / HTTP/1.1" 200 34808 "-" "Mozilla/5.0 (iPhone; CPU iPhone OS 16_3 like Mac OS X) AppleWebKit/605.1.15 (KHTML, like Gecko) CriOS/122.0.6261.89 Mobile/15E148 Safari/604"
80.248.225.154 - - [18/Mar/2026:09:10:30 +0800] "GET /news/portfolio-category/hot-dip-galvanized-coil HTTP/1.1" 200 17890 "-" "Mozilla/5.0 (iPhone; CPU iPhone OS 16_3 like Mac OS X) AppleWebKit/605.1.15 (KHTML, like Gecko) CriOS/122.0.6261.89 Mobile/15E148 Safari/604"
185.6.10.201 - - [18/Mar/2026:09:10:32 +0800] "GET /news/portfolio/%e5%86%b7%e8%bd%a7%e6%9d%bf HTTP/1.1" 200 18825 "-" "Mozilla/5.0 (iPhone; CPU iPhone OS 16_3 like Mac OS X) AppleWebKit/605.1.15 (KHTML, like Gecko) CriOS/122.0.6261.89 Mobile/15E148 Safari/604"
5.133.192.173 - - [18/Mar/2026:09:10:34 +0800] "GET /news/portfolio-category/dual-phase-steel HTTP/1.1" 200 17882 "-" "Mozilla/5.0 (iPhone; CPU iPhone OS 16_3 like Mac OS X) AppleWebKit/605.1.15 (KHTML, like Gecko) CriOS/122.0.6261.89 Mobile/15E148 Safari/604"
36.133.115.36 - - [18/Mar/2026:09:14:20 +0800] "POST /wp-cron.php?doing_wp_cron=1773796460.6718089580535888671875 HTTP/1.1" 200 31 "-" "WordPress/6.9; http://cqqizhou.com"
45.156.128.41 - - [18/Mar/2026:09:14:20 +0800] "GET / HTTP/1.1" 301 5 "-" "Mozilla/5.0 AppleWebKit/537.36 (KHTML, like Gecko) Chrome/123.0.6312.86 Safari/537.36 BitSight/1.0"
45.156.128.41 - - [18/Mar/2026:09:14:23 +0800] "GET / HTTP/1.1" 200 35246 "http://36.133.115.36/" "Mozilla/5.0 AppleWebKit/537.36 (KHTML, like Gecko) Chrome/123.0.6312.86 Safari/537.36 BitSight/1.0"
51.75.236.146 - - [18/Mar/2026:09:15:26 +0800] "GET /news/2388 HTTP/1.1" 200 24603 "-" "Mozilla/5.0 (compatible; AhrefsBot/7.0; +http://ahrefs.com/robot/)"
36.133.115.36 - - [18/Mar/2026:09:16:27 +0800] "POST /wp-cron.php?doing_wp_cron=1773796587.1880838871002197265625 HTTP/1.1" 200 31 "-" "WordPress/6.9; http://cqqizhou.com"
43.157.43.147 - - [18/Mar/2026:09:16:27 +0800] "GET / HTTP/1.1" 200 34809 "-" "Mozilla/5.0 (iPhone; CPU iPhone OS 13_2_3 like Mac OS X) AppleWebKit/605.1.15 (KHTML, like Gecko) Version/13.0.3 Mobile/15E148 Safari/604.1"
180.97.39.188 - - [18/Mar/2026:09:16:49 +0800] "GET /news/2527 HTTP/1.1" 200 25086 "http://m.baidu.com/s?wd=pourpb8" "pc"
36.133.115.36 - - [18/Mar/2026:09:29:44 +0800] "POST /wp-cron.php?doing_wp_cron=1773797384.4739279747009277343750 HTTP/1.1" 200 31 "-" "WordPress/6.9; http://cqqizhou.com"
122.248.249.153 - - [18/Mar/2026:09:29:44 +0800] "GET /robots.txt HTTP/1.1" 200 190 "-" "Go-http-client/1.1"
46.203.66.11 - - [18/Mar/2026:09:29:45 +0800] "GET /wp-content/uploads/2026/02/1770617948-Article_images_W900%C3%97500px.webp HTTP/1.1" 200 38890 "-" "Mozilla/5.0 (Macintosh; Intel Mac OS X 10_15_7) AppleWebKit/537.36 (KHTML, like Gecko) Chrome/127.0.0.0 Safari/537.36 Edg/127.0.0.0"
36.133.115.36 - - [18/Mar/2026:09:41:01 +0800] "POST /wp-cron.php?doing_wp_cron=1773798061.8218030929565429687500 HTTP/1.1" 200 31 "-" "WordPress/6.9; http://cqqizhou.com"
149.86.227.60 - - [18/Mar/2026:09:41:02 +0800] "GET / HTTP/1.1" 200 157185 "-" "Mozilla/5.0"
36.133.115.36 - - [18/Mar/2026:09:43:37 +0800] "POST /wp-cron.php?doing_wp_cron=1773798217.6939709186553955078125 HTTP/1.1" 200 31 "-" "WordPress/6.9; http://cqqizhou.com"
112.124.38.136 - - [18/Mar/2026:09:43:37 +0800] "GET / HTTP/1.0" 301 0 "-" "-"
112.124.38.136 - - [18/Mar/2026:09:43:48 +0800] "GET / HTTP/1.0" 301 0 "-" "-"
112.124.38.136 - - [18/Mar/2026:09:43:48 +0800] "GET /nmaplowercheck1773798219 HTTP/1.1" 404 31365 "-" "Mozilla/5.0 (compatible; Nmap Scripting Engine; https://nmap.org/book/nse.html)"
112.124.38.136 - - [18/Mar/2026:09:43:48 +0800] "POST /sdk HTTP/1.1" 404 31365 "-" "Mozilla/5.0 (compatible; Nmap Scripting Engine; https://nmap.org/book/nse.html)"
112.124.38.136 - - [18/Mar/2026:09:43:49 +0800] "GET /HNAP1 HTTP/1.1" 404 31365 "-" "Mozilla/5.0 (compatible; Nmap Scripting Engine; https://nmap.org/book/nse.html)"
112.124.38.136 - - [18/Mar/2026:09:43:49 +0800] "GET /evox/about HTTP/1.1" 404 31365 "-" "Mozilla/5.0 (compatible; Nmap Scripting Engine; https://nmap.org/book/nse.html)"
36.133.115.36 - - [18/Mar/2026:09:44:08 +0800] "POST /wp-cron.php?doing_wp_cron=1773798248.6678400039672851562500 HTTP/1.1" 200 31 "-" "WordPress/6.9; http://cqqizhou.com"
112.124.38.136 - - [18/Mar/2026:09:44:08 +0800] "GET / HTTP/1.0" 301 0 "-" "-"
112.124.38.136 - - [18/Mar/2026:09:44:09 +0800] "GET / HTTP/1.1" 301 5 "-" "-"
36.133.115.36 - - [18/Mar/2026:10:04:36 +0800] "POST /wp-cron.php?doing_wp_cron=1773799476.0540590286254882812500 HTTP/1.1" 200 31 "-" "WordPress/6.9; http://cqqizhou.com"
203.119.241.110 - - [18/Mar/2026:10:04:36 +0800] "GET / HTTP/1.1" 301 5 "-" "Mozilla/5.0 (Windows NT 10.0; Win64; x64) AppleWebKit/537.36 (KHTML, like Gecko) Chrome/105.0.4667.34 Safari/537.36"
203.119.241.111 - - [18/Mar/2026:10:04:36 +0800] "GET / HTTP/1.1" 200 35246 "-" "Mozilla/5.0 (Windows NT 10.0; Win64; x64) AppleWebKit/537.36 (KHTML, like Gecko) Chrome/105.0.4667.34 Safari/537.36"
203.119.241.111 - - [18/Mar/2026:10:04:36 +0800] "GET / HTTP/1.1" 200 35246 "-" "Mozilla/5.0 (Windows NT 10.0; Win64; x64) AppleWebKit/537.36 (KHTML, like Gecko) Chrome/84.0.7589.50 Safari/537.36"
36.133.115.36 - - [18/Mar/2026:10:11:51 +0800] "POST /wp-cron.php?doing_wp_cron=1773799911.8771600723266601562500 HTTP/1.1" 200 31 "-" "WordPress/6.9; http://cqqizhou.com"
111.10.180.180 - - [18/Mar/2026:10:11:51 +0800] "GET /company-news HTTP/1.1" 200 25819 "https://cn.bing.com/" "Mozilla/5.0 (Windows NT 10.0; Win64; x64) AppleWebKit/537.36 (KHTML, like Gecko) Chrome/116.0.0.0 Safari/537.36 Edg/116.0.1938.69"
111.10.180.180 - - [18/Mar/2026:10:11:52 +0800] "GET /wp-content/uploads/2026/03/1773722869-1Article_images_W900px.webp HTTP/1.1" 200 28566 "http://cqqizhou.com/company-news" "Mozilla/5.0 (Windows NT 10.0; Win64; x64) AppleWebKit/537.36 (KHTML, like Gecko) Chrome/116.0.0.0 Safari/537.36 Edg/116.0.1938.69"
111.10.180.180 - - [18/Mar/2026:10:11:53 +0800] "GET /wp-content/uploads/2025/07/1753410289-News2000%C3%97400_202571.webp HTTP/1.1" 200 17830 "http://cqqizhou.com/company-news" "Mozilla/5.0 (Windows NT 10.0; Win64; x64) AppleWebKit/537.36 (KHTML, like Gecko) Chrome/116.0.0.0 Safari/537.36 Edg/116.0.1938.69"
111.10.180.180 - - [18/Mar/2026:10:11:53 +0800] "GET /wp-content/uploads/2026/03/1772790791-%E5%B0%81%E9%9D%A2%E5%A4%B4%E5%9B%BEArticle_images_W900%C3%97500px2026.webp HTTP/1.1" 200 52968 "http://cqqizhou.com/company-news" "Mozilla/5.0 (Windows NT 10.0; Win64; x64) AppleWebKit/537.36 (KHTML, like Gecko) Chrome/116.0.0.0 Safari/537.36 Edg/116.0.1938.69"
111.10.180.180 - - [18/Mar/2026:10:11:53 +0800] "GET /wp-content/uploads/2026/03/1772713922-Article_images_W900px.webp HTTP/1.1" 200 41304 "http://cqqizhou.com/company-news" "Mozilla/5.0 (Windows NT 10.0; Win64; x64) AppleWebKit/537.36 (KHTML, like Gecko) Chrome/116.0.0.0 Safari/537.36 Edg/116.0.1938.69"
111.10.180.180 - - [18/Mar/2026:10:11:54 +0800] "GET /wp-content/uploads/2026/02/1772086672-%E5%BC%80%E5%B7%A5%E5%A4%A7%E5%90%89%E5%B0%81%E9%9D%A2%E5%A4%B4%E5%9B%BEArticle_images_W900%C3%97500px.webp HTTP/1.1" 200 99110 "http://cqqizhou.com/company-news" "Mozilla/5.0 (Windows NT 10.0; Win64; x64) AppleWebKit/537.36 (KHTML, like Gecko) Chrome/116.0.0.0 Safari/537.36 Edg/116.0.1938.69"
111.10.180.180 - - [18/Mar/2026:10:11:54 +0800] "GET /wp-content/uploads/2025/07/1753454299-Article_images_W900px.webp HTTP/1.1" 200 52418 "http://cqqizhou.com/company-news" "Mozilla/5.0 (Windows NT 10.0; Win64; x64) AppleWebKit/537.36 (KHTML, like Gecko) Chrome/116.0.0.0 Safari/537.36 Edg/116.0.1938.69"
111.10.180.180 - - [18/Mar/2026:10:11:54 +0800] "GET /wp-content/uploads/2026/02/1770341652-2026251Article_images_W900%C3%97500px.webp HTTP/1.1" 200 43300 "http://cqqizhou.com/company-news" "Mozilla/5.0 (Windows NT 10.0; Win64; x64) AppleWebKit/537.36 (KHTML, like Gecko) Chrome/116.0.0.0 Safari/537.36 Edg/116.0.1938.69"
111.10.180.180 - - [18/Mar/2026:10:11:54 +0800] "GET /wp-content/uploads/2026/01/1769511379-Article_images_W900%C3%97500px202601271.webp HTTP/1.1" 200 67912 "http://cqqizhou.com/company-news" "Mozilla/5.0 (Windows NT 10.0; Win64; x64) AppleWebKit/537.36 (KHTML, like Gecko) Chrome/116.0.0.0 Safari/537.36 Edg/116.0.1938.69"
111.10.180.180 - - [18/Mar/2026:10:11:54 +0800] "GET /wp-content/uploads/2026/01/1768527483-Article_images_W900%C3%97500px202601161.webp HTTP/1.1" 200 33780 "http://cqqizhou.com/company-news" "Mozilla/5.0 (Windows NT 10.0; Win64; x64) AppleWebKit/537.36 (KHTML, like Gecko) Chrome/116.0.0.0 Safari/537.36 Edg/116.0.1938.69"
111.10.180.180 - - [18/Mar/2026:10:11:54 +0800] "GET /wp-content/uploads/2025/12/1766647832-Article_images_W900%C3%97500px20251225.webp HTTP/1.1" 200 44582 "http://cqqizhou.com/company-news" "Mozilla/5.0 (Windows NT 10.0; Win64; x64) AppleWebKit/537.36 (KHTML, like Gecko) Chrome/116.0.0.0 Safari/537.36 Edg/116.0.1938.69"
111.10.180.180 - - [18/Mar/2026:10:11:54 +0800] "GET /wp-content/uploads/2025/12/1766064629-Article_images_20251218212623.webp HTTP/1.1" 200 20366 "http://cqqizhou.com/company-news" "Mozilla/5.0 (Windows NT 10.0; Win64; x64) AppleWebKit/537.36 (KHTML, like Gecko) Chrome/116.0.0.0 Safari/537.36 Edg/116.0.1938.69"
111.10.180.180 - - [18/Mar/2026:10:11:54 +0800] "GET /wp-content/uploads/2025/07/1751425283-qizhou.kf_.qq_.com_.webp HTTP/1.1" 200 16864 "http://cqqizhou.com/company-news" "Mozilla/5.0 (Windows NT 10.0; Win64; x64) AppleWebKit/537.36 (KHTML, like Gecko) Chrome/116.0.0.0 Safari/537.36 Edg/116.0.1938.69"
111.10.180.180 - - [18/Mar/2026:10:12:28 +0800] "GET / HTTP/1.1" 200 35246 "http://cqqizhou.com/company-news" "Mozilla/5.0 (Windows NT 10.0; Win64; x64) AppleWebKit/537.36 (KHTML, like Gecko) Chrome/116.0.0.0 Safari/537.36 Edg/116.0.1938.69"
111.10.180.180 - - [18/Mar/2026:10:12:31 +0800] "GET /wp-content/uploads/2025/12/1765268955-qizhou_Slider1_3840%C3%972160_20251210-scaled.webp HTTP/1.1" 200 152162 "http://cqqizhou.com/" "Mozilla/5.0 (Windows NT 10.0; Win64; x64) AppleWebKit/537.36 (KHTML, like Gecko) Chrome/116.0.0.0 Safari/537.36 Edg/116.0.1938.69"
111.10.180.180 - - [18/Mar/2026:10:12:31 +0800] "GET /wp-content/uploads/revslider/slider-1/1750861156-logistics_Slider_3840%C3%972160_20250625191356-scaled-50x100.webp HTTP/1.1" 200 1416 "http://cqqizhou.com/" "Mozilla/5.0 (Windows NT 10.0; Win64; x64) AppleWebKit/537.36 (KHTML, like Gecko) Chrome/116.0.0.0 Safari/537.36 Edg/116.0.1938.69"
111.10.180.180 - - [18/Mar/2026:10:12:31 +0800] "GET /wp-content/uploads/2026/01/1768276119-qizhoujiagong_Slider_3840%C3%972160_20260113-scaled-50x100.webp HTTP/1.1" 200 976 "http://cqqizhou.com/" "Mozilla/5.0 (Windows NT 10.0; Win64; x64) AppleWebKit/537.36 (KHTML, like Gecko) Chrome/116.0.0.0 Safari/537.36 Edg/116.0.1938.69"
111.10.180.180 - - [18/Mar/2026:10:12:31 +0800] "GET /wp-content/uploads/2025/07/1753453096-%E5%8F%8C%E7%9B%B8%E9%92%A2product_Single600%C3%97284.webp HTTP/1.1" 200 14562 "http://cqqizhou.com/" "Mozilla/5.0 (Windows NT 10.0; Win64; x64) AppleWebKit/537.36 (KHTML, like Gecko) Chrome/116.0.0.0 Safari/537.36 Edg/116.0.1938.69"
111.10.180.180 - - [18/Mar/2026:10:12:31 +0800] "GET /wp-content/uploads/2025/07/1753456723-%E5%8F%8C%E7%9B%B8%E9%92%A2roduct_Single600.webp HTTP/1.1" 200 22790 "http://cqqizhou.com/" "Mozilla/5.0 (Windows NT 10.0; Win64; x64) AppleWebKit/537.36 (KHTML, like Gecko) Chrome/116.0.0.0 Safari/537.36 Edg/116.0.1938.69"
111.10.180.180 - - [18/Mar/2026:10:12:31 +0800] "GET /wp-content/uploads/2025/07/1753453127-%E4%BD%99%E5%8D%B7product_Single600%C3%97284.webp HTTP/1.1" 200 18744 "http://cqqizhou.com/" "Mozilla/5.0 (Windows NT 10.0; Win64; x64) AppleWebKit/537.36 (KHTML, like Gecko) Chrome/116.0.0.0 Safari/537.36 Edg/116.0.1938.69"
111.10.180.180 - - [18/Mar/2026:10:12:31 +0800] "GET /wp-content/uploads/2025/07/1753456770-%E7%83%AD%E9%95%80%E9%94%8C%E5%8D%B7product_Single600.webp HTTP/1.1" 200 27502 "http://cqqizhou.com/" "Mozilla/5.0 (Windows NT 10.0; Win64; x64) AppleWebKit/537.36 (KHTML, like Gecko) Chrome/116.0.0.0 Safari/537.36 Edg/116.0.1938.69"
36.133.115.36 - - [18/Mar/2026:10:12:32 +0800] "POST /wp-cron.php?doing_wp_cron=1773799952.1007339954376220703125 HTTP/1.1" 200 31 "-" "WordPress/6.9; http://cqqizhou.com"
111.10.180.180 - - [18/Mar/2026:10:12:32 +0800] "GET /wp-json/sliderrevolution/sliders/1?srengine=7&slideid=4 HTTP/1.1" 200 2580 "http://cqqizhou.com/" "Mozilla/5.0 (Windows NT 10.0; Win64; x64) AppleWebKit/537.36 (KHTML, like Gecko) Chrome/116.0.0.0 Safari/537.36 Edg/116.0.1938.69"
111.10.180.180 - - [18/Mar/2026:10:12:32 +0800] "GET /wp-json/sliderrevolution/sliders/1?srengine=7&slideid=2 HTTP/1.1" 200 2000 "http://cqqizhou.com/" "Mozilla/5.0 (Windows NT 10.0; Win64; x64) AppleWebKit/537.36 (KHTML, like Gecko) Chrome/116.0.0.0 Safari/537.36 Edg/116.0.1938.69"
111.10.180.180 - - [18/Mar/2026:10:12:32 +0800] "GET /wp-content/uploads/2026/01/1768276119-qizhoujiagong_Slider_3840%C3%972160_20260113-scaled.webp HTTP/1.1" 200 131696 "http://cqqizhou.com/" "Mozilla/5.0 (Windows NT 10.0; Win64; x64) AppleWebKit/537.36 (KHTML, like Gecko) Chrome/116.0.0.0 Safari/537.36 Edg/116.0.1938.69"
111.10.180.180 - - [18/Mar/2026:10:12:32 +0800] "GET /wp-content/uploads/revslider/slider-1/1750861156-logistics_Slider_3840%C3%972160_20250625191356-scaled.webp HTTP/1.1" 200 197360 "http://cqqizhou.com/" "Mozilla/5.0 (Windows NT 10.0; Win64; x64) AppleWebKit/537.36 (KHTML, like Gecko) Chrome/116.0.0.0 Safari/537.36 Edg/116.0.1938.69"
111.10.180.180 - - [18/Mar/2026:10:12:34 +0800] "GET /wp-content/uploads/2025/07/1750174127-Marketing1920x800_3.webp HTTP/1.1" 200 52790 "http://cqqizhou.com/wp-content/uploads/elementor/css/post-1666.css?ver=1773725585" "Mozilla/5.0 (Windows NT 10.0; Win64; x64) AppleWebKit/537.36 (KHTML, like Gecko) Chrome/116.0.0.0 Safari/537.36 Edg/116.0.1938.69"
111.10.180.180 - - [18/Mar/2026:10:12:54 +0800] "GET /wp-content/uploads/2025/07/1751829454-Smart-warehousing800x500.webp HTTP/1.1" 200 79504 "http://cqqizhou.com/wp-content/uploads/elementor/css/post-1666.css?ver=1773725585" "Mozilla/5.0 (Windows NT 10.0; Win64; x64) AppleWebKit/537.36 (KHTML, like Gecko) Chrome/116.0.0.0 Safari/537.36 Edg/116.0.1938.69"
111.10.180.180 - - [18/Mar/2026:10:12:54 +0800] "GET /wp-content/uploads/2025/07/1751988544-Logistics-delivery_images_W900%C3%97300.webp HTTP/1.1" 200 26142 "http://cqqizhou.com/wp-content/uploads/elementor/css/post-1666.css?ver=1773725585" "Mozilla/5.0 (Windows NT 10.0; Win64; x64) AppleWebKit/537.36 (KHTML, like Gecko) Chrome/116.0.0.0 Safari/537.36 Edg/116.0.1938.69"
111.10.180.180 - - [18/Mar/2026:10:13:08 +0800] "GET /wp-content/uploads/2025/12/1765268955-qizhou_Slider1_3840%C3%972160_20251210-scaled-50x100.webp HTTP/1.1" 200 1812 "http://cqqizhou.com/" "Mozilla/5.0 (Windows NT 10.0; Win64; x64) AppleWebKit/537.36 (KHTML, like Gecko) Chrome/116.0.0.0 Safari/537.36 Edg/116.0.1938.69"
36.133.115.36 - - [18/Mar/2026:10:13:11 +0800] "POST /wp-cron.php?doing_wp_cron=1773799991.0246489048004150390625 HTTP/1.1" 200 31 "-" "WordPress/6.9; http://cqqizhou.com"
111.10.180.180 - - [18/Mar/2026:10:13:11 +0800] "GET /about HTTP/1.1" 200 24488 "http://cqqizhou.com/" "Mozilla/5.0 (Windows NT 10.0; Win64; x64) AppleWebKit/537.36 (KHTML, like Gecko) Chrome/116.0.0.0 Safari/537.36 Edg/116.0.1938.69"
111.10.180.180 - - [18/Mar/2026:10:13:11 +0800] "GET /wp-content/uploads/2025/07/1750649803-qizhou800x500_2.webp HTTP/1.1" 200 63616 "http://cqqizhou.com/about" "Mozilla/5.0 (Windows NT 10.0; Win64; x64) AppleWebKit/537.36 (KHTML, like Gecko) Chrome/116.0.0.0 Safari/537.36 Edg/116.0.1938.69"
111.10.180.180 - - [18/Mar/2026:10:13:11 +0800] "GET /wp-content/uploads/2025/07/1750945417-honor300%C3%97206_1.webp HTTP/1.1" 200 57666 "http://cqqizhou.com/about" "Mozilla/5.0 (Windows NT 10.0; Win64; x64) AppleWebKit/537.36 (KHTML, like Gecko) Chrome/116.0.0.0 Safari/537.36 Edg/116.0.1938.69"
111.10.180.180 - - [18/Mar/2026:10:13:11 +0800] "GET /wp-content/uploads/2025/07/1750671801-partner2_200x50.webp HTTP/1.1" 200 3946 "http://cqqizhou.com/about" "Mozilla/5.0 (Windows NT 10.0; Win64; x64) AppleWebKit/537.36 (KHTML, like Gecko) Chrome/116.0.0.0 Safari/537.36 Edg/116.0.1938.69"
111.10.180.180 - - [18/Mar/2026:10:13:11 +0800] "GET /wp-content/uploads/2025/07/1750945444-honor300%C3%97206_2.webp HTTP/1.1" 200 71296 "http://cqqizhou.com/about" "Mozilla/5.0 (Windows NT 10.0; Win64; x64) AppleWebKit/537.36 (KHTML, like Gecko) Chrome/116.0.0.0 Safari/537.36 Edg/116.0.1938.69"
111.10.180.180 - - [18/Mar/2026:10:13:11 +0800] "GET /wp-content/uploads/2025/07/1750671800-partner1_200x50.webp HTTP/1.1" 200 2244 "http://cqqizhou.com/about" "Mozilla/5.0 (Windows NT 10.0; Win64; x64) AppleWebKit/537.36 (KHTML, like Gecko) Chrome/116.0.0.0 Safari/537.36 Edg/116.0.1938.69"
111.10.180.180 - - [18/Mar/2026:10:13:11 +0800] "GET /wp-content/uploads/2025/07/1750671803-partner3_200x50.webp HTTP/1.1" 200 4414 "http://cqqizhou.com/about" "Mozilla/5.0 (Windows NT 10.0; Win64; x64) AppleWebKit/537.36 (KHTML, like Gecko) Chrome/116.0.0.0 Safari/537.36 Edg/116.0.1938.69"
111.10.180.180 - - [18/Mar/2026:10:13:11 +0800] "GET /wp-content/uploads/2025/07/1750671805-partner4_200x50.webp HTTP/1.1" 200 2390 "http://cqqizhou.com/about" "Mozilla/5.0 (Windows NT 10.0; Win64; x64) AppleWebKit/537.36 (KHTML, like Gecko) Chrome/116.0.0.0 Safari/537.36 Edg/116.0.1938.69"
111.10.180.180 - - [18/Mar/2026:10:13:11 +0800] "GET /wp-content/uploads/2025/07/1750671806-partner5_200x50.webp HTTP/1.1" 200 2840 "http://cqqizhou.com/about" "Mozilla/5.0 (Windows NT 10.0; Win64; x64) AppleWebKit/537.36 (KHTML, like Gecko) Chrome/116.0.0.0 Safari/537.36 Edg/116.0.1938.69"
111.10.180.180 - - [18/Mar/2026:10:13:11 +0800] "GET /wp-content/uploads/2025/07/1750671808-partner6_200x50.webp HTTP/1.1" 200 3004 "http://cqqizhou.com/about" "Mozilla/5.0 (Windows NT 10.0; Win64; x64) AppleWebKit/537.36 (KHTML, like Gecko) Chrome/116.0.0.0 Safari/537.36 Edg/116.0.1938.69"
111.10.180.180 - - [18/Mar/2026:10:13:11 +0800] "GET /wp-content/uploads/2025/06/1750755307-qizhoucangku2000x400_2025624.webp HTTP/1.1" 200 45470 "http://cqqizhou.com/about" "Mozilla/5.0 (Windows NT 10.0; Win64; x64) AppleWebKit/537.36 (KHTML, like Gecko) Chrome/116.0.0.0 Safari/537.36 Edg/116.0.1938.69"
111.10.180.180 - - [18/Mar/2026:10:13:11 +0800] "GET /wp-content/uploads/elementor/thumbs/1751373145-About_Qizhoudalou_W800px-r91b70ok8huvvdr4ynxnf302e8ie3iydlh6ag9ew82.webp HTTP/1.1" 200 37938 "http://cqqizhou.com/about" "Mozilla/5.0 (Windows NT 10.0; Win64; x64) AppleWebKit/537.36 (KHTML, like Gecko) Chrome/116.0.0.0 Safari/537.36 Edg/116.0.1938.69"
111.10.180.180 - - [18/Mar/2026:10:13:11 +0800] "GET /wp-content/uploads/elementor/thumbs/1751209300-Hello-Qizhou3-r91b71mdtei8mab1rr8x739cnvi1mafuaga3vbed3o.webp HTTP/1.1" 200 39120 "http://cqqizhou.com/about" "Mozilla/5.0 (Windows NT 10.0; Win64; x64) AppleWebKit/537.36 (KHTML, like Gecko) Chrome/116.0.0.0 Safari/537.36 Edg/116.0.1938.69"
111.10.180.180 - - [18/Mar/2026:10:13:12 +0800] "GET /wp-content/uploads/2025/07/1750649183-qizhou1920x1080_2.webp HTTP/1.1" 200 267936 "http://cqqizhou.com/about" "Mozilla/5.0 (Windows NT 10.0; Win64; x64) AppleWebKit/537.36 (KHTML, like Gecko) Chrome/116.0.0.0 Safari/537.36 Edg/116.0.1938.69"
111.10.180.180 - - [18/Mar/2026:10:13:12 +0800] "GET /wp-content/uploads/2025/07/1750649197-qizhou1920x1080_6.webp HTTP/1.1" 200 150354 "http://cqqizhou.com/about" "Mozilla/5.0 (Windows NT 10.0; Win64; x64) AppleWebKit/537.36 (KHTML, like Gecko) Chrome/116.0.0.0 Safari/537.36 Edg/116.0.1938.69"
