111.10.180.180 - - [18/Mar/2026:10:13:12 +0800] "GET /wp-content/uploads/2025/07/1750649193-qizhou1920x1080_5.webp HTTP/1.1" 200 110214 "http://cqqizhou.com/about" "Mozilla/5.0 (Windows NT 10.0; Win64; x64) AppleWebKit/537.36 (KHTML, like Gecko) Chrome/116.0.0.0 Safari/537.36 Edg/116.0.1938.69"
111.10.180.180 - - [18/Mar/2026:10:13:12 +0800] "GET /wp-content/uploads/2025/07/1750649179-qizhou1920x1080_1.webp HTTP/1.1" 200 172154 "http://cqqizhou.com/about" "Mozilla/5.0 (Windows NT 10.0; Win64; x64) AppleWebKit/537.36 (KHTML, like Gecko) Chrome/116.0.0.0 Safari/537.36 Edg/116.0.1938.69"
111.10.180.180 - - [18/Mar/2026:10:13:12 +0800] "GET /wp-content/uploads/2025/07/1750649186-qizhou1920x1080_3.webp HTTP/1.1" 200 134070 "http://cqqizhou.com/about" "Mozilla/5.0 (Windows NT 10.0; Win64; x64) AppleWebKit/537.36 (KHTML, like Gecko) Chrome/116.0.0.0 Safari/537.36 Edg/116.0.1938.69"
111.10.180.180 - - [18/Mar/2026:10:13:12 +0800] "GET /wp-content/uploads/2025/07/1750649189-qizhou1920x1080_4.webp HTTP/1.1" 200 174962 "http://cqqizhou.com/about" "Mozilla/5.0 (Windows NT 10.0; Win64; x64) AppleWebKit/537.36 (KHTML, like Gecko) Chrome/116.0.0.0 Safari/537.36 Edg/116.0.1938.69"
111.10.180.180 - - [18/Mar/2026:10:13:12 +0800] "GET /wp-content/uploads/2025/07/1750649200-qizhou1920x1080_7.webp HTTP/1.1" 200 238866 "http://cqqizhou.com/about" "Mozilla/5.0 (Windows NT 10.0; Win64; x64) AppleWebKit/537.36 (KHTML, like Gecko) Chrome/116.0.0.0 Safari/537.36 Edg/116.0.1938.69"
111.10.180.180 - - [18/Mar/2026:10:13:12 +0800] "GET /wp-content/uploads/2025/07/1750649203-qizhou1920x1080_8.webp HTTP/1.1" 200 256782 "http://cqqizhou.com/about" "Mozilla/5.0 (Windows NT 10.0; Win64; x64) AppleWebKit/537.36 (KHTML, like Gecko) Chrome/116.0.0.0 Safari/537.36 Edg/116.0.1938.69"
111.10.180.180 - - [18/Mar/2026:10:13:12 +0800] "GET /wp-content/uploads/2025/07/1750649207-qizhou1920x1080_9.webp HTTP/1.1" 200 146108 "http://cqqizhou.com/about" "Mozilla/5.0 (Windows NT 10.0; Win64; x64) AppleWebKit/537.36 (KHTML, like Gecko) Chrome/116.0.0.0 Safari/537.36 Edg/116.0.1938.69"
111.10.180.180 - - [18/Mar/2026:10:13:12 +0800] "GET /wp-content/uploads/2025/07/1750649215-qizhou1920x1080_11.webp HTTP/1.1" 200 171642 "http://cqqizhou.com/about" "Mozilla/5.0 (Windows NT 10.0; Win64; x64) AppleWebKit/537.36 (KHTML, like Gecko) Chrome/116.0.0.0 Safari/537.36 Edg/116.0.1938.69"
111.10.180.180 - - [18/Mar/2026:10:13:12 +0800] "GET /wp-content/uploads/2025/07/1750649212-qizhou1920x1080_10.webp HTTP/1.1" 200 143362 "http://cqqizhou.com/about" "Mozilla/5.0 (Windows NT 10.0; Win64; x64) AppleWebKit/537.36 (KHTML, like Gecko) Chrome/116.0.0.0 Safari/537.36 Edg/116.0.1938.69"
111.10.180.180 - - [18/Mar/2026:10:13:14 +0800] "GET /wp-content/uploads/2025/07/1750945514-honor300%C3%97206_3.webp HTTP/1.1" 200 74124 "http://cqqizhou.com/about" "Mozilla/5.0 (Windows NT 10.0; Win64; x64) AppleWebKit/537.36 (KHTML, like Gecko) Chrome/116.0.0.0 Safari/537.36 Edg/116.0.1938.69"
111.10.180.180 - - [18/Mar/2026:10:13:14 +0800] "GET /wp-content/uploads/2025/07/1750945616-honor300%C3%97206_4.webp HTTP/1.1" 200 33814 "http://cqqizhou.com/about" "Mozilla/5.0 (Windows NT 10.0; Win64; x64) AppleWebKit/537.36 (KHTML, like Gecko) Chrome/116.0.0.0 Safari/537.36 Edg/116.0.1938.69"
111.10.180.180 - - [18/Mar/2026:10:13:14 +0800] "GET /wp-content/uploads/2025/07/1750945650-honor300%C3%97206_6.webp HTTP/1.1" 200 66306 "http://cqqizhou.com/about" "Mozilla/5.0 (Windows NT 10.0; Win64; x64) AppleWebKit/537.36 (KHTML, like Gecko) Chrome/116.0.0.0 Safari/537.36 Edg/116.0.1938.69"
111.10.180.180 - - [18/Mar/2026:10:13:14 +0800] "GET /wp-content/uploads/2025/07/1750945637-honor300%C3%97206_5.webp HTTP/1.1" 200 77368 "http://cqqizhou.com/about" "Mozilla/5.0 (Windows NT 10.0; Win64; x64) AppleWebKit/537.36 (KHTML, like Gecko) Chrome/116.0.0.0 Safari/537.36 Edg/116.0.1938.69"
111.10.180.180 - - [18/Mar/2026:10:13:33 +0800] "GET /wp-content/uploads/2025/07/1750656103-Visionr2000x800_20250623131702.webp HTTP/1.1" 200 57650 "http://cqqizhou.com/wp-content/uploads/elementor/css/post-1849.css?ver=1773749912" "Mozilla/5.0 (Windows NT 10.0; Win64; x64) AppleWebKit/537.36 (KHTML, like Gecko) Chrome/116.0.0.0 Safari/537.36 Edg/116.0.1938.69"
111.10.180.180 - - [18/Mar/2026:10:13:48 +0800] "GET /services HTTP/1.1" 200 26210 "http://cqqizhou.com/about" "Mozilla/5.0 (Windows NT 10.0; Win64; x64) AppleWebKit/537.36 (KHTML, like Gecko) Chrome/116.0.0.0 Safari/537.36 Edg/116.0.1938.69"
111.10.180.180 - - [18/Mar/2026:10:13:48 +0800] "GET /wp-content/uploads/2025/07/1751829518-Precision-processing-services800x500.webp HTTP/1.1" 200 28964 "http://cqqizhou.com/services" "Mozilla/5.0 (Windows NT 10.0; Win64; x64) AppleWebKit/537.36 (KHTML, like Gecko) Chrome/116.0.0.0 Safari/537.36 Edg/116.0.1938.69"
111.10.180.180 - - [18/Mar/2026:10:13:48 +0800] "GET /wp-content/uploads/2025/12/1764853157-ISO3-214x300.webp HTTP/1.1" 200 13896 "http://cqqizhou.com/services" "Mozilla/5.0 (Windows NT 10.0; Win64; x64) AppleWebKit/537.36 (KHTML, like Gecko) Chrome/116.0.0.0 Safari/537.36 Edg/116.0.1938.69"
111.10.180.180 - - [18/Mar/2026:10:13:48 +0800] "GET /wp-content/uploads/2025/12/1764853155-ISO2-214x300.webp HTTP/1.1" 200 12682 "http://cqqizhou.com/services" "Mozilla/5.0 (Windows NT 10.0; Win64; x64) AppleWebKit/537.36 (KHTML, like Gecko) Chrome/116.0.0.0 Safari/537.36 Edg/116.0.1938.69"
111.10.180.180 - - [18/Mar/2026:10:13:49 +0800] "GET /wp-content/uploads/2025/12/1764853152-ISO1-214x300.webp HTTP/1.1" 200 13812 "http://cqqizhou.com/services" "Mozilla/5.0 (Windows NT 10.0; Win64; x64) AppleWebKit/537.36 (KHTML, like Gecko) Chrome/116.0.0.0 Safari/537.36 Edg/116.0.1938.69"
111.10.180.180 - - [18/Mar/2026:10:13:51 +0800] "GET /wp-content/uploads/2025/07/1753405252-Services_Banner2000%C3%97400px2.webp HTTP/1.1" 200 23730 "http://cqqizhou.com/wp-content/uploads/elementor/css/post-1659.css?ver=1773749947" "Mozilla/5.0 (Windows NT 10.0; Win64; x64) AppleWebKit/537.36 (KHTML, like Gecko) Chrome/116.0.0.0 Safari/537.36 Edg/116.0.1938.69"
111.10.180.180 - - [18/Mar/2026:10:14:01 +0800] "GET /wp-content/uploads/2025/12/1765265398-qizhou_Slider_3840%C3%972160_20251209-scaled.webp HTTP/1.1" 200 175208 "http://cqqizhou.com/wp-content/uploads/elementor/css/post-1659.css?ver=1773749947" "Mozilla/5.0 (Windows NT 10.0; Win64; x64) AppleWebKit/537.36 (KHTML, like Gecko) Chrome/116.0.0.0 Safari/537.36 Edg/116.0.1938.69"
111.10.180.180 - - [18/Mar/2026:10:14:04 +0800] "GET /logistics HTTP/1.1" 200 25702 "http://cqqizhou.com/services" "Mozilla/5.0 (Windows NT 10.0; Win64; x64) AppleWebKit/537.36 (KHTML, like Gecko) Chrome/116.0.0.0 Safari/537.36 Edg/116.0.1938.69"
111.10.180.180 - - [18/Mar/2026:10:14:04 +0800] "GET /wp-content/uploads/2026/01/1767696142-aojiaqiao20260104.webp HTTP/1.1" 200 184988 "http://cqqizhou.com/logistics" "Mozilla/5.0 (Windows NT 10.0; Win64; x64) AppleWebKit/537.36 (KHTML, like Gecko) Chrome/116.0.0.0 Safari/537.36 Edg/116.0.1938.69"
111.10.180.180 - - [18/Mar/2026:10:14:04 +0800] "GET /wp-content/uploads/2026/01/1767696162-qizhoutruck3.webp HTTP/1.1" 200 19026 "http://cqqizhou.com/logistics" "Mozilla/5.0 (Windows NT 10.0; Win64; x64) AppleWebKit/537.36 (KHTML, like Gecko) Chrome/116.0.0.0 Safari/537.36 Edg/116.0.1938.69"
111.10.180.180 - - [18/Mar/2026:10:14:05 +0800] "GET /wp-content/uploads/2025/12/1765862012-DSC20251216131140.webp HTTP/1.1" 200 78744 "http://cqqizhou.com/logistics" "Mozilla/5.0 (Windows NT 10.0; Win64; x64) AppleWebKit/537.36 (KHTML, like Gecko) Chrome/116.0.0.0 Safari/537.36 Edg/116.0.1938.69"
111.10.180.180 - - [18/Mar/2026:10:14:05 +0800] "GET /wp-content/uploads/2025/11/1762864381-QZ_Photo-7.webp HTTP/1.1" 200 129922 "http://cqqizhou.com/logistics" "Mozilla/5.0 (Windows NT 10.0; Win64; x64) AppleWebKit/537.36 (KHTML, like Gecko) Chrome/116.0.0.0 Safari/537.36 Edg/116.0.1938.69"
111.10.180.180 - - [18/Mar/2026:10:14:05 +0800] "GET /wp-content/uploads/logistics/Conatiner-5.webp HTTP/1.1" 200 63396 "http://cqqizhou.com/logistics" "Mozilla/5.0 (Windows NT 10.0; Win64; x64) AppleWebKit/537.36 (KHTML, like Gecko) Chrome/116.0.0.0 Safari/537.36 Edg/116.0.1938.69"
111.10.180.180 - - [18/Mar/2026:10:14:05 +0800] "GET /wp-json/contact-form-7/v1/contact-forms/1444/feedback/schema HTTP/1.1" 200 270 "http://cqqizhou.com/logistics" "Mozilla/5.0 (Windows NT 10.0; Win64; x64) AppleWebKit/537.36 (KHTML, like Gecko) Chrome/116.0.0.0 Safari/537.36 Edg/116.0.1938.69"
111.10.180.180 - - [18/Mar/2026:10:14:05 +0800] "GET /wp-json/contact-form-7/v1/contact-forms/1444/refill HTTP/1.1" 200 33 "http://cqqizhou.com/logistics" "Mozilla/5.0 (Windows NT 10.0; Win64; x64) AppleWebKit/537.36 (KHTML, like Gecko) Chrome/116.0.0.0 Safari/537.36 Edg/116.0.1938.69"
36.133.115.36 - - [18/Mar/2026:10:14:16 +0800] "POST /wp-cron.php?doing_wp_cron=1773800056.8133449554443359375000 HTTP/1.1" 200 31 "-" "WordPress/6.9; http://cqqizhou.com"
111.10.180.180 - - [18/Mar/2026:10:14:16 +0800] "GET /media HTTP/1.1" 200 26460 "http://cqqizhou.com/logistics" "Mozilla/5.0 (Windows NT 10.0; Win64; x64) AppleWebKit/537.36 (KHTML, like Gecko) Chrome/116.0.0.0 Safari/537.36 Edg/116.0.1938.69"
111.10.180.180 - - [18/Mar/2026:10:14:16 +0800] "GET /wp-content/uploads/2026/02/1772086672-%E5%BC%80%E5%B7%A5%E5%A4%A7%E5%90%89%E5%B0%81%E9%9D%A2%E5%A4%B4%E5%9B%BEArticle_images_W900%C3%97500px-300x167.webp HTTP/1.1" 200 21246 "http://cqqizhou.com/media" "Mozilla/5.0 (Windows NT 10.0; Win64; x64) AppleWebKit/537.36 (KHTML, like Gecko) Chrome/116.0.0.0 Safari/537.36 Edg/116.0.1938.69"
111.10.180.180 - - [18/Mar/2026:10:14:16 +0800] "GET /wp-content/uploads/2026/03/1773722869-1Article_images_W900px-300x169.webp HTTP/1.1" 200 8634 "http://cqqizhou.com/media" "Mozilla/5.0 (Windows NT 10.0; Win64; x64) AppleWebKit/537.36 (KHTML, like Gecko) Chrome/116.0.0.0 Safari/537.36 Edg/116.0.1938.69"
111.10.180.180 - - [18/Mar/2026:10:14:16 +0800] "GET /wp-content/uploads/2026/03/1772790791-%E5%B0%81%E9%9D%A2%E5%A4%B4%E5%9B%BEArticle_images_W900%C3%97500px2026-300x167.webp HTTP/1.1" 200 14144 "http://cqqizhou.com/media" "Mozilla/5.0 (Windows NT 10.0; Win64; x64) AppleWebKit/537.36 (KHTML, like Gecko) Chrome/116.0.0.0 Safari/537.36 Edg/116.0.1938.69"
111.10.180.180 - - [18/Mar/2026:10:14:16 +0800] "GET /wp-content/uploads/2026/03/1772713922-Article_images_W900px-300x167.webp HTTP/1.1" 200 10326 "http://cqqizhou.com/media" "Mozilla/5.0 (Windows NT 10.0; Win64; x64) AppleWebKit/537.36 (KHTML, like Gecko) Chrome/116.0.0.0 Safari/537.36 Edg/116.0.1938.69"
111.10.180.180 - - [18/Mar/2026:10:14:17 +0800] "GET /wp-content/uploads/media/qizhou_Brochure.webp HTTP/1.1" 200 26142 "http://cqqizhou.com/media" "Mozilla/5.0 (Windows NT 10.0; Win64; x64) AppleWebKit/537.36 (KHTML, like Gecko) Chrome/116.0.0.0 Safari/537.36 Edg/116.0.1938.69"
111.10.180.180 - - [18/Mar/2026:10:14:53 +0800] "GET /wp-json/sliderrevolution/sliders/1?srengine=7&slideid=2 HTTP/1.1" 200 2000 "http://cqqizhou.com/" "Mozilla/5.0 (Windows NT 10.0; Win64; x64) AppleWebKit/537.36 (KHTML, like Gecko) Chrome/116.0.0.0 Safari/537.36 Edg/116.0.1938.69"
111.10.180.180 - - [18/Mar/2026:10:14:53 +0800] "GET /wp-json/sliderrevolution/sliders/1?srengine=7&slideid=4 HTTP/1.1" 200 2580 "http://cqqizhou.com/" "Mozilla/5.0 (Windows NT 10.0; Win64; x64) AppleWebKit/537.36 (KHTML, like Gecko) Chrome/116.0.0.0 Safari/537.36 Edg/116.0.1938.69"
216.244.66.245 - - [18/Mar/2026:10:14:55 +0800] "GET /robots.txt HTTP/1.1" 200 390 "-" "Mozilla/5.0 (compatible; DotBot/1.2; +https://opensiteexplorer.org/dotbot; help@moz.com)"
111.10.180.180 - - [18/Mar/2026:10:19:22 +0800] "GET /about HTTP/1.1" 304 0 "http://cqqizhou.com/" "Mozilla/5.0 (Windows NT 10.0; Win64; x64) AppleWebKit/537.36 (KHTML, like Gecko) Chrome/116.0.0.0 Safari/537.36 Edg/116.0.1938.69"
36.133.115.36 - - [18/Mar/2026:10:20:00 +0800] "POST /wp-cron.php?doing_wp_cron=1773800400.3435609340667724609375 HTTP/1.1" 200 31 "-" "WordPress/6.9; http://cqqizhou.com"
216.244.66.245 - - [18/Mar/2026:10:20:00 +0800] "GET /company-news/page/2 HTTP/1.1" 200 93738 "-" "Mozilla/5.0 (compatible; DotBot/1.2; +https://opensiteexplorer.org/dotbot; help@moz.com)"
111.10.180.180 - - [18/Mar/2026:10:20:04 +0800] "GET /wp-json/sliderrevolution/sliders/1?srengine=7&slideid=2 HTTP/1.1" 200 2000 "http://cqqizhou.com/" "Mozilla/5.0 (Windows NT 10.0; Win64; x64) AppleWebKit/537.36 (KHTML, like Gecko) Chrome/116.0.0.0 Safari/537.36 Edg/116.0.1938.69"
111.10.180.180 - - [18/Mar/2026:10:20:04 +0800] "GET /wp-json/sliderrevolution/sliders/1?srengine=7&slideid=4 HTTP/1.1" 200 2580 "http://cqqizhou.com/" "Mozilla/5.0 (Windows NT 10.0; Win64; x64) AppleWebKit/537.36 (KHTML, like Gecko) Chrome/116.0.0.0 Safari/537.36 Edg/116.0.1938.69"
180.163.30.27 - - [18/Mar/2026:10:22:12 +0800] "GET /company-news HTTP/1.1" 200 25838 "-" "Mozilla/5.0 (Windows NT 10.0; Win64; x64) AppleWebKit/537.36 (KHTML, like Gecko) Chrome/135.0.0.0 Safari/537.36"
111.10.180.180 - - [18/Mar/2026:10:22:53 +0800] "GET /about HTTP/1.1" 304 0 "http://cqqizhou.com/" "Mozilla/5.0 (Windows NT 10.0; Win64; x64) AppleWebKit/537.36 (KHTML, like Gecko) Chrome/116.0.0.0 Safari/537.36 Edg/116.0.1938.69"
180.163.28.180 - - [18/Mar/2026:10:22:57 +0800] "GET / HTTP/1.1" 200 35246 "-" "Mozilla/5.0 (Macintosh; Intel Mac OS X 10_15_7) AppleWebKit/537.36 (KHTML, like Gecko) Chrome/134.0.0.0 Safari/537.36"
180.163.28.180 - - [18/Mar/2026:10:23:26 +0800] "GET /about HTTP/1.1" 200 24505 "-" "Mozilla/5.0 (Macintosh; Intel Mac OS X 10_15_7) AppleWebKit/537.36 (KHTML, like Gecko) Chrome/134.0.0.0 Safari/537.36"
180.163.30.85 - - [18/Mar/2026:10:24:28 +0800] "GET /services HTTP/1.1" 200 26231 "-" "Mozilla/5.0 (Windows NT 10.0; Win64; x64) AppleWebKit/537.36 (KHTML, like Gecko) Chrome/135.0.0.0 Safari/537.36"
111.10.180.180 - - [18/Mar/2026:10:24:39 +0800] "GET /wp-json/sliderrevolution/sliders/1?srengine=7&slideid=4 HTTP/1.1" 200 2580 "http://cqqizhou.com/" "Mozilla/5.0 (Windows NT 10.0; Win64; x64) AppleWebKit/537.36 (KHTML, like Gecko) Chrome/116.0.0.0 Safari/537.36 Edg/116.0.1938.69"
36.133.115.36 - - [18/Mar/2026:10:24:39 +0800] "POST /wp-cron.php?doing_wp_cron=1773800679.3021759986877441406250 HTTP/1.1" 200 31 "-" "WordPress/6.9; http://cqqizhou.com"
111.10.180.180 - - [18/Mar/2026:10:24:39 +0800] "GET /wp-json/sliderrevolution/sliders/1?srengine=7&slideid=2 HTTP/1.1" 200 2000 "http://cqqizhou.com/" "Mozilla/5.0 (Windows NT 10.0; Win64; x64) AppleWebKit/537.36 (KHTML, like Gecko) Chrome/116.0.0.0 Safari/537.36 Edg/116.0.1938.69"
180.163.30.27 - - [18/Mar/2026:10:24:56 +0800] "GET /media HTTP/1.1" 200 26480 "-" "Mozilla/5.0 (Windows NT 10.0; Win64; x64) AppleWebKit/537.36 (KHTML, like Gecko) Chrome/135.0.0.0 Safari/537.36"
111.10.180.180 - - [18/Mar/2026:10:26:11 +0800] "GET /about HTTP/1.1" 304 0 "http://cqqizhou.com/" "Mozilla/5.0 (Windows NT 10.0; Win64; x64) AppleWebKit/537.36 (KHTML, like Gecko) Chrome/116.0.0.0 Safari/537.36 Edg/116.0.1938.69"
36.133.115.36 - - [18/Mar/2026:10:26:28 +0800] "POST /wp-cron.php?doing_wp_cron=1773800788.8904139995574951171875 HTTP/1.1" 200 31 "-" "WordPress/6.9; http://cqqizhou.com"
110.249.201.67 - - [18/Mar/2026:10:26:28 +0800] "GET /robots.txt HTTP/1.1" 200 190 "-" "Mozilla/5.0 (Linux; Android 5.0) AppleWebKit/537.36 (KHTML, like Gecko) Mobile Safari/537.36 (compatible; Bytespider; https://zhanzhang.toutiao.com/)"
216.244.66.245 - - [18/Mar/2026:10:37:52 +0800] "GET /company-news/page/2 HTTP/1.1" 200 93765 "-" "Mozilla/5.0 (compatible; DotBot/1.2; +https://opensiteexplorer.org/dotbot; help@moz.com)"
111.10.180.180 - - [18/Mar/2026:10:39:52 +0800] "GET /wp-json/sliderrevolution/sliders/1?srengine=7&slideid=2 HTTP/1.1" 200 2000 "http://cqqizhou.com/" "Mozilla/5.0 (Windows NT 10.0; Win64; x64) AppleWebKit/537.36 (KHTML, like Gecko) Chrome/116.0.0.0 Safari/537.36 Edg/116.0.1938.69"
36.133.115.36 - - [18/Mar/2026:10:39:52 +0800] "POST /wp-cron.php?doing_wp_cron=1773801592.4560999870300292968750 HTTP/1.1" 200 31 "-" "WordPress/6.9; http://cqqizhou.com"
111.10.180.180 - - [18/Mar/2026:10:39:52 +0800] "GET /wp-json/sliderrevolution/sliders/1?srengine=7&slideid=4 HTTP/1.1" 200 2580 "http://cqqizhou.com/" "Mozilla/5.0 (Windows NT 10.0; Win64; x64) AppleWebKit/537.36 (KHTML, like Gecko) Chrome/116.0.0.0 Safari/537.36 Edg/116.0.1938.69"
111.10.180.180 - - [18/Mar/2026:10:40:05 +0800] "GET /services/ HTTP/1.1" 301 5 "http://cqqizhou.com/" "Mozilla/5.0 (Windows NT 10.0; Win64; x64) AppleWebKit/537.36 (KHTML, like Gecko) Chrome/116.0.0.0 Safari/537.36 Edg/116.0.1938.69"
111.10.180.180 - - [18/Mar/2026:10:40:05 +0800] "GET /services HTTP/1.1" 304 0 "http://cqqizhou.com/" "Mozilla/5.0 (Windows NT 10.0; Win64; x64) AppleWebKit/537.36 (KHTML, like Gecko) Chrome/116.0.0.0 Safari/537.36 Edg/116.0.1938.69"
111.10.180.180 - - [18/Mar/2026:10:40:11 +0800] "GET /wp-json/sliderrevolution/sliders/1?srengine=7&slideid=2 HTTP/1.1" 200 2000 "http://cqqizhou.com/" "Mozilla/5.0 (Windows NT 10.0; Win64; x64) AppleWebKit/537.36 (KHTML, like Gecko) Chrome/116.0.0.0 Safari/537.36 Edg/116.0.1938.69"
36.133.115.36 - - [18/Mar/2026:10:40:11 +0800] "POST /wp-cron.php?doing_wp_cron=1773801611.4828190803527832031250 HTTP/1.1" 200 31 "-" "WordPress/6.9; http://cqqizhou.com"
111.10.180.180 - - [18/Mar/2026:10:40:11 +0800] "GET /wp-json/sliderrevolution/sliders/1?srengine=7&slideid=4 HTTP/1.1" 200 2580 "http://cqqizhou.com/" "Mozilla/5.0 (Windows NT 10.0; Win64; x64) AppleWebKit/537.36 (KHTML, like Gecko) Chrome/116.0.0.0 Safari/537.36 Edg/116.0.1938.69"
36.133.115.36 - - [18/Mar/2026:10:44:36 +0800] "POST /wp-cron.php?doing_wp_cron=1773801876.9404649734497070312500 HTTP/1.1" 200 31 "-" "WordPress/6.9; http://cqqizhou.com"
217.76.52.30 - - [18/Mar/2026:10:44:36 +0800] "GET / HTTP/1.1" 301 5 "-" "Go-http-client/1.1"
217.76.52.30 - - [18/Mar/2026:10:44:41 +0800] "GET / HTTP/1.1" 200 35246 "http://36.133.115.36" "Go-http-client/1.1"
111.10.180.180 - - [18/Mar/2026:10:45:46 +0800] "GET /wp-json/sliderrevolution/sliders/1?srengine=7&slideid=4 HTTP/1.1" 200 2580 "http://cqqizhou.com/" "Mozilla/5.0 (Windows NT 10.0; Win64; x64) AppleWebKit/537.36 (KHTML, like Gecko) Chrome/116.0.0.0 Safari/537.36 Edg/116.0.1938.69"
36.133.115.36 - - [18/Mar/2026:10:45:46 +0800] "POST /wp-cron.php?doing_wp_cron=1773801946.5049231052398681640625 HTTP/1.1" 200 31 "-" "WordPress/6.9; http://cqqizhou.com"
111.10.180.180 - - [18/Mar/2026:10:45:46 +0800] "GET /wp-json/sliderrevolution/sliders/1?srengine=7&slideid=2 HTTP/1.1" 200 2000 "http://cqqizhou.com/" "Mozilla/5.0 (Windows NT 10.0; Win64; x64) AppleWebKit/537.36 (KHTML, like Gecko) Chrome/116.0.0.0 Safari/537.36 Edg/116.0.1938.69"
204.76.203.18 - - [18/Mar/2026:10:46:01 +0800] "GET /bin/ HTTP/1.1" 301 5 "-" "-"
204.76.203.18 - - [18/Mar/2026:10:46:03 +0800] "GET /bin/ HTTP/1.1" 301 5 "-" "-"
111.10.180.180 - - [18/Mar/2026:10:47:50 +0800] "GET /material.html HTTP/1.1" 200 6459 "http://cqqizhou.com/" "Mozilla/5.0 (Windows NT 10.0; Win64; x64) AppleWebKit/537.36 (KHTML, like Gecko) Chrome/116.0.0.0 Safari/537.36 Edg/116.0.1938.69"
111.10.180.180 - - [18/Mar/2026:10:48:07 +0800] "GET /wp-content/uploads/2026/01/1768526063-Services800x500_3.webp HTTP/1.1" 200 31620 "http://cqqizhou.com/wp-content/uploads/elementor/css/post-1666.css?ver=1773725585" "Mozilla/5.0 (Windows NT 10.0; Win64; x64) AppleWebKit/537.36 (KHTML, like Gecko) Chrome/116.0.0.0 Safari/537.36 Edg/116.0.1938.69"
111.10.180.180 - - [18/Mar/2026:10:48:29 +0800] "GET /news/portfolio/hot-dip-galvanized-coil HTTP/1.1" 200 22419 "http://cqqizhou.com/" "Mozilla/5.0 (Windows NT 10.0; Win64; x64) AppleWebKit/537.36 (KHTML, like Gecko) Chrome/116.0.0.0 Safari/537.36 Edg/116.0.1938.69"
111.10.180.180 - - [18/Mar/2026:10:48:29 +0800] "GET /wp-content/uploads/2025/07/1753456770-%E7%83%AD%E9%95%80%E9%94%8C%E5%8D%B7product_Single600-300x300.webp HTTP/1.1" 200 15134 "http://cqqizhou.com/news/portfolio/hot-dip-galvanized-coil" "Mozilla/5.0 (Windows NT 10.0; Win64; x64) AppleWebKit/537.36 (KHTML, like Gecko) Chrome/116.0.0.0 Safari/537.36 Edg/116.0.1938.69"
111.10.180.180 - - [18/Mar/2026:10:48:29 +0800] "GET /wp-content/uploads/2025/07/1753453127-%E4%BD%99%E5%8D%B7product_Single600%C3%97284-150x150.webp HTTP/1.1" 200 5480 "http://cqqizhou.com/news/portfolio/hot-dip-galvanized-coil" "Mozilla/5.0 (Windows NT 10.0; Win64; x64) AppleWebKit/537.36 (KHTML, like Gecko) Chrome/116.0.0.0 Safari/537.36 Edg/116.0.1938.69"
111.10.180.180 - - [18/Mar/2026:10:48:29 +0800] "GET /wp-content/uploads/2025/07/1753453096-%E5%8F%8C%E7%9B%B8%E9%92%A2product_Single600%C3%97284-150x150.webp HTTP/1.1" 200 3528 "http://cqqizhou.com/news/portfolio/hot-dip-galvanized-coil" "Mozilla/5.0 (Windows NT 10.0; Win64; x64) AppleWebKit/537.36 (KHTML, like Gecko) Chrome/116.0.0.0 Safari/537.36 Edg/116.0.1938.69"
36.133.115.36 - - [18/Mar/2026:11:06:21 +0800] "POST /wp-cron.php?doing_wp_cron=1773803181.2233600616455078125000 HTTP/1.1" 200 31 "-" "WordPress/6.9; http://cqqizhou.com"
162.62.213.187 - - [18/Mar/2026:11:06:21 +0800] "GET / HTTP/1.1" 301 5 "-" "Mozilla/5.0 (iPhone; CPU iPhone OS 13_2_3 like Mac OS X) AppleWebKit/605.1.15 (KHTML, like Gecko) Version/13.0.3 Mobile/15E148 Safari/604.1"
162.62.213.187 - - [18/Mar/2026:11:06:23 +0800] "GET / HTTP/1.1" 200 34809 "http://36.133.115.36" "Mozilla/5.0 (iPhone; CPU iPhone OS 13_2_3 like Mac OS X) AppleWebKit/605.1.15 (KHTML, like Gecko) Version/13.0.3 Mobile/15E148 Safari/604.1"
216.26.250.54 - - [18/Mar/2026:11:10:05 +0800] "GET /contacts HTTP/1.1" 200 21775 "-" "Mozilla/5.0 (Macintosh; Intel Mac OS X 12_5) AppleWebKit/537.36 (KHTML, like Gecko) Chrome/114.0.0.0 Safari/537.36 Edg/114.0.1264.71"
36.133.115.36 - - [18/Mar/2026:11:10:10 +0800] "POST /wp-cron.php?doing_wp_cron=1773803410.2769050598144531250000 HTTP/1.1" 200 31 "-" "WordPress/6.9; http://cqqizhou.com"
216.26.250.54 - - [18/Mar/2026:11:10:10 +0800] "POST /wp-json/contact-form-7/v1/contact-forms/158/feedback HTTP/1.1" 200 219 "http://cqqizhou.com/contacts" "Mozilla/5.0 (Macintosh; Intel Mac OS X 12_5) AppleWebKit/537.36 (KHTML, like Gecko) Chrome/114.0.0.0 Safari/537.36 Edg/114.0.1264.71"
36.133.115.36 - - [18/Mar/2026:11:13:52 +0800] "POST /wp-cron.php?doing_wp_cron=1773803632.3958010673522949218750 HTTP/1.1" 200 31 "-" "WordPress/6.9; http://cqqizhou.com"
111.10.180.180 - - [18/Mar/2026:11:13:52 +0800] "GET /news/2514 HTTP/1.1" 200 19959 "http://cqqizhou.com/" "Mozilla/5.0 (Windows NT 10.0; Win64; x64) AppleWebKit/537.36 (KHTML, like Gecko) Chrome/116.0.0.0 Safari/537.36 Edg/116.0.1938.69"
111.10.180.180 - - [18/Mar/2026:11:13:52 +0800] "GET /wp-content/uploads/2026/02/1769999335-17.5%E7%B1%B3%E5%B9%B3%E6%9D%BF%E8%B4%A7%E8%BD%A6.webp HTTP/1.1" 200 56978 "http://cqqizhou.com/news/2514" "Mozilla/5.0 (Windows NT 10.0; Win64; x64) AppleWebKit/537.36 (KHTML, like Gecko) Chrome/116.0.0.0 Safari/537.36 Edg/116.0.1938.69"
180.163.30.85 - - [18/Mar/2026:11:15:39 +0800] "GET / HTTP/1.1" 200 35246 "-" "Mozilla/5.0 (Windows NT 10.0; Win64; x64) AppleWebKit/537.36 (KHTML, like Gecko) Chrome/135.0.0.0 Safari/537.36"
111.10.180.180 - - [18/Mar/2026:11:15:55 +0800] "GET /services HTTP/1.1" 304 0 "http://cqqizhou.com/" "Mozilla/5.0 (Windows NT 10.0; Win64; x64) AppleWebKit/537.36 (KHTML, like Gecko) Chrome/116.0.0.0 Safari/537.36 Edg/116.0.1938.69"
36.133.115.36 - - [18/Mar/2026:11:16:09 +0800] "POST /wp-cron.php?doing_wp_cron=1773803769.2469899654388427734375 HTTP/1.1" 200 31 "-" "WordPress/6.9; http://cqqizhou.com"
111.10.180.180 - - [18/Mar/2026:11:16:09 +0800] "GET /wp-json/contact-form-7/v1/contact-forms/1444/feedback/schema HTTP/1.1" 200 270 "http://cqqizhou.com/logistics" "Mozilla/5.0 (Windows NT 10.0; Win64; x64) AppleWebKit/537.36 (KHTML, like Gecko) Chrome/116.0.0.0 Safari/537.36 Edg/116.0.1938.69"
111.10.180.180 - - [18/Mar/2026:11:16:09 +0800] "GET /wp-json/contact-form-7/v1/contact-forms/1444/refill HTTP/1.1" 200 33 "http://cqqizhou.com/logistics" "Mozilla/5.0 (Windows NT 10.0; Win64; x64) AppleWebKit/537.36 (KHTML, like Gecko) Chrome/116.0.0.0 Safari/537.36 Edg/116.0.1938.69"
111.10.180.180 - - [18/Mar/2026:11:18:23 +0800] "GET /wp-json/sliderrevolution/sliders/1?srengine=7&slideid=2 HTTP/1.1" 200 2000 "http://cqqizhou.com/" "Mozilla/5.0 (Windows NT 10.0; Win64; x64) AppleWebKit/537.36 (KHTML, like Gecko) Chrome/116.0.0.0 Safari/537.36 Edg/116.0.1938.69"
36.133.115.36 - - [18/Mar/2026:11:18:23 +0800] "POST /wp-cron.php?doing_wp_cron=1773803903.9081389904022216796875 HTTP/1.1" 200 31 "-" "WordPress/6.9; http://cqqizhou.com"
111.10.180.180 - - [18/Mar/2026:11:18:23 +0800] "GET /wp-json/sliderrevolution/sliders/1?srengine=7&slideid=4 HTTP/1.1" 200 2580 "http://cqqizhou.com/" "Mozilla/5.0 (Windows NT 10.0; Win64; x64) AppleWebKit/537.36 (KHTML, like Gecko) Chrome/116.0.0.0 Safari/537.36 Edg/116.0.1938.69"
111.10.180.180 - - [18/Mar/2026:11:19:47 +0800] "GET /about HTTP/1.1" 304 0 "http://cqqizhou.com/" "Mozilla/5.0 (Windows NT 10.0; Win64; x64) AppleWebKit/537.36 (KHTML, like Gecko) Chrome/116.0.0.0 Safari/537.36 Edg/116.0.1938.69"
110.249.202.91 - - [18/Mar/2026:11:22:47 +0800] "GET /wp-content/uploads/2026/01/1768527485-Article_images_W900%C3%97500px202601164.webp HTTP/1.1" 200 52448 "http://cqqizhou.com/news/2440" "Mozilla/5.0 (Linux; Android 5.0) AppleWebKit/537.36 (KHTML, like Gecko) Mobile Safari/537.36 (compatible; Bytespider; https://zhanzhang.toutiao.com/)"
111.10.180.180 - - [18/Mar/2026:11:24:55 +0800] "GET /services HTTP/1.1" 304 0 "http://cqqizhou.com/about" "Mozilla/5.0 (Windows NT 10.0; Win64; x64) AppleWebKit/537.36 (KHTML, like Gecko) Chrome/116.0.0.0 Safari/537.36 Edg/116.0.1938.69"
36.133.115.36 - - [18/Mar/2026:11:24:59 +0800] "POST /wp-cron.php?doing_wp_cron=1773804299.9182269573211669921875 HTTP/1.1" 200 31 "-" "WordPress/6.9; http://cqqizhou.com"
111.10.180.180 - - [18/Mar/2026:11:24:59 +0800] "GET /2388/ HTTP/1.1" 301 5 "http://cqqizhou.com/services" "Mozilla/5.0 (Windows NT 10.0; Win64; x64) AppleWebKit/537.36 (KHTML, like Gecko) Chrome/116.0.0.0 Safari/537.36 Edg/116.0.1938.69"
111.10.180.180 - - [18/Mar/2026:11:24:59 +0800] "GET /news/2388 HTTP/1.1" 200 24603 "http://cqqizhou.com/services" "Mozilla/5.0 (Windows NT 10.0; Win64; x64) AppleWebKit/537.36 (KHTML, like Gecko) Chrome/116.0.0.0 Safari/537.36 Edg/116.0.1938.69"
111.10.180.180 - - [18/Mar/2026:11:25:00 +0800] "GET /wp-content/uploads/2025/12/1766647829-Article_images_202512251.webp HTTP/1.1" 200 53246 "http://cqqizhou.com/news/2388" "Mozilla/5.0 (Windows NT 10.0; Win64; x64) AppleWebKit/537.36 (KHTML, like Gecko) Chrome/116.0.0.0 Safari/537.36 Edg/116.0.1938.69"
111.10.180.180 - - [18/Mar/2026:11:25:00 +0800] "GET /wp-content/uploads/2025/12/1766647831-Article_images_202512254.webp HTTP/1.1" 200 55610 "http://cqqizhou.com/news/2388" "Mozilla/5.0 (Windows NT 10.0; Win64; x64) AppleWebKit/537.36 (KHTML, like Gecko) Chrome/116.0.0.0 Safari/537.36 Edg/116.0.1938.69"
111.10.180.180 - - [18/Mar/2026:11:25:00 +0800] "GET /wp-content/uploads/2025/12/1766647831-Article_images_202512253.webp HTTP/1.1" 200 115480 "http://cqqizhou.com/news/2388" "Mozilla/5.0 (Windows NT 10.0; Win64; x64) AppleWebKit/537.36 (KHTML, like Gecko) Chrome/116.0.0.0 Safari/537.36 Edg/116.0.1938.69"
111.10.180.180 - - [18/Mar/2026:11:25:01 +0800] "GET /wp-content/uploads/2025/12/1766647830-Article_images_202512252.webp HTTP/1.1" 200 84832 "http://cqqizhou.com/news/2388" "Mozilla/5.0 (Windows NT 10.0; Win64; x64) AppleWebKit/537.36 (KHTML, like Gecko) Chrome/116.0.0.0 Safari/537.36 Edg/116.0.1938.69"
180.163.28.180 - - [18/Mar/2026:11:27:25 +0800] "GET /news/2388 HTTP/1.1" 200 24603 "-" "Mozilla/5.0 (Macintosh; Intel Mac OS X 10_15_7) AppleWebKit/537.36 (KHTML, like Gecko) Chrome/134.0.0.0 Safari/537.36"
111.10.180.180 - - [18/Mar/2026:11:28:31 +0800] "GET /wp-json/contact-form-7/v1/contact-forms/1444/feedback/schema HTTP/1.1" 200 270 "http://cqqizhou.com/logistics" "Mozilla/5.0 (Windows NT 10.0; Win64; x64) AppleWebKit/537.36 (KHTML, like Gecko) Chrome/116.0.0.0 Safari/537.36 Edg/116.0.1938.69"
36.133.115.36 - - [18/Mar/2026:11:28:31 +0800] "POST /wp-cron.php?doing_wp_cron=1773804511.2365150451660156250000 HTTP/1.1" 200 31 "-" "WordPress/6.9; http://cqqizhou.com"
111.10.180.180 - - [18/Mar/2026:11:28:31 +0800] "GET /wp-json/contact-form-7/v1/contact-forms/1444/refill HTTP/1.1" 200 33 "http://cqqizhou.com/logistics" "Mozilla/5.0 (Windows NT 10.0; Win64; x64) AppleWebKit/537.36 (KHTML, like Gecko) Chrome/116.0.0.0 Safari/537.36 Edg/116.0.1938.69"
111.10.180.180 - - [18/Mar/2026:11:29:13 +0800] "GET /wp-content/uploads/2026/02/1770009968-9.6%E7%B1%B3%E4%BD%8E%E6%A0%8F%E5%B9%B3%E6%9D%BF%E8%B4%A7%E8%BD%A6.webp HTTP/1.1" 200 56690 "http://cqqizhou.com/logistics" "Mozilla/5.0 (Windows NT 10.0; Win64; x64) AppleWebKit/537.36 (KHTML, like Gecko) Chrome/116.0.0.0 Safari/537.36 Edg/116.0.1938.69"
111.10.180.180 - - [18/Mar/2026:11:29:13 +0800] "GET /wp-content/uploads/2026/02/1769999241-4.2%E7%B1%B3%E9%AB%98%E6%A0%8F%E8%B4%A7%E8%BD%A6.webp HTTP/1.1" 200 54794 "http://cqqizhou.com/logistics" "Mozilla/5.0 (Windows NT 10.0; Win64; x64) AppleWebKit/537.36 (KHTML, like Gecko) Chrome/116.0.0.0 Safari/537.36 Edg/116.0.1938.69"
111.10.180.180 - - [18/Mar/2026:11:29:25 +0800] "GET /wp-content/uploads/2026/01/1767618076-Logistics_BG2508.webp HTTP/1.1" 200 94788 "http://cqqizhou.com/wp-content/uploads/elementor/css/post-1959.css?ver=1773729159" "Mozilla/5.0 (Windows NT 10.0; Win64; x64) AppleWebKit/537.36 (KHTML, like Gecko) Chrome/116.0.0.0 Safari/537.36 Edg/116.0.1938.69"
36.133.115.36 - - [18/Mar/2026:11:29:29 +0800] "POST /wp-cron.php?doing_wp_cron=1773804569.2940421104431152343750 HTTP/1.1" 200 31 "-" "WordPress/6.9; http://cqqizhou.com"
205.169.39.11 - - [18/Mar/2026:11:29:29 +0800] "GET / HTTP/1.1" 301 5 "-" "Mozilla/5.0 (Windows NT 10.0; Win64; x64) AppleWebKit/537.36 (KHTML, like Gecko) Chrome/117.0.5938.132 Safari/537.36"
205.169.39.11 - - [18/Mar/2026:11:29:30 +0800] "GET / HTTP/1.1" 200 35246 "-" "Mozilla/5.0 (Windows NT 10.0; Win64; x64) AppleWebKit/537.36 (KHTML, like Gecko) Chrome/117.0.5938.132 Safari/537.36"
205.169.39.11 - - [18/Mar/2026:11:29:31 +0800] "GET /wp-content/uploads/2025/07/1751425283-qizhou.kf_.qq_.com_.webp HTTP/1.1" 200 16864 "http://cqqizhou.com/" "Mozilla/5.0 (Windows NT 10.0; Win64; x64) AppleWebKit/537.36 (KHTML, like Gecko) Chrome/117.0.5938.132 Safari/537.36"
205.169.39.11 - - [18/Mar/2026:11:29:33 +0800] "GET /wp-content/uploads/2025/07/1750174127-Marketing1920x800_3.webp HTTP/1.1" 200 52790 "http://cqqizhou.com/wp-content/uploads/elementor/css/post-1666.css?ver=1773725585" "Mozilla/5.0 (Windows NT 10.0; Win64; x64) AppleWebKit/537.36 (KHTML, like Gecko) Chrome/117.0.5938.132 Safari/537.36"
205.169.39.11 - - [18/Mar/2026:11:29:34 +0800] "GET /wp-content/uploads/2026/03/1773722869-1Article_images_W900px.webp HTTP/1.1" 200 28566 "http://cqqizhou.com/" "Mozilla/5.0 (Windows NT 10.0; Win64; x64) AppleWebKit/537.36 (KHTML, like Gecko) Chrome/117.0.5938.132 Safari/537.36"
205.169.39.11 - - [18/Mar/2026:11:29:34 +0800] "GET /wp-content/uploads/2025/07/1753454299-Article_images_W900px.webp HTTP/1.1" 200 52418 "http://cqqizhou.com/" "Mozilla/5.0 (Windows NT 10.0; Win64; x64) AppleWebKit/537.36 (KHTML, like Gecko) Chrome/117.0.5938.132 Safari/537.36"
205.169.39.11 - - [18/Mar/2026:11:29:34 +0800] "GET /wp-content/uploads/2026/03/1772790791-%E5%B0%81%E9%9D%A2%E5%A4%B4%E5%9B%BEArticle_images_W900%C3%97500px2026.webp HTTP/1.1" 200 52968 "http://cqqizhou.com/" "Mozilla/5.0 (Windows NT 10.0; Win64; x64) AppleWebKit/537.36 (KHTML, like Gecko) Chrome/117.0.5938.132 Safari/537.36"
205.169.39.11 - - [18/Mar/2026:11:29:34 +0800] "GET /wp-content/uploads/2025/07/1753456723-%E5%8F%8C%E7%9B%B8%E9%92%A2roduct_Single600.webp HTTP/1.1" 200 22790 "http://cqqizhou.com/" "Mozilla/5.0 (Windows NT 10.0; Win64; x64) AppleWebKit/537.36 (KHTML, like Gecko) Chrome/117.0.5938.132 Safari/537.36"
205.169.39.11 - - [18/Mar/2026:11:29:34 +0800] "GET /wp-content/uploads/2026/03/1772713922-Article_images_W900px.webp HTTP/1.1" 200 41304 "http://cqqizhou.com/" "Mozilla/5.0 (Windows NT 10.0; Win64; x64) AppleWebKit/537.36 (KHTML, like Gecko) Chrome/117.0.5938.132 Safari/537.36"
205.169.39.11 - - [18/Mar/2026:11:29:34 +0800] "GET /wp-content/uploads/2025/07/1753453096-%E5%8F%8C%E7%9B%B8%E9%92%A2product_Single600%C3%97284.webp HTTP/1.1" 200 14562 "http://cqqizhou.com/" "Mozilla/5.0 (Windows NT 10.0; Win64; x64) AppleWebKit/537.36 (KHTML, like Gecko) Chrome/117.0.5938.132 Safari/537.36"
205.169.39.11 - - [18/Mar/2026:11:29:34 +0800] "GET /wp-content/uploads/2025/07/1753456770-%E7%83%AD%E9%95%80%E9%94%8C%E5%8D%B7product_Single600.webp HTTP/1.1" 200 27502 "http://cqqizhou.com/" "Mozilla/5.0 (Windows NT 10.0; Win64; x64) AppleWebKit/537.36 (KHTML, like Gecko) Chrome/117.0.5938.132 Safari/537.36"
205.169.39.11 - - [18/Mar/2026:11:29:35 +0800] "GET /wp-content/uploads/2025/07/1753453127-%E4%BD%99%E5%8D%B7product_Single600%C3%97284.webp HTTP/1.1" 200 18744 "http://cqqizhou.com/" "Mozilla/5.0 (Windows NT 10.0; Win64; x64) AppleWebKit/537.36 (KHTML, like Gecko) Chrome/117.0.5938.132 Safari/537.36"
205.169.39.11 - - [18/Mar/2026:11:29:35 +0800] "GET /wp-content/uploads/2026/02/1772086672-%E5%BC%80%E5%B7%A5%E5%A4%A7%E5%90%89%E5%B0%81%E9%9D%A2%E5%A4%B4%E5%9B%BEArticle_images_W900%C3%97500px.webp HTTP/1.1" 200 99110 "http://cqqizhou.com/" "Mozilla/5.0 (Windows NT 10.0; Win64; x64) AppleWebKit/537.36 (KHTML, like Gecko) Chrome/117.0.5938.132 Safari/537.36"
205.169.39.11 - - [18/Mar/2026:11:29:35 +0800] "GET /wp-content/uploads/2025/12/1765268955-qizhou_Slider1_3840%C3%972160_20251210-scaled.webp HTTP/1.1" 200 152162 "http://cqqizhou.com/" "Mozilla/5.0 (Windows NT 10.0; Win64; x64) AppleWebKit/537.36 (KHTML, like Gecko) Chrome/117.0.5938.132 Safari/537.36"
205.169.39.11 - - [18/Mar/2026:11:29:37 +0800] "GET /wp-content/uploads/revslider/slider-1/1750861156-logistics_Slider_3840%C3%972160_20250625191356-scaled-50x100.webp HTTP/1.1" 200 1416 "http://cqqizhou.com/" "Mozilla/5.0 (Windows NT 10.0; Win64; x64) AppleWebKit/537.36 (KHTML, like Gecko) Chrome/117.0.5938.132 Safari/537.36"
205.169.39.11 - - [18/Mar/2026:11:29:37 +0800] "GET /wp-content/uploads/2026/01/1768276119-qizhoujiagong_Slider_3840%C3%972160_20260113-scaled-50x100.webp HTTP/1.1" 200 976 "http://cqqizhou.com/" "Mozilla/5.0 (Windows NT 10.0; Win64; x64) AppleWebKit/537.36 (KHTML, like Gecko) Chrome/117.0.5938.132 Safari/537.36"
205.169.39.11 - - [18/Mar/2026:11:29:37 +0800] "GET /wp-content/uploads/revslider/slider-1/1750861156-logistics_Slider_3840%C3%972160_20250625191356-scaled-50x100.webp HTTP/1.1" 200 1416 "http://cqqizhou.com/" "Mozilla/5.0 (Windows NT 10.0; Win64; x64) AppleWebKit/537.36 (KHTML, like Gecko) Chrome/117.0.5938.132 Safari/537.36"
205.169.39.11 - - [18/Mar/2026:11:29:37 +0800] "GET /wp-content/uploads/2026/01/1768276119-qizhoujiagong_Slider_3840%C3%972160_20260113-scaled-50x100.webp HTTP/1.1" 200 976 "http://cqqizhou.com/" "Mozilla/5.0 (Windows NT 10.0; Win64; x64) AppleWebKit/537.36 (KHTML, like Gecko) Chrome/117.0.5938.132 Safari/537.36"
205.169.39.11 - - [18/Mar/2026:11:29:37 +0800] "GET /wp-json/sliderrevolution/sliders/1?srengine=7&slideid=2 HTTP/1.1" 200 2000 "http://cqqizhou.com/" "Mozilla/5.0 (Windows NT 10.0; Win64; x64) AppleWebKit/537.36 (KHTML, like Gecko) Chrome/117.0.5938.132 Safari/537.36"
205.169.39.11 - - [18/Mar/2026:11:29:37 +0800] "GET /wp-json/sliderrevolution/sliders/1?srengine=7&slideid=4 HTTP/1.1" 200 2580 "http://cqqizhou.com/" "Mozilla/5.0 (Windows NT 10.0; Win64; x64) AppleWebKit/537.36 (KHTML, like Gecko) Chrome/117.0.5938.132 Safari/537.36"
205.169.39.11 - - [18/Mar/2026:11:29:38 +0800] "GET /wp-content/uploads/revslider/slider-1/1750861156-logistics_Slider_3840%C3%972160_20250625191356-scaled.webp HTTP/1.1" 200 197360 "http://cqqizhou.com/" "Mozilla/5.0 (Windows NT 10.0; Win64; x64) AppleWebKit/537.36 (KHTML, like Gecko) Chrome/117.0.5938.132 Safari/537.36"
205.169.39.11 - - [18/Mar/2026:11:29:39 +0800] "GET /wp-content/uploads/2026/01/1768276119-qizhoujiagong_Slider_3840%C3%972160_20260113-scaled.webp HTTP/1.1" 200 131696 "http://cqqizhou.com/" "Mozilla/5.0 (Windows NT 10.0; Win64; x64) AppleWebKit/537.36 (KHTML, like Gecko) Chrome/117.0.5938.132 Safari/537.36"
111.10.180.180 - - [18/Mar/2026:11:29:51 +0800] "GET /news HTTP/1.1" 200 25844 "http://cqqizhou.com/logistics" "Mozilla/5.0 (Windows NT 10.0; Win64; x64) AppleWebKit/537.36 (KHTML, like Gecko) Chrome/116.0.0.0 Safari/537.36 Edg/116.0.1938.69"
111.10.180.180 - - [18/Mar/2026:11:29:52 +0800] "GET /wp-content/uploads/2026/02/1770617354-Article_images_W900px.webp HTTP/1.1" 200 13634 "http://cqqizhou.com/news" "Mozilla/5.0 (Windows NT 10.0; Win64; x64) AppleWebKit/537.36 (KHTML, like Gecko) Chrome/116.0.0.0 Safari/537.36 Edg/116.0.1938.69"
111.10.180.180 - - [18/Mar/2026:11:29:52 +0800] "GET /wp-content/uploads/2026/02/1770617948-Article_images_W900%C3%97500px.webp HTTP/1.1" 200 38890 "http://cqqizhou.com/news" "Mozilla/5.0 (Windows NT 10.0; Win64; x64) AppleWebKit/537.36 (KHTML, like Gecko) Chrome/116.0.0.0 Safari/537.36 Edg/116.0.1938.69"
111.10.180.180 - - [18/Mar/2026:11:29:52 +0800] "GET /wp-content/uploads/2026/01/1770349139-202624Article_images_W900%C3%97500px20260-.webp HTTP/1.1" 200 58006 "http://cqqizhou.com/news" "Mozilla/5.0 (Windows NT 10.0; Win64; x64) AppleWebKit/537.36 (KHTML, like Gecko) Chrome/116.0.0.0 Safari/537.36 Edg/116.0.1938.69"
111.10.180.180 - - [18/Mar/2026:11:30:05 +0800] "GET /wp-json/contact-form-7/v1/contact-forms/1444/feedback/schema HTTP/1.1" 200 270 "http://cqqizhou.com/logistics" "Mozilla/5.0 (Windows NT 10.0; Win64; x64) AppleWebKit/537.36 (KHTML, like Gecko) Chrome/116.0.0.0 Safari/537.36 Edg/116.0.1938.69"
111.10.180.180 - - [18/Mar/2026:11:30:05 +0800] "GET /wp-json/contact-form-7/v1/contact-forms/1444/refill HTTP/1.1" 200 33 "http://cqqizhou.com/logistics" "Mozilla/5.0 (Windows NT 10.0; Win64; x64) AppleWebKit/537.36 (KHTML, like Gecko) Chrome/116.0.0.0 Safari/537.36 Edg/116.0.1938.69"
36.133.115.36 - - [18/Mar/2026:11:32:28 +0800] "POST /wp-cron.php?doing_wp_cron=1773804748.1266419887542724609375 HTTP/1.1" 200 31 "-" "WordPress/6.9; http://cqqizhou.com"
121.43.118.55 - - [18/Mar/2026:11:32:28 +0800] "GET / HTTP/1.1" 301 5 "-" "Mozilla/5.0 (Windows NT 10.0; Win64; x64) AppleWebKit/537.36 (KHTML, like Gecko) Chrome/59.0.3071.115 Safari/537.36"
111.10.180.180 - - [18/Mar/2026:11:33:08 +0800] "GET /wp-json/sliderrevolution/sliders/1?srengine=7&slideid=2 HTTP/1.1" 200 2000 "http://cqqizhou.com/" "Mozilla/5.0 (Windows NT 10.0; Win64; x64) AppleWebKit/537.36 (KHTML, like Gecko) Chrome/116.0.0.0 Safari/537.36 Edg/116.0.1938.69"
36.133.115.36 - - [18/Mar/2026:11:33:08 +0800] "POST /wp-cron.php?doing_wp_cron=1773804788.0062940120697021484375 HTTP/1.1" 200 31 "-" "WordPress/6.9; http://cqqizhou.com"
111.10.180.180 - - [18/Mar/2026:11:33:08 +0800] "GET /wp-json/sliderrevolution/sliders/1?srengine=7&slideid=4 HTTP/1.1" 200 2580 "http://cqqizhou.com/" "Mozilla/5.0 (Windows NT 10.0; Win64; x64) AppleWebKit/537.36 (KHTML, like Gecko) Chrome/116.0.0.0 Safari/537.36 Edg/116.0.1938.69"
111.10.180.180 - - [18/Mar/2026:11:33:56 +0800] "GET /about HTTP/1.1" 304 0 "http://cqqizhou.com/" "Mozilla/5.0 (Windows NT 10.0; Win64; x64) AppleWebKit/537.36 (KHTML, like Gecko) Chrome/116.0.0.0 Safari/537.36 Edg/116.0.1938.69"
111.10.180.180 - - [18/Mar/2026:11:38:12 +0800] "GET /wp-json/sliderrevolution/sliders/1?srengine=7&slideid=2 HTTP/1.1" 200 2000 "http://cqqizhou.com/" "Mozilla/5.0 (Windows NT 10.0; Win64; x64) AppleWebKit/537.36 (KHTML, like Gecko) Chrome/116.0.0.0 Safari/537.36 Edg/116.0.1938.69"
36.133.115.36 - - [18/Mar/2026:11:38:12 +0800] "POST /wp-cron.php?doing_wp_cron=1773805092.4845590591430664062500 HTTP/1.1" 200 31 "-" "WordPress/6.9; http://cqqizhou.com"
111.10.180.180 - - [18/Mar/2026:11:38:12 +0800] "GET /wp-json/sliderrevolution/sliders/1?srengine=7&slideid=4 HTTP/1.1" 200 2580 "http://cqqizhou.com/" "Mozilla/5.0 (Windows NT 10.0; Win64; x64) AppleWebKit/537.36 (KHTML, like Gecko) Chrome/116.0.0.0 Safari/537.36 Edg/116.0.1938.69"
111.10.180.180 - - [18/Mar/2026:11:39:19 +0800] "GET /about HTTP/1.1" 304 0 "http://cqqizhou.com/" "Mozilla/5.0 (Windows NT 10.0; Win64; x64) AppleWebKit/537.36 (KHTML, like Gecko) Chrome/116.0.0.0 Safari/537.36 Edg/116.0.1938.69"
36.133.115.36 - - [18/Mar/2026:11:39:44 +0800] "POST /wp-cron.php?doing_wp_cron=1773805184.5603768825531005859375 HTTP/1.1" 200 31 "-" "WordPress/6.9; http://cqqizhou.com"
36.133.115.36 - - [18/Mar/2026:11:39:44 +0800] "POST /wp-cron.php?doing_wp_cron=1773805184.5605471134185791015625 HTTP/1.1" 200 31 "-" "WordPress/6.9; http://cqqizhou.com"
111.10.180.180 - - [18/Mar/2026:11:39:44 +0800] "GET /wp-json/sliderrevolution/sliders/1?srengine=7&slideid=2 HTTP/1.1" 200 2000 "http://cqqizhou.com/" "Mozilla/5.0 (Windows NT 10.0; Win64; x64) AppleWebKit/537.36 (KHTML, like Gecko) Chrome/116.0.0.0 Safari/537.36 Edg/116.0.1938.69"
111.10.180.180 - - [18/Mar/2026:11:39:44 +0800] "GET /wp-json/sliderrevolution/sliders/1?srengine=7&slideid=4 HTTP/1.1" 200 2580 "http://cqqizhou.com/" "Mozilla/5.0 (Windows NT 10.0; Win64; x64) AppleWebKit/537.36 (KHTML, like Gecko) Chrome/116.0.0.0 Safari/537.36 Edg/116.0.1938.69"
87.121.84.71 - - [18/Mar/2026:11:40:56 +0800] "GET /admin/plugins/jquery-file-upload/server/php/index.php?file=tf2rghf.jpg HTTP/1.1" 404 27 "-" "ALittle Client"
47.253.151.217 - ObeTveSF49140 [18/Mar/2026:12:13:40 +0800] "GET /wp-content/uploads/2025/12/1766388806-Article_images_202507243.webp HTTP/1.1" 200 38224 "-" "Go-http-client/1.1"
36.133.115.36 - - [18/Mar/2026:12:16:51 +0800] "POST /wp-cron.php?doing_wp_cron=1773807411.9037749767303466796875 HTTP/1.1" 200 31 "-" "WordPress/6.9; http://cqqizhou.com"
43.159.152.4 - - [18/Mar/2026:12:16:51 +0800] "GET / HTTP/1.1" 301 5 "-" "Mozilla/5.0 (iPhone; CPU iPhone OS 13_2_3 like Mac OS X) AppleWebKit/605.1.15 (KHTML, like Gecko) Version/13.0.3 Mobile/15E148 Safari/604.1"
43.159.152.4 - - [18/Mar/2026:12:16:54 +0800] "GET / HTTP/1.1" 200 34809 "http://www.cqqizhou.com" "Mozilla/5.0 (iPhone; CPU iPhone OS 13_2_3 like Mac OS X) AppleWebKit/605.1.15 (KHTML, like Gecko) Version/13.0.3 Mobile/15E148 Safari/604.1"
36.133.115.36 - - [18/Mar/2026:12:31:43 +0800] "POST /wp-cron.php?doing_wp_cron=1773808303.9119329452514648437500 HTTP/1.1" 200 31 "-" "WordPress/6.9; http://cqqizhou.com"
149.86.227.60 - - [18/Mar/2026:12:31:44 +0800] "GET / HTTP/1.1" 200 157185 "-" "Mozilla/5.0"
36.133.115.36 - - [18/Mar/2026:12:32:58 +0800] "POST /wp-cron.php?doing_wp_cron=1773808378.8688049316406250000000 HTTP/1.1" 200 31 "-" "WordPress/6.9; http://cqqizhou.com"
121.29.166.202 - - [18/Mar/2026:12:32:58 +0800] "GET /contacts/ HTTP/1.1" 301 5 "-" "Mozilla/5.0 (Windows NT 10.0; Win64; x64) AppleWebKit/537.36 (KHTML, like Gecko) Chrome/136.0.0.0 Safari/537.36"
121.29.166.202 - - [18/Mar/2026:12:32:59 +0800] "GET http://cqqizhou.com/contacts HTTP/1.1" 200 21775 "-" "Mozilla/5.0 (Windows NT 10.0; Win64; x64) AppleWebKit/537.36 (KHTML, like Gecko) Chrome/136.0.0.0 Safari/537.36"
36.133.115.36 - - [18/Mar/2026:12:52:47 +0800] "POST /wp-cron.php?doing_wp_cron=1773809567.4187669754028320312500 HTTP/1.1" 200 31 "-" "WordPress/6.9; http://cqqizhou.com"
44.215.28.32 - - [18/Mar/2026:12:52:47 +0800] "GET / HTTP/1.1" 301 5 "-" "Go-http-client/1.1"
5.39.109.185 - - [18/Mar/2026:12:57:38 +0800] "GET /news/2354 HTTP/1.1" 200 24491 "-" "Mozilla/5.0 (compatible; AhrefsBot/7.0; +http://ahrefs.com/robot/)"
48.192.92.29 - - [18/Mar/2026:12:58:31 +0800] "GET /news HTTP/1.1" 200 25844 "-" "Mozilla/5.0 (Windows NT 10.0; Win64; x64) AppleWebKit/537.36 (KHTML, like Gecko) Chrome/131.0.0.0 Safari/537.36 Edg/131.0.0.0"
120.233.33.173 - - [18/Mar/2026:12:59:56 +0800] "GET /material.html HTTP/1.1" 200 6459 "-" "Mozilla/5.0 (Linux; Android 6.0; Nexus 5 Build/MRA58N) AppleWebKit/537.36 (KHTML, like Gecko) Chrome/99.0.4844.51 Mobile Safari/537.36 MicroMessenger/7.0.1"
120.233.33.173 - - [18/Mar/2026:13:02:16 +0800] "GET /material.html HTTP/1.1" 200 6459 "-" "Mozilla/5.0 (Linux; Android 6.0; Nexus 5 Build/MRA58N) AppleWebKit/537.36 (KHTML, like Gecko) Chrome/99.0.4844.51 Mobile Safari/537.36 MicroMessenger/7.0.1"
36.133.115.36 - - [18/Mar/2026:13:21:26 +0800] "POST /wp-cron.php?doing_wp_cron=1773811286.8900549411773681640625 HTTP/1.1" 200 31 "-" "WordPress/6.9; http://cqqizhou.com"
120.233.33.208 - - [18/Mar/2026:13:21:26 +0800] "GET /news/2388 HTTP/1.1" 200 20570 "-" "Mozilla/5.0 (Linux; Android 6.0; Nexus 5 Build/MRA58N) AppleWebKit/537.36 (KHTML, like Gecko) Chrome/99.0.4844.51 Mobile Safari/537.36 MicroMessenger/7.0.1"
120.233.240.39 - - [18/Mar/2026:13:21:27 +0800] "GET /wp-content/uploads/2025/12/1766647832-Article_images_W900%C3%97500px20251225.webp HTTP/1.1" 200 44582 "http://cqqizhou.com/news/2388" "Mozilla/5.0 (Linux; Android 6.0; Nexus 5 Build/MRA58N) AppleWebKit/537.36 (KHTML, like Gecko) Chrome/99.0.4844.51 Mobile Safari/537.36 MicroMessenger/7.0.1"
120.233.240.39 - - [18/Mar/2026:13:21:27 +0800] "GET /wp-content/uploads/2025/07/1753410289-News2000%C3%97400_202571.webp HTTP/1.1" 200 17830 "http://cqqizhou.com/news/2388" "Mozilla/5.0 (Linux; Android 6.0; Nexus 5 Build/MRA58N) AppleWebKit/537.36 (KHTML, like Gecko) Chrome/99.0.4844.51 Mobile Safari/537.36 MicroMessenger/7.0.1"
120.233.33.208 - - [18/Mar/2026:13:21:27 +0800] "GET /wp-content/uploads/2025/12/1766647829-Article_images_202512251.webp HTTP/1.1" 200 53246 "http://cqqizhou.com/news/2388" "Mozilla/5.0 (Linux; Android 6.0; Nexus 5 Build/MRA58N) AppleWebKit/537.36 (KHTML, like Gecko) Chrome/99.0.4844.51 Mobile Safari/537.36 MicroMessenger/7.0.1"
120.233.240.39 - - [18/Mar/2026:13:21:27 +0800] "GET /wp-content/uploads/2025/12/1766647831-Article_images_202512254.webp HTTP/1.1" 200 55610 "http://cqqizhou.com/news/2388" "Mozilla/5.0 (Linux; Android 6.0; Nexus 5 Build/MRA58N) AppleWebKit/537.36 (KHTML, like Gecko) Chrome/99.0.4844.51 Mobile Safari/537.36 MicroMessenger/7.0.1"
120.233.33.208 - - [18/Mar/2026:13:21:27 +0800] "GET /wp-content/uploads/2026/03/1773722869-1Article_images_W900px.webp HTTP/1.1" 200 28566 "http://cqqizhou.com/news/2388" "Mozilla/5.0 (Linux; Android 6.0; Nexus 5 Build/MRA58N) AppleWebKit/537.36 (KHTML, like Gecko) Chrome/99.0.4844.51 Mobile Safari/537.36 MicroMessenger/7.0.1"
120.233.33.173 - - [18/Mar/2026:13:21:27 +0800] "GET /wp-content/uploads/2026/03/1772790791-%E5%B0%81%E9%9D%A2%E5%A4%B4%E5%9B%BEArticle_images_W900%C3%97500px2026.webp HTTP/1.1" 200 52968 "http://cqqizhou.com/news/2388" "Mozilla/5.0 (Linux; Android 6.0; Nexus 5 Build/MRA58N) AppleWebKit/537.36 (KHTML, like Gecko) Chrome/99.0.4844.51 Mobile Safari/537.36 MicroMessenger/7.0.1"
120.233.33.208 - - [18/Mar/2026:13:21:27 +0800] "GET /wp-content/uploads/2025/07/1751425283-qizhou.kf_.qq_.com_.webp HTTP/1.1" 200 16864 "http://cqqizhou.com/news/2388" "Mozilla/5.0 (Linux; Android 6.0; Nexus 5 Build/MRA58N) AppleWebKit/537.36 (KHTML, like Gecko) Chrome/99.0.4844.51 Mobile Safari/537.36 MicroMessenger/7.0.1"
120.233.240.39 - - [18/Mar/2026:13:21:27 +0800] "GET /wp-content/uploads/2025/12/1766647831-Article_images_202512253.webp HTTP/1.1" 200 115480 "http://cqqizhou.com/news/2388" "Mozilla/5.0 (Linux; Android 6.0; Nexus 5 Build/MRA58N) AppleWebKit/537.36 (KHTML, like Gecko) Chrome/99.0.4844.51 Mobile Safari/537.36 MicroMessenger/7.0.1"
120.233.33.208 - - [18/Mar/2026:13:21:27 +0800] "GET /wp-content/uploads/2025/12/1766647830-Article_images_202512252.webp HTTP/1.1" 200 84832 "http://cqqizhou.com/news/2388" "Mozilla/5.0 (Linux; Android 6.0; Nexus 5 Build/MRA58N) AppleWebKit/537.36 (KHTML, like Gecko) Chrome/99.0.4844.51 Mobile Safari/537.36 MicroMessenger/7.0.1"
36.133.115.36 - - [18/Mar/2026:13:26:55 +0800] "POST /wp-cron.php?doing_wp_cron=1773811615.6855199337005615234375 HTTP/1.1" 200 31 "-" "WordPress/6.9; http://cqqizhou.com"
110.249.202.187 - - [18/Mar/2026:13:26:55 +0800] "GET /robots.txt HTTP/1.1" 200 190 "-" "Mozilla/5.0 (Linux; Android 5.0) AppleWebKit/537.36 (KHTML, like Gecko) Mobile Safari/537.36 (compatible; Bytespider; https://zhanzhang.toutiao.com/)"
36.133.115.36 - - [18/Mar/2026:13:29:19 +0800] "POST /wp-cron.php?doing_wp_cron=1773811759.2243618965148925781250 HTTP/1.1" 200 31 "-" "WordPress/6.9; http://cqqizhou.com"
119.84.246.117 - - [18/Mar/2026:13:29:19 +0800] "GET / HTTP/1.1" 301 5 "-" "Mozilla/5.0 (Windows NT 6.1; WOW64) AppleWebKit/535.19 (KHTML, like Gecko) Chrome/18.0.1025.168 Safari/535.19 QIHU 360EE"
119.84.246.117 - - [18/Mar/2026:13:29:19 +0800] "GET / HTTP/1.1" 200 158844 "-" "Mozilla/5.0 (Windows NT 6.1; WOW64) AppleWebKit/535.19 (KHTML, like Gecko) Chrome/18.0.1025.168 Safari/535.19 QIHU 360EE"
119.84.246.117 - - [18/Mar/2026:13:29:20 +0800] "GET / HTTP/1.1" 301 5 "-" "Mozilla/5.0 (Windows NT 6.1; WOW64; rv:14.0) Gecko/20100101 Firefox/14.0.1"
119.84.246.117 - - [18/Mar/2026:13:29:20 +0800] "GET / HTTP/1.1" 200 158844 "-" "Mozilla/5.0 (Windows NT 6.1; WOW64; rv:14.0) Gecko/20100101 Firefox/14.0.1"
119.84.246.117 - - [18/Mar/2026:13:29:21 +0800] "GET / HTTP/1.1" 301 5 "-" "Mozilla/5.0 (Windows NT 6.1; WOW64) AppleWebKit/536.11 (KHTML, like Gecko) Chrome/20.0.1132.57 Safari/536.11"
119.84.246.117 - - [18/Mar/2026:13:29:21 +0800] "GET / HTTP/1.1" 200 158844 "-" "Mozilla/5.0 (Windows NT 6.1; WOW64) AppleWebKit/536.11 (KHTML, like Gecko) Chrome/20.0.1132.57 Safari/536.11"
122.225.28.111 - - [18/Mar/2026:13:30:14 +0800] "GET /services HTTP/1.1" 200 26231 "-" "Mozilla/5.0 (Macintosh; Intel Mac OS X 10_15_7) AppleWebKit/537.36 (KHTML, like Gecko) Chrome/120.0.0.0 Safari/537.36"
223.109.46.133 - - [18/Mar/2026:13:30:14 +0800] "GET /services HTTP/1.1" 200 26231 "-" "Mozilla/5.0 (Windows NT 10.0; Win64; x64) AppleWebKit/537.36 (KHTML, like Gecko) Chrome/108.0.0.0 Safari/537.36 Edg/108.0.1462.42"
36.133.115.36 - - [18/Mar/2026:13:37:54 +0800] "POST /wp-cron.php?doing_wp_cron=1773812274.4789459705352783203125 HTTP/1.1" 200 31 "-" "WordPress/6.9; http://cqqizhou.com"
119.84.246.117 - - [18/Mar/2026:13:37:54 +0800] "GET / HTTP/1.1" 301 5 "-" "-"
119.84.246.117 - - [18/Mar/2026:13:37:54 +0800] "GET / HTTP/1.1" 200 158844 "-" "-"
