71.132.43.3 - - [10/Mar/2026:09:43:13 +0800] "GET /wp-content/uploads/revslider/slider-1/1750861156-logistics_Slider_3840%C3%972160_20250625191356-scaled-50x100.webp HTTP/1.1" 200 1416 "http://cqqizhou.com/" "Mozilla/5.0 (Linux; Android 10; HD1900 Build/QKQ1.190716.003; wv) AppleWebKit/537.36 (KHTML, like Gecko) Version/4.0 Chrome/75.0.3770.156 Mobile Safari/537.36 aweme_230400 JsSdk/1.0 NetType/WIFI AppName/aweme app_version/23.4.0 ByteLocale/zh-CN Region/CN AppSkin/white AppTheme/light BytedanceWebview/d8a21c6 WebView/075113004008"
71.132.43.3 - - [10/Mar/2026:09:43:14 +0800] "GET /wp-json/sliderrevolution/sliders/1?srengine=7&slideid=4 HTTP/1.1" 200 2580 "http://cqqizhou.com/" "Mozilla/5.0 (Linux; Android 10; HD1900 Build/QKQ1.190716.003; wv) AppleWebKit/537.36 (KHTML, like Gecko) Version/4.0 Chrome/75.0.3770.156 Mobile Safari/537.36 aweme_230400 JsSdk/1.0 NetType/WIFI AppName/aweme app_version/23.4.0 ByteLocale/zh-CN Region/CN AppSkin/white AppTheme/light BytedanceWebview/d8a21c6 WebView/075113004008"
71.132.43.3 - - [10/Mar/2026:09:43:14 +0800] "GET /wp-json/sliderrevolution/sliders/1?srengine=7&slideid=2 HTTP/1.1" 200 2000 "http://cqqizhou.com/" "Mozilla/5.0 (Linux; Android 10; HD1900 Build/QKQ1.190716.003; wv) AppleWebKit/537.36 (KHTML, like Gecko) Version/4.0 Chrome/75.0.3770.156 Mobile Safari/537.36 aweme_230400 JsSdk/1.0 NetType/WIFI AppName/aweme app_version/23.4.0 ByteLocale/zh-CN Region/CN AppSkin/white AppTheme/light BytedanceWebview/d8a21c6 WebView/075113004008"
71.132.43.3 - - [10/Mar/2026:09:43:14 +0800] "GET /wp-content/uploads/2026/01/1768276119-qizhoujiagong_Slider_3840%C3%972160_20260113-scaled.webp HTTP/1.1" 200 131696 "http://cqqizhou.com/" "Mozilla/5.0 (Linux; Android 10; HD1900 Build/QKQ1.190716.003; wv) AppleWebKit/537.36 (KHTML, like Gecko) Version/4.0 Chrome/75.0.3770.156 Mobile Safari/537.36 aweme_230400 JsSdk/1.0 NetType/WIFI AppName/aweme app_version/23.4.0 ByteLocale/zh-CN Region/CN AppSkin/white AppTheme/light BytedanceWebview/d8a21c6 WebView/075113004008"
71.132.43.3 - - [10/Mar/2026:09:43:14 +0800] "GET /wp-content/uploads/revslider/slider-1/1750861156-logistics_Slider_3840%C3%972160_20250625191356-scaled.webp HTTP/1.1" 200 197360 "http://cqqizhou.com/" "Mozilla/5.0 (Linux; Android 10; HD1900 Build/QKQ1.190716.003; wv) AppleWebKit/537.36 (KHTML, like Gecko) Version/4.0 Chrome/75.0.3770.156 Mobile Safari/537.36 aweme_230400 JsSdk/1.0 NetType/WIFI AppName/aweme app_version/23.4.0 ByteLocale/zh-CN Region/CN AppSkin/white AppTheme/light BytedanceWebview/d8a21c6 WebView/075113004008"
176.65.148.68 - - [10/Mar/2026:10:02:16 +0800] "GET / HTTP/1.1" 200 109842 "-" "Mozilla/1.0"
36.133.115.36 - - [10/Mar/2026:10:06:02 +0800] "POST /wp-cron.php?doing_wp_cron=1773108362.8235940933227539062500 HTTP/1.1" 200 31 "-" "WordPress/6.9; http://cqqizhou.com"
117.232.85.78 - - [10/Mar/2026:10:06:02 +0800] "GET / HTTP/1.1" 301 5 "-" "Go-http-client/1.1"
36.133.115.36 - - [10/Mar/2026:10:38:47 +0800] "POST /wp-cron.php?doing_wp_cron=1773110327.6940829753875732421875 HTTP/1.1" 200 31 "-" "WordPress/6.9; http://cqqizhou.com"
36.133.108.121 - - [10/Mar/2026:10:38:47 +0800] "HEAD / HTTP/1.1" 301 0 "-" "Mozilla/5.0 (compatible; MSIE 9.0; Windows NT 6.1; Win64; x64; Trident/5.0"
36.133.108.119 - - [10/Mar/2026:10:38:49 +0800] "GET / HTTP/1.1" 301 5 "-" "Scrapy/2.8.0 (+https://scrapy.org)"
36.133.115.36 - - [10/Mar/2026:10:41:15 +0800] "POST /wp-cron.php?doing_wp_cron=1773110475.9362480640411376953125 HTTP/1.1" 200 31 "-" "WordPress/6.9; http://cqqizhou.com"
43.165.70.220 - - [10/Mar/2026:10:41:15 +0800] "GET / HTTP/1.1" 200 34829 "-" "Mozilla/5.0 (iPhone; CPU iPhone OS 13_2_3 like Mac OS X) AppleWebKit/605.1.15 (KHTML, like Gecko) Version/13.0.3 Mobile/15E148 Safari/604.1"
36.133.115.36 - - [10/Mar/2026:10:43:19 +0800] "POST /wp-cron.php?doing_wp_cron=1773110599.8300700187683105468750 HTTP/1.1" 200 31 "-" "WordPress/6.9; http://cqqizhou.com"
20.169.49.63 - - [10/Mar/2026:10:43:19 +0800] "GET /developmentserver/metadatauploader HTTP/1.1" 404 8949 "-" "Mozilla/5.0 zgrab/0.x"
36.133.115.36 - - [10/Mar/2026:10:48:31 +0800] "POST /wp-cron.php?doing_wp_cron=1773110911.2079300880432128906250 HTTP/1.1" 200 31 "-" "WordPress/6.9; http://cqqizhou.com"
36.133.25.124 - - [10/Mar/2026:10:48:31 +0800] "GET / HTTP/1.0" 200 157130 "-" "-"
36.133.25.124 - - [10/Mar/2026:10:48:32 +0800] "GET / HTTP/1.1" 301 5 "-" "Mozilla/5.0 (Windows NT 6.1) AppleWebKit/537.36 (KHTML, like Gecko) Chrome/49.0.2623.112 Safari/537.36"
18.219.176.173 - - [10/Mar/2026:11:04:41 +0800] "GET / HTTP/1.1" 200 35258 "-" "curl/8.3.0"
36.133.115.36 - - [10/Mar/2026:11:05:39 +0800] "POST /wp-cron.php?doing_wp_cron=1773111939.5306310653686523437500 HTTP/1.1" 200 31 "-" "WordPress/6.9; http://cqqizhou.com"
220.197.69.51 - - [10/Mar/2026:11:05:39 +0800] "GET /contacts/ HTTP/1.1" 301 5 "-" "Mozilla/5.0 (Windows NT 10.0; Win64; x64) AppleWebKit/537.36 (KHTML, like Gecko) Chrome/136.0.0.0 Safari/537.36"
220.197.69.51 - - [10/Mar/2026:11:05:39 +0800] "GET http://cqqizhou.com/contacts HTTP/1.1" 200 21758 "-" "Mozilla/5.0 (Windows NT 10.0; Win64; x64) AppleWebKit/537.36 (KHTML, like Gecko) Chrome/136.0.0.0 Safari/537.36"
111.41.115.107 - - [10/Mar/2026:11:05:39 +0800] "GET /contacts/ HTTP/1.1" 301 5 "-" "Mozilla/5.0 (Windows NT 10.0; Win64; x64) AppleWebKit/537.36 (KHTML, like Gecko) Chrome/136.0.0.0 Safari/537.36"
111.41.115.107 - - [10/Mar/2026:11:05:39 +0800] "GET http://cqqizhou.com/contacts HTTP/1.1" 200 21758 "-" "Mozilla/5.0 (Windows NT 10.0; Win64; x64) AppleWebKit/537.36 (KHTML, like Gecko) Chrome/136.0.0.0 Safari/537.36"
36.133.115.36 - - [10/Mar/2026:11:32:18 +0800] "POST /wp-cron.php?doing_wp_cron=1773113538.1317989826202392578125 HTTP/1.1" 200 31 "-" "WordPress/6.9; http://cqqizhou.com"
188.166.92.26 - - [10/Mar/2026:11:32:18 +0800] "GET /.git/config HTTP/1.1" 404 8949 "-" "Mozilla/5.0 (X11; Linux x86_64) AppleWebKit/537.36 (KHTML, like Gecko) Chrome/81.0.4044.129 Safari/537.36"
113.248.220.150 - - [10/Mar/2026:11:35:22 +0800] "GET / HTTP/1.1" 200 35258 "-" "Mozilla/5.0 (Windows NT 10.0; Win64; x64; rv:138.0) Gecko/20100101 Firefox/138.0"
120.233.111.232 - - [10/Mar/2026:11:45:01 +0800] "GET /news/portfolio/%e5%86%b7%e8%bd%a7%e5%8d%b7 HTTP/1.1" 200 22184 "-" "Mozilla/5.0 (Windows NT 10.0; Win64; x64) AppleWebKit/537.36 (KHTML, like Gecko) Chrome/106.0.5249.119 Safari/537.36"
8.208.121.207 - - [10/Mar/2026:11:49:36 +0800] "GET /VBXl HTTP/1.1" 499 0 "-" "Go-http-client/1.1"
36.133.115.36 - - [10/Mar/2026:11:49:37 +0800] "POST /wp-cron.php?doing_wp_cron=1773114577.4090580940246582031250 HTTP/1.1" 200 31 "-" "WordPress/6.9; http://cqqizhou.com"
36.133.115.36 - - [10/Mar/2026:11:54:10 +0800] "POST /wp-cron.php?doing_wp_cron=1773114850.4616088867187500000000 HTTP/1.1" 200 31 "-" "WordPress/6.9; http://cqqizhou.com"
185.216.140.186 - - [10/Mar/2026:11:54:10 +0800] "GET / HTTP/1.1" 301 5 "-" "-"
180.153.236.50 - - [10/Mar/2026:11:54:27 +0800] "GET / HTTP/1.1" 200 35258 "http://cqqizhou.com/" "Mozilla/5.0 (Windows NT 10.0; Win64; x64) AppleWebKit/537.36 (KHTML, like Gecko) Chrome/140.0.0.0 Safari/537.36 Edg/140.0.0.0; 360Spider"
36.133.115.36 - - [10/Mar/2026:12:08:44 +0800] "POST /wp-cron.php?doing_wp_cron=1773115724.4797270298004150390625 HTTP/1.1" 200 31 "-" "WordPress/6.9; http://cqqizhou.com"
43.133.187.11 - - [10/Mar/2026:12:08:44 +0800] "GET / HTTP/1.1" 200 34829 "-" "Mozilla/5.0 (iPhone; CPU iPhone OS 13_2_3 like Mac OS X) AppleWebKit/605.1.15 (KHTML, like Gecko) Version/13.0.3 Mobile/15E148 Safari/604.1"
92.222.104.223 - - [10/Mar/2026:12:09:13 +0800] "GET /news/2162 HTTP/1.1" 200 21606 "-" "Mozilla/5.0 (compatible; AhrefsBot/7.0; +http://ahrefs.com/robot/)"
36.133.115.36 - - [10/Mar/2026:12:20:03 +0800] "POST /wp-cron.php?doing_wp_cron=1773116403.2284569740295410156250 HTTP/1.1" 200 31 "-" "WordPress/6.9; http://cqqizhou.com"
121.40.47.185 - - [10/Mar/2026:12:20:03 +0800] "GET / HTTP/1.0" 301 0 "-" "-"
36.133.115.36 - - [10/Mar/2026:12:20:14 +0800] "POST /wp-cron.php?doing_wp_cron=1773116414.0052781105041503906250 HTTP/1.1" 200 31 "-" "WordPress/6.9; http://cqqizhou.com"
121.40.47.185 - - [10/Mar/2026:12:20:14 +0800] "GET / HTTP/1.0" 301 0 "-" "-"
121.40.47.185 - - [10/Mar/2026:12:20:14 +0800] "GET /nmaplowercheck1773116404 HTTP/1.1" 404 31365 "-" "Mozilla/5.0 (compatible; Nmap Scripting Engine; https://nmap.org/book/nse.html)"
121.40.47.185 - - [10/Mar/2026:12:20:14 +0800] "POST /sdk HTTP/1.1" 404 31365 "-" "Mozilla/5.0 (compatible; Nmap Scripting Engine; https://nmap.org/book/nse.html)"
121.40.47.185 - - [10/Mar/2026:12:20:15 +0800] "GET /HNAP1 HTTP/1.1" 404 31365 "-" "Mozilla/5.0 (compatible; Nmap Scripting Engine; https://nmap.org/book/nse.html)"
121.40.47.185 - - [10/Mar/2026:12:20:15 +0800] "GET /evox/about HTTP/1.1" 404 31365 "-" "Mozilla/5.0 (compatible; Nmap Scripting Engine; https://nmap.org/book/nse.html)"
121.40.47.185 - - [10/Mar/2026:12:20:34 +0800] "GET / HTTP/1.0" 301 0 "-" "-"
121.40.47.185 - - [10/Mar/2026:12:20:35 +0800] "GET / HTTP/1.1" 301 5 "-" "-"
36.133.115.36 - - [10/Mar/2026:12:24:15 +0800] "POST /wp-cron.php?doing_wp_cron=1773116655.9067978858947753906250 HTTP/1.1" 200 31 "-" "WordPress/6.9; http://cqqizhou.com"
111.225.148.110 - - [10/Mar/2026:12:24:15 +0800] "GET /robots.txt HTTP/1.1" 200 190 "-" "Mozilla/5.0 (Linux; Android 5.0) AppleWebKit/537.36 (KHTML, like Gecko) Mobile Safari/537.36 (compatible; Bytespider; https://zhanzhang.toutiao.com/)"
36.133.115.36 - - [10/Mar/2026:12:25:57 +0800] "POST /wp-cron.php?doing_wp_cron=1773116757.2021629810333251953125 HTTP/1.1" 200 31 "-" "WordPress/6.9; http://cqqizhou.com"
43.155.140.157 - - [10/Mar/2026:12:25:57 +0800] "GET / HTTP/1.1" 301 5 "-" "Mozilla/5.0 (iPhone; CPU iPhone OS 13_2_3 like Mac OS X) AppleWebKit/605.1.15 (KHTML, like Gecko) Version/13.0.3 Mobile/15E148 Safari/604.1"
43.155.140.157 - - [10/Mar/2026:12:25:59 +0800] "GET / HTTP/1.1" 200 34829 "http://36.133.115.36" "Mozilla/5.0 (iPhone; CPU iPhone OS 13_2_3 like Mac OS X) AppleWebKit/605.1.15 (KHTML, like Gecko) Version/13.0.3 Mobile/15E148 Safari/604.1"
36.133.115.36 - - [10/Mar/2026:12:59:54 +0800] "POST /wp-cron.php?doing_wp_cron=1773118794.0294480323791503906250 HTTP/1.1" 200 31 "-" "WordPress/6.9; http://cqqizhou.com"
167.94.138.115 - - [10/Mar/2026:12:59:54 +0800] "GET /security.txt HTTP/1.1" 200 19815 "-" "Mozilla/5.0 (compatible; CensysInspect/1.1; +https://about.censys.io/)"
36.133.115.36 - - [10/Mar/2026:13:00:29 +0800] "POST /wp-cron.php?doing_wp_cron=1773118829.0519530773162841796875 HTTP/1.1" 200 31 "-" "WordPress/6.9; http://cqqizhou.com"
167.94.138.115 - - [10/Mar/2026:13:00:29 +0800] "GET /o2ddeqz9uwi HTTP/1.1" 404 8949 "-" "Mozilla/5.0 (compatible; CensysInspect/1.1; +https://about.censys.io/)"
36.133.115.36 - - [10/Mar/2026:13:07:40 +0800] "POST /wp-cron.php?doing_wp_cron=1773119260.6475019454956054687500 HTTP/1.1" 200 31 "-" "WordPress/6.9; http://cqqizhou.com"
130.211.95.96 - - [10/Mar/2026:13:07:40 +0800] "GET / HTTP/1.0" 301 0 "-" "-"
176.65.148.68 - - [10/Mar/2026:13:07:46 +0800] "GET / HTTP/1.1" 200 109842 "-" "Mozilla/1.0"
130.211.95.96 - - [10/Mar/2026:13:09:06 +0800] "OPTIONS / HTTP/1.1" 405 150 "-" "Mozilla/5.0 (compatible; Nmap Scripting Engine; https://nmap.org/book/nse.html)"
130.211.95.96 - - [10/Mar/2026:13:09:07 +0800] "OPTIONS / HTTP/1.1" 405 150 "-" "Mozilla/5.0 (compatible; Nmap Scripting Engine; https://nmap.org/book/nse.html)"
130.211.95.96 - - [10/Mar/2026:13:09:07 +0800] "OPTIONS / HTTP/1.1" 405 150 "-" "Mozilla/5.0 (compatible; Nmap Scripting Engine; https://nmap.org/book/nse.html)"
130.211.95.96 - - [10/Mar/2026:13:09:08 +0800] "OPTIONS / HTTP/1.1" 405 150 "-" "Mozilla/5.0 (compatible; Nmap Scripting Engine; https://nmap.org/book/nse.html)"
130.211.95.96 - - [10/Mar/2026:13:09:08 +0800] "OPTIONS / HTTP/1.1" 405 150 "-" "Mozilla/5.0 (compatible; Nmap Scripting Engine; https://nmap.org/book/nse.html)"
130.211.95.96 - - [10/Mar/2026:13:09:09 +0800] "OPTIONS / HTTP/1.1" 405 150 "-" "Mozilla/5.0 (compatible; Nmap Scripting Engine; https://nmap.org/book/nse.html)"
130.211.95.96 - - [10/Mar/2026:13:09:09 +0800] "OPTIONS / HTTP/1.1" 405 150 "-" "Mozilla/5.0 (compatible; Nmap Scripting Engine; https://nmap.org/book/nse.html)"
130.211.95.96 - - [10/Mar/2026:13:09:10 +0800] "OPTIONS / HTTP/1.1" 405 150 "-" "Mozilla/5.0 (compatible; Nmap Scripting Engine; https://nmap.org/book/nse.html)"
130.211.95.96 - - [10/Mar/2026:13:09:10 +0800] "OPTIONS / HTTP/1.1" 405 150 "-" "Mozilla/5.0 (compatible; Nmap Scripting Engine; https://nmap.org/book/nse.html)"
36.133.115.36 - - [10/Mar/2026:13:18:34 +0800] "POST /wp-cron.php?doing_wp_cron=1773119914.2284801006317138671875 HTTP/1.1" 200 31 "-" "WordPress/6.9; http://cqqizhou.com"
125.165.111.144 - - [10/Mar/2026:13:18:34 +0800] "GET / HTTP/1.1" 200 157152 "-" "Mozilla/5.0 (Windows NT 6.1; WOW64) AppleWebKit/537.36 (KHTML, like Gecko) Chrome/51.0.2704.103 Safari/537.36"
36.133.115.36 - - [10/Mar/2026:13:41:05 +0800] "POST /wp-cron.php?doing_wp_cron=1773121265.6589300632476806640625 HTTP/1.1" 200 31 "-" "WordPress/6.9; http://cqqizhou.com"
47.128.96.24 - - [10/Mar/2026:13:41:05 +0800] "GET /robots.txt HTTP/1.1" 200 190 "-" "Mozilla/5.0 (Linux; Android 5.0) AppleWebKit/537.36 (KHTML, like Gecko) Mobile Safari/537.36 (compatible; Bytespider; spider-feedback@bytedance.com)"
36.133.115.36 - - [10/Mar/2026:13:43:04 +0800] "POST /wp-cron.php?doing_wp_cron=1773121384.6576569080352783203125 HTTP/1.1" 200 31 "-" "WordPress/6.9; http://cqqizhou.com"
117.62.235.53 - - [10/Mar/2026:13:43:04 +0800] "GET / HTTP/1.1" 301 5 "-" "Mozilla/5.0 (iPhone; CPU iPhone OS 13_2_3 like Mac OS X) AppleWebKit/605.1.15 (KHTML, like Gecko) Version/13.0.3 Mobile/15E148 Safari/604.1"
36.133.115.36 - - [10/Mar/2026:13:43:13 +0800] "POST /wp-cron.php?doing_wp_cron=1773121393.7160320281982421875000 HTTP/1.1" 200 31 "-" "WordPress/6.9; http://cqqizhou.com"
117.62.235.53 - - [10/Mar/2026:13:43:13 +0800] "GET / HTTP/1.1" 200 34829 "http://www.cqqizhou.com" "Mozilla/5.0 (iPhone; CPU iPhone OS 13_2_3 like Mac OS X) AppleWebKit/605.1.15 (KHTML, like Gecko) Version/13.0.3 Mobile/15E148 Safari/604.1"
157.148.61.117 - - [10/Mar/2026:13:47:19 +0800] "GET /news/2231 HTTP/1.1" 200 23682 "-" "Mozilla/5.0 (Windows NT 10.0; Win64; x64) AppleWebKit/537.36 (KHTML, like Gecko) Chrome/105.0.0.0 Safari/537.3"
36.133.115.36 - - [10/Mar/2026:13:54:12 +0800] "POST /wp-cron.php?doing_wp_cron=1773122052.7929430007934570312500 HTTP/1.1" 200 31 "-" "WordPress/6.9; http://cqqizhou.com"
114.119.141.201 - - [10/Mar/2026:13:54:12 +0800] "GET /robots.txt HTTP/1.1" 200 190 "-" "Mozilla/5.0 (compatible;PetalBot;+https://webmaster.petalsearch.com/site/petalbot)"
36.133.115.36 - - [10/Mar/2026:14:07:10 +0800] "POST /wp-cron.php?doing_wp_cron=1773122830.0366559028625488281250 HTTP/1.1" 200 31 "-" "WordPress/6.9; http://cqqizhou.com"
182.99.37.139 - - [10/Mar/2026:14:07:10 +0800] "GET http://cqqizhou.com/wp-content/uploads/2025/07/1753451773-%E5%86%B7%E8%BD%A7%E5%8D%B7roduct_Single600-300x300.webp%20300w,%20http://cqqizhou.com/wp-content/uploads/2025/07/1753451773-%E5%86%B7%E8%BD%A7%E5%8D%B7roduct_Single600-150x150.webp%20150w,%20/wp-content/uploads/2025/07/1753451773-%E5%86%B7%E8%BD%A7%E5%8D%B7roduct_Single600.webp%20600w HTTP/1.1" 301 5 "http://cqqizhou.com/" "Mozilla/5.0 (Windows NT 10.0; Win64; x64) AppleWebKit/537.36 (KHTML, like Gecko) Chrome/105.0.0.0 Safari/537.3"
182.99.37.139 - - [10/Mar/2026:14:07:16 +0800] "GET /wp-content/uploads/2025/07/1753451773-%E5%86%B7%E8%BD%A7%E5%8D%B7roduct_Single600-300x300.webp%20300w,%20http:/cqqizhou.com/wp-content/uploads/2025/07/1753451773-%E5%86%B7%E8%BD%A7%E5%8D%B7roduct_Single600-150x150.webp%20150w,%20/wp-content/uploads/2025/07/1753451773-%E5%86%B7%E8%BD%A7%E5%8D%B7roduct_Single600.webp%20600w HTTP/1.1" 404 8949 "http://cqqizhou.com/" "Mozilla/5.0 (Windows NT 10.0; Win64; x64) AppleWebKit/537.36 (KHTML, like Gecko) Chrome/105.0.0.0 Safari/537.3"
129.28.16.26 - - [10/Mar/2026:14:07:17 +0800] "GET /wp-content/uploads/2025/07/1753451773-%E5%86%B7%E8%BD%A7%E5%8D%B7roduct_Single600-300x300.webp%20300w,%20http://cqqizhou.com/wp-content/uploads/2025/07/1753451773-%E5%86%B7%E8%BD%A7%E5%8D%B7roduct_Single600-150x150.webp%20150w,%20http://cqqizhou.com/wp-content/uploads/2025/07/1753451773-%E5%86%B7%E8%BD%A7%E5%8D%B7roduct_Single600.webp%20600w HTTP/1.1" 301 5 "http://cqqizhou.com/" "Mozilla/5.0 (Windows NT 10.0; Win64; x64) AppleWebKit/537.36 (KHTML, like Gecko) Chrome/105.0.0.0 Safari/537.3"
129.28.16.26 - - [10/Mar/2026:14:07:18 +0800] "GET /wp-content/uploads/2025/07/1753451773-%E5%86%B7%E8%BD%A7%E5%8D%B7roduct_Single600-300x300.webp%20300w,%20http:/cqqizhou.com/wp-content/uploads/2025/07/1753451773-%E5%86%B7%E8%BD%A7%E5%8D%B7roduct_Single600-150x150.webp%20150w,%20http:/cqqizhou.com/wp-content/uploads/2025/07/1753451773-%E5%86%B7%E8%BD%A7%E5%8D%B7roduct_Single600.webp%20600w HTTP/1.1" 404 8949 "http://cqqizhou.com/" "Mozilla/5.0 (Windows NT 10.0; Win64; x64) AppleWebKit/537.36 (KHTML, like Gecko) Chrome/105.0.0.0 Safari/537.3"
36.133.115.36 - - [10/Mar/2026:14:45:43 +0800] "POST /wp-cron.php?doing_wp_cron=1773125143.8675529956817626953125 HTTP/1.1" 200 31 "-" "WordPress/6.9; http://cqqizhou.com"
47.114.89.255 - - [10/Mar/2026:14:45:43 +0800] "GET /b_admin/Login.aspx HTTP/1.1" 404 8949 "-" "Mozilla/5.0 (Windows NT 10.0; Win64; x64)"
36.133.115.36 - - [10/Mar/2026:14:59:10 +0800] "POST /wp-cron.php?doing_wp_cron=1773125950.6836121082305908203125 HTTP/1.1" 200 31 "-" "WordPress/6.9; http://cqqizhou.com"
43.135.142.37 - - [10/Mar/2026:14:59:10 +0800] "GET / HTTP/1.1" 301 5 "-" "Mozilla/5.0 (iPhone; CPU iPhone OS 13_2_3 like Mac OS X) AppleWebKit/605.1.15 (KHTML, like Gecko) Version/13.0.3 Mobile/15E148 Safari/604.1"
43.135.142.37 - - [10/Mar/2026:14:59:13 +0800] "GET / HTTP/1.1" 200 34829 "http://www.cqqizhou.com" "Mozilla/5.0 (iPhone; CPU iPhone OS 13_2_3 like Mac OS X) AppleWebKit/605.1.15 (KHTML, like Gecko) Version/13.0.3 Mobile/15E148 Safari/604.1"
14.108.234.64 - - [10/Mar/2026:15:08:51 +0800] "GET / HTTP/1.1" 200 35258 "-" "Mozilla/5.0 (Windows NT 10.0; Win64; x64) AppleWebKit/537.36 (KHTML, like Gecko) Chrome/145.0.0.0 Safari/537.36 Edg/145.0.0.0"
14.108.234.64 - - [10/Mar/2026:15:08:51 +0800] "GET /wp-content/uploads/2025/07/1751425283-qizhou.kf_.qq_.com_.webp HTTP/1.1" 200 16864 "http://cqqizhou.com/" "Mozilla/5.0 (Windows NT 10.0; Win64; x64) AppleWebKit/537.36 (KHTML, like Gecko) Chrome/145.0.0.0 Safari/537.36 Edg/145.0.0.0"
14.108.234.64 - - [10/Mar/2026:15:08:52 +0800] "GET /wp-content/uploads/2025/12/1765268955-qizhou_Slider1_3840%C3%972160_20251210-scaled.webp HTTP/1.1" 200 152162 "http://cqqizhou.com/" "Mozilla/5.0 (Windows NT 10.0; Win64; x64) AppleWebKit/537.36 (KHTML, like Gecko) Chrome/145.0.0.0 Safari/537.36 Edg/145.0.0.0"
14.108.234.64 - - [10/Mar/2026:15:08:53 +0800] "GET /wp-content/uploads/2025/07/1753453096-%E5%8F%8C%E7%9B%B8%E9%92%A2product_Single600%C3%97284.webp HTTP/1.1" 200 14562 "http://cqqizhou.com/" "Mozilla/5.0 (Windows NT 10.0; Win64; x64) AppleWebKit/537.36 (KHTML, like Gecko) Chrome/145.0.0.0 Safari/537.36 Edg/145.0.0.0"
14.108.234.64 - - [10/Mar/2026:15:08:53 +0800] "GET /wp-content/uploads/2025/07/1753456723-%E5%8F%8C%E7%9B%B8%E9%92%A2roduct_Single600.webp HTTP/1.1" 200 22790 "http://cqqizhou.com/" "Mozilla/5.0 (Windows NT 10.0; Win64; x64) AppleWebKit/537.36 (KHTML, like Gecko) Chrome/145.0.0.0 Safari/537.36 Edg/145.0.0.0"
14.108.234.64 - - [10/Mar/2026:15:08:53 +0800] "GET /wp-content/uploads/2025/07/1753453127-%E4%BD%99%E5%8D%B7product_Single600%C3%97284.webp HTTP/1.1" 200 18744 "http://cqqizhou.com/" "Mozilla/5.0 (Windows NT 10.0; Win64; x64) AppleWebKit/537.36 (KHTML, like Gecko) Chrome/145.0.0.0 Safari/537.36 Edg/145.0.0.0"
14.108.234.64 - - [10/Mar/2026:15:08:53 +0800] "GET /wp-content/uploads/2025/07/1753456770-%E7%83%AD%E9%95%80%E9%94%8C%E5%8D%B7product_Single600.webp HTTP/1.1" 200 27502 "http://cqqizhou.com/" "Mozilla/5.0 (Windows NT 10.0; Win64; x64) AppleWebKit/537.36 (KHTML, like Gecko) Chrome/145.0.0.0 Safari/537.36 Edg/145.0.0.0"
14.108.234.64 - - [10/Mar/2026:15:08:53 +0800] "GET /wp-json/sliderrevolution/sliders/1?srengine=7&slideid=4 HTTP/1.1" 200 2580 "http://cqqizhou.com/" "Mozilla/5.0 (Windows NT 10.0; Win64; x64) AppleWebKit/537.36 (KHTML, like Gecko) Chrome/145.0.0.0 Safari/537.36 Edg/145.0.0.0"
36.133.115.36 - - [10/Mar/2026:15:08:53 +0800] "POST /wp-cron.php?doing_wp_cron=1773126533.5761699676513671875000 HTTP/1.1" 200 31 "-" "WordPress/6.9; http://cqqizhou.com"
14.108.234.64 - - [10/Mar/2026:15:08:53 +0800] "GET /wp-json/sliderrevolution/sliders/1?srengine=7&slideid=2 HTTP/1.1" 200 2000 "http://cqqizhou.com/" "Mozilla/5.0 (Windows NT 10.0; Win64; x64) AppleWebKit/537.36 (KHTML, like Gecko) Chrome/145.0.0.0 Safari/537.36 Edg/145.0.0.0"
14.108.234.64 - - [10/Mar/2026:15:08:53 +0800] "GET /wp-content/uploads/2026/01/1768276119-qizhoujiagong_Slider_3840%C3%972160_20260113-scaled.webp HTTP/1.1" 200 131696 "http://cqqizhou.com/" "Mozilla/5.0 (Windows NT 10.0; Win64; x64) AppleWebKit/537.36 (KHTML, like Gecko) Chrome/145.0.0.0 Safari/537.36 Edg/145.0.0.0"
14.108.234.64 - - [10/Mar/2026:15:08:53 +0800] "GET /wp-content/uploads/revslider/slider-1/1750861156-logistics_Slider_3840%C3%972160_20250625191356-scaled.webp HTTP/1.1" 200 197360 "http://cqqizhou.com/" "Mozilla/5.0 (Windows NT 10.0; Win64; x64) AppleWebKit/537.36 (KHTML, like Gecko) Chrome/145.0.0.0 Safari/537.36 Edg/145.0.0.0"
14.108.234.64 - - [10/Mar/2026:15:08:56 +0800] "GET /contacts/ HTTP/1.1" 301 5 "http://cqqizhou.com/" "Mozilla/5.0 (Windows NT 10.0; Win64; x64) AppleWebKit/537.36 (KHTML, like Gecko) Chrome/145.0.0.0 Safari/537.36 Edg/145.0.0.0"
14.108.234.64 - - [10/Mar/2026:15:08:56 +0800] "GET /contacts HTTP/1.1" 200 21758 "http://cqqizhou.com/" "Mozilla/5.0 (Windows NT 10.0; Win64; x64) AppleWebKit/537.36 (KHTML, like Gecko) Chrome/145.0.0.0 Safari/537.36 Edg/145.0.0.0"
14.108.234.64 - - [10/Mar/2026:15:08:56 +0800] "GET /wp-content/uploads/2025/11/1762826323-Contacts2000x400_20251111.webp HTTP/1.1" 200 15144 "http://cqqizhou.com/contacts" "Mozilla/5.0 (Windows NT 10.0; Win64; x64) AppleWebKit/537.36 (KHTML, like Gecko) Chrome/145.0.0.0 Safari/537.36 Edg/145.0.0.0"
14.108.234.64 - - [10/Mar/2026:15:08:56 +0800] "GET /wp-content/uploads/2025/07/1750005875-qizhou_map2025616.webp HTTP/1.1" 200 348798 "http://cqqizhou.com/contacts" "Mozilla/5.0 (Windows NT 10.0; Win64; x64) AppleWebKit/537.36 (KHTML, like Gecko) Chrome/145.0.0.0 Safari/537.36 Edg/145.0.0.0"
14.108.234.64 - - [10/Mar/2026:15:08:57 +0800] "GET /wp-json/contact-form-7/v1/contact-forms/158/feedback/schema HTTP/1.1" 200 358 "http://cqqizhou.com/contacts" "Mozilla/5.0 (Windows NT 10.0; Win64; x64) AppleWebKit/537.36 (KHTML, like Gecko) Chrome/145.0.0.0 Safari/537.36 Edg/145.0.0.0"
14.108.234.64 - - [10/Mar/2026:15:08:57 +0800] "GET /wp-json/contact-form-7/v1/contact-forms/158/refill HTTP/1.1" 200 33 "http://cqqizhou.com/contacts" "Mozilla/5.0 (Windows NT 10.0; Win64; x64) AppleWebKit/537.36 (KHTML, like Gecko) Chrome/145.0.0.0 Safari/537.36 Edg/145.0.0.0"
14.108.234.64 - - [10/Mar/2026:15:09:13 +0800] "GET /logistics HTTP/1.1" 200 25691 "http://cqqizhou.com/contacts" "Mozilla/5.0 (Windows NT 10.0; Win64; x64) AppleWebKit/537.36 (KHTML, like Gecko) Chrome/145.0.0.0 Safari/537.36 Edg/145.0.0.0"
14.108.234.64 - - [10/Mar/2026:15:09:13 +0800] "GET /wp-content/uploads/2026/01/1767696162-qizhoutruck3.webp HTTP/1.1" 200 19026 "http://cqqizhou.com/logistics" "Mozilla/5.0 (Windows NT 10.0; Win64; x64) AppleWebKit/537.36 (KHTML, like Gecko) Chrome/145.0.0.0 Safari/537.36 Edg/145.0.0.0"
14.108.234.64 - - [10/Mar/2026:15:09:13 +0800] "GET /wp-content/uploads/2025/11/1762864381-QZ_Photo-7.webp HTTP/1.1" 200 129922 "http://cqqizhou.com/logistics" "Mozilla/5.0 (Windows NT 10.0; Win64; x64) AppleWebKit/537.36 (KHTML, like Gecko) Chrome/145.0.0.0 Safari/537.36 Edg/145.0.0.0"
14.108.234.64 - - [10/Mar/2026:15:09:13 +0800] "GET /wp-content/uploads/2025/12/1765862012-DSC20251216131140.webp HTTP/1.1" 200 78744 "http://cqqizhou.com/logistics" "Mozilla/5.0 (Windows NT 10.0; Win64; x64) AppleWebKit/537.36 (KHTML, like Gecko) Chrome/145.0.0.0 Safari/537.36 Edg/145.0.0.0"
14.108.234.64 - - [10/Mar/2026:15:09:13 +0800] "GET /wp-content/uploads/2026/01/1767696142-aojiaqiao20260104.webp HTTP/1.1" 200 184988 "http://cqqizhou.com/logistics" "Mozilla/5.0 (Windows NT 10.0; Win64; x64) AppleWebKit/537.36 (KHTML, like Gecko) Chrome/145.0.0.0 Safari/537.36 Edg/145.0.0.0"
14.108.234.64 - - [10/Mar/2026:15:09:13 +0800] "GET /wp-content/uploads/logistics/Conatiner-5.webp HTTP/1.1" 200 63396 "http://cqqizhou.com/logistics" "Mozilla/5.0 (Windows NT 10.0; Win64; x64) AppleWebKit/537.36 (KHTML, like Gecko) Chrome/145.0.0.0 Safari/537.36 Edg/145.0.0.0"
36.133.115.36 - - [10/Mar/2026:15:09:14 +0800] "POST /wp-cron.php?doing_wp_cron=1773126554.1027491092681884765625 HTTP/1.1" 200 31 "-" "WordPress/6.9; http://cqqizhou.com"
14.108.234.64 - - [10/Mar/2026:15:09:14 +0800] "GET /wp-json/contact-form-7/v1/contact-forms/1444/feedback/schema HTTP/1.1" 200 270 "http://cqqizhou.com/logistics" "Mozilla/5.0 (Windows NT 10.0; Win64; x64) AppleWebKit/537.36 (KHTML, like Gecko) Chrome/145.0.0.0 Safari/537.36 Edg/145.0.0.0"
14.108.234.64 - - [10/Mar/2026:15:09:14 +0800] "GET /wp-json/contact-form-7/v1/contact-forms/1444/refill HTTP/1.1" 200 33 "http://cqqizhou.com/logistics" "Mozilla/5.0 (Windows NT 10.0; Win64; x64) AppleWebKit/537.36 (KHTML, like Gecko) Chrome/145.0.0.0 Safari/537.36 Edg/145.0.0.0"
14.108.234.64 - - [10/Mar/2026:15:09:16 +0800] "GET /wp-content/uploads/2026/02/1769999241-4.2%E7%B1%B3%E9%AB%98%E6%A0%8F%E8%B4%A7%E8%BD%A6.webp HTTP/1.1" 200 54794 "http://cqqizhou.com/logistics" "Mozilla/5.0 (Windows NT 10.0; Win64; x64) AppleWebKit/537.36 (KHTML, like Gecko) Chrome/145.0.0.0 Safari/537.36 Edg/145.0.0.0"
14.108.234.64 - - [10/Mar/2026:15:09:16 +0800] "GET /wp-content/uploads/2026/02/1769999335-17.5%E7%B1%B3%E5%B9%B3%E6%9D%BF%E8%B4%A7%E8%BD%A6.webp HTTP/1.1" 200 56978 "http://cqqizhou.com/logistics" "Mozilla/5.0 (Windows NT 10.0; Win64; x64) AppleWebKit/537.36 (KHTML, like Gecko) Chrome/145.0.0.0 Safari/537.36 Edg/145.0.0.0"
14.108.234.64 - - [10/Mar/2026:15:09:16 +0800] "GET /wp-content/uploads/2026/02/1770009968-9.6%E7%B1%B3%E4%BD%8E%E6%A0%8F%E5%B9%B3%E6%9D%BF%E8%B4%A7%E8%BD%A6.webp HTTP/1.1" 200 56690 "http://cqqizhou.com/logistics" "Mozilla/5.0 (Windows NT 10.0; Win64; x64) AppleWebKit/537.36 (KHTML, like Gecko) Chrome/145.0.0.0 Safari/537.36 Edg/145.0.0.0"
14.108.234.64 - - [10/Mar/2026:15:09:19 +0800] "GET /wp-content/uploads/2026/01/1767618076-Logistics_BG2508.webp HTTP/1.1" 200 94788 "http://cqqizhou.com/wp-content/uploads/elementor/css/post-1959.css?ver=1772714027" "Mozilla/5.0 (Windows NT 10.0; Win64; x64) AppleWebKit/537.36 (KHTML, like Gecko) Chrome/145.0.0.0 Safari/537.36 Edg/145.0.0.0"
36.133.115.36 - - [10/Mar/2026:15:10:24 +0800] "POST /wp-cron.php?doing_wp_cron=1773126623.9879999160766601562500 HTTP/1.1" 200 31 "-" "WordPress/6.9; http://cqqizhou.com"
176.65.148.68 - - [10/Mar/2026:15:10:24 +0800] "GET / HTTP/1.1" 200 157152 "-" "Mozilla/1.0"
36.133.115.36 - - [10/Mar/2026:15:17:25 +0800] "POST /wp-cron.php?doing_wp_cron=1773127045.5163230895996093750000 HTTP/1.1" 200 31 "-" "WordPress/6.9; http://cqqizhou.com"
14.108.234.64 - - [10/Mar/2026:15:17:25 +0800] "GET /wp-json/sliderrevolution/sliders/1?srengine=7&slideid=4 HTTP/1.1" 200 2580 "http://cqqizhou.com/" "Mozilla/5.0 (Windows NT 10.0; Win64; x64) AppleWebKit/537.36 (KHTML, like Gecko) Chrome/145.0.0.0 Safari/537.36 Edg/145.0.0.0"
14.108.234.64 - - [10/Mar/2026:15:17:25 +0800] "GET /wp-json/sliderrevolution/sliders/1?srengine=7&slideid=2 HTTP/1.1" 200 2000 "http://cqqizhou.com/" "Mozilla/5.0 (Windows NT 10.0; Win64; x64) AppleWebKit/537.36 (KHTML, like Gecko) Chrome/145.0.0.0 Safari/537.36 Edg/145.0.0.0"
14.108.234.64 - - [10/Mar/2026:15:17:29 +0800] "GET /wp-json/contact-form-7/v1/contact-forms/158/refill HTTP/1.1" 200 33 "http://cqqizhou.com/contacts" "Mozilla/5.0 (Windows NT 10.0; Win64; x64) AppleWebKit/537.36 (KHTML, like Gecko) Chrome/145.0.0.0 Safari/537.36 Edg/145.0.0.0"
14.108.234.64 - - [10/Mar/2026:15:17:29 +0800] "GET /wp-json/contact-form-7/v1/contact-forms/158/feedback/schema HTTP/1.1" 200 358 "http://cqqizhou.com/contacts" "Mozilla/5.0 (Windows NT 10.0; Win64; x64) AppleWebKit/537.36 (KHTML, like Gecko) Chrome/145.0.0.0 Safari/537.36 Edg/145.0.0.0"
36.133.115.36 - - [10/Mar/2026:15:18:43 +0800] "POST /wp-cron.php?doing_wp_cron=1773127123.2072720527648925781250 HTTP/1.1" 200 31 "-" "WordPress/6.9; http://cqqizhou.com"
157.245.197.148 - - [10/Mar/2026:15:18:43 +0800] "GET / HTTP/1.1" 200 34829 "-" "Mozilla/5.0 (Windows NT 10.0; Win64; x64) AppleWebKit/537.36 (KHTML, like Gecko) Chrome/90.0.4430.85 Safari/537.36 Edg/90.0.818.46"
36.133.115.36 - - [10/Mar/2026:15:20:45 +0800] "POST /wp-cron.php?doing_wp_cron=1773127245.6803750991821289062500 HTTP/1.1" 200 31 "-" "WordPress/6.9; http://cqqizhou.com"
144.52.243.252 - - [10/Mar/2026:15:20:45 +0800] "GET / HTTP/1.1" 301 5 "-" "Go-http-client/1.1"
144.52.243.252 - - [10/Mar/2026:15:20:45 +0800] "GET / HTTP/1.1" 200 35258 "http://xa5.shaanxi.cn.antiddos.cspt.fullcone.cn" "Go-http-client/1.1"
36.133.115.36 - - [10/Mar/2026:15:21:26 +0800] "POST /wp-cron.php?doing_wp_cron=1773127286.7126588821411132812500 HTTP/1.1" 200 31 "-" "WordPress/6.9; http://cqqizhou.com"
95.214.55.63 - - [10/Mar/2026:15:21:26 +0800] "GET /cgi-bin/login.cgi HTTP/1.1" 301 5 "-" "Mozilla/5.0 (Macintosh; Intel Mac OS X 10_15_7) AppleWebKit/537.36 (KHTML, like Gecko) Chrome/139.0.0.0 Safari/537.36"
36.133.115.36 - - [10/Mar/2026:15:22:43 +0800] "POST /wp-cron.php?doing_wp_cron=1773127363.0182149410247802734375 HTTP/1.1" 200 31 "-" "WordPress/6.9; http://cqqizhou.com"
223.104.249.82 - - [10/Mar/2026:15:22:43 +0800] "GET /news/2518 HTTP/1.1" 200 20105 "-" "Mozilla/5.0 (Linux; Android 12; DCO-AL00 Build/HUAWEIDCO-AL00P; wv) AppleWebKit/537.36 (KHTML, like Gecko) Version/4.0 Chrome/142.0.7444.173 Mobile Safari/537.36 XWEB/1420229 MMWEBSDK/20260101 MMWEBID/2662 REV/f54f4fa14ece7d4915b69ce007dd50b11f259aed MicroMessenger/8.0.69.3040(0x2800453F) WeChat/arm64 Weixin NetType/4G Language/zh_CN ABI/arm64"
223.104.249.82 - - [10/Mar/2026:15:22:44 +0800] "GET /wp-content/uploads/2026/03/1772790791-%E5%B0%81%E9%9D%A2%E5%A4%B4%E5%9B%BEArticle_images_W900%C3%97500px2026.webp HTTP/1.1" 200 52968 "http://cqqizhou.com/news/2518" "Mozilla/5.0 (Linux; Android 12; DCO-AL00 Build/HUAWEIDCO-AL00P; wv) AppleWebKit/537.36 (KHTML, like Gecko) Version/4.0 Chrome/142.0.7444.173 Mobile Safari/537.36 XWEB/1420229 MMWEBSDK/20260101 MMWEBID/2662 REV/f54f4fa14ece7d4915b69ce007dd50b11f259aed MicroMessenger/8.0.69.3040(0x2800453F) WeChat/arm64 Weixin NetType/4G Language/zh_CN ABI/arm64"
223.104.249.82 - - [10/Mar/2026:15:22:44 +0800] "GET /wp-content/uploads/2026/03/1772790943-1Article_images_W900px.webp HTTP/1.1" 200 35332 "http://cqqizhou.com/news/2518" "Mozilla/5.0 (Linux; Android 12; DCO-AL00 Build/HUAWEIDCO-AL00P; wv) AppleWebKit/537.36 (KHTML, like Gecko) Version/4.0 Chrome/142.0.7444.173 Mobile Safari/537.36 XWEB/1420229 MMWEBSDK/20260101 MMWEBID/2662 REV/f54f4fa14ece7d4915b69ce007dd50b11f259aed MicroMessenger/8.0.69.3040(0x2800453F) WeChat/arm64 Weixin NetType/4G Language/zh_CN ABI/arm64"
223.104.249.82 - - [10/Mar/2026:15:22:44 +0800] "GET /wp-content/uploads/2026/03/1772790943-2Article_images_W900px.webp HTTP/1.1" 200 45662 "http://cqqizhou.com/news/2518" "Mozilla/5.0 (Linux; Android 12; DCO-AL00 Build/HUAWEIDCO-AL00P; wv) AppleWebKit/537.36 (KHTML, like Gecko) Version/4.0 Chrome/142.0.7444.173 Mobile Safari/537.36 XWEB/1420229 MMWEBSDK/20260101 MMWEBID/2662 REV/f54f4fa14ece7d4915b69ce007dd50b11f259aed MicroMessenger/8.0.69.3040(0x2800453F) WeChat/arm64 Weixin NetType/4G Language/zh_CN ABI/arm64"
223.104.249.82 - - [10/Mar/2026:15:22:44 +0800] "GET /wp-content/uploads/2026/03/1772713922-Article_images_W900px.webp HTTP/1.1" 200 41304 "http://cqqizhou.com/news/2518" "Mozilla/5.0 (Linux; Android 12; DCO-AL00 Build/HUAWEIDCO-AL00P; wv) AppleWebKit/537.36 (KHTML, like Gecko) Version/4.0 Chrome/142.0.7444.173 Mobile Safari/537.36 XWEB/1420229 MMWEBSDK/20260101 MMWEBID/2662 REV/f54f4fa14ece7d4915b69ce007dd50b11f259aed MicroMessenger/8.0.69.3040(0x2800453F) WeChat/arm64 Weixin NetType/4G Language/zh_CN ABI/arm64"
223.104.249.82 - - [10/Mar/2026:15:22:44 +0800] "GET /wp-content/uploads/2026/02/1772086672-%E5%BC%80%E5%B7%A5%E5%A4%A7%E5%90%89%E5%B0%81%E9%9D%A2%E5%A4%B4%E5%9B%BEArticle_images_W900%C3%97500px.webp HTTP/1.1" 200 99110 "http://cqqizhou.com/news/2518" "Mozilla/5.0 (Linux; Android 12; DCO-AL00 Build/HUAWEIDCO-AL00P; wv) AppleWebKit/537.36 (KHTML, like Gecko) Version/4.0 Chrome/142.0.7444.173 Mobile Safari/537.36 XWEB/1420229 MMWEBSDK/20260101 MMWEBID/2662 REV/f54f4fa14ece7d4915b69ce007dd50b11f259aed MicroMessenger/8.0.69.3040(0x2800453F) WeChat/arm64 Weixin NetType/4G Language/zh_CN ABI/arm64"
223.104.249.82 - - [10/Mar/2026:15:22:44 +0800] "GET /wp-content/uploads/2025/07/1753410289-News2000%C3%97400_202571.webp HTTP/1.1" 200 17830 "http://cqqizhou.com/news/2518" "Mozilla/5.0 (Linux; Android 12; DCO-AL00 Build/HUAWEIDCO-AL00P; wv) AppleWebKit/537.36 (KHTML, like Gecko) Version/4.0 Chrome/142.0.7444.173 Mobile Safari/537.36 XWEB/1420229 MMWEBSDK/20260101 MMWEBID/2662 REV/f54f4fa14ece7d4915b69ce007dd50b11f259aed MicroMessenger/8.0.69.3040(0x2800453F) WeChat/arm64 Weixin NetType/4G Language/zh_CN ABI/arm64"
223.104.249.82 - - [10/Mar/2026:15:22:44 +0800] "GET /wp-content/uploads/2025/07/1751425283-qizhou.kf_.qq_.com_.webp HTTP/1.1" 200 16864 "http://cqqizhou.com/news/2518" "Mozilla/5.0 (Linux; Android 12; DCO-AL00 Build/HUAWEIDCO-AL00P; wv) AppleWebKit/537.36 (KHTML, like Gecko) Version/4.0 Chrome/142.0.7444.173 Mobile Safari/537.36 XWEB/1420229 MMWEBSDK/20260101 MMWEBID/2662 REV/f54f4fa14ece7d4915b69ce007dd50b11f259aed MicroMessenger/8.0.69.3040(0x2800453F) WeChat/arm64 Weixin NetType/4G Language/zh_CN ABI/arm64"
223.104.249.82 - - [10/Mar/2026:15:22:44 +0800] "GET /wp-content/uploads/2026/03/1772790943-3Article_images_W900px.webp HTTP/1.1" 200 37622 "http://cqqizhou.com/news/2518" "Mozilla/5.0 (Linux; Android 12; DCO-AL00 Build/HUAWEIDCO-AL00P; wv) AppleWebKit/537.36 (KHTML, like Gecko) Version/4.0 Chrome/142.0.7444.173 Mobile Safari/537.36 XWEB/1420229 MMWEBSDK/20260101 MMWEBID/2662 REV/f54f4fa14ece7d4915b69ce007dd50b11f259aed MicroMessenger/8.0.69.3040(0x2800453F) WeChat/arm64 Weixin NetType/4G Language/zh_CN ABI/arm64"
223.104.249.82 - - [10/Mar/2026:15:22:44 +0800] "GET /wp-content/uploads/2026/03/1772790943-5Article_images_W900px.webp HTTP/1.1" 200 57476 "http://cqqizhou.com/news/2518" "Mozilla/5.0 (Linux; Android 12; DCO-AL00 Build/HUAWEIDCO-AL00P; wv) AppleWebKit/537.36 (KHTML, like Gecko) Version/4.0 Chrome/142.0.7444.173 Mobile Safari/537.36 XWEB/1420229 MMWEBSDK/20260101 MMWEBID/2662 REV/f54f4fa14ece7d4915b69ce007dd50b11f259aed MicroMessenger/8.0.69.3040(0x2800453F) WeChat/arm64 Weixin NetType/4G Language/zh_CN ABI/arm64"
223.104.249.82 - - [10/Mar/2026:15:22:45 +0800] "GET /wp-content/uploads/2026/03/1772790943-6Article_images_W900px.webp HTTP/1.1" 200 57278 "http://cqqizhou.com/news/2518" "Mozilla/5.0 (Linux; Android 12; DCO-AL00 Build/HUAWEIDCO-AL00P; wv) AppleWebKit/537.36 (KHTML, like Gecko) Version/4.0 Chrome/142.0.7444.173 Mobile Safari/537.36 XWEB/1420229 MMWEBSDK/20260101 MMWEBID/2662 REV/f54f4fa14ece7d4915b69ce007dd50b11f259aed MicroMessenger/8.0.69.3040(0x2800453F) WeChat/arm64 Weixin NetType/4G Language/zh_CN ABI/arm64"
36.133.115.36 - - [10/Mar/2026:15:23:45 +0800] "POST /wp-cron.php?doing_wp_cron=1773127425.4284260272979736328125 HTTP/1.1" 200 31 "-" "WordPress/6.9; http://cqqizhou.com"
223.104.249.82 - - [10/Mar/2026:15:23:45 +0800] "GET /news/2505 HTTP/1.1" 200 20333 "http://cqqizhou.com/news/2518" "Mozilla/5.0 (Linux; Android 12; DCO-AL00 Build/HUAWEIDCO-AL00P; wv) AppleWebKit/537.36 (KHTML, like Gecko) Version/4.0 Chrome/142.0.7444.173 Mobile Safari/537.36 XWEB/1420229 MMWEBSDK/20260101 MMWEBID/2662 REV/f54f4fa14ece7d4915b69ce007dd50b11f259aed MicroMessenger/8.0.69.3040(0x2800453F) WeChat/arm64 Weixin NetType/4G Language/zh_CN ABI/arm64"
223.104.249.82 - - [10/Mar/2026:15:23:45 +0800] "GET /wp-content/uploads/2026/02/1772086673-20262261Article_images_W900px.webp HTTP/1.1" 200 53642 "http://cqqizhou.com/news/2505" "Mozilla/5.0 (Linux; Android 12; DCO-AL00 Build/HUAWEIDCO-AL00P; wv) AppleWebKit/537.36 (KHTML, like Gecko) Version/4.0 Chrome/142.0.7444.173 Mobile Safari/537.36 XWEB/1420229 MMWEBSDK/20260101 MMWEBID/2662 REV/f54f4fa14ece7d4915b69ce007dd50b11f259aed MicroMessenger/8.0.69.3040(0x2800453F) WeChat/arm64 Weixin NetType/4G Language/zh_CN ABI/arm64"
223.104.249.82 - - [10/Mar/2026:15:23:45 +0800] "GET /wp-content/uploads/2026/02/1772086671-20262263Article_images_W900px.webp HTTP/1.1" 200 63422 "http://cqqizhou.com/news/2505" "Mozilla/5.0 (Linux; Android 12; DCO-AL00 Build/HUAWEIDCO-AL00P; wv) AppleWebKit/537.36 (KHTML, like Gecko) Version/4.0 Chrome/142.0.7444.173 Mobile Safari/537.36 XWEB/1420229 MMWEBSDK/20260101 MMWEBID/2662 REV/f54f4fa14ece7d4915b69ce007dd50b11f259aed MicroMessenger/8.0.69.3040(0x2800453F) WeChat/arm64 Weixin NetType/4G Language/zh_CN ABI/arm64"
223.104.249.82 - - [10/Mar/2026:15:23:45 +0800] "GET /wp-content/uploads/2026/02/1772086673-20262262Article_images_W900px.webp HTTP/1.1" 200 56740 "http://cqqizhou.com/news/2505" "Mozilla/5.0 (Linux; Android 12; DCO-AL00 Build/HUAWEIDCO-AL00P; wv) AppleWebKit/537.36 (KHTML, like Gecko) Version/4.0 Chrome/142.0.7444.173 Mobile Safari/537.36 XWEB/1420229 MMWEBSDK/20260101 MMWEBID/2662 REV/f54f4fa14ece7d4915b69ce007dd50b11f259aed MicroMessenger/8.0.69.3040(0x2800453F) WeChat/arm64 Weixin NetType/4G Language/zh_CN ABI/arm64"
36.133.115.36 - - [10/Mar/2026:15:24:08 +0800] "POST /wp-cron.php?doing_wp_cron=1773127448.1850879192352294921875 HTTP/1.1" 200 31 "-" "WordPress/6.9; http://cqqizhou.com"
223.104.249.82 - - [10/Mar/2026:15:24:08 +0800] "GET /news/2518 HTTP/1.1" 200 20105 "http://cqqizhou.com/news/2505" "Mozilla/5.0 (Linux; Android 12; DCO-AL00 Build/HUAWEIDCO-AL00P; wv) AppleWebKit/537.36 (KHTML, like Gecko) Version/4.0 Chrome/142.0.7444.173 Mobile Safari/537.36 XWEB/1420229 MMWEBSDK/20260101 MMWEBID/2662 REV/f54f4fa14ece7d4915b69ce007dd50b11f259aed MicroMessenger/8.0.69.3040(0x2800453F) WeChat/arm64 Weixin NetType/4G Language/zh_CN ABI/arm64"
36.133.115.36 - - [10/Mar/2026:15:53:17 +0800] "POST /wp-cron.php?doing_wp_cron=1773129197.8194010257720947265625 HTTP/1.1" 200 31 "-" "WordPress/6.9; http://cqqizhou.com"
188.166.219.219 - - [10/Mar/2026:15:53:17 +0800] "GET / HTTP/1.1" 200 34829 "-" "Mozilla/5.0 (Windows NT 10.0; Win64; x64) AppleWebKit/537.36 (KHTML, like Gecko) Chrome/90.0.4430.85 Safari/537.36 Edg/90.0.818.46"
36.133.115.36 - - [10/Mar/2026:16:06:06 +0800] "POST /wp-cron.php?doing_wp_cron=1773129966.3663160800933837890625 HTTP/1.1" 200 31 "-" "WordPress/6.9; http://cqqizhou.com"
183.229.163.82 - - [10/Mar/2026:16:06:06 +0800] "GET / HTTP/1.1" 301 5 "https://m.baidu.com/?eqid=91c24b5650371f0f1000000269afcfef" "Mozilla/5.0 (iPhone; CPU iPhone OS 16_2 like Mac OS X) AppleWebKit/605.1.15 (KHTML, like Gecko) Mobile/15E148 SP-engine/3.55.0 main/1.0 baiduboxapp/15.50.0.10 (Baidu; P2 16.2) NABar/1.0 themeUA=Theme/default"
183.229.163.82 - - [10/Mar/2026:16:06:07 +0800] "GET / HTTP/1.1" 200 34829 "https://m.baidu.com/?eqid=91c24b5650371f0f1000000269afcfef" "Mozilla/5.0 (iPhone; CPU iPhone OS 16_2 like Mac OS X) AppleWebKit/605.1.15 (KHTML, like Gecko) Mobile/15E148 SP-engine/3.55.0 main/1.0 baiduboxapp/15.50.0.10 (Baidu; P2 16.2) NABar/1.0 themeUA=Theme/default"
183.229.163.82 - - [10/Mar/2026:16:06:10 +0800] "GET /wp-content/uploads/2025/07/1751425283-qizhou.kf_.qq_.com_.webp HTTP/1.1" 200 16864 "http://cqqizhou.com/" "Mozilla/5.0 (iPhone; CPU iPhone OS 16_2 like Mac OS X) AppleWebKit/605.1.15 (KHTML, like Gecko) Mobile/15E148 SP-engine/3.55.0 main/1.0 baiduboxapp/15.50.0.10 (Baidu; P2 16.2) NABar/1.0 themeUA=Theme/default"
183.229.163.82 - - [10/Mar/2026:16:06:12 +0800] "GET /wp-content/uploads/2025/07/1753456723-%E5%8F%8C%E7%9B%B8%E9%92%A2roduct_Single600.webp HTTP/1.1" 200 22790 "http://cqqizhou.com/" "Mozilla/5.0 (iPhone; CPU iPhone OS 16_2 like Mac OS X) AppleWebKit/605.1.15 (KHTML, like Gecko) Mobile/15E148 SP-engine/3.55.0 main/1.0 baiduboxapp/15.50.0.10 (Baidu; P2 16.2) NABar/1.0 themeUA=Theme/default"
183.229.163.82 - - [10/Mar/2026:16:06:12 +0800] "GET /wp-content/uploads/2025/07/1753453096-%E5%8F%8C%E7%9B%B8%E9%92%A2product_Single600%C3%97284.webp HTTP/1.1" 200 14562 "http://cqqizhou.com/" "Mozilla/5.0 (iPhone; CPU iPhone OS 16_2 like Mac OS X) AppleWebKit/605.1.15 (KHTML, like Gecko) Mobile/15E148 SP-engine/3.55.0 main/1.0 baiduboxapp/15.50.0.10 (Baidu; P2 16.2) NABar/1.0 themeUA=Theme/default"
183.229.163.82 - - [10/Mar/2026:16:06:12 +0800] "GET /wp-content/uploads/2025/07/1753456770-%E7%83%AD%E9%95%80%E9%94%8C%E5%8D%B7product_Single600.webp HTTP/1.1" 200 27502 "http://cqqizhou.com/" "Mozilla/5.0 (iPhone; CPU iPhone OS 16_2 like Mac OS X) AppleWebKit/605.1.15 (KHTML, like Gecko) Mobile/15E148 SP-engine/3.55.0 main/1.0 baiduboxapp/15.50.0.10 (Baidu; P2 16.2) NABar/1.0 themeUA=Theme/default"
183.229.163.82 - - [10/Mar/2026:16:06:12 +0800] "GET /wp-content/uploads/2025/07/1753453127-%E4%BD%99%E5%8D%B7product_Single600%C3%97284.webp HTTP/1.1" 200 18744 "http://cqqizhou.com/" "Mozilla/5.0 (iPhone; CPU iPhone OS 16_2 like Mac OS X) AppleWebKit/605.1.15 (KHTML, like Gecko) Mobile/15E148 SP-engine/3.55.0 main/1.0 baiduboxapp/15.50.0.10 (Baidu; P2 16.2) NABar/1.0 themeUA=Theme/default"
36.133.115.36 - - [10/Mar/2026:16:06:15 +0800] "POST /wp-cron.php?doing_wp_cron=1773129975.1352620124816894531250 HTTP/1.1" 200 31 "-" "WordPress/6.9; http://cqqizhou.com"
116.179.37.226 - - [10/Mar/2026:16:06:15 +0800] "GET / HTTP/1.1" 200 34830 "-" "Mozilla/5.0 (iPhone; CPU iPhone OS 9_1 like Mac OS X) AppleWebKit/601.1.46 (KHTML, like Gecko) Version/9.0 Mobile/13B143 Safari/601.1 (compatible; Baiduspider-render/2.0; +http://www.baidu.com/search/spider.html)"
116.179.37.234 - - [10/Mar/2026:16:06:23 +0800] "GET /wp-content/uploads/2026/02/1770617354-Article_images_W900px-768x479.webp HTTP/1.1" 200 14746 "http://cqqizhou.com/" "Mozilla/5.0 (iPhone; CPU iPhone OS 9_1 like Mac OS X) AppleWebKit/601.1.46 (KHTML, like Gecko) Version/9.0 Mobile/13B143 Safari/601.1 (compatible; Baiduspider-render/2.0; +http://www.baidu.com/search/spider.html)"
36.133.115.36 - - [10/Mar/2026:16:09:46 +0800] "POST /wp-cron.php?doing_wp_cron=1773130186.1628890037536621093750 HTTP/1.1" 200 31 "-" "WordPress/6.9; http://cqqizhou.com"
116.179.32.133 - - [10/Mar/2026:16:09:46 +0800] "GET / HTTP/1.1" 301 5 "-" "Mozilla/5.0 (Linux;u;Android 4.2.2;zh-cn;) AppleWebKit/534.46 (KHTML,like Gecko) Version/5.1 Mobile Safari/10600.6.3 (compatible; Baiduspider/2.0; +http://www.baidu.com/search/spider.html)"
116.179.32.221 - - [10/Mar/2026:16:09:47 +0800] "GET / HTTP/1.1" 200 34829 "-" "Mozilla/5.0 (Linux;u;Android 4.2.2;zh-cn;) AppleWebKit/534.46 (KHTML,like Gecko) Version/5.1 Mobile Safari/10600.6.3 (compatible; Baiduspider/2.0; +http://www.baidu.com/search/spider.html)"
119.249.100.234 - - [10/Mar/2026:16:10:01 +0800] "GET /robots.txt HTTP/1.1" 301 5 "-" "Mozilla/5.0 (Windows NT 10.0; WOW64) AppleWebKit/537.36 (KHTML, like Gecko) Chrome/48.0.2564.116 Safari/537.36"
119.249.100.178 - - [10/Mar/2026:16:10:02 +0800] "GET /robots.txt HTTP/1.1" 200 190 "-" "Mozilla/5.0 (Windows NT 10.0; WOW64) AppleWebKit/537.36 (KHTML, like Gecko) Chrome/48.0.2564.116 Safari/537.36"
36.133.115.36 - - [10/Mar/2026:16:11:58 +0800] "POST /wp-cron.php?doing_wp_cron=1773130318.0756399631500244140625 HTTP/1.1" 200 31 "-" "WordPress/6.9; http://cqqizhou.com"
36.142.83.131 - - [10/Mar/2026:16:11:58 +0800] "GET http://cqqizhou.com/wp-content/uploads/2025/09/1756868585-20250903104658_78_5.webp%20900w,%20http://cqqizhou.com/wp-content/uploads/2025/09/1756868585-20250903104658_78_5-300x135.webp%20300w,%20/wp-content/uploads/2025/09/1756868585-20250903104658_78_5-768x346.webp%20768w HTTP/1.1" 301 5 "http://cqqizhou.com/" "Mozilla/5.0 (Windows NT 10.0; Win64; x64) AppleWebKit/537.36 (KHTML, like Gecko) Chrome/104.0.5112.81 Safari/537.36"
36.142.83.131 - - [10/Mar/2026:16:12:00 +0800] "GET /wp-content/uploads/2025/09/1756868585-20250903104658_78_5.webp%20900w,%20http:/cqqizhou.com/wp-content/uploads/2025/09/1756868585-20250903104658_78_5-300x135.webp%20300w,%20/wp-content/uploads/2025/09/1756868585-20250903104658_78_5-768x346.webp%20768w HTTP/1.1" 404 8947 "http://cqqizhou.com/" "Mozilla/5.0 (Windows NT 10.0; Win64; x64) AppleWebKit/537.36 (KHTML, like Gecko) Chrome/104.0.5112.81 Safari/537.36"
1.117.49.29 - - [10/Mar/2026:16:12:02 +0800] "GET /wp-content/uploads/2025/09/1756868585-20250903104658_78_5.webp%20900w,%20http://cqqizhou.com/wp-content/uploads/2025/09/1756868585-20250903104658_78_5-300x135.webp%20300w,%20http://cqqizhou.com/wp-content/uploads/2025/09/1756868585-20250903104658_78_5-768x346.webp%20768w HTTP/1.1" 301 5 "http://cqqizhou.com/" "Mozilla/5.0 (Windows NT 10.0; Win64; x64) AppleWebKit/537.36 (KHTML, like Gecko) Chrome/104.0.5112.81 Safari/537.36"
1.117.49.29 - - [10/Mar/2026:16:12:03 +0800] "GET /wp-content/uploads/2025/09/1756868585-20250903104658_78_5.webp%20900w,%20http:/cqqizhou.com/wp-content/uploads/2025/09/1756868585-20250903104658_78_5-300x135.webp%20300w,%20http:/cqqizhou.com/wp-content/uploads/2025/09/1756868585-20250903104658_78_5-768x346.webp%20768w HTTP/1.1" 404 8948 "http://cqqizhou.com/" "Mozilla/5.0 (Windows NT 10.0; Win64; x64) AppleWebKit/537.36 (KHTML, like Gecko) Chrome/104.0.5112.81 Safari/537.36"
36.133.115.36 - - [10/Mar/2026:16:12:08 +0800] "POST /wp-cron.php?doing_wp_cron=1773130328.6029200553894042968750 HTTP/1.1" 200 31 "-" "WordPress/6.9; http://cqqizhou.com"
51.195.215.32 - - [10/Mar/2026:16:12:08 +0800] "GET /robots.txt HTTP/1.1" 200 190 "-" "Mozilla/5.0 (compatible; AhrefsBot/7.0; +http://ahrefs.com/robot/)"
92.222.108.115 - - [10/Mar/2026:16:12:12 +0800] "GET /news/2155 HTTP/1.1" 200 29216 "-" "Mozilla/5.0 (compatible; AhrefsBot/7.0; +http://ahrefs.com/robot/)"
113.248.220.150 - - [10/Mar/2026:17:20:40 +0800] "GET / HTTP/1.1" 200 35258 "-" "Mozilla/5.0 (Windows NT 10.0; Win64; x64; rv:138.0) Gecko/20100101 Firefox/138.0"
43.159.135.203 - - [10/Mar/2026:17:26:34 +0800] "GET / HTTP/1.1" 301 5 "-" "Mozilla/5.0 (iPhone; CPU iPhone OS 13_2_3 like Mac OS X) AppleWebKit/605.1.15 (KHTML, like Gecko) Version/13.0.3 Mobile/15E148 Safari/604.1"
43.159.135.203 - - [10/Mar/2026:17:26:36 +0800] "GET / HTTP/1.1" 200 34829 "http://36.133.115.36" "Mozilla/5.0 (iPhone; CPU iPhone OS 13_2_3 like Mac OS X) AppleWebKit/605.1.15 (KHTML, like Gecko) Version/13.0.3 Mobile/15E148 Safari/604.1"
36.133.115.36 - - [10/Mar/2026:17:37:41 +0800] "POST /wp-cron.php?doing_wp_cron=1773135461.9140050411224365234375 HTTP/1.1" 200 31 "-" "WordPress/6.9; http://cqqizhou.com"
54.37.118.86 - - [10/Mar/2026:17:37:41 +0800] "GET /news/2475 HTTP/1.1" 200 26808 "-" "Mozilla/5.0 (compatible; AhrefsBot/7.0; +http://ahrefs.com/robot/)"
36.133.115.36 - - [10/Mar/2026:17:53:20 +0800] "POST /wp-cron.php?doing_wp_cron=1773136400.6398160457611083984375 HTTP/1.1" 200 31 "-" "WordPress/6.9; http://cqqizhou.com"
43.158.91.71 - - [10/Mar/2026:17:53:20 +0800] "GET / HTTP/1.1" 200 34829 "-" "Mozilla/5.0 (iPhone; CPU iPhone OS 13_2_3 like Mac OS X) AppleWebKit/605.1.15 (KHTML, like Gecko) Version/13.0.3 Mobile/15E148 Safari/604.1"
36.133.115.36 - - [10/Mar/2026:18:05:21 +0800] "POST /wp-cron.php?doing_wp_cron=1773137121.2776389122009277343750 HTTP/1.1" 200 31 "-" "WordPress/6.9; http://cqqizhou.com"
220.197.78.50 - - [10/Mar/2026:18:05:25 +0800] "GET / HTTP/1.1" 200 103889 "-" "-"
124.227.31.21 - - [10/Mar/2026:18:05:59 +0800] "GET / HTTP/1.1" 301 5 "-" "Mozilla/5.0 (Windows NT 6.1) AppleWebKit/537.36 (KHTML, like Gecko) Chrome/49.0.2623.112 Safari/537.36"
36.133.115.36 - - [10/Mar/2026:18:25:43 +0800] "POST /wp-cron.php?doing_wp_cron=1773138343.3670399188995361328125 HTTP/1.1" 200 31 "-" "WordPress/6.9; http://cqqizhou.com"
45.153.34.187 - - [10/Mar/2026:18:25:43 +0800] "GET / HTTP/1.1" 200 157152 "-" "Mozilla/5.0"
36.133.115.36 - - [10/Mar/2026:18:30:16 +0800] "POST /wp-cron.php?doing_wp_cron=1773138616.3073589801788330078125 HTTP/1.1" 200 31 "-" "WordPress/6.9; http://cqqizhou.com"
176.31.139.0 - - [10/Mar/2026:18:30:16 +0800] "GET /portfolio-tag/ansteel-thyssen/ HTTP/1.1" 404 8949 "-" "Mozilla/5.0 (compatible; AhrefsBot/7.0; +http://ahrefs.com/robot/)"
36.133.115.36 - - [10/Mar/2026:18:33:35 +0800] "POST /wp-cron.php?doing_wp_cron=1773138814.9711999893188476562500 HTTP/1.1" 200 31 "-" "WordPress/6.9; http://cqqizhou.com"
1.181.239.6 - - [10/Mar/2026:18:33:35 +0800] "GET /contacts/ HTTP/1.1" 301 5 "-" "Mozilla/5.0 (Windows NT 10.0; Win64; x64) AppleWebKit/537.36 (KHTML, like Gecko) Chrome/136.0.0.0 Safari/537.36"
1.181.239.6 - - [10/Mar/2026:18:33:35 +0800] "GET http://cqqizhou.com/contacts HTTP/1.1" 200 21758 "-" "Mozilla/5.0 (Windows NT 10.0; Win64; x64) AppleWebKit/537.36 (KHTML, like Gecko) Chrome/136.0.0.0 Safari/537.36"
116.179.32.229 - - [10/Mar/2026:18:36:04 +0800] "GET /news/2164 HTTP/1.1" 200 23732 "-" "Mozilla/5.0 (compatible; Baiduspider/2.0; +http://www.baidu.com/search/spider.html)"
36.133.115.36 - - [10/Mar/2026:18:36:05 +0800] "POST /wp-cron.php?doing_wp_cron=1773138965.4127368927001953125000 HTTP/1.1" 200 31 "-" "WordPress/6.9; http://cqqizhou.com"
116.179.32.100 - - [10/Mar/2026:18:36:05 +0800] "GET /2052/ HTTP/1.1" 301 5 "-" "Mozilla/5.0 (compatible; Baiduspider/2.0; +http://www.baidu.com/search/spider.html)"
116.179.32.220 - - [10/Mar/2026:18:36:05 +0800] "GET /news/2052 HTTP/1.1" 200 25798 "-" "Mozilla/5.0 (compatible; Baiduspider/2.0; +http://www.baidu.com/search/spider.html)"
87.121.84.97 - - [10/Mar/2026:18:36:46 +0800] "GET /js/_system/jQuery-File-Upload/server/php/index.php?file=tf2rghf.jpg HTTP/1.1" 404 27 "-" "ALittle Client"
