File: /home/logs/cqqizhou_access_2026-02-03.log
36.133.115.36 - - [03/Feb/2026:00:03:31 +0800] "POST /wp-cron.php?doing_wp_cron=1770048211.0026628971099853515625 HTTP/1.1" 200 31 "-" "WordPress/6.9; http://cqqizhou.com"
36.133.108.119 - - [03/Feb/2026:00:03:31 +0800] "HEAD /rasax/.env HTTP/1.1" 404 0 "-" "Mozilla/5.0 (X11; Linux x86_64) AppleWebKit/537.36 (KHTML, like Gecko) Chrome/41.0.2227.0 Safari/537.36"
36.133.115.36 - - [03/Feb/2026:00:06:45 +0800] "POST /wp-cron.php?doing_wp_cron=1770048405.4195919036865234375000 HTTP/1.1" 200 31 "-" "WordPress/6.9; http://cqqizhou.com"
183.143.153.63 - - [03/Feb/2026:00:06:45 +0800] "GET /Ly9jcXFpemhvdS5jb20vd3AtY29udGVudC91cGxvYWRzLzIwMjYvMDEvMTc2ODI3NjExOS1xaXpob3VqaWFnb25nX1NsaWRlcl8zODQww5cyMTYwXzIwMjYwMTEzLXNjYWxlZC53ZWJw HTTP/1.1" 404 8950 "-" "Mozilla/5.0 (Windows NT 6.2; WOW64) AppleWebKit/537.36 (KHTML, like Gecko) Chrome/70.0.3538.16"
36.133.115.36 - - [03/Feb/2026:00:07:32 +0800] "POST /wp-cron.php?doing_wp_cron=1770048452.9002339839935302734375 HTTP/1.1" 200 31 "-" "WordPress/6.9; http://cqqizhou.com"
185.191.171.16 - - [03/Feb/2026:00:07:32 +0800] "GET /robots.txt HTTP/1.1" 200 190 "-" "Mozilla/5.0 (compatible; SemrushBot/7~bl; +http://www.semrush.com/bot.html)"
85.208.96.194 - - [03/Feb/2026:00:07:35 +0800] "GET /portfolio/ HTTP/1.1" 404 8950 "-" "Mozilla/5.0 (compatible; SemrushBot/7~bl; +http://www.semrush.com/bot.html)"
110.19.38.185 - - [03/Feb/2026:00:11:19 +0800] "GET /2475/ HTTP/1.1" 200 26552 "-" "Mozilla/5.0 (Windows NT 10.0; Win64; x64) AppleWebKit/537.36 (KHTML, like Gecko) Chrome/135.0.0.0 Safari/537.36"
36.133.115.36 - - [03/Feb/2026:00:29:14 +0800] "POST /wp-cron.php?doing_wp_cron=1770049754.8777630329132080078125 HTTP/1.1" 200 31 "-" "WordPress/6.9; http://cqqizhou.com"
183.142.150.35 - - [03/Feb/2026:00:29:14 +0800] "GET /Ly9jcXFpemhvdS5jb20vd3AtY29udGVudC91cGxvYWRzLzIwMjYvMDEvMTc2ODI4MDI3MC1hbnF1YW5fU2xpZGVyXzM4NDDDlzIxNjBfMjAyNjAxMTQtc2NhbGVkLndlYnA= HTTP/1.1" 404 8951 "-" "Mozilla/5.0 (Windows NT 6.2; WOW64) AppleWebKit/537.36 (KHTML, like Gecko) Chrome/76.0.3809.25"
36.133.115.36 - - [03/Feb/2026:00:38:11 +0800] "POST /wp-cron.php?doing_wp_cron=1770050291.9290149211883544921875 HTTP/1.1" 200 31 "-" "WordPress/6.9; http://cqqizhou.com"
204.76.203.219 - - [03/Feb/2026:00:38:11 +0800] "GET / HTTP/1.1" 200 34753 "-" "Mozilla/5.0 (Windows NT 10.0; Win64; x64) AppleWebKit/537.36 (KHTML, like Gecko) Chrome/90.0.4430.85 Safari/537.36 Edg/90.0.818.46"
36.133.115.36 - - [03/Feb/2026:00:39:01 +0800] "POST /wp-cron.php?doing_wp_cron=1770050341.0846989154815673828125 HTTP/1.1" 200 31 "-" "WordPress/6.9; http://cqqizhou.com"
52.167.144.138 - - [03/Feb/2026:00:39:01 +0800] "GET /?s=2026 HTTP/1.1" 200 18731 "-" "Mozilla/5.0 AppleWebKit/537.36 (KHTML, like Gecko; compatible; bingbot/2.0; +http://www.bing.com/bingbot.htm) Chrome/116.0.1938.76 Safari/537.36"
36.133.115.36 - - [03/Feb/2026:00:39:51 +0800] "POST /wp-cron.php?doing_wp_cron=1770050391.7549190521240234375000 HTTP/1.1" 200 31 "-" "WordPress/6.9; http://cqqizhou.com"
52.167.144.138 - - [03/Feb/2026:00:39:51 +0800] "GET /?s=2026 HTTP/1.1" 200 18730 "-" "Mozilla/5.0 AppleWebKit/537.36 (KHTML, like Gecko; compatible; bingbot/2.0; +http://www.bing.com/bingbot.htm) Chrome/116.0.1938.76 Safari/537.36"
123.57.13.121 - - [03/Feb/2026:00:57:04 +0800] "GET / HTTP/1.1" 200 35185 "-" "Mozilla/5.0 (Windows NT 10.0; Win64; x64) AppleWebKit/537.36 (KHTML, like Gecko) Chrome/104.0.0.0 Safari/537.36"
36.133.115.36 - - [03/Feb/2026:01:05:26 +0800] "POST /wp-cron.php?doing_wp_cron=1770051926.5857288837432861328125 HTTP/1.1" 200 31 "-" "WordPress/6.9; http://cqqizhou.com"
185.247.137.38 - - [03/Feb/2026:01:05:26 +0800] "GET / HTTP/1.1" 301 5 "-" "Mozilla/5.0 (compatible; InternetMeasurement/1.0; +https://internet-measurement.com/)"
185.247.137.38 - - [03/Feb/2026:01:05:27 +0800] "GET / HTTP/1.1" 200 35185 "http://36.133.115.36" "Mozilla/5.0 (compatible; InternetMeasurement/1.0; +https://internet-measurement.com/)"
36.133.115.36 - - [03/Feb/2026:01:07:16 +0800] "POST /wp-cron.php?doing_wp_cron=1770052036.3928360939025878906250 HTTP/1.1" 200 31 "-" "WordPress/6.9; http://cqqizhou.com"
43.157.38.131 - - [03/Feb/2026:01:07:16 +0800] "GET / HTTP/1.1" 301 5 "-" "Mozilla/5.0 (iPhone; CPU iPhone OS 13_2_3 like Mac OS X) AppleWebKit/605.1.15 (KHTML, like Gecko) Version/13.0.3 Mobile/15E148 Safari/604.1"
43.157.38.131 - - [03/Feb/2026:01:07:18 +0800] "GET / HTTP/1.1" 200 34753 "http://www.cqqizhou.com" "Mozilla/5.0 (iPhone; CPU iPhone OS 13_2_3 like Mac OS X) AppleWebKit/605.1.15 (KHTML, like Gecko) Version/13.0.3 Mobile/15E148 Safari/604.1"
36.133.115.36 - - [03/Feb/2026:01:12:29 +0800] "POST /wp-cron.php?doing_wp_cron=1770052349.7555079460144042968750 HTTP/1.1" 200 31 "-" "WordPress/6.9; http://cqqizhou.com"
176.65.139.8 - - [03/Feb/2026:01:12:30 +0800] "GET / HTTP/1.1" 200 157284 "http://36.133.115.36:80/" "Mozilla/5.0 (X11; Linux x86_64) AppleWebKit/537.36 (KHTML, like Gecko) Chrome/126.0.0.0 Safari/537.36"
36.133.108.119 - - [03/Feb/2026:01:14:28 +0800] "HEAD /vendor/phpunit/phpunit/Util/PHP/eval-stdin.php HTTP/1.1" 404 0 "-" "Mozilla/5.0 (X11; Linux x86_64) AppleWebKit/537.36 (KHTML, like Gecko) Chrome/41.0.2227.0 Safari/537.36"
36.133.115.36 - - [03/Feb/2026:01:20:01 +0800] "POST /wp-cron.php?doing_wp_cron=1770052801.0444440841674804687500 HTTP/1.1" 200 31 "-" "WordPress/6.9; http://cqqizhou.com"
77.90.185.76 - - [03/Feb/2026:01:20:01 +0800] "POST / HTTP/1.1" 200 34753 "-" "Mozilla/5.0 (Windows NT 10.0; Win64; x64) AppleWebKit/537.36 (KHTML, like Gecko) Chrome/144.0.0.0 Safari/537.36"
77.90.185.76 - - [03/Feb/2026:01:20:03 +0800] "POST / HTTP/1.1" 200 34753 "-" "Mozilla/5.0 (Windows NT 10.0; Win64; x64) AppleWebKit/537.36 (KHTML, like Gecko) Chrome/144.0.0.0 Safari/537.36"
36.133.115.36 - - [03/Feb/2026:01:21:33 +0800] "POST /wp-cron.php?doing_wp_cron=1770052893.7877759933471679687500 HTTP/1.1" 200 31 "-" "WordPress/6.9; http://cqqizhou.com"
43.166.136.153 - - [03/Feb/2026:01:21:33 +0800] "GET /wp-content/uploads/2026/01/1768276119-qizhoujiagong_Slider_3840 HTTP/1.1" 404 8950 "-" "Mozilla/5.0 (iPhone; CPU iPhone OS 13_2_3 like Mac OS X) AppleWebKit/605.1.15 (KHTML, like Gecko) Version/13.0.3 Mobile/15E148 Safari/604.1"
223.244.8.41 - - [03/Feb/2026:01:33:37 +0800] "GET /public/ckfinder/core/connector/php/connector.php?Command=GetFoldersAndFiles&Type=Image&CurrentFolder= HTTP/1.1" 404 47 "-" "Mozilla/5.0 (Windows NT 10.0; Win64; x64) AppleWebKit/537.36"
36.133.115.36 - - [03/Feb/2026:01:37:57 +0800] "POST /wp-cron.php?doing_wp_cron=1770053877.4052350521087646484375 HTTP/1.1" 200 31 "-" "WordPress/6.9; http://cqqizhou.com"
204.76.203.219 - - [03/Feb/2026:01:37:57 +0800] "GET / HTTP/1.1" 200 34754 "-" "Mozilla/5.0 (Windows NT 10.0; Win64; x64) AppleWebKit/537.36 (KHTML, like Gecko) Chrome/90.0.4430.85 Safari/537.36 Edg/90.0.818.46"
36.133.115.36 - - [03/Feb/2026:01:40:38 +0800] "POST /wp-cron.php?doing_wp_cron=1770054038.4680809974670410156250 HTTP/1.1" 200 31 "-" "WordPress/6.9; http://cqqizhou.com"
204.76.203.69 - - [03/Feb/2026:01:40:39 +0800] "GET / HTTP/1.1" 200 157284 "-" "-"
182.242.147.130 - - [03/Feb/2026:01:41:32 +0800] "GET /2162/ HTTP/1.1" 200 25059 "-" "Mozilla/5.0 (Windows NT 10.0; Win64; x64) AppleWebKit/537.36 (KHTML, like Gecko) Chrome/139.0.0.0 Safari/537.36"
36.133.115.36 - - [03/Feb/2026:01:41:34 +0800] "POST /wp-cron.php?doing_wp_cron=1770054093.9896099567413330078125 HTTP/1.1" 200 31 "-" "WordPress/6.9; http://cqqizhou.com"
182.242.147.130 - - [03/Feb/2026:01:41:34 +0800] "POST /wp-admin/admin-ajax.php HTTP/1.1" 200 100 "http://cqqizhou.com/2162/" "Mozilla/5.0 (Windows NT 10.0; Win64; x64) AppleWebKit/537.36 (KHTML, like Gecko) Chrome/139.0.0.0 Safari/537.36"
182.242.147.130 - - [03/Feb/2026:01:41:34 +0800] "POST /wp-admin/admin-ajax.php HTTP/1.1" 200 569 "http://cqqizhou.com/2162/" "Mozilla/5.0 (Windows NT 10.0; Win64; x64) AppleWebKit/537.36 (KHTML, like Gecko) Chrome/139.0.0.0 Safari/537.36"
36.133.115.36 - - [03/Feb/2026:02:15:23 +0800] "POST /wp-cron.php?doing_wp_cron=1770056123.7067739963531494140625 HTTP/1.1" 200 31 "-" "WordPress/6.9; http://cqqizhou.com"
43.159.132.207 - - [03/Feb/2026:02:15:23 +0800] "GET / HTTP/1.1" 200 34753 "-" "Mozilla/5.0 (iPhone; CPU iPhone OS 13_2_3 like Mac OS X) AppleWebKit/605.1.15 (KHTML, like Gecko) Version/13.0.3 Mobile/15E148 Safari/604.1"
36.133.115.36 - - [03/Feb/2026:02:28:00 +0800] "POST /wp-cron.php?doing_wp_cron=1770056880.3993170261383056640625 HTTP/1.1" 200 31 "-" "WordPress/6.9; http://cqqizhou.com"
204.76.203.219 - - [03/Feb/2026:02:28:00 +0800] "GET / HTTP/1.1" 200 34753 "-" "Mozilla/5.0 (Windows NT 10.0; Win64; x64) AppleWebKit/537.36 (KHTML, like Gecko) Chrome/90.0.4430.85 Safari/537.36 Edg/90.0.818.46"
36.133.115.36 - - [03/Feb/2026:02:30:47 +0800] "POST /wp-cron.php?doing_wp_cron=1770057046.9967830181121826171875 HTTP/1.1" 200 31 "-" "WordPress/6.9; http://cqqizhou.com"
36.133.108.119 - - [03/Feb/2026:02:30:47 +0800] "HEAD /Final_Project/kafka_twitter/.env HTTP/1.1" 404 0 "-" "Mozilla/5.0 (Windows NT 6.1) AppleWebKit/537.36 (KHTML, like Gecko) Chrome/27.0.1453.90 Safari/537.36"
36.133.115.36 - - [03/Feb/2026:02:37:09 +0800] "POST /wp-cron.php?doing_wp_cron=1770057429.1351819038391113281250 HTTP/1.1" 200 31 "-" "WordPress/6.9; http://cqqizhou.com"
146.19.24.133 - - [03/Feb/2026:02:37:09 +0800] "GET / HTTP/1.1" 200 109842 "-" "python-requests/2.31.0"
36.133.115.36 - - [03/Feb/2026:02:54:50 +0800] "POST /wp-cron.php?doing_wp_cron=1770058490.0770130157470703125000 HTTP/1.1" 200 31 "-" "WordPress/6.9; http://cqqizhou.com"
5.135.139.120 - - [03/Feb/2026:02:54:50 +0800] "POST /xmlrpc.php HTTP/1.1" 200 217 "-" "Mozilla/5.0 (Windows NT 10.0; Win64; x64) AppleWebKit/537.36 (KHTML, like Gecko) Chrome/140.0.0.0 Safari/537.36 Edg/140.0.0.0"
36.133.115.36 - - [03/Feb/2026:02:58:50 +0800] "POST /wp-cron.php?doing_wp_cron=1770058730.7201139926910400390625 HTTP/1.1" 200 31 "-" "WordPress/6.9; http://cqqizhou.com"
123.168.163.15 - - [03/Feb/2026:02:58:50 +0800] "GET / HTTP/1.1" 301 5 "-" "Go-http-client/1.1"
123.168.163.15 - - [03/Feb/2026:02:58:50 +0800] "GET / HTTP/1.1" 200 35185 "http://xa4.shaanxi.cn.antiddos.cspt.fullcone.cn" "Go-http-client/1.1"
36.133.115.36 - - [03/Feb/2026:03:04:36 +0800] "POST /wp-cron.php?doing_wp_cron=1770059076.4211809635162353515625 HTTP/1.1" 200 31 "-" "WordPress/6.9; http://cqqizhou.com"
182.42.105.144 - - [03/Feb/2026:03:04:36 +0800] "GET / HTTP/1.1" 200 34753 "-" "Mozilla/5.0 (iPhone; CPU iPhone OS 13_2_3 like Mac OS X) AppleWebKit/605.1.15 (KHTML, like Gecko) Version/13.0.3 Mobile/15E148 Safari/604.1"
36.133.115.36 - - [03/Feb/2026:03:17:21 +0800] "POST /wp-cron.php?doing_wp_cron=1770059841.5179479122161865234375 HTTP/1.1" 200 31 "-" "WordPress/6.9; http://cqqizhou.com"
60.169.243.36 - - [03/Feb/2026:03:17:21 +0800] "GET / HTTP/1.0" 301 0 "https://www.baidu.com/" "Mozilla/5.0 (Macintosh; Intel Mac OS X 10_15_6) AppleWebKit/537.36 (KHTML, like Gecko) Chrome/91.0.4472.164 Safari/537.36"
60.169.243.36 - - [03/Feb/2026:03:17:22 +0800] "GET / HTTP/1.0" 200 158921 "https://www.baidu.com/" "Mozilla/5.0 (Macintosh; Intel Mac OS X 10_15_6) AppleWebKit/537.36 (KHTML, like Gecko) Chrome/91.0.4472.164 Safari/537.36"
36.133.115.36 - - [03/Feb/2026:03:22:48 +0800] "POST /wp-cron.php?doing_wp_cron=1770060168.5243539810180664062500 HTTP/1.1" 200 31 "-" "WordPress/6.9; http://cqqizhou.com"
204.76.203.219 - - [03/Feb/2026:03:22:48 +0800] "GET / HTTP/1.1" 200 34753 "-" "Mozilla/5.0 (Windows NT 10.0; Win64; x64) AppleWebKit/537.36 (KHTML, like Gecko) Chrome/90.0.4430.85 Safari/537.36 Edg/90.0.818.46"
36.133.115.36 - - [03/Feb/2026:03:23:35 +0800] "POST /wp-cron.php?doing_wp_cron=1770060215.7640349864959716796875 HTTP/1.1" 200 31 "-" "WordPress/6.9; http://cqqizhou.com"
193.142.147.209 - - [03/Feb/2026:03:23:36 +0800] "POST / HTTP/1.1" 200 34753 "-" "Mozilla/5.0 (Windows NT 10.0; Win64; x64) AppleWebKit/537.36"
36.133.115.36 - - [03/Feb/2026:03:27:42 +0800] "POST /wp-cron.php?doing_wp_cron=1770060462.3673419952392578125000 HTTP/1.1" 200 31 "-" "WordPress/6.9; http://cqqizhou.com"
146.19.24.133 - - [03/Feb/2026:03:27:42 +0800] "GET / HTTP/1.1" 200 109837 "-" "Mozilla/5.0 (X11; Linux x86_64; rv:144.0) Gecko/20100101 Firefox/144.0"
117.69.33.236 - - [03/Feb/2026:03:28:43 +0800] "GET //contacts/ HTTP/1.0" 200 76665 "https://www.baidu.com/" "Mozilla/5.0 (Macintosh; Intel Mac OS X 10_15_6) AppleWebKit/537.36 (KHTML, like Gecko) Chrome/91.0.4472.164 Safari/537.36"
222.77.131.198 - - [03/Feb/2026:03:28:44 +0800] "GET //about/ HTTP/1.0" 200 119362 "https://www.baidu.com/" "Mozilla/5.0 (Macintosh; Intel Mac OS X 10_15_6) AppleWebKit/537.36 (KHTML, like Gecko) Chrome/91.0.4472.164 Safari/537.36"
36.133.115.36 - - [03/Feb/2026:03:32:17 +0800] "POST /wp-cron.php?doing_wp_cron=1770060737.4151399135589599609375 HTTP/1.1" 200 31 "-" "WordPress/6.9; http://cqqizhou.com"
36.133.108.121 - - [03/Feb/2026:03:32:17 +0800] "HEAD / HTTP/1.1" 301 0 "-" "Mozilla/1.22 (compatible; MSIE 10.0; Windows 3.1)"
36.133.108.119 - - [03/Feb/2026:03:48:25 +0800] "HEAD /vendor/phpunit/src/Util/PHP/eval-stdin.php HTTP/1.1" 404 0 "-" "Mozilla/5.0 (iPad; CPU OS 6_0 like Mac OS X) AppleWebKit/536.26 (KHTML, like Gecko) Version/6.0 Mobile/10A5355d Safari/8536.25"
36.133.115.36 - - [03/Feb/2026:03:52:36 +0800] "POST /wp-cron.php?doing_wp_cron=1770061956.8016309738159179687500 HTTP/1.1" 200 31 "-" "WordPress/6.9; http://cqqizhou.com"
79.124.40.174 - - [03/Feb/2026:03:52:36 +0800] "GET /actuator/gateway/routes HTTP/1.1" 301 5 "-" "Mozilla/5.0 (Windows NT 10.0; Win64; x64) AppleWebKit/537.36 (KHTML, like Gecko) Chrome/78.0.3904.108 Safari/537.36"
79.124.40.174 - - [03/Feb/2026:03:52:38 +0800] "GET /actuator/gateway/routes HTTP/1.1" 404 8950 "http://36.133.115.36:80/actuator/gateway/routes" "Mozilla/5.0 (Windows NT 10.0; Win64; x64) AppleWebKit/537.36 (KHTML, like Gecko) Chrome/78.0.3904.108 Safari/537.36"
52.167.144.218 - - [03/Feb/2026:03:55:33 +0800] "GET /wp-content/uploads/2025/12/1764853157-ISO3-214x300.webp HTTP/1.1" 200 13896 "-" "Mozilla/5.0 AppleWebKit/537.36 (KHTML, like Gecko; compatible; bingbot/2.0; +http://www.bing.com/bingbot.htm) Chrome/116.0.1938.76 Safari/537.36"
167.71.73.165 - - [03/Feb/2026:04:00:24 +0800] "GET / HTTP/1.1" 200 35185 "-" "Mozilla/5.0 (X11; Linux x86_64; rv:142.0) Gecko/20100101 Firefox/142.0"
89.44.87.68 - - [03/Feb/2026:04:01:32 +0800] "HEAD / HTTP/1.0" 200 0 "-" "Opera/9.80 (Windows NT 6.0; WOW64) Presto/2.12.388 Version/12.17"
89.44.87.68 - - [03/Feb/2026:04:01:35 +0800] "GET / HTTP/1.1" 200 158943 "-" "Mozilla/5.0 (Macintosh; Intel Mac OS X 10_15_7) AppleWebKit/537.36 (KHTML, like Gecko) Chrome/122.0.0.0 YaBrowser/24.4.0.0 Safari/537.36"
36.133.115.36 - - [03/Feb/2026:04:05:51 +0800] "POST /wp-cron.php?doing_wp_cron=1770062751.4898860454559326171875 HTTP/1.1" 200 31 "-" "WordPress/6.9; http://cqqizhou.com"
125.80.207.181 - - [03/Feb/2026:04:05:51 +0800] "GET / HTTP/1.1" 301 5 "-" "Mozilla/5.0 (Windows NT 10.0; Win64; x64) AppleWebKit/537.36 (KHTML, like Gecko) Chrome/73.0.3683.86 Safari/537.36"
125.80.207.181 - - [03/Feb/2026:04:05:51 +0800] "GET / HTTP/1.1" 200 35185 "-" "Mozilla/5.0 (Windows NT 10.0; Win64; x64) AppleWebKit/537.36 (KHTML, like Gecko) Chrome/73.0.3683.86 Safari/537.36"
125.80.207.181 - - [03/Feb/2026:04:05:51 +0800] "GET /contacts/ HTTP/1.1" 200 21561 "-" "Mozilla/5.0 (Windows NT 10.0; Win64; x64) AppleWebKit/537.36 (KHTML, like Gecko) Chrome/73.0.3683.86 Safari/537.36"
36.133.108.119 - - [03/Feb/2026:04:17:51 +0800] "HEAD /vendor/phpunit/Util/PHP/eval-stdin.php HTTP/1.1" 404 0 "-" "Mozilla/5.0 (iPad; CPU OS 6_0 like Mac OS X) AppleWebKit/536.26 (KHTML, like Gecko) Version/6.0 Mobile/10A5355d Safari/8536.25"
36.133.115.36 - - [03/Feb/2026:04:17:53 +0800] "POST /wp-cron.php?doing_wp_cron=1770063473.7659089565277099609375 HTTP/1.1" 200 31 "-" "WordPress/6.9; http://cqqizhou.com"
204.76.203.219 - - [03/Feb/2026:04:17:53 +0800] "GET / HTTP/1.1" 200 34753 "-" "Mozilla/5.0 (Windows NT 10.0; Win64; x64) AppleWebKit/537.36 (KHTML, like Gecko) Chrome/90.0.4430.85 Safari/537.36 Edg/90.0.818.46"
36.133.115.36 - - [03/Feb/2026:04:33:19 +0800] "POST /wp-cron.php?doing_wp_cron=1770064399.4596560001373291015625 HTTP/1.1" 200 31 "-" "WordPress/6.9; http://cqqizhou.com"
87.121.84.51 - - [03/Feb/2026:04:33:19 +0800] "GET / HTTP/1.0" 301 0 "-" "Mozilla/5.0 (X11; Linux x86_64; rv:140.0) Gecko/20100101 Firefox/140.0"
40.77.167.65 - - [03/Feb/2026:04:34:13 +0800] "GET /2440/ HTTP/1.1" 200 21759 "-" "Mozilla/5.0 AppleWebKit/537.36 (KHTML, like Gecko; compatible; bingbot/2.0; +http://www.bing.com/bingbot.htm) Chrome/116.0.1938.76 Safari/537.36"
180.153.236.243 - - [03/Feb/2026:04:37:22 +0800] "GET / HTTP/1.1" 200 35185 "http://cqqizhou.com" "Mozilla/5.0 (Windows NT 10.0; Win64; x64) AppleWebKit/537.36 (KHTML, like Gecko) Chrome/140.0.0.0 Safari/537.36 Edg/140.0.0.0; 360Spider"
36.133.115.36 - - [03/Feb/2026:04:38:19 +0800] "POST /wp-cron.php?doing_wp_cron=1770064699.1457200050354003906250 HTTP/1.1" 200 31 "-" "WordPress/6.9; http://cqqizhou.com"
34.55.244.215 - - [03/Feb/2026:04:38:19 +0800] "HEAD /blog/ HTTP/1.1" 404 0 "-" "Mozilla/5.0 (Windows NT 10.0; Win64; x64) AppleWebKit/537.36 (KHTML, like Gecko) Chrome/125.0.6422.112 Safari/537.36 Brave/1.63.120"
34.55.244.215 - - [03/Feb/2026:04:38:20 +0800] "HEAD /new/ HTTP/1.1" 301 0 "-" "Mozilla/5.0 (Linux; Android 11; RMX2195) AppleWebKit/537.36 (KHTML, like Gecko) Chrome/120.0.6099.210 Mobile Safari/537.36 OPR/75.2.3995.72468"
36.133.115.36 - - [03/Feb/2026:04:38:20 +0800] "POST /wp-cron.php?doing_wp_cron=1770064700.8869740962982177734375 HTTP/1.1" 200 31 "-" "WordPress/6.9; http://cqqizhou.com"
34.55.244.215 - - [03/Feb/2026:04:38:20 +0800] "HEAD /news/ HTTP/1.1" 200 0 "http://cqqizhou.com/new/" "Mozilla/5.0 (Linux; Android 11; RMX2195) AppleWebKit/537.36 (KHTML, like Gecko) Chrome/120.0.6099.210 Mobile Safari/537.36 OPR/75.2.3995.72468"
34.55.244.215 - - [03/Feb/2026:04:38:21 +0800] "HEAD /wordpress/ HTTP/1.1" 404 0 "-" "Mozilla/5.0 (Windows NT 11.0; Win64; x64) AppleWebKit/537.36 (KHTML, like Gecko) Edg/128.0.2790.25 Chrome/128.0.6540.22 Safari/537.36"
34.55.244.215 - - [03/Feb/2026:04:38:22 +0800] "HEAD /old/ HTTP/1.1" 404 0 "-" "Mozilla/5.0 (X11; Linux x86_64) AppleWebKit/537.36 (KHTML, like Gecko) Chrome/125.0.6422.76 Safari/537.36"
34.55.244.215 - - [03/Feb/2026:04:38:22 +0800] "HEAD / HTTP/1.1" 200 0 "-" "Mozilla/5.0 (Windows NT 10.0; Win64; x64) AppleWebKit/537.36 (KHTML, like Gecko) Chrome/127.0.6534.42 Safari/537.36"
34.55.244.215 - - [03/Feb/2026:04:38:23 +0800] "HEAD /backup/ HTTP/1.1" 404 0 "-" "Mozilla/5.0 (Linux; U; Android 10; en-US; CPH2015) AppleWebKit/537.36 (KHTML, like Gecko) UCBrowser/13.5.8.1311 Mobile Safari/537.36"
34.55.244.215 - - [03/Feb/2026:04:38:24 +0800] "HEAD /wp/ HTTP/1.1" 404 0 "-" "Mozilla/5.0 (Macintosh; Intel Mac OS X 13_5) AppleWebKit/605.1.15 (KHTML, like Gecko) Version/16.5 Safari/605.1.15"
36.133.115.36 - - [03/Feb/2026:04:39:31 +0800] "POST /wp-cron.php?doing_wp_cron=1770064771.7320210933685302734375 HTTP/1.1" 200 31 "-" "WordPress/6.9; http://cqqizhou.com"
170.106.179.68 - - [03/Feb/2026:04:39:31 +0800] "GET / HTTP/1.1" 200 34753 "-" "Mozilla/5.0 (iPhone; CPU iPhone OS 13_2_3 like Mac OS X) AppleWebKit/605.1.15 (KHTML, like Gecko) Version/13.0.3 Mobile/15E148 Safari/604.1"
36.133.108.119 - - [03/Feb/2026:04:42:49 +0800] "HEAD /vendor/phpunit/phpunit/LICENSE/eval-stdin.php HTTP/1.1" 404 0 "-" "Mozilla/5.0 (compatible; MSIE 8.0; Windows NT 5.1; Trident/4.0; .NET CLR 1.1.4322; .NET CLR 2.0.50727)"
36.133.115.36 - - [03/Feb/2026:04:44:20 +0800] "POST /wp-cron.php?doing_wp_cron=1770065060.8621790409088134765625 HTTP/1.1" 200 31 "-" "WordPress/6.9; http://cqqizhou.com"
195.178.110.162 - - [03/Feb/2026:04:44:20 +0800] "GET /.git/config HTTP/1.1" 404 8948 "-" "HTC-ST7377/1.59.502.3 (67150) Opera/9.50 (Windows NT 5.1; U; en) UP.Link/6.3.1.17.0"
36.133.115.36 - - [03/Feb/2026:04:45:25 +0800] "POST /wp-cron.php?doing_wp_cron=1770065125.4277191162109375000000 HTTP/1.1" 200 31 "-" "WordPress/6.9; http://cqqizhou.com"
43.130.111.40 - - [03/Feb/2026:04:45:25 +0800] "GET / HTTP/1.1" 301 5 "-" "Mozilla/5.0 (iPhone; CPU iPhone OS 13_2_3 like Mac OS X) AppleWebKit/605.1.15 (KHTML, like Gecko) Version/13.0.3 Mobile/15E148 Safari/604.1"
43.130.111.40 - - [03/Feb/2026:04:45:27 +0800] "GET / HTTP/1.1" 200 34753 "http://36.133.115.36" "Mozilla/5.0 (iPhone; CPU iPhone OS 13_2_3 like Mac OS X) AppleWebKit/605.1.15 (KHTML, like Gecko) Version/13.0.3 Mobile/15E148 Safari/604.1"
36.133.115.36 - - [03/Feb/2026:04:49:03 +0800] "POST /wp-cron.php?doing_wp_cron=1770065343.5164139270782470703125 HTTP/1.1" 200 31 "-" "WordPress/6.9; http://cqqizhou.com"
5.61.209.92 - - [03/Feb/2026:04:49:03 +0800] "GET /SDK/webLanguage HTTP/1.1" 301 5 "-" "Mozilla/5.0 (Windows NT 10.0; Win64; x64) AppleWebKit/537.36 (KHTML, like Gecko) Chrome/90.0.4430.85 Safari/537.36 Edg/90.0.818.46"
36.133.115.36 - - [03/Feb/2026:04:50:54 +0800] "POST /wp-cron.php?doing_wp_cron=1770065454.9358060359954833984375 HTTP/1.1" 200 31 "-" "WordPress/6.9; http://cqqizhou.com"
103.186.109.11 - - [03/Feb/2026:04:50:54 +0800] "GET /index.php?m=admin HTTP/1.1" 301 5 "-" "Mozilla/5.0 (iPhone; CPU iPhone OS 17_0 like Mac OS X) AppleWebKit/605.1.15 (KHTML, like Gecko) Mobile/15E148 Safari/604.1"
103.186.109.11 - - [03/Feb/2026:04:50:55 +0800] "GET /?m=admin HTTP/1.1" 200 19877 "-" "Mozilla/5.0 (iPhone; CPU iPhone OS 17_0 like Mac OS X) AppleWebKit/605.1.15 (KHTML, like Gecko) Mobile/15E148 Safari/604.1"
103.186.109.11 - - [03/Feb/2026:04:50:56 +0800] "GET /index.php?m=admin&c=admin&a=login HTTP/1.1" 301 5 "-" "Mozilla/5.0 (Macintosh; Intel Mac OS X 10_15_7) AppleWebKit/605.1.15 (KHTML, like Gecko) Version/17.0 Safari/605.1.15"
103.186.109.11 - - [03/Feb/2026:04:50:57 +0800] "GET /?m=admin&c=admin&a=login HTTP/1.1" 200 19893 "-" "Mozilla/5.0 (Macintosh; Intel Mac OS X 10_15_7) AppleWebKit/605.1.15 (KHTML, like Gecko) Version/17.0 Safari/605.1.15"
103.186.109.11 - - [03/Feb/2026:04:50:58 +0800] "GET /index.php?m=admin&c=index&a=login HTTP/1.1" 301 5 "-" "Mozilla/5.0 (X11; Linux x86_64) AppleWebKit/537.36 (KHTML, like Gecko) Chrome/118.0.5993.118 Safari/537.36"
103.186.109.11 - - [03/Feb/2026:04:50:59 +0800] "GET /?m=admin&c=index&a=login HTTP/1.1" 200 19897 "-" "Mozilla/5.0 (X11; Linux x86_64) AppleWebKit/537.36 (KHTML, like Gecko) Chrome/118.0.5993.118 Safari/537.36"
103.186.109.11 - - [03/Feb/2026:04:51:00 +0800] "GET /admin/ HTTP/1.1" 302 5 "-" "Mozilla/5.0 (iPhone; CPU iPhone OS 17_0 like Mac OS X) AppleWebKit/605.1.15 (KHTML, like Gecko) Mobile/15E148 Safari/604.1"
103.186.109.11 - - [03/Feb/2026:04:51:01 +0800] "GET /wp-admin/ HTTP/1.1" 302 5 "-" "Mozilla/5.0 (iPhone; CPU iPhone OS 17_0 like Mac OS X) AppleWebKit/605.1.15 (KHTML, like Gecko) Mobile/15E148 Safari/604.1"
103.186.109.11 - - [03/Feb/2026:04:51:01 +0800] "GET /wp-login.php?redirect_to=http://cqqizhou.com/wp-admin/&reauth=1 HTTP/1.1" 200 2852 "-" "Mozilla/5.0 (iPhone; CPU iPhone OS 17_0 like Mac OS X) AppleWebKit/605.1.15 (KHTML, like Gecko) Mobile/15E148 Safari/604.1"
52.167.144.21 - - [03/Feb/2026:05:04:27 +0800] "GET /wp-content/uploads/2025/07/1750671805-partner4_200x50.webp HTTP/1.1" 200 2390 "-" "Mozilla/5.0 AppleWebKit/537.36 (KHTML, like Gecko; compatible; bingbot/2.0; +http://www.bing.com/bingbot.htm) Chrome/116.0.1938.76 Safari/537.36"
36.133.115.36 - - [03/Feb/2026:05:16:55 +0800] "POST /wp-cron.php?doing_wp_cron=1770067015.8192720413208007812500 HTTP/1.1" 200 31 "-" "WordPress/6.9; http://cqqizhou.com"
204.76.203.219 - - [03/Feb/2026:05:16:55 +0800] "GET / HTTP/1.1" 200 34753 "-" "Mozilla/5.0 (Windows NT 10.0; Win64; x64) AppleWebKit/537.36 (KHTML, like Gecko) Chrome/90.0.4430.85 Safari/537.36 Edg/90.0.818.46"
36.133.115.36 - - [03/Feb/2026:05:29:07 +0800] "POST /wp-cron.php?doing_wp_cron=1770067747.1057639122009277343750 HTTP/1.1" 200 31 "-" "WordPress/6.9; http://cqqizhou.com"
171.12.10.167 - - [03/Feb/2026:05:29:07 +0800] "GET / HTTP/1.1" 301 5 "https://github.com/" "Mozilla/5.0 (Windows NT 10.0; Win64; x64) AppleWebKit/537.36 (KHTML, like Gecko) Chrome/120.0.0.0 Safari/537.36"
36.133.115.36 - - [03/Feb/2026:05:29:09 +0800] "POST /wp-cron.php?doing_wp_cron=1770067749.6709311008453369140625 HTTP/1.1" 200 31 "-" "WordPress/6.9; http://cqqizhou.com"
171.12.10.167 - - [03/Feb/2026:05:29:09 +0800] "GET / HTTP/1.1" 301 5 "-" "Mozilla/5.0 (Macintosh; Intel Mac OS X 10_15_7) AppleWebKit/537.36 (KHTML, like Gecko) Chrome/121.0.0.0 Safari/537.36"
171.12.10.167 - - [03/Feb/2026:05:29:11 +0800] "GET /api/v1/guest/comm/config HTTP/1.1" 404 8950 "-" "Mozilla/5.0 (Windows NT 10.0; Win64; x64) AppleWebKit/537.36 (KHTML, like Gecko) Chrome/119.0.0.0 Safari/537.36"
171.12.10.167 - - [03/Feb/2026:05:29:14 +0800] "GET / HTTP/1.1" 301 5 "-" "Mozilla/5.0 (Windows NT 10.0; Win64; x64) AppleWebKit/537.36 (KHTML, like Gecko) Chrome/119.0.0.0 Safari/537.36"
171.12.10.167 - - [03/Feb/2026:05:29:15 +0800] "GET / HTTP/1.1" 301 5 "https://duckduckgo.com/" "Mozilla/5.0 (Macintosh; Intel Mac OS X 10_15_7) AppleWebKit/605.1.15 (KHTML, like Gecko) Version/17.2.1 Safari/605.1.15"
36.133.108.119 - - [03/Feb/2026:05:34:13 +0800] "HEAD /phpinfo.init.php HTTP/1.1" 404 0 "-" "Mozilla/5.0 (Macintosh; U; Intel Mac OS X 10_5_8; zh-cn) AppleWebKit/533.18.1 (KHTML, like Gecko) Version/5.0.2 Safari/533.18.5"
36.133.115.36 - - [03/Feb/2026:05:43:38 +0800] "POST /wp-cron.php?doing_wp_cron=1770068617.9686539173126220703125 HTTP/1.1" 200 31 "-" "WordPress/6.9; http://cqqizhou.com"
36.133.108.125 - - [03/Feb/2026:05:43:38 +0800] "HEAD /.env HTTP/1.1" 404 0 "-" "Mozilla/5.0 (compatible; MSIE 9.0; Windows NT 6.1; Trident/5.0; yie8)"
45.194.92.21 - - [03/Feb/2026:06:00:14 +0800] "GET /sites/all/libraries/elfinder/src/connectors/php/connector.php HTTP/1.1" 404 27 "-" "ALittle Client"
36.133.115.36 - - [03/Feb/2026:06:01:06 +0800] "POST /wp-cron.php?doing_wp_cron=1770069666.6375160217285156250000 HTTP/1.1" 200 31 "-" "WordPress/6.9; http://cqqizhou.com"
45.94.209.11 - - [03/Feb/2026:06:01:06 +0800] "POST /xmlrpc.php HTTP/1.1" 200 217 "-" "Mozilla/5.0 (Windows NT 10.0; WOW64) AppleWebKit/537.36 (KHTML, like Gecko) Chrome/139.0.0.0 Safari/537.36 Edg/139.0.0.0"
36.133.115.36 - - [03/Feb/2026:06:05:41 +0800] "POST /wp-cron.php?doing_wp_cron=1770069941.7910881042480468750000 HTTP/1.1" 200 31 "-" "WordPress/6.9; http://cqqizhou.com"
204.76.203.219 - - [03/Feb/2026:06:05:41 +0800] "GET / HTTP/1.1" 200 34752 "-" "Mozilla/5.0 (Windows NT 10.0; Win64; x64) AppleWebKit/537.36 (KHTML, like Gecko) Chrome/90.0.4430.85 Safari/537.36 Edg/90.0.818.46"
36.133.108.121 - - [03/Feb/2026:06:19:45 +0800] "HEAD /vendor/vendor/phpunit/phpunit/src/Util/PHP/eval-stdin.php HTTP/1.1" 404 0 "-" "Mozilla/5.0 (compatible; MSIE 9.0; Windows NT 6.1; Trident/5.0; FunWebProducts)"
36.133.115.36 - - [03/Feb/2026:06:26:04 +0800] "POST /wp-cron.php?doing_wp_cron=1770071164.5667409896850585937500 HTTP/1.1" 200 31 "-" "WordPress/6.9; http://cqqizhou.com"
36.133.108.121 - - [03/Feb/2026:06:26:04 +0800] "HEAD /SDK/webLanguage HTTP/1.1" 404 0 "-" "Mozilla/5.0 (Macintosh; Intel Mac OS X 10_9_2) AppleWebKit/537.36 (KHTML, like Gecko) Chrome/36.0.1944.0 Safari/537.36"
36.133.108.125 - - [03/Feb/2026:06:32:50 +0800] "HEAD /phpunit/phpunit/src/Util/PHP/eval-stdin.php HTTP/1.1" 404 0 "-" "Mozilla/4.0 (compatible; MSIE 8.0; Windows NT 6.1; WOW64; Trident/4.0; SLCC2; Media Center PC 6.0; InfoPath.2; MS-RTC LM 8"
207.46.13.153 - - [03/Feb/2026:06:54:02 +0800] "GET /logistics/ HTTP/1.1" 200 30857 "-" "Mozilla/5.0 AppleWebKit/537.36 (KHTML, like Gecko; compatible; bingbot/2.0; +http://www.bing.com/bingbot.htm) Chrome/116.0.1938.76 Safari/537.36"
36.133.115.36 - - [03/Feb/2026:07:01:14 +0800] "POST /wp-cron.php?doing_wp_cron=1770073274.5127871036529541015625 HTTP/1.1" 200 31 "-" "WordPress/6.9; http://cqqizhou.com"
193.142.147.209 - - [03/Feb/2026:07:01:14 +0800] "POST / HTTP/1.1" 200 34753 "-" "Mozilla/5.0 (Windows NT 10.0; Win64; x64) AppleWebKit/537.36"
36.133.115.36 - - [03/Feb/2026:07:05:37 +0800] "POST /wp-cron.php?doing_wp_cron=1770073537.1253550052642822265625 HTTP/1.1" 200 31 "-" "WordPress/6.9; http://cqqizhou.com"
204.76.203.219 - - [03/Feb/2026:07:05:37 +0800] "GET / HTTP/1.1" 200 34753 "-" "Mozilla/5.0 (Windows NT 10.0; Win64; x64) AppleWebKit/537.36 (KHTML, like Gecko) Chrome/90.0.4430.85 Safari/537.36 Edg/90.0.818.46"
36.133.115.36 - - [03/Feb/2026:07:16:42 +0800] "POST /wp-cron.php?doing_wp_cron=1770074202.8342630863189697265625 HTTP/1.1" 200 31 "-" "WordPress/6.9; http://cqqizhou.com"
176.65.148.220 - - [03/Feb/2026:07:16:42 +0800] "GET / HTTP/1.1" 200 34753 "-" "Mozilla/5.0 (Windows NT 10.0; Win64; x64) AppleWebKit/537.36 (KHTML, like Gecko) Chrome/90.0.4430.85 Safari/537.36 Edg/90.0.818.46"
36.133.115.36 - - [03/Feb/2026:07:25:32 +0800] "POST /wp-cron.php?doing_wp_cron=1770074732.2528541088104248046875 HTTP/1.1" 200 31 "-" "WordPress/6.9; http://cqqizhou.com"
185.191.171.17 - - [03/Feb/2026:07:25:32 +0800] "GET /robots.txt HTTP/1.1" 200 190 "-" "Mozilla/5.0 (compatible; SemrushBot/7~bl; +http://www.semrush.com/bot.html)"
85.208.96.194 - - [03/Feb/2026:07:25:33 +0800] "GET /portfolio-category/dual-phase-steel/ HTTP/1.1" 404 8950 "-" "Mozilla/5.0 (compatible; SemrushBot/7~bl; +http://www.semrush.com/bot.html)"
36.133.115.36 - - [03/Feb/2026:07:34:11 +0800] "POST /wp-cron.php?doing_wp_cron=1770075251.7939200401306152343750 HTTP/1.1" 200 31 "-" "WordPress/6.9; http://cqqizhou.com"
52.167.144.137 - - [03/Feb/2026:07:34:11 +0800] "GET /?s=2025 HTTP/1.1" 200 19889 "-" "Mozilla/5.0 AppleWebKit/537.36 (KHTML, like Gecko; compatible; bingbot/2.0; +http://www.bing.com/bingbot.htm) Chrome/116.0.1938.76 Safari/537.36"
36.133.108.121 - - [03/Feb/2026:07:45:21 +0800] "HEAD /phpunit/phpunit/Util/PHP/eval-stdin.php HTTP/1.1" 404 0 "-" "Mozilla/5.0 (Macintosh; U; Intel Mac OS X 10_6_6; es-es) AppleWebKit/533.20.25 (KHTML, like Gecko) Version/5.0.4 Safari/533.20.27"
36.133.115.36 - - [03/Feb/2026:07:46:11 +0800] "POST /wp-cron.php?doing_wp_cron=1770075971.4774188995361328125000 HTTP/1.1" 200 31 "-" "WordPress/6.9; http://cqqizhou.com"
170.106.192.3 - - [03/Feb/2026:07:46:11 +0800] "GET / HTTP/1.1" 301 5 "-" "Mozilla/5.0 (iPhone; CPU iPhone OS 13_2_3 like Mac OS X) AppleWebKit/605.1.15 (KHTML, like Gecko) Version/13.0.3 Mobile/15E148 Safari/604.1"
170.106.192.3 - - [03/Feb/2026:07:46:13 +0800] "GET / HTTP/1.1" 200 34753 "http://www.cqqizhou.com" "Mozilla/5.0 (iPhone; CPU iPhone OS 13_2_3 like Mac OS X) AppleWebKit/605.1.15 (KHTML, like Gecko) Version/13.0.3 Mobile/15E148 Safari/604.1"
36.133.115.36 - - [03/Feb/2026:07:55:28 +0800] "POST /wp-cron.php?doing_wp_cron=1770076528.0357038974761962890625 HTTP/1.1" 200 31 "-" "WordPress/6.9; http://cqqizhou.com"
110.80.135.11 - - [03/Feb/2026:07:55:28 +0800] "GET / HTTP/1.1" 301 5 "-" "-"
36.133.115.36 - - [03/Feb/2026:07:58:22 +0800] "POST /wp-cron.php?doing_wp_cron=1770076702.1684579849243164062500 HTTP/1.1" 200 31 "-" "WordPress/6.9; http://cqqizhou.com"
204.76.203.219 - - [03/Feb/2026:07:58:22 +0800] "GET / HTTP/1.1" 200 34753 "-" "Mozilla/5.0 (Windows NT 10.0; Win64; x64) AppleWebKit/537.36 (KHTML, like Gecko) Chrome/90.0.4430.85 Safari/537.36 Edg/90.0.818.46"
36.133.115.36 - - [03/Feb/2026:08:09:49 +0800] "POST /wp-cron.php?doing_wp_cron=1770077389.2381379604339599609375 HTTP/1.1" 200 31 "-" "WordPress/6.9; http://cqqizhou.com"
176.65.139.8 - - [03/Feb/2026:08:09:49 +0800] "GET / HTTP/1.1" 200 157284 "-" "-"
36.133.115.36 - - [03/Feb/2026:08:11:16 +0800] "POST /wp-cron.php?doing_wp_cron=1770077476.7880508899688720703125 HTTP/1.1" 200 31 "-" "WordPress/6.9; http://cqqizhou.com"
147.185.132.135 - - [03/Feb/2026:08:11:16 +0800] "GET / HTTP/1.0" 301 0 "-" "Hello from Palo Alto Networks, find out more about our scans in https://docs-cortex.paloaltonetworks.com/r/1/Cortex-Xpanse/Scanning-activity"
146.19.24.133 - - [03/Feb/2026:08:11:23 +0800] "GET / HTTP/1.1" 200 109837 "-" "Mozilla/5.0 (X11; Linux x86_64; rv:144.0) Gecko/20100101 Firefox/144.0"
36.133.115.36 - - [03/Feb/2026:08:13:17 +0800] "POST /wp-cron.php?doing_wp_cron=1770077597.3989911079406738281250 HTTP/1.1" 200 31 "-" "WordPress/6.9; http://cqqizhou.com"
36.133.108.121 - - [03/Feb/2026:08:13:17 +0800] "HEAD /Helmetjs/.env HTTP/1.1" 404 0 "-" "Mozilla/1.22 (compatible; MSIE 10.0; Windows 3.1)"
36.133.115.36 - - [03/Feb/2026:08:19:10 +0800] "POST /wp-cron.php?doing_wp_cron=1770077950.8944559097290039062500 HTTP/1.1" 200 31 "-" "WordPress/6.9; http://cqqizhou.com"
129.226.93.214 - - [03/Feb/2026:08:19:10 +0800] "GET / HTTP/1.1" 200 34753 "-" "Mozilla/5.0 (iPhone; CPU iPhone OS 13_2_3 like Mac OS X) AppleWebKit/605.1.15 (KHTML, like Gecko) Version/13.0.3 Mobile/15E148 Safari/604.1"
36.133.115.36 - - [03/Feb/2026:08:30:39 +0800] "POST /wp-cron.php?doing_wp_cron=1770078639.6375830173492431640625 HTTP/1.1" 200 31 "-" "WordPress/6.9; http://cqqizhou.com"
82.64.81.82 - - [03/Feb/2026:08:30:39 +0800] "POST /xmlrpc.php HTTP/1.1" 200 217 "-" "Mozilla/5.0 (Windows NT 10.0; WOW64) AppleWebKit/537.36 (KHTML, like Gecko) Chrome/137.0.0.0 Safari/537.36"
36.133.115.36 - - [03/Feb/2026:08:34:19 +0800] "POST /wp-cron.php?doing_wp_cron=1770078859.2611229419708251953125 HTTP/1.1" 200 31 "-" "WordPress/6.9; http://cqqizhou.com"
164.52.24.178 - - [03/Feb/2026:08:34:19 +0800] "GET / HTTP/1.1" 301 5 "-" "Mozilla/5.0 (Windows NT 10.0; Win64; x64) AppleWebKit/537.36 (KHTML, like Gecko) Chrome/143.0.0.0 Safari/537.36"
164.52.24.178 - - [03/Feb/2026:08:34:30 +0800] "GET / HTTP/1.1" 200 158943 "-" "Mozilla/5.0 (Windows NT 10.0; Win64; x64) AppleWebKit/537.36 (KHTML, like Gecko) Chrome/143.0.0.0 Safari/537.36"
185.226.197.72 - - [03/Feb/2026:08:40:57 +0800] "GET / HTTP/1.1" 301 5 "-" "Mozilla/5.0 (Windows NT 10.0; Win64; x64) AppleWebKit/537.36 (KHTML, like Gecko) Chrome/60.0.3112.113 Safari/537.36"
185.226.197.72 - - [03/Feb/2026:08:40:58 +0800] "GET / HTTP/1.1" 200 35185 "http://36.133.115.36/" "Mozilla/5.0 (Windows NT 10.0; Win64; x64) AppleWebKit/537.36 (KHTML, like Gecko) Chrome/60.0.3112.113 Safari/537.36"
185.226.197.73 - - [03/Feb/2026:08:41:00 +0800] "GET /console HTTP/1.1" 404 8949 "-" "Mozilla/5.0 (Windows NT 10.0; Win64; x64) AppleWebKit/537.36 (KHTML, like Gecko) Chrome/60.0.3112.113 Safari/537.36"
40.124.186.160 - - [03/Feb/2026:08:41:10 +0800] "GET /druid/index.html HTTP/1.1" 404 8948 "-" "Mozilla/5.0 zgrab/0.x"
36.133.115.36 - - [03/Feb/2026:08:45:57 +0800] "POST /wp-cron.php?doing_wp_cron=1770079557.5469379425048828125000 HTTP/1.1" 200 31 "-" "WordPress/6.9; http://cqqizhou.com"
167.94.138.172 - - [03/Feb/2026:08:45:57 +0800] "GET / HTTP/1.1" 301 5 "-" "Mozilla/5.0 (compatible; CensysInspect/1.1; +https://about.censys.io/)"
36.133.115.36 - - [03/Feb/2026:08:46:27 +0800] "POST /wp-cron.php?doing_wp_cron=1770079586.9748339653015136718750 HTTP/1.1" 200 31 "-" "WordPress/6.9; http://cqqizhou.com"
167.94.138.172 - - [03/Feb/2026:08:46:27 +0800] "GET /wiki HTTP/1.1" 404 8951 "-" "Mozilla/5.0 (compatible; CensysInspect/1.1; +https://about.censys.io/)"
1.85.217.222 - - [03/Feb/2026:08:46:29 +0800] "GET / HTTP/1.1" 301 5 "-" "Mozilla/4.074482891 Mozilla/4.0 (compatible; MSIE 8.0; Windows NT 6.1; Trident/4.0"
60.13.6.95 - - [03/Feb/2026:08:46:40 +0800] "GET / HTTP/1.1" 200 35185 "-" "Mozilla/4.074482891 Mozilla/4.0 (compatible; MSIE 8.0; Windows NT 6.1; Trident/4.0"
36.133.115.36 - - [03/Feb/2026:08:51:37 +0800] "POST /wp-cron.php?doing_wp_cron=1770079897.1412100791931152343750 HTTP/1.1" 200 31 "-" "WordPress/6.9; http://cqqizhou.com"
204.76.203.219 - - [03/Feb/2026:08:51:37 +0800] "GET / HTTP/1.1" 200 34753 "-" "Mozilla/5.0 (Windows NT 10.0; Win64; x64) AppleWebKit/537.36 (KHTML, like Gecko) Chrome/90.0.4430.85 Safari/537.36 Edg/90.0.818.46"
180.163.28.109 - - [03/Feb/2026:08:53:32 +0800] "GET /2440/ HTTP/1.1" 200 21759 "-" "Mozilla/5.0 (Macintosh; Intel Mac OS X 10_15_7) AppleWebKit/537.36 (KHTML, like Gecko) Chrome/134.0.0.0 Safari/537.36"
36.133.115.36 - - [03/Feb/2026:08:53:33 +0800] "POST /wp-cron.php?doing_wp_cron=1770080013.3080329895019531250000 HTTP/1.1" 200 31 "-" "WordPress/6.9; http://cqqizhou.com"
14.108.233.63 - - [03/Feb/2026:08:53:33 +0800] "GET /2440/ HTTP/1.1" 200 21472 "-" "Mozilla/5.0 (iPhone; CPU iPhone OS 17_6_1 like Mac OS X) AppleWebKit/605.1.15 (KHTML, like Gecko) Mobile/15E148 MicroMessenger/8.0.68(0x1800442f) NetType/WIFI Language/zh_CN"
14.108.233.63 - - [03/Feb/2026:08:53:33 +0800] "GET /wp-content/uploads/2026/01/1768527483-Article_images_W900%C3%97500px202601161.webp HTTP/1.1" 200 33780 "http://cqqizhou.com/2440/" "Mozilla/5.0 (iPhone; CPU iPhone OS 17_6_1 like Mac OS X) AppleWebKit/605.1.15 (KHTML, like Gecko) Mobile/15E148 MicroMessenger/8.0.68(0x1800442f) NetType/WIFI Language/zh_CN"
14.108.233.63 - - [03/Feb/2026:08:53:33 +0800] "GET /wp-content/uploads/2025/07/1753410289-News2000%C3%97400_202571.webp HTTP/1.1" 200 17830 "http://cqqizhou.com/2440/" "Mozilla/5.0 (iPhone; CPU iPhone OS 17_6_1 like Mac OS X) AppleWebKit/605.1.15 (KHTML, like Gecko) Mobile/15E148 MicroMessenger/8.0.68(0x1800442f) NetType/WIFI Language/zh_CN"
14.108.233.63 - - [03/Feb/2026:08:53:33 +0800] "GET /wp-content/uploads/2026/01/1768527484-Article_images_W900%C3%97500px202601162.webp HTTP/1.1" 200 20598 "http://cqqizhou.com/2440/" "Mozilla/5.0 (iPhone; CPU iPhone OS 17_6_1 like Mac OS X) AppleWebKit/605.1.15 (KHTML, like Gecko) Mobile/15E148 MicroMessenger/8.0.68(0x1800442f) NetType/WIFI Language/zh_CN"
14.108.233.63 - - [03/Feb/2026:08:53:33 +0800] "GET /wp-content/uploads/2026/01/1768527484-Article_images_W900%C3%97500px202601163.webp HTTP/1.1" 200 79498 "http://cqqizhou.com/2440/" "Mozilla/5.0 (iPhone; CPU iPhone OS 17_6_1 like Mac OS X) AppleWebKit/605.1.15 (KHTML, like Gecko) Mobile/15E148 MicroMessenger/8.0.68(0x1800442f) NetType/WIFI Language/zh_CN"
14.108.233.63 - - [03/Feb/2026:08:53:33 +0800] "GET /wp-content/uploads/2026/01/1769511379-Article_images_W900%C3%97500px202601271.webp HTTP/1.1" 200 67912 "http://cqqizhou.com/2440/" "Mozilla/5.0 (iPhone; CPU iPhone OS 17_6_1 like Mac OS X) AppleWebKit/605.1.15 (KHTML, like Gecko) Mobile/15E148 MicroMessenger/8.0.68(0x1800442f) NetType/WIFI Language/zh_CN"
14.108.233.63 - - [03/Feb/2026:08:53:33 +0800] "GET /wp-content/uploads/2025/12/1766647832-Article_images_W900%C3%97500px20251225.webp HTTP/1.1" 200 44582 "http://cqqizhou.com/2440/" "Mozilla/5.0 (iPhone; CPU iPhone OS 17_6_1 like Mac OS X) AppleWebKit/605.1.15 (KHTML, like Gecko) Mobile/15E148 MicroMessenger/8.0.68(0x1800442f) NetType/WIFI Language/zh_CN"
14.108.233.63 - - [03/Feb/2026:08:53:33 +0800] "GET /wp-content/uploads/2025/07/1751425283-qizhou.kf_.qq_.com_.webp HTTP/1.1" 200 16864 "http://cqqizhou.com/2440/" "Mozilla/5.0 (iPhone; CPU iPhone OS 17_6_1 like Mac OS X) AppleWebKit/605.1.15 (KHTML, like Gecko) Mobile/15E148 MicroMessenger/8.0.68(0x1800442f) NetType/WIFI Language/zh_CN"
40.77.167.132 - - [03/Feb/2026:08:53:48 +0800] "GET /?s= HTTP/1.1" 200 19852 "-" "Mozilla/5.0 AppleWebKit/537.36 (KHTML, like Gecko; compatible; bingbot/2.0; +http://www.bing.com/bingbot.htm) Chrome/116.0.1938.76 Safari/537.36"
205.169.39.21 - - [03/Feb/2026:08:54:28 +0800] "GET / HTTP/1.1" 200 35185 "-" "Mozilla/5.0 (Windows NT 10.0; Win64; x64) AppleWebKit/537.36 (KHTML, like Gecko) Chrome/117.0.5938.132 Safari/537.36"
205.169.39.21 - - [03/Feb/2026:08:54:32 +0800] "GET /wp-content/uploads/2025/07/1751425283-qizhou.kf_.qq_.com_.webp HTTP/1.1" 200 16864 "http://cqqizhou.com/" "Mozilla/5.0 (Windows NT 10.0; Win64; x64) AppleWebKit/537.36 (KHTML, like Gecko) Chrome/117.0.5938.132 Safari/537.36"
205.169.39.21 - - [03/Feb/2026:08:54:35 +0800] "GET /wp-content/uploads/2025/07/1750174127-Marketing1920x800_3.webp HTTP/1.1" 200 52790 "http://cqqizhou.com/wp-content/uploads/elementor/css/post-1666.css?ver=1769183108" "Mozilla/5.0 (Windows NT 10.0; Win64; x64) AppleWebKit/537.36 (KHTML, like Gecko) Chrome/117.0.5938.132 Safari/537.36"
205.169.39.21 - - [03/Feb/2026:08:54:36 +0800] "GET /wp-content/uploads/2025/07/1753454089-Article_images_W900px.webp HTTP/1.1" 200 27552 "http://cqqizhou.com/" "Mozilla/5.0 (Windows NT 10.0; Win64; x64) AppleWebKit/537.36 (KHTML, like Gecko) Chrome/117.0.5938.132 Safari/537.36"
205.169.39.21 - - [03/Feb/2026:08:54:36 +0800] "GET /wp-content/uploads/2026/01/1768527483-Article_images_W900%C3%97500px202601161.webp HTTP/1.1" 200 33780 "http://cqqizhou.com/" "Mozilla/5.0 (Windows NT 10.0; Win64; x64) AppleWebKit/537.36 (KHTML, like Gecko) Chrome/117.0.5938.132 Safari/537.36"
205.169.39.21 - - [03/Feb/2026:08:54:36 +0800] "GET /wp-content/uploads/2026/01/1767691466-Article_images_W900%C3%97500px202601061.webp HTTP/1.1" 200 56014 "http://cqqizhou.com/" "Mozilla/5.0 (Windows NT 10.0; Win64; x64) AppleWebKit/537.36 (KHTML, like Gecko) Chrome/117.0.5938.132 Safari/537.36"
205.169.39.21 - - [03/Feb/2026:08:54:37 +0800] "GET /wp-content/uploads/2026/01/1769511379-Article_images_W900%C3%97500px202601271.webp HTTP/1.1" 200 67912 "http://cqqizhou.com/" "Mozilla/5.0 (Windows NT 10.0; Win64; x64) AppleWebKit/537.36 (KHTML, like Gecko) Chrome/117.0.5938.132 Safari/537.36"
205.169.39.21 - - [03/Feb/2026:08:54:38 +0800] "GET /wp-content/uploads/2025/12/1765268955-qizhou_Slider1_3840%C3%972160_20251210-scaled.webp HTTP/1.1" 200 152162 "http://cqqizhou.com/" "Mozilla/5.0 (Windows NT 10.0; Win64; x64) AppleWebKit/537.36 (KHTML, like Gecko) Chrome/117.0.5938.132 Safari/537.36"
205.169.39.21 - - [03/Feb/2026:08:54:38 +0800] "GET /wp-content/uploads/revslider/slider-1/1750861156-logistics_Slider_3840%C3%972160_20250625191356-scaled-2048x1152.webp HTTP/1.1" 200 121796 "http://cqqizhou.com/" "Mozilla/5.0 (Windows NT 10.0; Win64; x64) AppleWebKit/537.36 (KHTML, like Gecko) Chrome/117.0.5938.132 Safari/537.36"
205.169.39.21 - - [03/Feb/2026:08:54:40 +0800] "GET /wp-content/uploads/2026/01/1768276119-qizhoujiagong_Slider_3840%C3%972160_20260113-scaled-50x100.webp HTTP/1.1" 200 976 "http://cqqizhou.com/" "Mozilla/5.0 (Windows NT 10.0; Win64; x64) AppleWebKit/537.36 (KHTML, like Gecko) Chrome/117.0.5938.132 Safari/537.36"
205.169.39.21 - - [03/Feb/2026:08:54:40 +0800] "GET /wp-content/uploads/revslider/slider-1/1750861156-logistics_Slider_3840%C3%972160_20250625191356-scaled-50x100.webp HTTP/1.1" 200 1416 "http://cqqizhou.com/" "Mozilla/5.0 (Windows NT 10.0; Win64; x64) AppleWebKit/537.36 (KHTML, like Gecko) Chrome/117.0.5938.132 Safari/537.36"
205.169.39.21 - - [03/Feb/2026:08:54:40 +0800] "GET /wp-content/uploads/2026/01/1768276119-qizhoujiagong_Slider_3840%C3%972160_20260113-scaled-50x100.webp HTTP/1.1" 200 976 "http://cqqizhou.com/" "Mozilla/5.0 (Windows NT 10.0; Win64; x64) AppleWebKit/537.36 (KHTML, like Gecko) Chrome/117.0.5938.132 Safari/537.36"
205.169.39.21 - - [03/Feb/2026:08:54:40 +0800] "GET /wp-content/uploads/revslider/slider-1/1750861156-logistics_Slider_3840%C3%972160_20250625191356-scaled-50x100.webp HTTP/1.1" 200 1416 "http://cqqizhou.com/" "Mozilla/5.0 (Windows NT 10.0; Win64; x64) AppleWebKit/537.36 (KHTML, like Gecko) Chrome/117.0.5938.132 Safari/537.36"
36.133.115.36 - - [03/Feb/2026:08:54:40 +0800] "POST /wp-cron.php?doing_wp_cron=1770080080.7419569492340087890625 HTTP/1.1" 200 31 "-" "WordPress/6.9; http://cqqizhou.com"
205.169.39.21 - - [03/Feb/2026:08:54:40 +0800] "GET /wp-json/sliderrevolution/sliders/1?srengine=7&slideid=2 HTTP/1.1" 200 2000 "http://cqqizhou.com/" "Mozilla/5.0 (Windows NT 10.0; Win64; x64) AppleWebKit/537.36 (KHTML, like Gecko) Chrome/117.0.5938.132 Safari/537.36"
205.169.39.21 - - [03/Feb/2026:08:54:40 +0800] "GET /wp-json/sliderrevolution/sliders/1?srengine=7&slideid=4 HTTP/1.1" 200 2580 "http://cqqizhou.com/" "Mozilla/5.0 (Windows NT 10.0; Win64; x64) AppleWebKit/537.36 (KHTML, like Gecko) Chrome/117.0.5938.132 Safari/537.36"
205.169.39.21 - - [03/Feb/2026:08:54:41 +0800] "GET /wp-content/uploads/2026/01/1768276119-qizhoujiagong_Slider_3840%C3%972160_20260113-scaled.webp HTTP/1.1" 200 131696 "http://cqqizhou.com/" "Mozilla/5.0 (Windows NT 10.0; Win64; x64) AppleWebKit/537.36 (KHTML, like Gecko) Chrome/117.0.5938.132 Safari/537.36"
205.169.39.21 - - [03/Feb/2026:08:54:42 +0800] "GET /wp-content/uploads/revslider/slider-1/1750861156-logistics_Slider_3840%C3%972160_20250625191356-scaled.webp HTTP/1.1" 200 197360 "http://cqqizhou.com/" "Mozilla/5.0 (Windows NT 10.0; Win64; x64) AppleWebKit/537.36 (KHTML, like Gecko) Chrome/117.0.5938.132 Safari/537.36"
36.133.115.36 - - [03/Feb/2026:08:55:26 +0800] "POST /wp-cron.php?doing_wp_cron=1770080126.8106360435485839843750 HTTP/1.1" 200 31 "-" "WordPress/6.9; http://cqqizhou.com"
146.19.24.133 - - [03/Feb/2026:08:55:26 +0800] "GET /login.asp HTTP/1.1" 301 5 "-" "-"
36.133.115.36 - - [03/Feb/2026:09:05:01 +0800] "POST /wp-cron.php?doing_wp_cron=1770080701.0506229400634765625000 HTTP/1.1" 200 31 "-" "WordPress/6.9; http://cqqizhou.com"
114.119.145.163 - - [03/Feb/2026:09:05:01 +0800] "GET /wp-sitemap.xml HTTP/1.1" 501 253 "-" "Mozilla/5.0 (Linux; Android 7.0;) AppleWebKit/537.36 (KHTML, like Gecko) Mobile Safari/537.36 (compatible; PetalBot;+https://webmaster.petalsearch.com/site/petalbot)"
36.133.115.36 - - [03/Feb/2026:09:10:03 +0800] "POST /wp-cron.php?doing_wp_cron=1770081003.4026789665222167968750 HTTP/1.1" 200 31 "-" "WordPress/6.9; http://cqqizhou.com"
114.119.140.107 - - [03/Feb/2026:09:10:03 +0800] "GET /wp-sitemap.xml HTTP/1.1" 501 253 "-" "Mozilla/5.0 (Linux; Android 7.0;) AppleWebKit/537.36 (KHTML, like Gecko) Mobile Safari/537.36 (compatible; PetalBot;+https://webmaster.petalsearch.com/site/petalbot)"
36.133.115.36 - - [03/Feb/2026:09:13:47 +0800] "POST /wp-cron.php?doing_wp_cron=1770081227.5970330238342285156250 HTTP/1.1" 200 31 "-" "WordPress/6.9; http://cqqizhou.com"
147.135.128.94 - - [03/Feb/2026:09:13:47 +0800] "GET /robots.txt HTTP/1.1" 200 390 "-" "Mozilla/5.0 (compatible; MJ12bot/v1.4.8; http://mj12bot.com/)"
147.135.128.94 - - [03/Feb/2026:09:13:49 +0800] "GET /tag/%E5%8D%9A%E8%81%94%E8%BE%BE/ HTTP/1.1" 200 20948 "-" "Mozilla/5.0 (compatible; MJ12bot/v1.4.8; http://mj12bot.com/)"
147.135.128.94 - - [03/Feb/2026:09:13:51 +0800] "GET /tag/%E7%89%A9%E6%B5%81/ HTTP/1.1" 200 20931 "-" "Mozilla/5.0 (compatible; MJ12bot/v1.4.8; http://mj12bot.com/)"
36.133.115.36 - - [03/Feb/2026:09:15:02 +0800] "POST /wp-cron.php?doing_wp_cron=1770081302.3850109577178955078125 HTTP/1.1" 200 31 "-" "WordPress/6.9; http://cqqizhou.com"
114.119.133.253 - - [03/Feb/2026:09:15:02 +0800] "GET /wp-sitemap.xml HTTP/1.1" 501 253 "-" "Mozilla/5.0 (Linux; Android 7.0;) AppleWebKit/537.36 (KHTML, like Gecko) Mobile Safari/537.36 (compatible; PetalBot;+https://webmaster.petalsearch.com/site/petalbot)"
36.133.115.36 - - [03/Feb/2026:09:33:49 +0800] "POST /wp-cron.php?doing_wp_cron=1770082429.3319890499114990234375 HTTP/1.1" 200 31 "-" "WordPress/6.9; http://cqqizhou.com"
100.27.241.146 - - [03/Feb/2026:09:33:49 +0800] "GET / HTTP/1.1" 301 5 "-" "Go-http-client/1.1"
100.27.241.146 - - [03/Feb/2026:09:33:50 +0800] "GET / HTTP/1.1" 200 35185 "http://36.133.115.36" "Go-http-client/1.1"
36.133.115.36 - - [03/Feb/2026:09:34:38 +0800] "POST /wp-cron.php?doing_wp_cron=1770082478.2638959884643554687500 HTTP/1.1" 200 31 "-" "WordPress/6.9; http://cqqizhou.com"
14.108.233.63 - - [03/Feb/2026:09:34:38 +0800] "GET /2440/ HTTP/1.1" 200 21473 "-" "Mozilla/5.0 (iPhone; CPU iPhone OS 17_6_1 like Mac OS X) AppleWebKit/605.1.15 (KHTML, like Gecko) Mobile/15E148 MicroMessenger/8.0.68(0x1800442f) NetType/WIFI Language/zh_CN"
14.108.233.63 - - [03/Feb/2026:09:35:07 +0800] "GET /wp-content/uploads/2026/01/1768527485-Article_images_W900%C3%97500px202601164.webp HTTP/1.1" 200 52448 "http://cqqizhou.com/2440/" "Mozilla/5.0 (iPhone; CPU iPhone OS 17_6_1 like Mac OS X) AppleWebKit/605.1.15 (KHTML, like Gecko) Mobile/15E148 MicroMessenger/8.0.68(0x1800442f) NetType/WIFI Language/zh_CN"
14.108.233.63 - - [03/Feb/2026:09:35:28 +0800] "GET /wp-content/uploads/2026/01/1768527486-Article_images_W900%C3%97500px202601165.webp HTTP/1.1" 200 30516 "http://cqqizhou.com/2440/" "Mozilla/5.0 (iPhone; CPU iPhone OS 17_6_1 like Mac OS X) AppleWebKit/605.1.15 (KHTML, like Gecko) Mobile/15E148 MicroMessenger/8.0.68(0x1800442f) NetType/WIFI Language/zh_CN"
36.133.108.125 - - [03/Feb/2026:09:41:44 +0800] "HEAD /phpunit/src/Util/PHP/eval-stdin.php HTTP/1.1" 404 0 "-" "Mozilla/5.0 (Macintosh; U; Intel Mac OS X 10_6_6; en-gb) AppleWebKit/533.20.25 (KHTML, like Gecko) Version/5.0.4 Safari/533.20.27"
36.133.115.36 - - [03/Feb/2026:09:44:30 +0800] "POST /wp-cron.php?doing_wp_cron=1770083070.2785201072692871093750 HTTP/1.1" 200 31 "-" "WordPress/6.9; http://cqqizhou.com"
182.42.104.32 - - [03/Feb/2026:09:44:30 +0800] "GET / HTTP/1.1" 301 5 "-" "Mozilla/5.0 (iPhone; CPU iPhone OS 13_2_3 like Mac OS X) AppleWebKit/605.1.15 (KHTML, like Gecko) Version/13.0.3 Mobile/15E148 Safari/604.1"
182.42.104.32 - - [03/Feb/2026:09:44:31 +0800] "GET / HTTP/1.1" 200 34753 "http://www.cqqizhou.com" "Mozilla/5.0 (iPhone; CPU iPhone OS 13_2_3 like Mac OS X) AppleWebKit/605.1.15 (KHTML, like Gecko) Version/13.0.3 Mobile/15E148 Safari/604.1"
36.133.115.36 - - [03/Feb/2026:09:49:40 +0800] "POST /wp-cron.php?doing_wp_cron=1770083380.8087279796600341796875 HTTP/1.1" 200 31 "-" "WordPress/6.9; http://cqqizhou.com"
204.76.203.219 - - [03/Feb/2026:09:49:40 +0800] "GET / HTTP/1.1" 200 34753 "-" "Mozilla/5.0 (Windows NT 10.0; Win64; x64) AppleWebKit/537.36 (KHTML, like Gecko) Chrome/90.0.4430.85 Safari/537.36 Edg/90.0.818.46"
36.133.108.121 - - [03/Feb/2026:09:55:19 +0800] "HEAD /phpunit/Util/PHP/eval-stdin.php HTTP/1.1" 404 0 "-" "Mozilla/5.0 (Windows; U; Windows NT 5.1; en-US) AppleWebKit/533.20.25 (KHTML, like Gecko) Version/5.0.3 Safari/533.19.4"
36.133.108.119 - - [03/Feb/2026:09:55:38 +0800] "HEAD /lib/phpunit/phpunit/src/Util/PHP/eval-stdin.php HTTP/1.1" 404 0 "-" "Mozilla/5.0 (Windows; U; Windows NT 6.1; en-US) AppleWebKit/533.20.25 (KHTML, like Gecko) Version/5.0.4 Safari/533.20.27"
36.133.115.36 - - [03/Feb/2026:09:56:17 +0800] "POST /wp-cron.php?doing_wp_cron=1770083777.8017909526824951171875 HTTP/1.1" 200 31 "-" "WordPress/6.9; http://cqqizhou.com"
112.124.58.18 - - [03/Feb/2026:09:56:17 +0800] "GET / HTTP/1.0" 301 0 "-" "-"
