112.124.58.18 - - [03/Feb/2026:09:56:28 +0800] "GET / HTTP/1.0" 301 0 "-" "-"
112.124.58.18 - - [03/Feb/2026:09:56:28 +0800] "GET /nmaplowercheck1770083780 HTTP/1.1" 404 31367 "-" "Mozilla/5.0 (compatible; Nmap Scripting Engine; https://nmap.org/book/nse.html)"
112.124.58.18 - - [03/Feb/2026:09:56:28 +0800] "POST /sdk HTTP/1.1" 404 31367 "-" "Mozilla/5.0 (compatible; Nmap Scripting Engine; https://nmap.org/book/nse.html)"
112.124.58.18 - - [03/Feb/2026:09:56:29 +0800] "GET /evox/about HTTP/1.1" 404 31367 "-" "Mozilla/5.0 (compatible; Nmap Scripting Engine; https://nmap.org/book/nse.html)"
112.124.58.18 - - [03/Feb/2026:09:56:29 +0800] "GET /HNAP1 HTTP/1.1" 404 31367 "-" "Mozilla/5.0 (compatible; Nmap Scripting Engine; https://nmap.org/book/nse.html)"
112.124.58.18 - - [03/Feb/2026:09:56:48 +0800] "GET / HTTP/1.0" 301 0 "-" "-"
112.124.58.18 - - [03/Feb/2026:09:56:49 +0800] "GET / HTTP/1.1" 301 5 "-" "-"
207.46.13.6 - - [03/Feb/2026:09:57:57 +0800] "GET /news/page/2/ HTTP/1.1" 200 25501 "-" "Mozilla/5.0 AppleWebKit/537.36 (KHTML, like Gecko; compatible; bingbot/2.0; +http://www.bing.com/bingbot.htm) Chrome/116.0.1938.76 Safari/537.36"
36.133.115.36 - - [03/Feb/2026:10:00:34 +0800] "POST /wp-cron.php?doing_wp_cron=1770084034.3861000537872314453125 HTTP/1.1" 200 31 "-" "WordPress/6.9; http://cqqizhou.com"
204.76.203.18 - - [03/Feb/2026:10:00:34 +0800] "GET / HTTP/1.1" 200 157284 "-" "-"
204.76.203.18 - - [03/Feb/2026:10:00:37 +0800] "GET / HTTP/1.1" 200 157284 "-" "-"
204.76.203.18 - - [03/Feb/2026:10:00:39 +0800] "GET / HTTP/1.1" 200 157284 "-" "-"
204.76.203.18 - - [03/Feb/2026:10:00:41 +0800] "GET / HTTP/1.1" 200 157284 "-" "-"
204.76.203.18 - - [03/Feb/2026:10:00:43 +0800] "GET / HTTP/1.1" 200 157284 "-" "-"
36.133.115.36 - - [03/Feb/2026:10:10:45 +0800] "POST /wp-cron.php?doing_wp_cron=1770084645.6405560970306396484375 HTTP/1.1" 200 31 "-" "WordPress/6.9; http://cqqizhou.com"
204.76.203.69 - - [03/Feb/2026:10:10:46 +0800] "GET / HTTP/1.1" 200 157284 "-" "-"
36.133.115.36 - - [03/Feb/2026:10:21:23 +0800] "POST /wp-cron.php?doing_wp_cron=1770085283.1749079227447509765625 HTTP/1.1" 200 31 "-" "WordPress/6.9; http://cqqizhou.com"
66.249.74.136 - - [03/Feb/2026:10:21:23 +0800] "GET /robots.txt HTTP/1.1" 200 190 "-" "Mozilla/5.0 (compatible; Googlebot/2.1; +http://www.google.com/bot.html)"
36.133.115.36 - - [03/Feb/2026:10:24:19 +0800] "POST /wp-cron.php?doing_wp_cron=1770085459.5226778984069824218750 HTTP/1.1" 200 31 "-" "WordPress/6.9; http://cqqizhou.com"
89.42.231.200 - - [03/Feb/2026:10:24:19 +0800] "GET /SDK/webLanguage HTTP/1.1" 301 5 "-" "Mozilla/5.0 (Windows NT 10.0; Win64; x64) AppleWebKit/537.36 (KHTML, like Gecko) Chrome/90.0.4430.85 Safari/537.36 Edg/90.0.818.46"
204.76.203.210 - - [03/Feb/2026:10:24:25 +0800] "GET /anthropic/v1/models HTTP/1.1" 301 5 "-" "-"
204.76.203.210 - - [03/Feb/2026:10:24:26 +0800] "GET /anthropic/v1/models HTTP/1.1" 301 5 "-" "-"
204.76.203.210 - - [03/Feb/2026:10:24:27 +0800] "GET /anthropic/v1/models HTTP/1.1" 301 5 "-" "-"
204.76.203.210 - - [03/Feb/2026:10:24:28 +0800] "GET /anthropic/v1/models HTTP/1.1" 301 5 "-" "-"
204.76.203.210 - - [03/Feb/2026:10:24:29 +0800] "GET /anthropic/v1/models HTTP/1.1" 301 5 "-" "-"
204.76.203.210 - - [03/Feb/2026:10:24:30 +0800] "GET /anthropic/v1/models HTTP/1.1" 301 5 "-" "-"
204.76.203.210 - - [03/Feb/2026:10:24:31 +0800] "GET /anthropic/v1/models HTTP/1.1" 301 5 "-" "-"
204.76.203.210 - - [03/Feb/2026:10:24:32 +0800] "GET /anthropic/v1/models HTTP/1.1" 301 5 "-" "-"
47.114.89.255 - - [03/Feb/2026:10:26:00 +0800] "GET /en/webuploader/server/preview.php HTTP/1.1" 404 47 "-" "Mozilla/5.0 (Windows NT 10.0; Win64; x64)"
47.114.89.255 - - [03/Feb/2026:10:26:00 +0800] "GET /en/webuploader/server/fileupload.php HTTP/1.1" 404 47 "-" "Mozilla/5.0 (Windows NT 10.0; Win64; x64)"
36.133.115.36 - - [03/Feb/2026:10:42:05 +0800] "POST /wp-cron.php?doing_wp_cron=1770086525.0089290142059326171875 HTTP/1.1" 200 31 "-" "WordPress/6.9; http://cqqizhou.com"
204.76.203.219 - - [03/Feb/2026:10:42:05 +0800] "GET / HTTP/1.1" 200 34753 "-" "Mozilla/5.0 (Windows NT 10.0; Win64; x64) AppleWebKit/537.36 (KHTML, like Gecko) Chrome/90.0.4430.85 Safari/537.36 Edg/90.0.818.46"
47.95.198.251 - - [03/Feb/2026:10:42:41 +0800] "GET /core/webUploader/preview.php HTTP/1.1" 404 47 "-" "Mozilla/5.0 (Windows NT 10.0; Win64; x64)"
47.95.198.251 - - [03/Feb/2026:10:42:41 +0800] "GET /core/webUploader/fileupload.php HTTP/1.1" 404 47 "-" "Mozilla/5.0 (Windows NT 10.0; Win64; x64)"
36.133.115.36 - - [03/Feb/2026:10:42:50 +0800] "POST /wp-cron.php?doing_wp_cron=1770086570.6760900020599365234375 HTTP/1.1" 200 31 "-" "WordPress/6.9; http://cqqizhou.com"
49.51.39.209 - - [03/Feb/2026:10:42:50 +0800] "GET / HTTP/1.1" 301 5 "-" "Mozilla/5.0 (iPhone; CPU iPhone OS 13_2_3 like Mac OS X) AppleWebKit/605.1.15 (KHTML, like Gecko) Version/13.0.3 Mobile/15E148 Safari/604.1"
49.51.39.209 - - [03/Feb/2026:10:42:53 +0800] "GET / HTTP/1.1" 200 34753 "http://36.133.115.36" "Mozilla/5.0 (iPhone; CPU iPhone OS 13_2_3 like Mac OS X) AppleWebKit/605.1.15 (KHTML, like Gecko) Version/13.0.3 Mobile/15E148 Safari/604.1"
36.133.115.36 - - [03/Feb/2026:10:43:14 +0800] "POST /wp-cron.php?doing_wp_cron=1770086593.9973158836364746093750 HTTP/1.1" 200 31 "-" "WordPress/6.9; http://cqqizhou.com"
121.41.164.30 - - [03/Feb/2026:10:43:14 +0800] "GET / HTTP/1.1" 301 5 "-" "Mozilla/5.0 (Windows NT 10.0; Win64; x64) AppleWebKit/537.36 (KHTML, like Gecko) Chrome/59.0.3071.115 Safari/537.36"
36.133.115.36 - - [03/Feb/2026:10:44:37 +0800] "POST /wp-cron.php?doing_wp_cron=1770086677.6104369163513183593750 HTTP/1.1" 200 31 "-" "WordPress/6.9; http://cqqizhou.com"
39.191.209.250 - - [03/Feb/2026:10:44:37 +0800] "GET / HTTP/1.1" 301 5 "-" "ZTE/1.0.6"
36.133.115.36 - - [03/Feb/2026:10:57:58 +0800] "POST /wp-cron.php?doing_wp_cron=1770087478.3564510345458984375000 HTTP/1.1" 200 31 "-" "WordPress/6.9; http://cqqizhou.com"
159.203.76.93 - - [03/Feb/2026:10:57:58 +0800] "POST /xmlrpc.php HTTP/1.1" 200 217 "-" "Mozilla/5.0 (Windows NT 10.0) AppleWebKit/537.36 (KHTML, like Gecko) Chrome/138.0.0.0 Safari/537.36 Edg/138.0.0.0"
123.57.13.121 - - [03/Feb/2026:10:59:01 +0800] "GET / HTTP/1.1" 200 35185 "-" "Mozilla/5.0 (Windows NT 10.0; Win64; x64) AppleWebKit/537.36 (KHTML, like Gecko) Chrome/104.0.0.0 Safari/537.36"
36.133.115.36 - - [03/Feb/2026:11:01:22 +0800] "POST /wp-cron.php?doing_wp_cron=1770087682.4338951110839843750000 HTTP/1.1" 200 31 "-" "WordPress/6.9; http://cqqizhou.com"
146.19.24.133 - - [03/Feb/2026:11:01:22 +0800] "GET / HTTP/1.1" 200 34753 "-" "-"
99.81.216.206 - - [03/Feb/2026:11:05:26 +0800] "GET / HTTP/1.1" 200 35185 "-" "Mozilla/5.0 (Macintosh; Intel Mac OS X 10_15_7) AppleWebKit/537.36 (KHTML, like Gecko) Chrome/120.0.0.0 Safari/537.36"
36.133.115.36 - - [03/Feb/2026:11:14:41 +0800] "POST /wp-cron.php?doing_wp_cron=1770088481.5704700946807861328125 HTTP/1.1" 200 31 "-" "WordPress/6.9; http://cqqizhou.com"
43.152.72.244 - - [03/Feb/2026:11:14:41 +0800] "GET / HTTP/1.1" 200 34753 "-" "Mozilla/5.0 (iPhone; CPU iPhone OS 13_2_3 like Mac OS X) AppleWebKit/605.1.15 (KHTML, like Gecko) Version/13.0.3 Mobile/15E148 Safari/604.1"
36.133.115.36 - - [03/Feb/2026:11:17:03 +0800] "POST /wp-cron.php?doing_wp_cron=1770088623.0204079151153564453125 HTTP/1.1" 200 31 "-" "WordPress/6.9; http://cqqizhou.com"
159.203.123.9 - - [03/Feb/2026:11:17:03 +0800] "GET / HTTP/1.1" 301 5 "-" "Mozilla/5.0 (Windows NT 10.0; Win64; x64) AppleWebKit/537.36 (KHTML, like Gecko) Chrome/108.0.0.0 Safari/537.36"
159.203.123.9 - - [03/Feb/2026:11:17:03 +0800] "GET / HTTP/1.1" 200 35185 "http://36.133.115.36/" "Mozilla/5.0 (Windows NT 10.0; Win64; x64) AppleWebKit/537.36 (KHTML, like Gecko) Chrome/108.0.0.0 Safari/537.36"
159.203.123.9 - - [03/Feb/2026:11:17:05 +0800] "GET /form.html HTTP/1.1" 404 8951 "-" "curl/8.1.2"
159.203.123.9 - - [03/Feb/2026:11:17:06 +0800] "GET /upl.php HTTP/1.1" 404 47 "-" "Mozilla/5.0"
159.203.123.9 - - [03/Feb/2026:11:17:07 +0800] "GET /t4 HTTP/1.1" 404 8951 "-" "Mozilla/5.0"
36.133.115.36 - - [03/Feb/2026:11:17:08 +0800] "POST /wp-cron.php?doing_wp_cron=1770088628.8786420822143554687500 HTTP/1.1" 200 31 "-" "WordPress/6.9; http://cqqizhou.com"
159.203.123.9 - - [03/Feb/2026:11:17:08 +0800] "GET /geoip/ HTTP/1.1" 404 8951 "-" "Mozilla/5.0 (Windows NT 10.0; Win64; x64) AppleWebKit/537.36 (KHTML, like Gecko) Chrome/108.0.0.0 Safari/537.36"
159.203.123.9 - - [03/Feb/2026:11:17:10 +0800] "GET /1.php HTTP/1.1" 404 47 "-" "Mozilla/5.0 (Windows NT 10.0; Win64; x64) AppleWebKit/537.36 (KHTML, like Gecko) Chrome/108.0.0.0 Safari/537.36"
159.203.123.9 - - [03/Feb/2026:11:17:10 +0800] "GET /systembc/password.php HTTP/1.1" 404 47 "-" "Mozilla/5.0 (Windows NT 10.0; Win64; x64) AppleWebKit/537.36 (KHTML, like Gecko) Chrome/108.0.0.0 Safari/537.36"
159.203.123.9 - - [03/Feb/2026:11:17:11 +0800] "GET /password.php HTTP/1.1" 404 47 "-" "Mozilla/5.0 (Windows NT 10.0; Win64; x64) AppleWebKit/537.36 (KHTML, like Gecko) Chrome/108.0.0.0 Safari/537.36"
36.133.115.36 - - [03/Feb/2026:11:20:00 +0800] "POST /wp-cron.php?doing_wp_cron=1770088800.1232659816741943359375 HTTP/1.1" 200 31 "-" "WordPress/6.9; http://cqqizhou.com"
147.135.213.38 - - [03/Feb/2026:11:20:00 +0800] "GET /robots.txt HTTP/1.1" 200 390 "-" "Mozilla/5.0 (compatible; MJ12bot/v1.4.8; http://mj12bot.com/)"
147.135.213.38 - - [03/Feb/2026:11:20:01 +0800] "GET /tag/%E5%8D%9A%E8%81%94%E8%BE%BE/ HTTP/1.1" 200 20948 "-" "Mozilla/5.0 (compatible; MJ12bot/v1.4.8; http://mj12bot.com/)"
147.135.213.38 - - [03/Feb/2026:11:20:03 +0800] "GET /tag/%E7%89%A9%E6%B5%81/ HTTP/1.1" 200 20931 "-" "Mozilla/5.0 (compatible; MJ12bot/v1.4.8; http://mj12bot.com/)"
52.167.144.139 - - [03/Feb/2026:11:23:33 +0800] "GET /wp-content/uploads/2025/11/1762861550-%E4%B8%87%E5%98%89%E7%9B%9B%E5%BA%93%E5%85%A8%E6%99%AF%E5%9B%BE.webp HTTP/1.1" 200 24278 "-" "Mozilla/5.0 AppleWebKit/537.36 (KHTML, like Gecko; compatible; bingbot/2.0; +http://www.bing.com/bingbot.htm) Chrome/116.0.1938.76 Safari/537.36"
36.133.115.36 - - [03/Feb/2026:11:33:45 +0800] "POST /wp-cron.php?doing_wp_cron=1770089625.5773670673370361328125 HTTP/1.1" 200 31 "-" "WordPress/6.9; http://cqqizhou.com"
180.93.230.246 - - [03/Feb/2026:11:33:45 +0800] "GET /.env HTTP/1.1" 404 8951 "-" "Mozilla/5.0 (Linux; U; Android 4.4.2; en-US; HM NOTE 1W Build/KOT49H) AppleWebKit/534.30 (KHTML, like Gecko) Version/4.0 UCBrowser/11.0.5.850 U3/0.8.0 Mobile Safari/534.30"
180.93.230.246 - - [03/Feb/2026:11:33:46 +0800] "POST / HTTP/1.1" 200 34753 "-" "Mozilla/5.0 (Linux; U; Android 4.4.2; en-US; HM NOTE 1W Build/KOT49H) AppleWebKit/534.30 (KHTML, like Gecko) Version/4.0 UCBrowser/11.0.5.850 U3/0.8.0 Mobile Safari/534.30"
36.133.115.36 - - [03/Feb/2026:11:37:08 +0800] "POST /wp-cron.php?doing_wp_cron=1770089828.6063868999481201171875 HTTP/1.1" 200 31 "-" "WordPress/6.9; http://cqqizhou.com"
204.76.203.219 - - [03/Feb/2026:11:37:08 +0800] "GET / HTTP/1.1" 200 34753 "-" "Mozilla/5.0 (Windows NT 10.0; Win64; x64) AppleWebKit/537.36 (KHTML, like Gecko) Chrome/90.0.4430.85 Safari/537.36 Edg/90.0.818.46"
204.76.203.18 - - [03/Feb/2026:11:37:15 +0800] "GET /bins/ HTTP/1.1" 301 5 "-" "-"
36.133.115.36 - - [03/Feb/2026:11:41:56 +0800] "POST /wp-cron.php?doing_wp_cron=1770090116.8150761127471923828125 HTTP/1.1" 200 31 "-" "WordPress/6.9; http://cqqizhou.com"
100.27.241.146 - - [03/Feb/2026:11:41:56 +0800] "GET / HTTP/1.1" 301 5 "-" "Go-http-client/1.1"
100.27.241.146 - - [03/Feb/2026:11:41:57 +0800] "GET / HTTP/1.1" 200 35185 "http://36.133.115.36" "Go-http-client/1.1"
36.133.115.36 - - [03/Feb/2026:11:42:38 +0800] "POST /wp-cron.php?doing_wp_cron=1770090158.1856749057769775390625 HTTP/1.1" 200 31 "-" "WordPress/6.9; http://cqqizhou.com"
35.203.210.158 - - [03/Feb/2026:11:42:38 +0800] "GET / HTTP/1.1" 200 34753 "-" "Hello from Palo Alto Networks, find out more about our scans in https://docs-cortex.paloaltonetworks.com/r/1/Cortex-Xpanse/Scanning-activity"
117.66.45.215 - - [03/Feb/2026:11:48:53 +0800] "GET /wp-content/uploads/2025/11/1762864381-QZ_Photo-7.webp HTTP/1.1" 200 129922 "http://cqqizhou.com/" "Mozilla/5.0 (Macintosh; Intel Mac OS X 10_15_7) AppleWebKit/537.36 (KHTML, like Gecko) Chrome/120.0.0.0 Safari/537.36"
36.133.115.36 - - [03/Feb/2026:11:51:51 +0800] "POST /wp-cron.php?doing_wp_cron=1770090711.6855409145355224609375 HTTP/1.1" 200 31 "-" "WordPress/6.9; http://cqqizhou.com"
204.76.203.210 - - [03/Feb/2026:11:51:51 +0800] "GET /openapi.json HTTP/1.1" 301 5 "-" "-"
36.133.115.36 - - [03/Feb/2026:11:53:46 +0800] "POST /wp-cron.php?doing_wp_cron=1770090826.3350191116333007812500 HTTP/1.1" 200 31 "-" "WordPress/6.9; http://cqqizhou.com"
206.168.34.125 - - [03/Feb/2026:11:53:46 +0800] "GET /robots.txt HTTP/1.1" 200 190 "-" "Mozilla/5.0 (compatible; CensysInspect/1.1; +https://about.censys.io/)"
206.168.34.125 - - [03/Feb/2026:11:53:57 +0800] "GET /sw315fhqhs493g HTTP/1.1" 404 8951 "-" "Mozilla/5.0 (compatible; CensysInspect/1.1; +https://about.censys.io/)"
36.133.115.36 - - [03/Feb/2026:12:06:28 +0800] "POST /wp-cron.php?doing_wp_cron=1770091588.1002919673919677734375 HTTP/1.1" 200 31 "-" "WordPress/6.9; http://cqqizhou.com"
36.133.108.119 - - [03/Feb/2026:12:06:28 +0800] "HEAD /pub/.env HTTP/1.1" 404 0 "-" "Mozilla/5.0 (iPad; CPU OS 6_0 like Mac OS X) AppleWebKit/536.26 (KHTML, like Gecko) Version/6.0 Mobile/10A5355d Safari/8536.25"
36.133.115.36 - - [03/Feb/2026:12:11:45 +0800] "POST /wp-cron.php?doing_wp_cron=1770091905.4572319984436035156250 HTTP/1.1" 200 31 "-" "WordPress/6.9; http://cqqizhou.com"
36.133.108.119 - - [03/Feb/2026:12:11:45 +0800] "HEAD /manual/.env HTTP/1.1" 404 0 "-" "Mozilla/5.0 (Macintosh; U; Intel Mac OS X 10_5_8; zh-cn) AppleWebKit/533.18.1 (KHTML, like Gecko) Version/5.0.2 Safari/533.18.5"
36.133.115.36 - - [03/Feb/2026:12:30:04 +0800] "POST /wp-cron.php?doing_wp_cron=1770093004.2047629356384277343750 HTTP/1.1" 200 31 "-" "WordPress/6.9; http://cqqizhou.com"
204.76.203.219 - - [03/Feb/2026:12:30:04 +0800] "GET / HTTP/1.1" 200 34753 "-" "Mozilla/5.0 (Windows NT 10.0; Win64; x64) AppleWebKit/537.36 (KHTML, like Gecko) Chrome/90.0.4430.85 Safari/537.36 Edg/90.0.818.46"
36.133.115.36 - - [03/Feb/2026:12:42:23 +0800] "POST /wp-cron.php?doing_wp_cron=1770093743.3617820739746093750000 HTTP/1.1" 200 31 "-" "WordPress/6.9; http://cqqizhou.com"
37.59.204.148 - - [03/Feb/2026:12:42:23 +0800] "GET /robots.txt HTTP/1.1" 200 190 "-" "Mozilla/5.0 (compatible; AhrefsBot/7.0; +http://ahrefs.com/robot/)"
54.37.118.80 - - [03/Feb/2026:12:42:26 +0800] "GET /bug/ HTTP/1.1" 200 12866 "-" "Mozilla/5.0 (compatible; AhrefsBot/7.0; +http://ahrefs.com/robot/)"
36.133.115.36 - - [03/Feb/2026:12:47:26 +0800] "POST /wp-cron.php?doing_wp_cron=1770094046.1131310462951660156250 HTTP/1.1" 200 31 "-" "WordPress/6.9; http://cqqizhou.com"
204.76.203.69 - - [03/Feb/2026:12:47:26 +0800] "GET / HTTP/1.1" 301 5 "-" "Mozilla/5.0 (Windows NT 10.0; Win64; x64) AppleWebKit/537.36 (KHTML, like Gecko) Chrome/90.0.4430.85 Safari/537.36 Edg/90.0.818.46"
49.234.76.21 - - [03/Feb/2026:12:59:04 +0800] "GET /static/admin/webUploader/server/preview.php HTTP/1.1" 404 47 "-" "Mozilla/5.0 (Windows NT 10.0; Win64; x64)"
49.234.76.21 - - [03/Feb/2026:12:59:04 +0800] "GET /static/admin/webUploader/server/fileupload.php HTTP/1.1" 404 47 "-" "Mozilla/5.0 (Windows NT 10.0; Win64; x64)"
36.133.115.36 - - [03/Feb/2026:13:01:24 +0800] "POST /wp-cron.php?doing_wp_cron=1770094884.7912280559539794921875 HTTP/1.1" 200 31 "-" "WordPress/6.9; http://cqqizhou.com"
77.90.185.76 - - [03/Feb/2026:13:01:24 +0800] "POST / HTTP/1.1" 200 34753 "-" "Mozilla/5.0 (Windows NT 10.0; Win64; x64) AppleWebKit/537.36 (KHTML, like Gecko) Chrome/144.0.0.0 Safari/537.36"
77.90.185.76 - - [03/Feb/2026:13:01:28 +0800] "POST / HTTP/1.1" 200 34753 "-" "Mozilla/5.0 (Windows NT 10.0; Win64; x64) AppleWebKit/537.36 (KHTML, like Gecko) Chrome/144.0.0.0 Safari/537.36"
164.92.134.111 - - [03/Feb/2026:13:01:34 +0800] "GET / HTTP/1.1" 301 5 "-" "Mozilla/5.0 (X11; Linux x86_64) AppleWebKit/537.36 (KHTML, like Gecko) Chrome/142.0.0.0 Safari/537.36"
123.57.13.121 - - [03/Feb/2026:13:19:25 +0800] "GET / HTTP/1.1" 200 35185 "-" "Mozilla/5.0 (Windows NT 10.0; Win64; x64) AppleWebKit/537.36 (KHTML, like Gecko) Chrome/104.0.0.0 Safari/537.36"
36.133.115.36 - - [03/Feb/2026:13:20:48 +0800] "POST /wp-cron.php?doing_wp_cron=1770096048.6587719917297363281250 HTTP/1.1" 200 31 "-" "WordPress/6.9; http://cqqizhou.com"
14.108.233.63 - - [03/Feb/2026:13:20:48 +0800] "GET /2440/ HTTP/1.1" 200 21473 "-" "Mozilla/5.0 (iPhone; CPU iPhone OS 17_6_1 like Mac OS X) AppleWebKit/605.1.15 (KHTML, like Gecko) Mobile/15E148 MicroMessenger/8.0.68(0x1800442f) NetType/WIFI Language/zh_CN"
117.89.183.20 - - [03/Feb/2026:13:20:50 +0800] "GET /2440/ HTTP/1.1" 200 21473 "-" "Mozilla/5.0 (iPhone; CPU iPhone OS 14_8_1 like Mac OS X) AppleWebKit/605.1.15 (KHTML, like Gecko) Mobile/15E148 MicroMessenger/8.0.40(0x18002826) NetType/WIFI Language/zh_CN"
36.133.115.36 - - [03/Feb/2026:13:22:53 +0800] "POST /wp-cron.php?doing_wp_cron=1770096173.4540519714355468750000 HTTP/1.1" 200 31 "-" "WordPress/6.9; http://cqqizhou.com"
14.108.233.63 - - [03/Feb/2026:13:22:53 +0800] "GET /2388/ HTTP/1.1" 200 20385 "http://cqqizhou.com/2440/" "Mozilla/5.0 (iPhone; CPU iPhone OS 17_6_1 like Mac OS X) AppleWebKit/605.1.15 (KHTML, like Gecko) Mobile/15E148 MicroMessenger/8.0.68(0x1800442f) NetType/WIFI Language/zh_CN"
14.108.233.63 - - [03/Feb/2026:13:22:53 +0800] "GET /wp-content/uploads/2025/12/1766647829-Article_images_202512251.webp HTTP/1.1" 200 53246 "http://cqqizhou.com/2388/" "Mozilla/5.0 (iPhone; CPU iPhone OS 17_6_1 like Mac OS X) AppleWebKit/605.1.15 (KHTML, like Gecko) Mobile/15E148 MicroMessenger/8.0.68(0x1800442f) NetType/WIFI Language/zh_CN"
14.108.233.63 - - [03/Feb/2026:13:22:53 +0800] "GET /wp-content/uploads/2025/12/1766647831-Article_images_202512254.webp HTTP/1.1" 200 55610 "http://cqqizhou.com/2388/" "Mozilla/5.0 (iPhone; CPU iPhone OS 17_6_1 like Mac OS X) AppleWebKit/605.1.15 (KHTML, like Gecko) Mobile/15E148 MicroMessenger/8.0.68(0x1800442f) NetType/WIFI Language/zh_CN"
14.108.233.63 - - [03/Feb/2026:13:22:54 +0800] "GET /wp-content/uploads/2025/12/1766647831-Article_images_202512253.webp HTTP/1.1" 200 115480 "http://cqqizhou.com/2388/" "Mozilla/5.0 (iPhone; CPU iPhone OS 17_6_1 like Mac OS X) AppleWebKit/605.1.15 (KHTML, like Gecko) Mobile/15E148 MicroMessenger/8.0.68(0x1800442f) NetType/WIFI Language/zh_CN"
14.108.233.63 - - [03/Feb/2026:13:22:55 +0800] "GET /wp-content/uploads/2025/12/1766647830-Article_images_202512252.webp HTTP/1.1" 200 84832 "http://cqqizhou.com/2388/" "Mozilla/5.0 (iPhone; CPU iPhone OS 17_6_1 like Mac OS X) AppleWebKit/605.1.15 (KHTML, like Gecko) Mobile/15E148 MicroMessenger/8.0.68(0x1800442f) NetType/WIFI Language/zh_CN"
14.108.233.63 - - [03/Feb/2026:13:22:59 +0800] "GET /2440/ HTTP/1.1" 200 21473 "-" "Mozilla/5.0 (iPhone; CPU iPhone OS 17_6_1 like Mac OS X) AppleWebKit/605.1.15 (KHTML, like Gecko) Mobile/15E148 MicroMessenger/8.0.68(0x1800442f) NetType/WIFI Language/zh_CN"
36.133.115.36 - - [03/Feb/2026:13:24:25 +0800] "POST /wp-cron.php?doing_wp_cron=1770096265.8803598880767822265625 HTTP/1.1" 200 31 "-" "WordPress/6.9; http://cqqizhou.com"
204.76.203.219 - - [03/Feb/2026:13:24:25 +0800] "GET / HTTP/1.1" 200 34753 "-" "Mozilla/5.0 (Windows NT 10.0; Win64; x64) AppleWebKit/537.36 (KHTML, like Gecko) Chrome/90.0.4430.85 Safari/537.36 Edg/90.0.818.46"
14.110.123.113 - - [03/Feb/2026:13:31:25 +0800] "GET /2440/ HTTP/1.1" 200 21759 "-" "Mozilla/5.0 (iPad; CPU OS 18_7 like Mac OS X) AppleWebKit/605.1.15 (KHTML, like Gecko) Mobile/15E148 MicroMessenger/8.0.68(0x1800442e) NetType/WIFI Language/zh_CN"
14.110.123.113 - - [03/Feb/2026:13:31:25 +0800] "GET /wp-content/uploads/2025/07/1753410289-News2000%C3%97400_202571.webp HTTP/1.1" 200 17830 "http://cqqizhou.com/2440/" "Mozilla/5.0 (iPad; CPU OS 18_7 like Mac OS X) AppleWebKit/605.1.15 (KHTML, like Gecko) Mobile/15E148 MicroMessenger/8.0.68(0x1800442e) NetType/WIFI Language/zh_CN"
14.110.123.113 - - [03/Feb/2026:13:31:25 +0800] "GET /wp-content/uploads/2026/01/1768527483-Article_images_W900%C3%97500px202601161.webp HTTP/1.1" 200 33780 "http://cqqizhou.com/2440/" "Mozilla/5.0 (iPad; CPU OS 18_7 like Mac OS X) AppleWebKit/605.1.15 (KHTML, like Gecko) Mobile/15E148 MicroMessenger/8.0.68(0x1800442e) NetType/WIFI Language/zh_CN"
14.110.123.113 - - [03/Feb/2026:13:31:25 +0800] "GET /wp-content/uploads/2025/07/1751425283-qizhou.kf_.qq_.com_.webp HTTP/1.1" 200 16864 "http://cqqizhou.com/2440/" "Mozilla/5.0 (iPad; CPU OS 18_7 like Mac OS X) AppleWebKit/605.1.15 (KHTML, like Gecko) Mobile/15E148 MicroMessenger/8.0.68(0x1800442e) NetType/WIFI Language/zh_CN"
14.110.123.113 - - [03/Feb/2026:13:31:25 +0800] "GET /wp-content/uploads/2026/01/1768527484-Article_images_W900%C3%97500px202601162.webp HTTP/1.1" 200 20598 "http://cqqizhou.com/2440/" "Mozilla/5.0 (iPad; CPU OS 18_7 like Mac OS X) AppleWebKit/605.1.15 (KHTML, like Gecko) Mobile/15E148 MicroMessenger/8.0.68(0x1800442e) NetType/WIFI Language/zh_CN"
14.110.123.113 - - [03/Feb/2026:13:31:25 +0800] "GET /wp-content/uploads/2026/01/1768527484-Article_images_W900%C3%97500px202601163.webp HTTP/1.1" 200 79498 "http://cqqizhou.com/2440/" "Mozilla/5.0 (iPad; CPU OS 18_7 like Mac OS X) AppleWebKit/605.1.15 (KHTML, like Gecko) Mobile/15E148 MicroMessenger/8.0.68(0x1800442e) NetType/WIFI Language/zh_CN"
14.110.123.113 - - [03/Feb/2026:13:31:25 +0800] "GET /wp-content/uploads/2026/01/1769511379-Article_images_W900%C3%97500px202601271.webp HTTP/1.1" 200 67912 "http://cqqizhou.com/2440/" "Mozilla/5.0 (iPad; CPU OS 18_7 like Mac OS X) AppleWebKit/605.1.15 (KHTML, like Gecko) Mobile/15E148 MicroMessenger/8.0.68(0x1800442e) NetType/WIFI Language/zh_CN"
14.110.123.113 - - [03/Feb/2026:13:31:25 +0800] "GET /wp-content/uploads/2025/12/1766647832-Article_images_W900%C3%97500px20251225.webp HTTP/1.1" 200 44582 "http://cqqizhou.com/2440/" "Mozilla/5.0 (iPad; CPU OS 18_7 like Mac OS X) AppleWebKit/605.1.15 (KHTML, like Gecko) Mobile/15E148 MicroMessenger/8.0.68(0x1800442e) NetType/WIFI Language/zh_CN"
14.110.123.113 - - [03/Feb/2026:13:32:32 +0800] "GET /wp-content/uploads/2026/01/1768527485-Article_images_W900%C3%97500px202601164.webp HTTP/1.1" 200 52448 "http://cqqizhou.com/2440/" "Mozilla/5.0 (iPad; CPU OS 18_7 like Mac OS X) AppleWebKit/605.1.15 (KHTML, like Gecko) Mobile/15E148 MicroMessenger/8.0.68(0x1800442e) NetType/WIFI Language/zh_CN"
14.110.123.113 - - [03/Feb/2026:13:33:38 +0800] "GET /wp-content/uploads/2026/01/1768527486-Article_images_W900%C3%97500px202601165.webp HTTP/1.1" 200 30516 "http://cqqizhou.com/2440/" "Mozilla/5.0 (iPad; CPU OS 18_7 like Mac OS X) AppleWebKit/605.1.15 (KHTML, like Gecko) Mobile/15E148 MicroMessenger/8.0.68(0x1800442e) NetType/WIFI Language/zh_CN"
36.133.115.36 - - [03/Feb/2026:13:36:04 +0800] "POST /wp-cron.php?doing_wp_cron=1770096964.5145390033721923828125 HTTP/1.1" 200 31 "-" "WordPress/6.9; http://cqqizhou.com"
167.235.6.174 - - [03/Feb/2026:13:36:04 +0800] "POST /xmlrpc.php HTTP/1.1" 200 217 "-" "Mozilla/5.0 (Windows NT 10.0; rv:141.0) Gecko/20100101 Firefox/141.0"
36.133.115.36 - - [03/Feb/2026:13:40:07 +0800] "POST /wp-cron.php?doing_wp_cron=1770097207.6127350330352783203125 HTTP/1.1" 200 31 "-" "WordPress/6.9; http://cqqizhou.com"
93.123.169.160 - - [03/Feb/2026:13:40:08 +0800] "GET / HTTP/1.1" 200 157284 "-" "Mozilla/5.0 (Windows NT 6.1; WOW64) AppleWebKit/537.36 (KHTML, like Gecko) Chrome/52.0.2743.116 Safari/537.36"
36.133.115.36 - - [03/Feb/2026:13:44:11 +0800] "POST /wp-cron.php?doing_wp_cron=1770097451.4272789955139160156250 HTTP/1.1" 200 31 "-" "WordPress/6.9; http://cqqizhou.com"
148.153.56.62 - - [03/Feb/2026:13:44:11 +0800] "GET /XxFF HTTP/1.1" 301 5 "-" "Mozilla/5.0 (Macintosh; Intel Mac OS X 10.9; rv:32.0) Gecko/20100101 Firefox/32.0"
148.153.56.62 - - [03/Feb/2026:13:44:13 +0800] "GET /XxFF HTTP/1.1" 404 8951 "http://36.133.115.36:80/XxFF" "Mozilla/5.0 (Macintosh; Intel Mac OS X 10.9; rv:32.0) Gecko/20100101 Firefox/32.0"
148.153.56.62 - - [03/Feb/2026:13:44:14 +0800] "GET /7xHf HTTP/1.1" 301 5 "-" "Mozilla/5.0 (Macintosh; Intel Mac OS X 10.9; rv:32.0) Gecko/20100101 Firefox/32.0"
148.153.56.62 - - [03/Feb/2026:13:44:16 +0800] "GET /7xHf HTTP/1.1" 404 8951 "http://36.133.115.36:80/7xHf" "Mozilla/5.0 (Macintosh; Intel Mac OS X 10.9; rv:32.0) Gecko/20100101 Firefox/32.0"
148.153.56.62 - - [03/Feb/2026:13:44:17 +0800] "GET /aab8 HTTP/1.1" 301 5 "-" "Mozilla/5.0 (Macintosh; Intel Mac OS X 10.9; rv:32.0) Gecko/20100101 Firefox/32.0"
148.153.56.62 - - [03/Feb/2026:13:44:19 +0800] "GET /aab8 HTTP/1.1" 404 8951 "http://36.133.115.36:80/aab8" "Mozilla/5.0 (Macintosh; Intel Mac OS X 10.9; rv:32.0) Gecko/20100101 Firefox/32.0"
148.153.56.62 - - [03/Feb/2026:13:44:21 +0800] "GET /aab9 HTTP/1.1" 301 5 "-" "Mozilla/5.0 (Macintosh; Intel Mac OS X 10.9; rv:32.0) Gecko/20100101 Firefox/32.0"
148.153.56.62 - - [03/Feb/2026:13:44:24 +0800] "GET /aab9 HTTP/1.1" 404 8952 "http://36.133.115.36:80/aab9" "Mozilla/5.0 (Macintosh; Intel Mac OS X 10.9; rv:32.0) Gecko/20100101 Firefox/32.0"
36.133.115.36 - - [03/Feb/2026:13:46:37 +0800] "POST /wp-cron.php?doing_wp_cron=1770097597.1445600986480712890625 HTTP/1.1" 200 31 "-" "WordPress/6.9; http://cqqizhou.com"
172.105.234.247 - - [03/Feb/2026:13:46:37 +0800] "GET / HTTP/1.1" 200 157284 "-" "Mozilla/5.0 AppleWebKit/537.36 (KHTML, like Gecko) Mobile Safari/537.36 (compatible; Bytespider; https://zhanzhang.toutiao.com/)"
36.133.115.36 - - [03/Feb/2026:13:59:10 +0800] "POST /wp-cron.php?doing_wp_cron=1770098350.7212541103363037109375 HTTP/1.1" 200 31 "-" "WordPress/6.9; http://cqqizhou.com"
14.110.123.113 - - [03/Feb/2026:13:59:10 +0800] "GET /2440/ HTTP/1.1" 200 21473 "-" "Mozilla/5.0 (iPhone; CPU iPhone OS 18_7 like Mac OS X) AppleWebKit/605.1.15 (KHTML, like Gecko) Mobile/15E148 MicroMessenger/8.0.68(0x1800442f) NetType/WIFI Language/zh_CN"
14.110.123.113 - - [03/Feb/2026:13:59:11 +0800] "GET /wp-content/uploads/2026/01/1768527483-Article_images_W900%C3%97500px202601161.webp HTTP/1.1" 200 33780 "http://cqqizhou.com/2440/" "Mozilla/5.0 (iPhone; CPU iPhone OS 18_7 like Mac OS X) AppleWebKit/605.1.15 (KHTML, like Gecko) Mobile/15E148 MicroMessenger/8.0.68(0x1800442f) NetType/WIFI Language/zh_CN"
14.110.123.113 - - [03/Feb/2026:13:59:11 +0800] "GET /wp-content/uploads/2025/07/1753410289-News2000%C3%97400_202571.webp HTTP/1.1" 200 17830 "http://cqqizhou.com/2440/" "Mozilla/5.0 (iPhone; CPU iPhone OS 18_7 like Mac OS X) AppleWebKit/605.1.15 (KHTML, like Gecko) Mobile/15E148 MicroMessenger/8.0.68(0x1800442f) NetType/WIFI Language/zh_CN"
14.110.123.113 - - [03/Feb/2026:13:59:11 +0800] "GET /wp-content/uploads/2026/01/1768527484-Article_images_W900%C3%97500px202601162.webp HTTP/1.1" 200 20598 "http://cqqizhou.com/2440/" "Mozilla/5.0 (iPhone; CPU iPhone OS 18_7 like Mac OS X) AppleWebKit/605.1.15 (KHTML, like Gecko) Mobile/15E148 MicroMessenger/8.0.68(0x1800442f) NetType/WIFI Language/zh_CN"
14.110.123.113 - - [03/Feb/2026:13:59:11 +0800] "GET /wp-content/uploads/2026/01/1768527484-Article_images_W900%C3%97500px202601163.webp HTTP/1.1" 200 79498 "http://cqqizhou.com/2440/" "Mozilla/5.0 (iPhone; CPU iPhone OS 18_7 like Mac OS X) AppleWebKit/605.1.15 (KHTML, like Gecko) Mobile/15E148 MicroMessenger/8.0.68(0x1800442f) NetType/WIFI Language/zh_CN"
14.110.123.113 - - [03/Feb/2026:13:59:11 +0800] "GET /wp-content/uploads/2026/01/1769511379-Article_images_W900%C3%97500px202601271.webp HTTP/1.1" 200 67912 "http://cqqizhou.com/2440/" "Mozilla/5.0 (iPhone; CPU iPhone OS 18_7 like Mac OS X) AppleWebKit/605.1.15 (KHTML, like Gecko) Mobile/15E148 MicroMessenger/8.0.68(0x1800442f) NetType/WIFI Language/zh_CN"
14.110.123.113 - - [03/Feb/2026:13:59:11 +0800] "GET /wp-content/uploads/2025/12/1766647832-Article_images_W900%C3%97500px20251225.webp HTTP/1.1" 200 44582 "http://cqqizhou.com/2440/" "Mozilla/5.0 (iPhone; CPU iPhone OS 18_7 like Mac OS X) AppleWebKit/605.1.15 (KHTML, like Gecko) Mobile/15E148 MicroMessenger/8.0.68(0x1800442f) NetType/WIFI Language/zh_CN"
14.110.123.113 - - [03/Feb/2026:13:59:11 +0800] "GET /wp-content/uploads/2025/07/1751425283-qizhou.kf_.qq_.com_.webp HTTP/1.1" 200 16864 "http://cqqizhou.com/2440/" "Mozilla/5.0 (iPhone; CPU iPhone OS 18_7 like Mac OS X) AppleWebKit/605.1.15 (KHTML, like Gecko) Mobile/15E148 MicroMessenger/8.0.68(0x1800442f) NetType/WIFI Language/zh_CN"
146.19.24.133 - - [03/Feb/2026:13:59:12 +0800] "GET / HTTP/1.1" 200 109837 "-" "Mozilla/5.0 (Macintosh; Intel Mac OS X 10_15_7) AppleWebKit/537.36 (KHTML, like Gecko) Chrome/142.0.0.0 Safari/537.36"
36.133.115.36 - - [03/Feb/2026:14:01:13 +0800] "POST /wp-cron.php?doing_wp_cron=1770098473.8793320655822753906250 HTTP/1.1" 200 31 "-" "WordPress/6.9; http://cqqizhou.com"
95.91.110.210 - - [03/Feb/2026:14:01:13 +0800] "GET /robots.txt HTTP/1.1" 200 390 "-" "Mozilla/5.0 (compatible; MJ12bot/v1.4.8; http://mj12bot.com/)"
95.91.110.210 - - [03/Feb/2026:14:01:16 +0800] "GET /portfolio/%E5%86%B7%E8%BD%A7%E5%8D%B7/ HTTP/1.1" 404 8951 "-" "Mozilla/5.0 (compatible; MJ12bot/v1.4.8; http://mj12bot.com/)"
36.133.115.36 - - [03/Feb/2026:14:04:12 +0800] "POST /wp-cron.php?doing_wp_cron=1770098652.3971660137176513671875 HTTP/1.1" 200 31 "-" "WordPress/6.9; http://cqqizhou.com"
14.110.123.113 - - [03/Feb/2026:14:04:12 +0800] "GET /2440/ HTTP/1.1" 200 21473 "-" "Mozilla/5.0 (iPhone; CPU iPhone OS 18_7 like Mac OS X) AppleWebKit/605.1.15 (KHTML, like Gecko) Mobile/15E148 MicroMessenger/8.0.68(0x1800442f) NetType/WIFI Language/zh_CN"
36.133.115.36 - - [03/Feb/2026:14:05:13 +0800] "POST /wp-cron.php?doing_wp_cron=1770098713.5494270324707031250000 HTTP/1.1" 200 31 "-" "WordPress/6.9; http://cqqizhou.com"
36.133.108.121 - - [03/Feb/2026:14:05:13 +0800] "HEAD /geoip/ HTTP/1.1" 404 0 "-" "Mozilla/5.0 (Macintosh; Intel Mac OS X 10_9_2) AppleWebKit/537.36 (KHTML, like Gecko) Chrome/36.0.1944.0 Safari/537.36"
36.133.115.36 - - [03/Feb/2026:14:11:18 +0800] "POST /wp-cron.php?doing_wp_cron=1770099078.9170730113983154296875 HTTP/1.1" 200 31 "-" "WordPress/6.9; http://cqqizhou.com"
43.154.127.188 - - [03/Feb/2026:14:11:18 +0800] "GET / HTTP/1.1" 200 34753 "-" "Mozilla/5.0 (iPhone; CPU iPhone OS 13_2_3 like Mac OS X) AppleWebKit/605.1.15 (KHTML, like Gecko) Version/13.0.3 Mobile/15E148 Safari/604.1"
36.133.115.36 - - [03/Feb/2026:14:20:11 +0800] "POST /wp-cron.php?doing_wp_cron=1770099611.1712920665740966796875 HTTP/1.1" 200 31 "-" "WordPress/6.9; http://cqqizhou.com"
204.76.203.219 - - [03/Feb/2026:14:20:11 +0800] "GET / HTTP/1.1" 200 34753 "-" "Mozilla/5.0 (Windows NT 10.0; Win64; x64) AppleWebKit/537.36 (KHTML, like Gecko) Chrome/90.0.4430.85 Safari/537.36 Edg/90.0.818.46"
106.53.123.143 - - [03/Feb/2026:14:20:21 +0800] "GET / HTTP/1.1" 301 5 "-" "Go-http-client/1.1"
106.53.123.143 - - [03/Feb/2026:14:20:21 +0800] "GET / HTTP/1.1" 200 35185 "http://36.133.115.36" "Go-http-client/1.1"
36.133.115.36 - - [03/Feb/2026:14:25:50 +0800] "POST /wp-cron.php?doing_wp_cron=1770099950.3320550918579101562500 HTTP/1.1" 200 31 "-" "WordPress/6.9; http://cqqizhou.com"
87.121.84.51 - - [03/Feb/2026:14:25:50 +0800] "GET / HTTP/1.0" 301 0 "-" "Mozilla/5.0 (X11; Linux x86_64; rv:140.0) Gecko/20100101 Firefox/140.0"
36.133.108.119 - - [03/Feb/2026:14:26:03 +0800] "HEAD /mailinabox/.env HTTP/1.1" 404 0 "-" "Mozilla/5.0 (iPad; CPU OS 6_0 like Mac OS X) AppleWebKit/536.26 (KHTML, like Gecko) Version/6.0 Mobile/10A5355d Safari/8536.25"
36.133.115.36 - - [03/Feb/2026:14:27:01 +0800] "POST /wp-cron.php?doing_wp_cron=1770100021.1009130477905273437500 HTTP/1.1" 200 31 "-" "WordPress/6.9; http://cqqizhou.com"
34.76.134.123 - - [03/Feb/2026:14:27:01 +0800] "GET / HTTP/1.1" 301 5 "-" "python-requests/2.32.5"
36.133.115.36 - - [03/Feb/2026:14:27:26 +0800] "POST /wp-cron.php?doing_wp_cron=1770100046.5775868892669677734375 HTTP/1.1" 200 31 "-" "WordPress/6.9; http://cqqizhou.com"
45.194.92.11 - - [03/Feb/2026:14:27:26 +0800] "GET /dispatch.asp HTTP/1.1" 301 5 "-" "Mozilla/5.0 (Windows NT 10.0; Win64; x64) AppleWebKit/537.36 (KHTML, like Gecko) Chrome/90.0.4430.85 Safari/537.36 Edg/90.0.818.46"
36.133.115.36 - - [03/Feb/2026:14:29:09 +0800] "POST /wp-cron.php?doing_wp_cron=1770100149.1871430873870849609375 HTTP/1.1" 200 31 "-" "WordPress/6.9; http://cqqizhou.com"
43.165.65.75 - - [03/Feb/2026:14:29:09 +0800] "GET / HTTP/1.1" 301 5 "-" "Mozilla/5.0 (iPhone; CPU iPhone OS 13_2_3 like Mac OS X) AppleWebKit/605.1.15 (KHTML, like Gecko) Version/13.0.3 Mobile/15E148 Safari/604.1"
43.165.65.75 - - [03/Feb/2026:14:29:11 +0800] "GET / HTTP/1.1" 200 34753 "http://www.cqqizhou.com" "Mozilla/5.0 (iPhone; CPU iPhone OS 13_2_3 like Mac OS X) AppleWebKit/605.1.15 (KHTML, like Gecko) Version/13.0.3 Mobile/15E148 Safari/604.1"
36.133.115.36 - - [03/Feb/2026:14:35:12 +0800] "POST /wp-cron.php?doing_wp_cron=1770100512.3054270744323730468750 HTTP/1.1" 200 31 "-" "WordPress/6.9; http://cqqizhou.com"
135.181.180.59 - - [03/Feb/2026:14:35:12 +0800] "GET /robots.txt HTTP/1.1" 200 390 "-" "Mozilla/5.0 (compatible; MJ12bot/v1.4.8; http://mj12bot.com/)"
135.181.180.59 - - [03/Feb/2026:14:35:15 +0800] "GET /portfolio-tag/%E9%9E%8D%E9%92%A2%E8%92%82%E6%A3%AE/ HTTP/1.1" 404 8950 "-" "Mozilla/5.0 (compatible; MJ12bot/v1.4.8; http://mj12bot.com/)"
135.181.180.59 - - [03/Feb/2026:14:35:17 +0800] "GET /portfolio/%E5%86%B7%E8%BD%A7%E5%8D%B7/ HTTP/1.1" 404 8950 "-" "Mozilla/5.0 (compatible; MJ12bot/v1.4.8; http://mj12bot.com/)"
135.181.180.59 - - [03/Feb/2026:14:35:20 +0800] "GET /portfolio/%E5%86%B7%E8%BD%A7%E6%9D%BF/ HTTP/1.1" 404 8949 "-" "Mozilla/5.0 (compatible; MJ12bot/v1.4.8; http://mj12bot.com/)"
36.133.115.36 - - [03/Feb/2026:14:46:46 +0800] "POST /wp-cron.php?doing_wp_cron=1770101206.2848570346832275390625 HTTP/1.1" 200 31 "-" "WordPress/6.9; http://cqqizhou.com"
191.5.127.86 - - [03/Feb/2026:14:46:47 +0800] "GET / HTTP/1.1" 200 157284 "-" "Mozilla/5.0 (Windows NT 6.1; WOW64) AppleWebKit/537.36 (KHTML, like Gecko) Chrome/52.0.2743.116 Safari/537.36"
36.133.115.36 - - [03/Feb/2026:14:48:30 +0800] "POST /wp-cron.php?doing_wp_cron=1770101310.0438940525054931640625 HTTP/1.1" 200 31 "-" "WordPress/6.9; http://cqqizhou.com"
193.142.146.230 - - [03/Feb/2026:14:48:30 +0800] "GET /login HTTP/1.1" 301 5 "-" "Go-http-client/1.1"
193.142.146.230 - - [03/Feb/2026:14:48:30 +0800] "GET /login HTTP/1.1" 302 5 "http://36.133.115.36:80/login" "Go-http-client/1.1"
193.142.146.230 - - [03/Feb/2026:14:48:32 +0800] "GET /wp-login.php HTTP/1.1" 200 2854 "http://36.133.115.36/login" "Go-http-client/1.1"
36.133.115.36 - - [03/Feb/2026:15:02:57 +0800] "POST /wp-cron.php?doing_wp_cron=1770102177.2147510051727294921875 HTTP/1.1" 200 31 "-" "WordPress/6.9; http://cqqizhou.com"
94.23.188.205 - - [03/Feb/2026:15:02:57 +0800] "GET /services/processing/ HTTP/1.1" 200 22963 "-" "Mozilla/5.0 (compatible; AhrefsBot/7.0; +http://ahrefs.com/robot/)"
36.133.115.36 - - [03/Feb/2026:15:15:09 +0800] "POST /wp-cron.php?doing_wp_cron=1770102909.3101139068603515625000 HTTP/1.1" 200 31 "-" "WordPress/6.9; http://cqqizhou.com"
204.76.203.219 - - [03/Feb/2026:15:15:09 +0800] "GET / HTTP/1.1" 200 34753 "-" "Mozilla/5.0 (Windows NT 10.0; Win64; x64) AppleWebKit/537.36 (KHTML, like Gecko) Chrome/90.0.4430.85 Safari/537.36 Edg/90.0.818.46"
36.133.115.36 - - [03/Feb/2026:15:17:05 +0800] "POST /wp-cron.php?doing_wp_cron=1770103025.7027540206909179687500 HTTP/1.1" 200 31 "-" "WordPress/6.9; http://cqqizhou.com"
36.133.108.119 - - [03/Feb/2026:15:17:05 +0800] "HEAD /app_dev.php/_profiler/open?file=app/config/parameters.yml HTTP/1.1" 404 0 "-" "Mozilla/5.0 (iPad; CPU OS 6_0 like Mac OS X) AppleWebKit/536.26 (KHTML, like Gecko) Version/6.0 Mobile/10A5355d Safari/8536.25"
36.133.115.36 - - [03/Feb/2026:15:25:25 +0800] "POST /wp-cron.php?doing_wp_cron=1770103525.7637081146240234375000 HTTP/1.1" 200 31 "-" "WordPress/6.9; http://cqqizhou.com"
66.249.74.134 - - [03/Feb/2026:15:25:25 +0800] "GET /portfolio/duplex-stainless-steel/ HTTP/1.1" 404 8950 "-" "Mozilla/5.0 (Linux; Android 6.0.1; Nexus 5X Build/MMB29P) AppleWebKit/537.36 (KHTML, like Gecko) Chrome/144.0.7559.109 Mobile Safari/537.36 (compatible; Googlebot/2.1; +http://www.google.com/bot.html)"
123.57.13.121 - - [03/Feb/2026:15:28:56 +0800] "GET / HTTP/1.1" 200 35185 "-" "Mozilla/5.0 (Windows NT 10.0; Win64; x64) AppleWebKit/537.36 (KHTML, like Gecko) Chrome/104.0.0.0 Safari/537.36"
36.133.115.36 - - [03/Feb/2026:15:35:30 +0800] "POST /wp-cron.php?doing_wp_cron=1770104130.2800951004028320312500 HTTP/1.1" 200 31 "-" "WordPress/6.9; http://cqqizhou.com"
36.133.108.121 - - [03/Feb/2026:15:35:30 +0800] "HEAD /actuator/gateway/routes HTTP/1.1" 404 0 "-" "Mozilla/5.0 (Macintosh; U; Intel Mac OS X 10_6_6; es-es) AppleWebKit/533.20.25 (KHTML, like Gecko) Version/5.0.4 Safari/533.20.27"
36.133.115.36 - - [03/Feb/2026:15:37:41 +0800] "POST /wp-cron.php?doing_wp_cron=1770104261.0647110939025878906250 HTTP/1.1" 200 31 "-" "WordPress/6.9; http://cqqizhou.com"
204.76.203.18 - - [03/Feb/2026:15:37:41 +0800] "GET /bin/ HTTP/1.1" 301 5 "-" "-"
204.76.203.18 - - [03/Feb/2026:15:37:42 +0800] "GET /bin/ HTTP/1.1" 301 5 "-" "-"
36.133.115.36 - - [03/Feb/2026:15:46:39 +0800] "POST /wp-cron.php?doing_wp_cron=1770104799.8781299591064453125000 HTTP/1.1" 200 31 "-" "WordPress/6.9; http://cqqizhou.com"
111.225.148.56 - - [03/Feb/2026:15:46:39 +0800] "GET /robots.txt HTTP/1.1" 200 190 "-" "Mozilla/5.0 (Linux; Android 5.0) AppleWebKit/537.36 (KHTML, like Gecko) Mobile Safari/537.36 (compatible; Bytespider; https://zhanzhang.toutiao.com/)"
85.90.208.132 - - [03/Feb/2026:15:47:23 +0800] "GET /2159/ HTTP/1.0" 200 94945 "http://cqqizhou.com/2159/" "Mozilla/5.0 (Windows NT 10.0; Win64; x64) AppleWebKit/537.36 (KHTML, like Gecko) Chrome/130.0.0.0 Safari/537.36"
36.133.115.36 - - [03/Feb/2026:15:47:30 +0800] "POST /wp-cron.php?doing_wp_cron=1770104849.9988210201263427734375 HTTP/1.1" 200 31 "-" "WordPress/6.9; http://cqqizhou.com"
85.90.208.132 - - [03/Feb/2026:15:47:30 +0800] "GET /wp-login.php?action=register HTTP/1.0" 302 0 "http://cqqizhou.com/wp-login.php?action=register" "Mozilla/5.0 (Windows NT 10.0; Win64; x64) AppleWebKit/537.36 (KHTML, like Gecko) Chrome/130.0.0.0 Safari/537.36"
85.90.208.132 - - [03/Feb/2026:15:47:31 +0800] "GET /wp-login.php?registration=disabled HTTP/1.0" 200 9221 "http://cqqizhou.com/wp-login.php?registration=disabled" "Mozilla/5.0 (Windows NT 10.0; Win64; x64) AppleWebKit/537.36 (KHTML, like Gecko) Chrome/130.0.0.0 Safari/537.36"
36.133.115.36 - - [03/Feb/2026:15:48:12 +0800] "POST /wp-cron.php?doing_wp_cron=1770104892.5734961032867431640625 HTTP/1.1" 200 31 "-" "WordPress/6.9; http://cqqizhou.com"
5.61.209.92 - - [03/Feb/2026:15:48:12 +0800] "GET /SDK/webLanguage HTTP/1.1" 301 5 "-" "Mozilla/5.0 (Windows NT 10.0; Win64; x64) AppleWebKit/537.36 (KHTML, like Gecko) Chrome/90.0.4430.85 Safari/537.36 Edg/90.0.818.46"
20.65.192.33 - - [03/Feb/2026:15:48:17 +0800] "GET /portal/redlion HTTP/1.1" 404 8951 "-" "Mozilla/5.0 zgrab/0.x"
36.133.115.36 - - [03/Feb/2026:16:09:24 +0800] "POST /wp-cron.php?doing_wp_cron=1770106164.3743739128112792968750 HTTP/1.1" 200 31 "-" "WordPress/6.9; http://cqqizhou.com"
204.76.203.219 - - [03/Feb/2026:16:09:24 +0800] "GET / HTTP/1.1" 200 34753 "-" "Mozilla/5.0 (Windows NT 10.0; Win64; x64) AppleWebKit/537.36 (KHTML, like Gecko) Chrome/90.0.4430.85 Safari/537.36 Edg/90.0.818.46"
52.167.144.181 - - [03/Feb/2026:16:12:00 +0800] "GET / HTTP/1.1" 200 35185 "-" "Mozilla/5.0 AppleWebKit/537.36 (KHTML, like Gecko; compatible; bingbot/2.0; +http://www.bing.com/bingbot.htm) Chrome/116.0.1938.76 Safari/537.36"
36.133.115.36 - - [03/Feb/2026:16:19:48 +0800] "POST /wp-cron.php?doing_wp_cron=1770106788.7573790550231933593750 HTTP/1.1" 200 31 "-" "WordPress/6.9; http://cqqizhou.com"
42.117.64.230 - - [03/Feb/2026:16:19:48 +0800] "POST /hello.world?%ADd+allow_url_include%3d1+%ADd+auto_prepend_file%3dphp://input HTTP/1.1" 404 31367 "-" "libredtail-http"
42.117.64.230 - - [03/Feb/2026:16:19:51 +0800] "POST /?%ADd+allow_url_include%3d1+%ADd+auto_prepend_file%3dphp://input HTTP/1.1" 200 157284 "-" "libredtail-http"
42.117.64.230 - - [03/Feb/2026:16:19:52 +0800] "GET /vendor/phpunit/phpunit/src/Util/PHP/eval-stdin.php HTTP/1.1" 404 27 "-" "libredtail-http"
42.117.64.230 - - [03/Feb/2026:16:19:53 +0800] "GET /vendor/phpunit/phpunit/Util/PHP/eval-stdin.php HTTP/1.1" 404 27 "-" "libredtail-http"
42.117.64.230 - - [03/Feb/2026:16:19:54 +0800] "GET /vendor/phpunit/src/Util/PHP/eval-stdin.php HTTP/1.1" 404 27 "-" "libredtail-http"
42.117.64.230 - - [03/Feb/2026:16:19:56 +0800] "GET /vendor/phpunit/Util/PHP/eval-stdin.php HTTP/1.1" 404 27 "-" "libredtail-http"
42.117.64.230 - - [03/Feb/2026:16:19:57 +0800] "GET /vendor/phpunit/phpunit/LICENSE/eval-stdin.php HTTP/1.1" 404 27 "-" "libredtail-http"
42.117.64.230 - - [03/Feb/2026:16:19:58 +0800] "GET /vendor/vendor/phpunit/phpunit/src/Util/PHP/eval-stdin.php HTTP/1.1" 404 27 "-" "libredtail-http"
42.117.64.230 - - [03/Feb/2026:16:20:00 +0800] "GET /phpunit/phpunit/src/Util/PHP/eval-stdin.php HTTP/1.1" 404 27 "-" "libredtail-http"
42.117.64.230 - - [03/Feb/2026:16:20:01 +0800] "GET /phpunit/phpunit/Util/PHP/eval-stdin.php HTTP/1.1" 404 27 "-" "libredtail-http"
42.117.64.230 - - [03/Feb/2026:16:20:03 +0800] "GET /phpunit/src/Util/PHP/eval-stdin.php HTTP/1.1" 404 27 "-" "libredtail-http"
42.117.64.230 - - [03/Feb/2026:16:20:04 +0800] "GET /phpunit/Util/PHP/eval-stdin.php HTTP/1.1" 404 27 "-" "libredtail-http"
42.117.64.230 - - [03/Feb/2026:16:20:05 +0800] "GET /lib/phpunit/phpunit/src/Util/PHP/eval-stdin.php HTTP/1.1" 404 27 "-" "libredtail-http"
42.117.64.230 - - [03/Feb/2026:16:20:07 +0800] "GET /lib/phpunit/phpunit/Util/PHP/eval-stdin.php HTTP/1.1" 404 27 "-" "libredtail-http"
42.117.64.230 - - [03/Feb/2026:16:20:08 +0800] "GET /lib/phpunit/src/Util/PHP/eval-stdin.php HTTP/1.1" 404 27 "-" "libredtail-http"
42.117.64.230 - - [03/Feb/2026:16:20:09 +0800] "GET /lib/phpunit/Util/PHP/eval-stdin.php HTTP/1.1" 404 27 "-" "libredtail-http"
42.117.64.230 - - [03/Feb/2026:16:20:11 +0800] "GET /lib/vendor/phpunit/phpunit/src/Util/PHP/eval-stdin.php HTTP/1.1" 404 27 "-" "libredtail-http"
42.117.64.230 - - [03/Feb/2026:16:20:12 +0800] "GET /laravel/vendor/phpunit/phpunit/src/Util/PHP/eval-stdin.php HTTP/1.1" 404 27 "-" "libredtail-http"
42.117.64.230 - - [03/Feb/2026:16:20:14 +0800] "GET /www/vendor/phpunit/phpunit/src/Util/PHP/eval-stdin.php HTTP/1.1" 404 27 "-" "libredtail-http"
42.117.64.230 - - [03/Feb/2026:16:20:15 +0800] "GET /ws/vendor/phpunit/phpunit/src/Util/PHP/eval-stdin.php HTTP/1.1" 404 27 "-" "libredtail-http"
42.117.64.230 - - [03/Feb/2026:16:20:16 +0800] "GET /yii/vendor/phpunit/phpunit/src/Util/PHP/eval-stdin.php HTTP/1.1" 404 27 "-" "libredtail-http"
42.117.64.230 - - [03/Feb/2026:16:20:18 +0800] "GET /zend/vendor/phpunit/phpunit/src/Util/PHP/eval-stdin.php HTTP/1.1" 404 27 "-" "libredtail-http"
42.117.64.230 - - [03/Feb/2026:16:20:19 +0800] "GET /ws/ec/vendor/phpunit/phpunit/src/Util/PHP/eval-stdin.php HTTP/1.1" 404 27 "-" "libredtail-http"
42.117.64.230 - - [03/Feb/2026:16:20:21 +0800] "GET /V2/vendor/phpunit/phpunit/src/Util/PHP/eval-stdin.php HTTP/1.1" 404 27 "-" "libredtail-http"
42.117.64.230 - - [03/Feb/2026:16:20:22 +0800] "GET /tests/vendor/phpunit/phpunit/src/Util/PHP/eval-stdin.php HTTP/1.1" 404 27 "-" "libredtail-http"
42.117.64.230 - - [03/Feb/2026:16:20:23 +0800] "GET /test/vendor/phpunit/phpunit/src/Util/PHP/eval-stdin.php HTTP/1.1" 404 27 "-" "libredtail-http"
42.117.64.230 - - [03/Feb/2026:16:20:24 +0800] "GET /testing/vendor/phpunit/phpunit/src/Util/PHP/eval-stdin.php HTTP/1.1" 404 27 "-" "libredtail-http"
42.117.64.230 - - [03/Feb/2026:16:20:26 +0800] "GET /api/vendor/phpunit/phpunit/src/Util/PHP/eval-stdin.php HTTP/1.1" 404 27 "-" "libredtail-http"
42.117.64.230 - - [03/Feb/2026:16:20:27 +0800] "GET /demo/vendor/phpunit/phpunit/src/Util/PHP/eval-stdin.php HTTP/1.1" 404 27 "-" "libredtail-http"
42.117.64.230 - - [03/Feb/2026:16:20:28 +0800] "GET /cms/vendor/phpunit/phpunit/src/Util/PHP/eval-stdin.php HTTP/1.1" 404 27 "-" "libredtail-http"
42.117.64.230 - - [03/Feb/2026:16:20:30 +0800] "GET /crm/vendor/phpunit/phpunit/src/Util/PHP/eval-stdin.php HTTP/1.1" 404 27 "-" "libredtail-http"
42.117.64.230 - - [03/Feb/2026:16:20:31 +0800] "GET /admin/vendor/phpunit/phpunit/src/Util/PHP/eval-stdin.php HTTP/1.1" 404 27 "-" "libredtail-http"
42.117.64.230 - - [03/Feb/2026:16:20:32 +0800] "GET /backup/vendor/phpunit/phpunit/src/Util/PHP/eval-stdin.php HTTP/1.1" 404 27 "-" "libredtail-http"
42.117.64.230 - - [03/Feb/2026:16:20:34 +0800] "GET /blog/vendor/phpunit/phpunit/src/Util/PHP/eval-stdin.php HTTP/1.1" 404 27 "-" "libredtail-http"
42.117.64.230 - - [03/Feb/2026:16:20:35 +0800] "GET /workspace/drupal/vendor/phpunit/phpunit/src/Util/PHP/eval-stdin.php HTTP/1.1" 404 27 "-" "libredtail-http"
42.117.64.230 - - [03/Feb/2026:16:20:36 +0800] "GET /panel/vendor/phpunit/phpunit/src/Util/PHP/eval-stdin.php HTTP/1.1" 404 27 "-" "libredtail-http"
42.117.64.230 - - [03/Feb/2026:16:20:38 +0800] "GET /public/vendor/phpunit/phpunit/src/Util/PHP/eval-stdin.php HTTP/1.1" 404 27 "-" "libredtail-http"
42.117.64.230 - - [03/Feb/2026:16:20:39 +0800] "GET /apps/vendor/phpunit/phpunit/src/Util/PHP/eval-stdin.php HTTP/1.1" 404 27 "-" "libredtail-http"
42.117.64.230 - - [03/Feb/2026:16:20:41 +0800] "GET /app/vendor/phpunit/phpunit/src/Util/PHP/eval-stdin.php HTTP/1.1" 404 27 "-" "libredtail-http"
36.133.115.36 - - [03/Feb/2026:16:20:43 +0800] "POST /wp-cron.php?doing_wp_cron=1770106843.2939720153808593750000 HTTP/1.1" 200 31 "-" "WordPress/6.9; http://cqqizhou.com"
42.117.64.230 - - [03/Feb/2026:16:20:43 +0800] "GET /index.php?s=/index/\x5Cthink\x5Capp/invokefunction&function=call_user_func_array&vars[0]=md5&vars[1][]=Hello HTTP/1.1" 200 65622 "-" "libredtail-http"
42.117.64.230 - - [03/Feb/2026:16:20:44 +0800] "GET /public/index.php?s=/index/\x5Cthink\x5Capp/invokefunction&function=call_user_func_array&vars[0]=md5&vars[1][]=Hello HTTP/1.1" 404 27 "-" "libredtail-http"
42.117.64.230 - - [03/Feb/2026:16:20:46 +0800] "GET /index.php?lang=../../../../../../../../usr/local/lib/php/pearcmd&+config-create+/&/<?echo(md5(\x22hi\x22));?>+/tmp/index1.php HTTP/1.1" 200 157284 "-" "libredtail-http"
42.117.64.230 - - [03/Feb/2026:16:20:49 +0800] "GET /index.php?lang=../../../../../../../../tmp/index1 HTTP/1.1" 200 157284 "-" "libredtail-http"
42.117.64.230 - - [03/Feb/2026:16:20:51 +0800] "GET /containers/json HTTP/1.1" 301 5 "-" "libredtail-http"
36.133.115.36 - - [03/Feb/2026:16:24:41 +0800] "POST /wp-cron.php?doing_wp_cron=1770107081.5181879997253417968750 HTTP/1.1" 200 31 "-" "WordPress/6.9; http://cqqizhou.com"
43.167.239.66 - - [03/Feb/2026:16:24:41 +0800] "GET / HTTP/1.1" 301 5 "-" "Mozilla/5.0 (iPhone; CPU iPhone OS 13_2_3 like Mac OS X) AppleWebKit/605.1.15 (KHTML, like Gecko) Version/13.0.3 Mobile/15E148 Safari/604.1"
43.167.239.66 - - [03/Feb/2026:16:24:43 +0800] "GET / HTTP/1.1" 200 34753 "http://36.133.115.36" "Mozilla/5.0 (iPhone; CPU iPhone OS 13_2_3 like Mac OS X) AppleWebKit/605.1.15 (KHTML, like Gecko) Version/13.0.3 Mobile/15E148 Safari/604.1"
123.57.13.121 - - [03/Feb/2026:16:30:14 +0800] "GET / HTTP/1.1" 200 35185 "-" "Mozilla/5.0 (Windows NT 10.0; Win64; x64) AppleWebKit/537.36 (KHTML, like Gecko) Chrome/104.0.0.0 Safari/537.36"
36.133.115.36 - - [03/Feb/2026:16:33:00 +0800] "POST /wp-cron.php?doing_wp_cron=1770107580.1645300388336181640625 HTTP/1.1" 200 31 "-" "WordPress/6.9; http://cqqizhou.com"
64.62.197.77 - - [03/Feb/2026:16:33:00 +0800] "GET / HTTP/1.1" 301 5 "-" "Mozilla/5.0 (Windows NT 10.0; Win64; x64) AppleWebKit/537.36 (KHTML, like Gecko) Chrome/110.0.0.0 Safari/537.36 Edg/110.0.1587.46"
36.133.115.36 - - [03/Feb/2026:16:33:45 +0800] "POST /wp-cron.php?doing_wp_cron=1770107625.6491060256958007812500 HTTP/1.1" 200 31 "-" "WordPress/6.9; http://cqqizhou.com"
64.62.197.77 - - [03/Feb/2026:16:33:45 +0800] "GET /webui/ HTTP/1.1" 404 8950 "-" "Mozilla/5.0 (Windows NT 10.0; Win64; x64) AppleWebKit/537.36 (KHTML, like Gecko) Chrome/121.0.0.0 Safari/537.36 OPR/107.0.0.0"
36.133.115.36 - - [03/Feb/2026:16:34:20 +0800] "POST /wp-cron.php?doing_wp_cron=1770107660.3521389961242675781250 HTTP/1.1" 200 31 "-" "WordPress/6.9; http://cqqizhou.com"
64.62.197.77 - - [03/Feb/2026:16:34:20 +0800] "GET / HTTP/1.1" 301 5 "-" "Mozilla/5.0 (Windows NT 10.0; Win64; x64) AppleWebKit/537.36 (KHTML, like Gecko) Chrome/121.0.0.0 Safari/537.36 OPR/107.0.0.0"
36.133.115.36 - - [03/Feb/2026:16:35:36 +0800] "POST /wp-cron.php?doing_wp_cron=1770107736.5050659179687500000000 HTTP/1.1" 200 31 "-" "WordPress/6.9; http://cqqizhou.com"
95.215.0.144 - - [03/Feb/2026:16:35:36 +0800] "GET / HTTP/1.1" 200 110231 "-" "fasthttp"
45.91.64.8 - - [03/Feb/2026:16:35:36 +0800] "GET /aaa9 HTTP/1.1" 301 5 "-" "Mozilla/5.0 (Windows NT 10.0; Win64; x64) AppleWebKit/537.36 (KHTML, like Gecko) Chrome/70.0.3538.77 Safari/537.36"
95.215.0.144 - - [03/Feb/2026:16:35:38 +0800] "GET / HTTP/1.1" 200 110231 "-" "fasthttp"
45.91.64.8 - - [03/Feb/2026:16:35:38 +0800] "GET /aab9 HTTP/1.1" 301 5 "-" "Mozilla/5.0 (Windows NT 10.0; Win64; x64) AppleWebKit/537.36 (KHTML, like Gecko) Chrome/70.0.3538.77 Safari/537.36"
64.62.197.77 - - [03/Feb/2026:16:35:39 +0800] "GET /geoserver/web/ HTTP/1.1" 499 0 "-" "Mozilla/5.0 (Windows NT 10.0; Win64; x64) AppleWebKit/537.36 (KHTML, like Gecko) Chrome/110.0.0.0 Safari/537.36 Edg/110.0.1587.46"
95.215.0.144 - - [03/Feb/2026:16:35:39 +0800] "GET / HTTP/1.1" 200 110231 "-" "fasthttp"
95.215.0.144 - - [03/Feb/2026:16:35:41 +0800] "GET / HTTP/1.1" 200 110231 "-" "fasthttp"
95.215.0.144 - - [03/Feb/2026:16:35:42 +0800] "GET / HTTP/1.1" 200 110231 "-" "fasthttp"
49.235.136.28 - - [03/Feb/2026:16:35:53 +0800] "GET / HTTP/1.1" 200 34753 "-" "Mozilla/5.0 (iPhone; CPU iPhone OS 13_2_3 like Mac OS X) AppleWebKit/605.1.15 (KHTML, like Gecko) Version/13.0.3 Mobile/15E148 Safari/604.1"
36.133.115.36 - - [03/Feb/2026:16:38:25 +0800] "POST /wp-cron.php?doing_wp_cron=1770107905.8316218852996826171875 HTTP/1.1" 200 31 "-" "WordPress/6.9; http://cqqizhou.com"
