204.76.203.219 - - [01/Feb/2026:10:14:52 +0800] "GET / HTTP/1.1" 200 34752 "-" "Mozilla/5.0 (Windows NT 10.0; Win64; x64) AppleWebKit/537.36 (KHTML, like Gecko) Chrome/90.0.4430.85 Safari/537.36 Edg/90.0.818.46"
36.133.115.36 - - [01/Feb/2026:10:16:51 +0800] "POST /wp-cron.php?doing_wp_cron=1769912211.8653590679168701171875 HTTP/1.1" 200 31 "-" "WordPress/6.9; http://cqqizhou.com"
20.65.193.112 - - [01/Feb/2026:10:16:51 +0800] "GET /hudson HTTP/1.1" 404 8950 "-" "Mozilla/5.0 zgrab/0.x"
36.133.115.36 - - [01/Feb/2026:10:25:59 +0800] "POST /wp-cron.php?doing_wp_cron=1769912759.8100430965423583984375 HTTP/1.1" 200 31 "-" "WordPress/6.9; http://cqqizhou.com"
193.142.147.209 - - [01/Feb/2026:10:26:00 +0800] "POST / HTTP/1.1" 200 34752 "-" "Mozilla/5.0 (Windows NT 10.0; Win64; x64) AppleWebKit/537.36"
36.133.115.36 - - [01/Feb/2026:10:40:41 +0800] "POST /wp-cron.php?doing_wp_cron=1769913641.2098441123962402343750 HTTP/1.1" 200 31 "-" "WordPress/6.9; http://cqqizhou.com"
172.202.117.196 - - [01/Feb/2026:10:40:41 +0800] "GET /ReportServer HTTP/1.1" 404 8950 "-" "Mozilla/5.0 zgrab/0.x"
36.133.115.36 - - [01/Feb/2026:10:51:57 +0800] "POST /wp-cron.php?doing_wp_cron=1769914317.6065111160278320312500 HTTP/1.1" 200 31 "-" "WordPress/6.9; http://cqqizhou.com"
43.133.69.37 - - [01/Feb/2026:10:51:57 +0800] "GET / HTTP/1.1" 301 5 "-" "Mozilla/5.0 (iPhone; CPU iPhone OS 13_2_3 like Mac OS X) AppleWebKit/605.1.15 (KHTML, like Gecko) Version/13.0.3 Mobile/15E148 Safari/604.1"
43.133.69.37 - - [01/Feb/2026:10:51:59 +0800] "GET / HTTP/1.1" 200 34752 "http://36.133.115.36" "Mozilla/5.0 (iPhone; CPU iPhone OS 13_2_3 like Mac OS X) AppleWebKit/605.1.15 (KHTML, like Gecko) Version/13.0.3 Mobile/15E148 Safari/604.1"
36.133.115.36 - - [01/Feb/2026:10:58:43 +0800] "POST /wp-cron.php?doing_wp_cron=1769914723.4425449371337890625000 HTTP/1.1" 200 31 "-" "WordPress/6.9; http://cqqizhou.com"
40.77.167.184 - - [01/Feb/2026:10:58:43 +0800] "GET /robots.txt HTTP/1.1" 200 190 "-" "Mozilla/5.0 AppleWebKit/537.36 (KHTML, like Gecko; compatible; bingbot/2.0; +http://www.bing.com/bingbot.htm) Chrome/116.0.1938.76 Safari/537.36"
40.77.167.30 - - [01/Feb/2026:10:58:44 +0800] "GET /2361/ HTTP/1.1" 200 24863 "-" "Mozilla/5.0 AppleWebKit/537.36 (KHTML, like Gecko; compatible; bingbot/2.0; +http://www.bing.com/bingbot.htm) Chrome/116.0.1938.76 Safari/537.36"
36.133.115.36 - - [01/Feb/2026:10:59:41 +0800] "POST /wp-cron.php?doing_wp_cron=1769914781.8257150650024414062500 HTTP/1.1" 200 31 "-" "WordPress/6.9; http://cqqizhou.com"
142.44.220.31 - - [01/Feb/2026:10:59:41 +0800] "GET /robots.txt HTTP/1.1" 200 190 "-" "Mozilla/5.0 (compatible; AhrefsBot/7.0; +http://ahrefs.com/robot/)"
51.195.244.234 - - [01/Feb/2026:10:59:46 +0800] "GET /business/ HTTP/1.1" 404 8951 "-" "Mozilla/5.0 (compatible; AhrefsBot/7.0; +http://ahrefs.com/robot/)"
36.133.115.36 - - [01/Feb/2026:11:04:08 +0800] "POST /wp-cron.php?doing_wp_cron=1769915048.6526761054992675781250 HTTP/1.1" 200 31 "-" "WordPress/6.9; http://cqqizhou.com"
180.149.126.12 - - [01/Feb/2026:11:04:08 +0800] "GET /c/ HTTP/1.1" 404 8951 "-" "Mozilla/5.0 (Windows NT 5.1; Win64; x64) AppleWebKit/537.36 (KHTML, like Gecko) Chrome/60.0.3112.90 Safari/537.36"
36.133.115.36 - - [01/Feb/2026:11:11:05 +0800] "POST /wp-cron.php?doing_wp_cron=1769915465.3532910346984863281250 HTTP/1.1" 200 31 "-" "WordPress/6.9; http://cqqizhou.com"
204.76.203.219 - - [01/Feb/2026:11:11:05 +0800] "GET / HTTP/1.1" 200 34752 "-" "Mozilla/5.0 (Windows NT 10.0; Win64; x64) AppleWebKit/537.36 (KHTML, like Gecko) Chrome/90.0.4430.85 Safari/537.36 Edg/90.0.818.46"
36.133.115.36 - - [01/Feb/2026:11:11:18 +0800] "POST /wp-cron.php?doing_wp_cron=1769915478.0801000595092773437500 HTTP/1.1" 200 31 "-" "WordPress/6.9; http://cqqizhou.com"
185.183.110.3 - - [01/Feb/2026:11:11:18 +0800] "POST /xmlrpc.php HTTP/1.1" 200 217 "-" "Mozilla/5.0 (Windows NT 10.0) AppleWebKit/537.43 (KHTML, like Gecko) Chrome/135.0.0.0 Safari/537.36 OPR/120.0.0.0"
36.133.115.36 - - [01/Feb/2026:11:23:52 +0800] "POST /wp-cron.php?doing_wp_cron=1769916232.5537750720977783203125 HTTP/1.1" 200 31 "-" "WordPress/6.9; http://cqqizhou.com"
119.36.33.49 - - [01/Feb/2026:11:23:52 +0800] "GET /2418/ HTTP/1.1" 200 27312 "-" "Mozilla/5.0 (Windows NT 10.0; Win64; x64) AppleWebKit/537.36 (KHTML, like Gecko) Chrome/139.0.0.0 Safari/537.36"
119.36.33.49 - - [01/Feb/2026:11:23:52 +0800] "GET /wp-content/uploads/revslider/slider-1/1750861156-logistics_Slider_3840%C3%972160_20250625191356-scaled-2048x1152.webp HTTP/1.1" 200 121796 "http://cqqizhou.com/2418/" "Mozilla/5.0 (Windows NT 10.0; Win64; x64) AppleWebKit/537.36 (KHTML, like Gecko) Chrome/139.0.0.0 Safari/537.36"
119.36.33.49 - - [01/Feb/2026:11:23:52 +0800] "GET /wp-content/uploads/2026/01/1767691466-Article_images_W900%C3%97500px202601061.webp HTTP/1.1" 200 56014 "http://cqqizhou.com/2418/" "Mozilla/5.0 (Windows NT 10.0; Win64; x64) AppleWebKit/537.36 (KHTML, like Gecko) Chrome/139.0.0.0 Safari/537.36"
119.36.33.49 - - [01/Feb/2026:11:23:52 +0800] "GET /wp-content/uploads/2025/12/1766064629-Article_images_20251218212623.webp HTTP/1.1" 200 20366 "http://cqqizhou.com/2418/" "Mozilla/5.0 (Windows NT 10.0; Win64; x64) AppleWebKit/537.36 (KHTML, like Gecko) Chrome/139.0.0.0 Safari/537.36"
119.36.33.49 - - [01/Feb/2026:11:23:52 +0800] "GET /wp-content/uploads/2025/07/1751425283-qizhou.kf_.qq_.com_.webp HTTP/1.1" 200 16864 "http://cqqizhou.com/2418/" "Mozilla/5.0 (Windows NT 10.0; Win64; x64) AppleWebKit/537.36 (KHTML, like Gecko) Chrome/139.0.0.0 Safari/537.36"
119.36.33.49 - - [01/Feb/2026:11:23:52 +0800] "GET /wp-content/uploads/2025/07/1753410289-News2000%C3%97400_202571.webp HTTP/1.1" 200 17830 "http://cqqizhou.com/2418/" "Mozilla/5.0 (Windows NT 10.0; Win64; x64) AppleWebKit/537.36 (KHTML, like Gecko) Chrome/139.0.0.0 Safari/537.36"
119.36.33.49 - - [01/Feb/2026:11:23:54 +0800] "POST /wp-admin/admin-ajax.php HTTP/1.1" 200 609 "http://cqqizhou.com/2418/" "Mozilla/5.0 (Windows NT 10.0; Win64; x64) AppleWebKit/537.36 (KHTML, like Gecko) Chrome/139.0.0.0 Safari/537.36"
36.133.115.36 - - [01/Feb/2026:11:33:18 +0800] "POST /wp-cron.php?doing_wp_cron=1769916798.2187569141387939453125 HTTP/1.1" 200 31 "-" "WordPress/6.9; http://cqqizhou.com"
52.167.144.66 - - [01/Feb/2026:11:33:18 +0800] "GET /robots.txt HTTP/1.1" 200 190 "-" "Mozilla/5.0 AppleWebKit/537.36 (KHTML, like Gecko; compatible; bingbot/2.0; +http://www.bing.com/bingbot.htm) Chrome/116.0.1938.76 Safari/537.36"
52.167.144.167 - - [01/Feb/2026:11:33:22 +0800] "GET / HTTP/1.1" 301 5 "-" "Mozilla/5.0 AppleWebKit/537.36 (KHTML, like Gecko; compatible; bingbot/2.0; +http://www.bing.com/bingbot.htm) Chrome/116.0.1938.76 Safari/537.36"
36.133.115.36 - - [01/Feb/2026:11:40:02 +0800] "POST /wp-cron.php?doing_wp_cron=1769917202.3500099182128906250000 HTTP/1.1" 200 31 "-" "WordPress/6.9; http://cqqizhou.com"
62.171.155.146 - - [01/Feb/2026:11:40:02 +0800] "POST /hello.world?%ADd+allow_url_include%3d1+%ADd+auto_prepend_file%3dphp://input HTTP/1.1" 404 31367 "-" "libredtail-http"
62.171.155.146 - - [01/Feb/2026:11:40:04 +0800] "POST /?%ADd+allow_url_include%3d1+%ADd+auto_prepend_file%3dphp://input HTTP/1.1" 200 157284 "-" "libredtail-http"
62.171.155.146 - - [01/Feb/2026:11:40:04 +0800] "GET /vendor/phpunit/phpunit/src/Util/PHP/eval-stdin.php HTTP/1.1" 404 27 "-" "libredtail-http"
62.171.155.146 - - [01/Feb/2026:11:40:04 +0800] "GET /vendor/phpunit/phpunit/Util/PHP/eval-stdin.php HTTP/1.1" 404 27 "-" "libredtail-http"
62.171.155.146 - - [01/Feb/2026:11:40:05 +0800] "GET /vendor/phpunit/src/Util/PHP/eval-stdin.php HTTP/1.1" 404 27 "-" "libredtail-http"
62.171.155.146 - - [01/Feb/2026:11:40:05 +0800] "GET /vendor/phpunit/Util/PHP/eval-stdin.php HTTP/1.1" 404 27 "-" "libredtail-http"
62.171.155.146 - - [01/Feb/2026:11:40:06 +0800] "GET /vendor/phpunit/phpunit/LICENSE/eval-stdin.php HTTP/1.1" 404 27 "-" "libredtail-http"
62.171.155.146 - - [01/Feb/2026:11:40:06 +0800] "GET /vendor/vendor/phpunit/phpunit/src/Util/PHP/eval-stdin.php HTTP/1.1" 404 27 "-" "libredtail-http"
62.171.155.146 - - [01/Feb/2026:11:40:06 +0800] "GET /phpunit/phpunit/src/Util/PHP/eval-stdin.php HTTP/1.1" 404 27 "-" "libredtail-http"
62.171.155.146 - - [01/Feb/2026:11:40:06 +0800] "GET /phpunit/phpunit/Util/PHP/eval-stdin.php HTTP/1.1" 404 27 "-" "libredtail-http"
62.171.155.146 - - [01/Feb/2026:11:40:07 +0800] "GET /phpunit/src/Util/PHP/eval-stdin.php HTTP/1.1" 404 27 "-" "libredtail-http"
62.171.155.146 - - [01/Feb/2026:11:40:07 +0800] "GET /phpunit/Util/PHP/eval-stdin.php HTTP/1.1" 404 27 "-" "libredtail-http"
62.171.155.146 - - [01/Feb/2026:11:40:07 +0800] "GET /lib/phpunit/phpunit/src/Util/PHP/eval-stdin.php HTTP/1.1" 404 27 "-" "libredtail-http"
62.171.155.146 - - [01/Feb/2026:11:40:07 +0800] "GET /lib/phpunit/phpunit/Util/PHP/eval-stdin.php HTTP/1.1" 404 27 "-" "libredtail-http"
62.171.155.146 - - [01/Feb/2026:11:40:08 +0800] "GET /lib/phpunit/src/Util/PHP/eval-stdin.php HTTP/1.1" 404 27 "-" "libredtail-http"
62.171.155.146 - - [01/Feb/2026:11:40:08 +0800] "GET /lib/phpunit/Util/PHP/eval-stdin.php HTTP/1.1" 404 27 "-" "libredtail-http"
62.171.155.146 - - [01/Feb/2026:11:40:08 +0800] "GET /lib/vendor/phpunit/phpunit/src/Util/PHP/eval-stdin.php HTTP/1.1" 404 27 "-" "libredtail-http"
62.171.155.146 - - [01/Feb/2026:11:40:08 +0800] "GET /laravel/vendor/phpunit/phpunit/src/Util/PHP/eval-stdin.php HTTP/1.1" 404 27 "-" "libredtail-http"
62.171.155.146 - - [01/Feb/2026:11:40:09 +0800] "GET /www/vendor/phpunit/phpunit/src/Util/PHP/eval-stdin.php HTTP/1.1" 404 27 "-" "libredtail-http"
62.171.155.146 - - [01/Feb/2026:11:40:09 +0800] "GET /ws/vendor/phpunit/phpunit/src/Util/PHP/eval-stdin.php HTTP/1.1" 404 27 "-" "libredtail-http"
62.171.155.146 - - [01/Feb/2026:11:40:09 +0800] "GET /yii/vendor/phpunit/phpunit/src/Util/PHP/eval-stdin.php HTTP/1.1" 404 27 "-" "libredtail-http"
62.171.155.146 - - [01/Feb/2026:11:40:09 +0800] "GET /zend/vendor/phpunit/phpunit/src/Util/PHP/eval-stdin.php HTTP/1.1" 404 27 "-" "libredtail-http"
62.171.155.146 - - [01/Feb/2026:11:40:10 +0800] "GET /ws/ec/vendor/phpunit/phpunit/src/Util/PHP/eval-stdin.php HTTP/1.1" 404 27 "-" "libredtail-http"
62.171.155.146 - - [01/Feb/2026:11:40:10 +0800] "GET /V2/vendor/phpunit/phpunit/src/Util/PHP/eval-stdin.php HTTP/1.1" 404 27 "-" "libredtail-http"
62.171.155.146 - - [01/Feb/2026:11:40:10 +0800] "GET /tests/vendor/phpunit/phpunit/src/Util/PHP/eval-stdin.php HTTP/1.1" 404 27 "-" "libredtail-http"
62.171.155.146 - - [01/Feb/2026:11:40:11 +0800] "GET /test/vendor/phpunit/phpunit/src/Util/PHP/eval-stdin.php HTTP/1.1" 404 27 "-" "libredtail-http"
62.171.155.146 - - [01/Feb/2026:11:40:11 +0800] "GET /testing/vendor/phpunit/phpunit/src/Util/PHP/eval-stdin.php HTTP/1.1" 404 27 "-" "libredtail-http"
62.171.155.146 - - [01/Feb/2026:11:40:11 +0800] "GET /api/vendor/phpunit/phpunit/src/Util/PHP/eval-stdin.php HTTP/1.1" 404 27 "-" "libredtail-http"
62.171.155.146 - - [01/Feb/2026:11:40:11 +0800] "GET /demo/vendor/phpunit/phpunit/src/Util/PHP/eval-stdin.php HTTP/1.1" 404 27 "-" "libredtail-http"
62.171.155.146 - - [01/Feb/2026:11:40:12 +0800] "GET /cms/vendor/phpunit/phpunit/src/Util/PHP/eval-stdin.php HTTP/1.1" 404 27 "-" "libredtail-http"
62.171.155.146 - - [01/Feb/2026:11:40:12 +0800] "GET /crm/vendor/phpunit/phpunit/src/Util/PHP/eval-stdin.php HTTP/1.1" 404 27 "-" "libredtail-http"
62.171.155.146 - - [01/Feb/2026:11:40:12 +0800] "GET /admin/vendor/phpunit/phpunit/src/Util/PHP/eval-stdin.php HTTP/1.1" 404 27 "-" "libredtail-http"
62.171.155.146 - - [01/Feb/2026:11:40:12 +0800] "GET /backup/vendor/phpunit/phpunit/src/Util/PHP/eval-stdin.php HTTP/1.1" 404 27 "-" "libredtail-http"
62.171.155.146 - - [01/Feb/2026:11:40:13 +0800] "GET /blog/vendor/phpunit/phpunit/src/Util/PHP/eval-stdin.php HTTP/1.1" 404 27 "-" "libredtail-http"
62.171.155.146 - - [01/Feb/2026:11:40:13 +0800] "GET /workspace/drupal/vendor/phpunit/phpunit/src/Util/PHP/eval-stdin.php HTTP/1.1" 404 27 "-" "libredtail-http"
62.171.155.146 - - [01/Feb/2026:11:40:13 +0800] "GET /panel/vendor/phpunit/phpunit/src/Util/PHP/eval-stdin.php HTTP/1.1" 404 27 "-" "libredtail-http"
62.171.155.146 - - [01/Feb/2026:11:40:13 +0800] "GET /public/vendor/phpunit/phpunit/src/Util/PHP/eval-stdin.php HTTP/1.1" 404 27 "-" "libredtail-http"
62.171.155.146 - - [01/Feb/2026:11:40:14 +0800] "GET /apps/vendor/phpunit/phpunit/src/Util/PHP/eval-stdin.php HTTP/1.1" 404 27 "-" "libredtail-http"
62.171.155.146 - - [01/Feb/2026:11:40:14 +0800] "GET /app/vendor/phpunit/phpunit/src/Util/PHP/eval-stdin.php HTTP/1.1" 404 27 "-" "libredtail-http"
36.133.115.36 - - [01/Feb/2026:11:40:15 +0800] "POST /wp-cron.php?doing_wp_cron=1769917215.8828499317169189453125 HTTP/1.1" 200 31 "-" "WordPress/6.9; http://cqqizhou.com"
62.171.155.146 - - [01/Feb/2026:11:40:15 +0800] "GET /index.php?s=/index/\x5Cthink\x5Capp/invokefunction&function=call_user_func_array&vars[0]=md5&vars[1][]=Hello HTTP/1.1" 200 65622 "-" "libredtail-http"
62.171.155.146 - - [01/Feb/2026:11:40:16 +0800] "GET /public/index.php?s=/index/\x5Cthink\x5Capp/invokefunction&function=call_user_func_array&vars[0]=md5&vars[1][]=Hello HTTP/1.1" 404 27 "-" "libredtail-http"
62.171.155.146 - - [01/Feb/2026:11:40:17 +0800] "GET /index.php?lang=../../../../../../../../usr/local/lib/php/pearcmd&+config-create+/&/<?echo(md5(\x22hi\x22));?>+/tmp/index1.php HTTP/1.1" 200 157284 "-" "libredtail-http"
62.171.155.146 - - [01/Feb/2026:11:40:19 +0800] "GET /index.php?lang=../../../../../../../../tmp/index1 HTTP/1.1" 200 157284 "-" "libredtail-http"
62.171.155.146 - - [01/Feb/2026:11:40:20 +0800] "GET /containers/json HTTP/1.1" 301 5 "-" "libredtail-http"
62.171.155.146 - - [01/Feb/2026:11:40:21 +0800] "GET /containers/json HTTP/1.1" 301 5 "-" "libredtail-http"
36.133.115.36 - - [01/Feb/2026:11:45:52 +0800] "POST /wp-cron.php?doing_wp_cron=1769917552.7862598896026611328125 HTTP/1.1" 200 31 "-" "WordPress/6.9; http://cqqizhou.com"
204.76.203.69 - - [01/Feb/2026:11:45:53 +0800] "GET / HTTP/1.1" 200 157284 "-" "-"
36.133.115.36 - - [01/Feb/2026:12:05:58 +0800] "POST /wp-cron.php?doing_wp_cron=1769918758.2608370780944824218750 HTTP/1.1" 200 31 "-" "WordPress/6.9; http://cqqizhou.com"
204.76.203.219 - - [01/Feb/2026:12:05:58 +0800] "GET / HTTP/1.1" 200 34750 "-" "Mozilla/5.0 (Windows NT 10.0; Win64; x64) AppleWebKit/537.36 (KHTML, like Gecko) Chrome/90.0.4430.85 Safari/537.36 Edg/90.0.818.46"
36.133.115.36 - - [01/Feb/2026:12:13:05 +0800] "POST /wp-cron.php?doing_wp_cron=1769919185.7600080966949462890625 HTTP/1.1" 200 31 "-" "WordPress/6.9; http://cqqizhou.com"
185.216.140.186 - - [01/Feb/2026:12:13:05 +0800] "GET / HTTP/1.1" 301 5 "-" "-"
40.77.167.61 - - [01/Feb/2026:12:20:35 +0800] "GET / HTTP/1.1" 200 35186 "-" "Mozilla/5.0 AppleWebKit/537.36 (KHTML, like Gecko; compatible; bingbot/2.0; +http://www.bing.com/bingbot.htm) Chrome/116.0.1938.76 Safari/537.36"
36.133.115.36 - - [01/Feb/2026:12:24:50 +0800] "POST /wp-cron.php?doing_wp_cron=1769919889.9758279323577880859375 HTTP/1.1" 200 31 "-" "WordPress/6.9; http://cqqizhou.com"
204.76.203.69 - - [01/Feb/2026:12:24:50 +0800] "GET / HTTP/1.1" 301 5 "-" "Mozilla/5.0 (Windows NT 10.0; Win64; x64) AppleWebKit/537.36 (KHTML, like Gecko) Chrome/90.0.4430.85 Safari/537.36 Edg/90.0.818.46"
36.133.115.36 - - [01/Feb/2026:12:26:19 +0800] "POST /wp-cron.php?doing_wp_cron=1769919979.4840729236602783203125 HTTP/1.1" 200 31 "-" "WordPress/6.9; http://cqqizhou.com"
43.166.239.145 - - [01/Feb/2026:12:26:19 +0800] "GET / HTTP/1.1" 200 34752 "-" "Mozilla/5.0 (iPhone; CPU iPhone OS 13_2_3 like Mac OS X) AppleWebKit/605.1.15 (KHTML, like Gecko) Version/13.0.3 Mobile/15E148 Safari/604.1"
36.133.115.36 - - [01/Feb/2026:12:29:40 +0800] "POST /wp-cron.php?doing_wp_cron=1769920180.8994519710540771484375 HTTP/1.1" 200 31 "-" "WordPress/6.9; http://cqqizhou.com"
62.84.185.67 - - [01/Feb/2026:12:29:40 +0800] "GET /robots.txt HTTP/1.1" 200 390 "-" "Mozilla/5.0 (compatible; MJ12bot/v1.4.8; http://mj12bot.com/)"
62.84.185.67 - - [01/Feb/2026:12:29:43 +0800] "GET /portfolio-tag/%E9%9E%8D%E9%92%A2%E8%92%82%E6%A3%AE/ HTTP/1.1" 404 8950 "-" "Mozilla/5.0 (compatible; MJ12bot/v1.4.8; http://mj12bot.com/)"
62.84.185.67 - - [01/Feb/2026:12:29:46 +0800] "GET /portfolio/%E5%86%B7%E8%BD%A7%E5%8D%B7/ HTTP/1.1" 404 8950 "-" "Mozilla/5.0 (compatible; MJ12bot/v1.4.8; http://mj12bot.com/)"
62.84.185.67 - - [01/Feb/2026:12:29:49 +0800] "GET /portfolio/%E5%86%B7%E8%BD%A7%E6%9D%BF/ HTTP/1.1" 404 8950 "-" "Mozilla/5.0 (compatible; MJ12bot/v1.4.8; http://mj12bot.com/)"
36.133.115.36 - - [01/Feb/2026:12:40:12 +0800] "POST /wp-cron.php?doing_wp_cron=1769920812.1185159683227539062500 HTTP/1.1" 200 31 "-" "WordPress/6.9; http://cqqizhou.com"
79.137.67.84 - - [01/Feb/2026:12:40:12 +0800] "GET /robots.txt HTTP/1.1" 200 390 "-" "Mozilla/5.0 (compatible; MJ12bot/v1.4.8; http://mj12bot.com/)"
79.137.67.84 - - [01/Feb/2026:12:40:14 +0800] "GET /portfolio/%E5%86%B7%E8%BD%A7%E5%8D%B7/ HTTP/1.1" 404 8951 "-" "Mozilla/5.0 (compatible; MJ12bot/v1.4.8; http://mj12bot.com/)"
36.133.115.36 - - [01/Feb/2026:13:00:53 +0800] "POST /wp-cron.php?doing_wp_cron=1769922053.1858530044555664062500 HTTP/1.1" 200 31 "-" "WordPress/6.9; http://cqqizhou.com"
204.76.203.219 - - [01/Feb/2026:13:00:53 +0800] "GET / HTTP/1.1" 200 34752 "-" "Mozilla/5.0 (Windows NT 10.0; Win64; x64) AppleWebKit/537.36 (KHTML, like Gecko) Chrome/90.0.4430.85 Safari/537.36 Edg/90.0.818.46"
36.133.115.36 - - [01/Feb/2026:13:15:09 +0800] "POST /wp-cron.php?doing_wp_cron=1769922909.4713540077209472656250 HTTP/1.1" 200 31 "-" "WordPress/6.9; http://cqqizhou.com"
193.142.147.209 - - [01/Feb/2026:13:15:09 +0800] "POST / HTTP/1.1" 200 34752 "-" "Mozilla/5.0 (Windows NT 10.0; Win64; x64) AppleWebKit/537.36"
36.133.115.36 - - [01/Feb/2026:13:20:23 +0800] "POST /wp-cron.php?doing_wp_cron=1769923223.0635399818420410156250 HTTP/1.1" 200 31 "-" "WordPress/6.9; http://cqqizhou.com"
148.153.56.83 - - [01/Feb/2026:13:20:23 +0800] "GET /RIlU HTTP/1.1" 301 5 "-" "Mozilla/5.0 (Macintosh; Intel Mac OS X 10.9; rv:32.0) Gecko/20100101 Firefox/32.0"
148.153.56.83 - - [01/Feb/2026:13:20:25 +0800] "GET /RIlU HTTP/1.1" 404 8950 "http://36.133.115.36:80/RIlU" "Mozilla/5.0 (Macintosh; Intel Mac OS X 10.9; rv:32.0) Gecko/20100101 Firefox/32.0"
148.153.56.83 - - [01/Feb/2026:13:20:28 +0800] "GET /QLmS HTTP/1.1" 301 5 "-" "Mozilla/5.0 (Macintosh; Intel Mac OS X 10.9; rv:32.0) Gecko/20100101 Firefox/32.0"
148.153.56.83 - - [01/Feb/2026:13:20:29 +0800] "GET /QLmS HTTP/1.1" 404 8950 "http://36.133.115.36:80/QLmS" "Mozilla/5.0 (Macintosh; Intel Mac OS X 10.9; rv:32.0) Gecko/20100101 Firefox/32.0"
148.153.56.83 - - [01/Feb/2026:13:20:33 +0800] "GET /aab8 HTTP/1.1" 301 5 "-" "Mozilla/5.0 (Macintosh; Intel Mac OS X 10.9; rv:32.0) Gecko/20100101 Firefox/32.0"
148.153.56.83 - - [01/Feb/2026:13:20:34 +0800] "GET /aab8 HTTP/1.1" 404 8951 "http://36.133.115.36:80/aab8" "Mozilla/5.0 (Macintosh; Intel Mac OS X 10.9; rv:32.0) Gecko/20100101 Firefox/32.0"
148.153.56.83 - - [01/Feb/2026:13:20:40 +0800] "GET /aab9 HTTP/1.1" 301 5 "-" "Mozilla/5.0 (Macintosh; Intel Mac OS X 10.9; rv:32.0) Gecko/20100101 Firefox/32.0"
148.153.56.83 - - [01/Feb/2026:13:20:43 +0800] "GET /aab9 HTTP/1.1" 404 8950 "http://36.133.115.36:80/aab9" "Mozilla/5.0 (Macintosh; Intel Mac OS X 10.9; rv:32.0) Gecko/20100101 Firefox/32.0"
47.114.89.255 - - [01/Feb/2026:13:30:54 +0800] "GET /static/admin/lib/webuploader/server/preview.php HTTP/1.1" 404 47 "-" "Mozilla/5.0 (Windows NT 10.0; Win64; x64)"
47.114.89.255 - - [01/Feb/2026:13:30:54 +0800] "GET /static/admin/lib/webuploader/server/fileupload.php HTTP/1.1" 404 47 "-" "Mozilla/5.0 (Windows NT 10.0; Win64; x64)"
36.133.115.36 - - [01/Feb/2026:13:32:07 +0800] "POST /wp-cron.php?doing_wp_cron=1769923927.6104090213775634765625 HTTP/1.1" 200 31 "-" "WordPress/6.9; http://cqqizhou.com"
5.61.209.92 - - [01/Feb/2026:13:32:07 +0800] "GET /SDK/webLanguage HTTP/1.1" 301 5 "-" "Mozilla/5.0 (Windows NT 10.0; Win64; x64) AppleWebKit/537.36 (KHTML, like Gecko) Chrome/90.0.4430.85 Safari/537.36 Edg/90.0.818.46"
36.133.115.36 - - [01/Feb/2026:13:39:03 +0800] "POST /wp-cron.php?doing_wp_cron=1769924343.8618900775909423828125 HTTP/1.1" 200 31 "-" "WordPress/6.9; http://cqqizhou.com"
45.33.80.243 - - [01/Feb/2026:13:39:03 +0800] "GET / HTTP/1.1" 301 5 "-" "Mozilla/5.0 (Macintosh; Intel Mac OS X 13_1) AppleWebKit/537.36 (KHTML, like Gecko) Chrome/108.0.0.0 Safari/537.36"
45.33.80.243 - - [01/Feb/2026:13:39:04 +0800] "GET / HTTP/1.1" 200 35186 "http://36.133.115.36/" "Mozilla/5.0 (Macintosh; Intel Mac OS X 13_1) AppleWebKit/537.36 (KHTML, like Gecko) Chrome/108.0.0.0 Safari/537.36"
36.133.115.36 - - [01/Feb/2026:13:49:59 +0800] "POST /wp-cron.php?doing_wp_cron=1769924999.6769258975982666015625 HTTP/1.1" 200 31 "-" "WordPress/6.9; http://cqqizhou.com"
93.158.91.239 - - [01/Feb/2026:13:49:59 +0800] "GET /robots.txt HTTP/1.1" 200 190 "-" "Mozilla/5.0 (Windows NT 10.0; Win64; x64; rv:123.0) Gecko/20100101 Firefox/123"
93.158.91.253 - - [01/Feb/2026:13:50:02 +0800] "GET / HTTP/1.1" 200 35186 "-" "Mozilla/5.0 (Windows NT 10.0; Win64; x64; rv:123.0) Gecko/20100101 Firefox/123"
36.133.115.36 - - [01/Feb/2026:13:53:20 +0800] "POST /wp-cron.php?doing_wp_cron=1769925200.2569320201873779296875 HTTP/1.1" 200 31 "-" "WordPress/6.9; http://cqqizhou.com"
204.76.203.219 - - [01/Feb/2026:13:53:20 +0800] "GET / HTTP/1.1" 200 34752 "-" "Mozilla/5.0 (Windows NT 10.0; Win64; x64) AppleWebKit/537.36 (KHTML, like Gecko) Chrome/90.0.4430.85 Safari/537.36 Edg/90.0.818.46"
36.133.115.36 - - [01/Feb/2026:13:59:41 +0800] "POST /wp-cron.php?doing_wp_cron=1769925581.3274009227752685546875 HTTP/1.1" 200 31 "-" "WordPress/6.9; http://cqqizhou.com"
204.76.203.18 - - [01/Feb/2026:13:59:41 +0800] "GET / HTTP/1.1" 200 157284 "-" "-"
204.76.203.18 - - [01/Feb/2026:13:59:44 +0800] "GET / HTTP/1.1" 200 157284 "-" "-"
204.76.203.18 - - [01/Feb/2026:13:59:48 +0800] "GET / HTTP/1.1" 200 157284 "-" "-"
204.76.203.18 - - [01/Feb/2026:13:59:52 +0800] "GET / HTTP/1.1" 200 157284 "-" "-"
204.76.203.18 - - [01/Feb/2026:14:00:54 +0800] "GET / HTTP/1.1" 200 109837 "-" "-"
36.133.115.36 - - [01/Feb/2026:14:04:13 +0800] "POST /wp-cron.php?doing_wp_cron=1769925852.9995028972625732421875 HTTP/1.1" 200 31 "-" "WordPress/6.9; http://cqqizhou.com"
116.179.32.42 - - [01/Feb/2026:14:04:13 +0800] "GET /2420/ HTTP/1.1" 200 19885 "-" "Mozilla/5.0 (compatible; Baiduspider/2.0; +http://www.baidu.com/search/spider.html)"
36.133.115.36 - - [01/Feb/2026:14:05:13 +0800] "POST /wp-cron.php?doing_wp_cron=1769925913.5209460258483886718750 HTTP/1.1" 200 31 "-" "WordPress/6.9; http://cqqizhou.com"
52.167.144.24 - - [01/Feb/2026:14:05:13 +0800] "GET /news/ HTTP/1.1" 200 25768 "-" "Mozilla/5.0 AppleWebKit/537.36 (KHTML, like Gecko; compatible; bingbot/2.0; +http://www.bing.com/bingbot.htm) Chrome/116.0.1938.76 Safari/537.36"
36.133.115.36 - - [01/Feb/2026:14:10:34 +0800] "POST /wp-cron.php?doing_wp_cron=1769926234.4823091030120849609375 HTTP/1.1" 200 31 "-" "WordPress/6.9; http://cqqizhou.com"
66.249.79.228 - - [01/Feb/2026:14:10:34 +0800] "GET /robots.txt HTTP/1.1" 301 5 "-" "Mozilla/5.0 (compatible; Googlebot/2.1; +http://www.google.com/bot.html)"
66.249.74.136 - - [01/Feb/2026:14:10:35 +0800] "GET /robots.txt HTTP/1.1" 200 190 "-" "Mozilla/5.0 (compatible; Googlebot/2.1; +http://www.google.com/bot.html)"
66.249.79.227 - - [01/Feb/2026:14:10:37 +0800] "GET / HTTP/1.1" 301 5 "-" "Mozilla/5.0 (Linux; Android 6.0.1; Nexus 5X Build/MMB29P) AppleWebKit/537.36 (KHTML, like Gecko) Chrome/143.0.7499.192 Mobile Safari/537.36 (compatible; Googlebot/2.1; +http://www.google.com/bot.html)"
36.133.115.36 - - [01/Feb/2026:14:13:22 +0800] "POST /wp-cron.php?doing_wp_cron=1769926402.2065689563751220703125 HTTP/1.1" 200 31 "-" "WordPress/6.9; http://cqqizhou.com"
162.216.149.36 - - [01/Feb/2026:14:13:22 +0800] "GET / HTTP/1.1" 200 34750 "-" "Hello from Palo Alto Networks, find out more about our scans in https://docs-cortex.paloaltonetworks.com/r/1/Cortex-Xpanse/Scanning-activity"
51.195.215.217 - - [01/Feb/2026:14:13:47 +0800] "GET /news/ HTTP/1.1" 200 25788 "-" "Mozilla/5.0 (compatible; AhrefsBot/7.0; +http://ahrefs.com/robot/)"
36.133.115.36 - - [01/Feb/2026:14:45:45 +0800] "POST /wp-cron.php?doing_wp_cron=1769928345.9378230571746826171875 HTTP/1.1" 200 31 "-" "WordPress/6.9; http://cqqizhou.com"
40.77.167.143 - - [01/Feb/2026:14:45:45 +0800] "GET /?s=2025 HTTP/1.1" 200 19888 "-" "Mozilla/5.0 AppleWebKit/537.36 (KHTML, like Gecko; compatible; bingbot/2.0; +http://www.bing.com/bingbot.htm) Chrome/116.0.1938.76 Safari/537.36"
36.133.115.36 - - [01/Feb/2026:14:48:22 +0800] "POST /wp-cron.php?doing_wp_cron=1769928502.6332859992980957031250 HTTP/1.1" 200 31 "-" "WordPress/6.9; http://cqqizhou.com"
180.153.236.42 - - [01/Feb/2026:14:48:22 +0800] "GET /robots.txt HTTP/1.1" 200 190 "http://cqqizhou.com/robots.txt" "Mozilla/5.0 (Windows NT 10.0; Win64; x64) AppleWebKit/537.36 (KHTML, like Gecko) Chrome/140.0.0.0 Safari/537.36 Edg/140.0.0.0; 360Spider"
36.133.115.36 - - [01/Feb/2026:14:54:45 +0800] "POST /wp-cron.php?doing_wp_cron=1769928885.3389089107513427734375 HTTP/1.1" 200 31 "-" "WordPress/6.9; http://cqqizhou.com"
204.76.203.219 - - [01/Feb/2026:14:54:45 +0800] "GET / HTTP/1.1" 200 34752 "-" "Mozilla/5.0 (Windows NT 10.0; Win64; x64) AppleWebKit/537.36 (KHTML, like Gecko) Chrome/90.0.4430.85 Safari/537.36 Edg/90.0.818.46"
36.133.115.36 - - [01/Feb/2026:15:01:29 +0800] "POST /wp-cron.php?doing_wp_cron=1769929289.7962689399719238281250 HTTP/1.1" 200 31 "-" "WordPress/6.9; http://cqqizhou.com"
43.153.54.14 - - [01/Feb/2026:15:01:29 +0800] "GET / HTTP/1.1" 200 34752 "-" "Mozilla/5.0 (iPhone; CPU iPhone OS 13_2_3 like Mac OS X) AppleWebKit/605.1.15 (KHTML, like Gecko) Version/13.0.3 Mobile/15E148 Safari/604.1"
110.249.201.97 - - [01/Feb/2026:15:01:36 +0800] "GET /robots.txt HTTP/1.1" 200 190 "-" "Mozilla/5.0 (Linux; Android 5.0) AppleWebKit/537.36 (KHTML, like Gecko) Mobile Safari/537.36 (compatible; Bytespider; https://zhanzhang.toutiao.com/)"
36.133.115.36 - - [01/Feb/2026:15:05:12 +0800] "POST /wp-cron.php?doing_wp_cron=1769929512.6569440364837646484375 HTTP/1.1" 200 31 "-" "WordPress/6.9; http://cqqizhou.com"
204.76.203.18 - - [01/Feb/2026:15:05:12 +0800] "GET /bins/ HTTP/1.1" 301 5 "-" "-"
36.133.115.36 - - [01/Feb/2026:15:12:14 +0800] "POST /wp-cron.php?doing_wp_cron=1769929934.0359549522399902343750 HTTP/1.1" 200 31 "-" "WordPress/6.9; http://cqqizhou.com"
128.241.229.30 - - [01/Feb/2026:15:12:14 +0800] "POST /hello.world?%ADd+allow_url_include%3d1+%ADd+auto_prepend_file%3dphp://input HTTP/1.1" 404 31367 "-" "libredtail-http"
128.241.229.30 - - [01/Feb/2026:15:12:23 +0800] "POST /?%ADd+allow_url_include%3d1+%ADd+auto_prepend_file%3dphp://input HTTP/1.1" 200 157284 "-" "libredtail-http"
128.241.229.30 - - [01/Feb/2026:15:12:24 +0800] "GET /vendor/phpunit/phpunit/src/Util/PHP/eval-stdin.php HTTP/1.1" 404 27 "-" "libredtail-http"
128.241.229.30 - - [01/Feb/2026:15:12:24 +0800] "GET /vendor/phpunit/phpunit/Util/PHP/eval-stdin.php HTTP/1.1" 404 27 "-" "libredtail-http"
128.241.229.30 - - [01/Feb/2026:15:12:24 +0800] "GET /vendor/phpunit/src/Util/PHP/eval-stdin.php HTTP/1.1" 404 27 "-" "libredtail-http"
128.241.229.30 - - [01/Feb/2026:15:12:24 +0800] "GET /vendor/phpunit/Util/PHP/eval-stdin.php HTTP/1.1" 404 27 "-" "libredtail-http"
128.241.229.30 - - [01/Feb/2026:15:12:25 +0800] "GET /vendor/phpunit/phpunit/LICENSE/eval-stdin.php HTTP/1.1" 404 27 "-" "libredtail-http"
128.241.229.30 - - [01/Feb/2026:15:12:25 +0800] "GET /vendor/vendor/phpunit/phpunit/src/Util/PHP/eval-stdin.php HTTP/1.1" 404 27 "-" "libredtail-http"
128.241.229.30 - - [01/Feb/2026:15:12:25 +0800] "GET /phpunit/phpunit/src/Util/PHP/eval-stdin.php HTTP/1.1" 404 27 "-" "libredtail-http"
128.241.229.30 - - [01/Feb/2026:15:12:26 +0800] "GET /phpunit/phpunit/Util/PHP/eval-stdin.php HTTP/1.1" 404 27 "-" "libredtail-http"
128.241.229.30 - - [01/Feb/2026:15:12:30 +0800] "GET /phpunit/src/Util/PHP/eval-stdin.php HTTP/1.1" 404 27 "-" "libredtail-http"
128.241.229.30 - - [01/Feb/2026:15:12:30 +0800] "GET /phpunit/Util/PHP/eval-stdin.php HTTP/1.1" 404 27 "-" "libredtail-http"
128.241.229.30 - - [01/Feb/2026:15:13:30 +0800] "GET /lib/phpunit/phpunit/src/Util/PHP/eval-stdin.php HTTP/1.1" 404 27 "-" "libredtail-http"
36.133.108.125 - - [01/Feb/2026:15:29:26 +0800] "HEAD /lib/vendor/phpunit/phpunit/src/Util/PHP/eval-stdin.php HTTP/1.1" 404 0 "-" "Mozilla/5.0 (Macintosh; Intel Mac OS X 10.8; rv:21.0) Gecko/20100101 Firefox/21.0"
36.133.115.36 - - [01/Feb/2026:15:36:30 +0800] "POST /wp-cron.php?doing_wp_cron=1769931390.9047050476074218750000 HTTP/1.1" 200 31 "-" "WordPress/6.9; http://cqqizhou.com"
89.42.231.200 - - [01/Feb/2026:15:36:30 +0800] "GET /SDK/webLanguage HTTP/1.1" 301 5 "-" "Mozilla/5.0 (Windows NT 10.0; Win64; x64) AppleWebKit/537.36 (KHTML, like Gecko) Chrome/90.0.4430.85 Safari/537.36 Edg/90.0.818.46"
36.133.115.36 - - [01/Feb/2026:15:46:00 +0800] "POST /wp-cron.php?doing_wp_cron=1769931960.3228890895843505859375 HTTP/1.1" 200 31 "-" "WordPress/6.9; http://cqqizhou.com"
204.76.203.219 - - [01/Feb/2026:15:46:00 +0800] "GET / HTTP/1.1" 200 34752 "-" "Mozilla/5.0 (Windows NT 10.0; Win64; x64) AppleWebKit/537.36 (KHTML, like Gecko) Chrome/90.0.4430.85 Safari/537.36 Edg/90.0.818.46"
36.133.115.36 - - [01/Feb/2026:15:48:38 +0800] "POST /wp-cron.php?doing_wp_cron=1769932118.0578820705413818359375 HTTP/1.1" 200 31 "-" "WordPress/6.9; http://cqqizhou.com"
217.160.88.219 - - [01/Feb/2026:15:48:38 +0800] "POST /xmlrpc.php HTTP/1.1" 200 217 "-" "Mozilla/5.0 (Windows NT 10.0; WOW64) AppleWebKit/537.43 (KHTML, like Gecko) Chrome/134.0.0.0 Safari/537.36 OPR/119.0.0.0"
110.249.201.226 - - [01/Feb/2026:15:51:09 +0800] "GET /wp-content/uploads/revslider/slider-1/1750861156-logistics_Slider_3840%C3%972160_20250625191356-scaled.webp HTTP/1.1" 200 197360 "-" "Mozilla/5.0 (Linux; Android 5.0) AppleWebKit/537.36 (KHTML, like Gecko) Mobile Safari/537.36 (compatible; Bytespider; https://zhanzhang.toutiao.com/)"
52.167.144.198 - - [01/Feb/2026:15:52:19 +0800] "GET /2163/ HTTP/1.1" 200 23704 "-" "Mozilla/5.0 AppleWebKit/537.36 (KHTML, like Gecko; compatible; bingbot/2.0; +http://www.bing.com/bingbot.htm) Chrome/116.0.1938.76 Safari/537.36"
36.133.115.36 - - [01/Feb/2026:15:57:14 +0800] "POST /wp-cron.php?doing_wp_cron=1769932634.3703789710998535156250 HTTP/1.1" 200 31 "-" "WordPress/6.9; http://cqqizhou.com"
193.142.147.209 - - [01/Feb/2026:15:57:14 +0800] "POST / HTTP/1.1" 200 34752 "-" "Mozilla/5.0 (Windows NT 10.0; Win64; x64) AppleWebKit/537.36"
36.133.115.36 - - [01/Feb/2026:16:04:13 +0800] "POST /wp-cron.php?doing_wp_cron=1769933053.9612069129943847656250 HTTP/1.1" 200 31 "-" "WordPress/6.9; http://cqqizhou.com"
66.249.74.135 - - [01/Feb/2026:16:04:13 +0800] "GET /2162/ HTTP/1.1" 200 21070 "-" "Mozilla/5.0 (Linux; Android 6.0.1; Nexus 5X Build/MMB29P) AppleWebKit/537.36 (KHTML, like Gecko) Chrome/143.0.7499.192 Mobile Safari/537.36 (compatible; Googlebot/2.1; +http://www.google.com/bot.html)"
36.133.115.36 - - [01/Feb/2026:16:19:05 +0800] "POST /wp-cron.php?doing_wp_cron=1769933945.3588800430297851562500 HTTP/1.1" 200 31 "-" "WordPress/6.9; http://cqqizhou.com"
185.191.171.14 - - [01/Feb/2026:16:19:05 +0800] "GET /robots.txt HTTP/1.1" 200 190 "-" "Mozilla/5.0 (compatible; SemrushBot/7~bl; +http://www.semrush.com/bot.html)"
85.208.96.202 - - [01/Feb/2026:16:19:06 +0800] "GET /portfolio/duplex-stainless-steel/ HTTP/1.1" 404 8951 "-" "Mozilla/5.0 (compatible; SemrushBot/7~bl; +http://www.semrush.com/bot.html)"
36.133.115.36 - - [01/Feb/2026:16:19:17 +0800] "POST /wp-cron.php?doing_wp_cron=1769933957.3926680088043212890625 HTTP/1.1" 200 31 "-" "WordPress/6.9; http://cqqizhou.com"
85.208.96.205 - - [01/Feb/2026:16:19:17 +0800] "GET /wp-sitemap.xml HTTP/1.1" 501 253 "-" "Mozilla/5.0 (compatible; SemrushBot/7~bl; +http://www.semrush.com/bot.html)"
36.133.115.36 - - [01/Feb/2026:16:20:34 +0800] "POST /wp-cron.php?doing_wp_cron=1769934034.8185911178588867187500 HTTP/1.1" 200 31 "-" "WordPress/6.9; http://cqqizhou.com"
43.157.180.116 - - [01/Feb/2026:16:20:34 +0800] "GET / HTTP/1.1" 301 5 "-" "Mozilla/5.0 (iPhone; CPU iPhone OS 13_2_3 like Mac OS X) AppleWebKit/605.1.15 (KHTML, like Gecko) Version/13.0.3 Mobile/15E148 Safari/604.1"
43.157.180.116 - - [01/Feb/2026:16:20:43 +0800] "GET / HTTP/1.1" 200 34752 "http://www.cqqizhou.com" "Mozilla/5.0 (iPhone; CPU iPhone OS 13_2_3 like Mac OS X) AppleWebKit/605.1.15 (KHTML, like Gecko) Version/13.0.3 Mobile/15E148 Safari/604.1"
36.133.115.36 - - [01/Feb/2026:16:23:37 +0800] "POST /wp-cron.php?doing_wp_cron=1769934217.7570059299468994140625 HTTP/1.1" 200 31 "-" "WordPress/6.9; http://cqqizhou.com"
134.209.234.8 - - [01/Feb/2026:16:23:37 +0800] "GET / HTTP/1.0" 301 0 "-" "-"
134.209.234.8 - - [01/Feb/2026:16:23:38 +0800] "GET / HTTP/1.0" 301 0 "-" "-"
134.209.234.8 - - [01/Feb/2026:16:23:38 +0800] "GET /odinhttpcall1769934210 HTTP/1.1" 404 31367 "-" "Mozilla/5.0 (compatible; Odin; https://docs.getodin.com/)"
134.209.234.8 - - [01/Feb/2026:16:23:39 +0800] "POST /sdk HTTP/1.1" 404 31367 "-" "Mozilla/5.0 (compatible; Odin; https://docs.getodin.com/)"
134.209.234.8 - - [01/Feb/2026:16:23:40 +0800] "GET /evox/about HTTP/1.1" 404 31367 "-" "Mozilla/5.0 (compatible; Odin; https://docs.getodin.com/)"
134.209.234.8 - - [01/Feb/2026:16:23:40 +0800] "GET /HNAP1 HTTP/1.1" 404 31367 "-" "Mozilla/5.0 (compatible; Odin; https://docs.getodin.com/)"
134.209.234.8 - - [01/Feb/2026:16:23:41 +0800] "GET / HTTP/1.0" 301 0 "-" "-"
134.209.234.8 - - [01/Feb/2026:16:23:42 +0800] "GET / HTTP/1.1" 301 5 "-" "-"
164.92.161.240 - - [01/Feb/2026:16:23:44 +0800] "GET /v2/_catalog HTTP/1.1" 301 5 "-" "Go-http-client/1.1"
164.92.174.223 - - [01/Feb/2026:16:23:44 +0800] "GET /solr/admin/info/system HTTP/1.1" 301 5 "-" "Go-http-client/1.1"
167.71.34.54 - - [01/Feb/2026:16:23:44 +0800] "GET /query?q=SHOW+DIAGNOSTICS HTTP/1.1" 301 5 "-" "Go-http-client/1.1"
164.92.174.223 - - [01/Feb/2026:16:23:44 +0800] "GET / HTTP/1.1" 301 5 "-" "Mozilla/5.0 (compatible; Odin; https://docs.getodin.com/)"
164.92.174.223 - - [01/Feb/2026:16:23:44 +0800] "GET / HTTP/1.1" 200 35186 "http://36.133.115.36" "Mozilla/5.0 (compatible; Odin; https://docs.getodin.com/)"
164.92.161.240 - - [01/Feb/2026:16:23:45 +0800] "GET /v2/_catalog HTTP/1.1" 404 31367 "http://36.133.115.36:80/v2/_catalog" "Go-http-client/1.1"
164.92.174.223 - - [01/Feb/2026:16:23:45 +0800] "GET /solr/admin/info/system HTTP/1.1" 404 31367 "http://36.133.115.36:80/solr/admin/info/system" "Go-http-client/1.1"
167.71.34.54 - - [01/Feb/2026:16:23:45 +0800] "GET /query?q=SHOW+DIAGNOSTICS HTTP/1.1" 404 31367 "http://36.133.115.36:80/query?q=SHOW+DIAGNOSTICS" "Go-http-client/1.1"
164.92.174.223 - - [01/Feb/2026:16:23:46 +0800] "GET /solr/admin/cores?action=STATUS&wt=json HTTP/1.1" 301 5 "-" "Go-http-client/1.1"
164.92.161.240 - - [01/Feb/2026:16:23:46 +0800] "GET / HTTP/1.1" 200 34752 "-" "Go-http-client/1.1"
164.92.174.223 - - [01/Feb/2026:16:23:47 +0800] "GET /solr/admin/cores?action=STATUS&wt=json HTTP/1.1" 404 31367 "http://36.133.115.36:80/solr/admin/cores?action=STATUS&wt=json" "Go-http-client/1.1"
36.133.108.125 - - [01/Feb/2026:16:33:55 +0800] "HEAD /laravel/vendor/phpunit/phpunit/src/Util/PHP/eval-stdin.php HTTP/1.1" 404 0 "-" "Mozilla/5.0 (Macintosh; U; Intel Mac OS X 10_6_6; en-gb) AppleWebKit/533.20.25 (KHTML, like Gecko) Version/5.0.4 Safari/533.20.27"
124.238.41.100 - - [01/Feb/2026:16:39:36 +0800] "GET /2418/ HTTP/1.1" 200 27331 "-" "Mozilla/5.0 (Macintosh; Intel Mac OS X 10_15_7) AppleWebKit/537.36 (KHTML, like Gecko) Chrome/134.0.0.0 Safari/537.36"
36.133.115.36 - - [01/Feb/2026:16:43:28 +0800] "POST /wp-cron.php?doing_wp_cron=1769935408.2887279987335205078125 HTTP/1.1" 200 31 "-" "WordPress/6.9; http://cqqizhou.com"
204.76.203.219 - - [01/Feb/2026:16:43:28 +0800] "GET / HTTP/1.1" 200 34752 "-" "Mozilla/5.0 (Windows NT 10.0; Win64; x64) AppleWebKit/537.36 (KHTML, like Gecko) Chrome/90.0.4430.85 Safari/537.36 Edg/90.0.818.46"
182.44.67.97 - - [01/Feb/2026:16:43:51 +0800] "GET / HTTP/1.1" 301 5 "-" "Mozilla/5.0 (iPhone; CPU iPhone OS 13_2_3 like Mac OS X) AppleWebKit/605.1.15 (KHTML, like Gecko) Version/13.0.3 Mobile/15E148 Safari/604.1"
182.44.67.97 - - [01/Feb/2026:16:44:02 +0800] "GET / HTTP/1.1" 200 34752 "http://www.cqqizhou.com" "Mozilla/5.0 (iPhone; CPU iPhone OS 13_2_3 like Mac OS X) AppleWebKit/605.1.15 (KHTML, like Gecko) Version/13.0.3 Mobile/15E148 Safari/604.1"
36.133.115.36 - - [01/Feb/2026:16:49:06 +0800] "POST /wp-cron.php?doing_wp_cron=1769935746.8070869445800781250000 HTTP/1.1" 200 31 "-" "WordPress/6.9; http://cqqizhou.com"
85.208.96.194 - - [01/Feb/2026:16:49:06 +0800] "GET /2164/ HTTP/1.1" 200 23453 "-" "Mozilla/5.0 (compatible; SemrushBot/7~bl; +http://www.semrush.com/bot.html)"
205.169.39.50 - - [01/Feb/2026:17:01:52 +0800] "GET / HTTP/1.1" 200 35186 "-" "Mozilla/5.0 (Windows NT 10.0; Win64; x64) AppleWebKit/537.36 (KHTML, like Gecko) Chrome/117.0.5938.132 Safari/537.36"
205.169.39.50 - - [01/Feb/2026:17:01:56 +0800] "GET /wp-content/uploads/2025/07/1751425283-qizhou.kf_.qq_.com_.webp HTTP/1.1" 200 16864 "http://cqqizhou.com/" "Mozilla/5.0 (Windows NT 10.0; Win64; x64) AppleWebKit/537.36 (KHTML, like Gecko) Chrome/117.0.5938.132 Safari/537.36"
205.169.39.50 - - [01/Feb/2026:17:02:01 +0800] "GET /wp-content/uploads/2025/07/1750174127-Marketing1920x800_3.webp HTTP/1.1" 200 52790 "http://cqqizhou.com/wp-content/uploads/elementor/css/post-1666.css?ver=1769183108" "Mozilla/5.0 (Windows NT 10.0; Win64; x64) AppleWebKit/537.36 (KHTML, like Gecko) Chrome/117.0.5938.132 Safari/537.36"
36.133.115.36 - - [01/Feb/2026:17:19:13 +0800] "POST /wp-cron.php?doing_wp_cron=1769937553.7205879688262939453125 HTTP/1.1" 200 31 "-" "WordPress/6.9; http://cqqizhou.com"
66.249.74.134 - - [01/Feb/2026:17:19:13 +0800] "GET /logistics HTTP/1.1" 301 5 "-" "Mozilla/5.0 (Linux; Android 6.0.1; Nexus 5X Build/MMB29P) AppleWebKit/537.36 (KHTML, like Gecko) Chrome/143.0.7499.192 Mobile Safari/537.36 (compatible; Googlebot/2.1; +http://www.google.com/bot.html)"
66.249.74.136 - - [01/Feb/2026:17:19:15 +0800] "GET /logistics/ HTTP/1.1" 200 24992 "-" "Mozilla/5.0 (Linux; Android 6.0.1; Nexus 5X Build/MMB29P) AppleWebKit/537.36 (KHTML, like Gecko) Chrome/143.0.7499.192 Mobile Safari/537.36 (compatible; Googlebot/2.1; +http://www.google.com/bot.html)"
36.133.115.36 - - [01/Feb/2026:17:27:54 +0800] "POST /wp-cron.php?doing_wp_cron=1769938073.9912900924682617187500 HTTP/1.1" 200 31 "-" "WordPress/6.9; http://cqqizhou.com"
52.167.144.186 - - [01/Feb/2026:17:27:54 +0800] "GET /?s= HTTP/1.1" 200 19851 "-" "Mozilla/5.0 AppleWebKit/537.36 (KHTML, like Gecko; compatible; bingbot/2.0; +http://www.bing.com/bingbot.htm) Chrome/116.0.1938.76 Safari/537.36"
36.133.115.36 - - [01/Feb/2026:17:30:18 +0800] "POST /wp-cron.php?doing_wp_cron=1769938218.7960519790649414062500 HTTP/1.1" 200 31 "-" "WordPress/6.9; http://cqqizhou.com"
162.216.150.106 - - [01/Feb/2026:17:30:18 +0800] "GET /wp-login.php HTTP/1.1" 200 9053 "-" "Hello from Palo Alto Networks, find out more about our scans in https://docs-cortex.paloaltonetworks.com/r/1/Cortex-Xpanse/Scanning-activity"
36.133.115.36 - - [01/Feb/2026:17:35:03 +0800] "POST /wp-cron.php?doing_wp_cron=1769938503.6115579605102539062500 HTTP/1.1" 200 31 "-" "WordPress/6.9; http://cqqizhou.com"
3.134.148.59 - - [01/Feb/2026:17:35:03 +0800] "GET / HTTP/1.1" 301 5 "-" "cypex.ai/scanning Mozilla/5.0 (Macintosh; Intel Mac OS X 10_15_7) Chrome/126.0.0.0 Safari/537.36"
36.133.115.36 - - [01/Feb/2026:17:37:57 +0800] "POST /wp-cron.php?doing_wp_cron=1769938676.9809589385986328125000 HTTP/1.1" 200 31 "-" "WordPress/6.9; http://cqqizhou.com"
204.76.203.219 - - [01/Feb/2026:17:37:57 +0800] "GET / HTTP/1.1" 200 34752 "-" "Mozilla/5.0 (Windows NT 10.0; Win64; x64) AppleWebKit/537.36 (KHTML, like Gecko) Chrome/90.0.4430.85 Safari/537.36 Edg/90.0.818.46"
36.133.115.36 - - [01/Feb/2026:17:39:56 +0800] "POST /wp-cron.php?doing_wp_cron=1769938796.7251369953155517578125 HTTP/1.1" 200 31 "-" "WordPress/6.9; http://cqqizhou.com"
43.166.128.86 - - [01/Feb/2026:17:39:56 +0800] "GET / HTTP/1.1" 301 5 "-" "Mozilla/5.0 (iPhone; CPU iPhone OS 13_2_3 like Mac OS X) AppleWebKit/605.1.15 (KHTML, like Gecko) Version/13.0.3 Mobile/15E148 Safari/604.1"
43.166.128.86 - - [01/Feb/2026:17:40:00 +0800] "GET / HTTP/1.1" 200 34752 "http://36.133.115.36" "Mozilla/5.0 (iPhone; CPU iPhone OS 13_2_3 like Mac OS X) AppleWebKit/605.1.15 (KHTML, like Gecko) Version/13.0.3 Mobile/15E148 Safari/604.1"
36.133.115.36 - - [01/Feb/2026:18:11:15 +0800] "POST /wp-cron.php?doing_wp_cron=1769940675.2637619972229003906250 HTTP/1.1" 200 31 "-" "WordPress/6.9; http://cqqizhou.com"
204.76.203.18 - - [01/Feb/2026:18:11:15 +0800] "GET /bin/ HTTP/1.1" 301 5 "-" "-"
52.167.144.186 - - [01/Feb/2026:18:12:01 +0800] "GET /wp-content/uploads/2025/12/1766647829-Article_images_202512251.webp HTTP/1.1" 200 53246 "-" "Mozilla/5.0 AppleWebKit/537.36 (KHTML, like Gecko; compatible; bingbot/2.0; +http://www.bing.com/bingbot.htm) Chrome/116.0.1938.76 Safari/537.36"
36.133.115.36 - - [01/Feb/2026:18:17:20 +0800] "POST /wp-cron.php?doing_wp_cron=1769941040.9530270099639892578125 HTTP/1.1" 200 31 "-" "WordPress/6.9; http://cqqizhou.com"
36.133.108.119 - - [01/Feb/2026:18:17:20 +0800] "HEAD /login.do HTTP/1.1" 404 0 "-" "Mozilla/5.0 (Windows; U; Windows NT 6.1; en-US) AppleWebKit/533.20.25 (KHTML, like Gecko) Version/5.0.4 Safari/533.20.27"
36.133.115.36 - - [01/Feb/2026:18:29:35 +0800] "POST /wp-cron.php?doing_wp_cron=1769941775.7377650737762451171875 HTTP/1.1" 200 31 "-" "WordPress/6.9; http://cqqizhou.com"
204.76.203.219 - - [01/Feb/2026:18:29:35 +0800] "GET / HTTP/1.1" 200 34751 "-" "Mozilla/5.0 (Windows NT 10.0; Win64; x64) AppleWebKit/537.36 (KHTML, like Gecko) Chrome/90.0.4430.85 Safari/537.36 Edg/90.0.818.46"
36.133.115.36 - - [01/Feb/2026:18:34:14 +0800] "POST /wp-cron.php?doing_wp_cron=1769942054.0427930355072021484375 HTTP/1.1" 200 31 "-" "WordPress/6.9; http://cqqizhou.com"
66.249.74.134 - - [01/Feb/2026:18:34:14 +0800] "GET /media/5/ HTTP/1.1" 200 25873 "-" "Mozilla/5.0 (Linux; Android 6.0.1; Nexus 5X Build/MMB29P) AppleWebKit/537.36 (KHTML, like Gecko) Chrome/143.0.7499.192 Mobile Safari/537.36 (compatible; Googlebot/2.1; +http://www.google.com/bot.html)"
51.195.215.228 - - [01/Feb/2026:18:42:04 +0800] "GET /2475/ HTTP/1.1" 200 26552 "-" "Mozilla/5.0 (compatible; AhrefsBot/7.0; +http://ahrefs.com/robot/)"
36.133.115.36 - - [01/Feb/2026:18:48:08 +0800] "POST /wp-cron.php?doing_wp_cron=1769942888.2899639606475830078125 HTTP/1.1" 200 31 "-" "WordPress/6.9; http://cqqizhou.com"
111.30.249.65 - - [01/Feb/2026:18:48:08 +0800] "GET http://cqqizhou.com/2160/ HTTP/1.1" 200 29315 "-" "Mozilla/5.0 (Macintosh; Intel Mac OS X 10_15_7) AppleWebKit/537.36 (KHTML, like Gecko) Chrome/131.0.0.0 Safari/537.36"
36.133.108.125 - - [01/Feb/2026:18:50:13 +0800] "HEAD /ws/vendor/phpunit/phpunit/src/Util/PHP/eval-stdin.php HTTP/1.1" 404 0 "-" "Mozilla/5.0 (Macintosh; U; Intel Mac OS X 10_6_6; en-gb) AppleWebKit/533.20.25 (KHTML, like Gecko) Version/5.0.4 Safari/533.20.27"
36.133.115.36 - - [01/Feb/2026:18:52:28 +0800] "POST /wp-cron.php?doing_wp_cron=1769943148.7084150314331054687500 HTTP/1.1" 200 31 "-" "WordPress/6.9; http://cqqizhou.com"
213.154.226.24 - - [01/Feb/2026:18:52:28 +0800] "POST /xmlrpc.php HTTP/1.1" 200 217 "-" "Mozilla/5.0 (Windows NT 10.0; Win64; x64) AppleWebKit/537.36 (KHTML, like Gecko) Chrome/140.0.0.0 Safari/537.36"
36.133.115.36 - - [01/Feb/2026:19:22:48 +0800] "POST /wp-cron.php?doing_wp_cron=1769944968.1891698837280273437500 HTTP/1.1" 200 31 "-" "WordPress/6.9; http://cqqizhou.com"
204.76.203.219 - - [01/Feb/2026:19:22:48 +0800] "GET / HTTP/1.1" 200 34752 "-" "Mozilla/5.0 (Windows NT 10.0; Win64; x64) AppleWebKit/537.36 (KHTML, like Gecko) Chrome/90.0.4430.85 Safari/537.36 Edg/90.0.818.46"
36.133.115.36 - - [01/Feb/2026:19:32:02 +0800] "POST /wp-cron.php?doing_wp_cron=1769945522.8182559013366699218750 HTTP/1.1" 200 31 "-" "WordPress/6.9; http://cqqizhou.com"
123.168.163.15 - - [01/Feb/2026:19:32:02 +0800] "GET / HTTP/1.1" 301 5 "-" "Go-http-client/1.1"
123.168.163.15 - - [01/Feb/2026:19:32:03 +0800] "GET / HTTP/1.1" 200 35186 "http://xa4.shaanxi.cn.antiddos.cspt.fullcone.cn" "Go-http-client/1.1"
36.133.115.36 - - [01/Feb/2026:19:35:44 +0800] "POST /wp-cron.php?doing_wp_cron=1769945744.3726339340209960937500 HTTP/1.1" 200 31 "-" "WordPress/6.9; http://cqqizhou.com"
212.30.36.44 - - [01/Feb/2026:19:35:44 +0800] "HEAD / HTTP/1.1" 301 0 "-" "Mozilla/5.0 (Macintosh; Intel Mac OS X 10_15_7) AppleWebKit/537.36 (KHTML, like Gecko) Chrome/106.0.0.0 Safari/537.36"
212.30.36.16 - - [01/Feb/2026:19:35:58 +0800] "GET /.DS_Store HTTP/1.1" 404 8951 "-" "python-requests/2.32.4"
212.30.36.35 - - [01/Feb/2026:19:36:03 +0800] "GET / HTTP/1.1" 301 5 "-" "Mozilla/5.0 (Windows NT 10.0; Win64; x64) AppleWebKit/537.36 (KHTML, like Gecko) Chrome/105.0.0.0 Safari/537.36"
212.30.36.53 - - [01/Feb/2026:19:36:18 +0800] "GET / HTTP/1.1" 200 35186 "-" "Mozilla/5.0 (Windows NT 10.0; Win64; x64) AppleWebKit/537.36 (KHTML, like Gecko) Chrome/105.0.0.0 Safari/537.36"
36.133.115.36 - - [01/Feb/2026:19:36:19 +0800] "POST /wp-cron.php?doing_wp_cron=1769945779.9423971176147460937500 HTTP/1.1" 200 31 "-" "WordPress/6.9; http://cqqizhou.com"
212.30.36.35 - - [01/Feb/2026:19:36:19 +0800] "GET /bug HTTP/1.1" 301 5 "-" "Mozilla/5.0 (Windows NT 10.0; Win64; x64) AppleWebKit/537.36 (KHTML, like Gecko) Chrome/105.0.0.0 Safari/537.36"
212.30.36.35 - - [01/Feb/2026:19:36:22 +0800] "GET /bug/ HTTP/1.1" 200 11695 "-" "Mozilla/5.0 (Windows NT 10.0; Win64; x64) AppleWebKit/537.36 (KHTML, like Gecko) Chrome/105.0.0.0 Safari/537.36"
212.30.36.35 - - [01/Feb/2026:19:36:23 +0800] "GET /services HTTP/1.1" 301 5 "-" "Mozilla/5.0 (Windows NT 10.0; Win64; x64) AppleWebKit/537.36 (KHTML, like Gecko) Chrome/105.0.0.0 Safari/537.36"
212.30.36.35 - - [01/Feb/2026:19:36:25 +0800] "GET /services/ HTTP/1.1" 200 25829 "-" "Mozilla/5.0 (Windows NT 10.0; Win64; x64) AppleWebKit/537.36 (KHTML, like Gecko) Chrome/105.0.0.0 Safari/537.36"
212.30.36.35 - - [01/Feb/2026:19:36:28 +0800] "GET / HTTP/1.1" 301 5 "-" "Mozilla/5.0 (Windows NT 10.0; Win64; x64) AppleWebKit/537.36 (KHTML, like Gecko) Chrome/105.0.0.0 Safari/537.36"
212.30.36.53 - - [01/Feb/2026:19:36:28 +0800] "GET / HTTP/1.1" 200 35186 "-" "Mozilla/5.0 (Windows NT 10.0; Win64; x64) AppleWebKit/537.36 (KHTML, like Gecko) Chrome/105.0.0.0 Safari/537.36"
212.30.36.35 - - [01/Feb/2026:19:36:33 +0800] "GET /logistics HTTP/1.1" 301 5 "-" "Mozilla/5.0 (Windows NT 10.0; Win64; x64) AppleWebKit/537.36 (KHTML, like Gecko) Chrome/105.0.0.0 Safari/537.36"
212.30.36.35 - - [01/Feb/2026:19:36:36 +0800] "GET /logistics/ HTTP/1.1" 200 24992 "-" "Mozilla/5.0 (Windows NT 10.0; Win64; x64) AppleWebKit/537.36 (KHTML, like Gecko) Chrome/105.0.0.0 Safari/537.36"
212.30.36.35 - - [01/Feb/2026:19:36:39 +0800] "GET /contacts/ HTTP/1.1" 200 18584 "-" "Mozilla/5.0 (Windows NT 10.0; Win64; x64) AppleWebKit/537.36 (KHTML, like Gecko) Chrome/105.0.0.0 Safari/537.36"
212.30.36.35 - - [01/Feb/2026:19:36:42 +0800] "GET /process/processing HTTP/1.1" 404 8951 "-" "Mozilla/5.0 (Windows NT 10.0; Win64; x64) AppleWebKit/537.36 (KHTML, like Gecko) Chrome/105.0.0.0 Safari/537.36"
212.30.36.35 - - [01/Feb/2026:19:36:45 +0800] "GET /logistics/ HTTP/1.1" 200 24993 "-" "Mozilla/5.0 (Windows NT 10.0; Win64; x64) AppleWebKit/537.36 (KHTML, like Gecko) Chrome/105.0.0.0 Safari/537.36"
212.30.36.35 - - [01/Feb/2026:19:36:48 +0800] "GET /2354/ HTTP/1.1" 200 20269 "-" "Mozilla/5.0 (Windows NT 10.0; Win64; x64) AppleWebKit/537.36 (KHTML, like Gecko) Chrome/105.0.0.0 Safari/537.36"
212.30.36.35 - - [01/Feb/2026:19:36:50 +0800] "GET /2388/ HTTP/1.1" 200 20383 "-" "Mozilla/5.0 (Windows NT 10.0; Win64; x64) AppleWebKit/537.36 (KHTML, like Gecko) Chrome/105.0.0.0 Safari/537.36"
36.133.115.36 - - [01/Feb/2026:19:41:50 +0800] "POST /wp-cron.php?doing_wp_cron=1769946110.1297628879547119140625 HTTP/1.1" 200 31 "-" "WordPress/6.9; http://cqqizhou.com"
212.30.36.24 - - [01/Feb/2026:19:41:50 +0800] "GET /index.php?p=admin/dashboard HTTP/1.1" 301 5 "-" "Mozilla/5.0 (X11; Linux x86_64; rv:106.0) Gecko/20100101 Firefox/106.0"
212.30.36.24 - - [01/Feb/2026:19:41:52 +0800] "GET /?p=admin/dashboard HTTP/1.1" 200 85297 "-" "Mozilla/5.0 (X11; Linux x86_64; rv:106.0) Gecko/20100101 Firefox/106.0"
212.30.36.18 - - [01/Feb/2026:19:41:55 +0800] "POST /.env HTTP/1.1" 404 31367 "-" "Mozilla/5.0 (X11; Linux x86_64; rv:105.0) Gecko/20100101 Firefox/105.0"
212.30.36.18 - - [01/Feb/2026:19:41:59 +0800] "GET /.env HTTP/1.1" 404 31367 "-" "Mozilla/5.0 (X11; Linux x86_64; rv:105.0) Gecko/20100101 Firefox/105.0"
212.30.36.18 - - [01/Feb/2026:19:42:02 +0800] "GET /.env.save HTTP/1.1" 404 31367 "-" "Mozilla/5.0 (X11; Linux x86_64; rv:105.0) Gecko/20100101 Firefox/105.0"
212.30.36.18 - - [01/Feb/2026:19:42:06 +0800] "GET /.env.old HTTP/1.1" 404 31367 "-" "Mozilla/5.0 (X11; Linux x86_64; rv:105.0) Gecko/20100101 Firefox/105.0"
36.133.115.36 - - [01/Feb/2026:19:42:08 +0800] "POST /wp-cron.php?doing_wp_cron=1769946128.4090640544891357421875 HTTP/1.1" 200 31 "-" "WordPress/6.9; http://cqqizhou.com"
212.30.36.18 - - [01/Feb/2026:19:42:08 +0800] "GET /.env.prod HTTP/1.1" 404 31367 "-" "Mozilla/5.0 (X11; Linux x86_64; rv:105.0) Gecko/20100101 Firefox/105.0"
212.30.36.18 - - [01/Feb/2026:19:42:11 +0800] "GET /.env.production HTTP/1.1" 404 31367 "-" "Mozilla/5.0 (X11; Linux x86_64; rv:105.0) Gecko/20100101 Firefox/105.0"
212.30.36.18 - - [01/Feb/2026:19:42:13 +0800] "GET /.env.development HTTP/1.1" 404 31367 "-" "Mozilla/5.0 (X11; Linux x86_64; rv:105.0) Gecko/20100101 Firefox/105.0"
212.30.36.18 - - [01/Feb/2026:19:42:16 +0800] "GET /laravel/.env HTTP/1.1" 404 31367 "-" "Mozilla/5.0 (X11; Linux x86_64; rv:105.0) Gecko/20100101 Firefox/105.0"
212.30.36.18 - - [01/Feb/2026:19:42:18 +0800] "GET /admin-app/.env HTTP/1.1" 404 31367 "-" "Mozilla/5.0 (X11; Linux x86_64; rv:105.0) Gecko/20100101 Firefox/105.0"
