212.30.36.8 - - [01/Feb/2026:20:31:44 +0800] "GET /pminfo.php HTTP/1.1" 404 27 "-" "Mozilla/5.0 (X11; Linux x86_64) AppleWebKit/537.36 (KHTML, like Gecko) Chrome/106.0.0.0 Safari/537.36"
121.237.36.31 - - [01/Feb/2026:20:31:57 +0800] "GET / HTTP/1.1" 200 35186 "-" "Mozilla/5.0 (Windows; U; Windows NT 5.1; zh-CN; rv:1.8.0.9) Gecko/20061206 Firefox/1.5.0.9"
212.30.36.8 - - [01/Feb/2026:20:32:07 +0800] "GET /s_info.php HTTP/1.1" 404 27 "-" "Mozilla/5.0 (X11; Linux x86_64) AppleWebKit/537.36 (KHTML, like Gecko) Chrome/106.0.0.0 Safari/537.36"
212.30.36.25 - - [01/Feb/2026:20:32:10 +0800] "GET /s1_info.php HTTP/1.1" 404 27 "-" "Mozilla/5.0 (X11; Linux x86_64) AppleWebKit/537.36 (KHTML, like Gecko) Chrome/106.0.0.0 Safari/537.36"
212.30.36.41 - - [01/Feb/2026:20:32:14 +0800] "GET /sample-php-info.php HTTP/1.1" 404 27 "-" "Mozilla/5.0 (X11; Linux x86_64) AppleWebKit/537.36 (KHTML, like Gecko) Chrome/106.0.0.0 Safari/537.36"
212.30.36.15 - - [01/Feb/2026:20:32:19 +0800] "GET /server_info.php HTTP/1.1" 404 27 "-" "Mozilla/5.0 (X11; Linux x86_64) AppleWebKit/537.36 (KHTML, like Gecko) Chrome/106.0.0.0 Safari/537.36"
212.30.36.10 - - [01/Feb/2026:20:32:21 +0800] "GET /server-info.php HTTP/1.1" 404 27 "-" "Mozilla/5.0 (X11; Linux x86_64) AppleWebKit/537.36 (KHTML, like Gecko) Chrome/106.0.0.0 Safari/537.36"
212.30.36.46 - - [01/Feb/2026:20:32:22 +0800] "GET /serverInfo.blade.php HTTP/1.1" 404 27 "-" "Mozilla/5.0 (X11; Linux x86_64) AppleWebKit/537.36 (KHTML, like Gecko) Chrome/106.0.0.0 Safari/537.36"
212.30.36.221 - - [01/Feb/2026:20:32:25 +0800] "GET /serverinfo.php HTTP/1.1" 404 27 "-" "Mozilla/5.0 (X11; Linux x86_64) AppleWebKit/537.36 (KHTML, like Gecko) Chrome/106.0.0.0 Safari/537.36"
212.30.36.164 - - [01/Feb/2026:20:32:25 +0800] "GET /SF_phpinfo.php HTTP/1.1" 404 27 "-" "Mozilla/5.0 (X11; Linux x86_64) AppleWebKit/537.36 (KHTML, like Gecko) Chrome/106.0.0.0 Safari/537.36"
36.133.115.36 - - [01/Feb/2026:20:32:29 +0800] "POST /wp-cron.php?doing_wp_cron=1769949148.9785680770874023437500 HTTP/1.1" 200 31 "-" "WordPress/6.9; http://cqqizhou.com"
176.65.139.8 - - [01/Feb/2026:20:32:29 +0800] "GET / HTTP/1.1" 200 157284 "-" "Hello World/1.0"
212.30.36.37 - - [01/Feb/2026:20:32:29 +0800] "GET /show_info.inc.php HTTP/1.1" 404 27 "-" "Mozilla/5.0 (X11; Linux x86_64) AppleWebKit/537.36 (KHTML, like Gecko) Chrome/106.0.0.0 Safari/537.36"
212.30.36.45 - - [01/Feb/2026:20:32:30 +0800] "GET /show_phpinfo.php HTTP/1.1" 404 27 "-" "Mozilla/5.0 (X11; Linux x86_64) AppleWebKit/537.36 (KHTML, like Gecko) Chrome/106.0.0.0 Safari/537.36"
212.30.36.29 - - [01/Feb/2026:20:32:32 +0800] "GET /show-php-info.php HTTP/1.1" 404 27 "-" "Mozilla/5.0 (X11; Linux x86_64) AppleWebKit/537.36 (KHTML, like Gecko) Chrome/106.0.0.0 Safari/537.36"
212.30.36.29 - - [01/Feb/2026:20:32:35 +0800] "GET /ShowPHPInfo.php HTTP/1.1" 404 27 "-" "Mozilla/5.0 (X11; Linux x86_64) AppleWebKit/537.36 (KHTML, like Gecko) Chrome/106.0.0.0 Safari/537.36"
212.30.36.47 - - [01/Feb/2026:20:32:37 +0800] "GET /site-info.php HTTP/1.1" 404 27 "-" "Mozilla/5.0 (X11; Linux x86_64) AppleWebKit/537.36 (KHTML, like Gecko) Chrome/106.0.0.0 Safari/537.36"
212.30.36.4 - - [01/Feb/2026:20:32:38 +0800] "GET /softphpinfo.php HTTP/1.1" 404 27 "-" "Mozilla/5.0 (X11; Linux x86_64) AppleWebKit/537.36 (KHTML, like Gecko) Chrome/106.0.0.0 Safari/537.36"
212.30.36.52 - - [01/Feb/2026:20:32:43 +0800] "GET /svinfo.php HTTP/1.1" 404 27 "-" "Mozilla/5.0 (X11; Linux x86_64) AppleWebKit/537.36 (KHTML, like Gecko) Chrome/106.0.0.0 Safari/537.36"
212.30.36.22 - - [01/Feb/2026:20:32:45 +0800] "GET /svninfo.php HTTP/1.1" 404 27 "-" "Mozilla/5.0 (X11; Linux x86_64) AppleWebKit/537.36 (KHTML, like Gecko) Chrome/106.0.0.0 Safari/537.36"
212.30.36.41 - - [01/Feb/2026:20:32:59 +0800] "GET /sysinfo.php HTTP/1.1" 404 27 "-" "Mozilla/5.0 (X11; Linux x86_64) AppleWebKit/537.36 (KHTML, like Gecko) Chrome/106.0.0.0 Safari/537.36"
212.30.36.45 - - [01/Feb/2026:20:33:06 +0800] "GET /sysinfo.static.php HTTP/1.1" 404 27 "-" "Mozilla/5.0 (X11; Linux x86_64) AppleWebKit/537.36 (KHTML, like Gecko) Chrome/106.0.0.0 Safari/537.36"
212.30.36.16 - - [01/Feb/2026:20:33:08 +0800] "GET /SysinfoModel.php HTTP/1.1" 404 27 "-" "Mozilla/5.0 (X11; Linux x86_64) AppleWebKit/537.36 (KHTML, like Gecko) Chrome/106.0.0.0 Safari/537.36"
212.30.36.35 - - [01/Feb/2026:20:33:09 +0800] "GET /sysinfomodule.php HTTP/1.1" 404 27 "-" "Mozilla/5.0 (X11; Linux x86_64) AppleWebKit/537.36 (KHTML, like Gecko) Chrome/106.0.0.0 Safari/537.36"
212.30.36.11 - - [01/Feb/2026:20:33:14 +0800] "GET /system_info.php HTTP/1.1" 404 27 "-" "Mozilla/5.0 (X11; Linux x86_64) AppleWebKit/537.36 (KHTML, like Gecko) Chrome/106.0.0.0 Safari/537.36"
212.30.36.39 - - [01/Feb/2026:20:33:18 +0800] "GET /systeminfo.php HTTP/1.1" 404 27 "-" "Mozilla/5.0 (X11; Linux x86_64) AppleWebKit/537.36 (KHTML, like Gecko) Chrome/106.0.0.0 Safari/537.36"
212.30.36.26 - - [01/Feb/2026:20:33:20 +0800] "GET /tab-phpinfo.php HTTP/1.1" 404 27 "-" "Mozilla/5.0 (X11; Linux x86_64) AppleWebKit/537.36 (KHTML, like Gecko) Chrome/106.0.0.0 Safari/537.36"
212.30.36.30 - - [01/Feb/2026:20:33:23 +0800] "GET /tdomf-phpinfo.php HTTP/1.1" 404 27 "-" "Mozilla/5.0 (X11; Linux x86_64) AppleWebKit/537.36 (KHTML, like Gecko) Chrome/106.0.0.0 Safari/537.36"
212.30.36.7 - - [01/Feb/2026:20:33:26 +0800] "GET /tiki-phpinfo.php HTTP/1.1" 404 27 "-" "Mozilla/5.0 (X11; Linux x86_64) AppleWebKit/537.36 (KHTML, like Gecko) Chrome/106.0.0.0 Safari/537.36"
212.30.36.14 - - [01/Feb/2026:20:33:34 +0800] "GET /tmp_php_info.php HTTP/1.1" 404 27 "-" "Mozilla/5.0 (X11; Linux x86_64) AppleWebKit/537.36 (KHTML, like Gecko) Chrome/106.0.0.0 Safari/537.36"
212.30.36.31 - - [01/Feb/2026:20:33:38 +0800] "GET /tools.phpinfo.php HTTP/1.1" 404 27 "-" "Mozilla/5.0 (X11; Linux x86_64) AppleWebKit/537.36 (KHTML, like Gecko) Chrome/106.0.0.0 Safari/537.36"
212.30.36.25 - - [01/Feb/2026:20:33:47 +0800] "GET /utilitiesphpinfo.php HTTP/1.1" 404 27 "-" "Mozilla/5.0 (X11; Linux x86_64) AppleWebKit/537.36 (KHTML, like Gecko) Chrome/106.0.0.0 Safari/537.36"
212.30.36.52 - - [01/Feb/2026:20:33:50 +0800] "GET /view-system-info.php HTTP/1.1" 404 27 "-" "Mozilla/5.0 (X11; Linux x86_64) AppleWebKit/537.36 (KHTML, like Gecko) Chrome/106.0.0.0 Safari/537.36"
212.30.36.23 - - [01/Feb/2026:20:33:53 +0800] "GET /view.servinfo.php HTTP/1.1" 404 27 "-" "Mozilla/5.0 (X11; Linux x86_64) AppleWebKit/537.36 (KHTML, like Gecko) Chrome/106.0.0.0 Safari/537.36"
212.30.36.28 - - [01/Feb/2026:20:33:54 +0800] "GET /vpsconfigphpinfo.php HTTP/1.1" 404 27 "-" "Mozilla/5.0 (X11; Linux x86_64) AppleWebKit/537.36 (KHTML, like Gecko) Chrome/106.0.0.0 Safari/537.36"
212.30.36.36 - - [01/Feb/2026:20:33:57 +0800] "GET /web_info.php HTTP/1.1" 404 27 "-" "Mozilla/5.0 (X11; Linux x86_64) AppleWebKit/537.36 (KHTML, like Gecko) Chrome/106.0.0.0 Safari/537.36"
212.30.36.16 - - [01/Feb/2026:20:34:01 +0800] "GET /website_sysinfo.php HTTP/1.1" 404 27 "-" "Mozilla/5.0 (X11; Linux x86_64) AppleWebKit/537.36 (KHTML, like Gecko) Chrome/106.0.0.0 Safari/537.36"
212.30.36.44 - - [01/Feb/2026:20:34:04 +0800] "GET /wordpress-php-info.php HTTP/1.1" 404 27 "-" "Mozilla/5.0 (X11; Linux x86_64) AppleWebKit/537.36 (KHTML, like Gecko) Chrome/106.0.0.0 Safari/537.36"
212.30.36.43 - - [01/Feb/2026:20:34:11 +0800] "GET /wp_phpinfo.php HTTP/1.1" 404 27 "-" "Mozilla/5.0 (X11; Linux x86_64) AppleWebKit/537.36 (KHTML, like Gecko) Chrome/106.0.0.0 Safari/537.36"
212.30.36.14 - - [01/Feb/2026:20:34:12 +0800] "GET /wp-serverinfo.php HTTP/1.1" 404 27 "-" "Mozilla/5.0 (X11; Linux x86_64) AppleWebKit/537.36 (KHTML, like Gecko) Chrome/106.0.0.0 Safari/537.36"
212.30.36.49 - - [01/Feb/2026:20:34:14 +0800] "GET /Zend_Tool_Framework_System_Provider_Phpinfo.php HTTP/1.1" 404 27 "-" "Mozilla/5.0 (X11; Linux x86_64) AppleWebKit/537.36 (KHTML, like Gecko) Chrome/106.0.0.0 Safari/537.36"
212.30.36.52 - - [01/Feb/2026:20:34:17 +0800] "GET /php_basics.php HTTP/1.1" 404 27 "-" "Mozilla/5.0 (X11; Linux x86_64) AppleWebKit/537.36 (KHTML, like Gecko) Chrome/106.0.0.0 Safari/537.36"
212.30.36.43 - - [01/Feb/2026:20:34:20 +0800] "GET /php_configs.php HTTP/1.1" 404 27 "-" "Mozilla/5.0 (X11; Linux x86_64) AppleWebKit/537.36 (KHTML, like Gecko) Chrome/106.0.0.0 Safari/537.36"
212.30.36.31 - - [01/Feb/2026:20:34:25 +0800] "GET /php_error.php HTTP/1.1" 404 27 "-" "Mozilla/5.0 (X11; Linux x86_64) AppleWebKit/537.36 (KHTML, like Gecko) Chrome/106.0.0.0 Safari/537.36"
212.30.36.25 - - [01/Feb/2026:20:34:27 +0800] "GET /php_file.php HTTP/1.1" 404 27 "-" "Mozilla/5.0 (X11; Linux x86_64) AppleWebKit/537.36 (KHTML, like Gecko) Chrome/106.0.0.0 Safari/537.36"
212.30.36.34 - - [01/Feb/2026:20:34:29 +0800] "GET /php-brief.php HTTP/1.1" 404 27 "-" "Mozilla/5.0 (X11; Linux x86_64) AppleWebKit/537.36 (KHTML, like Gecko) Chrome/106.0.0.0 Safari/537.36"
212.30.36.10 - - [01/Feb/2026:20:34:32 +0800] "GET /php-details.blade.php HTTP/1.1" 404 27 "-" "Mozilla/5.0 (X11; Linux x86_64) AppleWebKit/537.36 (KHTML, like Gecko) Chrome/106.0.0.0 Safari/537.36"
212.30.36.17 - - [01/Feb/2026:20:34:33 +0800] "GET /php-enviroment.php HTTP/1.1" 404 27 "-" "Mozilla/5.0 (X11; Linux x86_64) AppleWebKit/537.36 (KHTML, like Gecko) Chrome/106.0.0.0 Safari/537.36"
212.30.36.8 - - [01/Feb/2026:20:34:35 +0800] "GET /php-i.php HTTP/1.1" 404 27 "-" "Mozilla/5.0 (X11; Linux x86_64) AppleWebKit/537.36 (KHTML, like Gecko) Chrome/106.0.0.0 Safari/537.36"
212.30.36.35 - - [01/Feb/2026:20:34:39 +0800] "GET /php-index.php HTTP/1.1" 404 27 "-" "Mozilla/5.0 (X11; Linux x86_64) AppleWebKit/537.36 (KHTML, like Gecko) Chrome/106.0.0.0 Safari/537.36"
212.30.36.51 - - [01/Feb/2026:20:34:42 +0800] "GET /php-safe-functions.php HTTP/1.1" 404 27 "-" "Mozilla/5.0 (X11; Linux x86_64) AppleWebKit/537.36 (KHTML, like Gecko) Chrome/106.0.0.0 Safari/537.36"
212.30.36.26 - - [01/Feb/2026:20:34:50 +0800] "GET /php-vars.php HTTP/1.1" 404 27 "-" "Mozilla/5.0 (X11; Linux x86_64) AppleWebKit/537.36 (KHTML, like Gecko) Chrome/106.0.0.0 Safari/537.36"
212.30.36.20 - - [01/Feb/2026:20:34:51 +0800] "GET /php.php HTTP/1.1" 404 27 "-" "Mozilla/5.0 (X11; Linux x86_64) AppleWebKit/537.36 (KHTML, like Gecko) Chrome/106.0.0.0 Safari/537.36"
212.30.36.53 - - [01/Feb/2026:20:34:53 +0800] "GET /php1.php HTTP/1.1" 404 27 "-" "Mozilla/5.0 (X11; Linux x86_64) AppleWebKit/537.36 (KHTML, like Gecko) Chrome/106.0.0.0 Safari/537.36"
212.30.36.16 - - [01/Feb/2026:20:34:58 +0800] "GET /phpconfig.php HTTP/1.1" 404 27 "-" "Mozilla/5.0 (X11; Linux x86_64) AppleWebKit/537.36 (KHTML, like Gecko) Chrome/106.0.0.0 Safari/537.36"
212.30.36.12 - - [01/Feb/2026:20:35:06 +0800] "GET /phpfile.php HTTP/1.1" 404 27 "-" "Mozilla/5.0 (X11; Linux x86_64) AppleWebKit/537.36 (KHTML, like Gecko) Chrome/106.0.0.0 Safari/537.36"
212.30.36.12 - - [01/Feb/2026:20:35:07 +0800] "GET /phpFunctions.php HTTP/1.1" 404 27 "-" "Mozilla/5.0 (X11; Linux x86_64) AppleWebKit/537.36 (KHTML, like Gecko) Chrome/106.0.0.0 Safari/537.36"
212.30.36.18 - - [01/Feb/2026:20:35:13 +0800] "GET /phpFunctions5.php HTTP/1.1" 404 27 "-" "Mozilla/5.0 (X11; Linux x86_64) AppleWebKit/537.36 (KHTML, like Gecko) Chrome/106.0.0.0 Safari/537.36"
212.30.36.7 - - [01/Feb/2026:20:35:25 +0800] "GET /phpinifo.php HTTP/1.1" 404 27 "-" "Mozilla/5.0 (X11; Linux x86_64) AppleWebKit/537.36 (KHTML, like Gecko) Chrome/106.0.0.0 Safari/537.36"
212.30.36.52 - - [01/Feb/2026:20:35:26 +0800] "GET /phpino.php HTTP/1.1" 404 27 "-" "Mozilla/5.0 (X11; Linux x86_64) AppleWebKit/537.36 (KHTML, like Gecko) Chrome/106.0.0.0 Safari/537.36"
212.30.36.41 - - [01/Feb/2026:20:35:28 +0800] "GET /PhpPage.php HTTP/1.1" 404 27 "-" "Mozilla/5.0 (X11; Linux x86_64) AppleWebKit/537.36 (KHTML, like Gecko) Chrome/106.0.0.0 Safari/537.36"
212.30.36.18 - - [01/Feb/2026:20:35:29 +0800] "GET /phpRemoteView.php HTTP/1.1" 404 27 "-" "Mozilla/5.0 (X11; Linux x86_64) AppleWebKit/537.36 (KHTML, like Gecko) Chrome/106.0.0.0 Safari/537.36"
212.30.36.14 - - [01/Feb/2026:20:35:30 +0800] "GET /phpsandbox.php HTTP/1.1" 404 27 "-" "Mozilla/5.0 (X11; Linux x86_64) AppleWebKit/537.36 (KHTML, like Gecko) Chrome/106.0.0.0 Safari/537.36"
212.30.36.34 - - [01/Feb/2026:20:35:31 +0800] "GET /phpworking.php HTTP/1.1" 404 27 "-" "Mozilla/5.0 (X11; Linux x86_64) AppleWebKit/537.36 (KHTML, like Gecko) Chrome/106.0.0.0 Safari/537.36"
36.133.115.36 - - [01/Feb/2026:20:35:34 +0800] "POST /wp-cron.php?doing_wp_cron=1769949334.6238799095153808593750 HTTP/1.1" 200 31 "-" "WordPress/6.9; http://cqqizhou.com"
212.30.36.32 - - [01/Feb/2026:20:35:34 +0800] "GET / HTTP/1.1" 301 5 "-" "Mozilla/5.0 (X11; Linux x86_64) AppleWebKit/537.36 (KHTML, like Gecko) Chrome/106.0.0.0 Safari/537.36"
212.30.36.48 - - [01/Feb/2026:20:35:36 +0800] "GET /api/index.php/v1/config/application?public=true HTTP/1.1" 301 5 "-" "Mozilla/5.0 (Windows NT 10.0; Win64; x64) AppleWebKit/537.36 (KHTML, like Gecko) Chrome/106.0.0.0 Safari/537.36"
36.133.115.36 - - [01/Feb/2026:20:38:24 +0800] "POST /wp-cron.php?doing_wp_cron=1769949504.9412729740142822265625 HTTP/1.1" 200 31 "-" "WordPress/6.9; http://cqqizhou.com"
87.121.84.51 - - [01/Feb/2026:20:38:24 +0800] "GET / HTTP/1.0" 301 0 "-" "Mozilla/5.0 (X11; Linux x86_64; rv:140.0) Gecko/20100101 Firefox/140.0"
36.133.115.36 - - [01/Feb/2026:20:39:42 +0800] "POST /wp-cron.php?doing_wp_cron=1769949582.9309210777282714843750 HTTP/1.1" 200 31 "-" "WordPress/6.9; http://cqqizhou.com"
35.233.95.0 - - [01/Feb/2026:20:39:42 +0800] "GET / HTTP/1.1" 301 5 "-" "python-requests/2.32.5"
14.108.234.74 - - [01/Feb/2026:20:43:53 +0800] "GET / HTTP/1.1" 200 35186 "-" "Mozilla/5.0 (Windows NT 10.0; Win64; x64) AppleWebKit/537.36 (KHTML, like Gecko) Chrome/144.0.0.0 Safari/537.36 Edg/144.0.0.0"
14.108.234.74 - - [01/Feb/2026:20:43:53 +0800] "GET /wp-content/uploads/2025/07/1751425283-qizhou.kf_.qq_.com_.webp HTTP/1.1" 200 16864 "http://cqqizhou.com/" "Mozilla/5.0 (Windows NT 10.0; Win64; x64) AppleWebKit/537.36 (KHTML, like Gecko) Chrome/144.0.0.0 Safari/537.36 Edg/144.0.0.0"
14.108.234.74 - - [01/Feb/2026:20:43:54 +0800] "GET /wp-content/uploads/2025/12/1765268955-qizhou_Slider1_3840%C3%972160_20251210-scaled.webp HTTP/1.1" 200 152162 "http://cqqizhou.com/" "Mozilla/5.0 (Windows NT 10.0; Win64; x64) AppleWebKit/537.36 (KHTML, like Gecko) Chrome/144.0.0.0 Safari/537.36 Edg/144.0.0.0"
14.108.234.74 - - [01/Feb/2026:20:43:54 +0800] "GET /wp-content/uploads/2025/07/1753453127-%E4%BD%99%E5%8D%B7product_Single600%C3%97284.webp HTTP/1.1" 200 18744 "http://cqqizhou.com/" "Mozilla/5.0 (Windows NT 10.0; Win64; x64) AppleWebKit/537.36 (KHTML, like Gecko) Chrome/144.0.0.0 Safari/537.36 Edg/144.0.0.0"
14.108.234.74 - - [01/Feb/2026:20:43:54 +0800] "GET /wp-content/uploads/2025/07/1753453096-%E5%8F%8C%E7%9B%B8%E9%92%A2product_Single600%C3%97284.webp HTTP/1.1" 200 14562 "http://cqqizhou.com/" "Mozilla/5.0 (Windows NT 10.0; Win64; x64) AppleWebKit/537.36 (KHTML, like Gecko) Chrome/144.0.0.0 Safari/537.36 Edg/144.0.0.0"
14.108.234.74 - - [01/Feb/2026:20:43:54 +0800] "GET /wp-content/uploads/2025/07/1753456723-%E5%8F%8C%E7%9B%B8%E9%92%A2roduct_Single600.webp HTTP/1.1" 200 22790 "http://cqqizhou.com/" "Mozilla/5.0 (Windows NT 10.0; Win64; x64) AppleWebKit/537.36 (KHTML, like Gecko) Chrome/144.0.0.0 Safari/537.36 Edg/144.0.0.0"
14.108.234.74 - - [01/Feb/2026:20:43:54 +0800] "GET /wp-content/uploads/2025/07/1753456770-%E7%83%AD%E9%95%80%E9%94%8C%E5%8D%B7product_Single600.webp HTTP/1.1" 200 27502 "http://cqqizhou.com/" "Mozilla/5.0 (Windows NT 10.0; Win64; x64) AppleWebKit/537.36 (KHTML, like Gecko) Chrome/144.0.0.0 Safari/537.36 Edg/144.0.0.0"
14.108.234.74 - - [01/Feb/2026:20:43:54 +0800] "GET /wp-content/uploads/2026/01/1768276119-qizhoujiagong_Slider_3840%C3%972160_20260113-scaled-50x100.webp HTTP/1.1" 200 976 "http://cqqizhou.com/" "Mozilla/5.0 (Windows NT 10.0; Win64; x64) AppleWebKit/537.36 (KHTML, like Gecko) Chrome/144.0.0.0 Safari/537.36 Edg/144.0.0.0"
14.108.234.74 - - [01/Feb/2026:20:43:54 +0800] "GET /wp-content/uploads/revslider/slider-1/1750861156-logistics_Slider_3840%C3%972160_20250625191356-scaled-50x100.webp HTTP/1.1" 200 1416 "http://cqqizhou.com/" "Mozilla/5.0 (Windows NT 10.0; Win64; x64) AppleWebKit/537.36 (KHTML, like Gecko) Chrome/144.0.0.0 Safari/537.36 Edg/144.0.0.0"
14.108.234.74 - - [01/Feb/2026:20:43:55 +0800] "GET /wp-json/sliderrevolution/sliders/1?srengine=7&slideid=4 HTTP/1.1" 200 2580 "http://cqqizhou.com/" "Mozilla/5.0 (Windows NT 10.0; Win64; x64) AppleWebKit/537.36 (KHTML, like Gecko) Chrome/144.0.0.0 Safari/537.36 Edg/144.0.0.0"
36.133.115.36 - - [01/Feb/2026:20:43:55 +0800] "POST /wp-cron.php?doing_wp_cron=1769949835.1324601173400878906250 HTTP/1.1" 200 31 "-" "WordPress/6.9; http://cqqizhou.com"
14.108.234.74 - - [01/Feb/2026:20:43:55 +0800] "GET /wp-json/sliderrevolution/sliders/1?srengine=7&slideid=2 HTTP/1.1" 200 2000 "http://cqqizhou.com/" "Mozilla/5.0 (Windows NT 10.0; Win64; x64) AppleWebKit/537.36 (KHTML, like Gecko) Chrome/144.0.0.0 Safari/537.36 Edg/144.0.0.0"
14.108.234.74 - - [01/Feb/2026:20:43:55 +0800] "GET /wp-content/uploads/2026/01/1768276119-qizhoujiagong_Slider_3840%C3%972160_20260113-scaled.webp HTTP/1.1" 200 131696 "http://cqqizhou.com/" "Mozilla/5.0 (Windows NT 10.0; Win64; x64) AppleWebKit/537.36 (KHTML, like Gecko) Chrome/144.0.0.0 Safari/537.36 Edg/144.0.0.0"
14.108.234.74 - - [01/Feb/2026:20:43:55 +0800] "GET /wp-content/uploads/revslider/slider-1/1750861156-logistics_Slider_3840%C3%972160_20250625191356-scaled.webp HTTP/1.1" 200 197360 "http://cqqizhou.com/" "Mozilla/5.0 (Windows NT 10.0; Win64; x64) AppleWebKit/537.36 (KHTML, like Gecko) Chrome/144.0.0.0 Safari/537.36 Edg/144.0.0.0"
14.108.234.74 - - [01/Feb/2026:20:43:56 +0800] "GET /logistics/ HTTP/1.1" 200 30835 "http://cqqizhou.com/" "Mozilla/5.0 (Windows NT 10.0; Win64; x64) AppleWebKit/537.36 (KHTML, like Gecko) Chrome/144.0.0.0 Safari/537.36 Edg/144.0.0.0"
14.108.234.74 - - [01/Feb/2026:20:43:56 +0800] "GET /wp-content/uploads/logistics/Conatiner-5.webp HTTP/1.1" 200 63396 "http://cqqizhou.com/logistics/" "Mozilla/5.0 (Windows NT 10.0; Win64; x64) AppleWebKit/537.36 (KHTML, like Gecko) Chrome/144.0.0.0 Safari/537.36 Edg/144.0.0.0"
14.108.234.74 - - [01/Feb/2026:20:43:56 +0800] "GET /wp-content/uploads/2026/01/1767696162-qizhoutruck3.webp HTTP/1.1" 200 19026 "http://cqqizhou.com/logistics/" "Mozilla/5.0 (Windows NT 10.0; Win64; x64) AppleWebKit/537.36 (KHTML, like Gecko) Chrome/144.0.0.0 Safari/537.36 Edg/144.0.0.0"
14.108.234.74 - - [01/Feb/2026:20:43:56 +0800] "GET /wp-content/uploads/2025/12/1765862012-DSC20251216131140.webp HTTP/1.1" 200 78744 "http://cqqizhou.com/logistics/" "Mozilla/5.0 (Windows NT 10.0; Win64; x64) AppleWebKit/537.36 (KHTML, like Gecko) Chrome/144.0.0.0 Safari/537.36 Edg/144.0.0.0"
14.108.234.74 - - [01/Feb/2026:20:43:56 +0800] "GET /wp-content/uploads/2025/11/1762864381-QZ_Photo-7.webp HTTP/1.1" 200 129922 "http://cqqizhou.com/logistics/" "Mozilla/5.0 (Windows NT 10.0; Win64; x64) AppleWebKit/537.36 (KHTML, like Gecko) Chrome/144.0.0.0 Safari/537.36 Edg/144.0.0.0"
14.108.234.74 - - [01/Feb/2026:20:43:56 +0800] "GET /wp-content/uploads/2026/01/1767696142-aojiaqiao20260104.webp HTTP/1.1" 200 184988 "http://cqqizhou.com/wp-content/uploads/elementor/css/post-1959.css?ver=1769566905" "Mozilla/5.0 (Windows NT 10.0; Win64; x64) AppleWebKit/537.36 (KHTML, like Gecko) Chrome/144.0.0.0 Safari/537.36 Edg/144.0.0.0"
14.108.234.74 - - [01/Feb/2026:20:43:56 +0800] "GET /wp-json/contact-form-7/v1/contact-forms/1444/feedback/schema HTTP/1.1" 200 270 "http://cqqizhou.com/logistics/" "Mozilla/5.0 (Windows NT 10.0; Win64; x64) AppleWebKit/537.36 (KHTML, like Gecko) Chrome/144.0.0.0 Safari/537.36 Edg/144.0.0.0"
14.108.234.74 - - [01/Feb/2026:20:43:57 +0800] "GET /wp-json/contact-form-7/v1/contact-forms/1444/refill HTTP/1.1" 200 33 "http://cqqizhou.com/logistics/" "Mozilla/5.0 (Windows NT 10.0; Win64; x64) AppleWebKit/537.36 (KHTML, like Gecko) Chrome/144.0.0.0 Safari/537.36 Edg/144.0.0.0"
14.108.234.74 - - [01/Feb/2026:20:44:05 +0800] "GET /wp-content/uploads/2026/01/1767534398-6.8%E7%B1%B3%E9%AB%98%E6%A0%8F%E8%B4%A7%E8%BD%A6.webp HTTP/1.1" 200 113794 "http://cqqizhou.com/logistics/" "Mozilla/5.0 (Windows NT 10.0; Win64; x64) AppleWebKit/537.36 (KHTML, like Gecko) Chrome/144.0.0.0 Safari/537.36 Edg/144.0.0.0"
14.108.234.74 - - [01/Feb/2026:20:44:05 +0800] "GET /wp-content/uploads/2026/01/1767534397-4.2%E7%B1%B3%E4%BD%8E%E6%A0%8F%E8%B4%A7%E8%BD%A6.webp HTTP/1.1" 200 91652 "http://cqqizhou.com/logistics/" "Mozilla/5.0 (Windows NT 10.0; Win64; x64) AppleWebKit/537.36 (KHTML, like Gecko) Chrome/144.0.0.0 Safari/537.36 Edg/144.0.0.0"
14.108.234.74 - - [01/Feb/2026:20:44:05 +0800] "GET /wp-content/uploads/2026/01/1767534396-17.5%E7%B1%B3%E5%B9%B3%E6%9D%BF%E8%B4%A7%E8%BD%A6.webp HTTP/1.1" 200 118248 "http://cqqizhou.com/logistics/" "Mozilla/5.0 (Windows NT 10.0; Win64; x64) AppleWebKit/537.36 (KHTML, like Gecko) Chrome/144.0.0.0 Safari/537.36 Edg/144.0.0.0"
14.108.234.74 - - [01/Feb/2026:20:44:10 +0800] "GET /wp-content/uploads/2026/01/1767618076-Logistics_BG2508.webp HTTP/1.1" 200 94788 "http://cqqizhou.com/wp-content/uploads/elementor/css/post-1959.css?ver=1769566905" "Mozilla/5.0 (Windows NT 10.0; Win64; x64) AppleWebKit/537.36 (KHTML, like Gecko) Chrome/144.0.0.0 Safari/537.36 Edg/144.0.0.0"
36.133.115.36 - - [01/Feb/2026:20:47:04 +0800] "POST /wp-cron.php?doing_wp_cron=1769950024.9359869956970214843750 HTTP/1.1" 200 31 "-" "WordPress/6.9; http://cqqizhou.com"
62.84.185.55 - - [01/Feb/2026:20:47:04 +0800] "GET /robots.txt HTTP/1.1" 200 390 "-" "Mozilla/5.0 (compatible; MJ12bot/v1.4.8; http://mj12bot.com/)"
62.84.185.55 - - [01/Feb/2026:20:47:07 +0800] "GET /tag/%E5%8D%9A%E8%81%94%E8%BE%BE/ HTTP/1.1" 200 20948 "-" "Mozilla/5.0 (compatible; MJ12bot/v1.4.8; http://mj12bot.com/)"
62.84.185.55 - - [01/Feb/2026:20:47:09 +0800] "GET /tag/%E7%89%A9%E6%B5%81/ HTTP/1.1" 200 20931 "-" "Mozilla/5.0 (compatible; MJ12bot/v1.4.8; http://mj12bot.com/)"
36.133.115.36 - - [01/Feb/2026:20:47:16 +0800] "POST /wp-cron.php?doing_wp_cron=1769950036.2813699245452880859375 HTTP/1.1" 200 31 "-" "WordPress/6.9; http://cqqizhou.com"
85.208.96.197 - - [01/Feb/2026:20:47:16 +0800] "GET /media/4/ HTTP/1.1" 200 26074 "-" "Mozilla/5.0 (compatible; SemrushBot/7~bl; +http://www.semrush.com/bot.html)"
36.133.115.36 - - [01/Feb/2026:20:50:32 +0800] "POST /wp-cron.php?doing_wp_cron=1769950232.6449329853057861328125 HTTP/1.1" 200 31 "-" "WordPress/6.9; http://cqqizhou.com"
85.208.96.208 - - [01/Feb/2026:20:50:32 +0800] "GET /media/2/ HTTP/1.1" 200 26099 "-" "Mozilla/5.0 (compatible; SemrushBot/7~bl; +http://www.semrush.com/bot.html)"
14.108.234.74 - - [01/Feb/2026:20:57:08 +0800] "GET / HTTP/1.1" 200 35186 "-" "Mozilla/5.0 (Windows NT 10.0; Win64; x64) AppleWebKit/537.36 (KHTML, like Gecko) Chrome/144.0.0.0 Safari/537.36 Edg/144.0.0.0"
14.108.234.74 - - [01/Feb/2026:20:57:08 +0800] "GET /wp-content/uploads/2025/07/1751425283-qizhou.kf_.qq_.com_.webp HTTP/1.1" 200 16864 "http://cqqizhou.com/" "Mozilla/5.0 (Windows NT 10.0; Win64; x64) AppleWebKit/537.36 (KHTML, like Gecko) Chrome/144.0.0.0 Safari/537.36 Edg/144.0.0.0"
14.108.234.74 - - [01/Feb/2026:20:57:09 +0800] "GET /wp-content/uploads/2025/12/1765268955-qizhou_Slider1_3840%C3%972160_20251210-scaled.webp HTTP/1.1" 200 152162 "http://cqqizhou.com/" "Mozilla/5.0 (Windows NT 10.0; Win64; x64) AppleWebKit/537.36 (KHTML, like Gecko) Chrome/144.0.0.0 Safari/537.36 Edg/144.0.0.0"
14.108.234.74 - - [01/Feb/2026:20:57:10 +0800] "GET /wp-content/uploads/2025/07/1753456723-%E5%8F%8C%E7%9B%B8%E9%92%A2roduct_Single600.webp HTTP/1.1" 200 22790 "http://cqqizhou.com/" "Mozilla/5.0 (Windows NT 10.0; Win64; x64) AppleWebKit/537.36 (KHTML, like Gecko) Chrome/144.0.0.0 Safari/537.36 Edg/144.0.0.0"
14.108.234.74 - - [01/Feb/2026:20:57:10 +0800] "GET /wp-content/uploads/2025/07/1753456770-%E7%83%AD%E9%95%80%E9%94%8C%E5%8D%B7product_Single600.webp HTTP/1.1" 200 27502 "http://cqqizhou.com/" "Mozilla/5.0 (Windows NT 10.0; Win64; x64) AppleWebKit/537.36 (KHTML, like Gecko) Chrome/144.0.0.0 Safari/537.36 Edg/144.0.0.0"
14.108.234.74 - - [01/Feb/2026:20:57:10 +0800] "GET /wp-content/uploads/2025/07/1753453096-%E5%8F%8C%E7%9B%B8%E9%92%A2product_Single600%C3%97284.webp HTTP/1.1" 200 14562 "http://cqqizhou.com/" "Mozilla/5.0 (Windows NT 10.0; Win64; x64) AppleWebKit/537.36 (KHTML, like Gecko) Chrome/144.0.0.0 Safari/537.36 Edg/144.0.0.0"
14.108.234.74 - - [01/Feb/2026:20:57:10 +0800] "GET /wp-content/uploads/2025/07/1753453127-%E4%BD%99%E5%8D%B7product_Single600%C3%97284.webp HTTP/1.1" 200 18744 "http://cqqizhou.com/" "Mozilla/5.0 (Windows NT 10.0; Win64; x64) AppleWebKit/537.36 (KHTML, like Gecko) Chrome/144.0.0.0 Safari/537.36 Edg/144.0.0.0"
36.133.115.36 - - [01/Feb/2026:20:57:10 +0800] "POST /wp-cron.php?doing_wp_cron=1769950630.6645970344543457031250 HTTP/1.1" 200 31 "-" "WordPress/6.9; http://cqqizhou.com"
36.133.115.36 - - [01/Feb/2026:20:57:10 +0800] "POST /wp-cron.php?doing_wp_cron=1769950630.6648380756378173828125 HTTP/1.1" 200 31 "-" "WordPress/6.9; http://cqqizhou.com"
14.108.234.74 - - [01/Feb/2026:20:57:10 +0800] "GET /wp-json/sliderrevolution/sliders/1?srengine=7&slideid=4 HTTP/1.1" 200 2580 "http://cqqizhou.com/" "Mozilla/5.0 (Windows NT 10.0; Win64; x64) AppleWebKit/537.36 (KHTML, like Gecko) Chrome/144.0.0.0 Safari/537.36 Edg/144.0.0.0"
14.108.234.74 - - [01/Feb/2026:20:57:10 +0800] "GET /wp-json/sliderrevolution/sliders/1?srengine=7&slideid=2 HTTP/1.1" 200 2000 "http://cqqizhou.com/" "Mozilla/5.0 (Windows NT 10.0; Win64; x64) AppleWebKit/537.36 (KHTML, like Gecko) Chrome/144.0.0.0 Safari/537.36 Edg/144.0.0.0"
14.108.234.74 - - [01/Feb/2026:20:57:10 +0800] "GET /wp-content/uploads/2026/01/1768276119-qizhoujiagong_Slider_3840%C3%972160_20260113-scaled.webp HTTP/1.1" 200 131696 "http://cqqizhou.com/" "Mozilla/5.0 (Windows NT 10.0; Win64; x64) AppleWebKit/537.36 (KHTML, like Gecko) Chrome/144.0.0.0 Safari/537.36 Edg/144.0.0.0"
14.108.234.74 - - [01/Feb/2026:20:57:10 +0800] "GET /wp-content/uploads/revslider/slider-1/1750861156-logistics_Slider_3840%C3%972160_20250625191356-scaled.webp HTTP/1.1" 200 197360 "http://cqqizhou.com/" "Mozilla/5.0 (Windows NT 10.0; Win64; x64) AppleWebKit/537.36 (KHTML, like Gecko) Chrome/144.0.0.0 Safari/537.36 Edg/144.0.0.0"
14.108.234.74 - - [01/Feb/2026:20:57:11 +0800] "GET /media/ HTTP/1.1" 200 31757 "http://cqqizhou.com/" "Mozilla/5.0 (Windows NT 10.0; Win64; x64) AppleWebKit/537.36 (KHTML, like Gecko) Chrome/144.0.0.0 Safari/537.36 Edg/144.0.0.0"
14.108.234.74 - - [01/Feb/2026:20:57:11 +0800] "GET /wp-content/uploads/2025/07/1753454089-Article_images_W900px-768x432.webp HTTP/1.1" 200 28786 "http://cqqizhou.com/media/" "Mozilla/5.0 (Windows NT 10.0; Win64; x64) AppleWebKit/537.36 (KHTML, like Gecko) Chrome/144.0.0.0 Safari/537.36 Edg/144.0.0.0"
14.108.234.74 - - [01/Feb/2026:20:57:11 +0800] "GET /wp-content/uploads/2026/01/1769511379-Article_images_W900%C3%97500px202601271-768x576.webp HTTP/1.1" 200 68654 "http://cqqizhou.com/media/" "Mozilla/5.0 (Windows NT 10.0; Win64; x64) AppleWebKit/537.36 (KHTML, like Gecko) Chrome/144.0.0.0 Safari/537.36 Edg/144.0.0.0"
14.108.234.74 - - [01/Feb/2026:20:57:11 +0800] "GET /wp-content/uploads/2026/01/1768527483-Article_images_W900%C3%97500px202601161-768x427.webp HTTP/1.1" 200 34262 "http://cqqizhou.com/media/" "Mozilla/5.0 (Windows NT 10.0; Win64; x64) AppleWebKit/537.36 (KHTML, like Gecko) Chrome/144.0.0.0 Safari/537.36 Edg/144.0.0.0"
14.108.234.74 - - [01/Feb/2026:20:57:11 +0800] "GET /wp-content/uploads/media/qizhou_Brochure.webp HTTP/1.1" 200 26142 "http://cqqizhou.com/media/" "Mozilla/5.0 (Windows NT 10.0; Win64; x64) AppleWebKit/537.36 (KHTML, like Gecko) Chrome/144.0.0.0 Safari/537.36 Edg/144.0.0.0"
92.222.108.118 - - [01/Feb/2026:20:57:12 +0800] "GET /robots.txt HTTP/1.1" 200 190 "-" "Mozilla/5.0 (compatible; AhrefsBot/7.0; +http://ahrefs.com/robot/)"
176.31.139.23 - - [01/Feb/2026:20:57:16 +0800] "GET /tag/%E7%89%A9%E6%B5%81/ HTTP/1.1" 200 20931 "-" "Mozilla/5.0 (compatible; AhrefsBot/7.0; +http://ahrefs.com/robot/)"
36.133.115.36 - - [01/Feb/2026:21:10:30 +0800] "POST /wp-cron.php?doing_wp_cron=1769951430.1829700469970703125000 HTTP/1.1" 200 31 "-" "WordPress/6.9; http://cqqizhou.com"
103.155.161.119 - - [01/Feb/2026:21:10:30 +0800] "GET / HTTP/1.1" 301 5 "-" "Go-http-client/1.1"
103.155.161.119 - - [01/Feb/2026:21:10:30 +0800] "GET / HTTP/1.1" 200 35186 "http://36.133.115.36" "Go-http-client/1.1"
43.158.91.71 - - [01/Feb/2026:21:10:32 +0800] "GET / HTTP/1.1" 200 34752 "-" "Mozilla/5.0 (iPhone; CPU iPhone OS 13_2_3 like Mac OS X) AppleWebKit/605.1.15 (KHTML, like Gecko) Version/13.0.3 Mobile/15E148 Safari/604.1"
36.133.108.125 - - [01/Feb/2026:21:14:29 +0800] "HEAD /zend/vendor/phpunit/phpunit/src/Util/PHP/eval-stdin.php HTTP/1.1" 404 0 "-" "Mozilla/5.0 (Macintosh; U; Intel Mac OS X 10_6_6; en-gb) AppleWebKit/533.20.25 (KHTML, like Gecko) Version/5.0.4 Safari/533.20.27"
36.133.115.36 - - [01/Feb/2026:21:16:04 +0800] "POST /wp-cron.php?doing_wp_cron=1769951764.4464020729064941406250 HTTP/1.1" 200 31 "-" "WordPress/6.9; http://cqqizhou.com"
74.7.242.33 - - [01/Feb/2026:21:16:04 +0800] "GET /wp-sitemap.xml HTTP/1.1" 501 253 "-" "Mozilla/5.0 AppleWebKit/537.36 (KHTML, like Gecko; compatible; GPTBot/1.3; +https://openai.com/gptbot)"
74.7.241.155 - - [01/Feb/2026:21:16:05 +0800] "GET /robots.txt HTTP/1.1" 200 190 "-" "Mozilla/5.0 (Macintosh; Intel Mac OS X 10_15_7) AppleWebKit/537.36 (KHTML, like Gecko) Chrome/131.0.0.0 Safari/537.36; compatible; OAI-SearchBot/1.3; robots.txt; +https://openai.com/searchbot"
36.133.115.36 - - [01/Feb/2026:21:23:56 +0800] "POST /wp-cron.php?doing_wp_cron=1769952236.1110630035400390625000 HTTP/1.1" 200 31 "-" "WordPress/6.9; http://cqqizhou.com"
204.76.203.18 - - [01/Feb/2026:21:23:56 +0800] "GET /backup/ HTTP/1.1" 301 5 "-" "-"
204.76.203.18 - - [01/Feb/2026:21:23:58 +0800] "GET /backup/ HTTP/1.1" 301 5 "-" "-"
204.76.203.18 - - [01/Feb/2026:21:24:01 +0800] "GET /backup/ HTTP/1.1" 301 5 "-" "-"
204.76.203.18 - - [01/Feb/2026:21:24:05 +0800] "GET /backup/ HTTP/1.1" 301 5 "-" "-"
192.3.231.185 - - [01/Feb/2026:21:52:27 +0800] "POST /xmlrpc.php HTTP/1.1" 499 0 "-" "Mozilla/5.0 (Windows NT 10.0; WOW64) AppleWebKit/537.43 (KHTML, like Gecko) Chrome/138.0.0.0 Safari/537.36 OPR/122.0.0.0"
36.133.115.36 - - [01/Feb/2026:21:52:27 +0800] "POST /wp-cron.php?doing_wp_cron=1769953947.6938140392303466796875 HTTP/1.1" 200 31 "-" "WordPress/6.9; http://cqqizhou.com"
70.113.69.188 - - [01/Feb/2026:22:05:46 +0800] "GET / HTTP/1.0" 200 158921 "-" "Mozilla/5.0 (Windows NT 10.0; Win64; x64) AppleWebKit/537.36 (KHTML, like Gecko) Chrome/118.0.0.0 Safari/537.36"
36.133.115.36 - - [01/Feb/2026:22:11:04 +0800] "POST /wp-cron.php?doing_wp_cron=1769955064.8107459545135498046875 HTTP/1.1" 200 31 "-" "WordPress/6.9; http://cqqizhou.com"
164.90.228.79 - - [01/Feb/2026:22:11:04 +0800] "GET / HTTP/1.1" 301 5 "-" "Mozilla/5.0 (l9scan/2.0.6333e2531313e2333313e26333; +https://leakix.net)"
164.90.228.79 - - [01/Feb/2026:22:11:07 +0800] "GET /server HTTP/1.1" 404 8951 "-" "Mozilla/5.0 (l9scan/2.0.6333e2531313e2333313e26333; +https://leakix.net)"
36.133.115.36 - - [01/Feb/2026:22:11:08 +0800] "POST /wp-cron.php?doing_wp_cron=1769955068.3370029926300048828125 HTTP/1.1" 200 31 "-" "WordPress/6.9; http://cqqizhou.com"
164.90.228.79 - - [01/Feb/2026:22:11:08 +0800] "GET /server-status HTTP/1.1" 404 8951 "-" "Mozilla/5.0 (l9scan/2.0.6333e2531313e2333313e26333; +https://leakix.net)"
164.90.228.79 - - [01/Feb/2026:22:11:09 +0800] "GET /about HTTP/1.1" 301 5 "-" "Mozilla/5.0 (l9scan/2.0.6333e2531313e2333313e26333; +https://leakix.net)"
164.90.228.79 - - [01/Feb/2026:22:11:11 +0800] "GET /login.action HTTP/1.1" 404 8951 "-" "Mozilla/5.0 (l9scan/2.0.6333e2531313e2333313e26333; +https://leakix.net)"
164.90.228.79 - - [01/Feb/2026:22:11:12 +0800] "GET /v2/_catalog HTTP/1.1" 404 8951 "-" "Mozilla/5.0 (l9scan/2.0.6333e2531313e2333313e26333; +https://leakix.net)"
164.90.228.79 - - [01/Feb/2026:22:11:14 +0800] "GET /.DS_Store HTTP/1.1" 404 8952 "-" "Mozilla/5.0 (l9scan/2.0.6333e2531313e2333313e26333; +https://leakix.net)"
52.167.144.204 - - [01/Feb/2026:22:11:16 +0800] "GET /portfolio/%E5%86%B7%E8%BD%A7%E6%9D%BF/ HTTP/1.1" 404 8951 "-" "Mozilla/5.0 AppleWebKit/537.36 (KHTML, like Gecko; compatible; bingbot/2.0; +http://www.bing.com/bingbot.htm) Chrome/116.0.1938.76 Safari/537.36"
164.90.228.79 - - [01/Feb/2026:22:11:20 +0800] "GET /ecp/Current/exporttool/microsoft.exchange.ediscovery.exporttool.application HTTP/1.1" 404 8950 "-" "Mozilla/5.0 (l9scan/2.0.6333e2531313e2333313e26333; +https://leakix.net)"
164.90.228.79 - - [01/Feb/2026:22:11:22 +0800] "GET /.git/config HTTP/1.1" 404 8951 "-" "Mozilla/5.0 (l9scan/2.0.6333e2531313e2333313e26333; +https://leakix.net)"
164.90.228.79 - - [01/Feb/2026:22:11:23 +0800] "POST /graphql HTTP/1.1" 404 8951 "-" "Mozilla/5.0 (l9scan/2.0.6333e2531313e2333313e26333; +https://leakix.net)"
164.90.228.79 - - [01/Feb/2026:22:11:25 +0800] "POST /api HTTP/1.1" 404 8952 "-" "Mozilla/5.0 (l9scan/2.0.6333e2531313e2333313e26333; +https://leakix.net)"
164.90.228.79 - - [01/Feb/2026:22:11:27 +0800] "POST /graphql/api HTTP/1.1" 404 8952 "-" "Mozilla/5.0 (l9scan/2.0.6333e2531313e2333313e26333; +https://leakix.net)"
164.90.228.79 - - [01/Feb/2026:22:11:30 +0800] "POST /api/gql HTTP/1.1" 499 0 "-" "Mozilla/5.0 (l9scan/2.0.6333e2531313e2333313e26333; +https://leakix.net)"
164.90.228.79 - - [01/Feb/2026:22:11:31 +0800] "POST /api/graphql HTTP/1.1" 404 8951 "-" "Mozilla/5.0 (l9scan/2.0.6333e2531313e2333313e26333; +https://leakix.net)"
164.90.228.79 - - [01/Feb/2026:22:11:33 +0800] "GET /s/6333e2531313e2333313e26333/_/;/META-INF/maven/com.atlassian.jira/jira-webapp-dist/pom.properties HTTP/1.1" 404 8951 "-" "Mozilla/5.0 (l9scan/2.0.6333e2531313e2333313e26333; +https://leakix.net)"
164.90.228.79 - - [01/Feb/2026:22:11:35 +0800] "GET /config.json HTTP/1.1" 404 8952 "-" "Mozilla/5.0 (l9scan/2.0.6333e2531313e2333313e26333; +https://leakix.net)"
164.90.228.79 - - [01/Feb/2026:22:11:41 +0800] "GET /info.php HTTP/1.1" 200 49 "-" "Mozilla/5.0 (l9scan/2.0.6333e2531313e2333313e26333; +https://leakix.net)"
164.90.228.79 - - [01/Feb/2026:22:11:43 +0800] "GET /.well-known/security.txt HTTP/1.1" 404 8951 "-" "Mozilla/5.0 (l9scan/2.0.6333e2531313e2333313e26333; +https://leakix.net)"
164.90.228.79 - - [01/Feb/2026:22:11:43 +0800] "POST /php-cgi/php-cgi.exe?%ADd+cgi.force_redirect%3D0+%ADd+disable_functions%3D\x22\x22+%ADd+allow_url_include%3D1+%ADd+auto_prepend_file%3Dphp://input HTTP/1.1" 404 8950 "-" "Mozilla/5.0 (l9scan/2.0.6333e2531313e2333313e26333; +https://leakix.net)"
164.90.228.79 - - [01/Feb/2026:22:11:45 +0800] "GET /actuator/env HTTP/1.1" 404 8951 "-" "Mozilla/5.0 (l9scan/2.0.6333e2531313e2333313e26333; +https://leakix.net)"
164.90.228.79 - - [01/Feb/2026:22:11:49 +0800] "GET /swagger-ui.html HTTP/1.1" 404 8951 "-" "Mozilla/5.0 (l9scan/2.0.6333e2531313e2333313e26333; +https://leakix.net)"
164.90.228.79 - - [01/Feb/2026:22:11:50 +0800] "GET /swagger/index.html HTTP/1.1" 404 8949 "-" "Mozilla/5.0 (l9scan/2.0.6333e2531313e2333313e26333; +https://leakix.net)"
164.90.228.79 - - [01/Feb/2026:22:11:53 +0800] "GET /swagger/swagger-ui.html HTTP/1.1" 404 8951 "-" "Mozilla/5.0 (l9scan/2.0.6333e2531313e2333313e26333; +https://leakix.net)"
164.90.228.79 - - [01/Feb/2026:22:11:56 +0800] "GET /webjars/swagger-ui/index.html HTTP/1.1" 404 8951 "-" "Mozilla/5.0 (l9scan/2.0.6333e2531313e2333313e26333; +https://leakix.net)"
164.90.228.79 - - [01/Feb/2026:22:11:57 +0800] "GET /swagger.json HTTP/1.1" 404 8951 "-" "Mozilla/5.0 (l9scan/2.0.6333e2531313e2333313e26333; +https://leakix.net)"
5.39.109.181 - - [01/Feb/2026:22:11:58 +0800] "GET /tag/%E5%8D%9A%E8%81%94%E8%BE%BE/ HTTP/1.1" 200 20948 "-" "Mozilla/5.0 (compatible; AhrefsBot/7.0; +http://ahrefs.com/robot/)"
164.90.228.79 - - [01/Feb/2026:22:11:59 +0800] "GET /swagger/v1/swagger.json HTTP/1.1" 404 8951 "-" "Mozilla/5.0 (l9scan/2.0.6333e2531313e2333313e26333; +https://leakix.net)"
164.90.228.79 - - [01/Feb/2026:22:12:02 +0800] "GET /v2/api-docs HTTP/1.1" 404 8951 "-" "Mozilla/5.0 (l9scan/2.0.6333e2531313e2333313e26333; +https://leakix.net)"
164.90.228.79 - - [01/Feb/2026:22:12:04 +0800] "GET /v3/api-docs HTTP/1.1" 404 8951 "-" "Mozilla/5.0 (l9scan/2.0.6333e2531313e2333313e26333; +https://leakix.net)"
164.90.228.79 - - [01/Feb/2026:22:12:06 +0800] "GET /api-docs/swagger.json HTTP/1.1" 404 8951 "-" "Mozilla/5.0 (l9scan/2.0.6333e2531313e2333313e26333; +https://leakix.net)"
164.90.228.79 - - [01/Feb/2026:22:12:07 +0800] "GET /api/swagger.json HTTP/1.1" 404 8951 "-" "Mozilla/5.0 (l9scan/2.0.6333e2531313e2333313e26333; +https://leakix.net)"
36.133.115.36 - - [01/Feb/2026:22:12:09 +0800] "POST /wp-cron.php?doing_wp_cron=1769955129.0378019809722900390625 HTTP/1.1" 200 31 "-" "WordPress/6.9; http://cqqizhou.com"
164.90.228.79 - - [01/Feb/2026:22:12:09 +0800] "GET /@vite/env HTTP/1.1" 404 8951 "-" "Mozilla/5.0 (l9scan/2.0.6333e2531313e2333313e26333; +https://leakix.net)"
164.90.228.79 - - [01/Feb/2026:22:12:10 +0800] "GET /.vscode/sftp.json HTTP/1.1" 404 8950 "-" "Mozilla/5.0 (l9scan/2.0.6333e2531313e2333313e26333; +https://leakix.net)"
164.90.228.79 - - [01/Feb/2026:22:12:12 +0800] "OPTIONS / HTTP/1.1" 405 150 "-" "Mozilla/5.0 (l9scan/2.0.6333e2531313e2333313e26333; +https://leakix.net)"
164.90.228.79 - - [01/Feb/2026:22:12:15 +0800] "GET /?rest_route=/wp/v2/users/ HTTP/1.1" 499 0 "-" "Mozilla/5.0 (l9scan/2.0.6333e2531313e2333313e26333; +https://leakix.net)"
36.133.115.36 - - [01/Feb/2026:22:16:22 +0800] "POST /wp-cron.php?doing_wp_cron=1769955382.0880351066589355468750 HTTP/1.1" 200 31 "-" "WordPress/6.9; http://cqqizhou.com"
204.76.203.69 - - [01/Feb/2026:22:16:22 +0800] "GET / HTTP/1.1" 301 5 "-" "Mozilla/5.0 (Windows NT 10.0; Win64; x64) AppleWebKit/537.36 (KHTML, like Gecko) Chrome/90.0.4430.85 Safari/537.36 Edg/90.0.818.46"
36.133.115.36 - - [01/Feb/2026:22:39:57 +0800] "POST /wp-cron.php?doing_wp_cron=1769956797.0303430557250976562500 HTTP/1.1" 200 31 "-" "WordPress/6.9; http://cqqizhou.com"
18.234.82.48 - - [01/Feb/2026:22:39:57 +0800] "GET / HTTP/1.1" 301 5 "-" "Mozilla/5.0 (Windows NT 10.0; Win64; x64) AppleWebKit/537.36 (KHTML, like Gecko) Chrome/136.0.0.0 Safari/537.36"
47.95.198.251 - - [01/Feb/2026:22:54:15 +0800] "GET /Public/admin/plugins/webuploader/server/preview.php HTTP/1.1" 404 47 "-" "Mozilla/5.0 (Windows NT 10.0; Win64; x64)"
47.95.198.251 - - [01/Feb/2026:22:54:15 +0800] "GET /Public/admin/plugins/webuploader/server/fileupload.php HTTP/1.1" 404 47 "-" "Mozilla/5.0 (Windows NT 10.0; Win64; x64)"
36.133.115.36 - - [01/Feb/2026:22:57:40 +0800] "POST /wp-cron.php?doing_wp_cron=1769957860.2144660949707031250000 HTTP/1.1" 200 31 "-" "WordPress/6.9; http://cqqizhou.com"
43.133.139.6 - - [01/Feb/2026:22:57:40 +0800] "GET / HTTP/1.1" 301 5 "-" "Mozilla/5.0 (iPhone; CPU iPhone OS 13_2_3 like Mac OS X) AppleWebKit/605.1.15 (KHTML, like Gecko) Version/13.0.3 Mobile/15E148 Safari/604.1"
43.133.139.6 - - [01/Feb/2026:22:57:42 +0800] "GET / HTTP/1.1" 200 34752 "http://www.cqqizhou.com" "Mozilla/5.0 (iPhone; CPU iPhone OS 13_2_3 like Mac OS X) AppleWebKit/605.1.15 (KHTML, like Gecko) Version/13.0.3 Mobile/15E148 Safari/604.1"
36.133.115.36 - - [01/Feb/2026:22:58:48 +0800] "POST /wp-cron.php?doing_wp_cron=1769957928.7246570587158203125000 HTTP/1.1" 200 31 "-" "WordPress/6.9; http://cqqizhou.com"
170.64.215.143 - - [01/Feb/2026:22:58:48 +0800] "GET / HTTP/1.1" 200 34752 "-" "Mozilla/5.0"
170.64.215.143 - - [01/Feb/2026:22:58:50 +0800] "POST / HTTP/1.1" 200 34752 "-" "Mozilla/5.0"
36.133.115.36 - - [01/Feb/2026:23:09:18 +0800] "POST /wp-cron.php?doing_wp_cron=1769958558.1697480678558349609375 HTTP/1.1" 200 31 "-" "WordPress/6.9; http://cqqizhou.com"
185.191.171.11 - - [01/Feb/2026:23:09:18 +0800] "GET /robots.txt HTTP/1.1" 200 190 "-" "Mozilla/5.0 (compatible; SemrushBot/7~bl; +http://www.semrush.com/bot.html)"
85.208.96.210 - - [01/Feb/2026:23:09:23 +0800] "GET /2464/ HTTP/1.1" 200 23471 "-" "Mozilla/5.0 (compatible; SemrushBot/7~bl; +http://www.semrush.com/bot.html)"
40.77.167.75 - - [01/Feb/2026:23:20:03 +0800] "GET / HTTP/1.1" 200 35186 "-" "Mozilla/5.0 AppleWebKit/537.36 (KHTML, like Gecko; compatible; bingbot/2.0; +http://www.bing.com/bingbot.htm) Chrome/116.0.1938.76 Safari/537.36"
188.166.252.103 - - [01/Feb/2026:23:24:29 +0800] "GET / HTTP/1.1" 200 158943 "-" "Mozilla/5.0 (Windows NT 10.0; Win64; x64) AppleWebKit/537.36 (KHTML, like Gecko) Chrome/95.0.4638.69 Safari/537.36"
188.166.252.103 - - [01/Feb/2026:23:24:29 +0800] "GET /wp-includes/ID3/license.txt HTTP/1.1" 200 1396 "-" "Mozilla/5.0 (Windows NT 10.0; Win64; x64) AppleWebKit/537.36 (KHTML, like Gecko) Chrome/95.0.4638.69 Safari/537.36"
36.133.115.36 - - [01/Feb/2026:23:24:30 +0800] "POST /wp-cron.php?doing_wp_cron=1769959470.6260399818420410156250 HTTP/1.1" 200 31 "-" "WordPress/6.9; http://cqqizhou.com"
188.166.252.103 - - [01/Feb/2026:23:24:30 +0800] "GET /feed/ HTTP/1.1" 200 59591 "-" "Mozilla/5.0 (Windows NT 10.0; Win64; x64) AppleWebKit/537.36 (KHTML, like Gecko) Chrome/95.0.4638.69 Safari/537.36"
188.166.252.103 - - [01/Feb/2026:23:24:31 +0800] "GET /xmlrpc.php?rsd HTTP/1.1" 200 700 "-" "Mozilla/5.0 (Windows NT 10.0; Win64; x64) AppleWebKit/537.36 (KHTML, like Gecko) Chrome/95.0.4638.69 Safari/537.36"
188.166.252.103 - - [01/Feb/2026:23:24:32 +0800] "GET /?author=1 HTTP/1.1" 301 5 "-" "Mozilla/5.0 (Windows NT 10.0; Win64; x64) AppleWebKit/537.36 (KHTML, like Gecko) Chrome/95.0.4638.69 Safari/537.36"
188.166.252.103 - - [01/Feb/2026:23:24:32 +0800] "GET /?author=2 HTTP/1.1" 404 31367 "-" "Mozilla/5.0 (Windows NT 10.0; Win64; x64) AppleWebKit/537.36 (KHTML, like Gecko) Chrome/95.0.4638.69 Safari/537.36"
188.166.252.103 - - [01/Feb/2026:23:24:33 +0800] "GET /wp-json/wp/v2/users/ HTTP/1.1" 200 498 "-" "Mozilla/5.0 (Windows NT 10.0; Win64; x64) AppleWebKit/537.36 (KHTML, like Gecko) Chrome/95.0.4638.69 Safari/537.36"
188.166.252.103 - - [01/Feb/2026:23:24:34 +0800] "POST /xmlrpc.php HTTP/1.1" 200 415 "-" "Mozilla/5.0 (Windows NT 10.0; Win64; x64) AppleWebKit/537.36 (KHTML, like Gecko) Chrome/95.0.4638.69 Safari/537.36"
188.166.252.103 - - [01/Feb/2026:23:24:35 +0800] "POST /xmlrpc.php HTTP/1.1" 200 415 "-" "Mozilla/5.0 (Windows NT 10.0; Win64; x64) AppleWebKit/537.36 (KHTML, like Gecko) Chrome/95.0.4638.69 Safari/537.36"
188.166.252.103 - - [01/Feb/2026:23:24:35 +0800] "POST /xmlrpc.php HTTP/1.1" 200 415 "-" "Mozilla/5.0 (Windows NT 10.0; Win64; x64) AppleWebKit/537.36 (KHTML, like Gecko) Chrome/95.0.4638.69 Safari/537.36"
188.166.252.103 - - [01/Feb/2026:23:24:36 +0800] "POST /xmlrpc.php HTTP/1.1" 200 415 "-" "Mozilla/5.0 (Windows NT 10.0; Win64; x64) AppleWebKit/537.36 (KHTML, like Gecko) Chrome/95.0.4638.69 Safari/537.36"
188.166.252.103 - - [01/Feb/2026:23:24:37 +0800] "POST /xmlrpc.php HTTP/1.1" 200 415 "-" "Mozilla/5.0 (Windows NT 10.0; Win64; x64) AppleWebKit/537.36 (KHTML, like Gecko) Chrome/95.0.4638.69 Safari/537.36"
188.166.252.103 - - [01/Feb/2026:23:24:37 +0800] "POST /xmlrpc.php HTTP/1.1" 200 415 "-" "Mozilla/5.0 (Windows NT 10.0; Win64; x64) AppleWebKit/537.36 (KHTML, like Gecko) Chrome/95.0.4638.69 Safari/537.36"
188.166.252.103 - - [01/Feb/2026:23:24:39 +0800] "POST /xmlrpc.php HTTP/1.1" 200 415 "-" "Mozilla/5.0 (Windows NT 10.0; Win64; x64) AppleWebKit/537.36 (KHTML, like Gecko) Chrome/95.0.4638.69 Safari/537.36"
188.166.252.103 - - [01/Feb/2026:23:24:39 +0800] "POST /xmlrpc.php HTTP/1.1" 200 415 "-" "Mozilla/5.0 (Windows NT 10.0; Win64; x64) AppleWebKit/537.36 (KHTML, like Gecko) Chrome/95.0.4638.69 Safari/537.36"
188.166.252.103 - - [01/Feb/2026:23:24:40 +0800] "POST /xmlrpc.php HTTP/1.1" 200 415 "-" "Mozilla/5.0 (Windows NT 10.0; Win64; x64) AppleWebKit/537.36 (KHTML, like Gecko) Chrome/95.0.4638.69 Safari/537.36"
188.166.252.103 - - [01/Feb/2026:23:24:41 +0800] "POST /xmlrpc.php HTTP/1.1" 200 415 "-" "Mozilla/5.0 (Windows NT 10.0; Win64; x64) AppleWebKit/537.36 (KHTML, like Gecko) Chrome/95.0.4638.69 Safari/537.36"
188.166.252.103 - - [01/Feb/2026:23:24:41 +0800] "POST /xmlrpc.php HTTP/1.1" 200 415 "-" "Mozilla/5.0 (Windows NT 10.0; Win64; x64) AppleWebKit/537.36 (KHTML, like Gecko) Chrome/95.0.4638.69 Safari/537.36"
188.166.252.103 - - [01/Feb/2026:23:24:42 +0800] "POST /xmlrpc.php HTTP/1.1" 200 415 "-" "Mozilla/5.0 (Windows NT 10.0; Win64; x64) AppleWebKit/537.36 (KHTML, like Gecko) Chrome/95.0.4638.69 Safari/537.36"
188.166.252.103 - - [01/Feb/2026:23:24:43 +0800] "POST /xmlrpc.php HTTP/1.1" 200 415 "-" "Mozilla/5.0 (Windows NT 10.0; Win64; x64) AppleWebKit/537.36 (KHTML, like Gecko) Chrome/95.0.4638.69 Safari/537.36"
188.166.252.103 - - [01/Feb/2026:23:24:43 +0800] "POST /xmlrpc.php HTTP/1.1" 200 415 "-" "Mozilla/5.0 (Windows NT 10.0; Win64; x64) AppleWebKit/537.36 (KHTML, like Gecko) Chrome/95.0.4638.69 Safari/537.36"
188.166.252.103 - - [01/Feb/2026:23:24:44 +0800] "POST /xmlrpc.php HTTP/1.1" 200 415 "-" "Mozilla/5.0 (Windows NT 10.0; Win64; x64) AppleWebKit/537.36 (KHTML, like Gecko) Chrome/95.0.4638.69 Safari/537.36"
188.166.252.103 - - [01/Feb/2026:23:24:45 +0800] "POST /xmlrpc.php HTTP/1.1" 200 415 "-" "Mozilla/5.0 (Windows NT 10.0; Win64; x64) AppleWebKit/537.36 (KHTML, like Gecko) Chrome/95.0.4638.69 Safari/537.36"
188.166.252.103 - - [01/Feb/2026:23:24:46 +0800] "POST /xmlrpc.php HTTP/1.1" 200 415 "-" "Mozilla/5.0 (Windows NT 10.0; Win64; x64) AppleWebKit/537.36 (KHTML, like Gecko) Chrome/95.0.4638.69 Safari/537.36"
188.166.252.103 - - [01/Feb/2026:23:24:47 +0800] "POST /xmlrpc.php HTTP/1.1" 200 415 "-" "Mozilla/5.0 (Windows NT 10.0; Win64; x64) AppleWebKit/537.36 (KHTML, like Gecko) Chrome/95.0.4638.69 Safari/537.36"
188.166.252.103 - - [01/Feb/2026:23:24:47 +0800] "POST /xmlrpc.php HTTP/1.1" 200 415 "-" "Mozilla/5.0 (Windows NT 10.0; Win64; x64) AppleWebKit/537.36 (KHTML, like Gecko) Chrome/95.0.4638.69 Safari/537.36"
188.166.252.103 - - [01/Feb/2026:23:24:49 +0800] "POST /xmlrpc.php HTTP/1.1" 200 415 "-" "Mozilla/5.0 (Windows NT 10.0; Win64; x64) AppleWebKit/537.36 (KHTML, like Gecko) Chrome/95.0.4638.69 Safari/537.36"
188.166.252.103 - - [01/Feb/2026:23:24:49 +0800] "POST /xmlrpc.php HTTP/1.1" 200 415 "-" "Mozilla/5.0 (Windows NT 10.0; Win64; x64) AppleWebKit/537.36 (KHTML, like Gecko) Chrome/95.0.4638.69 Safari/537.36"
188.166.252.103 - - [01/Feb/2026:23:24:50 +0800] "POST /xmlrpc.php HTTP/1.1" 200 415 "-" "Mozilla/5.0 (Windows NT 10.0; Win64; x64) AppleWebKit/537.36 (KHTML, like Gecko) Chrome/95.0.4638.69 Safari/537.36"
188.166.252.103 - - [01/Feb/2026:23:24:51 +0800] "POST /xmlrpc.php HTTP/1.1" 200 415 "-" "Mozilla/5.0 (Windows NT 10.0; Win64; x64) AppleWebKit/537.36 (KHTML, like Gecko) Chrome/95.0.4638.69 Safari/537.36"
188.166.252.103 - - [01/Feb/2026:23:24:51 +0800] "POST /xmlrpc.php HTTP/1.1" 200 415 "-" "Mozilla/5.0 (Windows NT 10.0; Win64; x64) AppleWebKit/537.36 (KHTML, like Gecko) Chrome/95.0.4638.69 Safari/537.36"
188.166.252.103 - - [01/Feb/2026:23:24:52 +0800] "POST /xmlrpc.php HTTP/1.1" 200 415 "-" "Mozilla/5.0 (Windows NT 10.0; Win64; x64) AppleWebKit/537.36 (KHTML, like Gecko) Chrome/95.0.4638.69 Safari/537.36"
188.166.252.103 - - [01/Feb/2026:23:24:53 +0800] "POST /xmlrpc.php HTTP/1.1" 200 415 "-" "Mozilla/5.0 (Windows NT 10.0; Win64; x64) AppleWebKit/537.36 (KHTML, like Gecko) Chrome/95.0.4638.69 Safari/537.36"
188.166.252.103 - - [01/Feb/2026:23:24:53 +0800] "POST /xmlrpc.php HTTP/1.1" 200 415 "-" "Mozilla/5.0 (Windows NT 10.0; Win64; x64) AppleWebKit/537.36 (KHTML, like Gecko) Chrome/95.0.4638.69 Safari/537.36"
188.166.252.103 - - [01/Feb/2026:23:24:54 +0800] "POST /xmlrpc.php HTTP/1.1" 200 415 "-" "Mozilla/5.0 (Windows NT 10.0; Win64; x64) AppleWebKit/537.36 (KHTML, like Gecko) Chrome/95.0.4638.69 Safari/537.36"
188.166.252.103 - - [01/Feb/2026:23:24:55 +0800] "POST /xmlrpc.php HTTP/1.1" 200 415 "-" "Mozilla/5.0 (Windows NT 10.0; Win64; x64) AppleWebKit/537.36 (KHTML, like Gecko) Chrome/95.0.4638.69 Safari/537.36"
188.166.252.103 - - [01/Feb/2026:23:24:56 +0800] "POST /xmlrpc.php HTTP/1.1" 200 415 "-" "Mozilla/5.0 (Windows NT 10.0; Win64; x64) AppleWebKit/537.36 (KHTML, like Gecko) Chrome/95.0.4638.69 Safari/537.36"
188.166.252.103 - - [01/Feb/2026:23:24:56 +0800] "POST /xmlrpc.php HTTP/1.1" 200 415 "-" "Mozilla/5.0 (Windows NT 10.0; Win64; x64) AppleWebKit/537.36 (KHTML, like Gecko) Chrome/95.0.4638.69 Safari/537.36"
188.166.252.103 - - [01/Feb/2026:23:24:57 +0800] "POST /xmlrpc.php HTTP/1.1" 200 415 "-" "Mozilla/5.0 (Windows NT 10.0; Win64; x64) AppleWebKit/537.36 (KHTML, like Gecko) Chrome/95.0.4638.69 Safari/537.36"
188.166.252.103 - - [01/Feb/2026:23:24:58 +0800] "POST /xmlrpc.php HTTP/1.1" 200 415 "-" "Mozilla/5.0 (Windows NT 10.0; Win64; x64) AppleWebKit/537.36 (KHTML, like Gecko) Chrome/95.0.4638.69 Safari/537.36"
188.166.252.103 - - [01/Feb/2026:23:24:59 +0800] "POST /xmlrpc.php HTTP/1.1" 200 415 "-" "Mozilla/5.0 (Windows NT 10.0; Win64; x64) AppleWebKit/537.36 (KHTML, like Gecko) Chrome/95.0.4638.69 Safari/537.36"
188.166.252.103 - - [01/Feb/2026:23:24:59 +0800] "POST /xmlrpc.php HTTP/1.1" 200 415 "-" "Mozilla/5.0 (Windows NT 10.0; Win64; x64) AppleWebKit/537.36 (KHTML, like Gecko) Chrome/95.0.4638.69 Safari/537.36"
188.166.252.103 - - [01/Feb/2026:23:25:00 +0800] "POST /xmlrpc.php HTTP/1.1" 200 415 "-" "Mozilla/5.0 (Windows NT 10.0; Win64; x64) AppleWebKit/537.36 (KHTML, like Gecko) Chrome/95.0.4638.69 Safari/537.36"
188.166.252.103 - - [01/Feb/2026:23:25:01 +0800] "POST /xmlrpc.php HTTP/1.1" 200 415 "-" "Mozilla/5.0 (Windows NT 10.0; Win64; x64) AppleWebKit/537.36 (KHTML, like Gecko) Chrome/95.0.4638.69 Safari/537.36"
188.166.252.103 - - [01/Feb/2026:23:25:01 +0800] "POST /xmlrpc.php HTTP/1.1" 200 415 "-" "Mozilla/5.0 (Windows NT 10.0; Win64; x64) AppleWebKit/537.36 (KHTML, like Gecko) Chrome/95.0.4638.69 Safari/537.36"
188.166.252.103 - - [01/Feb/2026:23:25:02 +0800] "POST /xmlrpc.php HTTP/1.1" 200 415 "-" "Mozilla/5.0 (Windows NT 10.0; Win64; x64) AppleWebKit/537.36 (KHTML, like Gecko) Chrome/95.0.4638.69 Safari/537.36"
188.166.252.103 - - [01/Feb/2026:23:25:03 +0800] "POST /xmlrpc.php HTTP/1.1" 200 415 "-" "Mozilla/5.0 (Windows NT 10.0; Win64; x64) AppleWebKit/537.36 (KHTML, like Gecko) Chrome/95.0.4638.69 Safari/537.36"
