HEX
Server: nginx/1.16.1
System: Linux ecs-04358622 4.19.90-2107.6.0.0100.oe1.bclinux.x86_64 #1 SMP Wed Dec 1 19:59:44 CST 2021 x86_64
User: nginx (994)
PHP: 8.0.0
Disabled: NONE
Upload Files
File: /home/logs/cqqizhou_access_2026-02-01.log
36.133.115.36 - - [01/Feb/2026:00:10:41 +0800] "POST /wp-cron.php?doing_wp_cron=1769875841.8293108940124511718750 HTTP/1.1" 200 31 "-" "WordPress/6.9; http://cqqizhou.com"
111.41.34.230 - - [01/Feb/2026:00:10:41 +0800] "GET /Ly9jcXFpemhvdS5jb20vd3AtY29udGVudC91cGxvYWRzLzIwMjYvMDEvMTc2ODI3NjExOS1xaXpob3VqaWFnb25nX1NsaWRlcl8zODQww5cyMTYwXzIwMjYwMTEzLXNjYWxlZC53ZWJw HTTP/1.1" 404 8951 "-" "Mozilla/5.0 (Windows NT 6.1; Win64; x64) AppleWebKit/537.36 (KHTML, like Gecko) Chrome/73.0.3683.20"
216.81.248.13 - - [01/Feb/2026:00:12:31 +0800] "GET /.env_backup HTTP/1.1" 499 0 "-" "Mozilla/5.0 (Windows NT 10.0; Win64; x64; rv:121.0) Gecko/20100101 Firefox/121.0"
216.81.248.13 - - [01/Feb/2026:00:12:31 +0800] "GET /k8s/secrets.yaml HTTP/1.1" 499 0 "-" "Mozilla/5.0 (Windows NT 10.0; Win64; x64; rv:121.0) Gecko/20100101 Firefox/121.0"
216.81.248.13 - - [01/Feb/2026:00:12:32 +0800] "GET /.env.production HTTP/1.1" 499 0 "-" "Mozilla/5.0 (Windows NT 10.0; Win64; x64; rv:121.0) Gecko/20100101 Firefox/121.0"
216.81.248.13 - - [01/Feb/2026:00:12:32 +0800] "GET /terraform.tfvars.json HTTP/1.1" 499 0 "-" "Mozilla/5.0 (Windows NT 10.0; Win64; x64; rv:121.0) Gecko/20100101 Firefox/121.0"
216.81.248.13 - - [01/Feb/2026:00:12:32 +0800] "GET /wordpress/.env HTTP/1.1" 499 0 "-" "Mozilla/5.0 (Windows NT 10.0; Win64; x64; rv:121.0) Gecko/20100101 Firefox/121.0"
36.133.115.36 - - [01/Feb/2026:00:12:32 +0800] "POST /wp-cron.php?doing_wp_cron=1769875952.6870219707489013671875 HTTP/1.1" 200 31 "-" "WordPress/6.9; http://cqqizhou.com"
216.81.248.13 - - [01/Feb/2026:00:12:32 +0800] "GET /kubernetes/secrets.yaml HTTP/1.1" 404 8951 "-" "Mozilla/5.0 (Windows NT 10.0; Win64; x64; rv:121.0) Gecko/20100101 Firefox/121.0"
216.81.248.13 - - [01/Feb/2026:00:12:32 +0800] "GET /cargo/.env HTTP/1.1" 499 0 "-" "Mozilla/5.0 (Windows NT 10.0; Win64; x64; rv:121.0) Gecko/20100101 Firefox/121.0"
216.81.248.13 - - [01/Feb/2026:00:12:32 +0800] "GET /orders/.env HTTP/1.1" 404 8951 "-" "Mozilla/5.0 (Windows NT 10.0; Win64; x64; rv:121.0) Gecko/20100101 Firefox/121.0"
216.81.248.13 - - [01/Feb/2026:00:12:32 +0800] "GET /.env.development.local HTTP/1.1" 404 8951 "-" "Mozilla/5.0 (Windows NT 10.0; Win64; x64; rv:121.0) Gecko/20100101 Firefox/121.0"
216.81.248.13 - - [01/Feb/2026:00:12:33 +0800] "GET /kubernetes/secrets.yaml HTTP/1.1" 499 0 "-" "Mozilla/5.0 (Windows NT 10.0; Win64; x64; rv:121.0) Gecko/20100101 Firefox/121.0"
216.81.248.13 - - [01/Feb/2026:00:12:33 +0800] "GET /orders/.env HTTP/1.1" 499 0 "-" "Mozilla/5.0 (Windows NT 10.0; Win64; x64; rv:121.0) Gecko/20100101 Firefox/121.0"
216.81.248.13 - - [01/Feb/2026:00:12:34 +0800] "GET /k8s/secrets.yaml HTTP/1.1" 499 0 "-" "Mozilla/5.0 (Windows NT 10.0; Win64; x64; rv:121.0) Gecko/20100101 Firefox/121.0"
36.133.115.36 - - [01/Feb/2026:00:13:27 +0800] "POST /wp-cron.php?doing_wp_cron=1769876007.8988409042358398437500 HTTP/1.1" 200 31 "-" "WordPress/6.9; http://cqqizhou.com"
204.76.203.219 - - [01/Feb/2026:00:13:27 +0800] "GET / HTTP/1.1" 200 34752 "-" "Mozilla/5.0 (Windows NT 10.0; Win64; x64) AppleWebKit/537.36 (KHTML, like Gecko) Chrome/90.0.4430.85 Safari/537.36 Edg/90.0.818.46"
36.133.115.36 - - [01/Feb/2026:00:24:01 +0800] "POST /wp-cron.php?doing_wp_cron=1769876641.0520830154418945312500 HTTP/1.1" 200 31 "-" "WordPress/6.9; http://cqqizhou.com"
123.188.22.42 - - [01/Feb/2026:00:24:01 +0800] "GET /Ly9jcXFpemhvdS5jb20vd3AtY29udGVudC91cGxvYWRzLzIwMjYvMDEvMTc2ODI4MDI3MC1hbnF1YW5fU2xpZGVyXzM4NDDDlzIxNjBfMjAyNjAxMTQtc2NhbGVkLndlYnA= HTTP/1.1" 404 8951 "-" "Mozilla/5.0 (Windows NT 10.0) AppleWebKit/537.36 (KHTML, like Gecko) Chrome/72.0.3626.69"
36.133.115.36 - - [01/Feb/2026:00:26:22 +0800] "POST /wp-cron.php?doing_wp_cron=1769876782.6591029167175292968750 HTTP/1.1" 200 31 "-" "WordPress/6.9; http://cqqizhou.com"
202.166.218.154 - - [01/Feb/2026:00:26:22 +0800] "GET / HTTP/1.1" 200 157284 "-" "Mozilla/5.0 (Windows NT 6.1; WOW64) AppleWebKit/537.36 (KHTML, like Gecko) Chrome/52.0.2743.116 Safari/537.36"
45.194.92.21 - - [01/Feb/2026:00:31:50 +0800] "GET /sites/all/libraries/elfinder/connectors/php/connector.php HTTP/1.1" 404 27 "-" "ALittle Client"
36.133.115.36 - - [01/Feb/2026:00:34:58 +0800] "POST /wp-cron.php?doing_wp_cron=1769877298.6778609752655029296875 HTTP/1.1" 200 31 "-" "WordPress/6.9; http://cqqizhou.com"
79.124.40.174 - - [01/Feb/2026:00:34:58 +0800] "GET /actuator/gateway/routes HTTP/1.1" 301 5 "-" "Mozilla/5.0 (Windows NT 10.0; Win64; x64) AppleWebKit/537.36 (KHTML, like Gecko) Chrome/78.0.3904.108 Safari/537.36"
79.124.40.174 - - [01/Feb/2026:00:35:03 +0800] "GET /actuator/gateway/routes HTTP/1.1" 404 8951 "http://36.133.115.36:80/actuator/gateway/routes" "Mozilla/5.0 (Windows NT 10.0; Win64; x64) AppleWebKit/537.36 (KHTML, like Gecko) Chrome/78.0.3904.108 Safari/537.36"
158.173.154.110 - - [01/Feb/2026:00:52:58 +0800] "GET / HTTP/1.0" 200 158921 "http://cqqizhou.com/" "Mozilla/5.0 (Windows NT 10.0; Win64; x64) AppleWebKit/537.36 (KHTML, like Gecko) Chrome/131.0.0.0 Safari/537.36"
158.173.154.110 - - [01/Feb/2026:00:53:01 +0800] "GET /contacts/ HTTP/1.0" 200 76665 "http://cqqizhou.com/contacts/" "Mozilla/5.0 (Windows NT 10.0; Win64; x64) AppleWebKit/537.36 (KHTML, like Gecko) Chrome/131.0.0.0 Safari/537.36"
36.133.115.36 - - [01/Feb/2026:00:53:06 +0800] "POST /wp-cron.php?doing_wp_cron=1769878386.0188798904418945312500 HTTP/1.1" 200 31 "-" "WordPress/6.9; http://cqqizhou.com"
158.173.154.110 - - [01/Feb/2026:00:53:07 +0800] "POST /contacts/ HTTP/1.0" 200 69789 "http://cqqizhou.com/contacts/" "Mozilla/5.0 (Windows NT 10.0; Win64; x64) AppleWebKit/537.36 (KHTML, like Gecko) Chrome/131.0.0.0 Safari/537.36"
36.133.115.36 - - [01/Feb/2026:00:53:36 +0800] "POST /wp-cron.php?doing_wp_cron=1769878416.4615359306335449218750 HTTP/1.1" 200 31 "-" "WordPress/6.9; http://cqqizhou.com"
40.76.139.157 - - [01/Feb/2026:00:53:36 +0800] "GET /portal/redlion HTTP/1.1" 404 8951 "-" "Mozilla/5.0 zgrab/0.x"
47.114.89.255 - - [01/Feb/2026:01:01:55 +0800] "GET /static/admin/lib/webuploader/0.1.5/server/preview.php HTTP/1.1" 404 47 "-" "Mozilla/5.0 (Windows NT 10.0; Win64; x64)"
47.114.89.255 - - [01/Feb/2026:01:01:55 +0800] "GET /static/admin/lib/webuploader/0.1.5/server/fileupload.php HTTP/1.1" 404 47 "-" "Mozilla/5.0 (Windows NT 10.0; Win64; x64)"
36.133.115.36 - - [01/Feb/2026:01:32:27 +0800] "POST /wp-cron.php?doing_wp_cron=1769880747.1676158905029296875000 HTTP/1.1" 200 31 "-" "WordPress/6.9; http://cqqizhou.com"
64.23.172.230 - - [01/Feb/2026:01:32:27 +0800] "POST /xmlrpc.php HTTP/1.1" 200 217 "-" "Mozilla/5.0 (Windows NT 10.0; rv:145.0) Gecko/20100101 Firefox/145.0"
36.133.115.36 - - [01/Feb/2026:01:36:39 +0800] "POST /wp-cron.php?doing_wp_cron=1769880999.6084949970245361328125 HTTP/1.1" 200 31 "-" "WordPress/6.9; http://cqqizhou.com"
34.38.45.85 - - [01/Feb/2026:01:36:39 +0800] "GET / HTTP/1.1" 301 5 "-" "python-requests/2.32.5"
36.133.115.36 - - [01/Feb/2026:01:44:14 +0800] "POST /wp-cron.php?doing_wp_cron=1769881454.3539869785308837890625 HTTP/1.1" 200 31 "-" "WordPress/6.9; http://cqqizhou.com"
114.119.151.81 - - [01/Feb/2026:01:44:14 +0800] "GET /robots.txt HTTP/1.1" 200 190 "-" "Mozilla/5.0 (compatible;PetalBot;+https://webmaster.petalsearch.com/site/petalbot)"
36.133.115.36 - - [01/Feb/2026:01:50:11 +0800] "POST /wp-cron.php?doing_wp_cron=1769881811.5026080608367919921875 HTTP/1.1" 200 31 "-" "WordPress/6.9; http://cqqizhou.com"
222.188.78.118 - - [01/Feb/2026:01:50:11 +0800] "GET / HTTP/1.1" 301 5 "-" "Go-http-client/1.1"
222.188.78.118 - - [01/Feb/2026:01:50:12 +0800] "GET / HTTP/1.1" 200 35186 "http://36.133.115.36" "Go-http-client/1.1"
36.133.115.36 - - [01/Feb/2026:01:54:46 +0800] "POST /wp-cron.php?doing_wp_cron=1769882086.3735098838806152343750 HTTP/1.1" 200 31 "-" "WordPress/6.9; http://cqqizhou.com"
121.237.36.31 - - [01/Feb/2026:01:54:46 +0800] "GET / HTTP/1.1" 301 5 "-" "Mozilla/5.0 (X11; U; Linux i686; zh-TW; rv:1.9.0.7) Gecko/2009030422 Ubuntu/8.04 (hardy) Firefox/3.0.7"
121.237.36.31 - - [01/Feb/2026:01:54:46 +0800] "GET / HTTP/1.1" 200 34751 "-" "Mozilla/5.0 (Linux; U; Android 8.0.0; zh-CN; DUK-AL20 Build/HUAWEIDUK-AL20) AppleWebKit/537.36 (KHTML, like Gecko) Version/4.0 Chrome/57.0.2987.108 UCBrowser/11.9.7.977 Mobile Safari/537.36"
36.133.115.36 - - [01/Feb/2026:01:58:14 +0800] "POST /wp-cron.php?doing_wp_cron=1769882294.0979321002960205078125 HTTP/1.1" 200 31 "-" "WordPress/6.9; http://cqqizhou.com"
121.237.36.27 - - [01/Feb/2026:01:58:14 +0800] "GET / HTTP/1.1" 200 34751 "-" "Dalvik/2.1.0 (Linux; U; Android 9.0; ZTE BA520 Build/MRA58K)"
121.237.36.28 - - [01/Feb/2026:01:58:36 +0800] "GET / HTTP/1.1" 200 35186 "-" "Mozilla/5.0 (Macintosh; Intel Mac OS X 10_11) AppleWebKit/601.1.27 (KHTML, like Gecko) Chrome/47.0.2526.106 Safari/601.1.27"
121.237.36.28 - - [01/Feb/2026:01:58:43 +0800] "GET / HTTP/1.1" 301 5 "-" "Mozilla/5.0 (Macintosh; Intel Mac OS X 10_11) AppleWebKit/601.1.27 (KHTML, like Gecko) Chrome/47.0.2526.106 Safari/601.1.27"
121.237.36.28 - - [01/Feb/2026:01:58:43 +0800] "GET / HTTP/1.1" 200 35186 "-" "Mozilla/5.0 (Macintosh; Intel Mac OS X 10_11) AppleWebKit/601.1.27 (KHTML, like Gecko) Chrome/47.0.2526.106 Safari/601.1.27"
121.237.36.31 - - [01/Feb/2026:01:59:57 +0800] "GET / HTTP/1.1" 200 35186 "-" "Mozilla/5.0 (Macintosh; Intel Mac OS X 10_11) AppleWebKit/601.1.27 (KHTML, like Gecko) Chrome/47.0.2526.106 Safari/601.1.27"
36.133.115.36 - - [01/Feb/2026:01:59:59 +0800] "POST /wp-cron.php?doing_wp_cron=1769882399.0611140727996826171875 HTTP/1.1" 200 31 "-" "WordPress/6.9; http://cqqizhou.com"
121.237.36.31 - - [01/Feb/2026:01:59:59 +0800] "GET / HTTP/1.1" 301 5 "-" "Mozilla/5.0 (Macintosh; Intel Mac OS X 10_11) AppleWebKit/601.1.27 (KHTML, like Gecko) Chrome/47.0.2526.106 Safari/601.1.27"
121.237.36.31 - - [01/Feb/2026:01:59:59 +0800] "GET / HTTP/1.1" 200 35186 "-" "Mozilla/5.0 (Macintosh; Intel Mac OS X 10_11) AppleWebKit/601.1.27 (KHTML, like Gecko) Chrome/47.0.2526.106 Safari/601.1.27"
36.133.115.36 - - [01/Feb/2026:02:16:32 +0800] "POST /wp-cron.php?doing_wp_cron=1769883392.4171409606933593750000 HTTP/1.1" 200 31 "-" "WordPress/6.9; http://cqqizhou.com"
185.191.171.16 - - [01/Feb/2026:02:16:32 +0800] "GET /robots.txt HTTP/1.1" 200 190 "-" "Mozilla/5.0 (compatible; SemrushBot/7~bl; +http://www.semrush.com/bot.html)"
85.208.96.210 - - [01/Feb/2026:02:16:34 +0800] "GET /media/ HTTP/1.1" 200 31738 "-" "Mozilla/5.0 (compatible; SemrushBot/7~bl; +http://www.semrush.com/bot.html)"
94.102.49.125 - - [01/Feb/2026:02:16:46 +0800] "GET / HTTP/1.1" 301 5 "-" "python-httpx/0.28.1"
94.102.49.125 - - [01/Feb/2026:02:16:46 +0800] "GET / HTTP/1.1" 200 35186 "-" "python-httpx/0.28.1"
36.133.115.36 - - [01/Feb/2026:02:28:17 +0800] "POST /wp-cron.php?doing_wp_cron=1769884097.2792270183563232421875 HTTP/1.1" 200 31 "-" "WordPress/6.9; http://cqqizhou.com"
36.155.132.167 - - [01/Feb/2026:02:28:17 +0800] "GET /wp-json/oembed/1.0/embed?url=http://cqqizhou.com/2464/ HTTP/1.1" 200 1299 "-" "Mozilla/5.0 (Linux; Android 6.0.1; SOV33 Build/35.0.D.0.326) AppleWebKit/537.36 (KHTML, like Gecko) Chrome/49.0.2623.91 Mobile Safari/537.36"
36.133.115.36 - - [01/Feb/2026:02:34:29 +0800] "POST /wp-cron.php?doing_wp_cron=1769884469.5290260314941406250000 HTTP/1.1" 200 31 "-" "WordPress/6.9; http://cqqizhou.com"
101.32.52.164 - - [01/Feb/2026:02:34:29 +0800] "GET / HTTP/1.1" 301 5 "-" "Mozilla/5.0 (iPhone; CPU iPhone OS 13_2_3 like Mac OS X) AppleWebKit/605.1.15 (KHTML, like Gecko) Version/13.0.3 Mobile/15E148 Safari/604.1"
36.133.115.36 - - [01/Feb/2026:02:35:27 +0800] "POST /wp-cron.php?doing_wp_cron=1769884527.2028698921203613281250 HTTP/1.1" 200 31 "-" "WordPress/6.9; http://cqqizhou.com"
204.76.203.69 - - [01/Feb/2026:02:35:27 +0800] "GET / HTTP/1.1" 200 157284 "-" "-"
36.133.115.36 - - [01/Feb/2026:02:37:26 +0800] "POST /wp-cron.php?doing_wp_cron=1769884646.3776669502258300781250 HTTP/1.1" 200 31 "-" "WordPress/6.9; http://cqqizhou.com"
204.76.203.18 - - [01/Feb/2026:02:37:26 +0800] "GET /backup/ HTTP/1.1" 301 5 "-" "-"
36.133.115.36 - - [01/Feb/2026:02:53:23 +0800] "POST /wp-cron.php?doing_wp_cron=1769885603.9480888843536376953125 HTTP/1.1" 200 31 "-" "WordPress/6.9; http://cqqizhou.com"
204.76.203.69 - - [01/Feb/2026:02:53:23 +0800] "GET / HTTP/1.1" 301 5 "-" "Mozilla/5.0 (Windows NT 10.0; Win64; x64) AppleWebKit/537.36 (KHTML, like Gecko) Chrome/90.0.4430.85 Safari/537.36 Edg/90.0.818.46"
183.186.179.93 - - [01/Feb/2026:02:55:59 +0800] "GET /contacts/ HTTP/1.1" 200 21561 "-" "Mozilla/5.0 (Windows NT 10.0; Win64; x64) AppleWebKit/537.36 (KHTML, like Gecko) Chrome/136.0.0.0 Safari/537.36"
36.133.115.36 - - [01/Feb/2026:02:58:59 +0800] "POST /wp-cron.php?doing_wp_cron=1769885939.2010679244995117187500 HTTP/1.1" 200 31 "-" "WordPress/6.9; http://cqqizhou.com"
204.76.203.219 - - [01/Feb/2026:02:58:59 +0800] "GET / HTTP/1.1" 200 34752 "-" "Mozilla/5.0 (Windows NT 10.0; Win64; x64) AppleWebKit/537.36 (KHTML, like Gecko) Chrome/90.0.4430.85 Safari/537.36 Edg/90.0.818.46"
36.133.115.36 - - [01/Feb/2026:03:09:15 +0800] "POST /wp-cron.php?doing_wp_cron=1769886555.1095759868621826171875 HTTP/1.1" 200 31 "-" "WordPress/6.9; http://cqqizhou.com"
18.211.68.105 - - [01/Feb/2026:03:09:15 +0800] "GET / HTTP/1.1" 301 5 "-" "Go-http-client/1.1"
18.211.68.105 - - [01/Feb/2026:03:09:15 +0800] "GET / HTTP/1.1" 200 35186 "http://36.133.115.36" "Go-http-client/1.1"
36.133.115.36 - - [01/Feb/2026:03:18:07 +0800] "POST /wp-cron.php?doing_wp_cron=1769887087.5687160491943359375000 HTTP/1.1" 200 31 "-" "WordPress/6.9; http://cqqizhou.com"
47.97.2.79 - - [01/Feb/2026:03:18:07 +0800] "HEAD / HTTP/1.1" 301 0 "-" "-"
36.133.115.36 - - [01/Feb/2026:03:29:14 +0800] "POST /wp-cron.php?doing_wp_cron=1769887754.5259020328521728515625 HTTP/1.1" 200 31 "-" "WordPress/6.9; http://cqqizhou.com"
43.159.145.153 - - [01/Feb/2026:03:29:14 +0800] "GET / HTTP/1.1" 200 34752 "-" "Mozilla/5.0 (iPhone; CPU iPhone OS 13_2_3 like Mac OS X) AppleWebKit/605.1.15 (KHTML, like Gecko) Version/13.0.3 Mobile/15E148 Safari/604.1"
36.133.115.36 - - [01/Feb/2026:03:44:11 +0800] "POST /wp-cron.php?doing_wp_cron=1769888651.5072510242462158203125 HTTP/1.1" 200 31 "-" "WordPress/6.9; http://cqqizhou.com"
43.166.237.57 - - [01/Feb/2026:03:44:11 +0800] "GET /wp-json/oembed/1.0/embed?url=http%3A%2F%2Fcqqizhou.com%2F HTTP/1.1" 200 1128 "-" "Mozilla/5.0 (iPhone; CPU iPhone OS 13_2_3 like Mac OS X) AppleWebKit/605.1.15 (KHTML, like Gecko) Version/13.0.3 Mobile/15E148 Safari/604.1"
165.22.82.41 - - [01/Feb/2026:03:45:58 +0800] "GET / HTTP/1.1" 200 35186 "-" "Mozilla/5.0 (X11; Linux x86_64) AppleWebKit/537.36 (KHTML, like Gecko) Chrome/142.0.0.0 Safari/537.36"
36.133.115.36 - - [01/Feb/2026:03:51:44 +0800] "POST /wp-cron.php?doing_wp_cron=1769889104.4430859088897705078125 HTTP/1.1" 200 31 "-" "WordPress/6.9; http://cqqizhou.com"
204.76.203.219 - - [01/Feb/2026:03:51:44 +0800] "GET / HTTP/1.1" 200 34751 "-" "Mozilla/5.0 (Windows NT 10.0; Win64; x64) AppleWebKit/537.36 (KHTML, like Gecko) Chrome/90.0.4430.85 Safari/537.36 Edg/90.0.818.46"
36.133.115.36 - - [01/Feb/2026:03:54:03 +0800] "POST /wp-cron.php?doing_wp_cron=1769889243.5587658882141113281250 HTTP/1.1" 200 31 "-" "WordPress/6.9; http://cqqizhou.com"
43.153.123.4 - - [01/Feb/2026:03:54:03 +0800] "GET /wp-content/uploads/2025/07/1753456770- HTTP/1.1" 404 8951 "-" "Mozilla/5.0 (iPhone; CPU iPhone OS 13_2_3 like Mac OS X) AppleWebKit/605.1.15 (KHTML, like Gecko) Version/13.0.3 Mobile/15E148 Safari/604.1"
180.153.236.36 - - [01/Feb/2026:04:01:44 +0800] "GET / HTTP/1.1" 200 35186 "http://cqqizhou.com" "Mozilla/5.0 (Windows NT 10.0; Win64; x64) AppleWebKit/537.36 (KHTML, like Gecko) Chrome/140.0.0.0 Safari/537.36 Edg/140.0.0.0; 360Spider"
36.133.115.36 - - [01/Feb/2026:04:04:09 +0800] "POST /wp-cron.php?doing_wp_cron=1769889849.3579800128936767578125 HTTP/1.1" 200 31 "-" "WordPress/6.9; http://cqqizhou.com"
43.135.140.225 - - [01/Feb/2026:04:04:09 +0800] "GET / HTTP/1.1" 200 34751 "-" "Mozilla/5.0 (iPhone; CPU iPhone OS 13_2_3 like Mac OS X) AppleWebKit/605.1.15 (KHTML, like Gecko) Version/13.0.3 Mobile/15E148 Safari/604.1"
36.133.115.36 - - [01/Feb/2026:04:10:20 +0800] "POST /wp-cron.php?doing_wp_cron=1769890220.5865869522094726562500 HTTP/1.1" 200 31 "-" "WordPress/6.9; http://cqqizhou.com"
47.99.50.46 - - [01/Feb/2026:04:10:20 +0800] "GET / HTTP/1.1" 301 5 "-" "Mozilla/5.0 (Windows NT 10.0; Win64; x64) AppleWebKit/537.36 (KHTML, like Gecko) Chrome/59.0.3071.115 Safari/537.36"
43.166.253.94 - - [01/Feb/2026:04:14:15 +0800] "GET /wp-content/uploads/2025/07/1751425283-qizhou.kf_.qq_.com_.webp HTTP/1.1" 200 16864 "-" "Mozilla/5.0 (iPhone; CPU iPhone OS 13_2_3 like Mac OS X) AppleWebKit/605.1.15 (KHTML, like Gecko) Version/13.0.3 Mobile/15E148 Safari/604.1"
42.231.3.195 - - [01/Feb/2026:04:15:45 +0800] "GET /contacts/ HTTP/1.1" 200 21561 "-" "Mozilla/5.0 (Windows NT 10.0; Win64; x64) AppleWebKit/537.36 (KHTML, like Gecko) Chrome/136.0.0.0 Safari/537.36"
36.133.115.36 - - [01/Feb/2026:04:21:23 +0800] "POST /wp-cron.php?doing_wp_cron=1769890883.5703480243682861328125 HTTP/1.1" 200 31 "-" "WordPress/6.9; http://cqqizhou.com"
162.240.102.83 - - [01/Feb/2026:04:21:23 +0800] "POST /xmlrpc.php HTTP/1.1" 200 217 "-" "Mozilla/5.0 (Windows NT 10.0; WOW64; rv:144.0) Gecko/20100101 Firefox/144.0"
36.133.115.36 - - [01/Feb/2026:04:22:34 +0800] "POST /wp-cron.php?doing_wp_cron=1769890954.6856660842895507812500 HTTP/1.1" 200 31 "-" "WordPress/6.9; http://cqqizhou.com"
222.71.102.210 - - [01/Feb/2026:04:22:34 +0800] "POST /%2577eb%2575i_%2577sma_Http HTTP/1.1" 404 8952 "-" "CVE-2023-20198"
36.133.115.36 - - [01/Feb/2026:04:25:23 +0800] "POST /wp-cron.php?doing_wp_cron=1769891123.8605570793151855468750 HTTP/1.1" 200 31 "-" "WordPress/6.9; http://cqqizhou.com"
49.51.253.83 - - [01/Feb/2026:04:25:23 +0800] "GET /wp-content/uploads/2025/07/1753453096- HTTP/1.1" 404 8951 "-" "Mozilla/5.0 (iPhone; CPU iPhone OS 13_2_3 like Mac OS X) AppleWebKit/605.1.15 (KHTML, like Gecko) Version/13.0.3 Mobile/15E148 Safari/604.1"
36.133.115.36 - - [01/Feb/2026:04:29:17 +0800] "POST /wp-cron.php?doing_wp_cron=1769891357.5953550338745117187500 HTTP/1.1" 200 31 "-" "WordPress/6.9; http://cqqizhou.com"
5.61.209.92 - - [01/Feb/2026:04:29:17 +0800] "GET /SDK/webLanguage HTTP/1.1" 301 5 "-" "Mozilla/5.0 (Windows NT 10.0; Win64; x64) AppleWebKit/537.36 (KHTML, like Gecko) Chrome/90.0.4430.85 Safari/537.36 Edg/90.0.818.46"
36.133.115.36 - - [01/Feb/2026:04:30:26 +0800] "POST /wp-cron.php?doing_wp_cron=1769891426.3029119968414306640625 HTTP/1.1" 200 31 "-" "WordPress/6.9; http://cqqizhou.com"
43.135.182.43 - - [01/Feb/2026:04:30:26 +0800] "GET /portfolio-category/hot-dip-galvanized-coil/ HTTP/1.1" 301 5 "-" "Mozilla/5.0 (iPhone; CPU iPhone OS 13_2_3 like Mac OS X) AppleWebKit/605.1.15 (KHTML, like Gecko) Version/13.0.3 Mobile/15E148 Safari/604.1"
43.135.182.43 - - [01/Feb/2026:04:30:32 +0800] "GET /portfolio/hot-dip-galvanized-coil/ HTTP/1.1" 404 8951 "http://cqqizhou.com/portfolio-category/hot-dip-galvanized-coil/" "Mozilla/5.0 (iPhone; CPU iPhone OS 13_2_3 like Mac OS X) AppleWebKit/605.1.15 (KHTML, like Gecko) Version/13.0.3 Mobile/15E148 Safari/604.1"
36.133.115.36 - - [01/Feb/2026:04:35:33 +0800] "POST /wp-cron.php?doing_wp_cron=1769891733.8180708885192871093750 HTTP/1.1" 200 31 "-" "WordPress/6.9; http://cqqizhou.com"
89.42.231.200 - - [01/Feb/2026:04:35:33 +0800] "GET /SDK/webLanguage HTTP/1.1" 301 5 "-" "Mozilla/5.0 (Windows NT 10.0; Win64; x64) AppleWebKit/537.36 (KHTML, like Gecko) Chrome/90.0.4430.85 Safari/537.36 Edg/90.0.818.46"
36.133.115.36 - - [01/Feb/2026:04:43:01 +0800] "POST /wp-cron.php?doing_wp_cron=1769892181.6041491031646728515625 HTTP/1.1" 200 31 "-" "WordPress/6.9; http://cqqizhou.com"
43.153.96.233 - - [01/Feb/2026:04:43:01 +0800] "GET / HTTP/1.1" 200 34751 "-" "Mozilla/5.0 (iPhone; CPU iPhone OS 13_2_3 like Mac OS X) AppleWebKit/605.1.15 (KHTML, like Gecko) Version/13.0.3 Mobile/15E148 Safari/604.1"
36.133.115.36 - - [01/Feb/2026:04:47:26 +0800] "POST /wp-cron.php?doing_wp_cron=1769892446.7197821140289306640625 HTTP/1.1" 200 31 "-" "WordPress/6.9; http://cqqizhou.com"
204.76.203.219 - - [01/Feb/2026:04:47:26 +0800] "GET / HTTP/1.1" 200 34751 "-" "Mozilla/5.0 (Windows NT 10.0; Win64; x64) AppleWebKit/537.36 (KHTML, like Gecko) Chrome/90.0.4430.85 Safari/537.36 Edg/90.0.818.46"
36.133.115.36 - - [01/Feb/2026:04:49:05 +0800] "POST /wp-cron.php?doing_wp_cron=1769892545.8595600128173828125000 HTTP/1.1" 200 31 "-" "WordPress/6.9; http://cqqizhou.com"
40.77.167.255 - - [01/Feb/2026:04:49:05 +0800] "GET /logistics/ HTTP/1.1" 200 30818 "-" "Mozilla/5.0 AppleWebKit/537.36 (KHTML, like Gecko; compatible; bingbot/2.0; +http://www.bing.com/bingbot.htm) Chrome/116.0.1938.76 Safari/537.36"
40.77.167.10 - - [01/Feb/2026:04:50:59 +0800] "GET / HTTP/1.1" 200 35186 "-" "Mozilla/5.0 AppleWebKit/537.36 (KHTML, like Gecko; compatible; bingbot/2.0; +http://www.bing.com/bingbot.htm) Chrome/116.0.1938.76 Safari/537.36"
36.133.115.36 - - [01/Feb/2026:05:04:05 +0800] "POST /wp-cron.php?doing_wp_cron=1769893445.1840751171112060546875 HTTP/1.1" 200 31 "-" "WordPress/6.9; http://cqqizhou.com"
43.166.129.247 - - [01/Feb/2026:05:04:05 +0800] "GET /portfolio/hot-dip-galvanized-coil/ HTTP/1.1" 404 8951 "-" "Mozilla/5.0 (iPhone; CPU iPhone OS 13_2_3 like Mac OS X) AppleWebKit/605.1.15 (KHTML, like Gecko) Version/13.0.3 Mobile/15E148 Safari/604.1"
36.133.115.36 - - [01/Feb/2026:05:13:50 +0800] "POST /wp-cron.php?doing_wp_cron=1769894030.9254269599914550781250 HTTP/1.1" 200 31 "-" "WordPress/6.9; http://cqqizhou.com"
193.142.147.209 - - [01/Feb/2026:05:13:51 +0800] "POST / HTTP/1.1" 200 34751 "-" "Mozilla/5.0 (Windows NT 10.0; Win64; x64) AppleWebKit/537.36"
36.133.115.36 - - [01/Feb/2026:05:22:37 +0800] "POST /wp-cron.php?doing_wp_cron=1769894557.8019199371337890625000 HTTP/1.1" 200 31 "-" "WordPress/6.9; http://cqqizhou.com"
43.157.172.39 - - [01/Feb/2026:05:22:37 +0800] "GET /portfolio-category/remaining-rolls/ HTTP/1.1" 301 5 "-" "Mozilla/5.0 (iPhone; CPU iPhone OS 13_2_3 like Mac OS X) AppleWebKit/605.1.15 (KHTML, like Gecko) Version/13.0.3 Mobile/15E148 Safari/604.1"
43.157.172.39 - - [01/Feb/2026:05:22:41 +0800] "GET /portfolio/remaining-rolls/ HTTP/1.1" 404 8951 "http://cqqizhou.com/portfolio-category/remaining-rolls/" "Mozilla/5.0 (iPhone; CPU iPhone OS 13_2_3 like Mac OS X) AppleWebKit/605.1.15 (KHTML, like Gecko) Version/13.0.3 Mobile/15E148 Safari/604.1"
36.133.115.36 - - [01/Feb/2026:05:32:41 +0800] "POST /wp-cron.php?doing_wp_cron=1769895161.7432770729064941406250 HTTP/1.1" 200 31 "-" "WordPress/6.9; http://cqqizhou.com"
220.181.108.168 - - [01/Feb/2026:05:32:41 +0800] "GET /2361/ HTTP/1.1" 200 24844 "-" "Mozilla/5.0 (compatible; Baiduspider/2.0; +http://www.baidu.com/search/spider.html)"
116.179.37.49 - - [01/Feb/2026:05:32:42 +0800] "GET /wp-content/uploads/2025/12/1766373840-Article_images_20251220.webp HTTP/1.1" 200 40034 "http://cqqizhou.com/2361/" "Mozilla/5.0 (compatible; Baiduspider-render/2.0; +http://www.baidu.com/search/spider.html)"
116.179.37.96 - - [01/Feb/2026:05:32:42 +0800] "GET /wp-content/uploads/2025/12/1766373833-Article_images_20251219.webp HTTP/1.1" 200 79910 "http://cqqizhou.com/2361/" "Mozilla/5.0 (compatible; Baiduspider-render/2.0; +http://www.baidu.com/search/spider.html)"
220.181.51.85 - - [01/Feb/2026:05:32:56 +0800] "GET /robots.txt HTTP/1.1" 200 190 "-" "Mozilla/5.0 (Windows NT 10.0; WOW64) AppleWebKit/537.36 (KHTML, like Gecko) Chrome/48.0.2564.116 Safari/537.36"
36.133.115.36 - - [01/Feb/2026:05:33:54 +0800] "POST /wp-cron.php?doing_wp_cron=1769895233.9802160263061523437500 HTTP/1.1" 200 31 "-" "WordPress/6.9; http://cqqizhou.com"
49.51.195.195 - - [01/Feb/2026:05:33:54 +0800] "GET /portfolio/remaining-rolls/ HTTP/1.1" 404 8951 "-" "Mozilla/5.0 (iPhone; CPU iPhone OS 13_2_3 like Mac OS X) AppleWebKit/605.1.15 (KHTML, like Gecko) Version/13.0.3 Mobile/15E148 Safari/604.1"
36.133.115.36 - - [01/Feb/2026:05:41:36 +0800] "POST /wp-cron.php?doing_wp_cron=1769895696.2047998905181884765625 HTTP/1.1" 200 31 "-" "WordPress/6.9; http://cqqizhou.com"
204.76.203.219 - - [01/Feb/2026:05:41:36 +0800] "GET / HTTP/1.1" 200 34751 "-" "Mozilla/5.0 (Windows NT 10.0; Win64; x64) AppleWebKit/537.36 (KHTML, like Gecko) Chrome/90.0.4430.85 Safari/537.36 Edg/90.0.818.46"
36.133.115.36 - - [01/Feb/2026:05:43:35 +0800] "POST /wp-cron.php?doing_wp_cron=1769895815.2858760356903076171875 HTTP/1.1" 200 31 "-" "WordPress/6.9; http://cqqizhou.com"
43.157.181.189 - - [01/Feb/2026:05:43:35 +0800] "GET /wp-content/uploads/2025/07/1753453127- HTTP/1.1" 404 8951 "-" "Mozilla/5.0 (iPhone; CPU iPhone OS 13_2_3 like Mac OS X) AppleWebKit/605.1.15 (KHTML, like Gecko) Version/13.0.3 Mobile/15E148 Safari/604.1"
52.169.124.184 - - [01/Feb/2026:06:01:03 +0800] "GET /wp-content/plugins/hellopress/wp_filemanager.php HTTP/1.1" 404 27 "-" "-"
52.169.124.184 - - [01/Feb/2026:06:01:04 +0800] "GET /rip.php HTTP/1.1" 404 27 "-" "-"
36.133.115.36 - - [01/Feb/2026:06:04:09 +0800] "POST /wp-cron.php?doing_wp_cron=1769897049.6586799621582031250000 HTTP/1.1" 200 31 "-" "WordPress/6.9; http://cqqizhou.com"
36.133.108.121 - - [01/Feb/2026:06:04:09 +0800] "HEAD / HTTP/1.1" 301 0 "-" "Mozilla/5.0 (Macintosh; U; Intel Mac OS X 10_6_6; es-es) AppleWebKit/533.20.25 (KHTML, like Gecko) Version/5.0.4 Safari/533.20.27"
36.133.115.36 - - [01/Feb/2026:06:27:08 +0800] "POST /wp-cron.php?doing_wp_cron=1769898428.6339769363403320312500 HTTP/1.1" 200 31 "-" "WordPress/6.9; http://cqqizhou.com"
45.78.235.68 - - [01/Feb/2026:06:27:08 +0800] "POST /hello.world?%ADd+allow_url_include%3d1+%ADd+auto_prepend_file%3dphp://input HTTP/1.1" 404 31367 "-" "libredtail-http"
45.78.235.68 - - [01/Feb/2026:06:27:10 +0800] "POST /?%ADd+allow_url_include%3d1+%ADd+auto_prepend_file%3dphp://input HTTP/1.1" 200 157284 "-" "libredtail-http"
45.78.235.68 - - [01/Feb/2026:06:27:10 +0800] "GET /vendor/phpunit/phpunit/src/Util/PHP/eval-stdin.php HTTP/1.1" 404 27 "-" "libredtail-http"
45.78.235.68 - - [01/Feb/2026:06:27:11 +0800] "GET /vendor/phpunit/phpunit/Util/PHP/eval-stdin.php HTTP/1.1" 404 27 "-" "libredtail-http"
45.78.235.68 - - [01/Feb/2026:06:27:11 +0800] "GET /vendor/phpunit/src/Util/PHP/eval-stdin.php HTTP/1.1" 404 27 "-" "libredtail-http"
45.78.235.68 - - [01/Feb/2026:06:27:11 +0800] "GET /vendor/phpunit/Util/PHP/eval-stdin.php HTTP/1.1" 404 27 "-" "libredtail-http"
45.78.235.68 - - [01/Feb/2026:06:27:12 +0800] "GET /vendor/phpunit/phpunit/LICENSE/eval-stdin.php HTTP/1.1" 404 27 "-" "libredtail-http"
45.78.235.68 - - [01/Feb/2026:06:27:12 +0800] "GET /vendor/vendor/phpunit/phpunit/src/Util/PHP/eval-stdin.php HTTP/1.1" 404 27 "-" "libredtail-http"
45.78.235.68 - - [01/Feb/2026:06:27:13 +0800] "GET /phpunit/phpunit/src/Util/PHP/eval-stdin.php HTTP/1.1" 404 27 "-" "libredtail-http"
45.78.235.68 - - [01/Feb/2026:06:27:13 +0800] "GET /phpunit/phpunit/Util/PHP/eval-stdin.php HTTP/1.1" 404 27 "-" "libredtail-http"
45.78.235.68 - - [01/Feb/2026:06:27:13 +0800] "GET /phpunit/src/Util/PHP/eval-stdin.php HTTP/1.1" 404 27 "-" "libredtail-http"
45.78.235.68 - - [01/Feb/2026:06:27:14 +0800] "GET /phpunit/Util/PHP/eval-stdin.php HTTP/1.1" 404 27 "-" "libredtail-http"
45.78.235.68 - - [01/Feb/2026:06:27:14 +0800] "GET /lib/phpunit/phpunit/src/Util/PHP/eval-stdin.php HTTP/1.1" 404 27 "-" "libredtail-http"
45.78.235.68 - - [01/Feb/2026:06:27:14 +0800] "GET /lib/phpunit/phpunit/Util/PHP/eval-stdin.php HTTP/1.1" 404 27 "-" "libredtail-http"
45.78.235.68 - - [01/Feb/2026:06:27:15 +0800] "GET /lib/phpunit/src/Util/PHP/eval-stdin.php HTTP/1.1" 404 27 "-" "libredtail-http"
45.78.235.68 - - [01/Feb/2026:06:27:15 +0800] "GET /lib/phpunit/Util/PHP/eval-stdin.php HTTP/1.1" 404 27 "-" "libredtail-http"
45.78.235.68 - - [01/Feb/2026:06:27:16 +0800] "GET /lib/vendor/phpunit/phpunit/src/Util/PHP/eval-stdin.php HTTP/1.1" 404 27 "-" "libredtail-http"
45.78.235.68 - - [01/Feb/2026:06:27:16 +0800] "GET /laravel/vendor/phpunit/phpunit/src/Util/PHP/eval-stdin.php HTTP/1.1" 404 27 "-" "libredtail-http"
45.78.235.68 - - [01/Feb/2026:06:27:16 +0800] "GET /www/vendor/phpunit/phpunit/src/Util/PHP/eval-stdin.php HTTP/1.1" 404 27 "-" "libredtail-http"
45.78.235.68 - - [01/Feb/2026:06:27:17 +0800] "GET /ws/vendor/phpunit/phpunit/src/Util/PHP/eval-stdin.php HTTP/1.1" 404 27 "-" "libredtail-http"
45.78.235.68 - - [01/Feb/2026:06:27:17 +0800] "GET /yii/vendor/phpunit/phpunit/src/Util/PHP/eval-stdin.php HTTP/1.1" 404 27 "-" "libredtail-http"
45.78.235.68 - - [01/Feb/2026:06:27:18 +0800] "GET /zend/vendor/phpunit/phpunit/src/Util/PHP/eval-stdin.php HTTP/1.1" 404 27 "-" "libredtail-http"
45.78.235.68 - - [01/Feb/2026:06:27:18 +0800] "GET /ws/ec/vendor/phpunit/phpunit/src/Util/PHP/eval-stdin.php HTTP/1.1" 404 27 "-" "libredtail-http"
45.78.235.68 - - [01/Feb/2026:06:27:18 +0800] "GET /V2/vendor/phpunit/phpunit/src/Util/PHP/eval-stdin.php HTTP/1.1" 404 27 "-" "libredtail-http"
45.78.235.68 - - [01/Feb/2026:06:27:19 +0800] "GET /tests/vendor/phpunit/phpunit/src/Util/PHP/eval-stdin.php HTTP/1.1" 404 27 "-" "libredtail-http"
45.78.235.68 - - [01/Feb/2026:06:27:19 +0800] "GET /test/vendor/phpunit/phpunit/src/Util/PHP/eval-stdin.php HTTP/1.1" 404 27 "-" "libredtail-http"
45.78.235.68 - - [01/Feb/2026:06:27:20 +0800] "GET /testing/vendor/phpunit/phpunit/src/Util/PHP/eval-stdin.php HTTP/1.1" 404 27 "-" "libredtail-http"
45.78.235.68 - - [01/Feb/2026:06:27:20 +0800] "GET /api/vendor/phpunit/phpunit/src/Util/PHP/eval-stdin.php HTTP/1.1" 404 27 "-" "libredtail-http"
45.78.235.68 - - [01/Feb/2026:06:27:20 +0800] "GET /demo/vendor/phpunit/phpunit/src/Util/PHP/eval-stdin.php HTTP/1.1" 404 27 "-" "libredtail-http"
45.78.235.68 - - [01/Feb/2026:06:27:21 +0800] "GET /cms/vendor/phpunit/phpunit/src/Util/PHP/eval-stdin.php HTTP/1.1" 404 27 "-" "libredtail-http"
45.78.235.68 - - [01/Feb/2026:06:27:21 +0800] "GET /crm/vendor/phpunit/phpunit/src/Util/PHP/eval-stdin.php HTTP/1.1" 404 27 "-" "libredtail-http"
45.78.235.68 - - [01/Feb/2026:06:27:22 +0800] "GET /admin/vendor/phpunit/phpunit/src/Util/PHP/eval-stdin.php HTTP/1.1" 404 27 "-" "libredtail-http"
45.78.235.68 - - [01/Feb/2026:06:27:22 +0800] "GET /backup/vendor/phpunit/phpunit/src/Util/PHP/eval-stdin.php HTTP/1.1" 404 27 "-" "libredtail-http"
45.78.235.68 - - [01/Feb/2026:06:27:22 +0800] "GET /blog/vendor/phpunit/phpunit/src/Util/PHP/eval-stdin.php HTTP/1.1" 404 27 "-" "libredtail-http"
45.78.235.68 - - [01/Feb/2026:06:27:23 +0800] "GET /workspace/drupal/vendor/phpunit/phpunit/src/Util/PHP/eval-stdin.php HTTP/1.1" 404 27 "-" "libredtail-http"
45.78.235.68 - - [01/Feb/2026:06:27:23 +0800] "GET /panel/vendor/phpunit/phpunit/src/Util/PHP/eval-stdin.php HTTP/1.1" 404 27 "-" "libredtail-http"
45.78.235.68 - - [01/Feb/2026:06:27:24 +0800] "GET /public/vendor/phpunit/phpunit/src/Util/PHP/eval-stdin.php HTTP/1.1" 404 27 "-" "libredtail-http"
45.78.235.68 - - [01/Feb/2026:06:27:24 +0800] "GET /apps/vendor/phpunit/phpunit/src/Util/PHP/eval-stdin.php HTTP/1.1" 404 27 "-" "libredtail-http"
45.78.235.68 - - [01/Feb/2026:06:27:24 +0800] "GET /app/vendor/phpunit/phpunit/src/Util/PHP/eval-stdin.php HTTP/1.1" 404 27 "-" "libredtail-http"
45.78.235.68 - - [01/Feb/2026:06:27:26 +0800] "GET /index.php?s=/index/\x5Cthink\x5Capp/invokefunction&function=call_user_func_array&vars[0]=md5&vars[1][]=Hello HTTP/1.1" 200 65267 "-" "libredtail-http"
45.78.235.68 - - [01/Feb/2026:06:27:26 +0800] "GET /public/index.php?s=/index/\x5Cthink\x5Capp/invokefunction&function=call_user_func_array&vars[0]=md5&vars[1][]=Hello HTTP/1.1" 404 27 "-" "libredtail-http"
45.78.235.68 - - [01/Feb/2026:06:27:27 +0800] "GET /index.php?lang=../../../../../../../../usr/local/lib/php/pearcmd&+config-create+/&/<?echo(md5(\x22hi\x22));?>+/tmp/index1.php HTTP/1.1" 200 157284 "-" "libredtail-http"
45.78.235.68 - - [01/Feb/2026:06:27:29 +0800] "GET /index.php?lang=../../../../../../../../tmp/index1 HTTP/1.1" 200 157284 "-" "libredtail-http"
45.78.235.68 - - [01/Feb/2026:06:27:30 +0800] "GET /containers/json HTTP/1.1" 301 5 "-" "libredtail-http"
45.78.235.68 - - [01/Feb/2026:06:27:31 +0800] "GET /containers/json HTTP/1.1" 301 5 "-" "libredtail-http"
36.133.115.36 - - [01/Feb/2026:06:47:40 +0800] "POST /wp-cron.php?doing_wp_cron=1769899660.2566599845886230468750 HTTP/1.1" 200 31 "-" "WordPress/6.9; http://cqqizhou.com"
93.174.93.12 - - [01/Feb/2026:06:47:40 +0800] "GET / HTTP/1.0" 301 0 "-" "Mozilla/5.0 (X11; Linux x86_64) AppleWebKit/537.36 (KHTML, like Gecko) Chrome/73.0.3683.103 Safari/537.36 OPR/60.0.3255.59"
36.133.115.36 - - [01/Feb/2026:06:48:38 +0800] "POST /wp-cron.php?doing_wp_cron=1769899718.4356670379638671875000 HTTP/1.1" 200 31 "-" "WordPress/6.9; http://cqqizhou.com"
170.64.149.23 - - [01/Feb/2026:06:48:38 +0800] "GET / HTTP/1.1" 200 34752 "-" "Mozilla/5.0"
170.64.149.23 - - [01/Feb/2026:06:48:39 +0800] "POST / HTTP/1.1" 200 34752 "-" "Mozilla/5.0"
167.94.138.165 - - [01/Feb/2026:06:49:00 +0800] "GET / HTTP/1.1" 301 5 "-" "Mozilla/5.0 (compatible; CensysInspect/1.1; +https://about.censys.io/)"
36.133.115.36 - - [01/Feb/2026:06:49:22 +0800] "POST /wp-cron.php?doing_wp_cron=1769899762.8767969608306884765625 HTTP/1.1" 200 31 "-" "WordPress/6.9; http://cqqizhou.com"
167.94.138.165 - - [01/Feb/2026:06:49:22 +0800] "GET /login HTTP/1.1" 302 5 "-" "Mozilla/5.0 (compatible; CensysInspect/1.1; +https://about.censys.io/)"
36.133.115.36 - - [01/Feb/2026:06:53:55 +0800] "POST /wp-cron.php?doing_wp_cron=1769900034.9723899364471435546875 HTTP/1.1" 200 31 "-" "WordPress/6.9; http://cqqizhou.com"
121.41.164.173 - - [01/Feb/2026:06:53:55 +0800] "GET / HTTP/1.0" 301 0 "-" "-"
121.41.164.173 - - [01/Feb/2026:06:54:05 +0800] "GET / HTTP/1.0" 301 0 "-" "-"
121.41.164.173 - - [01/Feb/2026:06:54:05 +0800] "GET /nmaplowercheck1769900037 HTTP/1.1" 404 31367 "-" "Mozilla/5.0 (compatible; Nmap Scripting Engine; https://nmap.org/book/nse.html)"
121.41.164.173 - - [01/Feb/2026:06:54:06 +0800] "POST /sdk HTTP/1.1" 404 31367 "-" "Mozilla/5.0 (compatible; Nmap Scripting Engine; https://nmap.org/book/nse.html)"
121.41.164.173 - - [01/Feb/2026:06:54:06 +0800] "GET /evox/about HTTP/1.1" 404 31367 "-" "Mozilla/5.0 (compatible; Nmap Scripting Engine; https://nmap.org/book/nse.html)"
121.41.164.173 - - [01/Feb/2026:06:54:06 +0800] "GET /HNAP1 HTTP/1.1" 404 31367 "-" "Mozilla/5.0 (compatible; Nmap Scripting Engine; https://nmap.org/book/nse.html)"
36.133.115.36 - - [01/Feb/2026:06:54:16 +0800] "POST /wp-cron.php?doing_wp_cron=1769900055.9797511100769042968750 HTTP/1.1" 200 31 "-" "WordPress/6.9; http://cqqizhou.com"
121.41.164.173 - - [01/Feb/2026:06:54:16 +0800] "GET / HTTP/1.0" 301 0 "-" "-"
121.41.164.173 - - [01/Feb/2026:06:54:16 +0800] "GET / HTTP/1.1" 301 5 "-" "-"
220.181.108.144 - - [01/Feb/2026:07:18:17 +0800] "GET /2475/ HTTP/1.1" 200 26552 "-" "Mozilla/5.0 (compatible; Baiduspider/2.0; +http://www.baidu.com/search/spider.html)"
116.179.37.23 - - [01/Feb/2026:07:18:52 +0800] "GET /wp-content/uploads/2025/07/1753454089-Article_images_W900px.webp HTTP/1.1" 200 27552 "http://cqqizhou.com/2475/" "Mozilla/5.0 (compatible; Baiduspider-render/2.0; +http://www.baidu.com/search/spider.html)"
220.181.51.88 - - [01/Feb/2026:07:19:00 +0800] "GET /wp-content/uploads/2025/07/1753454089-Article_images_W900px.webp HTTP/1.1" 200 27552 "http://cqqizhou.com/" "Mozilla/5.0 (Windows NT 10.0; WOW64) AppleWebKit/537.36 (KHTML, like Gecko) Chrome/48.0.2564.116 Safari/537.36"
119.249.100.46 - - [01/Feb/2026:07:19:01 +0800] "GET /wp-content/uploads/2025/07/1753454089-Article_images_W900px.webp HTTP/1.1" 200 27552 "http://cqqizhou.com/" "Mozilla/5.0 (Windows NT 10.0; WOW64) AppleWebKit/537.36 (KHTML, like Gecko) Chrome/48.0.2564.116 Safari/537.36"
36.133.115.36 - - [01/Feb/2026:07:23:16 +0800] "POST /wp-cron.php?doing_wp_cron=1769901796.4799449443817138671875 HTTP/1.1" 200 31 "-" "WordPress/6.9; http://cqqizhou.com"
185.180.140.102 - - [01/Feb/2026:07:23:16 +0800] "GET / HTTP/1.1" 301 5 "-" "Mozilla/5.0 (Windows NT 10.0; Win64; x64) AppleWebKit/537.36 (KHTML, like Gecko) Chrome/60.0.3112.113 Safari/537.36"
185.180.140.103 - - [01/Feb/2026:07:23:17 +0800] "GET / HTTP/1.1" 200 35186 "http://36.133.115.36/" "Mozilla/5.0 (Windows NT 10.0; Win64; x64) AppleWebKit/537.36 (KHTML, like Gecko) Chrome/60.0.3112.113 Safari/537.36"
36.133.115.36 - - [01/Feb/2026:07:25:25 +0800] "POST /wp-cron.php?doing_wp_cron=1769901925.2044329643249511718750 HTTP/1.1" 200 31 "-" "WordPress/6.9; http://cqqizhou.com"
211.234.126.19 - - [01/Feb/2026:07:25:25 +0800] "GET / HTTP/1.1" 301 5 "-" "Go-http-client/1.1"
211.234.126.19 - - [01/Feb/2026:07:25:25 +0800] "GET / HTTP/1.1" 200 35186 "http://36.133.115.36" "Go-http-client/1.1"
36.133.115.36 - - [01/Feb/2026:07:33:53 +0800] "POST /wp-cron.php?doing_wp_cron=1769902433.8300549983978271484375 HTTP/1.1" 200 31 "-" "WordPress/6.9; http://cqqizhou.com"
71.6.135.131 - - [01/Feb/2026:07:33:53 +0800] "GET / HTTP/1.1" 301 5 "-" "Mozilla/5.0 (Windows NT 6.1) AppleWebKit/537.36 (KHTML, like Gecko) Chrome/41.0.2228.0 Safari/537.36"
71.6.135.131 - - [01/Feb/2026:07:33:55 +0800] "GET / HTTP/1.1" 200 158943 "-" "Mozilla/5.0 (Windows NT 6.1) AppleWebKit/537.36 (KHTML, like Gecko) Chrome/41.0.2228.0 Safari/537.36"
71.6.135.131 - - [01/Feb/2026:07:33:56 +0800] "GET /robots.txt HTTP/1.1" 200 390 "-" "-"
71.6.135.131 - - [01/Feb/2026:07:33:58 +0800] "GET /sitemap.xml HTTP/1.1" 301 5 "-" "-"
71.6.135.131 - - [01/Feb/2026:07:33:59 +0800] "GET /.well-known/security.txt HTTP/1.1" 404 31367 "-" "-"
36.133.115.36 - - [01/Feb/2026:07:34:12 +0800] "POST /wp-cron.php?doing_wp_cron=1769902452.1321079730987548828125 HTTP/1.1" 200 31 "-" "WordPress/6.9; http://cqqizhou.com"
159.203.169.243 - - [01/Feb/2026:07:34:12 +0800] "GET /.env HTTP/1.1" 404 8950 "-" "Mozilla/5.0; Keydrop.io/1.0(onlyscans.com/about);"
159.203.169.243 - - [01/Feb/2026:07:34:14 +0800] "GET /.git/config HTTP/1.1" 404 8951 "-" "Mozilla/5.0; Keydrop.io/1.0(onlyscans.com/about);"
36.133.115.36 - - [01/Feb/2026:07:39:27 +0800] "POST /wp-cron.php?doing_wp_cron=1769902767.0761959552764892578125 HTTP/1.1" 200 31 "-" "WordPress/6.9; http://cqqizhou.com"
47.93.219.142 - - [01/Feb/2026:07:39:27 +0800] "GET / HTTP/1.1" 301 5 "-" "Go-http-client/1.1"
47.93.219.142 - - [01/Feb/2026:07:39:27 +0800] "GET / HTTP/1.1" 200 35186 "http://36.133.115.36" "Go-http-client/1.1"
36.133.115.36 - - [01/Feb/2026:07:40:26 +0800] "POST /wp-cron.php?doing_wp_cron=1769902826.3320200443267822265625 HTTP/1.1" 200 31 "-" "WordPress/6.9; http://cqqizhou.com"
43.159.145.149 - - [01/Feb/2026:07:40:26 +0800] "GET / HTTP/1.1" 200 34751 "-" "Mozilla/5.0 (iPhone; CPU iPhone OS 13_2_3 like Mac OS X) AppleWebKit/605.1.15 (KHTML, like Gecko) Version/13.0.3 Mobile/15E148 Safari/604.1"
36.133.115.36 - - [01/Feb/2026:07:53:37 +0800] "POST /wp-cron.php?doing_wp_cron=1769903617.5165369510650634765625 HTTP/1.1" 200 31 "-" "WordPress/6.9; http://cqqizhou.com"
193.142.147.209 - - [01/Feb/2026:07:53:38 +0800] "POST / HTTP/1.1" 200 34751 "-" "Mozilla/5.0 (Windows NT 10.0; Win64; x64) AppleWebKit/537.36"
36.133.115.36 - - [01/Feb/2026:08:02:03 +0800] "POST /wp-cron.php?doing_wp_cron=1769904123.5094780921936035156250 HTTP/1.1" 200 31 "-" "WordPress/6.9; http://cqqizhou.com"
64.62.197.47 - - [01/Feb/2026:08:02:03 +0800] "GET / HTTP/1.1" 301 5 "-" "Mozilla/5.0 (Macintosh; Intel Mac OS X 10_15_7) AppleWebKit/537.36 (KHTML, like Gecko) Chrome/136.0.0.0 Safari/537.36"
36.133.115.36 - - [01/Feb/2026:08:02:36 +0800] "POST /wp-cron.php?doing_wp_cron=1769904156.7201669216156005859375 HTTP/1.1" 200 31 "-" "WordPress/6.9; http://cqqizhou.com"
43.153.54.14 - - [01/Feb/2026:08:02:36 +0800] "GET / HTTP/1.1" 301 5 "-" "Mozilla/5.0 (iPhone; CPU iPhone OS 13_2_3 like Mac OS X) AppleWebKit/605.1.15 (KHTML, like Gecko) Version/13.0.3 Mobile/15E148 Safari/604.1"
43.153.54.14 - - [01/Feb/2026:08:02:38 +0800] "GET / HTTP/1.1" 200 34752 "http://www.cqqizhou.com" "Mozilla/5.0 (iPhone; CPU iPhone OS 13_2_3 like Mac OS X) AppleWebKit/605.1.15 (KHTML, like Gecko) Version/13.0.3 Mobile/15E148 Safari/604.1"
36.133.115.36 - - [01/Feb/2026:08:03:27 +0800] "POST /wp-cron.php?doing_wp_cron=1769904207.5464160442352294921875 HTTP/1.1" 200 31 "-" "WordPress/6.9; http://cqqizhou.com"
64.62.197.47 - - [01/Feb/2026:08:03:27 +0800] "GET /webui/ HTTP/1.1" 404 8950 "-" "Mozilla/5.0 (Macintosh; Intel Mac OS X 10_15_7) AppleWebKit/537.36 (KHTML, like Gecko) Chrome/123.0.0.0 Safari/537.36"
64.62.197.55 - - [01/Feb/2026:08:04:02 +0800] "GET / HTTP/1.1" 301 5 "-" "Mozilla/5.0 (Macintosh; Intel Mac OS X 10_15_7) AppleWebKit/537.36 (KHTML, like Gecko) Chrome/123.0.0.0 Safari/537.36"
64.62.197.56 - - [01/Feb/2026:08:04:03 +0800] "GET / HTTP/1.1" 200 35186 "http://36.133.115.36/" "Mozilla/5.0 (Macintosh; Intel Mac OS X 10_15_7) AppleWebKit/537.36 (KHTML, like Gecko) Chrome/123.0.0.0 Safari/537.36"
36.133.115.36 - - [01/Feb/2026:08:05:10 +0800] "POST /wp-cron.php?doing_wp_cron=1769904310.6385478973388671875000 HTTP/1.1" 200 31 "-" "WordPress/6.9; http://cqqizhou.com"
66.249.74.135 - - [01/Feb/2026:08:05:10 +0800] "GET /portfolio/duplex-stainless-steel/ HTTP/1.1" 404 8948 "-" "Mozilla/5.0 (Linux; Android 6.0.1; Nexus 5X Build/MMB29P) AppleWebKit/537.36 (KHTML, like Gecko) Chrome/143.0.7499.192 Mobile Safari/537.36 (compatible; Googlebot/2.1; +http://www.google.com/bot.html)"
64.62.197.47 - - [01/Feb/2026:08:06:06 +0800] "GET /geoserver/web/ HTTP/1.1" 404 8950 "-" "Mozilla/5.0 (Macintosh; Intel Mac OS X 10_15_7) AppleWebKit/537.36 (KHTML, like Gecko) Chrome/136.0.0.0 Safari/537.36"
52.167.144.18 - - [01/Feb/2026:08:09:18 +0800] "GET /wp-content/uploads/2025/07/1750945650-honor300%C3%97206_6.webp HTTP/1.1" 200 66306 "-" "Mozilla/5.0 AppleWebKit/537.36 (KHTML, like Gecko; compatible; bingbot/2.0; +http://www.bing.com/bingbot.htm) Chrome/116.0.1938.76 Safari/537.36"
36.133.115.36 - - [01/Feb/2026:08:10:07 +0800] "POST /wp-cron.php?doing_wp_cron=1769904607.7548658847808837890625 HTTP/1.1" 200 31 "-" "WordPress/6.9; http://cqqizhou.com"
51.77.216.62 - - [01/Feb/2026:08:10:07 +0800] "GET /robots.txt HTTP/1.1" 200 390 "-" "Mozilla/5.0 (compatible; MJ12bot/v1.4.8; http://mj12bot.com/)"
51.77.216.62 - - [01/Feb/2026:08:10:09 +0800] "GET /tag/%E5%8D%9A%E8%81%94%E8%BE%BE/ HTTP/1.1" 200 20948 "-" "Mozilla/5.0 (compatible; MJ12bot/v1.4.8; http://mj12bot.com/)"
51.77.216.62 - - [01/Feb/2026:08:10:11 +0800] "GET /tag/%E7%89%A9%E6%B5%81/ HTTP/1.1" 200 20931 "-" "Mozilla/5.0 (compatible; MJ12bot/v1.4.8; http://mj12bot.com/)"
36.133.115.36 - - [01/Feb/2026:08:12:09 +0800] "POST /wp-cron.php?doing_wp_cron=1769904729.6788930892944335937500 HTTP/1.1" 200 31 "-" "WordPress/6.9; http://cqqizhou.com"
51.77.216.62 - - [01/Feb/2026:08:12:09 +0800] "GET /robots.txt HTTP/1.1" 200 390 "-" "Mozilla/5.0 (compatible; MJ12bot/v1.4.8; http://mj12bot.com/)"
51.77.216.62 - - [01/Feb/2026:08:12:11 +0800] "GET /tag/%E5%8D%9A%E8%81%94%E8%BE%BE/ HTTP/1.1" 200 20948 "-" "Mozilla/5.0 (compatible; MJ12bot/v1.4.8; http://mj12bot.com/)"
51.77.216.62 - - [01/Feb/2026:08:12:13 +0800] "GET /tag/%E7%89%A9%E6%B5%81/ HTTP/1.1" 200 20931 "-" "Mozilla/5.0 (compatible; MJ12bot/v1.4.8; http://mj12bot.com/)"
36.133.115.36 - - [01/Feb/2026:08:15:53 +0800] "POST /wp-cron.php?doing_wp_cron=1769904953.6944229602813720703125 HTTP/1.1" 200 31 "-" "WordPress/6.9; http://cqqizhou.com"
220.181.108.104 - - [01/Feb/2026:08:15:53 +0800] "GET /portfolio-tag/pangang/ HTTP/1.1" 404 8951 "-" "Mozilla/5.0 (compatible; Baiduspider/2.0; +http://www.baidu.com/search/spider.html)"
36.133.115.36 - - [01/Feb/2026:08:18:26 +0800] "POST /wp-cron.php?doing_wp_cron=1769905106.3291680812835693359375 HTTP/1.1" 200 31 "-" "WordPress/6.9; http://cqqizhou.com"
43.133.253.253 - - [01/Feb/2026:08:18:26 +0800] "GET / HTTP/1.1" 200 34752 "-" "Mozilla/5.0 (iPhone; CPU iPhone OS 13_2_3 like Mac OS X) AppleWebKit/605.1.15 (KHTML, like Gecko) Version/13.0.3 Mobile/15E148 Safari/604.1"
36.133.115.36 - - [01/Feb/2026:08:22:51 +0800] "POST /wp-cron.php?doing_wp_cron=1769905371.9316339492797851562500 HTTP/1.1" 200 31 "-" "WordPress/6.9; http://cqqizhou.com"
204.76.203.219 - - [01/Feb/2026:08:22:51 +0800] "GET / HTTP/1.1" 200 34752 "-" "Mozilla/5.0 (Windows NT 10.0; Win64; x64) AppleWebKit/537.36 (KHTML, like Gecko) Chrome/90.0.4430.85 Safari/537.36 Edg/90.0.818.46"
36.133.115.36 - - [01/Feb/2026:08:28:23 +0800] "POST /wp-cron.php?doing_wp_cron=1769905703.7567930221557617187500 HTTP/1.1" 200 31 "-" "WordPress/6.9; http://cqqizhou.com"
87.121.84.51 - - [01/Feb/2026:08:28:23 +0800] "GET / HTTP/1.0" 301 0 "-" "Mozilla/5.0 (X11; Linux x86_64; rv:140.0) Gecko/20100101 Firefox/140.0"
36.133.115.36 - - [01/Feb/2026:08:35:12 +0800] "POST /wp-cron.php?doing_wp_cron=1769906112.3868479728698730468750 HTTP/1.1" 200 31 "-" "WordPress/6.9; http://cqqizhou.com"
40.124.175.86 - - [01/Feb/2026:08:35:12 +0800] "GET /developmentserver/metadatauploader HTTP/1.1" 404 8950 "-" "Mozilla/5.0 zgrab/0.x"
36.133.115.36 - - [01/Feb/2026:08:59:43 +0800] "POST /wp-cron.php?doing_wp_cron=1769907583.6760389804840087890625 HTTP/1.1" 200 31 "-" "WordPress/6.9; http://cqqizhou.com"
198.71.53.139 - - [01/Feb/2026:08:59:43 +0800] "POST /xmlrpc.php HTTP/1.1" 200 217 "-" "Mozilla/5.0 (Windows NT 10.0; WOW64) AppleWebKit/537.36 (KHTML, like Gecko) Chrome/141.0.0.0 Safari/537.36 Edg/141.0.0.0"
36.133.115.36 - - [01/Feb/2026:09:04:36 +0800] "POST /wp-cron.php?doing_wp_cron=1769907876.5114569664001464843750 HTTP/1.1" 200 31 "-" "WordPress/6.9; http://cqqizhou.com"
147.185.132.12 - - [01/Feb/2026:09:04:36 +0800] "GET / HTTP/1.0" 301 0 "-" "Hello from Palo Alto Networks, find out more about our scans in https://docs-cortex.paloaltonetworks.com/r/1/Cortex-Xpanse/Scanning-activity"
36.133.115.36 - - [01/Feb/2026:09:06:02 +0800] "POST /wp-cron.php?doing_wp_cron=1769907962.5444409847259521484375 HTTP/1.1" 200 31 "-" "WordPress/6.9; http://cqqizhou.com"
45.91.64.8 - - [01/Feb/2026:09:06:02 +0800] "GET /aaa9 HTTP/1.1" 301 5 "-" "Mozilla/5.0 (Windows NT 10.0; Win64; x64) AppleWebKit/537.36 (KHTML, like Gecko) Chrome/70.0.3538.77 Safari/537.36"
95.215.0.144 - - [01/Feb/2026:09:06:02 +0800] "GET / HTTP/1.1" 200 110231 "-" "fasthttp"
95.215.0.144 - - [01/Feb/2026:09:06:04 +0800] "GET / HTTP/1.1" 200 110231 "-" "fasthttp"
45.91.64.8 - - [01/Feb/2026:09:06:04 +0800] "GET /aab9 HTTP/1.1" 301 5 "-" "Mozilla/5.0 (Windows NT 10.0; Win64; x64) AppleWebKit/537.36 (KHTML, like Gecko) Chrome/70.0.3538.77 Safari/537.36"
95.215.0.144 - - [01/Feb/2026:09:06:05 +0800] "GET / HTTP/1.1" 200 110231 "-" "fasthttp"
95.215.0.144 - - [01/Feb/2026:09:06:07 +0800] "GET / HTTP/1.1" 200 110231 "-" "fasthttp"
36.133.115.36 - - [01/Feb/2026:09:06:08 +0800] "POST /wp-cron.php?doing_wp_cron=1769907968.4981129169464111328125 HTTP/1.1" 200 31 "-" "WordPress/6.9; http://cqqizhou.com"
95.215.0.144 - - [01/Feb/2026:09:06:08 +0800] "GET / HTTP/1.1" 200 110231 "-" "fasthttp"
36.133.115.36 - - [01/Feb/2026:09:13:29 +0800] "POST /wp-cron.php?doing_wp_cron=1769908409.8032820224761962890625 HTTP/1.1" 200 31 "-" "WordPress/6.9; http://cqqizhou.com"
116.179.32.76 - - [01/Feb/2026:09:13:29 +0800] "GET /wp-json/oembed/1.0/embed?url=http%3A%2F%2Fcqqizhou.com%2F2162%2F HTTP/1.1" 200 1296 "-" "Mozilla/5.0 (compatible; Baiduspider/2.0; +http://www.baidu.com/search/spider.html)"
220.181.108.174 - - [01/Feb/2026:09:13:30 +0800] "GET /2153/ HTTP/1.1" 200 24189 "-" "Mozilla/5.0 (compatible; Baiduspider/2.0; +http://www.baidu.com/search/spider.html)"
36.133.115.36 - - [01/Feb/2026:09:14:49 +0800] "POST /wp-cron.php?doing_wp_cron=1769908489.1479239463806152343750 HTTP/1.1" 200 31 "-" "WordPress/6.9; http://cqqizhou.com"
204.76.203.219 - - [01/Feb/2026:09:14:49 +0800] "GET / HTTP/1.1" 200 34752 "-" "Mozilla/5.0 (Windows NT 10.0; Win64; x64) AppleWebKit/537.36 (KHTML, like Gecko) Chrome/90.0.4430.85 Safari/537.36 Edg/90.0.818.46"
209.38.69.0 - - [01/Feb/2026:09:36:55 +0800] "GET / HTTP/1.1" 200 35186 "-" "Mozilla/5.0 (X11; Linux x86_64) AppleWebKit/537.36 (KHTML, like Gecko) Chrome/142.0.0.0 Safari/537.36"
36.133.115.36 - - [01/Feb/2026:09:52:01 +0800] "POST /wp-cron.php?doing_wp_cron=1769910721.6904220581054687500000 HTTP/1.1" 200 31 "-" "WordPress/6.9; http://cqqizhou.com"
206.168.34.221 - - [01/Feb/2026:09:52:01 +0800] "GET /robots.txt HTTP/1.1" 200 190 "-" "Mozilla/5.0 (compatible; CensysInspect/1.1; +https://about.censys.io/)"
36.133.115.36 - - [01/Feb/2026:09:52:09 +0800] "POST /wp-cron.php?doing_wp_cron=1769910729.8065299987792968750000 HTTP/1.1" 200 31 "-" "WordPress/6.9; http://cqqizhou.com"
206.168.34.221 - - [01/Feb/2026:09:52:09 +0800] "GET /78jzldab892kd HTTP/1.1" 404 8950 "-" "Mozilla/5.0 (compatible; CensysInspect/1.1; +https://about.censys.io/)"
36.133.115.36 - - [01/Feb/2026:09:54:18 +0800] "POST /wp-cron.php?doing_wp_cron=1769910858.2023320198059082031250 HTTP/1.1" 200 31 "-" "WordPress/6.9; http://cqqizhou.com"
150.107.38.251 - - [01/Feb/2026:09:54:18 +0800] "GET / HTTP/1.1" 200 34750 "-" "Mozilla/5.0 (X11; Linux x86_64) AppleWebKit/537.36 (KHTML, like Gecko) Chrome/86.0.4 240.111 Safari/537.36"
36.133.108.121 - - [01/Feb/2026:09:54:31 +0800] "HEAD /jasperserverTest/login.html HTTP/1.1" 404 0 "-" "Mozilla/5.0 (compatible; MSIE 10.0; Windows NT 6.1; Trident/6.0)"
150.107.38.251 - - [01/Feb/2026:09:54:45 +0800] "GET /wp-content/themes/qizhou/images/favicon-32x32.svg/ HTTP/1.1" 404 8951 "-" "Mozilla/5.0 (X11; Linux x86_64) AppleWebKit/537.36 (KHTML, like Gecko) Chrome/86.0.4 240.111 Safari/537.36"
36.133.115.36 - - [01/Feb/2026:10:09:43 +0800] "POST /wp-cron.php?doing_wp_cron=1769911783.9205489158630371093750 HTTP/1.1" 200 31 "-" "WordPress/6.9; http://cqqizhou.com"
182.42.105.85 - - [01/Feb/2026:10:09:43 +0800] "GET / HTTP/1.1" 200 34752 "-" "Mozilla/5.0 (iPhone; CPU iPhone OS 13_2_3 like Mac OS X) AppleWebKit/605.1.15 (KHTML, like Gecko) Version/13.0.3 Mobile/15E148 Safari/604.1"
36.133.115.36 - - [01/Feb/2026:10:14:52 +0800] "POST /wp-cron.php?doing_wp_cron=1769912092.1255199909210205078125 HTTP/1.1" 200 31 "-" "WordPress/6.9; http://cqqizhou.com"
