139.180.186.229 - - [02/Jan/2026:15:29:41 +0800] "GET /wp-content/uploads/pp-files/zrvdd.php HTTP/1.1" 404 47 "-" "Mozilla/5.0 (X11; Linux x86_64; rv:107.0) Gecko/20100101 Firefox/107.0"
36.133.115.36 - - [02/Jan/2026:15:30:05 +0800] "POST /wp-cron.php?doing_wp_cron=1767339005.5281651020050048828125 HTTP/1.1" 200 31 "-" "WordPress/6.8.3; http://cqqizhou.com"
139.180.186.229 - - [02/Jan/2026:15:30:05 +0800] "POST /wp-admin/admin-ajax.php?action=wc_help_scout_upload_attachments HTTP/1.1" 400 11 "-" "Mozilla/5.0 (Macintosh; Intel Mac OS X 10_15_7) AppleWebKit/537.36 (KHTML, like Gecko) Chrome/110.0.0.0 Safari/537.36"
139.180.186.229 - - [02/Jan/2026:15:30:05 +0800] "POST /wp-admin/admin-ajax.php?action=wc_help_scout_upload_attachments HTTP/1.1" 400 11 "-" "Mozilla/5.0 (Macintosh; Intel Mac OS X 10_15_7) AppleWebKit/605.1.15 (KHTML, like Gecko) Version/17.8 Safari/605.1.15"
139.180.186.229 - - [02/Jan/2026:15:30:06 +0800] "POST /wp-admin/admin-ajax.php HTTP/1.1" 400 11 "-" "Mozilla/5.0 (Macintosh; Intel Mac OS X 13_5_2) AppleWebKit/605.1.15 (KHTML, like Gecko) Version/17.0 Safari/605.1.15"
139.180.186.229 - - [02/Jan/2026:15:30:06 +0800] "POST /wp-admin/admin-ajax.php?action=uploadFontIcon HTTP/1.1" 400 11 "-" "Mozilla/5.0 (X11; Linux i686; rv:1.9.5.20) Gecko/ Firefox/3.6.12"
139.180.186.229 - - [02/Jan/2026:15:30:06 +0800] "POST /wp-admin/admin-ajax.php HTTP/1.1" 400 11 "-" "Mozilla/5.0 (X11; Linux i686; rv:1.9.5.20) Gecko/ Firefox/3.6.1"
139.180.186.229 - - [02/Jan/2026:15:30:07 +0800] "POST /wp-admin/admin-ajax.php?action=uploadFontIcon HTTP/1.1" 400 11 "-" "Mozilla/5.0 (Knoppix; Linux i686) AppleWebKit/537.36 (KHTML, like Gecko) Chrome/131.0.0.0 Safari/537.36"
139.180.186.229 - - [02/Jan/2026:15:30:07 +0800] "POST /wp-admin/admin-ajax.php HTTP/1.1" 400 11 "-" "Mozilla/5.0 (Macintosh; Intel Mac OS X 10_15_6) AppleWebKit/605.1.15 (KHTML, like Gecko) Version/13.1.2 Safari/605.1.15"
139.180.186.229 - - [02/Jan/2026:15:30:08 +0800] "GET /wp-content/uploads/hstmp/5ZROP1.php HTTP/1.1" 404 47 "-" "Mozilla/5.0 (Macintosh; Intel Mac OS X 10_15_7) AppleWebKit/605.1.15 (KHTML, like Gecko) Version/18.1 Mobile/15E148 Safari/604.1"
139.180.186.229 - - [02/Jan/2026:15:30:08 +0800] "GET /wp-content/uploads/workreap-temp/37gsKMvvLCU4jYaEFay0ILHVdRb.php HTTP/1.1" 404 47 "-" "Mozilla/5.0 (Windows NT 10.0; Win64; x64; rv:71.0) Gecko/20100101 Firefox/71.0"
139.180.186.229 - - [02/Jan/2026:15:30:08 +0800] "GET /wp-content/uploads/hstmp/5ZROP1.php HTTP/1.1" 404 47 "-" "Mozilla/5.0 (Macintosh; Intel Mac OS X 10_15_7) AppleWebKit/605.1.15 (KHTML, like Gecko) Version/17.11 Mobile/15E148 Safari/604.1"
139.180.186.229 - - [02/Jan/2026:15:30:08 +0800] "GET /wp-content/uploads/kaswara/fonts_icon/pohggq/mc.php HTTP/1.1" 404 47 "-" "Mozilla/5.0 (Macintosh; Intel Mac OS X 10_15_7) AppleWebKit/605.1.15 (KHTML, like Gecko) Version/15.6.1 Safari/605.1.15"
139.180.186.229 - - [02/Jan/2026:15:30:09 +0800] "POST /wp-admin/admin-ajax.php HTTP/1.1" 400 11 "-" "Mozilla/5.0 (Macintosh; Intel Mac OS X 10_15_7) AppleWebKit/605.1.15 (KHTML, like Gecko) Version/18.5 Safari/605.1.15"
139.180.186.229 - - [02/Jan/2026:15:30:09 +0800] "GET /wp-content/uploads/kaswara/fonts_icon/pohggq/mc.php HTTP/1.1" 404 47 "-" "Mozilla/5.0 (Windows NT 10.0; Win64; x64; rv:73.0) Gecko/20100101 Firefox/73.0"
139.180.186.229 - - [02/Jan/2026:15:30:09 +0800] "GET /wp-content/uploads/workreap-temp/37gsKMvvLCU4jYaEFay0ILHVdRb.php HTTP/1.1" 404 47 "-" "Mozilla/5.0 (Macintosh; Intel Mac OS X 10_15_7) AppleWebKit/605.1.15 (KHTML, like Gecko) Version/14.1.2 Safari/605.1.15"
139.180.186.229 - - [02/Jan/2026:15:30:09 +0800] "GET /wp-content/uploads/wp_dndcf7_uploads/wpcf7-files/37gsKJW5fk7vx45Vm1THOBPDh4r.txt HTTP/1.1" 404 8975 "-" "Mozilla/5.0 (X11; Linux x86_64; rv:138.0) Gecko/20100101 Firefox/138.0"
139.180.186.229 - - [02/Jan/2026:15:30:11 +0800] "GET /wp-content/uploads/wp_dndcf7_uploads/wpcf7-files/37gsKJW5fk7vx45Vm1THOBPDh4r.txt HTTP/1.1" 301 5 "-" "Mozilla/5.0 (X11; Linux i686; rv:1.9.5.20) Gecko/ Firefox/3.6.14"
139.180.186.229 - - [02/Jan/2026:15:34:56 +0800] "GET /wp-content/plugins/wpcargo/includes/37gsKQBEZ6yY5nA4gycIJsSJmu6.php HTTP/1.1" 404 47 "-" "Mozilla/5.0 (Macintosh; Intel Mac OS X 10_15_7) AppleWebKit/605.1.15 (KHTML, like Gecko) Version/18.4 Safari/605.1.15"
139.180.186.229 - - [02/Jan/2026:15:34:57 +0800] "GET /wp-content/plugins/wpcargo/includes/37gsKQBEZ6yY5nA4gycIJsSJmu6.php HTTP/1.1" 404 47 "-" "Mozilla/5.0 (Macintosh; Intel Mac OS X 10_15_7) AppleWebKit/605.1.15 (KHTML, like Gecko) Version/17.0 Safari/605.4.21"
139.180.186.229 - - [02/Jan/2026:15:34:57 +0800] "GET /wp-content/plugins/wpcargo/includes/barcode.php?text=x1x1111x1xx1xx111xx11111xx1x111x1x1x1xxx11x1111xx1x11xxxx1xx1xxxxx1x1x1xx1x1x11xx1xxxx1x11xx111xxx1xx1xx1x1x1xxx11x1111xxx1xxx1xx1x111xxx1x1xx1xxx1x1x1xx1x1x11xxx11xx1x11xx111xx1xxx1xx11x1x11x11x1111x1x11111x1x1xxxx&sizefactor=.090909090909&size=1&filepath=37gsKQBEZ6yY5nA4gycIJsSJmu6.php HTTP/1.1" 404 47 "-" "Mozilla/5.0 (Macintosh; Intel Mac OS X 10_15_7) AppleWebKit/537.36 (KHTML, like Gecko) Version/16.0 Safari/537.36"
139.180.186.229 - - [02/Jan/2026:15:34:59 +0800] "GET /wp-content/plugins/wpcargo/includes/barcode.php?text=x1x1111x1xx1xx111xx11111xx1x111x1x1x1xxx11x1111xx1x11xxxx1xx1xxxxx1x1x1xx1x1x11xx1xxxx1x11xx111xxx1xx1xx1x1x1xxx11x1111xxx1xxx1xx1x111xxx1x1xx1xxx1x1x1xx1x1x11xxx11xx1x11xx111xx1xxx1xx11x1x11x11x1111x1x11111x1x1xxxx&sizefactor=.090909090909&size=1&filepath=37gsKQBEZ6yY5nA4gycIJsSJmu6.php HTTP/1.1" 404 47 "-" "Mozilla/5.0 (Windows NT 10.0; Win64; x64; rv:109.0) Gecko/20100101 Firefox/117.0"
139.180.186.229 - - [02/Jan/2026:15:35:00 +0800] "POST /wp-content/plugins/wpcargo/includes/37gsKQBEZ6yY5nA4gycIJsSJmu6.php?1=var_dump HTTP/1.1" 404 47 "-" "Mozilla/5.0 (Windows NT 10.0; Win64; x64; rv:139.0) Gecko/20100101 Firefox/139.0"
139.180.186.229 - - [02/Jan/2026:15:35:02 +0800] "POST /wp-content/plugins/wpcargo/includes/37gsKQBEZ6yY5nA4gycIJsSJmu6.php?1=var_dump HTTP/1.1" 404 47 "-" "Mozilla/5.0 (Windows NT 10.0; Win64; x64; rv:69.0) Gecko/20100101 Firefox/69.0"
15.235.27.68 - - [02/Jan/2026:15:36:28 +0800] "GET /portfolio/remaining-rolls/ HTTP/1.1" 200 22191 "-" "Mozilla/5.0 (compatible; AhrefsBot/7.0; +http://ahrefs.com/robot/)"
36.133.115.36 - - [02/Jan/2026:15:48:50 +0800] "POST /wp-cron.php?doing_wp_cron=1767340130.2848670482635498046875 HTTP/1.1" 200 31 "-" "WordPress/6.8.3; http://cqqizhou.com"
78.47.142.186 - - [02/Jan/2026:15:48:50 +0800] "POST /xmlrpc.php HTTP/1.1" 200 217 "-" "Mozilla/5.0 (Windows NT 10.0; Win64; x64; rv:76.0) Gecko/20100101 Firefox/76.0"
36.133.115.36 - - [02/Jan/2026:15:57:42 +0800] "POST /wp-cron.php?doing_wp_cron=1767340662.7101271152496337890625 HTTP/1.1" 200 31 "-" "WordPress/6.8.3; http://cqqizhou.com"
45.135.194.23 - - [02/Jan/2026:15:57:44 +0800] "GET / HTTP/1.1" 200 152290 "-" "-"
193.36.222.9 - - [02/Jan/2026:16:33:55 +0800] "GET / HTTP/1.1" 200 34110 "-" "Mozilla/5.0 (Windows NT 10.0; Win64; x64; rv:114.0) Gecko/20100101 Firefox/114.0"
193.36.222.5 - - [02/Jan/2026:16:33:57 +0800] "GET /contacts/ HTTP/1.1" 200 21595 "http://cqqizhou.com" "Mozilla/5.0 (Windows NT 10.0; Win64; x64; rv:114.0) Gecko/20100101 Firefox/114.0"
36.133.115.36 - - [02/Jan/2026:16:34:01 +0800] "POST /wp-cron.php?doing_wp_cron=1767342841.5418310165405273437500 HTTP/1.1" 200 31 "-" "WordPress/6.8.3; http://cqqizhou.com"
193.36.222.10 - - [02/Jan/2026:16:34:01 +0800] "GET /bug HTTP/1.1" 301 5 "http://cqqizhou.com" "Mozilla/5.0 (Windows NT 10.0; Win64; x64; rv:114.0) Gecko/20100101 Firefox/114.0"
193.36.222.4 - - [02/Jan/2026:16:34:03 +0800] "GET /bug/ HTTP/1.1" 200 12840 "http://cqqizhou.com/bug" "Mozilla/5.0 (Windows NT 10.0; Win64; x64; rv:114.0) Gecko/20100101 Firefox/114.0"
193.36.222.7 - - [02/Jan/2026:16:34:05 +0800] "POST /wp-json/contact-form-7/v1/contact-forms/158/feedback HTTP/1.1" 200 219 "http://cqqizhou.com/contacts/" "Mozilla/5.0 (Windows NT 10.0; Win64; x64; rv:114.0) Gecko/20100101 Firefox/114.0"
36.133.115.36 - - [02/Jan/2026:16:40:27 +0800] "POST /wp-cron.php?doing_wp_cron=1767343227.7083730697631835937500 HTTP/1.1" 200 31 "-" "WordPress/6.8.3; http://cqqizhou.com"
66.249.68.64 - - [02/Jan/2026:16:40:27 +0800] "GET /business/ HTTP/1.1" 404 8981 "-" "Mozilla/5.0 (Linux; Android 6.0.1; Nexus 5X Build/MMB29P) AppleWebKit/537.36 (KHTML, like Gecko) Chrome/141.0.7390.122 Mobile Safari/537.36 (compatible; Googlebot/2.1; +http://www.google.com/bot.html)"
36.133.115.36 - - [02/Jan/2026:16:45:43 +0800] "POST /wp-cron.php?doing_wp_cron=1767343543.1881620883941650390625 HTTP/1.1" 200 31 "-" "WordPress/6.8.3; http://cqqizhou.com"
159.65.130.72 - - [02/Jan/2026:16:45:43 +0800] "POST /xmlrpc.php HTTP/1.1" 200 217 "-" "Mozilla/5.0 (Windows NT 10.0; Win64; x64; rv:66.0) Gecko/20100101 Firefox/66.0"
15.235.98.120 - - [02/Jan/2026:16:46:11 +0800] "GET /about/ HTTP/1.1" 200 29976 "-" "Mozilla/5.0 (compatible; AhrefsBot/7.0; +http://ahrefs.com/robot/)"
36.133.115.36 - - [02/Jan/2026:16:49:23 +0800] "POST /wp-cron.php?doing_wp_cron=1767343763.9332170486450195312500 HTTP/1.1" 200 31 "-" "WordPress/6.8.3; http://cqqizhou.com"
141.98.11.140 - - [02/Jan/2026:16:49:23 +0800] "GET /login.asp HTTP/1.1" 301 5 "-" "Mozilla/5.0"
36.133.115.36 - - [02/Jan/2026:16:56:07 +0800] "POST /wp-cron.php?doing_wp_cron=1767344167.4890320301055908203125 HTTP/1.1" 200 31 "-" "WordPress/6.8.3; http://cqqizhou.com"
60.191.125.35 - - [02/Jan/2026:16:56:07 +0800] "HEAD http://112.124.42.80:63435/ HTTP/1.1" 200 0 "-" "Mozilla/5.0 (Macintosh; Intel Mac OS X 10_11_6) AppleWebKit/537.36 (KHTML, like Gecko) Chrome/53.0.2785.143 Safari/537.36"
36.133.115.36 - - [02/Jan/2026:16:57:07 +0800] "POST /wp-cron.php?doing_wp_cron=1767344227.1663050651550292968750 HTTP/1.1" 200 31 "-" "WordPress/6.8.3; http://cqqizhou.com"
193.142.147.209 - - [02/Jan/2026:16:57:08 +0800] "POST / HTTP/1.1" 200 33678 "-" "Mozilla/5.0 (Windows NT 10.0; Win64; x64) AppleWebKit/537.36"
36.133.115.36 - - [02/Jan/2026:17:11:33 +0800] "POST /wp-cron.php?doing_wp_cron=1767345093.1082699298858642578125 HTTP/1.1" 200 31 "-" "WordPress/6.8.3; http://cqqizhou.com"
43.153.86.78 - - [02/Jan/2026:17:11:33 +0800] "GET / HTTP/1.1" 200 33678 "-" "Mozilla/5.0 (iPhone; CPU iPhone OS 13_2_3 like Mac OS X) AppleWebKit/605.1.15 (KHTML, like Gecko) Version/13.0.3 Mobile/15E148 Safari/604.1"
36.133.115.36 - - [02/Jan/2026:17:16:59 +0800] "POST /wp-cron.php?doing_wp_cron=1767345419.9346311092376708984375 HTTP/1.1" 200 31 "-" "WordPress/6.8.3; http://cqqizhou.com"
204.76.203.219 - - [02/Jan/2026:17:17:00 +0800] "GET / HTTP/1.1" 200 33678 "-" "Mozilla/5.0 (Windows NT 10.0; Win64; x64) AppleWebKit/537.36 (KHTML, like Gecko) Chrome/90.0.4430.85 Safari/537.36 Edg/90.0.818.46"
36.133.115.36 - - [02/Jan/2026:17:27:28 +0800] "POST /wp-cron.php?doing_wp_cron=1767346048.8783938884735107421875 HTTP/1.1" 200 31 "-" "WordPress/6.8.3; http://cqqizhou.com"
74.249.129.23 - - [02/Jan/2026:17:27:28 +0800] "GET / HTTP/1.1" 301 5 "-" "Mozilla/5.0 zgrab/0.x"
36.133.115.36 - - [02/Jan/2026:17:33:55 +0800] "POST /wp-cron.php?doing_wp_cron=1767346435.1978359222412109375000 HTTP/1.1" 200 31 "-" "WordPress/6.8.3; http://cqqizhou.com"
43.166.237.57 - - [02/Jan/2026:17:33:55 +0800] "GET / HTTP/1.1" 200 33678 "-" "Mozilla/5.0 (iPhone; CPU iPhone OS 13_2_3 like Mac OS X) AppleWebKit/605.1.15 (KHTML, like Gecko) Version/13.0.3 Mobile/15E148 Safari/604.1"
51.161.65.10 - - [02/Jan/2026:17:38:46 +0800] "GET /portfolio/hot-dip-galvanized-coil/ HTTP/1.1" 200 22310 "-" "Mozilla/5.0 (compatible; AhrefsBot/7.0; +http://ahrefs.com/robot/)"
36.133.115.36 - - [02/Jan/2026:17:41:36 +0800] "POST /wp-cron.php?doing_wp_cron=1767346896.3947811126708984375000 HTTP/1.1" 200 31 "-" "WordPress/6.8.3; http://cqqizhou.com"
38.46.221.123 - - [02/Jan/2026:17:41:36 +0800] "GET http://check.9tb.org/ HTTP/1.1" 301 5 "-" "Go-http-client/1.1"
38.46.221.123 - - [02/Jan/2026:17:41:36 +0800] "GET http://cqqizhou.com/ HTTP/1.1" 200 34110 "http://check.9tb.org" "Go-http-client/1.1"
36.133.115.36 - - [02/Jan/2026:17:44:04 +0800] "POST /wp-cron.php?doing_wp_cron=1767347044.0738120079040527343750 HTTP/1.1" 200 31 "-" "WordPress/6.8.3; http://cqqizhou.com"
217.76.158.107 - - [02/Jan/2026:17:44:04 +0800] "POST /xmlrpc.php HTTP/1.1" 200 217 "-" "Mozilla/5.0 (Windows NT 10.0; Win64; x64; rv:68.0) Gecko/20100101 Firefox/68.0"
36.133.115.36 - - [02/Jan/2026:17:59:19 +0800] "POST /wp-cron.php?doing_wp_cron=1767347959.5637130737304687500000 HTTP/1.1" 200 31 "-" "WordPress/6.8.3; http://cqqizhou.com"
40.77.167.42 - - [02/Jan/2026:17:59:19 +0800] "GET /?s=2025 HTTP/1.1" 200 19822 "-" "Mozilla/5.0 AppleWebKit/537.36 (KHTML, like Gecko; compatible; bingbot/2.0; +http://www.bing.com/bingbot.htm) Chrome/116.0.1938.76 Safari/537.36"
36.133.115.36 - - [02/Jan/2026:18:01:58 +0800] "POST /wp-cron.php?doing_wp_cron=1767348118.8886020183563232421875 HTTP/1.1" 200 31 "-" "WordPress/6.8.3; http://cqqizhou.com"
66.249.79.227 - - [02/Jan/2026:18:01:58 +0800] "GET /robots.txt HTTP/1.1" 301 5 "-" "Mozilla/5.0 (compatible; Googlebot/2.1; +http://www.google.com/bot.html)"
66.249.68.70 - - [02/Jan/2026:18:02:00 +0800] "GET /robots.txt HTTP/1.1" 200 190 "-" "Mozilla/5.0 (compatible; Googlebot/2.1; +http://www.google.com/bot.html)"
66.249.79.228 - - [02/Jan/2026:18:02:02 +0800] "GET / HTTP/1.1" 301 5 "-" "Mozilla/5.0 (Linux; Android 6.0.1; Nexus 5X Build/MMB29P) AppleWebKit/537.36 (KHTML, like Gecko) Chrome/141.0.7390.122 Mobile Safari/537.36 (compatible; Googlebot/2.1; +http://www.google.com/bot.html)"
66.249.68.71 - - [02/Jan/2026:18:02:03 +0800] "GET / HTTP/1.1" 200 33678 "-" "Mozilla/5.0 (Linux; Android 6.0.1; Nexus 5X Build/MMB29P) AppleWebKit/537.36 (KHTML, like Gecko) Chrome/141.0.7390.122 Mobile Safari/537.36 (compatible; Googlebot/2.1; +http://www.google.com/bot.html)"
66.249.79.227 - - [02/Jan/2026:18:02:14 +0800] "GET / HTTP/1.1" 301 5 "-" "Mozilla/5.0 (Linux; Android 6.0.1; Nexus 5X Build/MMB29P) AppleWebKit/537.36 (KHTML, like Gecko) Chrome/99.0.4844.84 Mobile Safari/537.36 (compatible; Googlebot/2.1; +http://www.google.com/bot.html)"
66.249.79.227 - - [02/Jan/2026:18:02:15 +0800] "GET / HTTP/1.1" 301 5 "-" "Mozilla/5.0 (compatible; Googlebot/2.1; +http://www.google.com/bot.html)"
66.249.68.70 - - [02/Jan/2026:18:02:16 +0800] "GET / HTTP/1.1" 200 33679 "-" "Mozilla/5.0 (Linux; Android 6.0.1; Nexus 5X Build/MMB29P) AppleWebKit/537.36 (KHTML, like Gecko) Chrome/99.0.4844.84 Mobile Safari/537.36 (compatible; Googlebot/2.1; +http://www.google.com/bot.html)"
66.249.68.71 - - [02/Jan/2026:18:02:17 +0800] "GET / HTTP/1.1" 200 34110 "-" "Mozilla/5.0 (compatible; Googlebot/2.1; +http://www.google.com/bot.html)"
114.119.136.139 - - [02/Jan/2026:18:02:45 +0800] "GET /wp-sitemap.xml HTTP/1.1" 501 253 "-" "Mozilla/5.0 (Linux; Android 7.0;) AppleWebKit/537.36 (KHTML, like Gecko) Mobile Safari/537.36 (compatible; PetalBot;+https://webmaster.petalsearch.com/site/petalbot)"
139.180.186.229 - - [02/Jan/2026:18:03:31 +0800] "GET / HTTP/1.1" 200 34110 "-" "Mozilla/5.0 (X11; Linux i686; rv:1.9.6.20) Gecko/ Firefox/5.0"
36.133.115.36 - - [02/Jan/2026:18:03:32 +0800] "POST /wp-cron.php?doing_wp_cron=1767348212.8090739250183105468750 HTTP/1.1" 200 31 "-" "WordPress/6.8.3; http://cqqizhou.com"
139.180.186.229 - - [02/Jan/2026:18:03:32 +0800] "GET / HTTP/1.1" 301 5 "-" "Mozilla/5.0 (Macintosh; Intel Mac OS X 10_15_7) AppleWebKit/605.1.15 (KHTML, like Gecko) Version/16.5 Safari/605.1.15"
139.180.186.229 - - [02/Jan/2026:18:03:33 +0800] "POST /wp-json/am-member/license HTTP/1.1" 404 154 "-" "Mozilla/5.0 (X11; Linux x86_64; rv:103.0) Gecko/20100101 Firefox/103.0"
139.180.186.229 - - [02/Jan/2026:18:03:34 +0800] "POST /wp-json/am-member/license HTTP/1.1" 404 154 "-" "Mozilla/5.0 (X11; Linux i686) AppleWebKit/537.36 (KHTML, like Gecko) Chrome/133.0.0.0 Safari/537.36"
36.133.115.36 - - [02/Jan/2026:18:07:43 +0800] "POST /wp-cron.php?doing_wp_cron=1767348463.4208340644836425781250 HTTP/1.1" 200 31 "-" "WordPress/6.8.3; http://cqqizhou.com"
114.119.165.200 - - [02/Jan/2026:18:07:43 +0800] "GET /wp-sitemap.xml HTTP/1.1" 501 253 "-" "Mozilla/5.0 (Linux; Android 7.0;) AppleWebKit/537.36 (KHTML, like Gecko) Mobile Safari/537.36 (compatible; PetalBot;+https://webmaster.petalsearch.com/site/petalbot)"
36.133.115.36 - - [02/Jan/2026:18:15:28 +0800] "POST /wp-cron.php?doing_wp_cron=1767348928.5400218963623046875000 HTTP/1.1" 200 31 "-" "WordPress/6.8.3; http://cqqizhou.com"
139.180.186.229 - - [02/Jan/2026:18:15:29 +0800] "POST /wp-admin/admin.php?page=html2wp-settings HTTP/1.1" 302 5 "-" "Mozilla/5.0 (Macintosh; Intel Mac OS X 10_15_7) AppleWebKit/605.1.15 (KHTML, like Gecko) Version/17.8.1 Safari/605.1.15"
139.180.186.229 - - [02/Jan/2026:18:15:29 +0800] "POST /wp-admin/admin.php?page=html2wp-settings HTTP/1.1" 302 5 "-" "Mozilla/5.0 (Macintosh; Intel Mac OS X 10_10_5) AppleWebKit/603.3.8 (KHTML, like Gecko) Version/10.1.2 Safari/603.3.8"
139.180.186.229 - - [02/Jan/2026:18:15:30 +0800] "GET /wp-content/uploads/html2wp/37gsKMgVrWB9NNJkRvyzCJnHYPY.php HTTP/1.1" 404 47 "-" "Mozilla/5.0 (Windows NT 10.0; Win64; x64; rv:83.0) Gecko/20100101 Firefox/83.0"
139.180.186.229 - - [02/Jan/2026:18:15:30 +0800] "GET /wp-content/uploads/html2wp/37gsKMgVrWB9NNJkRvyzCJnHYPY.php HTTP/1.1" 404 47 "-" "Mozilla/5.0 (Windows NT 6.1; WOW64; rv:40.0) Gecko/20100101 Firefox/40.1"
139.180.186.229 - - [02/Jan/2026:18:15:31 +0800] "GET /wp-admin/admin-post.php?vrc_cmd=phpinfo HTTP/1.1" 200 31 "-" "Mozilla/5.0 (Macintosh; Intel Mac OS X 10_15_6) AppleWebKit/605.1.15 (KHTML, like Gecko) Version/15.1 Safari/605.1.15"
139.180.186.229 - - [02/Jan/2026:18:15:35 +0800] "GET /wp-admin/admin-post.php?vrc_cmd=phpinfo HTTP/1.1" 200 31 "-" "Mozilla/5.0 (Debian; Linux i686) AppleWebKit/537.36 (KHTML, like Gecko) Chrome/138.0.0.0 Safari/537.36"
114.119.130.40 - - [02/Jan/2026:18:15:36 +0800] "GET /wp-sitemap.xml HTTP/1.1" 501 253 "-" "Mozilla/5.0 (Linux; Android 7.0;) AppleWebKit/537.36 (KHTML, like Gecko) Mobile Safari/537.36 (compatible; PetalBot;+https://webmaster.petalsearch.com/site/petalbot)"
36.133.115.36 - - [02/Jan/2026:18:16:34 +0800] "POST /wp-cron.php?doing_wp_cron=1767348994.9304080009460449218750 HTTP/1.1" 200 31 "-" "WordPress/6.8.3; http://cqqizhou.com"
185.191.171.6 - - [02/Jan/2026:18:16:34 +0800] "GET /robots.txt HTTP/1.1" 200 190 "-" "Mozilla/5.0 (compatible; SemrushBot/7~bl; +http://www.semrush.com/bot.html)"
85.208.96.209 - - [02/Jan/2026:18:16:35 +0800] "GET /portfolio-category/remaining-rolls/ HTTP/1.1" 200 21071 "-" "Mozilla/5.0 (compatible; SemrushBot/7~bl; +http://www.semrush.com/bot.html)"
36.133.115.36 - - [02/Jan/2026:18:23:23 +0800] "POST /wp-cron.php?doing_wp_cron=1767349403.6940391063690185546875 HTTP/1.1" 200 31 "-" "WordPress/6.8.3; http://cqqizhou.com"
3.137.73.221 - - [02/Jan/2026:18:23:23 +0800] "GET / HTTP/1.1" 301 5 "-" "cypex.ai/scanning Mozilla/5.0 (Macintosh; Intel Mac OS X 10_15_7) Chrome/126.0.0.0 Safari/537.36"
218.55.78.23 - - [02/Jan/2026:18:24:43 +0800] "GET /logistics/ HTTP/1.1" 200 22470 "https://www.google.com/" "Mozilla/5.0 (Windows NT 10.0; Win64; x64) AppleWebKit/537.36 (KHTML, like Gecko) Chrome/127.0.4340.78 Safari/537.36"
36.133.115.36 - - [02/Jan/2026:18:27:23 +0800] "POST /wp-cron.php?doing_wp_cron=1767349643.3153250217437744140625 HTTP/1.1" 200 31 "-" "WordPress/6.8.3; http://cqqizhou.com"
62.84.191.9 - - [02/Jan/2026:18:27:23 +0800] "POST /hello.world?%ADd+allow_url_include%3d1+%ADd+auto_prepend_file%3dphp://input HTTP/1.1" 404 31364 "-" "libredtail-http"
62.84.191.9 - - [02/Jan/2026:18:27:25 +0800] "POST /?%ADd+allow_url_include%3d1+%ADd+auto_prepend_file%3dphp://input HTTP/1.1" 200 152290 "-" "libredtail-http"
62.84.191.9 - - [02/Jan/2026:18:27:26 +0800] "GET /vendor/phpunit/phpunit/src/Util/PHP/eval-stdin.php HTTP/1.1" 404 27 "-" "libredtail-http"
62.84.191.9 - - [02/Jan/2026:18:27:26 +0800] "GET /vendor/phpunit/phpunit/Util/PHP/eval-stdin.php HTTP/1.1" 404 27 "-" "libredtail-http"
62.84.191.9 - - [02/Jan/2026:18:27:27 +0800] "GET /vendor/phpunit/src/Util/PHP/eval-stdin.php HTTP/1.1" 404 27 "-" "libredtail-http"
62.84.191.9 - - [02/Jan/2026:18:27:27 +0800] "GET /vendor/phpunit/Util/PHP/eval-stdin.php HTTP/1.1" 404 27 "-" "libredtail-http"
62.84.191.9 - - [02/Jan/2026:18:27:27 +0800] "GET /vendor/phpunit/phpunit/LICENSE/eval-stdin.php HTTP/1.1" 404 27 "-" "libredtail-http"
62.84.191.9 - - [02/Jan/2026:18:27:28 +0800] "GET /vendor/vendor/phpunit/phpunit/src/Util/PHP/eval-stdin.php HTTP/1.1" 404 27 "-" "libredtail-http"
62.84.191.9 - - [02/Jan/2026:18:27:28 +0800] "GET /phpunit/phpunit/src/Util/PHP/eval-stdin.php HTTP/1.1" 404 27 "-" "libredtail-http"
62.84.191.9 - - [02/Jan/2026:18:27:28 +0800] "GET /phpunit/phpunit/Util/PHP/eval-stdin.php HTTP/1.1" 404 27 "-" "libredtail-http"
62.84.191.9 - - [02/Jan/2026:18:27:29 +0800] "GET /phpunit/src/Util/PHP/eval-stdin.php HTTP/1.1" 404 27 "-" "libredtail-http"
62.84.191.9 - - [02/Jan/2026:18:27:29 +0800] "GET /phpunit/Util/PHP/eval-stdin.php HTTP/1.1" 404 27 "-" "libredtail-http"
62.84.191.9 - - [02/Jan/2026:18:27:30 +0800] "GET /lib/phpunit/phpunit/src/Util/PHP/eval-stdin.php HTTP/1.1" 404 27 "-" "libredtail-http"
62.84.191.9 - - [02/Jan/2026:18:27:31 +0800] "GET /lib/phpunit/phpunit/Util/PHP/eval-stdin.php HTTP/1.1" 404 27 "-" "libredtail-http"
62.84.191.9 - - [02/Jan/2026:18:27:31 +0800] "GET /lib/phpunit/src/Util/PHP/eval-stdin.php HTTP/1.1" 404 27 "-" "libredtail-http"
62.84.191.9 - - [02/Jan/2026:18:27:31 +0800] "GET /lib/phpunit/Util/PHP/eval-stdin.php HTTP/1.1" 404 27 "-" "libredtail-http"
62.84.191.9 - - [02/Jan/2026:18:27:32 +0800] "GET /lib/vendor/phpunit/phpunit/src/Util/PHP/eval-stdin.php HTTP/1.1" 404 27 "-" "libredtail-http"
62.84.191.9 - - [02/Jan/2026:18:27:32 +0800] "GET /laravel/vendor/phpunit/phpunit/src/Util/PHP/eval-stdin.php HTTP/1.1" 404 27 "-" "libredtail-http"
62.84.191.9 - - [02/Jan/2026:18:27:32 +0800] "GET /www/vendor/phpunit/phpunit/src/Util/PHP/eval-stdin.php HTTP/1.1" 404 27 "-" "libredtail-http"
62.84.191.9 - - [02/Jan/2026:18:27:33 +0800] "GET /ws/vendor/phpunit/phpunit/src/Util/PHP/eval-stdin.php HTTP/1.1" 404 27 "-" "libredtail-http"
62.84.191.9 - - [02/Jan/2026:18:27:33 +0800] "GET /yii/vendor/phpunit/phpunit/src/Util/PHP/eval-stdin.php HTTP/1.1" 404 27 "-" "libredtail-http"
62.84.191.9 - - [02/Jan/2026:18:27:33 +0800] "GET /zend/vendor/phpunit/phpunit/src/Util/PHP/eval-stdin.php HTTP/1.1" 404 27 "-" "libredtail-http"
62.84.191.9 - - [02/Jan/2026:18:27:34 +0800] "GET /ws/ec/vendor/phpunit/phpunit/src/Util/PHP/eval-stdin.php HTTP/1.1" 404 27 "-" "libredtail-http"
62.84.191.9 - - [02/Jan/2026:18:27:34 +0800] "GET /V2/vendor/phpunit/phpunit/src/Util/PHP/eval-stdin.php HTTP/1.1" 404 27 "-" "libredtail-http"
62.84.191.9 - - [02/Jan/2026:18:27:35 +0800] "GET /tests/vendor/phpunit/phpunit/src/Util/PHP/eval-stdin.php HTTP/1.1" 404 27 "-" "libredtail-http"
62.84.191.9 - - [02/Jan/2026:18:27:35 +0800] "GET /test/vendor/phpunit/phpunit/src/Util/PHP/eval-stdin.php HTTP/1.1" 404 27 "-" "libredtail-http"
62.84.191.9 - - [02/Jan/2026:18:27:35 +0800] "GET /testing/vendor/phpunit/phpunit/src/Util/PHP/eval-stdin.php HTTP/1.1" 404 27 "-" "libredtail-http"
62.84.191.9 - - [02/Jan/2026:18:27:36 +0800] "GET /api/vendor/phpunit/phpunit/src/Util/PHP/eval-stdin.php HTTP/1.1" 404 27 "-" "libredtail-http"
62.84.191.9 - - [02/Jan/2026:18:27:37 +0800] "GET /demo/vendor/phpunit/phpunit/src/Util/PHP/eval-stdin.php HTTP/1.1" 404 27 "-" "libredtail-http"
62.84.191.9 - - [02/Jan/2026:18:27:38 +0800] "GET /cms/vendor/phpunit/phpunit/src/Util/PHP/eval-stdin.php HTTP/1.1" 404 27 "-" "libredtail-http"
62.84.191.9 - - [02/Jan/2026:18:27:38 +0800] "GET /crm/vendor/phpunit/phpunit/src/Util/PHP/eval-stdin.php HTTP/1.1" 404 27 "-" "libredtail-http"
62.84.191.9 - - [02/Jan/2026:18:27:38 +0800] "GET /admin/vendor/phpunit/phpunit/src/Util/PHP/eval-stdin.php HTTP/1.1" 404 27 "-" "libredtail-http"
62.84.191.9 - - [02/Jan/2026:18:27:39 +0800] "GET /backup/vendor/phpunit/phpunit/src/Util/PHP/eval-stdin.php HTTP/1.1" 404 27 "-" "libredtail-http"
62.84.191.9 - - [02/Jan/2026:18:27:39 +0800] "GET /blog/vendor/phpunit/phpunit/src/Util/PHP/eval-stdin.php HTTP/1.1" 404 27 "-" "libredtail-http"
62.84.191.9 - - [02/Jan/2026:18:27:39 +0800] "GET /workspace/drupal/vendor/phpunit/phpunit/src/Util/PHP/eval-stdin.php HTTP/1.1" 404 27 "-" "libredtail-http"
62.84.191.9 - - [02/Jan/2026:18:27:40 +0800] "GET /panel/vendor/phpunit/phpunit/src/Util/PHP/eval-stdin.php HTTP/1.1" 404 27 "-" "libredtail-http"
62.84.191.9 - - [02/Jan/2026:18:27:40 +0800] "GET /public/vendor/phpunit/phpunit/src/Util/PHP/eval-stdin.php HTTP/1.1" 404 27 "-" "libredtail-http"
62.84.191.9 - - [02/Jan/2026:18:27:41 +0800] "GET /apps/vendor/phpunit/phpunit/src/Util/PHP/eval-stdin.php HTTP/1.1" 404 27 "-" "libredtail-http"
62.84.191.9 - - [02/Jan/2026:18:27:41 +0800] "GET /app/vendor/phpunit/phpunit/src/Util/PHP/eval-stdin.php HTTP/1.1" 404 27 "-" "libredtail-http"
62.84.191.9 - - [02/Jan/2026:18:27:42 +0800] "GET /index.php?s=/index/\x5Cthink\x5Capp/invokefunction&function=call_user_func_array&vars[0]=md5&vars[1][]=Hello HTTP/1.1" 200 65783 "-" "libredtail-http"
62.84.191.9 - - [02/Jan/2026:18:27:44 +0800] "GET /public/index.php?s=/index/\x5Cthink\x5Capp/invokefunction&function=call_user_func_array&vars[0]=md5&vars[1][]=Hello HTTP/1.1" 404 27 "-" "libredtail-http"
62.84.191.9 - - [02/Jan/2026:18:27:45 +0800] "GET /index.php?lang=../../../../../../../../usr/local/lib/php/pearcmd&+config-create+/&/<?echo(md5(\x22hi\x22));?>+/tmp/index1.php HTTP/1.1" 200 152290 "-" "libredtail-http"
36.133.115.36 - - [02/Jan/2026:18:27:46 +0800] "POST /wp-cron.php?doing_wp_cron=1767349666.8632910251617431640625 HTTP/1.1" 200 31 "-" "WordPress/6.8.3; http://cqqizhou.com"
62.84.191.9 - - [02/Jan/2026:18:27:47 +0800] "GET /index.php?lang=../../../../../../../../tmp/index1 HTTP/1.1" 200 152290 "-" "libredtail-http"
62.84.191.9 - - [02/Jan/2026:18:27:48 +0800] "GET /containers/json HTTP/1.1" 301 5 "-" "libredtail-http"
54.39.210.18 - - [02/Jan/2026:18:28:30 +0800] "GET /services/ HTTP/1.1" 200 31630 "-" "Mozilla/5.0 (compatible; AhrefsBot/7.0; +http://ahrefs.com/robot/)"
36.133.115.36 - - [02/Jan/2026:18:36:32 +0800] "POST /wp-cron.php?doing_wp_cron=1767350192.0103058815002441406250 HTTP/1.1" 200 31 "-" "WordPress/6.8.3; http://cqqizhou.com"
148.113.202.220 - - [02/Jan/2026:18:36:32 +0800] "POST /xmlrpc.php HTTP/1.1" 200 217 "-" "Mozilla/5.0 (Windows NT 10.0; Win64; x64; rv:53.0) Gecko/20100101 Firefox/53.0"
36.133.115.36 - - [02/Jan/2026:18:42:34 +0800] "POST /wp-cron.php?doing_wp_cron=1767350554.4215199947357177734375 HTTP/1.1" 200 31 "-" "WordPress/6.8.3; http://cqqizhou.com"
66.249.68.70 - - [02/Jan/2026:18:42:34 +0800] "GET /logistics HTTP/1.1" 301 5 "-" "Mozilla/5.0 (Linux; Android 6.0.1; Nexus 5X Build/MMB29P) AppleWebKit/537.36 (KHTML, like Gecko) Chrome/141.0.7390.122 Mobile Safari/537.36 (compatible; Googlebot/2.1; +http://www.google.com/bot.html)"
66.249.68.71 - - [02/Jan/2026:18:42:35 +0800] "GET /logistics/ HTTP/1.1" 200 18299 "-" "Mozilla/5.0 (Linux; Android 6.0.1; Nexus 5X Build/MMB29P) AppleWebKit/537.36 (KHTML, like Gecko) Chrome/141.0.7390.122 Mobile Safari/537.36 (compatible; Googlebot/2.1; +http://www.google.com/bot.html)"
36.133.115.36 - - [02/Jan/2026:18:57:50 +0800] "POST /wp-cron.php?doing_wp_cron=1767351470.3844449520111083984375 HTTP/1.1" 200 31 "-" "WordPress/6.8.3; http://cqqizhou.com"
204.76.203.219 - - [02/Jan/2026:18:57:50 +0800] "GET / HTTP/1.1" 200 33678 "-" "Mozilla/5.0 (Windows NT 10.0; Win64; x64) AppleWebKit/537.36 (KHTML, like Gecko) Chrome/90.0.4430.85 Safari/537.36 Edg/90.0.818.46"
36.133.115.36 - - [02/Jan/2026:19:01:43 +0800] "POST /wp-cron.php?doing_wp_cron=1767351703.9052429199218750000000 HTTP/1.1" 200 31 "-" "WordPress/6.8.3; http://cqqizhou.com"
93.174.93.12 - - [02/Jan/2026:19:01:43 +0800] "GET / HTTP/1.0" 301 0 "-" "Mozilla/5.0 (Macintosh; Intel Mac OS X 10_9_5) AppleWebKit/537.78.1 (KHTML like Gecko) Version/7.0.6 Safari/537.78.1"
36.133.115.36 - - [02/Jan/2026:19:02:16 +0800] "POST /wp-cron.php?doing_wp_cron=1767351736.0168030261993408203125 HTTP/1.1" 200 31 "-" "WordPress/6.8.3; http://cqqizhou.com"
38.46.221.123 - - [02/Jan/2026:19:02:16 +0800] "GET http://check.9tb.org/ HTTP/1.1" 301 5 "-" "Go-http-client/1.1"
38.46.221.123 - - [02/Jan/2026:19:02:16 +0800] "GET http://cqqizhou.com/ HTTP/1.1" 200 34110 "http://check.9tb.org" "Go-http-client/1.1"
36.133.115.36 - - [02/Jan/2026:19:27:15 +0800] "POST /wp-cron.php?doing_wp_cron=1767353234.9735310077667236328125 HTTP/1.1" 200 31 "-" "WordPress/6.8.3; http://cqqizhou.com"
121.52.252.229 - - [02/Jan/2026:19:27:15 +0800] "GET / HTTP/1.0" 301 0 "-" "Mozilla/5.0 (Windows NT 10.0; Win64; x64) AppleWebKit/537.36 (KHTML, like Gecko) Chrome/124.0.0.0 Safari/537.36"
121.52.252.229 - - [02/Jan/2026:19:27:15 +0800] "GET / HTTP/1.0" 200 153956 "-" "Mozilla/5.0 (Windows NT 10.0; Win64; x64) AppleWebKit/537.36 (KHTML, like Gecko) Chrome/124.0.0.0 Safari/537.36"
36.133.115.36 - - [02/Jan/2026:19:33:39 +0800] "POST /wp-cron.php?doing_wp_cron=1767353619.5930140018463134765625 HTTP/1.1" 200 31 "-" "WordPress/6.8.3; http://cqqizhou.com"
172.104.208.183 - - [02/Jan/2026:19:33:39 +0800] "POST /xmlrpc.php HTTP/1.1" 200 217 "-" "Mozilla/5.0 (Windows NT 10.0; Win64; x64; rv:56.0) Gecko/20100101 Firefox/56.0"
36.133.115.36 - - [02/Jan/2026:19:36:21 +0800] "POST /wp-cron.php?doing_wp_cron=1767353781.0754339694976806640625 HTTP/1.1" 200 31 "-" "WordPress/6.8.3; http://cqqizhou.com"
193.142.147.209 - - [02/Jan/2026:19:36:23 +0800] "POST / HTTP/1.1" 200 33678 "-" "Mozilla/5.0 (Windows NT 10.0; Win64; x64) AppleWebKit/537.36"
36.133.115.36 - - [02/Jan/2026:19:39:43 +0800] "POST /wp-cron.php?doing_wp_cron=1767353983.1173160076141357421875 HTTP/1.1" 200 31 "-" "WordPress/6.8.3; http://cqqizhou.com"
43.166.244.66 - - [02/Jan/2026:19:39:43 +0800] "GET / HTTP/1.1" 301 5 "-" "Mozilla/5.0 (iPhone; CPU iPhone OS 13_2_3 like Mac OS X) AppleWebKit/605.1.15 (KHTML, like Gecko) Version/13.0.3 Mobile/15E148 Safari/604.1"
43.166.244.66 - - [02/Jan/2026:19:39:45 +0800] "GET / HTTP/1.1" 200 33676 "http://36.133.115.36" "Mozilla/5.0 (iPhone; CPU iPhone OS 13_2_3 like Mac OS X) AppleWebKit/605.1.15 (KHTML, like Gecko) Version/13.0.3 Mobile/15E148 Safari/604.1"
36.133.115.36 - - [02/Jan/2026:19:44:03 +0800] "POST /wp-cron.php?doing_wp_cron=1767354243.8864951133728027343750 HTTP/1.1" 200 31 "-" "WordPress/6.8.3; http://cqqizhou.com"
74.7.227.147 - - [02/Jan/2026:19:44:03 +0800] "GET /wp-sitemap.xml HTTP/1.1" 501 253 "-" "Mozilla/5.0 AppleWebKit/537.36 (KHTML, like Gecko; compatible; GPTBot/1.3; +https://openai.com/gptbot)"
74.7.228.41 - - [02/Jan/2026:19:44:04 +0800] "GET /robots.txt HTTP/1.1" 200 190 "-" "Mozilla/5.0 (Macintosh; Intel Mac OS X 10_15_7) AppleWebKit/537.36 (KHTML, like Gecko) Chrome/131.0.0.0 Safari/537.36; compatible; OAI-SearchBot/1.3; robots.txt; +https://openai.com/searchbot"
15.235.98.81 - - [02/Jan/2026:19:46:37 +0800] "GET /2162/ HTTP/1.1" 200 25170 "-" "Mozilla/5.0 (compatible; AhrefsBot/7.0; +http://ahrefs.com/robot/)"
36.133.115.36 - - [02/Jan/2026:19:54:36 +0800] "POST /wp-cron.php?doing_wp_cron=1767354876.2782781124114990234375 HTTP/1.1" 200 31 "-" "WordPress/6.8.3; http://cqqizhou.com"
36.133.108.125 - - [02/Jan/2026:19:54:36 +0800] "HEAD /.git/config HTTP/1.1" 404 0 "-" "Opera/9.80 (Windows NT 5.1; U; cs) Presto/2.7.62 Version/11.01"
52.167.144.215 - - [02/Jan/2026:19:58:05 +0800] "GET / HTTP/1.1" 200 34110 "-" "Mozilla/5.0 AppleWebKit/537.36 (KHTML, like Gecko; compatible; bingbot/2.0; +http://www.bing.com/bingbot.htm) Chrome/116.0.1938.76 Safari/537.36"
36.133.115.36 - - [02/Jan/2026:20:28:21 +0800] "POST /wp-cron.php?doing_wp_cron=1767356901.8771018981933593750000 HTTP/1.1" 200 31 "-" "WordPress/6.8.3; http://cqqizhou.com"
44.224.60.2 - - [02/Jan/2026:20:28:21 +0800] "POST /xmlrpc.php HTTP/1.1" 200 217 "-" "Mozilla/5.0 (Windows NT 10.0; Win64; x64; rv:60.0) Gecko/20100101 Firefox/60.0"
36.133.115.36 - - [02/Jan/2026:20:34:29 +0800] "POST /wp-cron.php?doing_wp_cron=1767357269.5129070281982421875000 HTTP/1.1" 200 31 "-" "WordPress/6.8.3; http://cqqizhou.com"
164.52.24.178 - - [02/Jan/2026:20:34:29 +0800] "GET / HTTP/1.1" 301 5 "-" "Mozilla/5.0 (Windows NT 10.0; Win64; x64) AppleWebKit/537.36 (KHTML, like Gecko) Chrome/114.0.0.0 Safari/537.36"
164.52.24.178 - - [02/Jan/2026:20:34:33 +0800] "GET / HTTP/1.1" 301 5 "-" "-"
164.52.24.178 - - [02/Jan/2026:20:34:38 +0800] "GET / HTTP/1.1" 200 153978 "-" "Mozilla/5.0 (Windows NT 10.0; Win64; x64) AppleWebKit/537.36 (KHTML, like Gecko) Chrome/114.0.0.0 Safari/537.36"
36.133.115.36 - - [02/Jan/2026:20:41:33 +0800] "POST /wp-cron.php?doing_wp_cron=1767357693.7813289165496826171875 HTTP/1.1" 200 31 "-" "WordPress/6.8.3; http://cqqizhou.com"
5.187.35.158 - - [02/Jan/2026:20:41:33 +0800] "GET /SDK/webLanguage HTTP/1.1" 301 5 "-" "Mozilla/5.0 (Windows NT 10.0; Win64; x64) AppleWebKit/537.36 (KHTML, like Gecko) Chrome/90.0.4430.85 Safari/537.36 Edg/90.0.818.46"
36.133.115.36 - - [02/Jan/2026:20:53:27 +0800] "POST /wp-cron.php?doing_wp_cron=1767358407.2751100063323974609375 HTTP/1.1" 200 31 "-" "WordPress/6.8.3; http://cqqizhou.com"
49.51.39.209 - - [02/Jan/2026:20:53:27 +0800] "GET / HTTP/1.1" 301 5 "-" "Mozilla/5.0 (iPhone; CPU iPhone OS 13_2_3 like Mac OS X) AppleWebKit/605.1.15 (KHTML, like Gecko) Version/13.0.3 Mobile/15E148 Safari/604.1"
49.51.39.209 - - [02/Jan/2026:20:53:30 +0800] "GET / HTTP/1.1" 200 33677 "http://www.cqqizhou.com" "Mozilla/5.0 (iPhone; CPU iPhone OS 13_2_3 like Mac OS X) AppleWebKit/605.1.15 (KHTML, like Gecko) Version/13.0.3 Mobile/15E148 Safari/604.1"
36.133.115.36 - - [02/Jan/2026:21:02:38 +0800] "POST /wp-cron.php?doing_wp_cron=1767358958.4519460201263427734375 HTTP/1.1" 200 31 "-" "WordPress/6.8.3; http://cqqizhou.com"
198.244.168.225 - - [02/Jan/2026:21:02:38 +0800] "GET /robots.txt HTTP/1.1" 200 190 "-" "Mozilla/5.0 (compatible; AhrefsBot/7.0; +http://ahrefs.com/robot/)"
51.222.168.39 - - [02/Jan/2026:21:02:42 +0800] "GET /portfolio/duplex-stainless-steel/ HTTP/1.1" 200 22177 "-" "Mozilla/5.0 (compatible; AhrefsBot/7.0; +http://ahrefs.com/robot/)"
39.107.244.242 - - [02/Jan/2026:21:04:27 +0800] "GET /statics/js/webuploader/fileupload.php HTTP/1.1" 404 47 "-" "Mozilla/5.0 (Windows NT 10.0; Win64; x64)"
36.133.115.36 - - [02/Jan/2026:21:12:34 +0800] "POST /wp-cron.php?doing_wp_cron=1767359554.5446999073028564453125 HTTP/1.1" 200 31 "-" "WordPress/6.8.3; http://cqqizhou.com"
66.249.68.70 - - [02/Jan/2026:21:12:34 +0800] "GET /industry/ HTTP/1.1" 200 18236 "-" "Mozilla/5.0 (Linux; Android 6.0.1; Nexus 5X Build/MMB29P) AppleWebKit/537.36 (KHTML, like Gecko) Chrome/141.0.7390.122 Mobile Safari/537.36 (compatible; Googlebot/2.1; +http://www.google.com/bot.html)"
36.133.115.36 - - [02/Jan/2026:21:24:39 +0800] "POST /wp-cron.php?doing_wp_cron=1767360279.4931819438934326171875 HTTP/1.1" 200 31 "-" "WordPress/6.8.3; http://cqqizhou.com"
64.23.160.189 - - [02/Jan/2026:21:24:39 +0800] "POST /xmlrpc.php HTTP/1.1" 200 217 "-" "Mozilla/5.0 (Windows NT 10.0; Win64; x64; rv:74.0) Gecko/20100101 Firefox/74.0"
36.133.115.36 - - [02/Jan/2026:21:29:48 +0800] "POST /wp-cron.php?doing_wp_cron=1767360587.9673209190368652343750 HTTP/1.1" 200 31 "-" "WordPress/6.8.3; http://cqqizhou.com"
193.142.147.209 - - [02/Jan/2026:21:29:49 +0800] "POST / HTTP/1.1" 200 33677 "-" "Mozilla/5.0 (Windows NT 10.0; Win64; x64) AppleWebKit/537.36"
54.39.210.33 - - [02/Jan/2026:21:47:34 +0800] "GET /2160/ HTTP/1.1" 200 29449 "-" "Mozilla/5.0 (compatible; AhrefsBot/7.0; +http://ahrefs.com/robot/)"
36.133.115.36 - - [02/Jan/2026:21:51:34 +0800] "POST /wp-cron.php?doing_wp_cron=1767361894.1656289100646972656250 HTTP/1.1" 200 31 "-" "WordPress/6.8.3; http://cqqizhou.com"
182.42.111.156 - - [02/Jan/2026:21:51:34 +0800] "GET / HTTP/1.1" 200 33676 "-" "Mozilla/5.0 (iPhone; CPU iPhone OS 13_2_3 like Mac OS X) AppleWebKit/605.1.15 (KHTML, like Gecko) Version/13.0.3 Mobile/15E148 Safari/604.1"
36.133.115.36 - - [02/Jan/2026:22:05:29 +0800] "POST /wp-cron.php?doing_wp_cron=1767362729.3537149429321289062500 HTTP/1.1" 200 31 "-" "WordPress/6.8.3; http://cqqizhou.com"
141.98.11.140 - - [02/Jan/2026:22:05:29 +0800] "GET /login.asp HTTP/1.1" 301 5 "-" "Mozilla/5.0"
36.133.115.36 - - [02/Jan/2026:22:12:11 +0800] "POST /wp-cron.php?doing_wp_cron=1767363131.9074480533599853515625 HTTP/1.1" 200 31 "-" "WordPress/6.8.3; http://cqqizhou.com"
35.195.185.167 - - [02/Jan/2026:22:12:11 +0800] "GET / HTTP/1.1" 301 5 "-" "python-requests/2.32.5"
36.133.115.36 - - [02/Jan/2026:22:19:31 +0800] "POST /wp-cron.php?doing_wp_cron=1767363571.5274560451507568359375 HTTP/1.1" 200 31 "-" "WordPress/6.8.3; http://cqqizhou.com"
134.209.169.174 - - [02/Jan/2026:22:19:31 +0800] "POST /xmlrpc.php HTTP/1.1" 200 217 "-" "Mozilla/5.0 (Windows NT 10.0; Win64; x64; rv:76.0) Gecko/20100101 Firefox/76.0"
36.133.115.36 - - [02/Jan/2026:22:21:06 +0800] "POST /wp-cron.php?doing_wp_cron=1767363666.1838610172271728515625 HTTP/1.1" 200 31 "-" "WordPress/6.8.3; http://cqqizhou.com"
141.98.11.140 - - [02/Jan/2026:22:21:07 +0800] "GET / HTTP/1.1" 200 152290 "-" "-"
36.133.115.36 - - [02/Jan/2026:22:24:28 +0800] "POST /wp-cron.php?doing_wp_cron=1767363868.8912160396575927734375 HTTP/1.1" 200 31 "-" "WordPress/6.8.3; http://cqqizhou.com"
204.76.203.125 - - [02/Jan/2026:22:24:28 +0800] "GET /.env HTTP/1.1" 301 5 "-" "Mozilla/5.0"
204.76.203.125 - - [02/Jan/2026:22:24:30 +0800] "GET /.env.local HTTP/1.1" 301 5 "-" "Mozilla/5.0"
204.76.203.125 - - [02/Jan/2026:22:24:35 +0800] "GET /.env.backup HTTP/1.1" 301 5 "-" "Mozilla/5.0"
204.76.203.125 - - [02/Jan/2026:22:24:36 +0800] "GET /app/.env HTTP/1.1" 301 5 "-" "Mozilla/5.0"
204.76.203.125 - - [02/Jan/2026:22:24:39 +0800] "GET /@fs/app/.env?raw?? HTTP/1.1" 301 5 "-" "Mozilla/5.0"
204.76.203.125 - - [02/Jan/2026:22:24:40 +0800] "GET /@fs/root/.env?raw?? HTTP/1.1" 301 5 "-" "Mozilla/5.0"
204.76.203.125 - - [02/Jan/2026:22:24:43 +0800] "GET /@fs/proc/self/environ?raw?? HTTP/1.1" 301 5 "-" "Mozilla/5.0"
204.76.203.125 - - [02/Jan/2026:22:24:45 +0800] "GET /@fs/.env?raw?? HTTP/1.1" 301 5 "-" "Mozilla/5.0"
36.133.115.36 - - [02/Jan/2026:22:24:52 +0800] "POST /wp-cron.php?doing_wp_cron=1767363892.1698880195617675781250 HTTP/1.1" 200 31 "-" "WordPress/6.8.3; http://cqqizhou.com"
204.76.203.125 - - [02/Jan/2026:22:24:52 +0800] "GET /@fs/..%252f..%252f..%252f..%252f..%252froot/.env?raw?? HTTP/1.1" 301 5 "-" "Mozilla/5.0"
204.76.203.125 - - [02/Jan/2026:22:24:53 +0800] "GET /@fs/..%252f..%252f..%252f..%252f..%252fproc/self/environ?raw?? HTTP/1.1" 301 5 "-" "Mozilla/5.0"
204.76.203.125 - - [02/Jan/2026:22:24:54 +0800] "GET /__vite_rsc_findSourceMapURL?filename=file:///app/.env&environmentName=Server HTTP/1.1" 301 5 "-" "Mozilla/5.0"
204.76.203.125 - - [02/Jan/2026:22:24:56 +0800] "GET /__vite_rsc_findSourceMapURL?filename=file:///root/.env&environmentName=Server HTTP/1.1" 301 5 "-" "Mozilla/5.0"
204.76.203.125 - - [02/Jan/2026:22:24:57 +0800] "GET /__vite_rsc_findSourceMapURL?filename=file:///proc/self/environ&environmentName=Server HTTP/1.1" 301 5 "-" "Mozilla/5.0"
170.239.140.76 - - [02/Jan/2026:22:25:41 +0800] "POST /hello.world?%ADd+allow_url_include%3d1+%ADd+auto_prepend_file%3dphp://input HTTP/1.1" 404 31364 "-" "libredtail-http"
170.239.140.76 - - [02/Jan/2026:22:25:44 +0800] "POST /?%ADd+allow_url_include%3d1+%ADd+auto_prepend_file%3dphp://input HTTP/1.1" 200 152290 "-" "libredtail-http"
170.239.140.76 - - [02/Jan/2026:22:25:48 +0800] "GET /vendor/phpunit/phpunit/src/Util/PHP/eval-stdin.php HTTP/1.1" 404 27 "-" "libredtail-http"
170.239.140.76 - - [02/Jan/2026:22:25:51 +0800] "GET /vendor/phpunit/phpunit/Util/PHP/eval-stdin.php HTTP/1.1" 404 27 "-" "libredtail-http"
170.239.140.76 - - [02/Jan/2026:22:25:53 +0800] "GET /vendor/phpunit/src/Util/PHP/eval-stdin.php HTTP/1.1" 404 27 "-" "libredtail-http"
170.239.140.76 - - [02/Jan/2026:22:25:55 +0800] "GET /vendor/phpunit/Util/PHP/eval-stdin.php HTTP/1.1" 404 27 "-" "libredtail-http"
170.239.140.76 - - [02/Jan/2026:22:25:56 +0800] "GET /vendor/phpunit/phpunit/LICENSE/eval-stdin.php HTTP/1.1" 404 27 "-" "libredtail-http"
170.239.140.76 - - [02/Jan/2026:22:26:00 +0800] "GET /vendor/vendor/phpunit/phpunit/src/Util/PHP/eval-stdin.php HTTP/1.1" 404 27 "-" "libredtail-http"
170.239.140.76 - - [02/Jan/2026:22:26:03 +0800] "GET /phpunit/phpunit/src/Util/PHP/eval-stdin.php HTTP/1.1" 404 27 "-" "libredtail-http"
170.239.140.76 - - [02/Jan/2026:22:26:05 +0800] "GET /phpunit/phpunit/Util/PHP/eval-stdin.php HTTP/1.1" 404 27 "-" "libredtail-http"
170.239.140.76 - - [02/Jan/2026:22:26:07 +0800] "GET /phpunit/src/Util/PHP/eval-stdin.php HTTP/1.1" 404 27 "-" "libredtail-http"
170.239.140.76 - - [02/Jan/2026:22:26:10 +0800] "GET /phpunit/Util/PHP/eval-stdin.php HTTP/1.1" 404 27 "-" "libredtail-http"
170.239.140.76 - - [02/Jan/2026:22:26:13 +0800] "GET /lib/phpunit/phpunit/src/Util/PHP/eval-stdin.php HTTP/1.1" 404 27 "-" "libredtail-http"
170.239.140.76 - - [02/Jan/2026:22:26:14 +0800] "GET /lib/phpunit/phpunit/Util/PHP/eval-stdin.php HTTP/1.1" 404 27 "-" "libredtail-http"
170.239.140.76 - - [02/Jan/2026:22:26:17 +0800] "GET /lib/phpunit/src/Util/PHP/eval-stdin.php HTTP/1.1" 404 27 "-" "libredtail-http"
170.239.140.76 - - [02/Jan/2026:22:26:18 +0800] "GET /lib/phpunit/Util/PHP/eval-stdin.php HTTP/1.1" 404 27 "-" "libredtail-http"
170.239.140.76 - - [02/Jan/2026:22:26:21 +0800] "GET /lib/vendor/phpunit/phpunit/src/Util/PHP/eval-stdin.php HTTP/1.1" 404 27 "-" "libredtail-http"
170.239.140.76 - - [02/Jan/2026:22:26:23 +0800] "GET /laravel/vendor/phpunit/phpunit/src/Util/PHP/eval-stdin.php HTTP/1.1" 404 27 "-" "libredtail-http"
170.239.140.76 - - [02/Jan/2026:22:26:25 +0800] "GET /www/vendor/phpunit/phpunit/src/Util/PHP/eval-stdin.php HTTP/1.1" 404 27 "-" "libredtail-http"
170.239.140.76 - - [02/Jan/2026:22:26:28 +0800] "GET /ws/vendor/phpunit/phpunit/src/Util/PHP/eval-stdin.php HTTP/1.1" 404 27 "-" "libredtail-http"
170.239.140.76 - - [02/Jan/2026:22:26:32 +0800] "GET /yii/vendor/phpunit/phpunit/src/Util/PHP/eval-stdin.php HTTP/1.1" 404 27 "-" "libredtail-http"
170.239.140.76 - - [02/Jan/2026:22:26:35 +0800] "GET /zend/vendor/phpunit/phpunit/src/Util/PHP/eval-stdin.php HTTP/1.1" 404 27 "-" "libredtail-http"
170.239.140.76 - - [02/Jan/2026:22:26:37 +0800] "GET /ws/ec/vendor/phpunit/phpunit/src/Util/PHP/eval-stdin.php HTTP/1.1" 404 27 "-" "libredtail-http"
170.239.140.76 - - [02/Jan/2026:22:26:39 +0800] "GET /V2/vendor/phpunit/phpunit/src/Util/PHP/eval-stdin.php HTTP/1.1" 404 27 "-" "libredtail-http"
170.239.140.76 - - [02/Jan/2026:22:26:41 +0800] "GET /tests/vendor/phpunit/phpunit/src/Util/PHP/eval-stdin.php HTTP/1.1" 404 27 "-" "libredtail-http"
170.239.140.76 - - [02/Jan/2026:22:26:43 +0800] "GET /test/vendor/phpunit/phpunit/src/Util/PHP/eval-stdin.php HTTP/1.1" 404 27 "-" "libredtail-http"
170.239.140.76 - - [02/Jan/2026:22:26:45 +0800] "GET /testing/vendor/phpunit/phpunit/src/Util/PHP/eval-stdin.php HTTP/1.1" 404 27 "-" "libredtail-http"
170.239.140.76 - - [02/Jan/2026:22:26:47 +0800] "GET /api/vendor/phpunit/phpunit/src/Util/PHP/eval-stdin.php HTTP/1.1" 404 27 "-" "libredtail-http"
170.239.140.76 - - [02/Jan/2026:22:26:48 +0800] "GET /demo/vendor/phpunit/phpunit/src/Util/PHP/eval-stdin.php HTTP/1.1" 404 27 "-" "libredtail-http"
170.239.140.76 - - [02/Jan/2026:22:26:52 +0800] "GET /cms/vendor/phpunit/phpunit/src/Util/PHP/eval-stdin.php HTTP/1.1" 404 27 "-" "libredtail-http"
170.239.140.76 - - [02/Jan/2026:22:26:53 +0800] "GET /crm/vendor/phpunit/phpunit/src/Util/PHP/eval-stdin.php HTTP/1.1" 404 27 "-" "libredtail-http"
170.239.140.76 - - [02/Jan/2026:22:26:55 +0800] "GET /admin/vendor/phpunit/phpunit/src/Util/PHP/eval-stdin.php HTTP/1.1" 404 27 "-" "libredtail-http"
170.239.140.76 - - [02/Jan/2026:22:26:57 +0800] "GET /backup/vendor/phpunit/phpunit/src/Util/PHP/eval-stdin.php HTTP/1.1" 404 27 "-" "libredtail-http"
170.239.140.76 - - [02/Jan/2026:22:26:59 +0800] "GET /blog/vendor/phpunit/phpunit/src/Util/PHP/eval-stdin.php HTTP/1.1" 404 27 "-" "libredtail-http"
170.239.140.76 - - [02/Jan/2026:22:27:01 +0800] "GET /workspace/drupal/vendor/phpunit/phpunit/src/Util/PHP/eval-stdin.php HTTP/1.1" 404 27 "-" "libredtail-http"
170.239.140.76 - - [02/Jan/2026:22:27:03 +0800] "GET /panel/vendor/phpunit/phpunit/src/Util/PHP/eval-stdin.php HTTP/1.1" 404 27 "-" "libredtail-http"
170.239.140.76 - - [02/Jan/2026:22:27:05 +0800] "GET /public/vendor/phpunit/phpunit/src/Util/PHP/eval-stdin.php HTTP/1.1" 404 27 "-" "libredtail-http"
170.239.140.76 - - [02/Jan/2026:22:27:06 +0800] "GET /apps/vendor/phpunit/phpunit/src/Util/PHP/eval-stdin.php HTTP/1.1" 404 27 "-" "libredtail-http"
170.239.140.76 - - [02/Jan/2026:22:27:07 +0800] "GET /app/vendor/phpunit/phpunit/src/Util/PHP/eval-stdin.php HTTP/1.1" 404 27 "-" "libredtail-http"
36.133.115.36 - - [02/Jan/2026:22:27:09 +0800] "POST /wp-cron.php?doing_wp_cron=1767364029.5828139781951904296875 HTTP/1.1" 200 31 "-" "WordPress/6.8.3; http://cqqizhou.com"
170.239.140.76 - - [02/Jan/2026:22:27:09 +0800] "GET /index.php?s=/index/\x5Cthink\x5Capp/invokefunction&function=call_user_func_array&vars[0]=md5&vars[1][]=Hello HTTP/1.1" 200 65783 "-" "libredtail-http"
170.239.140.76 - - [02/Jan/2026:22:27:12 +0800] "GET /public/index.php?s=/index/\x5Cthink\x5Capp/invokefunction&function=call_user_func_array&vars[0]=md5&vars[1][]=Hello HTTP/1.1" 404 27 "-" "libredtail-http"
170.239.140.76 - - [02/Jan/2026:22:27:16 +0800] "GET /index.php?lang=../../../../../../../../usr/local/lib/php/pearcmd&+config-create+/&/<?echo(md5(\x22hi\x22));?>+/tmp/index1.php HTTP/1.1" 200 152290 "-" "libredtail-http"
170.239.140.76 - - [02/Jan/2026:22:27:21 +0800] "GET /index.php?lang=../../../../../../../../tmp/index1 HTTP/1.1" 200 152290 "-" "libredtail-http"
170.239.140.76 - - [02/Jan/2026:22:27:26 +0800] "GET /containers/json HTTP/1.1" 301 5 "-" "libredtail-http"
170.239.140.76 - - [02/Jan/2026:22:27:31 +0800] "GET /containers/json HTTP/1.1" 301 5 "-" "libredtail-http"
54.39.136.78 - - [02/Jan/2026:22:33:15 +0800] "GET /logistics/ HTTP/1.1" 200 22470 "-" "Mozilla/5.0 (compatible; AhrefsBot/7.0; +http://ahrefs.com/robot/)"
36.133.115.36 - - [02/Jan/2026:22:37:22 +0800] "POST /wp-cron.php?doing_wp_cron=1767364642.2105751037597656250000 HTTP/1.1" 200 31 "-" "WordPress/6.8.3; http://cqqizhou.com"
185.191.171.17 - - [02/Jan/2026:22:37:22 +0800] "GET /robots.txt HTTP/1.1" 200 190 "-" "Mozilla/5.0 (compatible; SemrushBot/7~bl; +http://www.semrush.com/bot.html)"
85.208.96.208 - - [02/Jan/2026:22:37:23 +0800] "GET /work-safety/ HTTP/1.1" 200 21636 "-" "Mozilla/5.0 (compatible; SemrushBot/7~bl; +http://www.semrush.com/bot.html)"
36.133.115.36 - - [02/Jan/2026:22:38:43 +0800] "POST /wp-cron.php?doing_wp_cron=1767364723.4396638870239257812500 HTTP/1.1" 200 31 "-" "WordPress/6.8.3; http://cqqizhou.com"
204.76.203.219 - - [02/Jan/2026:22:38:43 +0800] "GET / HTTP/1.1" 200 33677 "-" "Mozilla/5.0 (Windows NT 10.0; Win64; x64) AppleWebKit/537.36 (KHTML, like Gecko) Chrome/90.0.4430.85 Safari/537.36 Edg/90.0.818.46"
36.133.115.36 - - [02/Jan/2026:22:40:04 +0800] "POST /wp-cron.php?doing_wp_cron=1767364804.7427461147308349609375 HTTP/1.1" 200 31 "-" "WordPress/6.8.3; http://cqqizhou.com"
18.206.234.118 - - [02/Jan/2026:22:40:04 +0800] "GET / HTTP/1.1" 301 5 "-" "Mozilla/5.0 (Windows NT 10.0; Win64; x64) AppleWebKit/537.36 (KHTML, like Gecko) Chrome/136.0.0.0 Safari/537.36"
36.133.115.36 - - [02/Jan/2026:23:07:51 +0800] "POST /wp-cron.php?doing_wp_cron=1767366471.4338769912719726562500 HTTP/1.1" 200 31 "-" "WordPress/6.8.3; http://cqqizhou.com"
206.191.154.46 - - [02/Jan/2026:23:07:51 +0800] "GET / HTTP/1.1" 301 5 "-" "Mozilla/5.0"
36.133.115.36 - - [02/Jan/2026:23:09:03 +0800] "POST /wp-cron.php?doing_wp_cron=1767366543.2831320762634277343750 HTTP/1.1" 200 31 "-" "WordPress/6.8.3; http://cqqizhou.com"
89.42.231.179 - - [02/Jan/2026:23:09:04 +0800] "GET / HTTP/1.1" 200 152290 "-" "Mozilla/5.0"
36.133.115.36 - - [02/Jan/2026:23:10:20 +0800] "POST /wp-cron.php?doing_wp_cron=1767366620.1057710647583007812500 HTTP/1.1" 200 31 "-" "WordPress/6.8.3; http://cqqizhou.com"
110.249.201.42 - - [02/Jan/2026:23:10:20 +0800] "GET /robots.txt HTTP/1.1" 200 190 "-" "Mozilla/5.0 (Linux; Android 5.0) AppleWebKit/537.36 (KHTML, like Gecko) Mobile Safari/537.36 (compatible; Bytespider; https://zhanzhang.toutiao.com/)"
36.133.115.36 - - [02/Jan/2026:23:11:37 +0800] "POST /wp-cron.php?doing_wp_cron=1767366697.1670811176300048828125 HTTP/1.1" 200 31 "-" "WordPress/6.8.3; http://cqqizhou.com"
13.228.228.218 - - [02/Jan/2026:23:11:37 +0800] "POST /xmlrpc.php HTTP/1.1" 200 217 "-" "Mozilla/5.0 (Windows NT 10.0; Win64; x64; rv:42.0) Gecko/20100101 Firefox/42.0"
36.133.115.36 - - [02/Jan/2026:23:12:14 +0800] "POST /wp-cron.php?doing_wp_cron=1767366734.3227319717407226562500 HTTP/1.1" 200 31 "-" "WordPress/6.8.3; http://cqqizhou.com"
38.46.221.123 - - [02/Jan/2026:23:12:14 +0800] "GET http://check.9tb.org/ HTTP/1.1" 301 5 "-" "Go-http-client/1.1"
38.46.221.123 - - [02/Jan/2026:23:12:15 +0800] "GET http://cqqizhou.com/ HTTP/1.1" 200 34110 "http://check.9tb.org" "Go-http-client/1.1"
91.224.92.121 - - [02/Jan/2026:23:22:15 +0800] "OPTIONS / HTTP/1.1" 405 552 "-" "Mozilla/5.0 (Windows NT 10.0; Win64; x64) AppleWebKit/537.36 (KHTML, like Gecko) Chrome/114.0.5735.199 Safari/537.36"
36.133.115.36 - - [02/Jan/2026:23:22:26 +0800] "POST /wp-cron.php?doing_wp_cron=1767367346.4691100120544433593750 HTTP/1.1" 200 31 "-" "WordPress/6.8.3; http://cqqizhou.com"
89.42.231.239 - - [02/Jan/2026:23:22:26 +0800] "GET /SDK/webLanguage HTTP/1.1" 301 5 "-" "Mozilla/5.0 (Windows NT 10.0; Win64; x64) AppleWebKit/537.36 (KHTML, like Gecko) Chrome/90.0.4430.85 Safari/537.36 Edg/90.0.818.46"
36.133.115.36 - - [02/Jan/2026:23:29:56 +0800] "POST /wp-cron.php?doing_wp_cron=1767367796.1674220561981201171875 HTTP/1.1" 200 31 "-" "WordPress/6.8.3; http://cqqizhou.com"
36.133.108.119 - - [02/Jan/2026:23:29:56 +0800] "HEAD /t4 HTTP/1.1" 404 0 "-" "Mozilla/5.0 (Macintosh; U; Intel Mac OS X 10_5_8; zh-cn) AppleWebKit/533.18.1 (KHTML, like Gecko) Version/5.0.2 Safari/533.18.5"
