146.190.84.210 - - [08/Dec/2025:04:06:05 +0800] "POST /xmlrpc.php HTTP/1.1" 200 415 "-" "Mozilla/5.0 (Windows NT 10.0; Win64; x64) AppleWebKit/537.36 (KHTML, like Gecko) Chrome/95.0.4638.69 Safari/537.36"
146.190.84.210 - - [08/Dec/2025:04:06:06 +0800] "POST /xmlrpc.php HTTP/1.1" 200 415 "-" "Mozilla/5.0 (Windows NT 10.0; Win64; x64) AppleWebKit/537.36 (KHTML, like Gecko) Chrome/95.0.4638.69 Safari/537.36"
146.190.84.210 - - [08/Dec/2025:04:06:07 +0800] "POST /xmlrpc.php HTTP/1.1" 200 415 "-" "Mozilla/5.0 (Windows NT 10.0; Win64; x64) AppleWebKit/537.36 (KHTML, like Gecko) Chrome/95.0.4638.69 Safari/537.36"
146.190.84.210 - - [08/Dec/2025:04:06:07 +0800] "POST /xmlrpc.php HTTP/1.1" 200 415 "-" "Mozilla/5.0 (Windows NT 10.0; Win64; x64) AppleWebKit/537.36 (KHTML, like Gecko) Chrome/95.0.4638.69 Safari/537.36"
146.190.84.210 - - [08/Dec/2025:04:06:08 +0800] "POST /xmlrpc.php HTTP/1.1" 200 415 "-" "Mozilla/5.0 (Windows NT 10.0; Win64; x64) AppleWebKit/537.36 (KHTML, like Gecko) Chrome/95.0.4638.69 Safari/537.36"
146.190.84.210 - - [08/Dec/2025:04:06:09 +0800] "POST /xmlrpc.php HTTP/1.1" 200 415 "-" "Mozilla/5.0 (Windows NT 10.0; Win64; x64) AppleWebKit/537.36 (KHTML, like Gecko) Chrome/95.0.4638.69 Safari/537.36"
146.190.84.210 - - [08/Dec/2025:04:06:10 +0800] "POST /xmlrpc.php HTTP/1.1" 200 415 "-" "Mozilla/5.0 (Windows NT 10.0; Win64; x64) AppleWebKit/537.36 (KHTML, like Gecko) Chrome/95.0.4638.69 Safari/537.36"
146.190.84.210 - - [08/Dec/2025:04:06:11 +0800] "POST /xmlrpc.php HTTP/1.1" 200 415 "-" "Mozilla/5.0 (Windows NT 10.0; Win64; x64) AppleWebKit/537.36 (KHTML, like Gecko) Chrome/95.0.4638.69 Safari/537.36"
146.190.84.210 - - [08/Dec/2025:04:06:11 +0800] "POST /xmlrpc.php HTTP/1.1" 200 415 "-" "Mozilla/5.0 (Windows NT 10.0; Win64; x64) AppleWebKit/537.36 (KHTML, like Gecko) Chrome/95.0.4638.69 Safari/537.36"
146.190.84.210 - - [08/Dec/2025:04:06:12 +0800] "POST /xmlrpc.php HTTP/1.1" 200 415 "-" "Mozilla/5.0 (Windows NT 10.0; Win64; x64) AppleWebKit/537.36 (KHTML, like Gecko) Chrome/95.0.4638.69 Safari/537.36"
146.190.84.210 - - [08/Dec/2025:04:06:13 +0800] "POST /xmlrpc.php HTTP/1.1" 200 415 "-" "Mozilla/5.0 (Windows NT 10.0; Win64; x64) AppleWebKit/537.36 (KHTML, like Gecko) Chrome/95.0.4638.69 Safari/537.36"
146.190.84.210 - - [08/Dec/2025:04:06:13 +0800] "POST /xmlrpc.php HTTP/1.1" 200 415 "-" "Mozilla/5.0 (Windows NT 10.0; Win64; x64) AppleWebKit/537.36 (KHTML, like Gecko) Chrome/95.0.4638.69 Safari/537.36"
146.190.84.210 - - [08/Dec/2025:04:06:14 +0800] "POST /xmlrpc.php HTTP/1.1" 200 415 "-" "Mozilla/5.0 (Windows NT 10.0; Win64; x64) AppleWebKit/537.36 (KHTML, like Gecko) Chrome/95.0.4638.69 Safari/537.36"
146.190.84.210 - - [08/Dec/2025:04:06:15 +0800] "POST /xmlrpc.php HTTP/1.1" 200 415 "-" "Mozilla/5.0 (Windows NT 10.0; Win64; x64) AppleWebKit/537.36 (KHTML, like Gecko) Chrome/95.0.4638.69 Safari/537.36"
146.190.84.210 - - [08/Dec/2025:04:06:16 +0800] "POST /xmlrpc.php HTTP/1.1" 200 415 "-" "Mozilla/5.0 (Windows NT 10.0; Win64; x64) AppleWebKit/537.36 (KHTML, like Gecko) Chrome/95.0.4638.69 Safari/537.36"
146.190.84.210 - - [08/Dec/2025:04:06:17 +0800] "POST /xmlrpc.php HTTP/1.1" 200 415 "-" "Mozilla/5.0 (Windows NT 10.0; Win64; x64) AppleWebKit/537.36 (KHTML, like Gecko) Chrome/95.0.4638.69 Safari/537.36"
146.190.84.210 - - [08/Dec/2025:04:06:18 +0800] "POST /xmlrpc.php HTTP/1.1" 200 415 "-" "Mozilla/5.0 (Windows NT 10.0; Win64; x64) AppleWebKit/537.36 (KHTML, like Gecko) Chrome/95.0.4638.69 Safari/537.36"
146.190.84.210 - - [08/Dec/2025:04:06:19 +0800] "POST /xmlrpc.php HTTP/1.1" 200 415 "-" "Mozilla/5.0 (Windows NT 10.0; Win64; x64) AppleWebKit/537.36 (KHTML, like Gecko) Chrome/95.0.4638.69 Safari/537.36"
146.190.84.210 - - [08/Dec/2025:04:06:19 +0800] "POST /xmlrpc.php HTTP/1.1" 200 415 "-" "Mozilla/5.0 (Windows NT 10.0; Win64; x64) AppleWebKit/537.36 (KHTML, like Gecko) Chrome/95.0.4638.69 Safari/537.36"
146.190.84.210 - - [08/Dec/2025:04:06:20 +0800] "POST /xmlrpc.php HTTP/1.1" 200 415 "-" "Mozilla/5.0 (Windows NT 10.0; Win64; x64) AppleWebKit/537.36 (KHTML, like Gecko) Chrome/95.0.4638.69 Safari/537.36"
36.133.115.36 - - [08/Dec/2025:04:11:08 +0800] "POST /wp-cron.php?doing_wp_cron=1765138268.9030039310455322265625 HTTP/1.1" 200 31 "-" "WordPress/6.8.3; http://cqqizhou.com"
79.112.30.255 - - [08/Dec/2025:04:11:08 +0800] "GET / HTTP/1.1" 301 5 "-" "Mozilla/5.0 (Macintosh; Intel Mac OS X 10_10_5) AppleWebKit/601.1.56 (KHTML, like Gecko) Version/9.0 Safari/601.1.56"
51.89.129.209 - - [08/Dec/2025:04:12:27 +0800] "GET /2160/ HTTP/1.1" 200 30081 "-" "Mozilla/5.0 (compatible; AhrefsBot/7.0; +http://ahrefs.com/robot/)"
36.133.115.36 - - [08/Dec/2025:04:17:53 +0800] "POST /wp-cron.php?doing_wp_cron=1765138673.8395850658416748046875 HTTP/1.1" 200 31 "-" "WordPress/6.8.3; http://cqqizhou.com"
204.76.203.212 - - [08/Dec/2025:04:17:54 +0800] "GET / HTTP/1.1" 200 33628 "-" "Mozilla/5.0 (Windows NT 10.0; Win64; x64) AppleWebKit/537.36 (KHTML, like Gecko) Chrome/90.0.4430.85 Safari/537.36 Edg/90.0.818.46"
1.15.52.154 - - [08/Dec/2025:04:18:33 +0800] "GET / HTTP/1.1" 301 5 "-" "Mozilla/5.0 (iPhone; CPU iPhone OS 13_2_3 like Mac OS X) AppleWebKit/605.1.15 (KHTML, like Gecko) Version/13.0.3 Mobile/15E148 Safari/604.1"
1.15.52.154 - - [08/Dec/2025:04:18:35 +0800] "GET / HTTP/1.1" 200 33628 "http://www.cqqizhou.com" "Mozilla/5.0 (iPhone; CPU iPhone OS 13_2_3 like Mac OS X) AppleWebKit/605.1.15 (KHTML, like Gecko) Version/13.0.3 Mobile/15E148 Safari/604.1"
36.133.115.36 - - [08/Dec/2025:04:22:44 +0800] "POST /wp-cron.php?doing_wp_cron=1765138964.4033091068267822265625 HTTP/1.1" 200 31 "-" "WordPress/6.8.3; http://cqqizhou.com"
141.98.11.170 - - [08/Dec/2025:04:22:44 +0800] "GET / HTTP/1.1" 200 33628 "-" "Mozilla/5.0 (Windows NT 10.0; Win64; x64) AppleWebKit/537.36 (KHTML, like Gecko) Chrome/90.0.4430.85 Safari/537.36 Edg/90.0.818.46"
36.133.115.36 - - [08/Dec/2025:04:25:39 +0800] "POST /wp-cron.php?doing_wp_cron=1765139139.8040800094604492187500 HTTP/1.1" 200 31 "-" "WordPress/6.8.3; http://cqqizhou.com"
110.249.202.132 - - [08/Dec/2025:04:25:39 +0800] "GET /robots.txt HTTP/1.1" 200 190 "-" "Mozilla/5.0 (Linux; Android 5.0) AppleWebKit/537.36 (KHTML, like Gecko) Mobile Safari/537.36 (compatible; Bytespider; https://zhanzhang.toutiao.com/)"
36.133.115.36 - - [08/Dec/2025:04:50:53 +0800] "POST /wp-cron.php?doing_wp_cron=1765140653.3754420280456542968750 HTTP/1.1" 200 31 "-" "WordPress/6.8.3; http://cqqizhou.com"
118.107.3.232 - - [08/Dec/2025:04:50:53 +0800] "GET /Editor/UserEditor/ueditor/net/controller.ashx?action=catchimage HTTP/1.1" 404 8982 "-" "Mozilla/5.0 (Windows NT 10.0; Win64; x64)"
52.167.144.230 - - [08/Dec/2025:04:59:31 +0800] "GET /about/ HTTP/1.1" 200 29975 "-" "Mozilla/5.0 AppleWebKit/537.36 (KHTML, like Gecko; compatible; bingbot/2.0; +http://www.bing.com/bingbot.htm) Chrome/116.0.1938.76 Safari/537.36"
36.133.115.36 - - [08/Dec/2025:05:02:01 +0800] "POST /wp-cron.php?doing_wp_cron=1765141321.1003398895263671875000 HTTP/1.1" 200 31 "-" "WordPress/6.8.3; http://cqqizhou.com"
134.209.181.202 - - [08/Dec/2025:05:02:01 +0800] "GET /.git/config HTTP/1.1" 404 8981 "-" "Mozilla/5.0 (X11; Linux x86_64) AppleWebKit/537.36 (KHTML, like Gecko) Chrome/81.0.4044.129 Safari/537.36"
54.38.147.125 - - [08/Dec/2025:05:02:42 +0800] "GET /2159/ HTTP/1.1" 200 29069 "-" "Mozilla/5.0 (compatible; AhrefsBot/7.0; +http://ahrefs.com/robot/)"
36.133.115.36 - - [08/Dec/2025:05:06:16 +0800] "POST /wp-cron.php?doing_wp_cron=1765141576.4194319248199462890625 HTTP/1.1" 200 31 "-" "WordPress/6.8.3; http://cqqizhou.com"
204.76.203.212 - - [08/Dec/2025:05:06:16 +0800] "GET / HTTP/1.1" 200 33628 "-" "Mozilla/5.0 (Windows NT 10.0; Win64; x64) AppleWebKit/537.36 (KHTML, like Gecko) Chrome/90.0.4430.85 Safari/537.36 Edg/90.0.818.46"
36.133.115.36 - - [08/Dec/2025:05:18:37 +0800] "POST /wp-cron.php?doing_wp_cron=1765142317.2931768894195556640625 HTTP/1.1" 200 31 "-" "WordPress/6.8.3; http://cqqizhou.com"
95.214.52.170 - - [08/Dec/2025:05:18:37 +0800] "POST / HTTP/1.1" 200 33628 "-" "Mozilla/5.0 (Windows NT 10.0; Win64; x64) AppleWebKit/537.36 (KHTML, like Gecko) Chrome/134.0.0.0 Safari/537.36 Edg/134.0.0.0"
36.133.115.36 - - [08/Dec/2025:05:26:50 +0800] "POST /wp-cron.php?doing_wp_cron=1765142810.7286870479583740234375 HTTP/1.1" 200 31 "-" "WordPress/6.8.3; http://cqqizhou.com"
43.165.65.180 - - [08/Dec/2025:05:26:50 +0800] "GET / HTTP/1.1" 301 5 "-" "Mozilla/5.0 (iPhone; CPU iPhone OS 13_2_3 like Mac OS X) AppleWebKit/605.1.15 (KHTML, like Gecko) Version/13.0.3 Mobile/15E148 Safari/604.1"
43.165.65.180 - - [08/Dec/2025:05:26:53 +0800] "GET / HTTP/1.1" 200 33625 "http://36.133.115.36" "Mozilla/5.0 (iPhone; CPU iPhone OS 13_2_3 like Mac OS X) AppleWebKit/605.1.15 (KHTML, like Gecko) Version/13.0.3 Mobile/15E148 Safari/604.1"
36.133.115.36 - - [08/Dec/2025:05:35:21 +0800] "POST /wp-cron.php?doing_wp_cron=1765143321.4689900875091552734375 HTTP/1.1" 200 31 "-" "WordPress/6.8.3; http://cqqizhou.com"
141.98.11.170 - - [08/Dec/2025:05:35:21 +0800] "GET / HTTP/1.1" 200 33628 "-" "Mozilla/5.0 (Windows NT 10.0; Win64; x64) AppleWebKit/537.36 (KHTML, like Gecko) Chrome/90.0.4430.85 Safari/537.36 Edg/90.0.818.46"
36.133.115.36 - - [08/Dec/2025:05:40:08 +0800] "POST /wp-cron.php?doing_wp_cron=1765143608.6871769428253173828125 HTTP/1.1" 200 31 "-" "WordPress/6.8.3; http://cqqizhou.com"
124.156.226.179 - - [08/Dec/2025:05:40:08 +0800] "GET /wp-content/uploads/2025/07/1753587901-Slider_3840 HTTP/1.1" 404 8982 "-" "Mozilla/5.0 (iPhone; CPU iPhone OS 13_2_3 like Mac OS X) AppleWebKit/605.1.15 (KHTML, like Gecko) Version/13.0.3 Mobile/15E148 Safari/604.1"
36.133.115.36 - - [08/Dec/2025:05:45:35 +0800] "POST /wp-cron.php?doing_wp_cron=1765143935.5412299633026123046875 HTTP/1.1" 200 31 "-" "WordPress/6.8.3; http://cqqizhou.com"
198.244.168.124 - - [08/Dec/2025:05:45:35 +0800] "GET /portfolio/pickled-coil/ HTTP/1.1" 200 22178 "-" "Mozilla/5.0 (compatible; AhrefsBot/7.0; +http://ahrefs.com/robot/)"
36.133.115.36 - - [08/Dec/2025:05:49:15 +0800] "POST /wp-cron.php?doing_wp_cron=1765144155.9400689601898193359375 HTTP/1.1" 200 31 "-" "WordPress/6.8.3; http://cqqizhou.com"
43.133.220.37 - - [08/Dec/2025:05:49:16 +0800] "GET /wp-content/uploads/2025/07/1753453127- HTTP/1.1" 404 8982 "-" "Mozilla/5.0 (iPhone; CPU iPhone OS 13_2_3 like Mac OS X) AppleWebKit/605.1.15 (KHTML, like Gecko) Version/13.0.3 Mobile/15E148 Safari/604.1"
36.133.115.36 - - [08/Dec/2025:05:54:03 +0800] "POST /wp-cron.php?doing_wp_cron=1765144442.9763979911804199218750 HTTP/1.1" 200 31 "-" "WordPress/6.8.3; http://cqqizhou.com"
204.76.203.212 - - [08/Dec/2025:05:54:03 +0800] "GET / HTTP/1.1" 200 33625 "-" "Mozilla/5.0 (Windows NT 10.0; Win64; x64) AppleWebKit/537.36 (KHTML, like Gecko) Chrome/90.0.4430.85 Safari/537.36 Edg/90.0.818.46"
36.133.115.36 - - [08/Dec/2025:05:58:50 +0800] "POST /wp-cron.php?doing_wp_cron=1765144730.0537879467010498046875 HTTP/1.1" 200 31 "-" "WordPress/6.8.3; http://cqqizhou.com"
193.142.147.209 - - [08/Dec/2025:05:58:50 +0800] "GET /cgi-bin/luci/;stok=/locale HTTP/1.1" 301 5 "-" "-"
193.142.147.209 - - [08/Dec/2025:05:58:51 +0800] "GET /cgi-bin/luci/;stok=/locale HTTP/1.1" 404 31364 "http://36.133.115.36:80/cgi-bin/luci/;stok=/locale" "-"
36.133.115.36 - - [08/Dec/2025:06:01:28 +0800] "POST /wp-cron.php?doing_wp_cron=1765144888.5300340652465820312500 HTTP/1.1" 200 31 "-" "WordPress/6.8.3; http://cqqizhou.com"
43.130.16.212 - - [08/Dec/2025:06:01:28 +0800] "GET / HTTP/1.1" 200 33628 "-" "Mozilla/5.0 (iPhone; CPU iPhone OS 13_2_3 like Mac OS X) AppleWebKit/605.1.15 (KHTML, like Gecko) Version/13.0.3 Mobile/15E148 Safari/604.1"
36.133.115.36 - - [08/Dec/2025:06:08:32 +0800] "POST /wp-cron.php?doing_wp_cron=1765145312.6503310203552246093750 HTTP/1.1" 200 31 "-" "WordPress/6.8.3; http://cqqizhou.com"
85.208.96.196 - - [08/Dec/2025:06:08:32 +0800] "GET /robots.txt HTTP/1.1" 200 190 "-" "Mozilla/5.0 (compatible; SemrushBot/7~bl; +http://www.semrush.com/bot.html)"
185.191.171.7 - - [08/Dec/2025:06:08:35 +0800] "GET /bug/ HTTP/1.1" 200 12837 "-" "Mozilla/5.0 (compatible; SemrushBot/7~bl; +http://www.semrush.com/bot.html)"
36.133.115.36 - - [08/Dec/2025:06:09:57 +0800] "POST /wp-cron.php?doing_wp_cron=1765145397.1308929920196533203125 HTTP/1.1" 200 31 "-" "WordPress/6.8.3; http://cqqizhou.com"
43.130.3.122 - - [08/Dec/2025:06:09:57 +0800] "GET /services HTTP/1.1" 301 5 "-" "Mozilla/5.0 (iPhone; CPU iPhone OS 13_2_3 like Mac OS X) AppleWebKit/605.1.15 (KHTML, like Gecko) Version/13.0.3 Mobile/15E148 Safari/604.1"
43.130.3.122 - - [08/Dec/2025:06:10:02 +0800] "GET /services/ HTTP/1.1" 200 22860 "http://cqqizhou.com/services" "Mozilla/5.0 (iPhone; CPU iPhone OS 13_2_3 like Mac OS X) AppleWebKit/605.1.15 (KHTML, like Gecko) Version/13.0.3 Mobile/15E148 Safari/604.1"
36.133.115.36 - - [08/Dec/2025:06:20:36 +0800] "POST /wp-cron.php?doing_wp_cron=1765146036.2749190330505371093750 HTTP/1.1" 200 31 "-" "WordPress/6.8.3; http://cqqizhou.com"
43.130.34.74 - - [08/Dec/2025:06:20:36 +0800] "GET /logistics HTTP/1.1" 301 5 "-" "Mozilla/5.0 (iPhone; CPU iPhone OS 13_2_3 like Mac OS X) AppleWebKit/605.1.15 (KHTML, like Gecko) Version/13.0.3 Mobile/15E148 Safari/604.1"
43.130.34.74 - - [08/Dec/2025:06:20:40 +0800] "GET /logistics/ HTTP/1.1" 200 18301 "http://cqqizhou.com/logistics" "Mozilla/5.0 (iPhone; CPU iPhone OS 13_2_3 like Mac OS X) AppleWebKit/605.1.15 (KHTML, like Gecko) Version/13.0.3 Mobile/15E148 Safari/604.1"
36.133.115.36 - - [08/Dec/2025:06:26:40 +0800] "POST /wp-cron.php?doing_wp_cron=1765146400.8852660655975341796875 HTTP/1.1" 200 31 "-" "WordPress/6.8.3; http://cqqizhou.com"
198.244.168.5 - - [08/Dec/2025:06:26:41 +0800] "GET /business/ HTTP/1.1" 200 22474 "-" "Mozilla/5.0 (compatible; AhrefsBot/7.0; +http://ahrefs.com/robot/)"
36.133.115.36 - - [08/Dec/2025:06:31:50 +0800] "POST /wp-cron.php?doing_wp_cron=1765146710.1985790729522705078125 HTTP/1.1" 200 31 "-" "WordPress/6.8.3; http://cqqizhou.com"
43.154.127.188 - - [08/Dec/2025:06:31:50 +0800] "GET /wp-content/uploads/revslider/slider-1/1750861156-logistics_Slider_3840 HTTP/1.1" 404 8980 "-" "Mozilla/5.0 (iPhone; CPU iPhone OS 13_2_3 like Mac OS X) AppleWebKit/605.1.15 (KHTML, like Gecko) Version/13.0.3 Mobile/15E148 Safari/604.1"
36.133.115.36 - - [08/Dec/2025:06:40:45 +0800] "POST /wp-cron.php?doing_wp_cron=1765147245.4681189060211181640625 HTTP/1.1" 200 31 "-" "WordPress/6.8.3; http://cqqizhou.com"
43.153.87.54 - - [08/Dec/2025:06:40:45 +0800] "GET / HTTP/1.1" 200 33628 "-" "Mozilla/5.0 (iPhone; CPU iPhone OS 13_2_3 like Mac OS X) AppleWebKit/605.1.15 (KHTML, like Gecko) Version/13.0.3 Mobile/15E148 Safari/604.1"
36.133.115.36 - - [08/Dec/2025:06:42:56 +0800] "POST /wp-cron.php?doing_wp_cron=1765147376.2088420391082763671875 HTTP/1.1" 200 31 "-" "WordPress/6.8.3; http://cqqizhou.com"
204.76.203.212 - - [08/Dec/2025:06:42:56 +0800] "GET / HTTP/1.1" 200 33628 "-" "Mozilla/5.0 (Windows NT 10.0; Win64; x64) AppleWebKit/537.36 (KHTML, like Gecko) Chrome/90.0.4430.85 Safari/537.36 Edg/90.0.818.46"
36.133.115.36 - - [08/Dec/2025:06:44:16 +0800] "POST /wp-cron.php?doing_wp_cron=1765147456.7338979244232177734375 HTTP/1.1" 200 31 "-" "WordPress/6.8.3; http://cqqizhou.com"
141.98.11.170 - - [08/Dec/2025:06:44:17 +0800] "GET / HTTP/1.1" 200 33628 "-" "Mozilla/5.0 (Windows NT 10.0; Win64; x64) AppleWebKit/537.36 (KHTML, like Gecko) Chrome/90.0.4430.85 Safari/537.36 Edg/90.0.818.46"
36.133.115.36 - - [08/Dec/2025:06:50:47 +0800] "POST /wp-cron.php?doing_wp_cron=1765147847.8579440116882324218750 HTTP/1.1" 200 31 "-" "WordPress/6.8.3; http://cqqizhou.com"
43.153.71.12 - - [08/Dec/2025:06:50:48 +0800] "GET /portfolio/%e5%86%b7%e8%bd%a7%e6%9d%bf/ HTTP/1.1" 200 18774 "-" "Mozilla/5.0 (iPhone; CPU iPhone OS 13_2_3 like Mac OS X) AppleWebKit/605.1.15 (KHTML, like Gecko) Version/13.0.3 Mobile/15E148 Safari/604.1"
36.133.115.36 - - [08/Dec/2025:06:53:49 +0800] "POST /wp-cron.php?doing_wp_cron=1765148029.7900900840759277343750 HTTP/1.1" 200 31 "-" "WordPress/6.8.3; http://cqqizhou.com"
43.157.142.101 - - [08/Dec/2025:06:53:50 +0800] "GET / HTTP/1.1" 200 33626 "-" "Mozilla/5.0 (iPhone; CPU iPhone OS 13_2_3 like Mac OS X) AppleWebKit/605.1.15 (KHTML, like Gecko) Version/13.0.3 Mobile/15E148 Safari/604.1"
36.133.115.36 - - [08/Dec/2025:06:56:17 +0800] "POST /wp-cron.php?doing_wp_cron=1765148177.4316039085388183593750 HTTP/1.1" 200 31 "-" "WordPress/6.8.3; http://cqqizhou.com"
216.244.66.245 - - [08/Dec/2025:06:56:17 +0800] "GET /robots.txt HTTP/1.1" 200 390 "-" "Mozilla/5.0 (compatible; DotBot/1.2; +https://opensiteexplorer.org/dotbot; help@moz.com)"
40.77.167.70 - - [08/Dec/2025:06:59:33 +0800] "GET /services/ HTTP/1.1" 200 28690 "-" "Mozilla/5.0 AppleWebKit/537.36 (KHTML, like Gecko; compatible; bingbot/2.0; +http://www.bing.com/bingbot.htm) Chrome/116.0.1938.76 Safari/537.36"
36.133.115.36 - - [08/Dec/2025:07:00:33 +0800] "POST /wp-cron.php?doing_wp_cron=1765148432.9695680141448974609375 HTTP/1.1" 200 31 "-" "WordPress/6.8.3; http://cqqizhou.com"
43.130.34.74 - - [08/Dec/2025:07:00:33 +0800] "GET /portfolio/hot-dip-galvanized-coil/ HTTP/1.1" 200 18856 "-" "Mozilla/5.0 (iPhone; CPU iPhone OS 13_2_3 like Mac OS X) AppleWebKit/605.1.15 (KHTML, like Gecko) Version/13.0.3 Mobile/15E148 Safari/604.1"
216.244.66.245 - - [08/Dec/2025:07:04:32 +0800] "GET /2162/ HTTP/1.1" 200 88343 "-" "Mozilla/5.0 (compatible; DotBot/1.2; +https://opensiteexplorer.org/dotbot; help@moz.com)"
36.133.115.36 - - [08/Dec/2025:07:09:04 +0800] "POST /wp-cron.php?doing_wp_cron=1765148944.5655748844146728515625 HTTP/1.1" 200 31 "-" "WordPress/6.8.3; http://cqqizhou.com"
35.203.211.29 - - [08/Dec/2025:07:09:04 +0800] "GET / HTTP/1.1" 200 33628 "-" "Hello from Palo Alto Networks, find out more about our scans in https://docs-cortex.paloaltonetworks.com/r/1/Cortex-Xpanse/Scanning-activity"
36.133.115.36 - - [08/Dec/2025:07:11:11 +0800] "POST /wp-cron.php?doing_wp_cron=1765149071.2946629524230957031250 HTTP/1.1" 200 31 "-" "WordPress/6.8.3; http://cqqizhou.com"
43.157.98.187 - - [08/Dec/2025:07:11:11 +0800] "GET /wp-json/oembed/1.0/embed?url=http%3A%2F%2Fcqqizhou.com%2Fservices%2F HTTP/1.1" 200 1111 "-" "Mozilla/5.0 (iPhone; CPU iPhone OS 13_2_3 like Mac OS X) AppleWebKit/605.1.15 (KHTML, like Gecko) Version/13.0.3 Mobile/15E148 Safari/604.1"
51.89.129.212 - - [08/Dec/2025:07:12:01 +0800] "GET /portfolio-category/remaining-rolls/ HTTP/1.1" 200 20981 "-" "Mozilla/5.0 (compatible; AhrefsBot/7.0; +http://ahrefs.com/robot/)"
36.133.115.36 - - [08/Dec/2025:07:17:54 +0800] "POST /wp-cron.php?doing_wp_cron=1765149474.9442160129547119140625 HTTP/1.1" 200 31 "-" "WordPress/6.8.3; http://cqqizhou.com"
40.119.41.182 - - [08/Dec/2025:07:17:55 +0800] "GET /manager/html HTTP/1.1" 404 8982 "-" "Mozilla/5.0 zgrab/0.x"
43.157.170.13 - - [08/Dec/2025:07:19:58 +0800] "GET /wp-content/uploads/2025/07/1751864664-Logistics800x500_1-300x188.webp HTTP/1.1" 200 18996 "-" "Mozilla/5.0 (iPhone; CPU iPhone OS 13_2_3 like Mac OS X) AppleWebKit/605.1.15 (KHTML, like Gecko) Version/13.0.3 Mobile/15E148 Safari/604.1"
36.133.115.36 - - [08/Dec/2025:07:24:24 +0800] "POST /wp-cron.php?doing_wp_cron=1765149864.5935540199279785156250 HTTP/1.1" 200 31 "-" "WordPress/6.8.3; http://cqqizhou.com"
91.224.92.109 - - [08/Dec/2025:07:24:24 +0800] "GET / HTTP/1.1" 200 33628 "-" "Mozilla/5.0 (Windows NT 10.0; Win64; x64) AppleWebKit/537.36 (KHTML, like Gecko) Chrome/90.0.4430.85 Safari/537.36 Edg/90.0.818.46"
36.133.115.36 - - [08/Dec/2025:07:31:10 +0800] "POST /wp-cron.php?doing_wp_cron=1765150270.3435750007629394531250 HTTP/1.1" 200 31 "-" "WordPress/6.8.3; http://cqqizhou.com"
204.76.203.212 - - [08/Dec/2025:07:31:10 +0800] "GET / HTTP/1.1" 200 33626 "-" "Mozilla/5.0 (Windows NT 10.0; Win64; x64) AppleWebKit/537.36 (KHTML, like Gecko) Chrome/90.0.4430.85 Safari/537.36 Edg/90.0.818.46"
36.133.115.36 - - [08/Dec/2025:07:34:02 +0800] "POST /wp-cron.php?doing_wp_cron=1765150442.9268059730529785156250 HTTP/1.1" 200 31 "-" "WordPress/6.8.3; http://cqqizhou.com"
49.248.192.204 - - [08/Dec/2025:07:34:03 +0800] "GET /.env HTTP/1.1" 404 31364 "-" "Mozilla/5.0"
49.248.192.204 - - [08/Dec/2025:07:34:03 +0800] "GET /.git/config HTTP/1.1" 404 31364 "-" "Mozilla/5.0"
141.98.11.170 - - [08/Dec/2025:07:34:45 +0800] "GET / HTTP/1.1" 200 33628 "-" "Mozilla/5.0 (Windows NT 10.0; Win64; x64) AppleWebKit/537.36 (KHTML, like Gecko) Chrome/90.0.4430.85 Safari/537.36 Edg/90.0.818.46"
43.159.132.207 - - [08/Dec/2025:07:38:44 +0800] "GET /material.html HTTP/1.1" 200 6459 "-" "Mozilla/5.0 (iPhone; CPU iPhone OS 13_2_3 like Mac OS X) AppleWebKit/605.1.15 (KHTML, like Gecko) Version/13.0.3 Mobile/15E148 Safari/604.1"
27.43.206.225 - - [08/Dec/2025:07:49:40 +0800] "POST /HNAP1/ HTTP/1.0" 400 0 "-" "-"
36.133.115.36 - - [08/Dec/2025:07:50:09 +0800] "POST /wp-cron.php?doing_wp_cron=1765151409.3162329196929931640625 HTTP/1.1" 200 31 "-" "WordPress/6.8.3; http://cqqizhou.com"
170.106.15.3 - - [08/Dec/2025:07:50:09 +0800] "GET /wp-content/uploads/2025/07/1753456723- HTTP/1.1" 404 8982 "-" "Mozilla/5.0 (iPhone; CPU iPhone OS 13_2_3 like Mac OS X) AppleWebKit/605.1.15 (KHTML, like Gecko) Version/13.0.3 Mobile/15E148 Safari/604.1"
36.133.115.36 - - [08/Dec/2025:07:55:23 +0800] "POST /wp-cron.php?doing_wp_cron=1765151723.8000988960266113281250 HTTP/1.1" 200 31 "-" "WordPress/6.8.3; http://cqqizhou.com"
110.249.202.188 - - [08/Dec/2025:07:55:23 +0800] "GET /robots.txt HTTP/1.1" 200 190 "-" "Mozilla/5.0 (Linux; Android 5.0) AppleWebKit/537.36 (KHTML, like Gecko) Mobile Safari/537.36 (compatible; Bytespider; https://zhanzhang.toutiao.com/)"
36.133.115.36 - - [08/Dec/2025:07:57:56 +0800] "POST /wp-cron.php?doing_wp_cron=1765151876.5496470928192138671875 HTTP/1.1" 200 31 "-" "WordPress/6.8.3; http://cqqizhou.com"
193.142.147.209 - - [08/Dec/2025:07:57:56 +0800] "GET /cgi-bin/luci/;stok=/locale HTTP/1.1" 301 5 "-" "-"
193.142.147.209 - - [08/Dec/2025:07:57:58 +0800] "GET /cgi-bin/luci/;stok=/locale HTTP/1.1" 404 31364 "http://36.133.115.36:80/cgi-bin/luci/;stok=/locale" "-"
36.133.115.36 - - [08/Dec/2025:08:02:03 +0800] "POST /wp-cron.php?doing_wp_cron=1765152123.6058480739593505859375 HTTP/1.1" 200 31 "-" "WordPress/6.8.3; http://cqqizhou.com"
43.166.130.123 - - [08/Dec/2025:08:02:03 +0800] "GET /wp-json/oembed/1.0/embed?url=http%3A%2F%2Fcqqizhou.com%2Fportfolio%2Fhot-dip-galvanized-coil%2F HTTP/1.1" 200 1203 "-" "Mozilla/5.0 (iPhone; CPU iPhone OS 13_2_3 like Mac OS X) AppleWebKit/605.1.15 (KHTML, like Gecko) Version/13.0.3 Mobile/15E148 Safari/604.1"
198.244.226.197 - - [08/Dec/2025:08:05:45 +0800] "GET /portfolio-category/hot-dip-galvanized-coil/ HTTP/1.1" 200 21020 "-" "Mozilla/5.0 (compatible; AhrefsBot/7.0; +http://ahrefs.com/robot/)"
36.133.115.36 - - [08/Dec/2025:08:21:47 +0800] "POST /wp-cron.php?doing_wp_cron=1765153307.6265809535980224609375 HTTP/1.1" 200 31 "-" "WordPress/6.8.3; http://cqqizhou.com"
204.76.203.212 - - [08/Dec/2025:08:21:47 +0800] "GET / HTTP/1.1" 200 33626 "-" "Mozilla/5.0 (Windows NT 10.0; Win64; x64) AppleWebKit/537.36 (KHTML, like Gecko) Chrome/90.0.4430.85 Safari/537.36 Edg/90.0.818.46"
36.133.115.36 - - [08/Dec/2025:08:43:39 +0800] "POST /wp-cron.php?doing_wp_cron=1765154619.3706319332122802734375 HTTP/1.1" 200 31 "-" "WordPress/6.8.3; http://cqqizhou.com"
141.98.11.170 - - [08/Dec/2025:08:43:39 +0800] "GET / HTTP/1.1" 200 33627 "-" "Mozilla/5.0 (Windows NT 10.0; Win64; x64) AppleWebKit/537.36 (KHTML, like Gecko) Chrome/90.0.4430.85 Safari/537.36 Edg/90.0.818.46"
185.242.226.102 - - [08/Dec/2025:08:45:58 +0800] "GET / HTTP/1.1" 499 0 "-" "python-requests/2.26.0"
36.133.115.36 - - [08/Dec/2025:08:45:58 +0800] "POST /wp-cron.php?doing_wp_cron=1765154758.5622270107269287109375 HTTP/1.1" 200 31 "-" "WordPress/6.8.3; http://cqqizhou.com"
40.77.167.32 - - [08/Dec/2025:08:53:34 +0800] "GET /media/ HTTP/1.1" 200 24222 "-" "Mozilla/5.0 AppleWebKit/537.36 (KHTML, like Gecko; compatible; bingbot/2.0; +http://www.bing.com/bingbot.htm) Chrome/116.0.1938.76 Safari/537.36"
36.133.115.36 - - [08/Dec/2025:09:01:12 +0800] "POST /wp-cron.php?doing_wp_cron=1765155672.1070859432220458984375 HTTP/1.1" 200 31 "-" "WordPress/6.8.3; http://cqqizhou.com"
185.191.171.18 - - [08/Dec/2025:09:01:12 +0800] "GET /robots.txt HTTP/1.1" 200 190 "-" "Mozilla/5.0 (compatible; SemrushBot/7~bl; +http://www.semrush.com/bot.html)"
185.191.171.15 - - [08/Dec/2025:09:01:15 +0800] "GET /2214/ HTTP/1.1" 200 24944 "-" "Mozilla/5.0 (compatible; SemrushBot/7~bl; +http://www.semrush.com/bot.html)"
36.133.115.36 - - [08/Dec/2025:09:01:47 +0800] "POST /wp-cron.php?doing_wp_cron=1765155707.6006529331207275390625 HTTP/1.1" 200 31 "-" "WordPress/6.8.3; http://cqqizhou.com"
101.37.118.96 - - [08/Dec/2025:09:01:47 +0800] "GET / HTTP/1.0" 301 0 "-" "-"
101.37.118.96 - - [08/Dec/2025:09:01:58 +0800] "GET / HTTP/1.0" 301 0 "-" "-"
101.37.118.96 - - [08/Dec/2025:09:01:58 +0800] "GET /nmaplowercheck1765155715 HTTP/1.1" 404 31364 "-" "Mozilla/5.0 (compatible; Nmap Scripting Engine; https://nmap.org/book/nse.html)"
101.37.118.96 - - [08/Dec/2025:09:01:58 +0800] "POST /sdk HTTP/1.1" 404 31364 "-" "Mozilla/5.0 (compatible; Nmap Scripting Engine; https://nmap.org/book/nse.html)"
101.37.118.96 - - [08/Dec/2025:09:01:59 +0800] "GET /evox/about HTTP/1.1" 404 31364 "-" "Mozilla/5.0 (compatible; Nmap Scripting Engine; https://nmap.org/book/nse.html)"
101.37.118.96 - - [08/Dec/2025:09:01:59 +0800] "GET /HNAP1 HTTP/1.1" 404 31364 "-" "Mozilla/5.0 (compatible; Nmap Scripting Engine; https://nmap.org/book/nse.html)"
101.37.118.96 - - [08/Dec/2025:09:02:18 +0800] "GET / HTTP/1.0" 301 0 "-" "-"
101.37.118.96 - - [08/Dec/2025:09:02:19 +0800] "GET / HTTP/1.1" 301 5 "-" "-"
36.133.115.36 - - [08/Dec/2025:09:03:28 +0800] "POST /wp-cron.php?doing_wp_cron=1765155808.5679221153259277343750 HTTP/1.1" 200 31 "-" "WordPress/6.8.3; http://cqqizhou.com"
121.199.162.121 - - [08/Dec/2025:09:03:28 +0800] "GET / HTTP/1.1" 301 5 "-" "Mozilla/5.0 (Windows NT 10.0; Win64; x64) AppleWebKit/537.36 (KHTML, like Gecko) Chrome/59.0.3071.115 Safari/537.36"
36.133.115.36 - - [08/Dec/2025:09:07:22 +0800] "POST /wp-cron.php?doing_wp_cron=1765156042.2109730243682861328125 HTTP/1.1" 200 31 "-" "WordPress/6.8.3; http://cqqizhou.com"
84.17.248.14 - - [08/Dec/2025:09:07:22 +0800] "GET / HTTP/1.1" 200 152382 "-" "Mozilla/5.0 (Windows NT 6.1; WOW64) AppleWebKit/537.36 (KHTML, like Gecko) Chrome/51.0.2704.103 Safari/537.36"
36.133.115.36 - - [08/Dec/2025:09:10:13 +0800] "POST /wp-cron.php?doing_wp_cron=1765156213.4508609771728515625000 HTTP/1.1" 200 31 "-" "WordPress/6.8.3; http://cqqizhou.com"
204.76.203.212 - - [08/Dec/2025:09:10:13 +0800] "GET / HTTP/1.1" 200 33627 "-" "Mozilla/5.0 (Windows NT 10.0; Win64; x64) AppleWebKit/537.36 (KHTML, like Gecko) Chrome/90.0.4430.85 Safari/537.36 Edg/90.0.818.46"
36.133.115.36 - - [08/Dec/2025:09:29:51 +0800] "POST /wp-cron.php?doing_wp_cron=1765157391.6849400997161865234375 HTTP/1.1" 200 31 "-" "WordPress/6.8.3; http://cqqizhou.com"
18.97.19.241 - - [08/Dec/2025:09:29:51 +0800] "GET / HTTP/1.1" 301 5 "-" "Mozilla/5.0 (Windows NT 6.2;en-US) AppleWebKit/537.32.36 (KHTML, live Gecko) Chrome/56.0.3079.81 Safari/537.32"
18.97.19.241 - - [08/Dec/2025:09:29:52 +0800] "GET / HTTP/1.1" 200 34067 "-" "Mozilla/5.0 (Windows NT 6.2;en-US) AppleWebKit/537.32.36 (KHTML, live Gecko) Chrome/56.0.3079.81 Safari/537.32"
18.97.19.241 - - [08/Dec/2025:09:29:55 +0800] "GET /feed/ HTTP/1.1" 200 82044 "-" "Mozilla/5.0 (Macintosh; Intel Mac OS X 10_15_7) AppleWebKit/537.36 (KHTML, like Gecko) Chrome/124.0.0.0 Safari/537.36"
36.133.115.36 - - [08/Dec/2025:09:44:21 +0800] "POST /wp-cron.php?doing_wp_cron=1765158261.4322190284729003906250 HTTP/1.1" 200 31 "-" "WordPress/6.8.3; http://cqqizhou.com"
185.203.216.90 - - [08/Dec/2025:09:44:21 +0800] "GET /robots.txt HTTP/1.1" 200 390 "-" "Mozilla/5.0 (compatible; MJ12bot/v1.4.8; http://mj12bot.com/)"
185.203.216.90 - - [08/Dec/2025:09:44:23 +0800] "GET /portfolio-tag/%E9%9E%8D%E9%92%A2%E8%92%82%E6%A3%AE/ HTTP/1.1" 200 22754 "-" "Mozilla/5.0 (compatible; MJ12bot/v1.4.8; http://mj12bot.com/)"
185.203.216.90 - - [08/Dec/2025:09:44:25 +0800] "GET /portfolio/%E5%86%B7%E8%BD%A7%E5%8D%B7/ HTTP/1.1" 200 22121 "-" "Mozilla/5.0 (compatible; MJ12bot/v1.4.8; http://mj12bot.com/)"
185.203.216.90 - - [08/Dec/2025:09:44:27 +0800] "GET /portfolio/%E5%86%B7%E8%BD%A7%E6%9D%BF/ HTTP/1.1" 200 18981 "-" "Mozilla/5.0 (compatible; MJ12bot/v1.4.8; http://mj12bot.com/)"
36.133.115.36 - - [08/Dec/2025:09:52:06 +0800] "POST /wp-cron.php?doing_wp_cron=1765158726.1438150405883789062500 HTTP/1.1" 200 31 "-" "WordPress/6.8.3; http://cqqizhou.com"
141.98.11.170 - - [08/Dec/2025:09:52:06 +0800] "GET / HTTP/1.1" 200 33627 "-" "Mozilla/5.0 (Windows NT 10.0; Win64; x64) AppleWebKit/537.36 (KHTML, like Gecko) Chrome/90.0.4430.85 Safari/537.36 Edg/90.0.818.46"
36.133.115.36 - - [08/Dec/2025:09:56:33 +0800] "POST /wp-cron.php?doing_wp_cron=1765158993.1437449455261230468750 HTTP/1.1" 200 31 "-" "WordPress/6.8.3; http://cqqizhou.com"
204.76.203.212 - - [08/Dec/2025:09:56:33 +0800] "GET / HTTP/1.1" 200 33627 "-" "Mozilla/5.0 (Windows NT 10.0; Win64; x64) AppleWebKit/537.36 (KHTML, like Gecko) Chrome/90.0.4430.85 Safari/537.36 Edg/90.0.818.46"
36.133.115.36 - - [08/Dec/2025:10:02:07 +0800] "POST /wp-cron.php?doing_wp_cron=1765159327.1754109859466552734375 HTTP/1.1" 200 31 "-" "WordPress/6.8.3; http://cqqizhou.com"
42.58.32.77 - - [08/Dec/2025:10:02:07 +0800] "GET / HTTP/1.1" 301 5 "-" "Mozilla/5.0 (Windows NT 6.2) AppleWebKit/537.36 (KHTML, like Gecko) Chrome/78.0.3904.105"
36.148.48.3 - - [08/Dec/2025:10:02:08 +0800] "GET / HTTP/1.1" 301 5 "-" "Mozilla/5.0 (Windows NT 6.2) AppleWebKit/537.36 (KHTML, like Gecko) Chrome/78.0.3904.105"
117.188.40.196 - - [08/Dec/2025:10:02:19 +0800] "GET / HTTP/1.1" 301 5 "-" "Mozilla/5.0 (Windows NT 6.2) AppleWebKit/537.36 (KHTML, like Gecko) Chrome/78.0.3904.105"
125.125.136.218 - - [08/Dec/2025:10:02:21 +0800] "GET / HTTP/1.1" 200 34067 "-" "Mozilla/5.0 (Windows NT 6.1; WOW64) AppleWebKit/537.36 (KHTML, like Gecko) Chrome/81.0.4044.69"
59.62.103.28 - - [08/Dec/2025:10:02:50 +0800] "GET / HTTP/1.1" 499 0 "-" "Mozilla/5.0 (Windows NT 6.2) AppleWebKit/537.36 (KHTML, like Gecko) Chrome/78.0.3904.105"
36.133.115.36 - - [08/Dec/2025:10:02:50 +0800] "POST /wp-cron.php?doing_wp_cron=1765159370.9111669063568115234375 HTTP/1.1" 200 31 "-" "WordPress/6.8.3; http://cqqizhou.com"
111.32.41.76 - - [08/Dec/2025:10:02:52 +0800] "GET / HTTP/1.1" 301 5 "-" "Mozilla/5.0 (Windows NT 6.2) AppleWebKit/537.36 (KHTML, like Gecko) Chrome/78.0.3904.105"
59.62.103.28 - - [08/Dec/2025:10:03:02 +0800] "GET / HTTP/1.1" 499 0 "-" "Mozilla/5.0 (Windows NT 6.2) AppleWebKit/537.36 (KHTML, like Gecko) Chrome/78.0.3904.105"
39.148.16.85 - - [08/Dec/2025:10:03:03 +0800] "GET / HTTP/1.1" 301 5 "-" "Mozilla/5.0 (Windows NT 6.2) AppleWebKit/537.36 (KHTML, like Gecko) Chrome/78.0.3904.105"
223.108.79.99 - - [08/Dec/2025:10:03:41 +0800] "GET / HTTP/1.1" 301 5 "-" "Mozilla/5.0 (Linux; Android 10; MI 9 Build/QKQ1.190825.002; wv) AppleWebKit/537.36 (KHTML, like Gecko) Version/4.0 Chrome/86.0.4240.198 Mobile Safari/537.36 MMWEBID/1234 MicroMessenger/8.0.1.1841(0x2800015D) WeChat/arm64"
223.108.79.99 - - [08/Dec/2025:10:03:42 +0800] "GET / HTTP/1.1" 200 33627 "-" "Mozilla/5.0 (Linux; Android 10; MI 9 Build/QKQ1.190825.002; wv) AppleWebKit/537.36 (KHTML, like Gecko) Version/4.0 Chrome/86.0.4240.198 Mobile Safari/537.36 MMWEBID/1234 MicroMessenger/8.0.1.1841(0x2800015D) WeChat/arm64"
223.108.79.99 - - [08/Dec/2025:10:03:44 +0800] "GET / HTTP/1.1" 301 5 "-" "Mozilla/5.0 (Linux; Android 13; 23049RAD8C Build/TKQ1.221114.001) AppleWebKit/537.36 (KHTML, like Gecko) Version/4.0 Chrome/115.0.0.0 Mobile Safari/537.36 MicroMessenger/8.0.45"
223.108.79.99 - - [08/Dec/2025:10:03:45 +0800] "GET / HTTP/1.1" 200 33627 "-" "Mozilla/5.0 (Linux; Android 13; 23049RAD8C Build/TKQ1.221114.001) AppleWebKit/537.36 (KHTML, like Gecko) Version/4.0 Chrome/115.0.0.0 Mobile Safari/537.36 MicroMessenger/8.0.45"
223.108.79.99 - - [08/Dec/2025:10:03:46 +0800] "GET /wp-content/uploads/2025/07/1751425283-qizhou.kf_.qq_.com_.webp HTTP/1.1" 200 16864 "https://servicewechat.com/" "Mozilla/5.0 (Linux; Android 13; 23049RAD8C Build/TKQ1.221114.001) AppleWebKit/537.36 (KHTML, like Gecko) Version/4.0 Chrome/115.0.0.0 Mobile Safari/537.36 MicroMessenger/8.0.45"
223.108.79.99 - - [08/Dec/2025:10:03:46 +0800] "GET /wp-content/uploads/2025/07/1753456723-%E5%8F%8C%E7%9B%B8%E9%92%A2roduct_Single600.webp HTTP/1.1" 200 22790 "https://servicewechat.com/" "Mozilla/5.0 (Linux; Android 13; 23049RAD8C Build/TKQ1.221114.001) AppleWebKit/537.36 (KHTML, like Gecko) Version/4.0 Chrome/115.0.0.0 Mobile Safari/537.36 MicroMessenger/8.0.45"
223.108.79.99 - - [08/Dec/2025:10:03:46 +0800] "GET /wp-content/uploads/2025/07/1753456770-%E7%83%AD%E9%95%80%E9%94%8C%E5%8D%B7product_Single600.webp HTTP/1.1" 200 27502 "https://servicewechat.com/" "Mozilla/5.0 (Linux; Android 13; 23049RAD8C Build/TKQ1.221114.001) AppleWebKit/537.36 (KHTML, like Gecko) Version/4.0 Chrome/115.0.0.0 Mobile Safari/537.36 MicroMessenger/8.0.45"
223.108.79.99 - - [08/Dec/2025:10:03:46 +0800] "GET /wp-content/uploads/2025/07/1753453096-%E5%8F%8C%E7%9B%B8%E9%92%A2product_Single600%C3%97284.webp HTTP/1.1" 200 14562 "https://servicewechat.com/" "Mozilla/5.0 (Linux; Android 13; 23049RAD8C Build/TKQ1.221114.001) AppleWebKit/537.36 (KHTML, like Gecko) Version/4.0 Chrome/115.0.0.0 Mobile Safari/537.36 MicroMessenger/8.0.45"
223.108.79.99 - - [08/Dec/2025:10:03:46 +0800] "GET /wp-content/uploads/2025/07/1753453127-%E4%BD%99%E5%8D%B7product_Single600%C3%97284.webp HTTP/1.1" 200 18744 "https://servicewechat.com/" "Mozilla/5.0 (Linux; Android 13; 23049RAD8C Build/TKQ1.221114.001) AppleWebKit/537.36 (KHTML, like Gecko) Version/4.0 Chrome/115.0.0.0 Mobile Safari/537.36 MicroMessenger/8.0.45"
223.108.79.99 - - [08/Dec/2025:10:03:47 +0800] "GET /wp-content/uploads/revslider/slider-1/1750929639-yuanjing_Slider_3840%C3%972160_20250626171955-scaled.webp HTTP/1.1" 200 203290 "https://servicewechat.com/" "Mozilla/5.0 (Linux; Android 13; 23049RAD8C Build/TKQ1.221114.001) AppleWebKit/537.36 (KHTML, like Gecko) Version/4.0 Chrome/115.0.0.0 Mobile Safari/537.36 MicroMessenger/8.0.45"
223.108.79.99 - - [08/Dec/2025:10:03:47 +0800] "GET /wp-content/uploads/2025/07/1753587901-Slider_3840%C3%972160_20250727-scaled-50x100.webp HTTP/1.1" 200 1660 "https://servicewechat.com/" "Mozilla/5.0 (Linux; Android 13; 23049RAD8C Build/TKQ1.221114.001) AppleWebKit/537.36 (KHTML, like Gecko) Version/4.0 Chrome/115.0.0.0 Mobile Safari/537.36 MicroMessenger/8.0.45"
223.108.79.99 - - [08/Dec/2025:10:03:47 +0800] "GET /wp-content/uploads/revslider/slider-1/1750861156-logistics_Slider_3840%C3%972160_20250625191356-scaled-50x100.webp HTTP/1.1" 200 1416 "https://servicewechat.com/" "Mozilla/5.0 (Linux; Android 13; 23049RAD8C Build/TKQ1.221114.001) AppleWebKit/537.36 (KHTML, like Gecko) Version/4.0 Chrome/115.0.0.0 Mobile Safari/537.36 MicroMessenger/8.0.45"
36.133.115.36 - - [08/Dec/2025:10:03:48 +0800] "POST /wp-cron.php?doing_wp_cron=1765159428.1934030055999755859375 HTTP/1.1" 200 31 "-" "WordPress/6.8.3; http://cqqizhou.com"
223.108.79.99 - - [08/Dec/2025:10:03:48 +0800] "GET /wp-json/sliderrevolution/sliders/1?srengine=7&slideid=3 HTTP/1.1" 200 2292 "https://servicewechat.com/" "Mozilla/5.0 (Linux; Android 13; 23049RAD8C Build/TKQ1.221114.001) AppleWebKit/537.36 (KHTML, like Gecko) Version/4.0 Chrome/115.0.0.0 Mobile Safari/537.36 MicroMessenger/8.0.45"
223.108.79.99 - - [08/Dec/2025:10:03:48 +0800] "GET /wp-json/sliderrevolution/sliders/1?srengine=7&slideid=2 HTTP/1.1" 200 2058 "https://servicewechat.com/" "Mozilla/5.0 (Linux; Android 13; 23049RAD8C Build/TKQ1.221114.001) AppleWebKit/537.36 (KHTML, like Gecko) Version/4.0 Chrome/115.0.0.0 Mobile Safari/537.36 MicroMessenger/8.0.45"
223.108.79.99 - - [08/Dec/2025:10:03:48 +0800] "GET /wp-content/uploads/2025/07/1753587901-Slider_3840%C3%972160_20250727-scaled.webp HTTP/1.1" 200 141034 "https://servicewechat.com/" "Mozilla/5.0 (Linux; Android 13; 23049RAD8C Build/TKQ1.221114.001) AppleWebKit/537.36 (KHTML, like Gecko) Version/4.0 Chrome/115.0.0.0 Mobile Safari/537.36 MicroMessenger/8.0.45"
223.108.79.99 - - [08/Dec/2025:10:03:48 +0800] "GET /wp-content/uploads/revslider/slider-1/1750861156-logistics_Slider_3840%C3%972160_20250625191356-scaled.webp HTTP/1.1" 200 197360 "https://servicewechat.com/" "Mozilla/5.0 (Linux; Android 13; 23049RAD8C Build/TKQ1.221114.001) AppleWebKit/537.36 (KHTML, like Gecko) Version/4.0 Chrome/115.0.0.0 Mobile Safari/537.36 MicroMessenger/8.0.45"
193.142.147.209 - - [08/Dec/2025:10:04:02 +0800] "GET /cgi-bin/luci/;stok=/locale HTTP/1.1" 301 5 "-" "-"
193.142.147.209 - - [08/Dec/2025:10:04:04 +0800] "GET /cgi-bin/luci/;stok=/locale HTTP/1.1" 404 31364 "http://36.133.115.36:80/cgi-bin/luci/;stok=/locale" "-"
36.133.115.36 - - [08/Dec/2025:10:06:59 +0800] "POST /wp-cron.php?doing_wp_cron=1765159619.2322258949279785156250 HTTP/1.1" 200 31 "-" "WordPress/6.8.3; http://cqqizhou.com"
36.150.60.24 - - [08/Dec/2025:10:06:59 +0800] "GET / HTTP/1.1" 301 5 "-" "Mozilla/5.0 (X11; U; Linux i686; en-US; rv:1.6) Gecko/20040113"
36.150.60.24 - - [08/Dec/2025:10:06:59 +0800] "GET / HTTP/1.1" 200 33627 "-" "Mozilla/5.0 (Linux; U; Android 6.0; zh-CN; PRO 6 Build/MRA58K) AppleWebKit/537.36 (KHTML, like Gecko) Version/4.0 Chrome/57.0.2987.108 UCBrowser/11.8.0.960 UWS/2.12.1.11 Mobile Safari/537.36 AliApp(TB/7.4.4) UCBS/2.11.1.1 WindVane/8.3.0 1080X1920"
36.150.60.24 - - [08/Dec/2025:10:07:12 +0800] "GET / HTTP/1.1" 301 5 "-" "Mozilla/5.0 (Macintosh; Intel Mac OS X 10_11) AppleWebKit/601.1.27 (KHTML, like Gecko) Chrome/47.0.2526.106 Safari/601.1.27"
36.150.60.24 - - [08/Dec/2025:10:07:12 +0800] "GET / HTTP/1.1" 200 34067 "-" "Mozilla/5.0 (Macintosh; Intel Mac OS X 10_11) AppleWebKit/601.1.27 (KHTML, like Gecko) Chrome/47.0.2526.106 Safari/601.1.27"
36.133.115.36 - - [08/Dec/2025:10:08:55 +0800] "POST /wp-cron.php?doing_wp_cron=1765159735.0100769996643066406250 HTTP/1.1" 200 31 "-" "WordPress/6.8.3; http://cqqizhou.com"
114.119.159.246 - - [08/Dec/2025:10:08:55 +0800] "GET /wp-sitemap.xml HTTP/1.1" 501 253 "-" "Mozilla/5.0 (Linux; Android 7.0;) AppleWebKit/537.36 (KHTML, like Gecko) Mobile Safari/537.36 (compatible; PetalBot;+https://webmaster.petalsearch.com/site/petalbot)"
221.178.143.70 - - [08/Dec/2025:10:09:05 +0800] "GET / HTTP/1.1" 200 34067 "-" "Mozilla/5.0 (X11; U; Linux i686; en-US; rv:1.7.5) Gecko/20041215 Firefox/1.0 Red Hat/1.0-12.EL4"
221.178.143.70 - - [08/Dec/2025:10:09:05 +0800] "GET / HTTP/1.1" 301 5 "-" "Opera/8.50 (Windows NT 5.1; U; de)"
203.2.64.59 - - [08/Dec/2025:10:09:24 +0800] "GET / HTTP/1.1" 200 33627 "-" "Mozilla/5.0 (iPhone; CPU iPhone OS 13_2_3 like Mac OS X) AppleWebKit/605.1.15 (KHTML, like Gecko) Version/13.0.3 Mobile/15E148 Safari/604.1"
36.133.115.36 - - [08/Dec/2025:10:09:49 +0800] "POST /wp-cron.php?doing_wp_cron=1765159789.1566491127014160156250 HTTP/1.1" 200 31 "-" "WordPress/6.8.3; http://cqqizhou.com"
221.178.143.70 - - [08/Dec/2025:10:09:49 +0800] "GET / HTTP/1.1" 301 5 "-" "Dalvik/2.1.0 (Linux; U; Android 9.0; ZTE BA520 Build/MRA58K)"
221.178.143.70 - - [08/Dec/2025:10:09:55 +0800] "GET / HTTP/1.1" 200 33627 "-" "Dalvik/2.1.0 (Linux; U; Android 9.0; ZTE BA520 Build/MRA58K)"
36.150.60.24 - - [08/Dec/2025:10:10:28 +0800] "GET / HTTP/1.1" 301 5 "-" "Dalvik/2.1.0 (Linux; U; Android 9.0; ZTE BA520 Build/MRA58K)"
36.150.60.24 - - [08/Dec/2025:10:10:28 +0800] "GET / HTTP/1.1" 200 33627 "-" "Dalvik/2.1.0 (Linux; U; Android 9.0; ZTE BA520 Build/MRA58K)"
36.150.60.24 - - [08/Dec/2025:10:10:29 +0800] "GET / HTTP/1.1" 200 33627 "-" "Dalvik/2.1.0 (Linux; U; Android 9.0; ZTE BA520 Build/MRA58K)"
221.178.143.70 - - [08/Dec/2025:10:12:13 +0800] "GET / HTTP/1.1" 200 34067 "-" "Mozilla/5.0 (Macintosh; Intel Mac OS X 10_11) AppleWebKit/601.1.27 (KHTML, like Gecko) Chrome/47.0.2526.106 Safari/601.1.27"
36.133.115.36 - - [08/Dec/2025:10:12:14 +0800] "POST /wp-cron.php?doing_wp_cron=1765159934.0525159835815429687500 HTTP/1.1" 200 31 "-" "WordPress/6.8.3; http://cqqizhou.com"
221.178.143.70 - - [08/Dec/2025:10:12:14 +0800] "GET / HTTP/1.1" 301 5 "-" "Mozilla/5.0 (Macintosh; Intel Mac OS X 10_11) AppleWebKit/601.1.27 (KHTML, like Gecko) Chrome/47.0.2526.106 Safari/601.1.27"
221.178.143.70 - - [08/Dec/2025:10:12:14 +0800] "GET / HTTP/1.1" 200 34067 "-" "Mozilla/5.0 (Macintosh; Intel Mac OS X 10_11) AppleWebKit/601.1.27 (KHTML, like Gecko) Chrome/47.0.2526.106 Safari/601.1.27"
36.133.115.36 - - [08/Dec/2025:10:13:56 +0800] "POST /wp-cron.php?doing_wp_cron=1765160036.7558579444885253906250 HTTP/1.1" 200 31 "-" "WordPress/6.8.3; http://cqqizhou.com"
114.119.148.60 - - [08/Dec/2025:10:13:56 +0800] "GET /wp-sitemap.xml HTTP/1.1" 501 253 "-" "Mozilla/5.0 (Linux; Android 7.0;) AppleWebKit/537.36 (KHTML, like Gecko) Mobile Safari/537.36 (compatible; PetalBot;+https://webmaster.petalsearch.com/site/petalbot)"
216.244.66.245 - - [08/Dec/2025:10:14:38 +0800] "GET /robots.txt HTTP/1.1" 200 390 "-" "Mozilla/5.0 (compatible; DotBot/1.2; +https://opensiteexplorer.org/dotbot; help@moz.com)"
123.57.13.121 - - [08/Dec/2025:10:16:15 +0800] "GET / HTTP/1.1" 200 34067 "-" "Mozilla/5.0 (Windows NT 10.0; Win64; x64) AppleWebKit/537.36 (KHTML, like Gecko) Chrome/104.0.0.0 Safari/537.36"
36.150.60.24 - - [08/Dec/2025:10:17:06 +0800] "GET /jw HTTP/1.1" 301 5 "-" "Mozilla/5.0 (X11; U; Linux i686; en-US; rv:1.6) Gecko/20040113"
36.150.60.24 - - [08/Dec/2025:10:17:06 +0800] "GET /index/index/info?type=ultimate&date=1633382774669 HTTP/1.1" 301 5 "-" "Mozilla/5.0 (X11; U; Linux i686; en-US; rv:1.6) Gecko/20040113"
36.133.115.36 - - [08/Dec/2025:10:17:06 +0800] "POST /wp-cron.php?doing_wp_cron=1765160226.1443130970001220703125 HTTP/1.1" 200 31 "-" "WordPress/6.8.3; http://cqqizhou.com"
36.150.60.24 - - [08/Dec/2025:10:17:06 +0800] "GET /api/Event/Products/Average HTTP/1.1" 301 5 "-" "Mozilla/5.0 (X11; U; Linux i686; en-US; rv:1.6) Gecko/20040113"
36.150.60.24 - - [08/Dec/2025:10:17:06 +0800] "GET /index/index/info?type=ultimate HTTP/1.1" 301 5 "-" "Mozilla/5.0 (X11; U; Linux i686; en-US; rv:1.6) Gecko/20040113"
36.133.115.36 - - [08/Dec/2025:10:18:58 +0800] "POST /wp-cron.php?doing_wp_cron=1765160338.3825080394744873046875 HTTP/1.1" 200 31 "-" "WordPress/6.8.3; http://cqqizhou.com"
114.119.155.23 - - [08/Dec/2025:10:18:58 +0800] "GET /wp-sitemap.xml HTTP/1.1" 501 253 "-" "Mozilla/5.0 (Linux; Android 7.0;) AppleWebKit/537.36 (KHTML, like Gecko) Mobile Safari/537.36 (compatible; PetalBot;+https://webmaster.petalsearch.com/site/petalbot)"
198.244.240.94 - - [08/Dec/2025:10:26:57 +0800] "GET /portfolio-category/dual-phase-steel/ HTTP/1.1" 200 21003 "-" "Mozilla/5.0 (compatible; AhrefsBot/7.0; +http://ahrefs.com/robot/)"
36.133.115.36 - - [08/Dec/2025:10:34:53 +0800] "POST /wp-cron.php?doing_wp_cron=1765161293.8786559104919433593750 HTTP/1.1" 200 31 "-" "WordPress/6.8.3; http://cqqizhou.com"
221.178.143.70 - - [08/Dec/2025:10:34:53 +0800] "GET /api/Event/Products/Average HTTP/1.1" 301 5 "-" "Opera/8.50 (Windows NT 5.1; U; de)"
221.178.143.70 - - [08/Dec/2025:10:34:54 +0800] "GET /jw HTTP/1.1" 301 5 "-" "Opera/8.50 (Windows NT 5.1; U; de)"
221.178.143.70 - - [08/Dec/2025:10:34:54 +0800] "GET /index.php/user/login HTTP/1.1" 301 5 "-" "Opera/8.50 (Windows NT 5.1; U; de)"
221.178.143.70 - - [08/Dec/2025:10:34:54 +0800] "GET /?teir HTTP/1.1" 301 5 "-" "Opera/8.50 (Windows NT 5.1; U; de)"
221.178.143.70 - - [08/Dec/2025:10:34:54 +0800] "GET /index/index/info?type=ultimate&date=1633382774669 HTTP/1.1" 301 5 "-" "Opera/8.50 (Windows NT 5.1; U; de)"
59.63.156.252 - - [08/Dec/2025:10:35:17 +0800] "GET / HTTP/1.1" 301 5 "-" "Mozilla/5.0 (Windows NT 6.1; Win64; x64) AppleWebKit/537.36 (KHTML, like Gecko) Chrome/46.0.2490.86 Safari/537.36"
36.133.115.36 - - [08/Dec/2025:10:46:07 +0800] "POST /wp-cron.php?doing_wp_cron=1765161967.9607210159301757812500 HTTP/1.1" 200 31 "-" "WordPress/6.8.3; http://cqqizhou.com"
204.76.203.212 - - [08/Dec/2025:10:46:08 +0800] "GET / HTTP/1.1" 200 33627 "-" "Mozilla/5.0 (Windows NT 10.0; Win64; x64) AppleWebKit/537.36 (KHTML, like Gecko) Chrome/90.0.4430.85 Safari/537.36 Edg/90.0.818.46"
36.133.115.36 - - [08/Dec/2025:10:50:25 +0800] "POST /wp-cron.php?doing_wp_cron=1765162225.6970160007476806640625 HTTP/1.1" 200 31 "-" "WordPress/6.8.3; http://cqqizhou.com"
52.167.144.170 - - [08/Dec/2025:10:50:25 +0800] "GET /?s=2026 HTTP/1.1" 200 17673 "-" "Mozilla/5.0 AppleWebKit/537.36 (KHTML, like Gecko; compatible; bingbot/2.0; +http://www.bing.com/bingbot.htm) Chrome/116.0.1938.76 Safari/537.36"
14.108.233.226 - - [08/Dec/2025:10:56:47 +0800] "GET / HTTP/1.1" 200 34067 "-" "Mozilla/5.0 (Windows NT 10.0; Win64; x64) AppleWebKit/537.36 (KHTML, like Gecko) Chrome/142.0.0.0 Safari/537.36 Edg/142.0.0.0"
14.108.233.226 - - [08/Dec/2025:10:56:47 +0800] "GET /wp-content/uploads/2025/07/1751425283-qizhou.kf_.qq_.com_.webp HTTP/1.1" 200 16864 "http://cqqizhou.com/" "Mozilla/5.0 (Windows NT 10.0; Win64; x64) AppleWebKit/537.36 (KHTML, like Gecko) Chrome/142.0.0.0 Safari/537.36 Edg/142.0.0.0"
14.108.233.226 - - [08/Dec/2025:10:56:48 +0800] "GET /wp-content/uploads/2025/07/1750174127-Marketing1920x800_3.webp HTTP/1.1" 200 52790 "http://cqqizhou.com/wp-content/uploads/elementor/css/post-1666.css?ver=1764857135" "Mozilla/5.0 (Windows NT 10.0; Win64; x64) AppleWebKit/537.36 (KHTML, like Gecko) Chrome/142.0.0.0 Safari/537.36 Edg/142.0.0.0"
14.108.233.226 - - [08/Dec/2025:10:56:49 +0800] "GET /wp-content/uploads/revslider/slider-1/1750929639-yuanjing_Slider_3840%C3%972160_20250626171955-scaled.webp HTTP/1.1" 200 203290 "http://cqqizhou.com/" "Mozilla/5.0 (Windows NT 10.0; Win64; x64) AppleWebKit/537.36 (KHTML, like Gecko) Chrome/142.0.0.0 Safari/537.36 Edg/142.0.0.0"
14.108.233.226 - - [08/Dec/2025:10:56:49 +0800] "GET /wp-content/uploads/revslider/slider-1/1750861156-logistics_Slider_3840%C3%972160_20250625191356-scaled-50x100.webp HTTP/1.1" 200 1416 "http://cqqizhou.com/" "Mozilla/5.0 (Windows NT 10.0; Win64; x64) AppleWebKit/537.36 (KHTML, like Gecko) Chrome/142.0.0.0 Safari/537.36 Edg/142.0.0.0"
14.108.233.226 - - [08/Dec/2025:10:56:49 +0800] "GET /wp-content/uploads/2025/07/1753587901-Slider_3840%C3%972160_20250727-scaled-50x100.webp HTTP/1.1" 200 1660 "http://cqqizhou.com/" "Mozilla/5.0 (Windows NT 10.0; Win64; x64) AppleWebKit/537.36 (KHTML, like Gecko) Chrome/142.0.0.0 Safari/537.36 Edg/142.0.0.0"
14.108.233.226 - - [08/Dec/2025:10:56:49 +0800] "GET /wp-content/uploads/2025/07/1753453096-%E5%8F%8C%E7%9B%B8%E9%92%A2product_Single600%C3%97284.webp HTTP/1.1" 200 14562 "http://cqqizhou.com/" "Mozilla/5.0 (Windows NT 10.0; Win64; x64) AppleWebKit/537.36 (KHTML, like Gecko) Chrome/142.0.0.0 Safari/537.36 Edg/142.0.0.0"
14.108.233.226 - - [08/Dec/2025:10:56:49 +0800] "GET /wp-content/uploads/2025/07/1753456723-%E5%8F%8C%E7%9B%B8%E9%92%A2roduct_Single600.webp HTTP/1.1" 200 22790 "http://cqqizhou.com/" "Mozilla/5.0 (Windows NT 10.0; Win64; x64) AppleWebKit/537.36 (KHTML, like Gecko) Chrome/142.0.0.0 Safari/537.36 Edg/142.0.0.0"
14.108.233.226 - - [08/Dec/2025:10:56:49 +0800] "GET /wp-content/uploads/2025/07/1753456770-%E7%83%AD%E9%95%80%E9%94%8C%E5%8D%B7product_Single600.webp HTTP/1.1" 200 27502 "http://cqqizhou.com/" "Mozilla/5.0 (Windows NT 10.0; Win64; x64) AppleWebKit/537.36 (KHTML, like Gecko) Chrome/142.0.0.0 Safari/537.36 Edg/142.0.0.0"
14.108.233.226 - - [08/Dec/2025:10:56:49 +0800] "GET /wp-content/uploads/2025/07/1753453127-%E4%BD%99%E5%8D%B7product_Single600%C3%97284.webp HTTP/1.1" 200 18744 "http://cqqizhou.com/" "Mozilla/5.0 (Windows NT 10.0; Win64; x64) AppleWebKit/537.36 (KHTML, like Gecko) Chrome/142.0.0.0 Safari/537.36 Edg/142.0.0.0"
36.133.115.36 - - [08/Dec/2025:10:56:50 +0800] "POST /wp-cron.php?doing_wp_cron=1765162610.2062630653381347656250 HTTP/1.1" 200 31 "-" "WordPress/6.8.3; http://cqqizhou.com"
14.108.233.226 - - [08/Dec/2025:10:56:50 +0800] "GET /wp-json/sliderrevolution/sliders/1?srengine=7&slideid=3 HTTP/1.1" 200 2292 "http://cqqizhou.com/" "Mozilla/5.0 (Windows NT 10.0; Win64; x64) AppleWebKit/537.36 (KHTML, like Gecko) Chrome/142.0.0.0 Safari/537.36 Edg/142.0.0.0"
14.108.233.226 - - [08/Dec/2025:10:56:50 +0800] "GET /wp-content/uploads/2025/07/1753587901-Slider_3840%C3%972160_20250727-scaled.webp HTTP/1.1" 200 141034 "http://cqqizhou.com/" "Mozilla/5.0 (Windows NT 10.0; Win64; x64) AppleWebKit/537.36 (KHTML, like Gecko) Chrome/142.0.0.0 Safari/537.36 Edg/142.0.0.0"
14.108.233.226 - - [08/Dec/2025:10:56:50 +0800] "GET /wp-json/sliderrevolution/sliders/1?srengine=7&slideid=2 HTTP/1.1" 200 2058 "http://cqqizhou.com/" "Mozilla/5.0 (Windows NT 10.0; Win64; x64) AppleWebKit/537.36 (KHTML, like Gecko) Chrome/142.0.0.0 Safari/537.36 Edg/142.0.0.0"
14.108.233.226 - - [08/Dec/2025:10:56:50 +0800] "GET /wp-content/uploads/revslider/slider-1/1750861156-logistics_Slider_3840%C3%972160_20250625191356-scaled.webp HTTP/1.1" 200 197360 "http://cqqizhou.com/" "Mozilla/5.0 (Windows NT 10.0; Win64; x64) AppleWebKit/537.36 (KHTML, like Gecko) Chrome/142.0.0.0 Safari/537.36 Edg/142.0.0.0"
14.108.233.226 - - [08/Dec/2025:10:56:50 +0800] "GET /logistics/ HTTP/1.1" 200 22473 "http://cqqizhou.com/" "Mozilla/5.0 (Windows NT 10.0; Win64; x64) AppleWebKit/537.36 (KHTML, like Gecko) Chrome/142.0.0.0 Safari/537.36 Edg/142.0.0.0"
14.108.233.226 - - [08/Dec/2025:10:56:50 +0800] "GET /wp-content/uploads/2025/07/1751864664-Logistics800x500_1.webp HTTP/1.1" 200 76914 "http://cqqizhou.com/logistics/" "Mozilla/5.0 (Windows NT 10.0; Win64; x64) AppleWebKit/537.36 (KHTML, like Gecko) Chrome/142.0.0.0 Safari/537.36 Edg/142.0.0.0"
14.108.233.226 - - [08/Dec/2025:10:56:50 +0800] "GET /wp-content/uploads/2025/07/1751864682-Logistics800x500_2.webp HTTP/1.1" 200 27420 "http://cqqizhou.com/logistics/" "Mozilla/5.0 (Windows NT 10.0; Win64; x64) AppleWebKit/537.36 (KHTML, like Gecko) Chrome/142.0.0.0 Safari/537.36 Edg/142.0.0.0"
