34.1.25.163 - - [24/Oct/2025:21:10:06 +0800] "GET /app/ HTTP/1.1" 404 8989 "-" "Mozilla/5.0 (Macintosh; Intel Mac OS X 10_15_7) AppleWebKit/537.36 (KHTML, like Gecko) Chrome/135.0.0.0 Safari/537.36"
34.1.25.163 - - [24/Oct/2025:21:10:07 +0800] "GET /login/ HTTP/1.1" 302 5 "-" "Mozilla/5.0 (Macintosh; Intel Mac OS X 10_15_7) AppleWebKit/537.36 (KHTML, like Gecko) Chrome/135.0.0.0 Safari/537.36"
34.1.25.163 - - [24/Oct/2025:21:10:08 +0800] "GET /wp-login.php HTTP/1.1" 200 2781 "http://cqqizhou.com/login/" "Mozilla/5.0 (Macintosh; Intel Mac OS X 10_15_7) AppleWebKit/537.36 (KHTML, like Gecko) Chrome/135.0.0.0 Safari/537.36"
34.1.25.163 - - [24/Oct/2025:21:10:18 +0800] "GET / HTTP/1.1" 301 5 "-" "Mozilla/5.0 (Macintosh; Intel Mac OS X 10_15_7) AppleWebKit/537.36 (KHTML, like Gecko) Chrome/135.0.0.0 Safari/537.36"
34.1.25.163 - - [24/Oct/2025:21:10:18 +0800] "GET / HTTP/1.1" 200 33931 "http://www.cqqizhou.com/" "Mozilla/5.0 (Macintosh; Intel Mac OS X 10_15_7) AppleWebKit/537.36 (KHTML, like Gecko) Chrome/135.0.0.0 Safari/537.36"
34.1.25.163 - - [24/Oct/2025:21:10:20 +0800] "GET /app/ HTTP/1.1" 404 8988 "-" "Mozilla/5.0 (Macintosh; Intel Mac OS X 10_15_7) AppleWebKit/537.36 (KHTML, like Gecko) Chrome/135.0.0.0 Safari/537.36"
34.1.25.163 - - [24/Oct/2025:21:10:20 +0800] "GET /login/ HTTP/1.1" 302 5 "-" "Mozilla/5.0 (Macintosh; Intel Mac OS X 10_15_7) AppleWebKit/537.36 (KHTML, like Gecko) Chrome/135.0.0.0 Safari/537.36"
34.1.25.163 - - [24/Oct/2025:21:10:21 +0800] "GET /wp-login.php HTTP/1.1" 200 2781 "http://cqqizhou.com/login/" "Mozilla/5.0 (Macintosh; Intel Mac OS X 10_15_7) AppleWebKit/537.36 (KHTML, like Gecko) Chrome/135.0.0.0 Safari/537.36"
34.1.25.163 - - [24/Oct/2025:21:10:22 +0800] "GET / HTTP/1.1" 200 33931 "-" "Mozilla/5.0 (Macintosh; Intel Mac OS X 10_15_7) AppleWebKit/537.36 (KHTML, like Gecko) Chrome/135.0.0.0 Safari/537.36"
34.1.25.163 - - [24/Oct/2025:21:10:23 +0800] "GET /app/ HTTP/1.1" 404 8989 "-" "Mozilla/5.0 (Macintosh; Intel Mac OS X 10_15_7) AppleWebKit/537.36 (KHTML, like Gecko) Chrome/135.0.0.0 Safari/537.36"
34.1.25.163 - - [24/Oct/2025:21:10:24 +0800] "GET /login/ HTTP/1.1" 302 5 "-" "Mozilla/5.0 (Macintosh; Intel Mac OS X 10_15_7) AppleWebKit/537.36 (KHTML, like Gecko) Chrome/135.0.0.0 Safari/537.36"
34.1.25.163 - - [24/Oct/2025:21:10:24 +0800] "GET /wp-login.php HTTP/1.1" 200 2781 "http://cqqizhou.com/login/" "Mozilla/5.0 (Macintosh; Intel Mac OS X 10_15_7) AppleWebKit/537.36 (KHTML, like Gecko) Chrome/135.0.0.0 Safari/537.36"
36.133.115.36 - - [24/Oct/2025:21:11:24 +0800] "POST /wp-cron.php?doing_wp_cron=1761311483.9954369068145751953125 HTTP/1.1" 200 31 "-" "WordPress/6.8.2; http://cqqizhou.com"
195.160.220.89 - - [24/Oct/2025:21:11:25 +0800] "GET /index.php HTTP/1.1" 200 151919 "-" "-"
36.133.115.36 - - [24/Oct/2025:21:13:23 +0800] "POST /wp-cron.php?doing_wp_cron=1761311603.3673439025878906250000 HTTP/1.1" 200 31 "-" "WordPress/6.8.2; http://cqqizhou.com"
217.131.14.13 - - [24/Oct/2025:21:13:23 +0800] "POST /xmlrpc.php HTTP/1.1" 200 217 "http://cqqizhou.com" "Mozilla/5.0 (Macintosh; Intel Mac OS X 13_3) AppleWebKit/537.36 (KHTML, like Gecko) Chrome/126.0.0.0 Safari/537.36 Edg/126.0.0.0"
36.133.115.36 - - [24/Oct/2025:21:17:23 +0800] "POST /wp-cron.php?doing_wp_cron=1761311843.5668840408325195312500 HTTP/1.1" 200 31 "-" "WordPress/6.8.2; http://cqqizhou.com"
145.239.93.122 - - [24/Oct/2025:21:17:23 +0800] "POST /xmlrpc.php HTTP/1.1" 200 217 "http://cqqizhou.com" "Mozilla/5.0 (Windows NT 11.0; Win64; x64) AppleWebKit/537.36 (KHTML, like Gecko) Chrome/126.0.0.0 Safari/537.36 Edg/126.0.0.0"
36.133.115.36 - - [24/Oct/2025:21:20:31 +0800] "POST /wp-cron.php?doing_wp_cron=1761312031.6154150962829589843750 HTTP/1.1" 200 31 "-" "WordPress/6.8.2; http://cqqizhou.com"
223.244.35.77 - - [24/Oct/2025:21:20:31 +0800] "GET / HTTP/1.1" 200 33465 "-" "Mozilla/5.0 (iPhone; CPU iPhone OS 13_2_3 like Mac OS X) AppleWebKit/605.1.15 (KHTML, like Gecko) Version/13.0.3 Mobile/15E148 Safari/604.1"
36.133.115.36 - - [24/Oct/2025:21:21:19 +0800] "POST /wp-cron.php?doing_wp_cron=1761312079.5297150611877441406250 HTTP/1.1" 200 31 "-" "WordPress/6.8.2; http://cqqizhou.com"
101.32.242.179 - - [24/Oct/2025:21:21:19 +0800] "POST /xmlrpc.php HTTP/1.1" 200 217 "http://cqqizhou.com" "Mozilla/5.0 (Windows NT 11.0; Win64; x64; rv:126.0) Gecko/20100101 Firefox/126.0"
36.133.115.36 - - [24/Oct/2025:21:25:17 +0800] "POST /wp-cron.php?doing_wp_cron=1761312317.3221170902252197265625 HTTP/1.1" 200 31 "-" "WordPress/6.8.2; http://cqqizhou.com"
5.160.146.1 - - [24/Oct/2025:21:25:17 +0800] "POST /xmlrpc.php HTTP/1.1" 200 217 "http://cqqizhou.com" "Mozilla/5.0 (Macintosh; Intel Mac OS X 13_3) AppleWebKit/537.36 (KHTML, like Gecko) Chrome/126.0.0.0 Safari/537.36 Edg/126.0.0.0"
36.133.115.36 - - [24/Oct/2025:21:29:17 +0800] "POST /wp-cron.php?doing_wp_cron=1761312556.9934389591217041015625 HTTP/1.1" 200 31 "-" "WordPress/6.8.2; http://cqqizhou.com"
181.119.146.199 - - [24/Oct/2025:21:29:17 +0800] "POST /xmlrpc.php HTTP/1.1" 200 217 "http://cqqizhou.com" "Mozilla/5.0 (Windows NT 10.0; Win64; x64; rv:129.0) Gecko/20100101 Firefox/129.0"
36.133.115.36 - - [24/Oct/2025:21:30:33 +0800] "POST /wp-cron.php?doing_wp_cron=1761312633.0028491020202636718750 HTTP/1.1" 200 31 "-" "WordPress/6.8.2; http://cqqizhou.com"
87.120.191.93 - - [24/Oct/2025:21:30:33 +0800] "GET / HTTP/1.1" 200 151919 "http://36.133.115.36:80/" "Mozilla/5.0 (X11; Linux x86_64) AppleWebKit/537.36 (KHTML, like Gecko) Chrome/126.0.0.0 Safari/537.36"
36.133.115.36 - - [24/Oct/2025:21:33:15 +0800] "POST /wp-cron.php?doing_wp_cron=1761312795.0102200508117675781250 HTTP/1.1" 200 31 "-" "WordPress/6.8.2; http://cqqizhou.com"
161.97.172.111 - - [24/Oct/2025:21:33:15 +0800] "POST /xmlrpc.php HTTP/1.1" 200 217 "http://cqqizhou.com" "Mozilla/5.0 (Macintosh; Intel Mac OS X 13.3; rv:126.0) Gecko/20100101 Firefox/126.0"
36.133.115.36 - - [24/Oct/2025:21:36:06 +0800] "POST /wp-cron.php?doing_wp_cron=1761312966.5258209705352783203125 HTTP/1.1" 200 31 "-" "WordPress/6.8.2; http://cqqizhou.com"
82.202.128.244 - - [24/Oct/2025:21:36:06 +0800] "POST /xmlrpc.php HTTP/1.1" 200 217 "-" "Mozilla/5.0 (X11; Ubuntu; Linux x86_64; rv:85.0) Gecko/20100101 Firefox/91.0"
36.133.115.36 - - [24/Oct/2025:21:37:06 +0800] "POST /wp-cron.php?doing_wp_cron=1761313026.9261519908905029296875 HTTP/1.1" 200 31 "-" "WordPress/6.8.2; http://cqqizhou.com"
168.119.148.150 - - [24/Oct/2025:21:37:06 +0800] "POST /xmlrpc.php HTTP/1.1" 200 217 "http://cqqizhou.com" "Mozilla/5.0 (Windows NT 10.0; Win64; x64; rv:129.0) Gecko/20100101 Firefox/129.0"
36.133.115.36 - - [24/Oct/2025:21:41:07 +0800] "POST /wp-cron.php?doing_wp_cron=1761313267.2109920978546142578125 HTTP/1.1" 200 31 "-" "WordPress/6.8.2; http://cqqizhou.com"
209.38.36.143 - - [24/Oct/2025:21:41:07 +0800] "POST /xmlrpc.php HTTP/1.1" 200 217 "http://cqqizhou.com" "Mozilla/5.0 (Macintosh; Intel Mac OS X 10_15_7; rv:127.0) Gecko/20100101 Firefox/127.0"
36.133.115.36 - - [24/Oct/2025:21:43:30 +0800] "POST /wp-cron.php?doing_wp_cron=1761313410.6983530521392822265625 HTTP/1.1" 200 31 "-" "WordPress/6.8.2; http://cqqizhou.com"
103.252.89.75 - - [24/Oct/2025:21:43:31 +0800] "GET / HTTP/1.1" 200 151919 "-" "-"
36.133.115.36 - - [24/Oct/2025:21:45:00 +0800] "POST /wp-cron.php?doing_wp_cron=1761313500.9166688919067382812500 HTTP/1.1" 200 31 "-" "WordPress/6.8.2; http://cqqizhou.com"
89.235.79.29 - - [24/Oct/2025:21:45:00 +0800] "POST /xmlrpc.php HTTP/1.1" 200 217 "http://cqqizhou.com" "Mozilla/5.0 (Macintosh; Intel Mac OS X 14.5) AppleWebKit/618.3.5 (KHTML, like Gecko) Version/17.4 Safari/618.3.5"
36.133.115.36 - - [24/Oct/2025:21:48:58 +0800] "POST /wp-cron.php?doing_wp_cron=1761313738.9519488811492919921875 HTTP/1.1" 200 31 "-" "WordPress/6.8.2; http://cqqizhou.com"
111.93.93.19 - - [24/Oct/2025:21:48:59 +0800] "POST /xmlrpc.php HTTP/1.1" 200 217 "http://cqqizhou.com" "Mozilla/5.0 (Windows NT 10.0; Win64; x64) AppleWebKit/537.36 (KHTML, like Gecko) Chrome/126.0.0.0 Safari/537.36"
36.133.115.36 - - [24/Oct/2025:21:52:57 +0800] "POST /wp-cron.php?doing_wp_cron=1761313977.5011620521545410156250 HTTP/1.1" 200 31 "-" "WordPress/6.8.2; http://cqqizhou.com"
103.192.173.163 - - [24/Oct/2025:21:52:57 +0800] "POST /xmlrpc.php HTTP/1.1" 200 217 "http://cqqizhou.com" "Mozilla/5.0 (Macintosh; Intel Mac OS X 14.5) AppleWebKit/618.3.5 (KHTML, like Gecko) Version/17.4 Safari/618.3.5"
36.133.115.36 - - [24/Oct/2025:21:56:51 +0800] "POST /wp-cron.php?doing_wp_cron=1761314211.5895020961761474609375 HTTP/1.1" 200 31 "-" "WordPress/6.8.2; http://cqqizhou.com"
203.209.212.46 - - [24/Oct/2025:21:56:51 +0800] "POST /xmlrpc.php HTTP/1.1" 200 217 "http://cqqizhou.com" "Mozilla/5.0 (Macintosh; Intel Mac OS X 10_15_7; rv:128.0) Gecko/20100101 Firefox/128.0"
36.133.115.36 - - [24/Oct/2025:22:00:46 +0800] "POST /wp-cron.php?doing_wp_cron=1761314446.2306339740753173828125 HTTP/1.1" 200 31 "-" "WordPress/6.8.2; http://cqqizhou.com"
85.214.241.94 - - [24/Oct/2025:22:00:46 +0800] "POST /xmlrpc.php HTTP/1.1" 200 217 "http://cqqizhou.com" "Mozilla/5.0 (Macintosh; Intel Mac OS X 13_3) AppleWebKit/537.36 (KHTML, like Gecko) Chrome/126.0.0.0 Safari/537.36 Edg/126.0.0.0"
36.133.115.36 - - [24/Oct/2025:22:04:41 +0800] "POST /wp-cron.php?doing_wp_cron=1761314681.6737890243530273437500 HTTP/1.1" 200 31 "-" "WordPress/6.8.2; http://cqqizhou.com"
103.69.196.146 - - [24/Oct/2025:22:04:41 +0800] "POST /xmlrpc.php HTTP/1.1" 200 217 "http://cqqizhou.com" "Mozilla/5.0 (Windows NT 10.0; Win64; x64) AppleWebKit/537.36 (KHTML, like Gecko) Chrome/113.0.5672.126 Safari/537.36 Edg/113.0.1774.50"
36.133.115.36 - - [24/Oct/2025:22:08:34 +0800] "POST /wp-cron.php?doing_wp_cron=1761314914.6866869926452636718750 HTTP/1.1" 200 31 "-" "WordPress/6.8.2; http://cqqizhou.com"
193.163.7.67 - - [24/Oct/2025:22:08:34 +0800] "POST /xmlrpc.php HTTP/1.1" 200 217 "http://cqqizhou.com" "Mozilla/5.0 (Windows NT 10.0; Win64; x64) AppleWebKit/537.36 (KHTML, like Gecko) Chrome/115.0.5790.102 Safari/537.36"
36.133.115.36 - - [24/Oct/2025:22:19:47 +0800] "POST /wp-cron.php?doing_wp_cron=1761315587.7336599826812744140625 HTTP/1.1" 200 31 "-" "WordPress/6.8.2; http://cqqizhou.com"
87.120.191.84 - - [24/Oct/2025:22:19:47 +0800] "GET / HTTP/1.1" 301 5 "-" "Mozilla/5.0 (Windows NT 10.0; Win64; x64) AppleWebKit/537.36 (KHTML, like Gecko) Chrome/90.0.4430.85 Safari/537.36 Edg/90.0.818.46"
36.133.115.36 - - [24/Oct/2025:22:21:08 +0800] "POST /wp-cron.php?doing_wp_cron=1761315668.7829859256744384765625 HTTP/1.1" 200 31 "-" "WordPress/6.8.2; http://cqqizhou.com"
43.153.135.208 - - [24/Oct/2025:22:21:08 +0800] "GET / HTTP/1.1" 301 5 "-" "Mozilla/5.0 (iPhone; CPU iPhone OS 13_2_3 like Mac OS X) AppleWebKit/605.1.15 (KHTML, like Gecko) Version/13.0.3 Mobile/15E148 Safari/604.1"
43.153.135.208 - - [24/Oct/2025:22:21:13 +0800] "GET / HTTP/1.1" 200 33465 "http://www.cqqizhou.com" "Mozilla/5.0 (iPhone; CPU iPhone OS 13_2_3 like Mac OS X) AppleWebKit/605.1.15 (KHTML, like Gecko) Version/13.0.3 Mobile/15E148 Safari/604.1"
36.133.115.36 - - [24/Oct/2025:22:25:54 +0800] "POST /wp-cron.php?doing_wp_cron=1761315954.0850839614868164062500 HTTP/1.1" 200 31 "-" "WordPress/6.8.2; http://cqqizhou.com"
87.120.191.84 - - [24/Oct/2025:22:25:54 +0800] "GET / HTTP/1.1" 301 5 "-" "Mozilla/5.0 (Windows NT 10.0; Win64; x64) AppleWebKit/537.36 (KHTML, like Gecko) Chrome/90.0.4430.85 Safari/537.36 Edg/90.0.818.46"
36.133.115.36 - - [24/Oct/2025:22:41:20 +0800] "POST /wp-cron.php?doing_wp_cron=1761316880.5234730243682861328125 HTTP/1.1" 200 31 "-" "WordPress/6.8.2; http://cqqizhou.com"
39.180.80.234 - - [24/Oct/2025:22:41:20 +0800] "GET /39.134.17.188:80/wh7f454c46tw2275555623_-1394892787/dbiptv.sn.chinamobile.com/PLTV/88888890/224/3221225804/index.m3u8?icpid=88888890&RTS=1761316824&from=3&hms_devid=8030&online=1761316824&vqe=3 HTTP/1.1" 404 31381 "-" "ZTE/1.0.6"
36.133.115.36 - - [24/Oct/2025:22:45:24 +0800] "POST /wp-cron.php?doing_wp_cron=1761317124.6620209217071533203125 HTTP/1.1" 200 31 "-" "WordPress/6.8.2; http://cqqizhou.com"
115.79.196.94 - - [24/Oct/2025:22:45:24 +0800] "POST /xmlrpc.php HTTP/1.1" 200 217 "-" "Mozilla/5.0 (X11; Ubuntu; Linux x86_64; rv:85.0) Gecko/20100101 Firefox/91.0"
36.133.115.36 - - [24/Oct/2025:22:51:01 +0800] "POST /wp-cron.php?doing_wp_cron=1761317461.3486011028289794921875 HTTP/1.1" 200 31 "-" "WordPress/6.8.2; http://cqqizhou.com"
34.1.17.212 - - [24/Oct/2025:22:51:01 +0800] "GET / HTTP/1.1" 301 5 "-" "Mozilla/5.0 (Macintosh; Intel Mac OS X 10_15_7) AppleWebKit/537.36 (KHTML, like Gecko) Chrome/135.0.0.0 Safari/537.36"
34.1.17.212 - - [24/Oct/2025:22:51:02 +0800] "GET / HTTP/1.1" 200 33931 "http://www.cqqizhou.com/" "Mozilla/5.0 (Macintosh; Intel Mac OS X 10_15_7) AppleWebKit/537.36 (KHTML, like Gecko) Chrome/135.0.0.0 Safari/537.36"
34.1.17.212 - - [24/Oct/2025:22:51:03 +0800] "GET /app/ HTTP/1.1" 404 8989 "-" "Mozilla/5.0 (Macintosh; Intel Mac OS X 10_15_7) AppleWebKit/537.36 (KHTML, like Gecko) Chrome/135.0.0.0 Safari/537.36"
34.1.17.212 - - [24/Oct/2025:22:51:04 +0800] "GET /login/ HTTP/1.1" 302 5 "-" "Mozilla/5.0 (Macintosh; Intel Mac OS X 10_15_7) AppleWebKit/537.36 (KHTML, like Gecko) Chrome/135.0.0.0 Safari/537.36"
34.1.17.212 - - [24/Oct/2025:22:51:05 +0800] "GET /wp-login.php HTTP/1.1" 200 2781 "http://cqqizhou.com/login/" "Mozilla/5.0 (Macintosh; Intel Mac OS X 10_15_7) AppleWebKit/537.36 (KHTML, like Gecko) Chrome/135.0.0.0 Safari/537.36"
34.1.17.212 - - [24/Oct/2025:22:51:10 +0800] "GET / HTTP/1.1" 200 33931 "-" "Mozilla/5.0 (Macintosh; Intel Mac OS X 10_15_7) AppleWebKit/537.36 (KHTML, like Gecko) Chrome/135.0.0.0 Safari/537.36"
34.1.17.212 - - [24/Oct/2025:22:51:11 +0800] "GET /app/ HTTP/1.1" 404 8989 "-" "Mozilla/5.0 (Macintosh; Intel Mac OS X 10_15_7) AppleWebKit/537.36 (KHTML, like Gecko) Chrome/135.0.0.0 Safari/537.36"
34.1.17.212 - - [24/Oct/2025:22:51:12 +0800] "GET /login/ HTTP/1.1" 302 5 "-" "Mozilla/5.0 (Macintosh; Intel Mac OS X 10_15_7) AppleWebKit/537.36 (KHTML, like Gecko) Chrome/135.0.0.0 Safari/537.36"
34.1.17.212 - - [24/Oct/2025:22:51:13 +0800] "GET /wp-login.php HTTP/1.1" 200 2781 "http://cqqizhou.com/login/" "Mozilla/5.0 (Macintosh; Intel Mac OS X 10_15_7) AppleWebKit/537.36 (KHTML, like Gecko) Chrome/135.0.0.0 Safari/537.36"
52.173.135.100 - - [24/Oct/2025:22:53:21 +0800] "GET /aa.php HTTP/1.1" 404 27 "-" "-"
52.173.135.100 - - [24/Oct/2025:22:53:22 +0800] "GET /abcd.php HTTP/1.1" 404 27 "-" "-"
52.173.135.100 - - [24/Oct/2025:22:53:22 +0800] "GET /admin.php HTTP/1.1" 404 27 "-" "-"
52.173.135.100 - - [24/Oct/2025:22:53:23 +0800] "GET /buy.php HTTP/1.1" 404 27 "-" "-"
36.133.115.36 - - [24/Oct/2025:22:53:23 +0800] "POST /wp-cron.php?doing_wp_cron=1761317603.9500250816345214843750 HTTP/1.1" 200 31 "-" "WordPress/6.8.2; http://cqqizhou.com"
52.173.135.100 - - [24/Oct/2025:22:53:24 +0800] "GET /cgi-bin/ HTTP/1.1" 404 31381 "-" "-"
52.173.135.100 - - [24/Oct/2025:22:53:25 +0800] "GET /edit.php HTTP/1.1" 404 27 "-" "-"
52.173.135.100 - - [24/Oct/2025:22:53:25 +0800] "GET /file.php HTTP/1.1" 404 27 "-" "-"
52.173.135.100 - - [24/Oct/2025:22:53:26 +0800] "GET /flower.php HTTP/1.1" 404 27 "-" "-"
52.173.135.100 - - [24/Oct/2025:22:53:26 +0800] "GET /images/index.php HTTP/1.1" 404 27 "-" "-"
52.173.135.100 - - [24/Oct/2025:22:53:26 +0800] "GET /info.php HTTP/1.1" 200 29 "-" "-"
52.173.135.100 - - [24/Oct/2025:22:53:26 +0800] "GET /ioxi-o.php HTTP/1.1" 404 27 "-" "-"
52.173.135.100 - - [24/Oct/2025:22:53:27 +0800] "GET /nc4.php HTTP/1.1" 404 27 "-" "-"
52.173.135.100 - - [24/Oct/2025:22:53:27 +0800] "GET /wp-admin/includes/ HTTP/1.1" 403 146 "-" "-"
52.173.135.100 - - [24/Oct/2025:22:53:27 +0800] "GET /wp-content/upgrade/index.php HTTP/1.1" 404 27 "-" "-"
52.173.135.100 - - [24/Oct/2025:22:53:27 +0800] "GET /wp-content/uploads/admin.php HTTP/1.1" 404 27 "-" "-"
52.173.135.100 - - [24/Oct/2025:22:53:28 +0800] "GET /wp-good.php HTTP/1.1" 404 27 "-" "-"
52.173.135.100 - - [24/Oct/2025:22:53:28 +0800] "GET /wp-includes/Text/Diff/Renderer/ HTTP/1.1" 403 146 "-" "-"
52.173.135.100 - - [24/Oct/2025:22:53:28 +0800] "GET /wp-includes/style-engine/ HTTP/1.1" 403 146 "-" "-"
52.173.135.100 - - [24/Oct/2025:22:53:29 +0800] "GET /xmrlpc.php HTTP/1.1" 404 27 "-" "-"
52.173.135.100 - - [24/Oct/2025:22:53:29 +0800] "GET /about.php HTTP/1.1" 404 27 "-" "-"
52.173.135.100 - - [24/Oct/2025:22:53:29 +0800] "GET /adminfuns.php HTTP/1.1" 404 27 "-" "-"
52.173.135.100 - - [24/Oct/2025:22:53:29 +0800] "GET /alfa.php HTTP/1.1" 404 27 "-" "-"
52.173.135.100 - - [24/Oct/2025:22:53:30 +0800] "GET /asasx.php HTTP/1.1" 404 27 "-" "-"
52.173.135.100 - - [24/Oct/2025:22:53:30 +0800] "GET /autoload_classmap.php HTTP/1.1" 404 27 "-" "-"
52.173.135.100 - - [24/Oct/2025:22:53:30 +0800] "GET /classwithtostring.php HTTP/1.1" 404 27 "-" "-"
52.173.135.100 - - [24/Oct/2025:22:53:30 +0800] "GET /cong.php HTTP/1.1" 404 27 "-" "-"
52.173.135.100 - - [24/Oct/2025:22:53:31 +0800] "GET /file2.php HTTP/1.1" 404 27 "-" "-"
52.173.135.100 - - [24/Oct/2025:22:53:31 +0800] "GET /moon.php HTTP/1.1" 404 27 "-" "-"
52.173.135.100 - - [24/Oct/2025:22:53:31 +0800] "GET /wp-admin/css/colors/blue/index.php HTTP/1.1" 404 27 "-" "-"
52.173.135.100 - - [24/Oct/2025:22:53:31 +0800] "GET /wp-content/index.php HTTP/1.1" 200 5 "-" "-"
52.173.135.100 - - [24/Oct/2025:22:53:32 +0800] "GET /wp-content/plugins/yanierin/akcc.php HTTP/1.1" 404 27 "-" "-"
52.173.135.100 - - [24/Oct/2025:22:53:32 +0800] "GET /wp-content/uploads/index.php HTTP/1.1" 404 27 "-" "-"
52.173.135.100 - - [24/Oct/2025:22:53:32 +0800] "GET /wp-content/wp-conflg.php HTTP/1.1" 404 27 "-" "-"
52.173.135.100 - - [24/Oct/2025:22:53:33 +0800] "GET /wp-cron.php HTTP/1.1" 200 5 "-" "-"
52.173.135.100 - - [24/Oct/2025:22:53:33 +0800] "GET /wp-includes/IXR/ HTTP/1.1" 403 146 "-" "-"
52.173.135.100 - - [24/Oct/2025:22:53:33 +0800] "GET /wp-includes/block-supports/ HTTP/1.1" 403 146 "-" "-"
52.173.135.100 - - [24/Oct/2025:22:53:34 +0800] "GET /wp-includes/fonts/ HTTP/1.1" 403 146 "-" "-"
52.173.135.100 - - [24/Oct/2025:22:53:34 +0800] "GET /wp-includes/fonts/index.php HTTP/1.1" 404 27 "-" "-"
52.173.135.100 - - [24/Oct/2025:22:53:34 +0800] "GET /wp-includes/js/crop/ HTTP/1.1" 403 146 "-" "-"
52.173.135.100 - - [24/Oct/2025:22:53:34 +0800] "GET /wp-includes/rest-api/ HTTP/1.1" 403 146 "-" "-"
52.173.135.100 - - [24/Oct/2025:22:53:35 +0800] "GET /wp-includes/widgets/ HTTP/1.1" 403 146 "-" "-"
36.133.115.36 - - [24/Oct/2025:23:17:42 +0800] "POST /wp-cron.php?doing_wp_cron=1761319062.8492209911346435546875 HTTP/1.1" 200 31 "-" "WordPress/6.8.2; http://cqqizhou.com"
170.106.73.216 - - [24/Oct/2025:23:17:43 +0800] "GET / HTTP/1.1" 200 33465 "-" "Mozilla/5.0 (iPhone; CPU iPhone OS 13_2_3 like Mac OS X) AppleWebKit/605.1.15 (KHTML, like Gecko) Version/13.0.3 Mobile/15E148 Safari/604.1"
36.133.115.36 - - [24/Oct/2025:23:21:56 +0800] "POST /wp-cron.php?doing_wp_cron=1761319316.3885369300842285156250 HTTP/1.1" 200 31 "-" "WordPress/6.8.2; http://cqqizhou.com"
87.120.191.84 - - [24/Oct/2025:23:21:56 +0800] "GET / HTTP/1.1" 301 5 "-" "Mozilla/5.0 (Windows NT 10.0; Win64; x64) AppleWebKit/537.36 (KHTML, like Gecko) Chrome/90.0.4430.85 Safari/537.36 Edg/90.0.818.46"
36.133.115.36 - - [24/Oct/2025:23:23:02 +0800] "POST /wp-cron.php?doing_wp_cron=1761319382.1984710693359375000000 HTTP/1.1" 200 31 "-" "WordPress/6.8.2; http://cqqizhou.com"
54.89.240.189 - - [24/Oct/2025:23:23:02 +0800] "GET / HTTP/1.1" 301 5 "-" "Mozilla/5.0 (Windows NT 10.0; Win64; x64) AppleWebKit/537.36 (KHTML, like Gecko) Chrome/136.0.0.0 Safari/537.36"
36.133.115.36 - - [24/Oct/2025:23:27:48 +0800] "POST /wp-cron.php?doing_wp_cron=1761319668.1873619556427001953125 HTTP/1.1" 200 31 "-" "WordPress/6.8.2; http://cqqizhou.com"
34.1.17.212 - - [24/Oct/2025:23:27:48 +0800] "GET / HTTP/1.1" 301 5 "-" "Mozilla/5.0 (Macintosh; Intel Mac OS X 10_15_7) AppleWebKit/537.36 (KHTML, like Gecko) Chrome/135.0.0.0 Safari/537.36"
34.1.17.212 - - [24/Oct/2025:23:27:51 +0800] "GET / HTTP/1.1" 200 33931 "http://www.cqqizhou.com/" "Mozilla/5.0 (Macintosh; Intel Mac OS X 10_15_7) AppleWebKit/537.36 (KHTML, like Gecko) Chrome/135.0.0.0 Safari/537.36"
34.1.17.212 - - [24/Oct/2025:23:27:52 +0800] "GET /app/ HTTP/1.1" 404 8989 "-" "Mozilla/5.0 (Macintosh; Intel Mac OS X 10_15_7) AppleWebKit/537.36 (KHTML, like Gecko) Chrome/135.0.0.0 Safari/537.36"
34.1.17.212 - - [24/Oct/2025:23:27:53 +0800] "GET /login/ HTTP/1.1" 302 5 "-" "Mozilla/5.0 (Macintosh; Intel Mac OS X 10_15_7) AppleWebKit/537.36 (KHTML, like Gecko) Chrome/135.0.0.0 Safari/537.36"
34.1.17.212 - - [24/Oct/2025:23:27:54 +0800] "GET /wp-login.php HTTP/1.1" 200 2781 "http://cqqizhou.com/login/" "Mozilla/5.0 (Macintosh; Intel Mac OS X 10_15_7) AppleWebKit/537.36 (KHTML, like Gecko) Chrome/135.0.0.0 Safari/537.36"
36.133.115.36 - - [24/Oct/2025:23:53:16 +0800] "POST /wp-cron.php?doing_wp_cron=1761321196.9357049465179443359375 HTTP/1.1" 200 31 "-" "WordPress/6.8.2; http://cqqizhou.com"
87.120.191.84 - - [24/Oct/2025:23:53:16 +0800] "GET / HTTP/1.1" 301 5 "-" "Mozilla/5.0 (Windows NT 10.0; Win64; x64) AppleWebKit/537.36 (KHTML, like Gecko) Chrome/90.0.4430.85 Safari/537.36 Edg/90.0.818.46"
36.133.115.36 - - [24/Oct/2025:23:54:54 +0800] "POST /wp-cron.php?doing_wp_cron=1761321294.0891709327697753906250 HTTP/1.1" 200 31 "-" "WordPress/6.8.2; http://cqqizhou.com"
51.222.86.150 - - [24/Oct/2025:23:54:54 +0800] "POST /xmlrpc.php HTTP/1.1" 200 217 "-" "Mozilla/5.0 (X11; Ubuntu; Linux x86_64; rv:85.0) Gecko/20100101 Firefox/91.0"
36.133.115.36 - - [24/Oct/2025:23:59:01 +0800] "POST /wp-cron.php?doing_wp_cron=1761321541.9242980480194091796875 HTTP/1.1" 200 31 "-" "WordPress/6.8.2; http://cqqizhou.com"
34.1.27.6 - - [24/Oct/2025:23:59:01 +0800] "GET / HTTP/1.1" 301 5 "-" "Mozilla/5.0 (Macintosh; Intel Mac OS X 10_15_7) AppleWebKit/537.36 (KHTML, like Gecko) Chrome/135.0.0.0 Safari/537.36"
34.1.27.6 - - [24/Oct/2025:23:59:02 +0800] "GET / HTTP/1.1" 200 33931 "http://www.cqqizhou.com/" "Mozilla/5.0 (Macintosh; Intel Mac OS X 10_15_7) AppleWebKit/537.36 (KHTML, like Gecko) Chrome/135.0.0.0 Safari/537.36"
34.1.27.6 - - [24/Oct/2025:23:59:04 +0800] "GET /app/ HTTP/1.1" 404 8990 "-" "Mozilla/5.0 (Macintosh; Intel Mac OS X 10_15_7) AppleWebKit/537.36 (KHTML, like Gecko) Chrome/135.0.0.0 Safari/537.36"
34.1.27.6 - - [24/Oct/2025:23:59:05 +0800] "GET /login/ HTTP/1.1" 302 5 "-" "Mozilla/5.0 (Macintosh; Intel Mac OS X 10_15_7) AppleWebKit/537.36 (KHTML, like Gecko) Chrome/135.0.0.0 Safari/537.36"
34.1.27.6 - - [24/Oct/2025:23:59:06 +0800] "GET /wp-login.php HTTP/1.1" 200 2781 "http://cqqizhou.com/login/" "Mozilla/5.0 (Macintosh; Intel Mac OS X 10_15_7) AppleWebKit/537.36 (KHTML, like Gecko) Chrome/135.0.0.0 Safari/537.36"
36.133.115.36 - - [24/Oct/2025:23:59:48 +0800] "POST /wp-cron.php?doing_wp_cron=1761321588.4656639099121093750000 HTTP/1.1" 200 31 "-" "WordPress/6.8.2; http://cqqizhou.com"
88.119.151.142 - - [24/Oct/2025:23:59:49 +0800] "GET / HTTP/1.1" 200 151919 "-" "Mozilla/5.0 (Macintosh; Intel Mac OS X 10_11_6) AppleWebKit/601.7.7 (KHTML, like Gecko) Version/9.1.2 Safari/601.7.7"
34.1.27.6 - - [24/Oct/2025:23:59:58 +0800] "GET / HTTP/1.1" 200 33931 "-" "Mozilla/5.0 (Macintosh; Intel Mac OS X 10_15_7) AppleWebKit/537.36 (KHTML, like Gecko) Chrome/135.0.0.0 Safari/537.36"
34.1.27.6 - - [24/Oct/2025:23:59:59 +0800] "GET /app/ HTTP/1.1" 404 8989 "-" "Mozilla/5.0 (Macintosh; Intel Mac OS X 10_15_7) AppleWebKit/537.36 (KHTML, like Gecko) Chrome/135.0.0.0 Safari/537.36"
34.1.27.6 - - [25/Oct/2025:00:00:00 +0800] "GET /login/ HTTP/1.1" 302 5 "-" "Mozilla/5.0 (Macintosh; Intel Mac OS X 10_15_7) AppleWebKit/537.36 (KHTML, like Gecko) Chrome/135.0.0.0 Safari/537.36"