103.100.159.2 - - [24/Oct/2025:13:42:53 +0800] "HEAD /upfile.rar HTTP/1.1" 404 0 "http://cqqizhou.com/upfile.rar" "Mozilla/5.0 (compatible; MSIE 9.0; Windows NT 6.1; Trident/5.0)"
103.100.159.2 - - [24/Oct/2025:13:42:54 +0800] "HEAD /upfile.tar.gz HTTP/1.1" 404 0 "http://cqqizhou.com/upfile.tar.gz" "Mozilla/5.0 (compatible; MSIE 9.0; Windows NT 6.1; Trident/5.0)"
103.100.159.2 - - [24/Oct/2025:13:42:54 +0800] "HEAD /upfile.tgz HTTP/1.1" 404 0 "http://cqqizhou.com/upfile.tgz" "Mozilla/5.0 (compatible; MSIE 9.0; Windows NT 6.1; Trident/5.0)"
103.100.159.2 - - [24/Oct/2025:13:42:55 +0800] "HEAD /vip.zip HTTP/1.1" 404 0 "http://cqqizhou.com/vip.zip" "Mozilla/5.0 (compatible; MSIE 9.0; Windows NT 6.1; Trident/5.0)"
103.100.159.2 - - [24/Oct/2025:13:42:55 +0800] "HEAD /vip.rar HTTP/1.1" 404 0 "http://cqqizhou.com/vip.rar" "Mozilla/5.0 (compatible; MSIE 9.0; Windows NT 6.1; Trident/5.0)"
103.100.159.2 - - [24/Oct/2025:13:42:56 +0800] "HEAD /vip.tar.gz HTTP/1.1" 404 0 "http://cqqizhou.com/vip.tar.gz" "Mozilla/5.0 (compatible; MSIE 9.0; Windows NT 6.1; Trident/5.0)"
103.100.159.2 - - [24/Oct/2025:13:42:57 +0800] "HEAD /vip.tgz HTTP/1.1" 404 0 "http://cqqizhou.com/vip.tgz" "Mozilla/5.0 (compatible; MSIE 9.0; Windows NT 6.1; Trident/5.0)"
103.100.159.2 - - [24/Oct/2025:13:42:57 +0800] "HEAD /wangzhan.zip HTTP/1.1" 404 0 "http://cqqizhou.com/wangzhan.zip" "Mozilla/5.0 (compatible; MSIE 9.0; Windows NT 6.1; Trident/5.0)"
103.100.159.2 - - [24/Oct/2025:13:42:58 +0800] "HEAD /wangzhan.rar HTTP/1.1" 404 0 "http://cqqizhou.com/wangzhan.rar" "Mozilla/5.0 (compatible; MSIE 9.0; Windows NT 6.1; Trident/5.0)"
103.100.159.2 - - [24/Oct/2025:13:42:59 +0800] "HEAD /wangzhan.tar.gz HTTP/1.1" 404 0 "http://cqqizhou.com/wangzhan.tar.gz" "Mozilla/5.0 (compatible; MSIE 9.0; Windows NT 6.1; Trident/5.0)"
103.100.159.2 - - [24/Oct/2025:13:42:59 +0800] "HEAD /wangzhan.tgz HTTP/1.1" 404 0 "http://cqqizhou.com/wangzhan.tgz" "Mozilla/5.0 (compatible; MSIE 9.0; Windows NT 6.1; Trident/5.0)"
103.100.159.2 - - [24/Oct/2025:13:43:00 +0800] "HEAD /web.zip HTTP/1.1" 404 0 "http://cqqizhou.com/web.zip" "Mozilla/5.0 (compatible; MSIE 9.0; Windows NT 6.1; Trident/5.0)"
103.100.159.2 - - [24/Oct/2025:13:43:00 +0800] "HEAD /web.rar HTTP/1.1" 404 0 "http://cqqizhou.com/web.rar" "Mozilla/5.0 (compatible; MSIE 9.0; Windows NT 6.1; Trident/5.0)"
103.100.159.2 - - [24/Oct/2025:13:43:01 +0800] "HEAD /web.tar.gz HTTP/1.1" 404 0 "http://cqqizhou.com/web.tar.gz" "Mozilla/5.0 (compatible; MSIE 9.0; Windows NT 6.1; Trident/5.0)"
103.100.159.2 - - [24/Oct/2025:13:43:02 +0800] "HEAD /web.tgz HTTP/1.1" 404 0 "http://cqqizhou.com/web.tgz" "Mozilla/5.0 (compatible; MSIE 9.0; Windows NT 6.1; Trident/5.0)"
103.100.159.2 - - [24/Oct/2025:13:43:02 +0800] "HEAD /website.zip HTTP/1.1" 404 0 "http://cqqizhou.com/website.zip" "Mozilla/5.0 (compatible; MSIE 9.0; Windows NT 6.1; Trident/5.0)"
103.100.159.2 - - [24/Oct/2025:13:43:03 +0800] "HEAD /website.rar HTTP/1.1" 404 0 "http://cqqizhou.com/website.rar" "Mozilla/5.0 (compatible; MSIE 9.0; Windows NT 6.1; Trident/5.0)"
103.100.159.2 - - [24/Oct/2025:13:43:03 +0800] "HEAD /website.tar.gz HTTP/1.1" 404 0 "http://cqqizhou.com/website.tar.gz" "Mozilla/5.0 (compatible; MSIE 9.0; Windows NT 6.1; Trident/5.0)"
103.100.159.2 - - [24/Oct/2025:13:43:04 +0800] "HEAD /website.tgz HTTP/1.1" 404 0 "http://cqqizhou.com/website.tgz" "Mozilla/5.0 (compatible; MSIE 9.0; Windows NT 6.1; Trident/5.0)"
103.100.159.2 - - [24/Oct/2025:13:43:05 +0800] "HEAD /wwwroot.zip HTTP/1.1" 404 0 "http://cqqizhou.com/wwwroot.zip" "Mozilla/5.0 (compatible; MSIE 9.0; Windows NT 6.1; Trident/5.0)"
103.100.159.2 - - [24/Oct/2025:13:43:05 +0800] "HEAD /wwwroot.rar HTTP/1.1" 404 0 "http://cqqizhou.com/wwwroot.rar" "Mozilla/5.0 (compatible; MSIE 9.0; Windows NT 6.1; Trident/5.0)"
103.100.159.2 - - [24/Oct/2025:13:43:06 +0800] "HEAD /wwwroot.tar.gz HTTP/1.1" 404 0 "http://cqqizhou.com/wwwroot.tar.gz" "Mozilla/5.0 (compatible; MSIE 9.0; Windows NT 6.1; Trident/5.0)"
103.100.159.2 - - [24/Oct/2025:13:43:07 +0800] "HEAD /wwwroot.tgz HTTP/1.1" 404 0 "http://cqqizhou.com/wwwroot.tgz" "Mozilla/5.0 (compatible; MSIE 9.0; Windows NT 6.1; Trident/5.0)"
103.100.159.2 - - [24/Oct/2025:13:43:08 +0800] "HEAD /wwwroot.zip HTTP/1.1" 404 0 "http://cqqizhou.com/wwwroot.zip" "Mozilla/5.0 (compatible; MSIE 9.0; Windows NT 6.1; Trident/5.0)"
103.100.159.2 - - [24/Oct/2025:13:43:08 +0800] "HEAD /wwwroot.rar HTTP/1.1" 404 0 "http://cqqizhou.com/wwwroot.rar" "Mozilla/5.0 (compatible; MSIE 9.0; Windows NT 6.1; Trident/5.0)"
103.100.159.2 - - [24/Oct/2025:13:43:09 +0800] "HEAD /wwwroot.tar.gz HTTP/1.1" 404 0 "http://cqqizhou.com/wwwroot.tar.gz" "Mozilla/5.0 (compatible; MSIE 9.0; Windows NT 6.1; Trident/5.0)"
103.100.159.2 - - [24/Oct/2025:13:43:10 +0800] "HEAD /wwwroot.tgz HTTP/1.1" 404 0 "http://cqqizhou.com/wwwroot.tgz" "Mozilla/5.0 (compatible; MSIE 9.0; Windows NT 6.1; Trident/5.0)"
103.100.159.2 - - [24/Oct/2025:13:43:10 +0800] "HEAD /wz.zip HTTP/1.1" 404 0 "http://cqqizhou.com/wz.zip" "Mozilla/5.0 (compatible; MSIE 9.0; Windows NT 6.1; Trident/5.0)"
103.100.159.2 - - [24/Oct/2025:13:43:11 +0800] "HEAD /wz.rar HTTP/1.1" 404 0 "http://cqqizhou.com/wz.rar" "Mozilla/5.0 (compatible; MSIE 9.0; Windows NT 6.1; Trident/5.0)"
103.100.159.2 - - [24/Oct/2025:13:43:11 +0800] "HEAD /wz.tar.gz HTTP/1.1" 404 0 "http://cqqizhou.com/wz.tar.gz" "Mozilla/5.0 (compatible; MSIE 9.0; Windows NT 6.1; Trident/5.0)"
103.100.159.2 - - [24/Oct/2025:13:43:12 +0800] "HEAD /wz.tgz HTTP/1.1" 404 0 "http://cqqizhou.com/wz.tgz" "Mozilla/5.0 (compatible; MSIE 9.0; Windows NT 6.1; Trident/5.0)"
103.100.159.2 - - [24/Oct/2025:13:43:13 +0800] "HEAD /%EF%BF%BD%EF%BF%BD%EF%BF%BD%EF%BF%BD.zip HTTP/1.1" 404 0 "http://cqqizhou.com/%EF%BF%BD%EF%BF%BD%EF%BF%BD%EF%BF%BD.zip" "Mozilla/5.0 (compatible; MSIE 9.0; Windows NT 6.1; Trident/5.0)"
103.100.159.2 - - [24/Oct/2025:13:43:14 +0800] "HEAD /%EF%BF%BD%EF%BF%BD%EF%BF%BD%EF%BF%BD.rar HTTP/1.1" 404 0 "http://cqqizhou.com/%EF%BF%BD%EF%BF%BD%EF%BF%BD%EF%BF%BD.rar" "Mozilla/5.0 (compatible; MSIE 9.0; Windows NT 6.1; Trident/5.0)"
103.100.159.2 - - [24/Oct/2025:13:43:14 +0800] "HEAD /%EF%BF%BD%EF%BF%BD%EF%BF%BD%EF%BF%BD.tar.gz HTTP/1.1" 404 0 "http://cqqizhou.com/%EF%BF%BD%EF%BF%BD%EF%BF%BD%EF%BF%BD.tar.gz" "Mozilla/5.0 (compatible; MSIE 9.0; Windows NT 6.1; Trident/5.0)"
103.100.159.2 - - [24/Oct/2025:13:43:15 +0800] "HEAD /%EF%BF%BD%EF%BF%BD%EF%BF%BD%EF%BF%BD.tgz HTTP/1.1" 404 0 "http://cqqizhou.com/%EF%BF%BD%EF%BF%BD%EF%BF%BD%EF%BF%BD.tgz" "Mozilla/5.0 (compatible; MSIE 9.0; Windows NT 6.1; Trident/5.0)"
103.100.159.2 - - [24/Oct/2025:13:43:15 +0800] "HEAD /%EF%BF%BD%EF%BF%BD%D5%BE.zip HTTP/1.1" 404 0 "http://cqqizhou.com/%EF%BF%BD%EF%BF%BD~.zip" "Mozilla/5.0 (compatible; MSIE 9.0; Windows NT 6.1; Trident/5.0)"
103.100.159.2 - - [24/Oct/2025:13:43:16 +0800] "HEAD /%EF%BF%BD%EF%BF%BD%D5%BE.rar HTTP/1.1" 404 0 "http://cqqizhou.com/%EF%BF%BD%EF%BF%BD~.rar" "Mozilla/5.0 (compatible; MSIE 9.0; Windows NT 6.1; Trident/5.0)"
103.100.159.2 - - [24/Oct/2025:13:43:17 +0800] "HEAD /%EF%BF%BD%EF%BF%BD%D5%BE.tar.gz HTTP/1.1" 404 0 "http://cqqizhou.com/%EF%BF%BD%EF%BF%BD~.tar.gz" "Mozilla/5.0 (compatible; MSIE 9.0; Windows NT 6.1; Trident/5.0)"
103.100.159.2 - - [24/Oct/2025:13:43:17 +0800] "HEAD /%EF%BF%BD%EF%BF%BD%D5%BE.tgz HTTP/1.1" 404 0 "http://cqqizhou.com/%EF%BF%BD%EF%BF%BD~.tgz" "Mozilla/5.0 (compatible; MSIE 9.0; Windows NT 6.1; Trident/5.0)"
103.100.159.2 - - [24/Oct/2025:13:43:18 +0800] "HEAD /%EF%BF%BD%C2%BD%EF%BF%BD%EF%BF%BD%C4%BC%EF%BF%BD%EF%BF%BD%EF%BF%BD.zip HTTP/1.1" 404 0 "http://cqqizhou.com/%EF%BF%BD\xBD%EF%BF%BD%EF%BF%BD<%EF%BF%BD%EF%BF%BD%EF%BF%BD.zip" "Mozilla/5.0 (compatible; MSIE 9.0; Windows NT 6.1; Trident/5.0)"
103.100.159.2 - - [24/Oct/2025:13:43:19 +0800] "HEAD /%EF%BF%BD%C2%BD%EF%BF%BD%EF%BF%BD%C4%BC%EF%BF%BD%EF%BF%BD%EF%BF%BD.rar HTTP/1.1" 404 0 "http://cqqizhou.com/%EF%BF%BD\xBD%EF%BF%BD%EF%BF%BD<%EF%BF%BD%EF%BF%BD%EF%BF%BD.rar" "Mozilla/5.0 (compatible; MSIE 9.0; Windows NT 6.1; Trident/5.0)"
103.100.159.2 - - [24/Oct/2025:13:43:19 +0800] "HEAD /%EF%BF%BD%C2%BD%EF%BF%BD%EF%BF%BD%C4%BC%EF%BF%BD%EF%BF%BD%EF%BF%BD.tar.gz HTTP/1.1" 404 0 "http://cqqizhou.com/%EF%BF%BD\xBD%EF%BF%BD%EF%BF%BD<%EF%BF%BD%EF%BF%BD%EF%BF%BD.tar.gz" "Mozilla/5.0 (compatible; MSIE 9.0; Windows NT 6.1; Trident/5.0)"
103.100.159.2 - - [24/Oct/2025:13:43:20 +0800] "HEAD /%EF%BF%BD%C2%BD%EF%BF%BD%EF%BF%BD%C4%BC%EF%BF%BD%EF%BF%BD%EF%BF%BD.tgz HTTP/1.1" 404 0 "http://cqqizhou.com/%EF%BF%BD\xBD%EF%BF%BD%EF%BF%BD<%EF%BF%BD%EF%BF%BD%EF%BF%BD.tgz" "Mozilla/5.0 (compatible; MSIE 9.0; Windows NT 6.1; Trident/5.0)"
103.100.159.2 - - [24/Oct/2025:13:43:21 +0800] "HEAD /qilecms.zip HTTP/1.1" 404 0 "http://cqqizhou.com/qilecms.zip" "Mozilla/5.0 (compatible; MSIE 9.0; Windows NT 6.1; Trident/5.0)"
103.100.159.2 - - [24/Oct/2025:13:43:21 +0800] "HEAD /qilecms.rar HTTP/1.1" 404 0 "http://cqqizhou.com/qilecms.rar" "Mozilla/5.0 (compatible; MSIE 9.0; Windows NT 6.1; Trident/5.0)"
103.100.159.2 - - [24/Oct/2025:13:43:22 +0800] "HEAD /qilecms.tar.gz HTTP/1.1" 404 0 "http://cqqizhou.com/qilecms.tar.gz" "Mozilla/5.0 (compatible; MSIE 9.0; Windows NT 6.1; Trident/5.0)"
103.100.159.2 - - [24/Oct/2025:13:43:23 +0800] "HEAD /qilecms.tgz HTTP/1.1" 404 0 "http://cqqizhou.com/qilecms.tgz" "Mozilla/5.0 (compatible; MSIE 9.0; Windows NT 6.1; Trident/5.0)"
103.100.159.2 - - [24/Oct/2025:13:43:23 +0800] "HEAD /qilecms2020.zip HTTP/1.1" 404 0 "http://cqqizhou.com/qilecms2020.zip" "Mozilla/5.0 (compatible; MSIE 9.0; Windows NT 6.1; Trident/5.0)"
103.100.159.2 - - [24/Oct/2025:13:43:24 +0800] "HEAD /qilecms2020.rar HTTP/1.1" 404 0 "http://cqqizhou.com/qilecms2020.rar" "Mozilla/5.0 (compatible; MSIE 9.0; Windows NT 6.1; Trident/5.0)"
103.100.159.2 - - [24/Oct/2025:13:43:25 +0800] "HEAD /qilecms2020.tar.gz HTTP/1.1" 404 0 "http://cqqizhou.com/qilecms2020.tar.gz" "Mozilla/5.0 (compatible; MSIE 9.0; Windows NT 6.1; Trident/5.0)"
103.100.159.2 - - [24/Oct/2025:13:43:25 +0800] "HEAD /qilecms2020.tgz HTTP/1.1" 404 0 "http://cqqizhou.com/qilecms2020.tgz" "Mozilla/5.0 (compatible; MSIE 9.0; Windows NT 6.1; Trident/5.0)"
103.100.159.2 - - [24/Oct/2025:13:43:26 +0800] "HEAD /qilecms2019.zip HTTP/1.1" 404 0 "http://cqqizhou.com/qilecms2019.zip" "Mozilla/5.0 (compatible; MSIE 9.0; Windows NT 6.1; Trident/5.0)"
103.100.159.2 - - [24/Oct/2025:13:43:26 +0800] "HEAD /qilecms2019.rar HTTP/1.1" 404 0 "http://cqqizhou.com/qilecms2019.rar" "Mozilla/5.0 (compatible; MSIE 9.0; Windows NT 6.1; Trident/5.0)"
103.100.159.2 - - [24/Oct/2025:13:43:27 +0800] "HEAD /qilecms2019.tar.gz HTTP/1.1" 404 0 "http://cqqizhou.com/qilecms2019.tar.gz" "Mozilla/5.0 (compatible; MSIE 9.0; Windows NT 6.1; Trident/5.0)"
103.100.159.2 - - [24/Oct/2025:13:43:28 +0800] "HEAD /qilecms2019.tgz HTTP/1.1" 404 0 "http://cqqizhou.com/qilecms2019.tgz" "Mozilla/5.0 (compatible; MSIE 9.0; Windows NT 6.1; Trident/5.0)"
103.100.159.2 - - [24/Oct/2025:13:43:28 +0800] "HEAD /guarantee1.zip HTTP/1.1" 404 0 "http://cqqizhou.com/guarantee1.zip" "Mozilla/5.0 (compatible; MSIE 9.0; Windows NT 6.1; Trident/5.0)"
103.100.159.2 - - [24/Oct/2025:13:43:29 +0800] "HEAD /guarantee1.rar HTTP/1.1" 404 0 "http://cqqizhou.com/guarantee1.rar" "Mozilla/5.0 (compatible; MSIE 9.0; Windows NT 6.1; Trident/5.0)"
103.100.159.2 - - [24/Oct/2025:13:43:29 +0800] "HEAD /guarantee1.tar.gz HTTP/1.1" 404 0 "http://cqqizhou.com/guarantee1.tar.gz" "Mozilla/5.0 (compatible; MSIE 9.0; Windows NT 6.1; Trident/5.0)"
103.100.159.2 - - [24/Oct/2025:13:43:30 +0800] "HEAD /guarantee1.tgz HTTP/1.1" 404 0 "http://cqqizhou.com/guarantee1.tgz" "Mozilla/5.0 (compatible; MSIE 9.0; Windows NT 6.1; Trident/5.0)"
103.100.159.2 - - [24/Oct/2025:13:43:31 +0800] "HEAD /guarantee.zip HTTP/1.1" 404 0 "http://cqqizhou.com/guarantee.zip" "Mozilla/5.0 (compatible; MSIE 9.0; Windows NT 6.1; Trident/5.0)"
103.100.159.2 - - [24/Oct/2025:13:43:31 +0800] "HEAD /guarantee.rar HTTP/1.1" 404 0 "http://cqqizhou.com/guarantee.rar" "Mozilla/5.0 (compatible; MSIE 9.0; Windows NT 6.1; Trident/5.0)"
103.100.159.2 - - [24/Oct/2025:13:43:32 +0800] "HEAD /guarantee.tar.gz HTTP/1.1" 404 0 "http://cqqizhou.com/guarantee.tar.gz" "Mozilla/5.0 (compatible; MSIE 9.0; Windows NT 6.1; Trident/5.0)"
103.100.159.2 - - [24/Oct/2025:13:43:33 +0800] "HEAD /guarantee.tgz HTTP/1.1" 404 0 "http://cqqizhou.com/guarantee.tgz" "Mozilla/5.0 (compatible; MSIE 9.0; Windows NT 6.1; Trident/5.0)"
103.100.159.2 - - [24/Oct/2025:13:43:33 +0800] "HEAD /%EF%BF%BD%C2%BD%EF%BF%BD%20WinRAR%20%D1%B9%EF%BF%BD%EF%BF%BD%EF%BF%BD%C4%BC%EF%BF%BD.zip HTTP/1.1" 404 0 "http://cqqizhou.com/%EF%BF%BD\xBD%EF%BF%BD WinRAR y%EF%BF%BD%EF%BF%BD%EF%BF%BD<%EF%BF%BD.zip" "Mozilla/5.0 (compatible; MSIE 9.0; Windows NT 6.1; Trident/5.0)"
103.100.159.2 - - [24/Oct/2025:13:43:34 +0800] "HEAD /%EF%BF%BD%C2%BD%EF%BF%BD%20WinRAR%20%D1%B9%EF%BF%BD%EF%BF%BD%EF%BF%BD%C4%BC%EF%BF%BD.rar HTTP/1.1" 404 0 "http://cqqizhou.com/%EF%BF%BD\xBD%EF%BF%BD WinRAR y%EF%BF%BD%EF%BF%BD%EF%BF%BD<%EF%BF%BD.rar" "Mozilla/5.0 (compatible; MSIE 9.0; Windows NT 6.1; Trident/5.0)"
103.100.159.2 - - [24/Oct/2025:13:43:34 +0800] "HEAD /%EF%BF%BD%C2%BD%EF%BF%BD%20WinRAR%20%D1%B9%EF%BF%BD%EF%BF%BD%EF%BF%BD%C4%BC%EF%BF%BD.tar.gz HTTP/1.1" 404 0 "http://cqqizhou.com/%EF%BF%BD\xBD%EF%BF%BD WinRAR y%EF%BF%BD%EF%BF%BD%EF%BF%BD<%EF%BF%BD.tar.gz" "Mozilla/5.0 (compatible; MSIE 9.0; Windows NT 6.1; Trident/5.0)"
103.100.159.2 - - [24/Oct/2025:13:43:35 +0800] "HEAD /%EF%BF%BD%C2%BD%EF%BF%BD%20WinRAR%20%D1%B9%EF%BF%BD%EF%BF%BD%EF%BF%BD%C4%BC%EF%BF%BD.tgz HTTP/1.1" 404 0 "http://cqqizhou.com/%EF%BF%BD\xBD%EF%BF%BD WinRAR y%EF%BF%BD%EF%BF%BD%EF%BF%BD<%EF%BF%BD.tgz" "Mozilla/5.0 (compatible; MSIE 9.0; Windows NT 6.1; Trident/5.0)"
103.100.159.2 - - [24/Oct/2025:13:43:36 +0800] "HEAD /KPPW3.6.zip HTTP/1.1" 404 0 "http://cqqizhou.com/KPPW3.6.zip" "Mozilla/5.0 (compatible; MSIE 9.0; Windows NT 6.1; Trident/5.0)"
103.100.159.2 - - [24/Oct/2025:13:43:36 +0800] "HEAD /KPPW3.6.rar HTTP/1.1" 404 0 "http://cqqizhou.com/KPPW3.6.rar" "Mozilla/5.0 (compatible; MSIE 9.0; Windows NT 6.1; Trident/5.0)"
103.100.159.2 - - [24/Oct/2025:13:43:37 +0800] "HEAD /KPPW3.6.tar.gz HTTP/1.1" 404 0 "http://cqqizhou.com/KPPW3.6.tar.gz" "Mozilla/5.0 (compatible; MSIE 9.0; Windows NT 6.1; Trident/5.0)"
103.100.159.2 - - [24/Oct/2025:13:43:38 +0800] "HEAD /KPPW3.6.tgz HTTP/1.1" 404 0 "http://cqqizhou.com/KPPW3.6.tgz" "Mozilla/5.0 (compatible; MSIE 9.0; Windows NT 6.1; Trident/5.0)"
103.100.159.2 - - [24/Oct/2025:13:43:38 +0800] "HEAD /cqqizhou.zip HTTP/1.1" 404 0 "http://cqqizhou.com/cqqizhou.zip" "Mozilla/5.0 (compatible; MSIE 9.0; Windows NT 6.1; Trident/5.0)"
103.100.159.2 - - [24/Oct/2025:13:43:39 +0800] "HEAD /cqqizhou.com.zip HTTP/1.1" 404 0 "http://cqqizhou.com/cqqizhou.com.zip" "Mozilla/5.0 (compatible; MSIE 9.0; Windows NT 6.1; Trident/5.0)"
103.100.159.2 - - [24/Oct/2025:13:43:39 +0800] "HEAD /.cqqizhou.com.zip HTTP/1.1" 404 0 "http://cqqizhou.com/.cqqizhou.com.zip" "Mozilla/5.0 (compatible; MSIE 9.0; Windows NT 6.1; Trident/5.0)"
103.100.159.2 - - [24/Oct/2025:13:43:40 +0800] "HEAD /cqqizhou.rar HTTP/1.1" 404 0 "http://cqqizhou.com/cqqizhou.rar" "Mozilla/5.0 (compatible; MSIE 9.0; Windows NT 6.1; Trident/5.0)"
103.100.159.2 - - [24/Oct/2025:13:43:41 +0800] "HEAD /cqqizhou.com.rar HTTP/1.1" 404 0 "http://cqqizhou.com/cqqizhou.com.rar" "Mozilla/5.0 (compatible; MSIE 9.0; Windows NT 6.1; Trident/5.0)"
103.100.159.2 - - [24/Oct/2025:13:43:41 +0800] "HEAD /.cqqizhou.com.rar HTTP/1.1" 404 0 "http://cqqizhou.com/.cqqizhou.com.rar" "Mozilla/5.0 (compatible; MSIE 9.0; Windows NT 6.1; Trident/5.0)"
103.100.159.2 - - [24/Oct/2025:13:43:42 +0800] "HEAD /cqqizhou.tar.gz HTTP/1.1" 404 0 "http://cqqizhou.com/cqqizhou.tar.gz" "Mozilla/5.0 (compatible; MSIE 9.0; Windows NT 6.1; Trident/5.0)"
103.100.159.2 - - [24/Oct/2025:13:43:42 +0800] "HEAD /cqqizhou.com.tar.gz HTTP/1.1" 404 0 "http://cqqizhou.com/cqqizhou.com.tar.gz" "Mozilla/5.0 (compatible; MSIE 9.0; Windows NT 6.1; Trident/5.0)"
103.100.159.2 - - [24/Oct/2025:13:43:43 +0800] "HEAD /.cqqizhou.com.tar.gz HTTP/1.1" 404 0 "http://cqqizhou.com/.cqqizhou.com.tar.gz" "Mozilla/5.0 (compatible; MSIE 9.0; Windows NT 6.1; Trident/5.0)"
103.100.159.2 - - [24/Oct/2025:13:43:44 +0800] "HEAD /cqqizhou.tgz HTTP/1.1" 404 0 "http://cqqizhou.com/cqqizhou.tgz" "Mozilla/5.0 (compatible; MSIE 9.0; Windows NT 6.1; Trident/5.0)"
103.100.159.2 - - [24/Oct/2025:13:43:44 +0800] "HEAD /cqqizhou.com.tgz HTTP/1.1" 404 0 "http://cqqizhou.com/cqqizhou.com.tgz" "Mozilla/5.0 (compatible; MSIE 9.0; Windows NT 6.1; Trident/5.0)"
103.100.159.2 - - [24/Oct/2025:13:43:45 +0800] "HEAD /.cqqizhou.com.tgz HTTP/1.1" 404 0 "http://cqqizhou.com/.cqqizhou.com.tgz" "Mozilla/5.0 (compatible; MSIE 9.0; Windows NT 6.1; Trident/5.0)"
36.133.115.36 - - [24/Oct/2025:13:47:51 +0800] "POST /wp-cron.php?doing_wp_cron=1761284871.8128199577331542968750 HTTP/1.1" 200 31 "-" "WordPress/6.8.2; http://cqqizhou.com"
117.196.219.39 - - [24/Oct/2025:13:47:51 +0800] "POST /xmlrpc.php HTTP/1.1" 200 217 "http://cqqizhou.com" "Mozilla/5.0 (Macintosh; Intel Mac OS X 10_15_7) AppleWebKit/537.36 (KHTML, like Gecko) Chrome/114.0.5735.134 Safari/537.36"
36.133.115.36 - - [24/Oct/2025:13:49:39 +0800] "POST /wp-cron.php?doing_wp_cron=1761284979.8788719177246093750000 HTTP/1.1" 200 31 "-" "WordPress/6.8.2; http://cqqizhou.com"
185.199.236.107 - - [24/Oct/2025:13:49:39 +0800] "POST /xmlrpc.php HTTP/1.1" 200 217 "http://cqqizhou.com" "Mozilla/5.0 (Macintosh; Intel Mac OS X 10.15; rv:126.0) Gecko/20100101 Firefox/126.0"
36.133.115.36 - - [24/Oct/2025:13:51:33 +0800] "POST /wp-cron.php?doing_wp_cron=1761285093.7185800075531005859375 HTTP/1.1" 200 31 "-" "WordPress/6.8.2; http://cqqizhou.com"
139.59.189.244 - - [24/Oct/2025:13:51:33 +0800] "POST /xmlrpc.php HTTP/1.1" 200 217 "http://cqqizhou.com" "Mozilla/5.0 (Macintosh; Intel Mac OS X 14_4_1) AppleWebKit/605.1.15 (KHTML, like Gecko) Version/17.3.1 Safari/605.1.15"
36.133.115.36 - - [24/Oct/2025:13:55:00 +0800] "POST /wp-cron.php?doing_wp_cron=1761285300.8102591037750244140625 HTTP/1.1" 200 31 "-" "WordPress/6.8.2; http://cqqizhou.com"
65.108.230.52 - - [24/Oct/2025:13:55:00 +0800] "POST /xmlrpc.php HTTP/1.1" 200 217 "http://cqqizhou.com" "Mozilla/5.0 (Windows NT 10.0; Win64; x64) AppleWebKit/537.36 (KHTML, like Gecko) Chrome/114.0.5735.134 Safari/537.36"
213.209.143.66 - - [24/Oct/2025:13:55:17 +0800] "GET / HTTP/1.1" 200 33466 "-" "Mozilla/5.0 (Windows NT 10.0; Win64; x64) AppleWebKit/537.36 (KHTML, like Gecko) Chrome/90.0.4430.85 Safari/537.36 Edg/90.0.818.46"
36.133.115.36 - - [24/Oct/2025:13:56:48 +0800] "POST /wp-cron.php?doing_wp_cron=1761285408.6075630187988281250000 HTTP/1.1" 200 31 "-" "WordPress/6.8.2; http://cqqizhou.com"
92.204.53.8 - - [24/Oct/2025:13:56:48 +0800] "POST /xmlrpc.php HTTP/1.1" 200 217 "http://cqqizhou.com" "Mozilla/5.0 (Windows NT 10.0; Win64; x64) AppleWebKit/537.36 (KHTML, like Gecko) Chrome/116.0.5845.96 Safari/537.36"
36.133.115.36 - - [24/Oct/2025:14:00:25 +0800] "POST /wp-cron.php?doing_wp_cron=1761285625.5440170764923095703125 HTTP/1.1" 200 31 "-" "WordPress/6.8.2; http://cqqizhou.com"
64.227.37.170 - - [24/Oct/2025:14:00:25 +0800] "POST /xmlrpc.php HTTP/1.1" 200 217 "http://cqqizhou.com" "Mozilla/5.0 (Macintosh; Intel Mac OS X 10_15_7; rv:126.0) Gecko/20100101 Firefox/126.0"
36.133.115.36 - - [24/Oct/2025:14:02:18 +0800] "POST /wp-cron.php?doing_wp_cron=1761285738.8977289199829101562500 HTTP/1.1" 200 31 "-" "WordPress/6.8.2; http://cqqizhou.com"
161.97.110.28 - - [24/Oct/2025:14:02:18 +0800] "POST /xmlrpc.php HTTP/1.1" 200 217 "http://cqqizhou.com" "Mozilla/5.0 (Windows NT 10.0; Win64; x64) AppleWebKit/537.36 (KHTML, like Gecko) Chrome/115.0.5790.171 Safari/537.36 Edg/115.0.1901.203"
36.133.115.36 - - [24/Oct/2025:14:04:12 +0800] "POST /wp-cron.php?doing_wp_cron=1761285852.0885779857635498046875 HTTP/1.1" 200 31 "-" "WordPress/6.8.2; http://cqqizhou.com"
198.72.126.3 - - [24/Oct/2025:14:04:12 +0800] "POST /xmlrpc.php HTTP/1.1" 200 217 "http://cqqizhou.com" "Mozilla/5.0 (Macintosh; Intel Mac OS X 10_15_7; rv:128.0) Gecko/20100101 Firefox/128.0"
36.133.115.36 - - [24/Oct/2025:14:06:00 +0800] "POST /wp-cron.php?doing_wp_cron=1761285960.0955419540405273437500 HTTP/1.1" 200 31 "-" "WordPress/6.8.2; http://cqqizhou.com"
216.37.42.34 - - [24/Oct/2025:14:06:00 +0800] "POST /xmlrpc.php HTTP/1.1" 200 217 "http://cqqizhou.com" "Mozilla/5.0 (Macintosh; Intel Mac OS X 10_15_7) AppleWebKit/537.36 (KHTML, like Gecko) Chrome/114.0.5735.134 Safari/537.36"
36.133.115.36 - - [24/Oct/2025:14:07:48 +0800] "POST /wp-cron.php?doing_wp_cron=1761286068.6499760150909423828125 HTTP/1.1" 200 31 "-" "WordPress/6.8.2; http://cqqizhou.com"
65.181.111.243 - - [24/Oct/2025:14:07:48 +0800] "POST /xmlrpc.php HTTP/1.1" 200 217 "http://cqqizhou.com" "Mozilla/5.0 (Macintosh; Intel Mac OS X 10_15_7) AppleWebKit/537.36 (KHTML, like Gecko) Chrome/112.0.5615.138 Safari/537.36"
36.133.115.36 - - [24/Oct/2025:14:09:37 +0800] "POST /wp-cron.php?doing_wp_cron=1761286177.8056750297546386718750 HTTP/1.1" 200 31 "-" "WordPress/6.8.2; http://cqqizhou.com"
184.154.206.215 - - [24/Oct/2025:14:09:37 +0800] "POST /xmlrpc.php HTTP/1.1" 200 217 "http://cqqizhou.com" "Mozilla/5.0 (Macintosh; Intel Mac OS X 14_6) AppleWebKit/605.1.15 (KHTML, like Gecko) Version/17.5 Safari/605.1.15"
36.133.115.36 - - [24/Oct/2025:14:11:26 +0800] "POST /wp-cron.php?doing_wp_cron=1761286286.8823499679565429687500 HTTP/1.1" 200 31 "-" "WordPress/6.8.2; http://cqqizhou.com"
188.166.45.210 - - [24/Oct/2025:14:11:26 +0800] "POST /xmlrpc.php HTTP/1.1" 200 217 "http://cqqizhou.com" "Mozilla/5.0 (Macintosh; Intel Mac OS X 10_15_7) AppleWebKit/537.36 (KHTML, like Gecko) Chrome/112.0.5615.138 Safari/537.36"
36.133.115.36 - - [24/Oct/2025:14:13:12 +0800] "POST /wp-cron.php?doing_wp_cron=1761286392.6266930103302001953125 HTTP/1.1" 200 31 "-" "WordPress/6.8.2; http://cqqizhou.com"
172.104.219.25 - - [24/Oct/2025:14:13:12 +0800] "POST /xmlrpc.php HTTP/1.1" 200 217 "-" "Mozilla/5.0 (X11; Ubuntu; Linux x86_64; rv:85.0) Gecko/20100101 Firefox/91.0"
36.133.115.36 - - [24/Oct/2025:14:15:06 +0800] "POST /wp-cron.php?doing_wp_cron=1761286506.6330199241638183593750 HTTP/1.1" 200 31 "-" "WordPress/6.8.2; http://cqqizhou.com"
68.183.58.166 - - [24/Oct/2025:14:15:06 +0800] "POST /xmlrpc.php HTTP/1.1" 200 217 "http://cqqizhou.com" "Mozilla/5.0 (Macintosh; Intel Mac OS X 14.5) AppleWebKit/618.3.5 (KHTML, like Gecko) Version/17.4 Safari/618.3.5"
36.133.115.36 - - [24/Oct/2025:14:15:54 +0800] "POST /wp-cron.php?doing_wp_cron=1761286554.1561629772186279296875 HTTP/1.1" 200 31 "-" "WordPress/6.8.2; http://cqqizhou.com"
95.170.113.236 - - [24/Oct/2025:14:15:55 +0800] "GET / HTTP/1.1" 200 151919 "-" "Mozilla/5.0 (Macintosh; Intel Mac OS X 10_11_6) AppleWebKit/601.7.7 (KHTML, like Gecko) Version/9.1.2 Safari/601.7.7"
36.133.115.36 - - [24/Oct/2025:14:16:58 +0800] "POST /wp-cron.php?doing_wp_cron=1761286618.4646959304809570312500 HTTP/1.1" 200 31 "-" "WordPress/6.8.2; http://cqqizhou.com"
82.156.9.158 - - [24/Oct/2025:14:16:58 +0800] "POST /xmlrpc.php HTTP/1.1" 200 217 "http://cqqizhou.com" "Mozilla/5.0 (Windows NT 10.0; Win64; x64) AppleWebKit/537.36 (KHTML, like Gecko) Chrome/112.0.5615.138 Safari/537.36"
36.133.115.36 - - [24/Oct/2025:14:20:40 +0800] "POST /wp-cron.php?doing_wp_cron=1761286840.0272870063781738281250 HTTP/1.1" 200 31 "-" "WordPress/6.8.2; http://cqqizhou.com"
46.101.83.186 - - [24/Oct/2025:14:20:40 +0800] "POST /xmlrpc.php HTTP/1.1" 200 217 "http://cqqizhou.com" "Mozilla/5.0 (Macintosh; Intel Mac OS X 10_15_7) AppleWebKit/537.36 (KHTML, like Gecko) Chrome/116.0.5845.96 Safari/537.36"
36.133.115.36 - - [24/Oct/2025:14:22:28 +0800] "POST /wp-cron.php?doing_wp_cron=1761286948.6352820396423339843750 HTTP/1.1" 200 31 "-" "WordPress/6.8.2; http://cqqizhou.com"
134.209.73.108 - - [24/Oct/2025:14:22:28 +0800] "POST /xmlrpc.php HTTP/1.1" 200 217 "http://cqqizhou.com" "Mozilla/5.0 (Windows NT 10.0; Win64; x64) AppleWebKit/537.36 (KHTML, like Gecko) Chrome/113.0.5672.126 Safari/537.36 Edg/113.0.1774.50"
36.133.115.36 - - [24/Oct/2025:14:24:19 +0800] "POST /wp-cron.php?doing_wp_cron=1761287059.2164859771728515625000 HTTP/1.1" 200 31 "-" "WordPress/6.8.2; http://cqqizhou.com"
15.235.42.56 - - [24/Oct/2025:14:24:19 +0800] "POST /xmlrpc.php HTTP/1.1" 200 217 "http://cqqizhou.com" "Mozilla/5.0 (Macintosh; Intel Mac OS X 14.5) AppleWebKit/618.3.5 (KHTML, like Gecko) Version/17.4 Safari/618.3.5"
36.133.115.36 - - [24/Oct/2025:14:28:03 +0800] "POST /wp-cron.php?doing_wp_cron=1761287283.7181229591369628906250 HTTP/1.1" 200 31 "-" "WordPress/6.8.2; http://cqqizhou.com"
217.195.202.8 - - [24/Oct/2025:14:28:03 +0800] "POST /xmlrpc.php HTTP/1.1" 200 217 "http://cqqizhou.com" "Mozilla/5.0 (Macintosh; Intel Mac OS X 10_15_7) AppleWebKit/537.36 (KHTML, like Gecko) Chrome/126.0.0.0 Safari/537.36"
36.133.115.36 - - [24/Oct/2025:14:30:05 +0800] "POST /wp-cron.php?doing_wp_cron=1761287405.9525320529937744140625 HTTP/1.1" 200 31 "-" "WordPress/6.8.2; http://cqqizhou.com"
185.242.226.102 - - [24/Oct/2025:14:30:06 +0800] "GET / HTTP/1.1" 301 5 "-" "Mozilla/5.0 (Windows NT 10.0; Win64; x64) AppleWebKit/537.36 (KHTML, like Gecko) Chrome/88.0.4324.190 Safari/537.36"
185.242.226.102 - - [24/Oct/2025:14:30:08 +0800] "GET / HTTP/1.1" 200 33931 "http://36.133.115.36:80/" "Mozilla/5.0 (Windows NT 10.0; Win64; x64) AppleWebKit/537.36 (KHTML, like Gecko) Chrome/88.0.4324.190 Safari/537.36"
36.133.115.36 - - [24/Oct/2025:14:34:18 +0800] "POST /wp-cron.php?doing_wp_cron=1761287658.3167080879211425781250 HTTP/1.1" 200 31 "-" "WordPress/6.8.2; http://cqqizhou.com"
74.50.73.102 - - [24/Oct/2025:14:34:18 +0800] "POST /xmlrpc.php HTTP/1.1" 200 217 "http://cqqizhou.com" "Mozilla/5.0 (Windows NT 11.0; Win64; x64) AppleWebKit/537.36 (KHTML, like Gecko) Chrome/126.0.0.0 Safari/537.36 Edg/126.0.0.0"
36.133.115.36 - - [24/Oct/2025:14:36:31 +0800] "POST /wp-cron.php?doing_wp_cron=1761287791.3681449890136718750000 HTTP/1.1" 200 31 "-" "WordPress/6.8.2; http://cqqizhou.com"
107.180.224.51 - - [24/Oct/2025:14:36:31 +0800] "POST /xmlrpc.php HTTP/1.1" 200 217 "http://cqqizhou.com" "Mozilla/5.0 (Windows NT 10.0; Win64; x64) AppleWebKit/537.36 (KHTML, like Gecko) Chrome/126.0.0.0 Safari/537.36 Edg/126.0.0.0"
36.133.115.36 - - [24/Oct/2025:14:38:51 +0800] "POST /wp-cron.php?doing_wp_cron=1761287931.6748459339141845703125 HTTP/1.1" 200 31 "-" "WordPress/6.8.2; http://cqqizhou.com"
116.118.45.196 - - [24/Oct/2025:14:38:51 +0800] "POST /xmlrpc.php HTTP/1.1" 200 217 "http://cqqizhou.com" "Mozilla/5.0 (Macintosh; Intel Mac OS X 10_15_7) AppleWebKit/537.36 (KHTML, like Gecko) Chrome/116.0.5845.96 Safari/537.36"
36.133.115.36 - - [24/Oct/2025:14:45:57 +0800] "POST /wp-cron.php?doing_wp_cron=1761288357.7879579067230224609375 HTTP/1.1" 200 31 "-" "WordPress/6.8.2; http://cqqizhou.com"
173.249.144.86 - - [24/Oct/2025:14:45:58 +0800] "POST /xmlrpc.php HTTP/1.1" 200 217 "-" "Mozilla/5.0 (X11; Ubuntu; Linux x86_64; rv:85.0) Gecko/20100101 Firefox/91.0"
111.68.6.82 - - [24/Oct/2025:14:56:49 +0800] "GET /baker.php HTTP/1.1" 404 47 "-" "Mozilla/5.0 (Windows NT 10.0; WOW64; rv:48.0) Gecko/20100101 Firefox/48.0"
36.133.115.36 - - [24/Oct/2025:15:09:08 +0800] "POST /wp-cron.php?doing_wp_cron=1761289748.8805100917816162109375 HTTP/1.1" 200 31 "-" "WordPress/6.8.2; http://cqqizhou.com"
115.234.110.246 - - [24/Oct/2025:15:09:09 +0800] "GET / HTTP/1.1" 200 33466 "-" "Mozilla/5.0 (Linux; Android 14; PGGM10 Build/RKQ1.211119.001; wv) AppleWebKit/537.36 (KHTML, like Gecko) Version/4.0 Chrome/117.0.0.0 Mobile Safari/537.36 qccStartId_b15473a6dca8cf7866dd623daa795e10 qccScreen_1 qccChannel_oppo qccTheme1 qcc_android_19.4.0"
115.234.110.246 - - [24/Oct/2025:15:09:33 +0800] "GET /wp-content/uploads/2025/07/1751425283-qizhou.kf_.qq_.com_.webp HTTP/1.1" 200 16864 "http://cqqizhou.com/" "Mozilla/5.0 (Linux; Android 14; PGGM10 Build/RKQ1.211119.001; wv) AppleWebKit/537.36 (KHTML, like Gecko) Version/4.0 Chrome/117.0.0.0 Mobile Safari/537.36 qccStartId_b15473a6dca8cf7866dd623daa795e10 qccScreen_1 qccChannel_oppo qccTheme1 qcc_android_19.4.0"
115.234.110.246 - - [24/Oct/2025:15:09:34 +0800] "GET /wp-content/uploads/2025/07/1753453096-%E5%8F%8C%E7%9B%B8%E9%92%A2product_Single600%C3%97284.webp HTTP/1.1" 200 14562 "http://cqqizhou.com/" "Mozilla/5.0 (Linux; Android 14; PGGM10 Build/RKQ1.211119.001; wv) AppleWebKit/537.36 (KHTML, like Gecko) Version/4.0 Chrome/117.0.0.0 Mobile Safari/537.36 qccStartId_b15473a6dca8cf7866dd623daa795e10 qccScreen_1 qccChannel_oppo qccTheme1 qcc_android_19.4.0"
115.234.110.246 - - [24/Oct/2025:15:09:34 +0800] "GET /wp-content/uploads/2025/07/1753456770-%E7%83%AD%E9%95%80%E9%94%8C%E5%8D%B7product_Single600.webp HTTP/1.1" 200 27502 "http://cqqizhou.com/" "Mozilla/5.0 (Linux; Android 14; PGGM10 Build/RKQ1.211119.001; wv) AppleWebKit/537.36 (KHTML, like Gecko) Version/4.0 Chrome/117.0.0.0 Mobile Safari/537.36 qccStartId_b15473a6dca8cf7866dd623daa795e10 qccScreen_1 qccChannel_oppo qccTheme1 qcc_android_19.4.0"
115.234.110.246 - - [24/Oct/2025:15:09:34 +0800] "GET /wp-content/uploads/2025/07/1753456723-%E5%8F%8C%E7%9B%B8%E9%92%A2roduct_Single600.webp HTTP/1.1" 200 22790 "http://cqqizhou.com/" "Mozilla/5.0 (Linux; Android 14; PGGM10 Build/RKQ1.211119.001; wv) AppleWebKit/537.36 (KHTML, like Gecko) Version/4.0 Chrome/117.0.0.0 Mobile Safari/537.36 qccStartId_b15473a6dca8cf7866dd623daa795e10 qccScreen_1 qccChannel_oppo qccTheme1 qcc_android_19.4.0"
115.234.110.246 - - [24/Oct/2025:15:09:34 +0800] "GET /wp-content/uploads/2025/07/1753453127-%E4%BD%99%E5%8D%B7product_Single600%C3%97284.webp HTTP/1.1" 200 18744 "http://cqqizhou.com/" "Mozilla/5.0 (Linux; Android 14; PGGM10 Build/RKQ1.211119.001; wv) AppleWebKit/537.36 (KHTML, like Gecko) Version/4.0 Chrome/117.0.0.0 Mobile Safari/537.36 qccStartId_b15473a6dca8cf7866dd623daa795e10 qccScreen_1 qccChannel_oppo qccTheme1 qcc_android_19.4.0"
115.234.110.246 - - [24/Oct/2025:15:09:35 +0800] "GET /wp-content/uploads/revslider/slider-1/1750929639-yuanjing_Slider_3840%C3%972160_20250626171955-scaled.webp HTTP/1.1" 200 203290 "http://cqqizhou.com/" "Mozilla/5.0 (Linux; Android 14; PGGM10 Build/RKQ1.211119.001; wv) AppleWebKit/537.36 (KHTML, like Gecko) Version/4.0 Chrome/117.0.0.0 Mobile Safari/537.36 qccStartId_b15473a6dca8cf7866dd623daa795e10 qccScreen_1 qccChannel_oppo qccTheme1 qcc_android_19.4.0"
115.234.110.246 - - [24/Oct/2025:15:09:35 +0800] "GET /wp-content/uploads/2025/07/1753587901-Slider_3840%C3%972160_20250727-scaled-50x100.webp HTTP/1.1" 200 1660 "http://cqqizhou.com/" "Mozilla/5.0 (Linux; Android 14; PGGM10 Build/RKQ1.211119.001; wv) AppleWebKit/537.36 (KHTML, like Gecko) Version/4.0 Chrome/117.0.0.0 Mobile Safari/537.36 qccStartId_b15473a6dca8cf7866dd623daa795e10 qccScreen_1 qccChannel_oppo qccTheme1 qcc_android_19.4.0"
115.234.110.246 - - [24/Oct/2025:15:09:35 +0800] "GET /wp-content/uploads/revslider/slider-1/1750861156-logistics_Slider_3840%C3%972160_20250625191356-scaled-50x100.webp HTTP/1.1" 200 1416 "http://cqqizhou.com/" "Mozilla/5.0 (Linux; Android 14; PGGM10 Build/RKQ1.211119.001; wv) AppleWebKit/537.36 (KHTML, like Gecko) Version/4.0 Chrome/117.0.0.0 Mobile Safari/537.36 qccStartId_b15473a6dca8cf7866dd623daa795e10 qccScreen_1 qccChannel_oppo qccTheme1 qcc_android_19.4.0"
115.234.110.246 - - [24/Oct/2025:15:09:36 +0800] "GET /wp-json/sliderrevolution/sliders/1?srengine=7&slideid=2 HTTP/1.1" 200 2058 "http://cqqizhou.com/" "Mozilla/5.0 (Linux; Android 14; PGGM10 Build/RKQ1.211119.001; wv) AppleWebKit/537.36 (KHTML, like Gecko) Version/4.0 Chrome/117.0.0.0 Mobile Safari/537.36 qccStartId_b15473a6dca8cf7866dd623daa795e10 qccScreen_1 qccChannel_oppo qccTheme1 qcc_android_19.4.0"
115.234.110.246 - - [24/Oct/2025:15:09:36 +0800] "GET /wp-json/sliderrevolution/sliders/1?srengine=7&slideid=3 HTTP/1.1" 200 2292 "http://cqqizhou.com/" "Mozilla/5.0 (Linux; Android 14; PGGM10 Build/RKQ1.211119.001; wv) AppleWebKit/537.36 (KHTML, like Gecko) Version/4.0 Chrome/117.0.0.0 Mobile Safari/537.36 qccStartId_b15473a6dca8cf7866dd623daa795e10 qccScreen_1 qccChannel_oppo qccTheme1 qcc_android_19.4.0"
115.234.110.246 - - [24/Oct/2025:15:09:36 +0800] "GET /wp-content/uploads/2025/07/1753587901-Slider_3840%C3%972160_20250727-scaled.webp HTTP/1.1" 200 141034 "http://cqqizhou.com/" "Mozilla/5.0 (Linux; Android 14; PGGM10 Build/RKQ1.211119.001; wv) AppleWebKit/537.36 (KHTML, like Gecko) Version/4.0 Chrome/117.0.0.0 Mobile Safari/537.36 qccStartId_b15473a6dca8cf7866dd623daa795e10 qccScreen_1 qccChannel_oppo qccTheme1 qcc_android_19.4.0"
115.234.110.246 - - [24/Oct/2025:15:09:37 +0800] "GET /wp-content/uploads/revslider/slider-1/1750861156-logistics_Slider_3840%C3%972160_20250625191356-scaled.webp HTTP/1.1" 200 197360 "http://cqqizhou.com/" "Mozilla/5.0 (Linux; Android 14; PGGM10 Build/RKQ1.211119.001; wv) AppleWebKit/537.36 (KHTML, like Gecko) Version/4.0 Chrome/117.0.0.0 Mobile Safari/537.36 qccStartId_b15473a6dca8cf7866dd623daa795e10 qccScreen_1 qccChannel_oppo qccTheme1 qcc_android_19.4.0"
115.234.110.246 - - [24/Oct/2025:15:09:45 +0800] "GET /wp-content/uploads/revslider/slider-1/1750929639-yuanjing_Slider_3840%C3%972160_20250626171955-scaled-50x100.webp HTTP/1.1" 200 1784 "http://cqqizhou.com/" "Mozilla/5.0 (Linux; Android 14; PGGM10 Build/RKQ1.211119.001; wv) AppleWebKit/537.36 (KHTML, like Gecko) Version/4.0 Chrome/117.0.0.0 Mobile Safari/537.36 qccStartId_b15473a6dca8cf7866dd623daa795e10 qccScreen_1 qccChannel_oppo qccTheme1 qcc_android_19.4.0"
36.133.115.36 - - [24/Oct/2025:15:10:03 +0800] "POST /wp-cron.php?doing_wp_cron=1761289803.4860029220581054687500 HTTP/1.1" 200 31 "-" "WordPress/6.8.2; http://cqqizhou.com"
60.188.57.0 - - [24/Oct/2025:15:10:03 +0800] "GET / HTTP/1.1" 301 5 "-" "Mozilla/5.0 (iPhone; CPU iPhone OS 13_2_3 like Mac OS X) AppleWebKit/605.1.15 (KHTML, like Gecko) Version/13.0.3 Mobile/15E148 Safari/604.1"
60.188.57.0 - - [24/Oct/2025:15:10:06 +0800] "GET / HTTP/1.1" 200 33466 "http://www.cqqizhou.com" "Mozilla/5.0 (iPhone; CPU iPhone OS 13_2_3 like Mac OS X) AppleWebKit/605.1.15 (KHTML, like Gecko) Version/13.0.3 Mobile/15E148 Safari/604.1"
115.234.110.246 - - [24/Oct/2025:15:10:29 +0800] "GET /services/ HTTP/1.1" 200 19769 "-" "Mozilla/5.0 (Linux; Android 14; PGGM10 Build/RKQ1.211119.001; wv) AppleWebKit/537.36 (KHTML, like Gecko) Version/4.0 Chrome/117.0.0.0 Mobile Safari/537.36 qccStartId_b15473a6dca8cf7866dd623daa795e10 qccScreen_1 qccChannel_oppo qccTheme1 qcc_android_19.4.0"
115.234.110.246 - - [24/Oct/2025:15:10:29 +0800] "GET /wp-content/uploads/2025/07/1751829454-Smart-warehousing800x500.webp HTTP/1.1" 200 79504 "http://cqqizhou.com/services/" "Mozilla/5.0 (Linux; Android 14; PGGM10 Build/RKQ1.211119.001; wv) AppleWebKit/537.36 (KHTML, like Gecko) Version/4.0 Chrome/117.0.0.0 Mobile Safari/537.36 qccStartId_b15473a6dca8cf7866dd623daa795e10 qccScreen_1 qccChannel_oppo qccTheme1 qcc_android_19.4.0"
115.234.110.246 - - [24/Oct/2025:15:10:29 +0800] "GET /wp-content/uploads/2025/07/1751829518-Precision-processing-services800x500.webp HTTP/1.1" 200 28964 "http://cqqizhou.com/services/" "Mozilla/5.0 (Linux; Android 14; PGGM10 Build/RKQ1.211119.001; wv) AppleWebKit/537.36 (KHTML, like Gecko) Version/4.0 Chrome/117.0.0.0 Mobile Safari/537.36 qccStartId_b15473a6dca8cf7866dd623daa795e10 qccScreen_1 qccChannel_oppo qccTheme1 qcc_android_19.4.0"
115.234.110.246 - - [24/Oct/2025:15:10:29 +0800] "GET /wp-content/uploads/2025/07/1751857929-3D-one-stop-supply-chain-service-W900px2.webp HTTP/1.1" 200 38362 "http://cqqizhou.com/services/" "Mozilla/5.0 (Linux; Android 14; PGGM10 Build/RKQ1.211119.001; wv) AppleWebKit/537.36 (KHTML, like Gecko) Version/4.0 Chrome/117.0.0.0 Mobile Safari/537.36 qccStartId_b15473a6dca8cf7866dd623daa795e10 qccScreen_1 qccChannel_oppo qccTheme1 qcc_android_19.4.0"
115.234.110.246 - - [24/Oct/2025:15:10:29 +0800] "GET /wp-content/uploads/2025/07/1753405252-Services_Banner2000%C3%97400px2.webp HTTP/1.1" 200 23730 "http://cqqizhou.com/services/" "Mozilla/5.0 (Linux; Android 14; PGGM10 Build/RKQ1.211119.001; wv) AppleWebKit/537.36 (KHTML, like Gecko) Version/4.0 Chrome/117.0.0.0 Mobile Safari/537.36 qccStartId_b15473a6dca8cf7866dd623daa795e10 qccScreen_1 qccChannel_oppo qccTheme1 qcc_android_19.4.0"
36.133.115.36 - - [24/Oct/2025:15:19:30 +0800] "POST /wp-cron.php?doing_wp_cron=1761290370.2403259277343750000000 HTTP/1.1" 200 31 "-" "WordPress/6.8.2; http://cqqizhou.com"
103.38.161.197 - - [24/Oct/2025:15:19:30 +0800] "POST /xmlrpc.php HTTP/1.1" 200 217 "-" "Mozilla/5.0 (X11; Ubuntu; Linux x86_64; rv:85.0) Gecko/20100101 Firefox/91.0"
36.133.115.36 - - [24/Oct/2025:15:22:40 +0800] "POST /wp-cron.php?doing_wp_cron=1761290559.9756000041961669921875 HTTP/1.1" 200 31 "-" "WordPress/6.8.2; http://cqqizhou.com"
162.216.150.213 - - [24/Oct/2025:15:22:40 +0800] "GET / HTTP/1.1" 200 33466 "-" "Hello from Palo Alto Networks, find out more about our scans in https://docs-cortex.paloaltonetworks.com/r/1/Cortex-Xpanse/Scanning-activity"
36.133.115.36 - - [24/Oct/2025:15:22:55 +0800] "POST /wp-cron.php?doing_wp_cron=1761290575.9622631072998046875000 HTTP/1.1" 200 31 "-" "WordPress/6.8.2; http://cqqizhou.com"
93.174.93.12 - - [24/Oct/2025:15:22:56 +0800] "GET / HTTP/1.0" 301 0 "-" "Mozilla/5.0 (compatible; MSIE 9.0; Windows NT 6.0; Win64; x64; Trident/5.0; .NET CLR 3.7.50745; Media Center PC 6.0; Zune 4.7; .NET4.0C; en-MT)"
36.133.115.36 - - [24/Oct/2025:15:27:55 +0800] "POST /wp-cron.php?doing_wp_cron=1761290875.2805249691009521484375 HTTP/1.1" 200 31 "-" "WordPress/6.8.2; http://cqqizhou.com"
172.237.125.208 - - [24/Oct/2025:15:27:55 +0800] "GET / HTTP/1.1" 301 5 "-" "Mozilla/5.0 (Windows NT 6.1; WOW64; rv:8.0) Gecko/20100101 Firefox/8.0"
172.237.125.208 - - [24/Oct/2025:15:27:56 +0800] "GET / HTTP/1.1" 200 153674 "-" "Mozilla/5.0 (Windows NT 6.1; WOW64; rv:8.0) Gecko/20100101 Firefox/8.0"
36.133.115.36 - - [24/Oct/2025:15:29:25 +0800] "POST /wp-cron.php?doing_wp_cron=1761290965.3289859294891357421875 HTTP/1.1" 200 31 "-" "WordPress/6.8.2; http://cqqizhou.com"
167.114.111.32 - - [24/Oct/2025:15:29:25 +0800] "POST /xmlrpc.php HTTP/1.1" 200 217 "http://cqqizhou.com" "Mozilla/5.0 (Macintosh; Intel Mac OS X 10_15_7) AppleWebKit/537.36 (KHTML, like Gecko) Chrome/126.0.0.0 Safari/537.36"
36.133.115.36 - - [24/Oct/2025:15:34:06 +0800] "POST /wp-cron.php?doing_wp_cron=1761291246.6862039566040039062500 HTTP/1.1" 200 31 "-" "WordPress/6.8.2; http://cqqizhou.com"
115.187.18.114 - - [24/Oct/2025:15:34:06 +0800] "POST /xmlrpc.php HTTP/1.1" 200 217 "http://cqqizhou.com" "Mozilla/5.0 (Macintosh; Intel Mac OS X 10_15_7; rv:128.0) Gecko/20100101 Firefox/128.0"
220.169.54.34 - - [24/Oct/2025:15:36:30 +0800] "GET / HTTP/1.1" 200 33931 "-" "Mozilla/5.0 (Windows NT 6.1) AppleWebKit/537.36 (KHTML, like Gecko) Chrome/72.0.3626.7"
36.133.115.36 - - [24/Oct/2025:15:36:47 +0800] "POST /wp-cron.php?doing_wp_cron=1761291407.3168339729309082031250 HTTP/1.1" 200 31 "-" "WordPress/6.8.2; http://cqqizhou.com"
111.174.234.39 - - [24/Oct/2025:15:36:47 +0800] "GET / HTTP/1.1" 301 5 "-" "Mozilla/5.0 (Windows NT 10.0) AppleWebKit/537.36 (KHTML, like Gecko) Chrome/88.0.4324.27"
111.174.234.39 - - [24/Oct/2025:15:36:52 +0800] "GET / HTTP/1.1" 200 33931 "-" "Mozilla/5.0 (Windows NT 10.0) AppleWebKit/537.36 (KHTML, like Gecko) Chrome/88.0.4324.27"
113.248.55.164 - - [24/Oct/2025:15:37:05 +0800] "GET / HTTP/1.1" 301 5 "-" "Mozilla/5.0 (Windows NT 10.0) AppleWebKit/537.36 (KHTML, like Gecko) Chrome/88.0.4324.27"
183.4.14.15 - - [24/Oct/2025:15:37:19 +0800] "GET / HTTP/1.1" 301 5 "-" "Mozilla/5.0 (Windows NT 10.0) AppleWebKit/537.36 (KHTML, like Gecko) Chrome/88.0.4324.27"
182.112.145.185 - - [24/Oct/2025:15:37:27 +0800] "GET / HTTP/1.1" 301 5 "-" "Mozilla/5.0 (Windows NT 10.0) AppleWebKit/537.36 (KHTML, like Gecko) Chrome/88.0.4324.27"
182.112.145.185 - - [24/Oct/2025:15:37:35 +0800] "GET / HTTP/1.1" 200 33931 "-" "Mozilla/5.0 (Windows NT 10.0) AppleWebKit/537.36 (KHTML, like Gecko) Chrome/88.0.4324.27"
36.133.115.36 - - [24/Oct/2025:15:39:01 +0800] "POST /wp-cron.php?doing_wp_cron=1761291541.2956709861755371093750 HTTP/1.1" 200 31 "-" "WordPress/6.8.2; http://cqqizhou.com"
103.192.173.163 - - [24/Oct/2025:15:39:01 +0800] "POST /xmlrpc.php HTTP/1.1" 200 217 "http://cqqizhou.com" "Mozilla/5.0 (Windows NT 10.0; Win64; x64) AppleWebKit/537.36 (KHTML, like Gecko) Chrome/116.0.5845.96 Safari/537.36 Edg/116.0.1938.62"
36.133.115.36 - - [24/Oct/2025:15:44:09 +0800] "POST /wp-cron.php?doing_wp_cron=1761291849.8339240550994873046875 HTTP/1.1" 200 31 "-" "WordPress/6.8.2; http://cqqizhou.com"
68.66.226.94 - - [24/Oct/2025:15:44:09 +0800] "POST /xmlrpc.php HTTP/1.1" 200 217 "http://cqqizhou.com" "Mozilla/5.0 (Windows NT 10.0; Win64; x64) AppleWebKit/537.36 (KHTML, like Gecko) Chrome/112.0.5615.138 Safari/537.36 Edg/112.0.1722.68"
36.133.115.36 - - [24/Oct/2025:15:49:20 +0800] "POST /wp-cron.php?doing_wp_cron=1761292160.0612299442291259765625 HTTP/1.1" 200 31 "-" "WordPress/6.8.2; http://cqqizhou.com"
173.212.197.119 - - [24/Oct/2025:15:49:20 +0800] "POST /xmlrpc.php HTTP/1.1" 200 217 "-" "Mozilla/5.0 (X11; Ubuntu; Linux x86_64; rv:85.0) Gecko/20100101 Firefox/91.0"
36.133.115.36 - - [24/Oct/2025:15:54:50 +0800] "POST /wp-cron.php?doing_wp_cron=1761292490.6738419532775878906250 HTTP/1.1" 200 31 "-" "WordPress/6.8.2; http://cqqizhou.com"
106.52.27.88 - - [24/Oct/2025:15:54:50 +0800] "POST /xmlrpc.php HTTP/1.1" 200 217 "http://cqqizhou.com" "Mozilla/5.0 (Windows NT 10.0; Win64; x64) AppleWebKit/537.36 (KHTML, like Gecko) Chrome/112.0.5615.138 Safari/537.36"
36.133.115.36 - - [24/Oct/2025:15:56:14 +0800] "POST /wp-cron.php?doing_wp_cron=1761292574.4275820255279541015625 HTTP/1.1" 200 31 "-" "WordPress/6.8.2; http://cqqizhou.com"
103.252.89.75 - - [24/Oct/2025:15:56:15 +0800] "GET / HTTP/1.1" 200 151919 "-" "-"
36.133.115.36 - - [24/Oct/2025:16:00:37 +0800] "POST /wp-cron.php?doing_wp_cron=1761292837.9452810287475585937500 HTTP/1.1" 200 31 "-" "WordPress/6.8.2; http://cqqizhou.com"
89.207.146.191 - - [24/Oct/2025:16:00:38 +0800] "POST /xmlrpc.php HTTP/1.1" 200 217 "http://cqqizhou.com" "Mozilla/5.0 (Macintosh; Intel Mac OS X 10_15_7) AppleWebKit/537.36 (KHTML, like Gecko) Chrome/116.0.5845.96 Safari/537.36"
36.133.115.36 - - [24/Oct/2025:16:06:23 +0800] "POST /wp-cron.php?doing_wp_cron=1761293183.3502209186553955078125 HTTP/1.1" 200 31 "-" "WordPress/6.8.2; http://cqqizhou.com"
89.235.79.29 - - [24/Oct/2025:16:06:23 +0800] "POST /xmlrpc.php HTTP/1.1" 200 217 "http://cqqizhou.com" "Mozilla/5.0 (Windows NT 11.0; Win64; x64) AppleWebKit/537.36 (KHTML, like Gecko) Chrome/126.0.0.0 Safari/537.36 Edg/126.0.0.0"
36.133.115.36 - - [24/Oct/2025:16:16:49 +0800] "POST /wp-cron.php?doing_wp_cron=1761293809.3788499832153320312500 HTTP/1.1" 200 31 "-" "WordPress/6.8.2; http://cqqizhou.com"
68.66.226.94 - - [24/Oct/2025:16:16:49 +0800] "POST /xmlrpc.php HTTP/1.1" 200 217 "http://cqqizhou.com" "Mozilla/5.0 (Windows NT 10.0; Win64; x64) AppleWebKit/537.36 (KHTML, like Gecko) Chrome/114.0.5735.134 Safari/537.36"
36.133.115.36 - - [24/Oct/2025:16:18:43 +0800] "POST /wp-cron.php?doing_wp_cron=1761293923.7612709999084472656250 HTTP/1.1" 200 31 "-" "WordPress/6.8.2; http://cqqizhou.com"
31.184.197.213 - - [24/Oct/2025:16:18:44 +0800] "POST /xmlrpc.php HTTP/1.1" 200 217 "-" "Mozilla/5.0 (X11; Ubuntu; Linux x86_64; rv:85.0) Gecko/20100101 Firefox/91.0"
36.133.115.36 - - [24/Oct/2025:16:22:02 +0800] "POST /wp-cron.php?doing_wp_cron=1761294122.7800800800323486328125 HTTP/1.1" 200 31 "-" "WordPress/6.8.2; http://cqqizhou.com"
65.108.230.52 - - [24/Oct/2025:16:22:02 +0800] "POST /xmlrpc.php HTTP/1.1" 200 217 "http://cqqizhou.com" "Mozilla/5.0 (Windows NT 10.0; Win64; x64) AppleWebKit/537.36 (KHTML, like Gecko) Chrome/115.0.5790.171 Safari/537.36 Edg/115.0.1901.203"
36.133.115.36 - - [24/Oct/2025:16:27:15 +0800] "POST /wp-cron.php?doing_wp_cron=1761294435.9283750057220458984375 HTTP/1.1" 200 31 "-" "WordPress/6.8.2; http://cqqizhou.com"
46.4.222.212 - - [24/Oct/2025:16:27:15 +0800] "POST /xmlrpc.php HTTP/1.1" 200 217 "http://cqqizhou.com" "Mozilla/5.0 (Windows NT 10.0; Win64; x64) AppleWebKit/537.36 (KHTML, like Gecko) Chrome/114.0.5735.134 Safari/537.36"
36.133.115.36 - - [24/Oct/2025:16:31:42 +0800] "POST /wp-cron.php?doing_wp_cron=1761294702.5834341049194335937500 HTTP/1.1" 200 31 "-" "WordPress/6.8.2; http://cqqizhou.com"
103.149.169.122 - - [24/Oct/2025:16:31:42 +0800] "POST /xmlrpc.php HTTP/1.1" 200 217 "http://cqqizhou.com" "Mozilla/5.0 (Macintosh; Intel Mac OS X 10_15_7; rv:125.0.1) Gecko/20100101 Firefox/125.0.1"
36.133.115.36 - - [24/Oct/2025:16:35:29 +0800] "POST /wp-cron.php?doing_wp_cron=1761294929.8769431114196777343750 HTTP/1.1" 200 31 "-" "WordPress/6.8.2; http://cqqizhou.com"
192.250.232.196 - - [24/Oct/2025:16:35:29 +0800] "POST /xmlrpc.php HTTP/1.1" 200 217 "http://cqqizhou.com" "Mozilla/5.0 (Windows NT 10.0; Win64; x64) AppleWebKit/537.36 (KHTML, like Gecko) Chrome/116.0.5845.96 Safari/537.36 Edg/116.0.1938.62"
36.133.115.36 - - [24/Oct/2025:16:39:17 +0800] "POST /wp-cron.php?doing_wp_cron=1761295157.7694530487060546875000 HTTP/1.1" 200 31 "-" "WordPress/6.8.2; http://cqqizhou.com"
170.249.236.235 - - [24/Oct/2025:16:39:17 +0800] "POST /xmlrpc.php HTTP/1.1" 200 217 "http://cqqizhou.com" "Mozilla/5.0 (Windows NT 10.0; Win64; x64; rv:126.0) Gecko/20100101 Firefox/126.0"
36.133.115.36 - - [24/Oct/2025:16:46:26 +0800] "POST /wp-cron.php?doing_wp_cron=1761295586.1472299098968505859375 HTTP/1.1" 200 31 "-" "WordPress/6.8.2; http://cqqizhou.com"
43.130.71.237 - - [24/Oct/2025:16:46:26 +0800] "GET / HTTP/1.1" 301 5 "-" "Mozilla/5.0 (iPhone; CPU iPhone OS 13_2_3 like Mac OS X) AppleWebKit/605.1.15 (KHTML, like Gecko) Version/13.0.3 Mobile/15E148 Safari/604.1"
43.130.71.237 - - [24/Oct/2025:16:46:29 +0800] "GET / HTTP/1.1" 200 33466 "http://www.cqqizhou.com" "Mozilla/5.0 (iPhone; CPU iPhone OS 13_2_3 like Mac OS X) AppleWebKit/605.1.15 (KHTML, like Gecko) Version/13.0.3 Mobile/15E148 Safari/604.1"
36.133.115.36 - - [24/Oct/2025:16:46:49 +0800] "POST /wp-cron.php?doing_wp_cron=1761295609.6331698894500732421875 HTTP/1.1" 200 31 "-" "WordPress/6.8.2; http://cqqizhou.com"
47.238.97.17 - - [24/Oct/2025:16:46:49 +0800] "POST /xmlrpc.php HTTP/1.1" 200 217 "http://cqqizhou.com" "Mozilla/5.0 (Macintosh; Intel Mac OS X 10_15_7) AppleWebKit/537.36 (KHTML, like Gecko) Chrome/115.0.5790.102 Safari/537.36"
36.133.115.36 - - [24/Oct/2025:16:50:24 +0800] "POST /wp-cron.php?doing_wp_cron=1761295824.0601840019226074218750 HTTP/1.1" 200 31 "-" "WordPress/6.8.2; http://cqqizhou.com"
143.110.158.30 - - [24/Oct/2025:16:50:24 +0800] "POST /xmlrpc.php HTTP/1.1" 200 217 "-" "Mozilla/5.0 (X11; Ubuntu; Linux x86_64; rv:85.0) Gecko/20100101 Firefox/91.0"
162.215.9.119 - - [24/Oct/2025:16:50:36 +0800] "POST /xmlrpc.php HTTP/1.1" 200 217 "http://cqqizhou.com" "Mozilla/5.0 (Macintosh; Intel Mac OS X 14_6) AppleWebKit/605.1.15 (KHTML, like Gecko) Version/17.5 Safari/605.1.15"
36.133.115.36 - - [24/Oct/2025:16:54:20 +0800] "POST /wp-cron.php?doing_wp_cron=1761296060.3386518955230712890625 HTTP/1.1" 200 31 "-" "WordPress/6.8.2; http://cqqizhou.com"
120.78.88.119 - - [24/Oct/2025:16:54:20 +0800] "POST /xmlrpc.php HTTP/1.1" 200 217 "http://cqqizhou.com" "Mozilla/5.0 (Windows NT 10.0; Win64; x64) AppleWebKit/537.36 (KHTML, like Gecko) Chrome/114.0.5735.199 Safari/537.36 Edg/114.0.1823.67"
36.133.115.36 - - [24/Oct/2025:16:59:31 +0800] "POST /wp-cron.php?doing_wp_cron=1761296371.5402450561523437500000 HTTP/1.1" 200 31 "-" "WordPress/6.8.2; http://cqqizhou.com"
31.57.147.142 - - [24/Oct/2025:16:59:31 +0800] "GET http://proxy.byp4ss.net/validate?proxy=36.133.115.36&port=80 HTTP/1.1" 404 31381 "-" "ProxyScan/1.0"
43.167.241.46 - - [24/Oct/2025:16:59:34 +0800] "GET /wp-content/uploads/2025/07/1753456770- HTTP/1.1" 404 8991 "-" "Mozilla/5.0 (iPhone; CPU iPhone OS 13_2_3 like Mac OS X) AppleWebKit/605.1.15 (KHTML, like Gecko) Version/13.0.3 Mobile/15E148 Safari/604.1"
36.133.115.36 - - [24/Oct/2025:17:00:16 +0800] "POST /wp-cron.php?doing_wp_cron=1761296416.4045460224151611328125 HTTP/1.1" 200 31 "-" "WordPress/6.8.2; http://cqqizhou.com"
213.209.143.66 - - [24/Oct/2025:17:00:16 +0800] "GET / HTTP/1.1" 200 33466 "-" "Mozilla/5.0 (Windows NT 10.0; Win64; x64) AppleWebKit/537.36 (KHTML, like Gecko) Chrome/90.0.4430.85 Safari/537.36 Edg/90.0.818.46"
36.133.115.36 - - [24/Oct/2025:17:01:41 +0800] "POST /wp-cron.php?doing_wp_cron=1761296501.0527300834655761718750 HTTP/1.1" 200 31 "-" "WordPress/6.8.2; http://cqqizhou.com"
167.172.113.201 - - [24/Oct/2025:17:01:41 +0800] "POST /xmlrpc.php HTTP/1.1" 200 217 "http://cqqizhou.com" "Mozilla/5.0 (Macintosh; Intel Mac OS X 10_15_7; rv:125.0.1) Gecko/20100101 Firefox/125.0.1"
36.133.115.36 - - [24/Oct/2025:17:05:24 +0800] "POST /wp-cron.php?doing_wp_cron=1761296724.0941669940948486328125 HTTP/1.1" 200 31 "-" "WordPress/6.8.2; http://cqqizhou.com"
188.166.188.97 - - [24/Oct/2025:17:05:24 +0800] "POST /xmlrpc.php HTTP/1.1" 200 217 "http://cqqizhou.com" "Mozilla/5.0 (Windows NT 10.0; Win64; x64) AppleWebKit/537.36 (KHTML, like Gecko) Chrome/113.0.5672.126 Safari/537.36 Edg/113.0.1774.50"
36.133.115.36 - - [24/Oct/2025:17:09:04 +0800] "POST /wp-cron.php?doing_wp_cron=1761296944.5416789054870605468750 HTTP/1.1" 200 31 "-" "WordPress/6.8.2; http://cqqizhou.com"
34.90.192.194 - - [24/Oct/2025:17:09:04 +0800] "POST /xmlrpc.php HTTP/1.1" 200 217 "http://cqqizhou.com" "Mozilla/5.0 (Windows NT 10.0; Win64; x64) AppleWebKit/537.36 (KHTML, like Gecko) Chrome/112.0.5615.138 Safari/537.36"
36.133.115.36 - - [24/Oct/2025:17:16:27 +0800] "POST /wp-cron.php?doing_wp_cron=1761297387.2961440086364746093750 HTTP/1.1" 200 31 "-" "WordPress/6.8.2; http://cqqizhou.com"
184.154.206.215 - - [24/Oct/2025:17:16:27 +0800] "POST /xmlrpc.php HTTP/1.1" 200 217 "http://cqqizhou.com" "Mozilla/5.0 (Macintosh; Intel Mac OS X 10_15_7) AppleWebKit/537.36 (KHTML, like Gecko) Chrome/116.0.5845.96 Safari/537.36"
185.39.19.43 - - [24/Oct/2025:17:17:48 +0800] "GET / HTTP/1.0" 200 153652 "http://cqqizhou.com/" "Mozilla/5.0 (Windows NT 10.0; Win64; x64) AppleWebKit/537.36 (KHTML, like Gecko) Chrome/131.0.0.0 Safari/537.36"
