103.115.64.61 - - [23/Oct/2025:09:45:36 +0800] "GET /data/%235Dp8Gh.asp HTTP/1.1" 404 31381 "http://cqqizhou.com/data/%235Dp8Gh.asp" "Mozilla/5.0 (compatible; MSIE 9.0; Windows NT 6.1; Trident/5.0); 360Spider"
36.133.115.36 - - [23/Oct/2025:09:47:38 +0800] "POST /wp-cron.php?doing_wp_cron=1761184058.9025750160217285156250 HTTP/1.1" 200 31 "-" "WordPress/6.8.2; http://cqqizhou.com"
222.79.104.23 - - [23/Oct/2025:09:47:39 +0800] "GET / HTTP/1.1" 200 33467 "-" "Mozilla/5.0 (iPhone; CPU iPhone OS 13_2_3 like Mac OS X) AppleWebKit/605.1.15 (KHTML, like Gecko) Version/13.0.3 Mobile/15E148 Safari/604.1"
185.39.19.48 - - [23/Oct/2025:10:06:28 +0800] "GET / HTTP/1.0" 200 153652 "http://cqqizhou.com/" "Mozilla/5.0 (Windows NT 10.0; Win64; x64) AppleWebKit/537.36 (KHTML, like Gecko) Chrome/131.0.0.0 Safari/537.36 Avast/131.0.0.0"
185.39.19.48 - - [23/Oct/2025:10:06:28 +0800] "GET /contacts/ HTTP/1.0" 200 76283 "http://cqqizhou.com/contacts/" "Mozilla/5.0 (Windows NT 10.0; Win64; x64) AppleWebKit/537.36 (KHTML, like Gecko) Chrome/131.0.0.0 Safari/537.36 Avast/131.0.0.0"
36.133.115.36 - - [23/Oct/2025:10:06:33 +0800] "POST /wp-cron.php?doing_wp_cron=1761185193.3362400531768798828125 HTTP/1.1" 200 31 "-" "WordPress/6.8.2; http://cqqizhou.com"
185.39.19.48 - - [23/Oct/2025:10:06:34 +0800] "POST /contacts/ HTTP/1.0" 200 68645 "http://cqqizhou.com/contacts/" "Mozilla/5.0 (Windows NT 10.0; Win64; x64) AppleWebKit/537.36 (KHTML, like Gecko) Chrome/131.0.0.0 Safari/537.36 Avast/131.0.0.0"
36.133.115.36 - - [23/Oct/2025:10:24:52 +0800] "POST /wp-cron.php?doing_wp_cron=1761186292.0364940166473388671875 HTTP/1.1" 200 31 "-" "WordPress/6.8.2; http://cqqizhou.com"
46.226.162.61 - - [23/Oct/2025:10:24:52 +0800] "GET / HTTP/1.1" 200 33466 "-" "Mozilla/5.0 (Windows NT 10.0; Win64; x64) AppleWebKit/537.36 (KHTML, like Gecko) Chrome/127.0.0.0 Safari/537.36"
36.133.115.36 - - [23/Oct/2025:10:31:33 +0800] "POST /wp-cron.php?doing_wp_cron=1761186693.4468080997467041015625 HTTP/1.1" 200 31 "-" "WordPress/6.8.2; http://cqqizhou.com"
185.226.197.28 - - [23/Oct/2025:10:31:33 +0800] "GET / HTTP/1.1" 301 5 "-" "Mozilla/5.0 (Windows NT 10.0; WOW64) AppleWebKit/537.36 (KHTML, like Gecko) Chrome/66.0.3359.117 Safari/537.36"
185.226.197.30 - - [23/Oct/2025:10:31:35 +0800] "GET / HTTP/1.1" 200 33932 "http://36.133.115.36/" "Mozilla/5.0 (Windows NT 10.0; WOW64) AppleWebKit/537.36 (KHTML, like Gecko) Chrome/66.0.3359.117 Safari/537.36"
36.133.115.36 - - [23/Oct/2025:10:35:11 +0800] "POST /wp-cron.php?doing_wp_cron=1761186911.9565410614013671875000 HTTP/1.1" 200 31 "-" "WordPress/6.8.2; http://cqqizhou.com"
180.184.99.208 - - [23/Oct/2025:10:35:12 +0800] "GET /portfolio-category/pickled-coil/ HTTP/1.1" 200 17628 "-" "Mozilla/5.0 (Linux; Android 10; V1950A; wv) AppleWebKit/537.36 (KHTML, like Gecko) Chrome/62.0.3202.84 Mobile Safari/537.36 VivoBrowser/20.2.3.0"
36.133.115.36 - - [23/Oct/2025:10:47:32 +0800] "POST /wp-cron.php?doing_wp_cron=1761187652.0970261096954345703125 HTTP/1.1" 200 31 "-" "WordPress/6.8.2; http://cqqizhou.com"
20.163.15.178 - - [23/Oct/2025:10:47:32 +0800] "GET /developmentserver/metadatauploader HTTP/1.1" 404 8989 "-" "Mozilla/5.0 zgrab/0.x"
36.133.115.36 - - [23/Oct/2025:10:56:21 +0800] "POST /wp-cron.php?doing_wp_cron=1761188181.1283481121063232421875 HTTP/1.1" 200 31 "-" "WordPress/6.8.2; http://cqqizhou.com"
213.209.143.66 - - [23/Oct/2025:10:56:21 +0800] "GET / HTTP/1.1" 200 33466 "-" "Mozilla/5.0 (Windows NT 10.0; Win64; x64) AppleWebKit/537.36 (KHTML, like Gecko) Chrome/90.0.4430.85 Safari/537.36 Edg/90.0.818.46"
52.169.206.229 - - [23/Oct/2025:11:04:57 +0800] "GET /wp-content/plugins/hellopress/wp_filemanager.php HTTP/1.1" 404 27 "-" "-"
52.169.206.229 - - [23/Oct/2025:11:04:57 +0800] "GET /sea.php HTTP/1.1" 404 27 "-" "-"
52.169.206.229 - - [23/Oct/2025:11:04:58 +0800] "GET /gecko-new.php HTTP/1.1" 404 27 "-" "-"
52.169.206.229 - - [23/Oct/2025:11:04:58 +0800] "GET /xsec1.php HTTP/1.1" 404 27 "-" "-"
52.169.206.229 - - [23/Oct/2025:11:04:58 +0800] "GET /priv.php HTTP/1.1" 404 27 "-" "-"
52.169.206.229 - - [23/Oct/2025:11:04:58 +0800] "GET /jjhf.php HTTP/1.1" 404 27 "-" "-"
52.169.206.229 - - [23/Oct/2025:11:04:59 +0800] "GET /yxr6m.php HTTP/1.1" 404 27 "-" "-"
52.169.206.229 - - [23/Oct/2025:11:04:59 +0800] "GET /ns.php HTTP/1.1" 404 27 "-" "-"
52.169.206.229 - - [23/Oct/2025:11:04:59 +0800] "GET /admin/upload/css.php HTTP/1.1" 404 27 "-" "-"
52.169.206.229 - - [23/Oct/2025:11:04:59 +0800] "GET /cong.php HTTP/1.1" 404 27 "-" "-"
52.169.206.229 - - [23/Oct/2025:11:05:00 +0800] "GET /gmo.php HTTP/1.1" 404 27 "-" "-"
52.169.206.229 - - [23/Oct/2025:11:05:00 +0800] "GET /wp-includes/fonts/about.php HTTP/1.1" 404 27 "-" "-"
52.169.206.229 - - [23/Oct/2025:11:05:00 +0800] "GET /go.php HTTP/1.1" 404 27 "-" "-"
52.169.206.229 - - [23/Oct/2025:11:05:00 +0800] "GET /files/css_compare.php HTTP/1.1" 404 27 "-" "-"
52.169.206.229 - - [23/Oct/2025:11:05:01 +0800] "GET /wp-admin/includes/wp-login.php HTTP/1.1" 404 27 "-" "-"
52.169.206.229 - - [23/Oct/2025:11:05:01 +0800] "GET /wp-includes/88.php HTTP/1.1" 404 27 "-" "-"
52.169.206.229 - - [23/Oct/2025:11:05:01 +0800] "GET /wp-includes/js/js420.php HTTP/1.1" 404 27 "-" "-"
52.169.206.229 - - [23/Oct/2025:11:05:01 +0800] "GET /wp-includes/24.php HTTP/1.1" 404 27 "-" "-"
52.169.206.229 - - [23/Oct/2025:11:05:01 +0800] "GET /0x1949.php HTTP/1.1" 404 27 "-" "-"
52.169.206.229 - - [23/Oct/2025:11:05:02 +0800] "GET /system_log.php HTTP/1.1" 404 27 "-" "-"
52.169.206.229 - - [23/Oct/2025:11:05:02 +0800] "GET /atomlib.php HTTP/1.1" 404 27 "-" "-"
52.169.206.229 - - [23/Oct/2025:11:05:02 +0800] "GET /wp-includes/0.php HTTP/1.1" 404 27 "-" "-"
52.169.206.229 - - [23/Oct/2025:11:05:02 +0800] "GET /13.php HTTP/1.1" 404 27 "-" "-"
52.169.206.229 - - [23/Oct/2025:11:05:03 +0800] "GET /lock360.php HTTP/1.1" 404 27 "-" "-"
52.169.206.229 - - [23/Oct/2025:11:05:03 +0800] "GET /6.php HTTP/1.1" 404 27 "-" "-"
52.169.206.229 - - [23/Oct/2025:11:05:03 +0800] "GET /1100.php HTTP/1.1" 404 27 "-" "-"
52.169.206.229 - - [23/Oct/2025:11:05:03 +0800] "GET /vv.php HTTP/1.1" 404 27 "-" "-"
52.169.206.229 - - [23/Oct/2025:11:05:04 +0800] "GET /oo.php HTTP/1.1" 404 27 "-" "-"
52.169.206.229 - - [23/Oct/2025:11:05:04 +0800] "GET /sk.php HTTP/1.1" 404 27 "-" "-"
52.169.206.229 - - [23/Oct/2025:11:05:04 +0800] "GET /7.php HTTP/1.1" 404 27 "-" "-"
52.169.206.229 - - [23/Oct/2025:11:05:04 +0800] "GET /000.php HTTP/1.1" 404 27 "-" "-"
52.169.206.229 - - [23/Oct/2025:11:05:04 +0800] "GET /20.php HTTP/1.1" 404 27 "-" "-"
52.169.206.229 - - [23/Oct/2025:11:05:05 +0800] "GET /456.php HTTP/1.1" 404 27 "-" "-"
52.169.206.229 - - [23/Oct/2025:11:05:05 +0800] "GET /23.php HTTP/1.1" 404 27 "-" "-"
52.169.206.229 - - [23/Oct/2025:11:05:05 +0800] "GET /V3.php HTTP/1.1" 404 27 "-" "-"
52.169.206.229 - - [23/Oct/2025:11:05:05 +0800] "GET /222.php HTTP/1.1" 404 27 "-" "-"
52.169.206.229 - - [23/Oct/2025:11:05:06 +0800] "GET /suu.php HTTP/1.1" 404 27 "-" "-"
52.169.206.229 - - [23/Oct/2025:11:05:06 +0800] "GET /build.php HTTP/1.1" 404 27 "-" "-"
52.169.206.229 - - [23/Oct/2025:11:05:06 +0800] "GET /i1.php HTTP/1.1" 404 27 "-" "-"
52.169.206.229 - - [23/Oct/2025:11:05:06 +0800] "GET /4.php HTTP/1.1" 404 27 "-" "-"
52.169.206.229 - - [23/Oct/2025:11:05:07 +0800] "GET /002.php HTTP/1.1" 404 27 "-" "-"
52.169.206.229 - - [23/Oct/2025:11:05:07 +0800] "GET /user/info.php HTTP/1.1" 404 27 "-" "-"
52.169.206.229 - - [23/Oct/2025:11:05:07 +0800] "GET /wp-22.php HTTP/1.1" 404 27 "-" "-"
52.169.206.229 - - [23/Oct/2025:11:05:07 +0800] "GET /w.php HTTP/1.1" 404 27 "-" "-"
52.169.206.229 - - [23/Oct/2025:11:05:08 +0800] "GET /wxo.php HTTP/1.1" 404 27 "-" "-"
52.169.206.229 - - [23/Oct/2025:11:05:08 +0800] "GET /an.php HTTP/1.1" 404 27 "-" "-"
52.169.206.229 - - [23/Oct/2025:11:05:08 +0800] "GET /al.php HTTP/1.1" 404 27 "-" "-"
52.169.206.229 - - [23/Oct/2025:11:05:08 +0800] "GET /45.php HTTP/1.1" 404 27 "-" "-"
52.169.206.229 - - [23/Oct/2025:11:05:08 +0800] "GET /map.php HTTP/1.1" 404 27 "-" "-"
52.169.206.229 - - [23/Oct/2025:11:05:09 +0800] "GET /17.php HTTP/1.1" 404 27 "-" "-"
52.169.206.229 - - [23/Oct/2025:11:05:09 +0800] "GET /yu.php HTTP/1.1" 404 27 "-" "-"
52.169.206.229 - - [23/Oct/2025:11:05:09 +0800] "GET /v.php HTTP/1.1" 404 27 "-" "-"
52.169.206.229 - - [23/Oct/2025:11:05:09 +0800] "GET /ge.php HTTP/1.1" 404 27 "-" "-"
52.169.206.229 - - [23/Oct/2025:11:05:10 +0800] "GET /25.php HTTP/1.1" 404 27 "-" "-"
52.169.206.229 - - [23/Oct/2025:11:05:10 +0800] "GET /16.php HTTP/1.1" 404 27 "-" "-"
52.169.206.229 - - [23/Oct/2025:11:05:10 +0800] "GET /info/info.php HTTP/1.1" 404 27 "-" "-"
52.169.206.229 - - [23/Oct/2025:11:05:10 +0800] "GET /ab.php HTTP/1.1" 404 27 "-" "-"
52.169.206.229 - - [23/Oct/2025:11:05:11 +0800] "GET /xc.php HTTP/1.1" 404 27 "-" "-"
52.169.206.229 - - [23/Oct/2025:11:05:11 +0800] "GET /q.php HTTP/1.1" 404 27 "-" "-"
52.169.206.229 - - [23/Oct/2025:11:05:11 +0800] "GET /qa.php HTTP/1.1" 404 27 "-" "-"
52.169.206.229 - - [23/Oct/2025:11:05:11 +0800] "GET /n.php HTTP/1.1" 404 27 "-" "-"
52.169.206.229 - - [23/Oct/2025:11:05:11 +0800] "GET /v4.php HTTP/1.1" 404 27 "-" "-"
52.169.206.229 - - [23/Oct/2025:11:05:12 +0800] "GET /mail.php HTTP/1.1" 404 27 "-" "-"
52.169.206.229 - - [23/Oct/2025:11:05:12 +0800] "GET /wi.php HTTP/1.1" 404 27 "-" "-"
52.169.206.229 - - [23/Oct/2025:11:05:12 +0800] "GET /sim.php HTTP/1.1" 404 27 "-" "-"
52.169.206.229 - - [23/Oct/2025:11:05:12 +0800] "GET /x.php HTTP/1.1" 404 27 "-" "-"
52.169.206.229 - - [23/Oct/2025:11:05:13 +0800] "GET /foo.php HTTP/1.1" 404 27 "-" "-"
52.169.206.229 - - [23/Oct/2025:11:05:13 +0800] "GET /wso403.php HTTP/1.1" 404 27 "-" "-"
52.169.206.229 - - [23/Oct/2025:11:05:13 +0800] "GET /yy.php HTTP/1.1" 404 27 "-" "-"
52.169.206.229 - - [23/Oct/2025:11:05:13 +0800] "GET /f35.php HTTP/1.1" 404 27 "-" "-"
52.169.206.229 - - [23/Oct/2025:11:05:14 +0800] "GET /checker.php HTTP/1.1" 404 27 "-" "-"
52.169.206.229 - - [23/Oct/2025:11:05:14 +0800] "GET /menu.php HTTP/1.1" 404 27 "-" "-"
52.169.206.229 - - [23/Oct/2025:11:05:14 +0800] "GET /about.php HTTP/1.1" 404 27 "-" "-"
52.169.206.229 - - [23/Oct/2025:11:05:14 +0800] "GET /kk.php HTTP/1.1" 404 27 "-" "-"
52.169.206.229 - - [23/Oct/2025:11:05:15 +0800] "GET /cf.php HTTP/1.1" 404 27 "-" "-"
52.169.206.229 - - [23/Oct/2025:11:05:15 +0800] "GET /admin/uploads/images/autoload_classmap.php HTTP/1.1" 404 27 "-" "-"
52.169.206.229 - - [23/Oct/2025:11:05:15 +0800] "GET /Js.php HTTP/1.1" 404 27 "-" "-"
52.169.206.229 - - [23/Oct/2025:11:05:15 +0800] "GET /s.php HTTP/1.1" 404 27 "-" "-"
52.169.206.229 - - [23/Oct/2025:11:05:15 +0800] "GET /lock.php HTTP/1.1" 404 27 "-" "-"
52.169.206.229 - - [23/Oct/2025:11:05:16 +0800] "GET /ss.php HTTP/1.1" 404 27 "-" "-"
52.169.206.229 - - [23/Oct/2025:11:05:16 +0800] "GET /if.php HTTP/1.1" 404 27 "-" "-"
52.169.206.229 - - [23/Oct/2025:11:05:16 +0800] "GET /ff.php HTTP/1.1" 404 27 "-" "-"
52.169.206.229 - - [23/Oct/2025:11:05:16 +0800] "GET /er.php HTTP/1.1" 404 27 "-" "-"
52.169.206.229 - - [23/Oct/2025:11:05:17 +0800] "GET /alfa-shell-v4.php HTTP/1.1" 404 27 "-" "-"
52.169.206.229 - - [23/Oct/2025:11:05:17 +0800] "GET /333.php HTTP/1.1" 404 27 "-" "-"
52.169.206.229 - - [23/Oct/2025:11:05:17 +0800] "GET /c.php HTTP/1.1" 404 27 "-" "-"
52.169.206.229 - - [23/Oct/2025:11:05:17 +0800] "GET /jp.php HTTP/1.1" 404 27 "-" "-"
52.169.206.229 - - [23/Oct/2025:11:05:18 +0800] "GET /10.php HTTP/1.1" 404 27 "-" "-"
52.169.206.229 - - [23/Oct/2025:11:05:18 +0800] "GET /3.php HTTP/1.1" 404 27 "-" "-"
52.169.206.229 - - [23/Oct/2025:11:05:18 +0800] "GET /g.php HTTP/1.1" 404 27 "-" "-"
52.169.206.229 - - [23/Oct/2025:11:05:18 +0800] "GET /bypass.php HTTP/1.1" 404 27 "-" "-"
52.169.206.229 - - [23/Oct/2025:11:05:18 +0800] "GET /ww.php HTTP/1.1" 404 27 "-" "-"
52.169.206.229 - - [23/Oct/2025:11:05:19 +0800] "GET /config.php HTTP/1.1" 404 27 "-" "-"
52.169.206.229 - - [23/Oct/2025:11:05:19 +0800] "GET /makeasmtp.php?p= HTTP/1.1" 404 27 "-" "-"
52.169.206.229 - - [23/Oct/2025:11:05:19 +0800] "GET /lv.php HTTP/1.1" 404 27 "-" "-"
52.169.206.229 - - [23/Oct/2025:11:05:19 +0800] "GET /ee.php HTTP/1.1" 404 27 "-" "-"
52.169.206.229 - - [23/Oct/2025:11:05:20 +0800] "GET /wp-admin/maint/index.php HTTP/1.1" 404 27 "-" "-"
52.169.206.229 - - [23/Oct/2025:11:05:20 +0800] "GET /wsd.php HTTP/1.1" 404 27 "-" "-"
36.133.115.36 - - [23/Oct/2025:11:10:42 +0800] "POST /wp-cron.php?doing_wp_cron=1761189042.7149319648742675781250 HTTP/1.1" 200 31 "-" "WordPress/6.8.2; http://cqqizhou.com"
180.184.75.221 - - [23/Oct/2025:11:10:42 +0800] "GET /robots.txt HTTP/1.1" 200 190 "-" "Mozilla/5.0 (Linux; Android 10; V1950A; wv) AppleWebKit/537.36 (KHTML, like Gecko) Chrome/62.0.3202.84 Mobile Safari/537.36 VivoBrowser/20.2.3.0"
36.133.115.36 - - [23/Oct/2025:11:31:52 +0800] "POST /wp-cron.php?doing_wp_cron=1761190312.6281940937042236328125 HTTP/1.1" 200 31 "-" "WordPress/6.8.2; http://cqqizhou.com"
87.120.191.93 - - [23/Oct/2025:11:31:53 +0800] "GET / HTTP/1.1" 200 151919 "http://36.133.115.36:80/" "Mozilla/5.0 (X11; Linux x86_64) AppleWebKit/537.36 (KHTML, like Gecko) Chrome/126.0.0.0 Safari/537.36"
52.167.144.17 - - [23/Oct/2025:11:53:55 +0800] "GET /2231/ HTTP/1.1" 200 23695 "-" "Mozilla/5.0 AppleWebKit/537.36 (KHTML, like Gecko; compatible; bingbot/2.0; +http://www.bing.com/bingbot.htm) Chrome/116.0.1938.76 Safari/537.36"
36.133.115.36 - - [23/Oct/2025:12:02:59 +0800] "POST /wp-cron.php?doing_wp_cron=1761192179.1228930950164794921875 HTTP/1.1" 200 31 "-" "WordPress/6.8.2; http://cqqizhou.com"
87.120.191.93 - - [23/Oct/2025:12:02:59 +0800] "GET / HTTP/1.1" 200 151919 "http://36.133.115.36:80/" "Mozilla/5.0 (X11; Linux x86_64) AppleWebKit/537.36 (KHTML, like Gecko) Chrome/126.0.0.0 Safari/537.36"
36.133.115.36 - - [23/Oct/2025:12:30:39 +0800] "POST /wp-cron.php?doing_wp_cron=1761193839.1097888946533203125000 HTTP/1.1" 200 31 "-" "WordPress/6.8.2; http://cqqizhou.com"
101.32.208.70 - - [23/Oct/2025:12:30:39 +0800] "GET / HTTP/1.1" 301 5 "-" "Mozilla/5.0 (iPhone; CPU iPhone OS 13_2_3 like Mac OS X) AppleWebKit/605.1.15 (KHTML, like Gecko) Version/13.0.3 Mobile/15E148 Safari/604.1"
36.133.115.36 - - [23/Oct/2025:12:30:51 +0800] "POST /wp-cron.php?doing_wp_cron=1761193851.1827459335327148437500 HTTP/1.1" 200 31 "-" "WordPress/6.8.2; http://cqqizhou.com"
101.32.208.70 - - [23/Oct/2025:12:30:51 +0800] "GET / HTTP/1.1" 200 33466 "http://www.cqqizhou.com" "Mozilla/5.0 (iPhone; CPU iPhone OS 13_2_3 like Mac OS X) AppleWebKit/605.1.15 (KHTML, like Gecko) Version/13.0.3 Mobile/15E148 Safari/604.1"
36.133.115.36 - - [23/Oct/2025:12:36:43 +0800] "POST /wp-cron.php?doing_wp_cron=1761194203.2132079601287841796875 HTTP/1.1" 200 31 "-" "WordPress/6.8.2; http://cqqizhou.com"
43.135.145.117 - - [23/Oct/2025:12:36:43 +0800] "GET / HTTP/1.1" 200 33467 "-" "Mozilla/5.0 (iPhone; CPU iPhone OS 13_2_3 like Mac OS X) AppleWebKit/605.1.15 (KHTML, like Gecko) Version/13.0.3 Mobile/15E148 Safari/604.1"
36.133.115.36 - - [23/Oct/2025:12:39:56 +0800] "POST /wp-cron.php?doing_wp_cron=1761194396.3835339546203613281250 HTTP/1.1" 200 31 "-" "WordPress/6.8.2; http://cqqizhou.com"
87.120.191.93 - - [23/Oct/2025:12:39:57 +0800] "GET / HTTP/1.1" 200 151919 "http://36.133.115.36:80/" "Mozilla/5.0 (X11; Linux x86_64) AppleWebKit/537.36 (KHTML, like Gecko) Chrome/126.0.0.0 Safari/537.36"
36.133.115.36 - - [23/Oct/2025:12:44:40 +0800] "POST /wp-cron.php?doing_wp_cron=1761194680.1423261165618896484375 HTTP/1.1" 200 31 "-" "WordPress/6.8.2; http://cqqizhou.com"
148.113.153.65 - - [23/Oct/2025:12:44:40 +0800] "POST /xmlrpc.php HTTP/1.1" 200 217 "http://cqqizhou.com" "Mozilla/5.0 (Windows NT 10.0; Win64; x64) AppleWebKit/537.36 (KHTML, like Gecko) Chrome/126.0.0.0 Safari/537.36 Edg/126.0.0.0"
36.133.115.36 - - [23/Oct/2025:12:49:24 +0800] "POST /wp-cron.php?doing_wp_cron=1761194964.6625149250030517578125 HTTP/1.1" 200 31 "-" "WordPress/6.8.2; http://cqqizhou.com"
130.211.53.197 - - [23/Oct/2025:12:49:24 +0800] "GET / HTTP/1.1" 301 5 "-" "python-requests/2.32.5"
113.248.14.103 - - [23/Oct/2025:12:49:41 +0800] "GET / HTTP/1.1" 301 5 "-" "Mozilla/5.0 (Windows NT 6.1; Win64; x64) AppleWebKit/537.36 (KHTML, like Gecko) Chrome/76.0.3809.12"
113.248.14.103 - - [23/Oct/2025:12:49:43 +0800] "GET / HTTP/1.1" 200 33932 "-" "Mozilla/5.0 (Windows NT 6.1; Win64; x64) AppleWebKit/537.36 (KHTML, like Gecko) Chrome/76.0.3809.12"
116.147.68.126 - - [23/Oct/2025:12:49:44 +0800] "GET / HTTP/1.1" 200 33932 "-" "Mozilla/5.0 (Windows NT 6.2; Win64; x64) AppleWebKit/537.36 (KHTML, like Gecko) Chrome/75.0.3770.8"
36.133.115.36 - - [23/Oct/2025:12:51:49 +0800] "POST /wp-cron.php?doing_wp_cron=1761195109.3030190467834472656250 HTTP/1.1" 200 31 "-" "WordPress/6.8.2; http://cqqizhou.com"
95.217.234.28 - - [23/Oct/2025:12:51:49 +0800] "POST /xmlrpc.php HTTP/1.1" 200 217 "http://cqqizhou.com" "Mozilla/5.0 (Macintosh; Intel Mac OS X 10_15_7; rv:126.0) Gecko/20100101 Firefox/126.0"
36.133.115.36 - - [23/Oct/2025:12:54:21 +0800] "POST /wp-cron.php?doing_wp_cron=1761195261.1139469146728515625000 HTTP/1.1" 200 31 "-" "WordPress/6.8.2; http://cqqizhou.com"
3.132.23.201 - - [23/Oct/2025:12:54:21 +0800] "GET / HTTP/1.1" 301 5 "-" "Mozilla/5.0 (Macintosh; Intel Mac OS X 10_15_7) Chrome/126.0.0.0 Safari/537.36"
36.133.115.36 - - [23/Oct/2025:12:55:09 +0800] "POST /wp-cron.php?doing_wp_cron=1761195309.0692999362945556640625 HTTP/1.1" 200 31 "-" "WordPress/6.8.2; http://cqqizhou.com"
3.132.23.201 - - [23/Oct/2025:12:55:09 +0800] "GET / HTTP/1.1" 301 5 "-" "Mozilla/5.0 (Macintosh; Intel Mac OS X 10_15_7) Chrome/126.0.0.0 Safari/537.36"
119.29.167.210 - - [23/Oct/2025:12:55:23 +0800] "POST /xmlrpc.php HTTP/1.1" 200 217 "http://cqqizhou.com" "Mozilla/5.0 (Windows NT 10.0; Win64; x64) AppleWebKit/537.36 (KHTML, like Gecko) Chrome/116.0.5845.96 Safari/537.36"
84.38.188.16 - - [23/Oct/2025:12:58:22 +0800] "GET /contacts/ HTTP/1.0" 200 76283 "-" "Mozilla/5.0 (Windows NT 6.3; Win64; x64) AppleWebKit/537.36 (KHTML, like Gecko) Chrome/75.0.3770.100 Safari/537.36"
36.133.115.36 - - [23/Oct/2025:12:58:58 +0800] "POST /wp-cron.php?doing_wp_cron=1761195538.2168409824371337890625 HTTP/1.1" 200 31 "-" "WordPress/6.8.2; http://cqqizhou.com"
89.46.107.133 - - [23/Oct/2025:12:58:58 +0800] "POST /xmlrpc.php HTTP/1.1" 200 217 "http://cqqizhou.com" "Mozilla/5.0 (Windows NT 10.0; Win64; x64) AppleWebKit/537.36 (KHTML, like Gecko) Chrome/113.0.5672.126 Safari/537.36 Edg/113.0.1774.50"
36.133.115.36 - - [23/Oct/2025:13:02:36 +0800] "POST /wp-cron.php?doing_wp_cron=1761195756.8513939380645751953125 HTTP/1.1" 200 31 "-" "WordPress/6.8.2; http://cqqizhou.com"
13.93.123.99 - - [23/Oct/2025:13:02:36 +0800] "POST /xmlrpc.php HTTP/1.1" 200 217 "http://cqqizhou.com" "Mozilla/5.0 (Macintosh; Intel Mac OS X 14_6) AppleWebKit/605.1.15 (KHTML, like Gecko) Version/17.5 Safari/605.1.15"
36.133.115.36 - - [23/Oct/2025:13:06:07 +0800] "POST /wp-cron.php?doing_wp_cron=1761195967.8823890686035156250000 HTTP/1.1" 200 31 "-" "WordPress/6.8.2; http://cqqizhou.com"
162.241.126.57 - - [23/Oct/2025:13:06:07 +0800] "POST /xmlrpc.php HTTP/1.1" 200 217 "http://cqqizhou.com" "Mozilla/5.0 (Macintosh; Intel Mac OS X 10_15_7; rv:126.0) Gecko/20100101 Firefox/126.0"
116.179.32.48 - - [23/Oct/2025:13:08:06 +0800] "GET /industry/ HTTP/1.1" 200 21960 "-" "Mozilla/5.0 (compatible; Baiduspider/2.0; +http://www.baidu.com/search/spider.html)"
36.133.115.36 - - [23/Oct/2025:13:08:07 +0800] "POST /wp-cron.php?doing_wp_cron=1761196087.2224690914154052734375 HTTP/1.1" 200 31 "-" "WordPress/6.8.2; http://cqqizhou.com"
116.179.32.155 - - [23/Oct/2025:13:08:07 +0800] "GET /portfolio-category/cold-rolled-coil/ HTTP/1.1" 200 20969 "-" "Mozilla/5.0 (compatible; Baiduspider/2.0; +http://www.baidu.com/search/spider.html)"
36.133.115.36 - - [23/Oct/2025:13:09:48 +0800] "POST /wp-cron.php?doing_wp_cron=1761196188.0901379585266113281250 HTTP/1.1" 200 31 "-" "WordPress/6.8.2; http://cqqizhou.com"
45.153.34.54 - - [23/Oct/2025:13:09:48 +0800] "GET / HTTP/1.1" 200 151919 "-" "-"
36.133.115.36 - - [23/Oct/2025:13:13:13 +0800] "POST /wp-cron.php?doing_wp_cron=1761196393.2463428974151611328125 HTTP/1.1" 200 31 "-" "WordPress/6.8.2; http://cqqizhou.com"
34.74.243.195 - - [23/Oct/2025:13:13:13 +0800] "POST /xmlrpc.php HTTP/1.1" 200 217 "http://cqqizhou.com" "Mozilla/5.0 (Macintosh; Intel Mac OS X 13_3) AppleWebKit/537.36 (KHTML, like Gecko) Chrome/126.0.0.0 Safari/537.36 Edg/126.0.0.0"
36.133.115.36 - - [23/Oct/2025:13:16:59 +0800] "POST /wp-cron.php?doing_wp_cron=1761196619.7447829246520996093750 HTTP/1.1" 200 31 "-" "WordPress/6.8.2; http://cqqizhou.com"
87.120.191.93 - - [23/Oct/2025:13:17:02 +0800] "GET / HTTP/1.1" 200 151919 "http://36.133.115.36:80/" "Mozilla/5.0 (X11; Linux x86_64) AppleWebKit/537.36 (KHTML, like Gecko) Chrome/126.0.0.0 Safari/537.36"
36.133.115.36 - - [23/Oct/2025:13:20:16 +0800] "POST /wp-cron.php?doing_wp_cron=1761196816.3702630996704101562500 HTTP/1.1" 200 31 "-" "WordPress/6.8.2; http://cqqizhou.com"
64.120.92.59 - - [23/Oct/2025:13:20:16 +0800] "POST /xmlrpc.php HTTP/1.1" 200 217 "http://cqqizhou.com" "Mozilla/5.0 (Macintosh; Intel Mac OS X 14_6) AppleWebKit/605.1.15 (KHTML, like Gecko) Version/17.5 Safari/605.1.15"
36.133.115.36 - - [23/Oct/2025:13:23:48 +0800] "POST /wp-cron.php?doing_wp_cron=1761197028.2957220077514648437500 HTTP/1.1" 200 31 "-" "WordPress/6.8.2; http://cqqizhou.com"
133.242.163.180 - - [23/Oct/2025:13:23:48 +0800] "POST /xmlrpc.php HTTP/1.1" 200 217 "http://cqqizhou.com" "Mozilla/5.0 (Macintosh; Intel Mac OS X 10_15_7) AppleWebKit/537.36 (KHTML, like Gecko) Chrome/113.0.5672.93 Safari/537.36"
36.133.115.36 - - [23/Oct/2025:13:27:22 +0800] "POST /wp-cron.php?doing_wp_cron=1761197242.3569159507751464843750 HTTP/1.1" 200 31 "-" "WordPress/6.8.2; http://cqqizhou.com"
185.23.112.52 - - [23/Oct/2025:13:27:22 +0800] "POST /xmlrpc.php HTTP/1.1" 200 217 "http://cqqizhou.com" "Mozilla/5.0 (Windows NT 10.0; Win64; x64) AppleWebKit/537.36 (KHTML, like Gecko) Chrome/113.0.5672.126 Safari/537.36 Edg/113.0.1774.50"
36.133.115.36 - - [23/Oct/2025:13:30:54 +0800] "POST /wp-cron.php?doing_wp_cron=1761197454.4628100395202636718750 HTTP/1.1" 200 31 "-" "WordPress/6.8.2; http://cqqizhou.com"
68.66.226.94 - - [23/Oct/2025:13:30:54 +0800] "POST /xmlrpc.php HTTP/1.1" 200 217 "http://cqqizhou.com" "Mozilla/5.0 (Windows NT 10.0; Win64; x64) AppleWebKit/537.36 (KHTML, like Gecko) Chrome/112.0.5615.138 Safari/537.36"
36.133.115.36 - - [23/Oct/2025:13:34:29 +0800] "POST /wp-cron.php?doing_wp_cron=1761197669.1673700809478759765625 HTTP/1.1" 200 31 "-" "WordPress/6.8.2; http://cqqizhou.com"
62.171.153.247 - - [23/Oct/2025:13:34:29 +0800] "POST /xmlrpc.php HTTP/1.1" 200 217 "http://cqqizhou.com" "Mozilla/5.0 (Windows NT 11.0; Win64; x64) AppleWebKit/537.36 (KHTML, like Gecko) Chrome/126.0.0.0 Safari/537.36 Edg/126.0.0.0"
36.133.115.36 - - [23/Oct/2025:13:38:01 +0800] "POST /wp-cron.php?doing_wp_cron=1761197881.2868499755859375000000 HTTP/1.1" 200 31 "-" "WordPress/6.8.2; http://cqqizhou.com"
103.82.36.71 - - [23/Oct/2025:13:38:01 +0800] "POST /xmlrpc.php HTTP/1.1" 200 217 "http://cqqizhou.com" "Mozilla/5.0 (Windows NT 10.0; Win64; x64) AppleWebKit/537.36 (KHTML, like Gecko) Chrome/113.0.5672.93 Safari/537.36"
36.133.115.36 - - [23/Oct/2025:13:41:32 +0800] "POST /wp-cron.php?doing_wp_cron=1761198092.8855988979339599609375 HTTP/1.1" 200 31 "-" "WordPress/6.8.2; http://cqqizhou.com"
134.122.6.46 - - [23/Oct/2025:13:41:32 +0800] "POST /xmlrpc.php HTTP/1.1" 200 217 "http://cqqizhou.com" "Mozilla/5.0 (Macintosh; Intel Mac OS X 10_15_7; rv:128.0) Gecko/20100101 Firefox/128.0"
36.133.115.36 - - [23/Oct/2025:13:45:06 +0800] "POST /wp-cron.php?doing_wp_cron=1761198306.4239270687103271484375 HTTP/1.1" 200 31 "-" "WordPress/6.8.2; http://cqqizhou.com"
157.230.45.166 - - [23/Oct/2025:13:45:06 +0800] "POST /xmlrpc.php HTTP/1.1" 200 217 "http://cqqizhou.com" "Mozilla/5.0 (Windows NT 10.0; Win64; x64) AppleWebKit/537.36 (KHTML, like Gecko) Chrome/112.0.5615.138 Safari/537.36"
36.133.115.36 - - [23/Oct/2025:13:52:14 +0800] "POST /wp-cron.php?doing_wp_cron=1761198734.6952860355377197265625 HTTP/1.1" 200 31 "-" "WordPress/6.8.2; http://cqqizhou.com"
103.82.22.166 - - [23/Oct/2025:13:52:14 +0800] "POST /xmlrpc.php HTTP/1.1" 200 217 "http://cqqizhou.com" "Mozilla/5.0 (Windows NT 10.0; Win64; x64) AppleWebKit/537.36 (KHTML, like Gecko) Chrome/126.0.0.0 Safari/537.36"
36.133.115.36 - - [23/Oct/2025:13:58:33 +0800] "POST /wp-cron.php?doing_wp_cron=1761199113.0936729907989501953125 HTTP/1.1" 200 31 "-" "WordPress/6.8.2; http://cqqizhou.com"
87.120.191.93 - - [23/Oct/2025:13:58:35 +0800] "GET / HTTP/1.1" 200 151919 "http://36.133.115.36:80/" "Mozilla/5.0 (X11; Linux x86_64) AppleWebKit/537.36 (KHTML, like Gecko) Chrome/126.0.0.0 Safari/537.36"
36.133.115.36 - - [23/Oct/2025:14:00:17 +0800] "POST /wp-cron.php?doing_wp_cron=1761199217.0340940952301025390625 HTTP/1.1" 200 31 "-" "WordPress/6.8.2; http://cqqizhou.com"
65.49.1.10 - - [23/Oct/2025:14:00:17 +0800] "GET / HTTP/1.1" 301 5 "-" "Mozilla/5.0 (Macintosh; Intel Mac OS X 10_15_7) AppleWebKit/537.36 (KHTML, like Gecko) Chrome/122.0.0.0 Safari/537.36"
36.133.115.36 - - [23/Oct/2025:14:01:40 +0800] "POST /wp-cron.php?doing_wp_cron=1761199300.2225370407104492187500 HTTP/1.1" 200 31 "-" "WordPress/6.8.2; http://cqqizhou.com"
65.49.1.10 - - [23/Oct/2025:14:01:40 +0800] "GET /webui/ HTTP/1.1" 404 8989 "-" "Mozilla/5.0 (X11; Linux x86_64; rv:91.0) Gecko/20100101 Firefox/91.0"
36.133.115.36 - - [23/Oct/2025:14:02:15 +0800] "POST /wp-cron.php?doing_wp_cron=1761199335.3732810020446777343750 HTTP/1.1" 200 31 "-" "WordPress/6.8.2; http://cqqizhou.com"
65.49.1.11 - - [23/Oct/2025:14:02:15 +0800] "GET / HTTP/1.1" 301 5 "-" "Mozilla/5.0 (X11; Linux x86_64; rv:91.0) Gecko/20100101 Firefox/91.0"
65.49.1.11 - - [23/Oct/2025:14:02:17 +0800] "GET / HTTP/1.1" 200 33932 "http://36.133.115.36/" "Mozilla/5.0 (X11; Linux x86_64; rv:91.0) Gecko/20100101 Firefox/91.0"
36.133.115.36 - - [23/Oct/2025:14:03:04 +0800] "POST /wp-cron.php?doing_wp_cron=1761199384.5809979438781738281250 HTTP/1.1" 200 31 "-" "WordPress/6.8.2; http://cqqizhou.com"
91.224.90.83 - - [23/Oct/2025:14:03:04 +0800] "POST /xmlrpc.php HTTP/1.1" 200 217 "http://cqqizhou.com" "Mozilla/5.0 (Macintosh; Intel Mac OS X 13_3) AppleWebKit/537.36 (KHTML, like Gecko) Chrome/126.0.0.0 Safari/537.36"
36.133.115.36 - - [23/Oct/2025:14:04:20 +0800] "POST /wp-cron.php?doing_wp_cron=1761199460.6248769760131835937500 HTTP/1.1" 200 31 "-" "WordPress/6.8.2; http://cqqizhou.com"
65.49.1.10 - - [23/Oct/2025:14:04:20 +0800] "GET /geoserver/web/ HTTP/1.1" 404 8989 "-" "Mozilla/5.0 (Macintosh; Intel Mac OS X 10_15_7) AppleWebKit/537.36 (KHTML, like Gecko) Chrome/122.0.0.0 Safari/537.36"
36.133.115.36 - - [23/Oct/2025:14:06:38 +0800] "POST /wp-cron.php?doing_wp_cron=1761199598.5801260471343994140625 HTTP/1.1" 200 31 "-" "WordPress/6.8.2; http://cqqizhou.com"
8.137.149.112 - - [23/Oct/2025:14:06:38 +0800] "POST /xmlrpc.php HTTP/1.1" 200 217 "http://cqqizhou.com" "Mozilla/5.0 (Windows NT 10.0; Win64; x64) AppleWebKit/537.36 (KHTML, like Gecko) Chrome/115.0.5790.102 Safari/537.36"
36.133.115.36 - - [23/Oct/2025:14:10:18 +0800] "POST /wp-cron.php?doing_wp_cron=1761199818.0975470542907714843750 HTTP/1.1" 200 31 "-" "WordPress/6.8.2; http://cqqizhou.com"
203.195.163.69 - - [23/Oct/2025:14:10:18 +0800] "POST /xmlrpc.php HTTP/1.1" 200 217 "http://cqqizhou.com" "Mozilla/5.0 (Windows NT 10.0; Win64; x64; rv:125.0.1) Gecko/20100101 Firefox/125.0.1"
36.133.115.36 - - [23/Oct/2025:14:14:01 +0800] "POST /wp-cron.php?doing_wp_cron=1761200041.2872900962829589843750 HTTP/1.1" 200 31 "-" "WordPress/6.8.2; http://cqqizhou.com"
103.246.170.74 - - [23/Oct/2025:14:14:01 +0800] "POST /xmlrpc.php HTTP/1.1" 200 217 "http://cqqizhou.com" "Mozilla/5.0 (Macintosh; Intel Mac OS X 10_15_7) AppleWebKit/537.36 (KHTML, like Gecko) Chrome/113.0.5672.93 Safari/537.36"
36.133.115.36 - - [23/Oct/2025:14:17:42 +0800] "POST /wp-cron.php?doing_wp_cron=1761200261.9832179546356201171875 HTTP/1.1" 200 31 "-" "WordPress/6.8.2; http://cqqizhou.com"
20.36.140.54 - - [23/Oct/2025:14:17:42 +0800] "POST /xmlrpc.php HTTP/1.1" 200 217 "http://cqqizhou.com" "Mozilla/5.0 (Windows NT 10.0; Win64; x64) AppleWebKit/537.36 (KHTML, like Gecko) Chrome/115.0.5790.102 Safari/537.36"
36.133.115.36 - - [23/Oct/2025:14:21:25 +0800] "POST /wp-cron.php?doing_wp_cron=1761200485.4219939708709716796875 HTTP/1.1" 200 31 "-" "WordPress/6.8.2; http://cqqizhou.com"
192.250.232.199 - - [23/Oct/2025:14:21:25 +0800] "POST /xmlrpc.php HTTP/1.1" 200 217 "http://cqqizhou.com" "Mozilla/5.0 (Windows NT 11.0; Win64; x64) AppleWebKit/537.36 (KHTML, like Gecko) Chrome/126.0.0.0 Safari/537.36 Edg/126.0.0.0"
36.133.115.36 - - [23/Oct/2025:14:25:09 +0800] "POST /wp-cron.php?doing_wp_cron=1761200709.1064589023590087890625 HTTP/1.1" 200 31 "-" "WordPress/6.8.2; http://cqqizhou.com"
192.250.232.199 - - [23/Oct/2025:14:25:09 +0800] "POST /xmlrpc.php HTTP/1.1" 200 217 "http://cqqizhou.com" "Mozilla/5.0 (Windows NT 10.0; Win64; x64; rv:125.0.1) Gecko/20100101 Firefox/125.0.1"
36.133.115.36 - - [23/Oct/2025:14:28:54 +0800] "POST /wp-cron.php?doing_wp_cron=1761200934.6817829608917236328125 HTTP/1.1" 200 31 "-" "WordPress/6.8.2; http://cqqizhou.com"
51.254.114.101 - - [23/Oct/2025:14:28:54 +0800] "POST /xmlrpc.php HTTP/1.1" 200 217 "http://cqqizhou.com" "Mozilla/5.0 (Windows NT 10.0; Win64; x64) AppleWebKit/537.36 (KHTML, like Gecko) Chrome/116.0.5845.96 Safari/537.36 Edg/116.0.1938.62"
36.133.115.36 - - [23/Oct/2025:14:40:18 +0800] "POST /wp-cron.php?doing_wp_cron=1761201618.8576319217681884765625 HTTP/1.1" 200 31 "-" "WordPress/6.8.2; http://cqqizhou.com"
103.6.198.100 - - [23/Oct/2025:14:40:18 +0800] "POST /xmlrpc.php HTTP/1.1" 200 217 "http://cqqizhou.com" "Mozilla/5.0 (Windows NT 10.0; Win64; x64) AppleWebKit/537.36 (KHTML, like Gecko) Chrome/113.0.5672.126 Safari/537.36 Edg/113.0.1774.50"
36.133.115.36 - - [23/Oct/2025:14:44:06 +0800] "POST /wp-cron.php?doing_wp_cron=1761201846.4922139644622802734375 HTTP/1.1" 200 31 "-" "WordPress/6.8.2; http://cqqizhou.com"
129.232.128.66 - - [23/Oct/2025:14:44:06 +0800] "POST /xmlrpc.php HTTP/1.1" 200 217 "http://cqqizhou.com" "Mozilla/5.0 (Macintosh; Intel Mac OS X 13.3; rv:126.0) Gecko/20100101 Firefox/126.0"
36.133.115.36 - - [23/Oct/2025:14:51:43 +0800] "POST /wp-cron.php?doing_wp_cron=1761202303.3189868927001953125000 HTTP/1.1" 200 31 "-" "WordPress/6.8.2; http://cqqizhou.com"
103.218.122.203 - - [23/Oct/2025:14:51:43 +0800] "POST /xmlrpc.php HTTP/1.1" 200 217 "http://cqqizhou.com" "Mozilla/5.0 (Macintosh; Intel Mac OS X 10_15_7; rv:127.0) Gecko/20100101 Firefox/127.0"
52.167.144.199 - - [23/Oct/2025:14:53:00 +0800] "GET /about/ HTTP/1.1" 200 30091 "-" "Mozilla/5.0 AppleWebKit/537.36 (KHTML, like Gecko; compatible; bingbot/2.0; +http://www.bing.com/bingbot.htm) Chrome/116.0.1938.76 Safari/537.36"
36.133.115.36 - - [23/Oct/2025:14:55:32 +0800] "POST /wp-cron.php?doing_wp_cron=1761202532.8655309677124023437500 HTTP/1.1" 200 31 "-" "WordPress/6.8.2; http://cqqizhou.com"
133.167.118.212 - - [23/Oct/2025:14:55:32 +0800] "POST /xmlrpc.php HTTP/1.1" 200 217 "http://cqqizhou.com" "Mozilla/5.0 (Windows NT 10.0; Win64; x64) AppleWebKit/537.36 (KHTML, like Gecko) Chrome/112.0.5615.138 Safari/537.36 Edg/112.0.1722.68"
36.133.115.36 - - [23/Oct/2025:14:59:21 +0800] "POST /wp-cron.php?doing_wp_cron=1761202761.3497340679168701171875 HTTP/1.1" 200 31 "-" "WordPress/6.8.2; http://cqqizhou.com"
139.59.71.236 - - [23/Oct/2025:14:59:21 +0800] "POST /xmlrpc.php HTTP/1.1" 200 217 "http://cqqizhou.com" "Mozilla/5.0 (Windows NT 10.0; Win64; x64; rv:126.0) Gecko/20100101 Firefox/126.0"
36.133.115.36 - - [23/Oct/2025:15:03:09 +0800] "POST /wp-cron.php?doing_wp_cron=1761202989.5603299140930175781250 HTTP/1.1" 200 31 "-" "WordPress/6.8.2; http://cqqizhou.com"
209.172.2.50 - - [23/Oct/2025:15:03:09 +0800] "POST /xmlrpc.php HTTP/1.1" 200 217 "http://cqqizhou.com" "Mozilla/5.0 (Macintosh; Intel Mac OS X 13_3) AppleWebKit/537.36 (KHTML, like Gecko) Chrome/126.0.0.0 Safari/537.36"
36.133.115.36 - - [23/Oct/2025:15:04:25 +0800] "POST /wp-cron.php?doing_wp_cron=1761203065.9245378971099853515625 HTTP/1.1" 200 31 "-" "WordPress/6.8.2; http://cqqizhou.com"
128.199.133.217 - - [23/Oct/2025:15:04:26 +0800] "GET /sftp-config.json HTTP/1.1" 404 8989 "-" "Mozilla/5.0 (Macintosh; Intel Mac OS X 10.15; rv:77.0) Gecko/20100101 Firefox/77.0"
128.199.133.217 - - [23/Oct/2025:15:04:27 +0800] "GET /.vscode/sftp.json HTTP/1.1" 404 8989 "-" "Mozilla/5.0 (Macintosh; Intel Mac OS X 10.15; rv:77.0) Gecko/20100101 Firefox/77.0"
128.199.133.217 - - [23/Oct/2025:15:04:27 +0800] "GET /.vscode/ftp-config.json HTTP/1.1" 404 8989 "-" "Mozilla/5.0 (Macintosh; Intel Mac OS X 10.15; rv:77.0) Gecko/20100101 Firefox/77.0"
128.199.133.217 - - [23/Oct/2025:15:04:28 +0800] "GET /.vscode/ftp-sync.json HTTP/1.1" 404 8989 "-" "Mozilla/5.0 (Macintosh; Intel Mac OS X 10.15; rv:77.0) Gecko/20100101 Firefox/77.0"
128.199.133.217 - - [23/Oct/2025:15:04:29 +0800] "GET /.sftp-config.json HTTP/1.1" 404 8989 "-" "Mozilla/5.0 (Macintosh; Intel Mac OS X 10.15; rv:77.0) Gecko/20100101 Firefox/77.0"
128.199.133.217 - - [23/Oct/2025:15:04:30 +0800] "GET /ftp-sync.json HTTP/1.1" 404 8989 "-" "Mozilla/5.0 (Macintosh; Intel Mac OS X 10.15; rv:77.0) Gecko/20100101 Firefox/77.0"
128.199.133.217 - - [23/Oct/2025:15:04:30 +0800] "GET /.ftp-sync.json HTTP/1.1" 404 8989 "-" "Mozilla/5.0 (Macintosh; Intel Mac OS X 10.15; rv:77.0) Gecko/20100101 Firefox/77.0"
128.199.133.217 - - [23/Oct/2025:15:04:31 +0800] "GET /ftp-config.json HTTP/1.1" 404 8989 "-" "Mozilla/5.0 (Macintosh; Intel Mac OS X 10.15; rv:77.0) Gecko/20100101 Firefox/77.0"
128.199.133.217 - - [23/Oct/2025:15:04:32 +0800] "GET /.ftp-config.json HTTP/1.1" 404 8989 "-" "Mozilla/5.0 (Macintosh; Intel Mac OS X 10.15; rv:77.0) Gecko/20100101 Firefox/77.0"
36.133.115.36 - - [23/Oct/2025:15:05:42 +0800] "POST /wp-cron.php?doing_wp_cron=1761203142.4446580410003662109375 HTTP/1.1" 200 31 "-" "WordPress/6.8.2; http://cqqizhou.com"
36.133.108.119 - - [23/Oct/2025:15:05:42 +0800] "HEAD /index.jsp HTTP/1.1" 404 0 "-" "Mozilla/5.0 (compatible; MSIE 8.0; Windows NT 5.1; Trident/4.0; SLCC1; .NET CLR 3.0.4506.2152; .NET CLR 3.5.30729; .NET CLR 1.1.4322)"
36.133.115.36 - - [23/Oct/2025:15:06:02 +0800] "POST /wp-cron.php?doing_wp_cron=1761203162.4805839061737060546875 HTTP/1.1" 200 31 "-" "WordPress/6.8.2; http://cqqizhou.com"
36.133.108.119 - - [23/Oct/2025:15:06:02 +0800] "HEAD /aspera/faspex/ HTTP/1.1" 404 0 "-" "Mozilla/5.0 (Macintosh; Intel Mac OS X 10_8_3) AppleWebKit/537.36 (KHTML, like Gecko) Chrome/27.0.1453.93 Safari/537.36"
36.133.115.36 - - [23/Oct/2025:15:07:00 +0800] "POST /wp-cron.php?doing_wp_cron=1761203220.5390141010284423828125 HTTP/1.1" 200 31 "-" "WordPress/6.8.2; http://cqqizhou.com"
155.4.47.54 - - [23/Oct/2025:15:07:00 +0800] "POST /xmlrpc.php HTTP/1.1" 200 217 "http://cqqizhou.com" "Mozilla/5.0 (Macintosh; Intel Mac OS X 10_15_7; rv:126.0) Gecko/20100101 Firefox/126.0"
36.133.115.36 - - [23/Oct/2025:15:10:48 +0800] "POST /wp-cron.php?doing_wp_cron=1761203448.7516388893127441406250 HTTP/1.1" 200 31 "-" "WordPress/6.8.2; http://cqqizhou.com"
62.171.188.167 - - [23/Oct/2025:15:10:48 +0800] "POST /xmlrpc.php HTTP/1.1" 200 217 "http://cqqizhou.com" "Mozilla/5.0 (Windows NT 10.0; Win64; x64) AppleWebKit/537.36 (KHTML, like Gecko) Chrome/126.0.0.0 Safari/537.36"
36.133.115.36 - - [23/Oct/2025:15:14:33 +0800] "POST /wp-cron.php?doing_wp_cron=1761203673.8913528919219970703125 HTTP/1.1" 200 31 "-" "WordPress/6.8.2; http://cqqizhou.com"
190.8.176.86 - - [23/Oct/2025:15:14:33 +0800] "POST /xmlrpc.php HTTP/1.1" 200 217 "http://cqqizhou.com" "Mozilla/5.0 (Windows NT 10.0; Win64; x64) AppleWebKit/537.36 (KHTML, like Gecko) Chrome/115.0.5790.102 Safari/537.36"
36.133.115.36 - - [23/Oct/2025:15:15:25 +0800] "POST /wp-cron.php?doing_wp_cron=1761203725.8440749645233154296875 HTTP/1.1" 200 31 "-" "WordPress/6.8.2; http://cqqizhou.com"
93.174.93.12 - - [23/Oct/2025:15:15:25 +0800] "GET / HTTP/1.0" 301 0 "-" "Mozilla/5.0 (Linux; U; Android 7.0; en-US; PRA-LX1 Build/HUAWEIPRA-LX1) AppleWebKit/537.36 (KHTML, like Gecko) Version/4.0 Chrome/57.0.2987.108 UCBrowser/12.13.0.1207 Mobile Safari/537.36"
36.133.115.36 - - [23/Oct/2025:15:16:53 +0800] "POST /wp-cron.php?doing_wp_cron=1761203813.0759479999542236328125 HTTP/1.1" 200 31 "-" "WordPress/6.8.2; http://cqqizhou.com"
87.120.191.93 - - [23/Oct/2025:15:16:53 +0800] "GET / HTTP/1.1" 200 151919 "http://36.133.115.36:80/" "Mozilla/5.0 (X11; Linux x86_64) AppleWebKit/537.36 (KHTML, like Gecko) Chrome/126.0.0.0 Safari/537.36"
36.133.115.36 - - [23/Oct/2025:15:18:21 +0800] "POST /wp-cron.php?doing_wp_cron=1761203900.9970169067382812500000 HTTP/1.1" 200 31 "-" "WordPress/6.8.2; http://cqqizhou.com"
202.174.110.119 - - [23/Oct/2025:15:18:21 +0800] "POST /xmlrpc.php HTTP/1.1" 200 217 "http://cqqizhou.com" "Mozilla/5.0 (Windows NT 11.0; Win64; x64) AppleWebKit/537.36 (KHTML, like Gecko) Chrome/126.0.0.0 Safari/537.36 Edg/126.0.0.0"
36.133.115.36 - - [23/Oct/2025:15:22:08 +0800] "POST /wp-cron.php?doing_wp_cron=1761204128.0040900707244873046875 HTTP/1.1" 200 31 "-" "WordPress/6.8.2; http://cqqizhou.com"
150.241.244.224 - - [23/Oct/2025:15:22:08 +0800] "POST /xmlrpc.php HTTP/1.1" 200 217 "http://cqqizhou.com" "Mozilla/5.0 (Windows NT 10.0; Win64; x64) AppleWebKit/537.36 (KHTML, like Gecko) Chrome/126.0.0.0 Safari/537.36 Edg/126.0.0.0"
36.133.115.36 - - [23/Oct/2025:15:27:33 +0800] "POST /wp-cron.php?doing_wp_cron=1761204453.9377229213714599609375 HTTP/1.1" 200 31 "-" "WordPress/6.8.2; http://cqqizhou.com"
119.249.100.82 - - [23/Oct/2025:15:27:33 +0800] "GET / HTTP/1.1" 301 5 "http://m.baidu.com/s?wd=forestqvg" "Mozilla/5.0 (Linux; Android 14; Pixel 7) AppleWebKit/537.36 (KHTML, like Gecko) Chrome/134.0.6998.35 Mobile Safari/537.36"
119.249.100.77 - - [23/Oct/2025:15:27:35 +0800] "GET / HTTP/1.1" 200 33466 "http://m.baidu.com/s?wd=forestqvg" "Mozilla/5.0 (Linux; Android 14; Pixel 7) AppleWebKit/537.36 (KHTML, like Gecko) Chrome/134.0.6998.35 Mobile Safari/537.36"
36.133.115.36 - - [23/Oct/2025:15:29:41 +0800] "POST /wp-cron.php?doing_wp_cron=1761204581.2481319904327392578125 HTTP/1.1" 200 31 "-" "WordPress/6.8.2; http://cqqizhou.com"
65.254.81.60 - - [23/Oct/2025:15:29:41 +0800] "POST /xmlrpc.php HTTP/1.1" 200 217 "http://cqqizhou.com" "Mozilla/5.0 (Windows NT 10.0; Win64; x64) AppleWebKit/537.36 (KHTML, like Gecko) Chrome/114.0.5735.134 Safari/537.36"
36.133.115.36 - - [23/Oct/2025:15:32:54 +0800] "POST /wp-cron.php?doing_wp_cron=1761204773.9799098968505859375000 HTTP/1.1" 200 31 "-" "WordPress/6.8.2; http://cqqizhou.com"
148.153.56.84 - - [23/Oct/2025:15:32:54 +0800] "GET /CBva HTTP/1.1" 301 5 "-" "Mozilla/5.0 (Macintosh; Intel Mac OS X 10.9; rv:32.0) Gecko/20100101 Firefox/32.0"
148.153.56.84 - - [23/Oct/2025:15:32:55 +0800] "GET /CBva HTTP/1.1" 404 8989 "http://36.133.115.36:80/CBva" "Mozilla/5.0 (Macintosh; Intel Mac OS X 10.9; rv:32.0) Gecko/20100101 Firefox/32.0"
148.153.56.84 - - [23/Oct/2025:15:32:56 +0800] "GET /BjLe HTTP/1.1" 301 5 "-" "Mozilla/5.0 (Macintosh; Intel Mac OS X 10.9; rv:32.0) Gecko/20100101 Firefox/32.0"
148.153.56.84 - - [23/Oct/2025:15:32:56 +0800] "GET /BjLe HTTP/1.1" 404 8989 "http://36.133.115.36:80/BjLe" "Mozilla/5.0 (Macintosh; Intel Mac OS X 10.9; rv:32.0) Gecko/20100101 Firefox/32.0"
148.153.56.84 - - [23/Oct/2025:15:32:57 +0800] "GET /aab8 HTTP/1.1" 301 5 "-" "Mozilla/5.0 (Macintosh; Intel Mac OS X 10.9; rv:32.0) Gecko/20100101 Firefox/32.0"
148.153.56.84 - - [23/Oct/2025:15:32:58 +0800] "GET /aab8 HTTP/1.1" 404 8989 "http://36.133.115.36:80/aab8" "Mozilla/5.0 (Macintosh; Intel Mac OS X 10.9; rv:32.0) Gecko/20100101 Firefox/32.0"
148.153.56.84 - - [23/Oct/2025:15:33:00 +0800] "GET /aab9 HTTP/1.1" 301 5 "-" "Mozilla/5.0 (Macintosh; Intel Mac OS X 10.9; rv:32.0) Gecko/20100101 Firefox/32.0"
148.153.56.84 - - [23/Oct/2025:15:33:01 +0800] "GET /aab9 HTTP/1.1" 404 8989 "http://36.133.115.36:80/aab9" "Mozilla/5.0 (Macintosh; Intel Mac OS X 10.9; rv:32.0) Gecko/20100101 Firefox/32.0"
103.163.214.6 - - [23/Oct/2025:15:33:36 +0800] "POST /xmlrpc.php HTTP/1.1" 200 217 "http://cqqizhou.com" "Mozilla/5.0 (Windows NT 10.0; Win64; x64) AppleWebKit/537.36 (KHTML, like Gecko) Chrome/112.0.5615.138 Safari/537.36"
36.133.115.36 - - [23/Oct/2025:15:36:23 +0800] "POST /wp-cron.php?doing_wp_cron=1761204983.0811800956726074218750 HTTP/1.1" 200 31 "-" "WordPress/6.8.2; http://cqqizhou.com"
43.130.74.193 - - [23/Oct/2025:15:36:23 +0800] "GET / HTTP/1.1" 301 5 "-" "Mozilla/5.0 (iPhone; CPU iPhone OS 13_2_3 like Mac OS X) AppleWebKit/605.1.15 (KHTML, like Gecko) Version/13.0.3 Mobile/15E148 Safari/604.1"
43.130.74.193 - - [23/Oct/2025:15:36:25 +0800] "GET / HTTP/1.1" 200 33466 "http://36.133.115.36" "Mozilla/5.0 (iPhone; CPU iPhone OS 13_2_3 like Mac OS X) AppleWebKit/605.1.15 (KHTML, like Gecko) Version/13.0.3 Mobile/15E148 Safari/604.1"
8.133.253.244 - - [23/Oct/2025:15:37:36 +0800] "POST /xmlrpc.php HTTP/1.1" 200 217 "http://cqqizhou.com" "Mozilla/5.0 (Windows NT 10.0; Win64; x64) AppleWebKit/537.36 (KHTML, like Gecko) Chrome/116.0.5845.96 Safari/537.36 Edg/116.0.1938.62"
36.133.115.36 - - [23/Oct/2025:15:41:19 +0800] "POST /wp-cron.php?doing_wp_cron=1761205279.8061690330505371093750 HTTP/1.1" 200 31 "-" "WordPress/6.8.2; http://cqqizhou.com"
192.250.229.40 - - [23/Oct/2025:15:41:19 +0800] "POST /xmlrpc.php HTTP/1.1" 200 217 "http://cqqizhou.com" "Mozilla/5.0 (Macintosh; Intel Mac OS X 14_6) AppleWebKit/605.1.15 (KHTML, like Gecko) Version/17.5 Safari/605.1.15"
36.133.115.36 - - [23/Oct/2025:15:48:56 +0800] "POST /wp-cron.php?doing_wp_cron=1761205736.2099990844726562500000 HTTP/1.1" 200 31 "-" "WordPress/6.8.2; http://cqqizhou.com"
190.8.176.86 - - [23/Oct/2025:15:48:56 +0800] "POST /xmlrpc.php HTTP/1.1" 200 217 "http://cqqizhou.com" "Mozilla/5.0 (Macintosh; Intel Mac OS X 10_15_7) AppleWebKit/537.36 (KHTML, like Gecko) Chrome/112.0.5615.138 Safari/537.36"
36.133.115.36 - - [23/Oct/2025:15:52:47 +0800] "POST /wp-cron.php?doing_wp_cron=1761205967.2747950553894042968750 HTTP/1.1" 200 31 "-" "WordPress/6.8.2; http://cqqizhou.com"
35.222.238.74 - - [23/Oct/2025:15:52:47 +0800] "POST /xmlrpc.php HTTP/1.1" 200 217 "http://cqqizhou.com" "Mozilla/5.0 (Macintosh; Intel Mac OS X 10_15_7; rv:126.0) Gecko/20100101 Firefox/126.0"
36.133.115.36 - - [23/Oct/2025:15:56:33 +0800] "POST /wp-cron.php?doing_wp_cron=1761206193.8485200405120849609375 HTTP/1.1" 200 31 "-" "WordPress/6.8.2; http://cqqizhou.com"
94.199.51.120 - - [23/Oct/2025:15:56:33 +0800] "POST /xmlrpc.php HTTP/1.1" 200 217 "http://cqqizhou.com" "Mozilla/5.0 (Macintosh; Intel Mac OS X 10_15_7; rv:127.0) Gecko/20100101 Firefox/127.0"
36.133.115.36 - - [23/Oct/2025:16:00:24 +0800] "POST /wp-cron.php?doing_wp_cron=1761206424.5778639316558837890625 HTTP/1.1" 200 31 "-" "WordPress/6.8.2; http://cqqizhou.com"
162.0.227.69 - - [23/Oct/2025:16:00:24 +0800] "POST /xmlrpc.php HTTP/1.1" 200 217 "http://cqqizhou.com" "Mozilla/5.0 (Windows NT 10.0; Win64; x64; rv:128.0) Gecko/20100101 Firefox/128.0"
36.133.115.36 - - [23/Oct/2025:16:08:08 +0800] "POST /wp-cron.php?doing_wp_cron=1761206888.6189610958099365234375 HTTP/1.1" 200 31 "-" "WordPress/6.8.2; http://cqqizhou.com"
83.217.72.249 - - [23/Oct/2025:16:08:08 +0800] "POST /xmlrpc.php HTTP/1.1" 200 217 "http://cqqizhou.com" "Mozilla/5.0 (Windows NT 10.0; Win64; x64) AppleWebKit/537.36 (KHTML, like Gecko) Chrome/115.0.5790.102 Safari/537.36"
36.133.115.36 - - [23/Oct/2025:16:11:55 +0800] "POST /wp-cron.php?doing_wp_cron=1761207115.4068849086761474609375 HTTP/1.1" 200 31 "-" "WordPress/6.8.2; http://cqqizhou.com"
119.29.167.210 - - [23/Oct/2025:16:11:55 +0800] "POST /xmlrpc.php HTTP/1.1" 200 217 "http://cqqizhou.com" "Mozilla/5.0 (Windows NT 10.0; Win64; x64; rv:126.0) Gecko/20100101 Firefox/126.0"
36.133.115.36 - - [23/Oct/2025:16:14:00 +0800] "POST /wp-cron.php?doing_wp_cron=1761207240.5198268890380859375000 HTTP/1.1" 200 31 "-" "WordPress/6.8.2; http://cqqizhou.com"
170.106.84.136 - - [23/Oct/2025:16:14:00 +0800] "GET / HTTP/1.1" 200 33466 "-" "Mozilla/5.0 (iPhone; CPU iPhone OS 13_2_3 like Mac OS X) AppleWebKit/605.1.15 (KHTML, like Gecko) Version/13.0.3 Mobile/15E148 Safari/604.1"
36.133.115.36 - - [23/Oct/2025:16:15:43 +0800] "POST /wp-cron.php?doing_wp_cron=1761207343.4326200485229492187500 HTTP/1.1" 200 31 "-" "WordPress/6.8.2; http://cqqizhou.com"
103.163.214.43 - - [23/Oct/2025:16:15:43 +0800] "POST /xmlrpc.php HTTP/1.1" 200 217 "http://cqqizhou.com" "Mozilla/5.0 (Windows NT 10.0; Win64; x64; rv:127.0) Gecko/20100101 Firefox/127.0"
36.133.115.36 - - [23/Oct/2025:16:15:51 +0800] "POST /wp-cron.php?doing_wp_cron=1761207351.5445649623870849609375 HTTP/1.1" 200 31 "-" "WordPress/6.8.2; http://cqqizhou.com"
180.184.99.208 - - [23/Oct/2025:16:15:51 +0800] "GET /robots.txt HTTP/1.1" 200 190 "-" "Mozilla/5.0 (Linux; Android 10; V1950A; wv) AppleWebKit/537.36 (KHTML, like Gecko) Chrome/62.0.3202.84 Mobile Safari/537.36 VivoBrowser/20.2.3.0"
36.133.115.36 - - [23/Oct/2025:16:19:28 +0800] "POST /wp-cron.php?doing_wp_cron=1761207568.7820799350738525390625 HTTP/1.1" 200 31 "-" "WordPress/6.8.2; http://cqqizhou.com"
106.53.1.226 - - [23/Oct/2025:16:19:28 +0800] "POST /xmlrpc.php HTTP/1.1" 200 217 "http://cqqizhou.com" "Mozilla/5.0 (Windows NT 10.0; Win64; x64; rv:126.0) Gecko/20100101 Firefox/126.0"
116.179.32.78 - - [23/Oct/2025:16:22:41 +0800] "GET / HTTP/1.1" 200 33932 "-" "Mozilla/5.0 (compatible; Baiduspider/2.0; +http://www.baidu.com/search/spider.html)"
36.133.115.36 - - [23/Oct/2025:16:22:42 +0800] "POST /wp-cron.php?doing_wp_cron=1761207762.2320880889892578125000 HTTP/1.1" 200 31 "-" "WordPress/6.8.2; http://cqqizhou.com"
220.181.108.113 - - [23/Oct/2025:16:22:42 +0800] "GET / HTTP/1.1" 200 33467 "-" "Mozilla/5.0 (Linux;u;Android 4.2.2;zh-cn;) AppleWebKit/534.46 (KHTML,like Gecko) Version/5.1 Mobile Safari/10600.6.3 (compatible; Baiduspider/2.0; +http://www.baidu.com/search/spider.html)"
36.133.115.36 - - [23/Oct/2025:16:23:18 +0800] "POST /wp-cron.php?doing_wp_cron=1761207798.5024230480194091796875 HTTP/1.1" 200 31 "-" "WordPress/6.8.2; http://cqqizhou.com"
162.241.126.57 - - [23/Oct/2025:16:23:18 +0800] "POST /xmlrpc.php HTTP/1.1" 200 217 "http://cqqizhou.com" "Mozilla/5.0 (Windows NT 10.0; Win64; x64) AppleWebKit/537.36 (KHTML, like Gecko) Chrome/113.0.5672.126 Safari/537.36 Edg/113.0.1774.50"
36.133.115.36 - - [23/Oct/2025:16:27:06 +0800] "POST /wp-cron.php?doing_wp_cron=1761208026.0429430007934570312500 HTTP/1.1" 200 31 "-" "WordPress/6.8.2; http://cqqizhou.com"
49.12.205.4 - - [23/Oct/2025:16:27:06 +0800] "POST /xmlrpc.php HTTP/1.1" 200 217 "http://cqqizhou.com" "Mozilla/5.0 (Macintosh; Intel Mac OS X 10_15_7) AppleWebKit/537.36 (KHTML, like Gecko) Chrome/115.0.5790.102 Safari/537.36"
36.133.115.36 - - [23/Oct/2025:16:30:58 +0800] "POST /wp-cron.php?doing_wp_cron=1761208258.2395210266113281250000 HTTP/1.1" 200 31 "-" "WordPress/6.8.2; http://cqqizhou.com"
145.239.93.122 - - [23/Oct/2025:16:30:58 +0800] "POST /xmlrpc.php HTTP/1.1" 200 217 "http://cqqizhou.com" "Mozilla/5.0 (Windows NT 10.0; Win64; x64; rv:125.0.1) Gecko/20100101 Firefox/125.0.1"
36.133.115.36 - - [23/Oct/2025:16:34:43 +0800] "POST /wp-cron.php?doing_wp_cron=1761208483.8355629444122314453125 HTTP/1.1" 200 31 "-" "WordPress/6.8.2; http://cqqizhou.com"
163.44.196.131 - - [23/Oct/2025:16:34:43 +0800] "POST /xmlrpc.php HTTP/1.1" 200 217 "http://cqqizhou.com" "Mozilla/5.0 (Macintosh; Intel Mac OS X 10_15_7) AppleWebKit/537.36 (KHTML, like Gecko) Chrome/126.0.0.0 Safari/537.36"
36.133.115.36 - - [23/Oct/2025:16:38:35 +0800] "POST /wp-cron.php?doing_wp_cron=1761208715.6006669998168945312500 HTTP/1.1" 200 31 "-" "WordPress/6.8.2; http://cqqizhou.com"
65.254.81.60 - - [23/Oct/2025:16:38:35 +0800] "POST /xmlrpc.php HTTP/1.1" 200 217 "http://cqqizhou.com" "Mozilla/5.0 (Macintosh; Intel Mac OS X 14.3) AppleWebKit/614.31.14 (KHTML, like Gecko) Version/17.0.96 Safari/614.31.14"
36.133.115.36 - - [23/Oct/2025:16:39:22 +0800] "POST /wp-cron.php?doing_wp_cron=1761208762.6437480449676513671875 HTTP/1.1" 200 31 "-" "WordPress/6.8.2; http://cqqizhou.com"
151.242.41.244 - - [23/Oct/2025:16:39:22 +0800] "GET / HTTP/1.1" 301 5 "-" "Mozilla/5.0 (Windows NT 10.0; Win64; x64; rv:109.0) Gecko/20100101 Firefox/111.0"
151.242.41.244 - - [23/Oct/2025:16:39:23 +0800] "GET / HTTP/1.1" 200 33932 "-" "Mozilla/5.0 (Windows NT 10.0; Win64; x64; rv:109.0) Gecko/20100101 Firefox/111.0"
36.133.115.36 - - [23/Oct/2025:16:42:28 +0800] "POST /wp-cron.php?doing_wp_cron=1761208948.6636850833892822265625 HTTP/1.1" 200 31 "-" "WordPress/6.8.2; http://cqqizhou.com"
103.169.160.163 - - [23/Oct/2025:16:42:28 +0800] "POST /xmlrpc.php HTTP/1.1" 200 217 "http://cqqizhou.com" "Mozilla/5.0 (Windows NT 10.0; Win64; x64) AppleWebKit/537.36 (KHTML, like Gecko) Chrome/113.0.5672.126 Safari/537.36 Edg/113.0.1774.50"
205.169.39.58 - - [23/Oct/2025:16:49:25 +0800] "GET / HTTP/1.1" 200 33932 "-" "Mozilla/5.0 (Windows NT 10.0; Win64; x64) AppleWebKit/537.36 (KHTML, like Gecko) Chrome/117.0.5938.132 Safari/537.36"
205.169.39.58 - - [23/Oct/2025:16:49:27 +0800] "GET /wp-content/uploads/2025/07/1751425283-qizhou.kf_.qq_.com_.webp HTTP/1.1" 200 16864 "http://cqqizhou.com/" "Mozilla/5.0 (Windows NT 10.0; Win64; x64) AppleWebKit/537.36 (KHTML, like Gecko) Chrome/117.0.5938.132 Safari/537.36"
205.169.39.58 - - [23/Oct/2025:16:49:28 +0800] "GET /wp-content/uploads/2025/07/1750174127-Marketing1920x800_3.webp HTTP/1.1" 200 52790 "http://cqqizhou.com/wp-content/uploads/elementor/css/post-1666.css?ver=1756373176" "Mozilla/5.0 (Windows NT 10.0; Win64; x64) AppleWebKit/537.36 (KHTML, like Gecko) Chrome/117.0.5938.132 Safari/537.36"
205.169.39.58 - - [23/Oct/2025:16:49:29 +0800] "GET /wp-content/uploads/2025/07/1753454299-Article_images_W900px.webp HTTP/1.1" 200 52418 "http://cqqizhou.com/" "Mozilla/5.0 (Windows NT 10.0; Win64; x64) AppleWebKit/537.36 (KHTML, like Gecko) Chrome/117.0.5938.132 Safari/537.36"
