HEX
Server: nginx/1.16.1
System: Linux ecs-04358622 4.19.90-2107.6.0.0100.oe1.bclinux.x86_64 #1 SMP Wed Dec 1 19:59:44 CST 2021 x86_64
User: nginx (994)
PHP: 8.0.0
Disabled: NONE
Upload Files
File: /home/logs/cqqizhou_access_2025-10-21.log
36.133.115.36 - - [21/Oct/2025:00:00:06 +0800] "POST /wp-cron.php?doing_wp_cron=1760976006.5842509269714355468750 HTTP/1.1" 200 31 "-" "WordPress/6.8.2; http://cqqizhou.com"
66.249.68.71 - - [21/Oct/2025:00:00:06 +0800] "GET /bug HTTP/1.1" 301 5 "-" "Mozilla/5.0 (Linux; Android 6.0.1; Nexus 5X Build/MMB29P) AppleWebKit/537.36 (KHTML, like Gecko) Chrome/140.0.7339.207 Mobile Safari/537.36 (compatible; GoogleOther)"
66.249.68.70 - - [21/Oct/2025:00:00:16 +0800] "GET /bug/ HTTP/1.1" 200 11644 "-" "Mozilla/5.0 (Linux; Android 6.0.1; Nexus 5X Build/MMB29P) AppleWebKit/537.36 (KHTML, like Gecko) Chrome/140.0.7339.207 Mobile Safari/537.36 (compatible; GoogleOther)"
36.133.115.36 - - [21/Oct/2025:00:01:05 +0800] "POST /wp-cron.php?doing_wp_cron=1760976065.4923379421234130859375 HTTP/1.1" 200 31 "-" "WordPress/6.8.2; http://cqqizhou.com"
78.153.140.203 - - [21/Oct/2025:00:01:05 +0800] "GET /.env HTTP/1.1" 404 31381 "-" "Mozilla/5.0 (Windows NT 6.0) AppleWebKit/537.36 (KHTML, like Gecko) Chrome/49.0.2623.112 Safari/537.36 OPR/36.0.2130.75"
78.153.140.203 - - [21/Oct/2025:00:01:20 +0800] "GET /api/.env HTTP/1.1" 404 31381 "-" "Mozilla/5.0 (Linux; Android 4.2.2; SM-T110 Build/JDQ39) AppleWebKit/537.36 (KHTML, like Gecko) Chrome/45.0.2454.84 Safari/537.36"
78.153.140.203 - - [21/Oct/2025:00:01:21 +0800] "GET /backend/.env HTTP/1.1" 404 31381 "-" "Mozilla/5.0 (iPad; CPU OS 8_3 like Mac OS X) AppleWebKit/600.1.4 (KHTML, like Gecko) Version/8.0 Mobile/12F69 Safari/600.1.4"
40.69.133.98 - - [21/Oct/2025:00:08:08 +0800] "GET /.__info.php HTTP/1.1" 404 27 "-" "-"
40.69.133.98 - - [21/Oct/2025:00:08:09 +0800] "GET /0.php HTTP/1.1" 404 27 "-" "-"
40.69.133.98 - - [21/Oct/2025:00:08:09 +0800] "GET /07.php HTTP/1.1" 404 27 "-" "-"
40.69.133.98 - - [21/Oct/2025:00:08:10 +0800] "GET /1.php HTTP/1.1" 404 27 "-" "-"
40.69.133.98 - - [21/Oct/2025:00:08:10 +0800] "GET /123.php HTTP/1.1" 404 27 "-" "-"
40.69.133.98 - - [21/Oct/2025:00:08:10 +0800] "GET /aa.php HTTP/1.1" 404 27 "-" "-"
40.69.133.98 - - [21/Oct/2025:00:08:11 +0800] "GET /abcd.php HTTP/1.1" 404 27 "-" "-"
40.69.133.98 - - [21/Oct/2025:00:08:11 +0800] "GET /about.php HTTP/1.1" 404 27 "-" "-"
40.69.133.98 - - [21/Oct/2025:00:08:11 +0800] "GET /admin.php HTTP/1.1" 404 27 "-" "-"
40.69.133.98 - - [21/Oct/2025:00:08:12 +0800] "GET /adminfuns.php HTTP/1.1" 404 27 "-" "-"
40.69.133.98 - - [21/Oct/2025:00:08:12 +0800] "GET /akc.php HTTP/1.1" 404 27 "-" "-"
40.69.133.98 - - [21/Oct/2025:00:08:12 +0800] "GET /akcc.php HTTP/1.1" 404 27 "-" "-"
40.69.133.98 - - [21/Oct/2025:00:08:13 +0800] "GET /asasx.php HTTP/1.1" 404 27 "-" "-"
40.69.133.98 - - [21/Oct/2025:00:08:13 +0800] "GET /asd.php HTTP/1.1" 404 27 "-" "-"
40.69.133.98 - - [21/Oct/2025:00:08:14 +0800] "GET /atomlib.php HTTP/1.1" 404 27 "-" "-"
40.69.133.98 - - [21/Oct/2025:00:08:14 +0800] "GET /autoload_classmap.php HTTP/1.1" 404 27 "-" "-"
40.69.133.98 - - [21/Oct/2025:00:08:14 +0800] "GET /axx.php HTTP/1.1" 404 27 "-" "-"
40.69.133.98 - - [21/Oct/2025:00:08:15 +0800] "GET /berax.php HTTP/1.1" 404 27 "-" "-"
40.69.133.98 - - [21/Oct/2025:00:08:15 +0800] "GET /build.php HTTP/1.1" 404 27 "-" "-"
40.69.133.98 - - [21/Oct/2025:00:08:16 +0800] "GET /buy.php HTTP/1.1" 404 27 "-" "-"
40.69.133.98 - - [21/Oct/2025:00:08:16 +0800] "GET /checkbox.php HTTP/1.1" 404 27 "-" "-"
40.69.133.98 - - [21/Oct/2025:00:08:17 +0800] "GET /chosen.php HTTP/1.1" 404 27 "-" "-"
40.69.133.98 - - [21/Oct/2025:00:08:17 +0800] "GET /classwithtostring.php HTTP/1.1" 404 27 "-" "-"
40.69.133.98 - - [21/Oct/2025:00:08:18 +0800] "GET /cong.php HTTP/1.1" 404 27 "-" "-"
40.69.133.98 - - [21/Oct/2025:00:08:18 +0800] "GET /css.php HTTP/1.1" 404 27 "-" "-"
40.69.133.98 - - [21/Oct/2025:00:08:19 +0800] "GET /default.php HTTP/1.1" 404 27 "-" "-"
40.69.133.98 - - [21/Oct/2025:00:08:19 +0800] "GET /dropdown.php HTTP/1.1" 404 27 "-" "-"
40.69.133.98 - - [21/Oct/2025:00:08:19 +0800] "GET /ds.php HTTP/1.1" 404 27 "-" "-"
40.69.133.98 - - [21/Oct/2025:00:08:20 +0800] "GET /edit.php HTTP/1.1" 404 27 "-" "-"
40.69.133.98 - - [21/Oct/2025:00:08:20 +0800] "GET /f5.php HTTP/1.1" 404 27 "-" "-"
40.69.133.98 - - [21/Oct/2025:00:08:20 +0800] "GET /file.php HTTP/1.1" 404 27 "-" "-"
40.69.133.98 - - [21/Oct/2025:00:08:21 +0800] "GET /file2.php HTTP/1.1" 404 27 "-" "-"
40.69.133.98 - - [21/Oct/2025:00:08:22 +0800] "GET /file4.php HTTP/1.1" 404 27 "-" "-"
40.69.133.98 - - [21/Oct/2025:00:08:22 +0800] "GET /filemanager.php HTTP/1.1" 404 27 "-" "-"
40.69.133.98 - - [21/Oct/2025:00:08:22 +0800] "GET /flower.php HTTP/1.1" 404 27 "-" "-"
36.133.115.36 - - [21/Oct/2025:00:08:22 +0800] "POST /wp-cron.php?doing_wp_cron=1760976502.8917260169982910156250 HTTP/1.1" 200 31 "-" "WordPress/6.8.2; http://cqqizhou.com"
116.129.114.157 - - [21/Oct/2025:00:08:22 +0800] "GET /admin HTTP/1.1" 301 5 "-" "Mozilla/5.0 (Windows NT 10.0; Win64; x64) AppleWebKit/537.36 (KHTML, like Gecko) Chrome/120.0.0.0 Safari/537.36"
40.69.133.98 - - [21/Oct/2025:00:08:23 +0800] "GET /form.php HTTP/1.1" 404 27 "-" "-"
40.69.133.98 - - [21/Oct/2025:00:08:23 +0800] "GET /gecko.php HTTP/1.1" 404 27 "-" "-"
40.69.133.98 - - [21/Oct/2025:00:08:24 +0800] "GET /god4m.php HTTP/1.1" 404 27 "-" "-"
40.69.133.98 - - [21/Oct/2025:00:08:24 +0800] "GET /info.php HTTP/1.1" 200 29 "-" "-"
40.69.133.98 - - [21/Oct/2025:00:08:24 +0800] "GET /kyami.php HTTP/1.1" 404 27 "-" "-"
40.69.133.98 - - [21/Oct/2025:00:08:25 +0800] "GET /makeasmtp.php HTTP/1.1" 404 27 "-" "-"
40.69.133.98 - - [21/Oct/2025:00:08:25 +0800] "GET /manager.php HTTP/1.1" 404 27 "-" "-"
116.129.114.157 - - [21/Oct/2025:00:08:26 +0800] "GET /admin HTTP/1.1" 302 5 "-" "Mozilla/5.0 (Windows NT 10.0; Win64; x64) AppleWebKit/537.36 (KHTML, like Gecko) Chrome/120.0.0.0 Safari/537.36"
40.69.133.98 - - [21/Oct/2025:00:08:26 +0800] "GET /mari.php HTTP/1.1" 404 27 "-" "-"
116.129.114.157 - - [21/Oct/2025:00:08:26 +0800] "GET /wp-admin/ HTTP/1.1" 302 5 "-" "Mozilla/5.0 (Windows NT 10.0; Win64; x64) AppleWebKit/537.36 (KHTML, like Gecko) Chrome/120.0.0.0 Safari/537.36"
40.69.133.98 - - [21/Oct/2025:00:08:26 +0800] "GET /moon.php HTTP/1.1" 404 27 "-" "-"
40.69.133.98 - - [21/Oct/2025:00:08:27 +0800] "GET /nc4.php HTTP/1.1" 404 27 "-" "-"
116.129.114.157 - - [21/Oct/2025:00:08:27 +0800] "GET /wp-login.php?redirect_to=http://cqqizhou.com/wp-admin/&reauth=1 HTTP/1.1" 200 2780 "-" "Mozilla/5.0 (Windows NT 10.0; Win64; x64) AppleWebKit/537.36 (KHTML, like Gecko) Chrome/120.0.0.0 Safari/537.36"
40.69.133.98 - - [21/Oct/2025:00:08:27 +0800] "GET /new.php HTTP/1.1" 404 27 "-" "-"
40.69.133.98 - - [21/Oct/2025:00:08:27 +0800] "GET /sallu.php HTTP/1.1" 404 27 "-" "-"
40.69.133.98 - - [21/Oct/2025:00:08:28 +0800] "GET /test1.php HTTP/1.1" 404 27 "-" "-"
40.69.133.98 - - [21/Oct/2025:00:08:28 +0800] "GET /wp-activate.php HTTP/1.1" 302 5 "-" "-"
40.69.133.98 - - [21/Oct/2025:00:08:29 +0800] "GET /wp-login.php?action=register HTTP/1.1" 302 5 "-" "-"
40.69.133.98 - - [21/Oct/2025:00:08:30 +0800] "GET /wp-login.php?registration=disabled HTTP/1.1" 200 8853 "-" "-"
40.69.133.98 - - [21/Oct/2025:00:08:30 +0800] "GET /wp-admin.php HTTP/1.1" 404 27 "-" "-"
40.69.133.98 - - [21/Oct/2025:00:08:31 +0800] "GET /wp-good.php HTTP/1.1" 404 27 "-" "-"
40.69.133.98 - - [21/Oct/2025:00:08:32 +0800] "GET /wp-trackback.php HTTP/1.1" 404 140 "-" "-"
40.69.133.98 - - [21/Oct/2025:00:08:33 +0800] "GET /xmlrpc.php HTTP/1.1" 405 53 "-" "-"
40.69.133.98 - - [21/Oct/2025:00:08:33 +0800] "GET /xmrlpc.php HTTP/1.1" 404 27 "-" "-"
36.133.115.36 - - [21/Oct/2025:00:18:53 +0800] "POST /wp-cron.php?doing_wp_cron=1760977133.3735809326171875000000 HTTP/1.1" 200 31 "-" "WordPress/6.8.2; http://cqqizhou.com"
66.249.68.64 - - [21/Oct/2025:00:18:53 +0800] "GET /logistics/ HTTP/1.1" 200 18248 "-" "Mozilla/5.0 (Linux; Android 6.0.1; Nexus 5X Build/MMB29P) AppleWebKit/537.36 (KHTML, like Gecko) Chrome/140.0.7339.207 Mobile Safari/537.36 (compatible; GoogleOther)"
36.133.115.36 - - [21/Oct/2025:00:21:36 +0800] "POST /wp-cron.php?doing_wp_cron=1760977296.8292009830474853515625 HTTP/1.1" 200 31 "-" "WordPress/6.8.2; http://cqqizhou.com"
66.249.68.64 - - [21/Oct/2025:00:21:37 +0800] "GET /portfolio/%E5%86%B7%E8%BD%A7%E6%9D%BF/ HTTP/1.1" 200 18733 "-" "Mozilla/5.0 (Linux; Android 6.0.1; Nexus 5X Build/MMB29P) AppleWebKit/537.36 (KHTML, like Gecko) Chrome/140.0.7339.207 Mobile Safari/537.36 (compatible; GoogleOther)"
36.133.115.36 - - [21/Oct/2025:00:21:46 +0800] "POST /wp-cron.php?doing_wp_cron=1760977306.5280070304870605468750 HTTP/1.1" 200 31 "-" "WordPress/6.8.2; http://cqqizhou.com"
66.249.68.70 - - [21/Oct/2025:00:21:46 +0800] "GET /portfolio/%E5%86%B7%E8%BD%A7%E6%9D%BF/ HTTP/1.1" 200 18733 "-" "Mozilla/5.0 (Linux; Android 6.0.1; Nexus 5X Build/MMB29P) AppleWebKit/537.36 (KHTML, like Gecko) Chrome/140.0.7339.207 Mobile Safari/537.36 (compatible; Googlebot/2.1; +http://www.google.com/bot.html)"
180.184.33.92 - - [21/Oct/2025:00:22:21 +0800] "GET / HTTP/1.1" 301 5 "-" "Mozilla/5.0 (Linux; Android 10; V1950A; wv) AppleWebKit/537.36 (KHTML, like Gecko) Chrome/62.0.3202.84 Mobile Safari/537.36 VivoBrowser/20.2.3.0"
180.184.33.92 - - [21/Oct/2025:00:22:22 +0800] "GET / HTTP/1.1" 200 33466 "-" "Mozilla/5.0 (Linux; Android 10; V1950A; wv) AppleWebKit/537.36 (KHTML, like Gecko) Chrome/62.0.3202.84 Mobile Safari/537.36 VivoBrowser/20.2.3.0"
139.59.177.211 - - [21/Oct/2025:00:24:35 +0800] "GET / HTTP/1.1" 200 33932 "-" "Mozilla/5.0 (Windows NT 10.0; Win64; x64) AppleWebKit/537.36 (KHTML, like Gecko) Chrome/124.0.0.0 Safari/537.36"
139.59.177.211 - - [21/Oct/2025:00:24:36 +0800] "GET /policy/ HTTP/1.1" 200 23662 "-" "Mozilla/5.0 (Windows NT 10.0; Win64; x64) AppleWebKit/537.36 (KHTML, like Gecko) Chrome/124.0.0.0 Safari/537.36"
139.59.177.211 - - [21/Oct/2025:00:24:38 +0800] "GET /2164/ HTTP/1.1" 200 23827 "-" "Mozilla/5.0 (Windows NT 10.0; Win64; x64) AppleWebKit/537.36 (KHTML, like Gecko) Chrome/124.0.0.0 Safari/537.36"
36.133.115.36 - - [21/Oct/2025:00:24:40 +0800] "POST /wp-cron.php?doing_wp_cron=1760977480.1188309192657470703125 HTTP/1.1" 200 31 "-" "WordPress/6.8.2; http://cqqizhou.com"
139.59.177.211 - - [21/Oct/2025:00:24:40 +0800] "GET /2163/ HTTP/1.1" 200 24063 "-" "Mozilla/5.0 (Windows NT 10.0; Win64; x64) AppleWebKit/537.36 (KHTML, like Gecko) Chrome/124.0.0.0 Safari/537.36"
139.59.177.211 - - [21/Oct/2025:00:24:42 +0800] "GET /2162/ HTTP/1.1" 200 25446 "-" "Mozilla/5.0 (Windows NT 10.0; Win64; x64) AppleWebKit/537.36 (KHTML, like Gecko) Chrome/124.0.0.0 Safari/537.36"
139.59.177.211 - - [21/Oct/2025:00:24:44 +0800] "GET /news/ HTTP/1.1" 200 25255 "-" "Mozilla/5.0 (Windows NT 10.0; Win64; x64) AppleWebKit/537.36 (KHTML, like Gecko) Chrome/124.0.0.0 Safari/537.36"
139.59.177.211 - - [21/Oct/2025:00:24:46 +0800] "GET /about/ HTTP/1.1" 200 30091 "-" "Mozilla/5.0 (Windows NT 10.0; Win64; x64) AppleWebKit/537.36 (KHTML, like Gecko) Chrome/124.0.0.0 Safari/537.36"
36.133.115.36 - - [21/Oct/2025:00:29:44 +0800] "POST /wp-cron.php?doing_wp_cron=1760977784.8603579998016357421875 HTTP/1.1" 200 31 "-" "WordPress/6.8.2; http://cqqizhou.com"
176.65.141.226 - - [21/Oct/2025:00:29:44 +0800] "GET /login.rsp HTTP/1.1" 301 5 "-" "Hello World"
36.133.115.36 - - [21/Oct/2025:00:37:35 +0800] "POST /wp-cron.php?doing_wp_cron=1760978255.5035529136657714843750 HTTP/1.1" 200 31 "-" "WordPress/6.8.2; http://cqqizhou.com"
66.249.68.70 - - [21/Oct/2025:00:37:35 +0800] "GET /2231/ HTTP/1.1" 200 19545 "-" "Mozilla/5.0 (Linux; Android 6.0.1; Nexus 5X Build/MMB29P) AppleWebKit/537.36 (KHTML, like Gecko) Chrome/140.0.7339.207 Mobile Safari/537.36 (compatible; GoogleOther)"
195.214.235.163 - - [21/Oct/2025:00:54:51 +0800] "GET / HTTP/1.1" 200 33932 "https://www.google.com.au" "Mozilla/5.0 (Windows NT 10.0; Win64; x64; rv:129.0) Gecko/20100101 Firefox/129.0"
36.133.115.36 - - [21/Oct/2025:00:54:53 +0800] "POST /wp-cron.php?doing_wp_cron=1760979293.4769799709320068359375 HTTP/1.1" 200 31 "-" "WordPress/6.8.2; http://cqqizhou.com"
195.214.235.163 - - [21/Oct/2025:00:54:53 +0800] "GET /index.php?rest_route=/wp/v2/users HTTP/1.1" 200 282 "http://cqqizhou.com" "Mozilla/5.0 (Macintosh; Intel Mac OS X 14.3) AppleWebKit/614.31.14 (KHTML, like Gecko) Version/17.0.96 Safari/614.31.14"
36.133.115.36 - - [21/Oct/2025:00:56:20 +0800] "POST /wp-cron.php?doing_wp_cron=1760979380.6358010768890380859375 HTTP/1.1" 200 31 "-" "WordPress/6.8.2; http://cqqizhou.com"
66.249.68.64 - - [21/Oct/2025:00:56:20 +0800] "GET /2159/ HTTP/1.1" 200 24791 "-" "Mozilla/5.0 (Linux; Android 6.0.1; Nexus 5X Build/MMB29P) AppleWebKit/537.36 (KHTML, like Gecko) Chrome/140.0.7339.207 Mobile Safari/537.36 (compatible; GoogleOther)"
36.133.115.36 - - [21/Oct/2025:01:08:45 +0800] "POST /wp-cron.php?doing_wp_cron=1760980125.2994689941406250000000 HTTP/1.1" 200 31 "-" "WordPress/6.8.2; http://cqqizhou.com"
5.253.86.217 - - [21/Oct/2025:01:08:45 +0800] "GET /cgi-bin/luci/;stok=/locale HTTP/1.1" 301 5 "-" "-"
36.133.115.36 - - [21/Oct/2025:01:08:46 +0800] "POST /wp-cron.php?doing_wp_cron=1760980126.5672230720520019531250 HTTP/1.1" 200 31 "-" "WordPress/6.8.2; http://cqqizhou.com"
5.253.86.217 - - [21/Oct/2025:01:08:46 +0800] "GET /cgi-bin/luci/;stok=/locale HTTP/1.1" 404 31381 "http://36.133.115.36:80/cgi-bin/luci/;stok=/locale" "-"
36.133.115.36 - - [21/Oct/2025:01:41:11 +0800] "POST /wp-cron.php?doing_wp_cron=1760982071.1412420272827148437500 HTTP/1.1" 200 31 "-" "WordPress/6.8.2; http://cqqizhou.com"
5.253.86.217 - - [21/Oct/2025:01:41:12 +0800] "GET / HTTP/1.1" 200 151919 "-" "Mozilla/5.0 (Windows NT 10.0; Win64; x64) AppleWebKit/537.36 (KHTML, like Gecko) Chrome/42.0.2311.135 Safari/537.36 Edge/12.246"
36.133.115.36 - - [21/Oct/2025:01:50:33 +0800] "POST /wp-cron.php?doing_wp_cron=1760982633.6803510189056396484375 HTTP/1.1" 200 31 "-" "WordPress/6.8.2; http://cqqizhou.com"
43.167.239.66 - - [21/Oct/2025:01:50:33 +0800] "GET / HTTP/1.1" 200 33466 "-" "Mozilla/5.0 (iPhone; CPU iPhone OS 13_2_3 like Mac OS X) AppleWebKit/605.1.15 (KHTML, like Gecko) Version/13.0.3 Mobile/15E148 Safari/604.1"
36.133.115.36 - - [21/Oct/2025:02:04:35 +0800] "POST /wp-cron.php?doing_wp_cron=1760983475.2480969429016113281250 HTTP/1.1" 200 31 "-" "WordPress/6.8.2; http://cqqizhou.com"
103.136.150.72 - - [21/Oct/2025:02:04:35 +0800] "GET /wp-content/plugins/wp-seopress/readme.txt HTTP/1.1" 404 8989 "-" "Mozilla/5.0 (Windows NT 10.0; Win64; x64) AppleWebKit/537.36 (KHTML, like Gecko) Chrome/90.0.4430.93 Safari/537.36"
103.136.150.72 - - [21/Oct/2025:02:04:35 +0800] "GET /wp-content/plugins/blogvault-real-time-backup/readme.txt HTTP/1.1" 404 8989 "-" "Mozilla/5.0 (Macintosh; Intel Mac OS X 12.4) AppleWebKit/619.11 (KHTML, like Gecko) Version/17.3.56 Safari/619.11"
103.136.150.72 - - [21/Oct/2025:02:04:35 +0800] "GET /wp-content/plugins/dsdownloadlist/readme.txt HTTP/1.1" 404 8989 "-" "Mozilla/5.0 (Macintosh; Intel Mac OS X 10_15_7) AppleWebKit/605.1.15 (KHTML, like Gecko) Version/17.5 Mobile/15E148 Safari/604.1"
103.136.150.72 - - [21/Oct/2025:02:04:35 +0800] "GET /wp-content/plugins/mainwp-links-manager-extension/readme.txt HTTP/1.1" 404 8989 "-" "Mozilla/5.0 (Macintosh; Intel Mac OS X 10_15_7) AppleWebKit/605.1.15 (KHTML, like Gecko) Version/17.3 Safari/605.1.15"
103.136.150.72 - - [21/Oct/2025:02:04:36 +0800] "GET /wp-content/plugins/betterdocs/readme.txt HTTP/1.1" 404 8989 "-" "Mozilla/5.0 (ZZ; Linux x86_64) AppleWebKit/537.36 (KHTML, like Gecko) Chrome/125.0.0.0 Safari/537.36"
103.136.150.72 - - [21/Oct/2025:02:04:36 +0800] "GET /wp-content/plugins/wp-clone-by-wp-academy/readme.txt HTTP/1.1" 404 8989 "-" "Mozilla/5.0 (Fedora; Linux i686; rv:124.0) Gecko/20100101 Firefox/124.0"
103.136.150.72 - - [21/Oct/2025:02:04:36 +0800] "GET /wp-content/plugins/woocommerce-compare-products/readme.txt HTTP/1.1" 404 8989 "-" "Mozilla/5.0 (SS; Linux x86_64; rv:123.0) Gecko/20100101 Firefox/123.0"
103.136.150.72 - - [21/Oct/2025:02:04:37 +0800] "GET /wp-content/plugins/wp-foodbakery/readme.txt HTTP/1.1" 404 8989 "-" "Mozilla/5.0 (ZZ; Linux i686) AppleWebKit/537.36 (KHTML, like Gecko) Chrome/129.0.0.0 Safari/537.36"
103.136.150.72 - - [21/Oct/2025:02:04:37 +0800] "GET /wp-content/plugins/fluent-boards/readme.txt HTTP/1.1" 404 8989 "-" "Mozilla/5.0 (Windows NT 10.0; WOW64) AppleWebKit/537.36 (KHTML, like Gecko) Chrome/39.0.2171.71 Safari/537.36 Edge/12.0 PromptMapper/9.0.3.2"
103.136.150.72 - - [21/Oct/2025:02:04:37 +0800] "GET /wp-content/plugins/quiz-master-next/readme.txt HTTP/1.1" 404 8989 "-" "Mozilla/5.0 (X11; Linux x86_64) AppleWebKit/537.36 (KHTML, like Gecko) Chrome/128.0.0.0 Safari/537.36"
103.136.150.72 - - [21/Oct/2025:02:04:38 +0800] "GET /wp-content/plugins/wpguppy-lite/readme.txt HTTP/1.1" 404 8989 "-" "Mozilla/5.0 (Windows NT 11.0) AppleWebKit/537.36 (KHTML, like Gecko) Safari/107.0 Safari/537.36"
103.136.150.72 - - [21/Oct/2025:02:04:38 +0800] "GET /wp-content/plugins/worpit-admin-dashboard-plugin/readme.txt HTTP/1.1" 404 8989 "-" "Mozilla/5.0 (X11; Linux x86_64) AppleWebKit/537.36 (KHTML, like Gecko) Chrome/39.0.2171.99 Safari/537.36"
103.136.150.72 - - [21/Oct/2025:02:04:38 +0800] "GET /wp-content/plugins/everest-forms/readme.txt HTTP/1.1" 404 8989 "-" "Mozilla/5.0 (Fedora; Linux i686; rv:121.0) Gecko/20100101 Firefox/121.0"
103.136.150.72 - - [21/Oct/2025:02:04:38 +0800] "GET /wp-content/plugins/ninja-forms/readme.txt HTTP/1.1" 404 8989 "-" "Mozilla/5.0 (CentOS; Linux i686; rv:132.0) Gecko/20100101 Firefox/132.0"
103.136.150.72 - - [21/Oct/2025:02:04:38 +0800] "GET /wp-content/plugins/pixelyoursite/readme.txt HTTP/1.1" 404 8989 "-" "Mozilla/5.0 (Macintosh; Intel Mac OS X 14_4) AppleWebKit/605.1.15 (KHTML, like Gecko) Version/17.4 Safari/17.1.15"
103.136.150.72 - - [21/Oct/2025:02:04:39 +0800] "GET /wp-content/plugins/geolocator/readme.txt HTTP/1.1" 404 8989 "-" "Mozilla/5.0 (SS; Linux i686) AppleWebKit/537.36 (KHTML, like Gecko) Chrome/126.0.0.0 Safari/537.36"
103.136.150.72 - - [21/Oct/2025:02:04:39 +0800] "GET /wp-content/plugins/genesis-simple-love/readme.txt HTTP/1.1" 404 8989 "-" "Mozilla/5.0 (X11; Linux i686; rv:120.0) Gecko/20100101 Firefox/120.0"
103.136.150.72 - - [21/Oct/2025:02:04:40 +0800] "GET /wp-content/plugins/wholesalex/readme.txt HTTP/1.1" 404 8988 "-" "Mozilla/5.0 (SS; Linux x86_64) AppleWebKit/537.36 (KHTML, like Gecko) Chrome/128.0.0.0 Safari/537.36"
103.136.150.72 - - [21/Oct/2025:02:04:40 +0800] "GET /wp-content/plugins/my-reading-library/readme.txt HTTP/1.1" 404 8988 "-" "Mozilla/5.0 (Ubuntu; Linux x86_64) AppleWebKit/537.36 (KHTML, like Gecko) Chrome/125.0.0.0 Safari/537.36"
103.136.150.72 - - [21/Oct/2025:02:04:40 +0800] "GET /wp-content/plugins/master-slider/readme.txt HTTP/1.1" 404 8988 "-" "Mozilla/5.0 (CentOS; Linux x86_64) AppleWebKit/537.36 (KHTML, like Gecko) Chrome/135.0.0.0 Safari/537.36"
103.136.150.72 - - [21/Oct/2025:02:04:40 +0800] "GET /wp-content/plugins/otw-portfolio-manager/readme.txt HTTP/1.1" 404 8988 "-" "Mozilla/5.0 (Macintosh; Intel Mac OS X 14_0) AppleWebKit/605.1.15 (KHTML, like Gecko) Version/17.0 Safari/605.1.15"
103.136.150.72 - - [21/Oct/2025:02:04:40 +0800] "GET /wp-content/plugins/cf-geoplugin/readme.txt HTTP/1.1" 404 8988 "-" "Mozilla/5.0 (Mac OS X 13_2) AppleWebKit/537.36 (KHTML, like Gecko) Safari/108.0 Safari/537.36"
103.136.150.72 - - [21/Oct/2025:02:04:40 +0800] "GET /wp-content/plugins/food-and-drink-menu/readme.txt HTTP/1.1" 404 8988 "-" "Mozilla/5.0 (Macintosh; Intel Mac OS X 13_0) AppleWebKit/605.1.15 (KHTML, like Gecko) Version/17.0 Safari/605.1.15"
103.136.150.72 - - [21/Oct/2025:02:04:40 +0800] "GET /wp-content/plugins/envialosimple-email-marketing-y-newsletters-gratis/readme.txt HTTP/1.1" 404 8988 "-" "Mozilla/5.0 (Macintosh; Intel Mac OS X 10_15) AppleWebKit/605.1.15 (KHTML, like Gecko) Version/13.0.5 Safari/605.1.15"
103.136.150.72 - - [21/Oct/2025:02:04:40 +0800] "GET /wp-content/plugins/wp-jobsearch/readme.txt HTTP/1.1" 404 8988 "-" "Mozilla/5.0 (Windows NT 10.0; Win64; x64; rv:100.0) Gecko/20100101 Firefox/100.0"
103.136.150.72 - - [21/Oct/2025:02:04:40 +0800] "GET /wp-content/plugins/integration-for-contact-form-7-and-google-sheets/readme.txt HTTP/1.1" 404 8988 "-" "Mozilla/5.0 (Kubuntu; Linux i686) AppleWebKit/537.36 (KHTML, like Gecko) Chrome/121.0.0.0 Safari/537.36"
103.136.150.72 - - [21/Oct/2025:02:04:41 +0800] "GET /wp-content/plugins/constant-contact-api/readme.txt HTTP/1.1" 404 8989 "-" "Mozilla/5.0 (Windows NT 10.0; Win64; x64) AppleWebKit/537.36 (KHTML, like Gecko) Chrome/64.0.3282.140 Safari/537.36 Edge/18.17763"
103.136.150.72 - - [21/Oct/2025:02:04:41 +0800] "GET /wp-content/plugins/different-shipping-and-billing-address-for-woocommerce/readme.txt HTTP/1.1" 404 8989 "-" "Mozilla/5.0 (Macintosh; Intel Mac OS X 10_15_7) AppleWebKit/605.1.15 (KHTML, like Gecko) Version/15.6.1 Safari/605.1.15"
103.136.150.72 - - [21/Oct/2025:02:04:41 +0800] "GET /wp-content/plugins/s2member-pro/readme.txt HTTP/1.1" 404 8989 "-" "Mozilla/5.0 (Ubuntu; Linux x86_64; rv:127.0) Gecko/20100101 Firefox/127.0"
103.136.150.72 - - [21/Oct/2025:02:04:41 +0800] "GET /wp-content/plugins/wp-optimize-by-xtraffic/readme.txt HTTP/1.1" 404 8989 "-" "Mozilla/5.0 (Windows NT 10.0; Win64; x64; rv:78.0) Gecko/20100101 Firefox/78.0"
103.136.150.72 - - [21/Oct/2025:02:04:41 +0800] "GET /wp-content/plugins/saoshyant-slider/readme.txt HTTP/1.1" 404 8989 "-" "Mozilla/5.0 (Windows NT 10.0) AppleWebKit/537.36 (KHTML, like Gecko) Safari/110.0 Safari/537.36"
103.136.150.72 - - [21/Oct/2025:02:04:41 +0800] "GET /wp-content/plugins/woo-social-login/readme.txt HTTP/1.1" 404 8989 "-" "Mozilla/5.0 (Macintosh; Intel Mac OS X 10_15_7) AppleWebKit/605.1.15 (KHTML, like Gecko) Version/14.0.3 Safari/605.1.15"
103.136.150.72 - - [21/Oct/2025:02:04:41 +0800] "GET /wp-content/plugins/forumwp/readme.txt HTTP/1.1" 404 8989 "-" "Mozilla/5.0 (Macintosh; Intel Mac OS X 10_13_4) AppleWebKit/605.1.15 (KHTML, like Gecko) Version/11.1 Safari/605.1.15"
103.136.150.72 - - [21/Oct/2025:02:04:41 +0800] "GET /wp-content/plugins/cf7-zoho/readme.txt HTTP/1.1" 404 8989 "-" "Mozilla/5.0 (Debian; Linux x86_64; rv:130.0) Gecko/20100101 Firefox/130.0"
103.136.150.72 - - [21/Oct/2025:02:04:41 +0800] "GET /wp-content/plugins/locatoraid/readme.txt HTTP/1.1" 404 8989 "-" "Mozilla/5.0 (CentOS; Linux i686) AppleWebKit/537.36 (KHTML, like Gecko) Chrome/135.0.0.0 Safari/537.36"
103.136.150.72 - - [21/Oct/2025:02:04:41 +0800] "GET /wp-content/plugins/gdlr-hotel/readme.txt HTTP/1.1" 404 8989 "-" "Mozilla/5.0 (SS; Linux x86_64; rv:120.0) Gecko/20100101 Firefox/120.0"
103.136.150.72 - - [21/Oct/2025:02:04:42 +0800] "GET /wp-content/plugins/fluent-community/readme.txt HTTP/1.1" 404 8989 "-" "Mozilla/5.0 (Ubuntu; Linux i686; rv:129.0) Gecko/20100101 Firefox/129.0"
103.136.150.72 - - [21/Oct/2025:02:04:42 +0800] "GET /wp-content/plugins/chatbot/readme.txt HTTP/1.1" 404 8989 "-" "Mozilla/5.0 (Macintosh; Intel Mac OS X 10_15_3) AppleWebKit/605.1.15 (KHTML, like Gecko) Version/13.0.5 Safari/605.1.15"
103.136.150.72 - - [21/Oct/2025:02:04:42 +0800] "GET /wp-content/plugins/string-locator/readme.txt HTTP/1.1" 404 8989 "-" "Mozilla/5.0 (X11; Linux x86_64) AppleWebKit/537.36 (KHTML, like Gecko) Chrome/131.0.0.0 Safari/537.36"
103.136.150.72 - - [21/Oct/2025:02:04:42 +0800] "GET /wp-content/plugins/propertyhive/readme.txt HTTP/1.1" 404 8989 "-" "Mozilla/5.0 (Macintosh; Intel Mac OS X 10_15_7) AppleWebKit/605.1.15 (KHTML, like Gecko) Version/16.2 Safari/605.1.15"
103.136.150.72 - - [21/Oct/2025:02:04:42 +0800] "GET /wp-content/plugins/mail-picker/readme.txt HTTP/1.1" 404 8989 "-" "Mozilla/5.0 (Debian; Linux i686) AppleWebKit/537.36 (KHTML, like Gecko) Chrome/128.0.0.0 Safari/537.36"
103.136.150.72 - - [21/Oct/2025:02:04:42 +0800] "GET /wp-content/plugins/Woo-product-multiaction/readme.txt HTTP/1.1" 404 8989 "-" "Mozilla/5.0 (Debian; Linux i686) AppleWebKit/537.36 (KHTML, like Gecko) Chrome/135.0.0.0 Safari/537.36"
36.133.115.36 - - [21/Oct/2025:02:07:46 +0800] "POST /wp-cron.php?doing_wp_cron=1760983666.3539168834686279296875 HTTP/1.1" 200 31 "-" "WordPress/6.8.2; http://cqqizhou.com"
43.159.132.207 - - [21/Oct/2025:02:07:46 +0800] "GET /wp-json/ HTTP/1.1" 200 19172 "-" "Mozilla/5.0 (iPhone; CPU iPhone OS 13_2_3 like Mac OS X) AppleWebKit/605.1.15 (KHTML, like Gecko) Version/13.0.3 Mobile/15E148 Safari/604.1"
36.133.115.36 - - [21/Oct/2025:02:15:17 +0800] "POST /wp-cron.php?doing_wp_cron=1760984117.5011699199676513671875 HTTP/1.1" 200 31 "-" "WordPress/6.8.2; http://cqqizhou.com"
43.163.206.70 - - [21/Oct/2025:02:15:17 +0800] "GET /comments/feed/ HTTP/1.1" 200 704 "-" "Mozilla/5.0 (iPhone; CPU iPhone OS 13_2_3 like Mac OS X) AppleWebKit/605.1.15 (KHTML, like Gecko) Version/13.0.3 Mobile/15E148 Safari/604.1"
49.51.72.76 - - [21/Oct/2025:02:27:57 +0800] "GET /wp-content/plugins/ HTTP/1.1" 200 31 "-" "Mozilla/5.0 (iPhone; CPU iPhone OS 13_2_3 like Mac OS X) AppleWebKit/605.1.15 (KHTML, like Gecko) Version/13.0.3 Mobile/15E148 Safari/604.1"
36.133.115.36 - - [21/Oct/2025:02:35:22 +0800] "POST /wp-cron.php?doing_wp_cron=1760985322.8719649314880371093750 HTTP/1.1" 200 31 "-" "WordPress/6.8.2; http://cqqizhou.com"
110.80.135.11 - - [21/Oct/2025:02:35:22 +0800] "GET / HTTP/1.1" 301 5 "-" "-"
110.80.135.11 - - [21/Oct/2025:02:35:23 +0800] "GET / HTTP/1.1" 200 153674 "-" "-"
36.133.115.36 - - [21/Oct/2025:02:37:27 +0800] "POST /wp-cron.php?doing_wp_cron=1760985447.3137700557708740234375 HTTP/1.1" 200 31 "-" "WordPress/6.8.2; http://cqqizhou.com"
170.106.140.110 - - [21/Oct/2025:02:37:27 +0800] "GET /feed/ HTTP/1.1" 200 82044 "-" "Mozilla/5.0 (iPhone; CPU iPhone OS 13_2_3 like Mac OS X) AppleWebKit/605.1.15 (KHTML, like Gecko) Version/13.0.3 Mobile/15E148 Safari/604.1"
36.133.115.36 - - [21/Oct/2025:02:43:49 +0800] "POST /wp-cron.php?doing_wp_cron=1760985829.0067679882049560546875 HTTP/1.1" 200 31 "-" "WordPress/6.8.2; http://cqqizhou.com"
87.120.191.93 - - [21/Oct/2025:02:43:49 +0800] "GET / HTTP/1.1" 200 151919 "http://36.133.115.36:80/" "Mozilla/5.0 (X11; Linux x86_64) AppleWebKit/537.36 (KHTML, like Gecko) Chrome/126.0.0.0 Safari/537.36"
36.133.115.36 - - [21/Oct/2025:02:46:33 +0800] "POST /wp-cron.php?doing_wp_cron=1760985993.0216760635375976562500 HTTP/1.1" 200 31 "-" "WordPress/6.8.2; http://cqqizhou.com"
49.51.183.220 - - [21/Oct/2025:02:46:33 +0800] "GET /wp-admin/admin-ajax.php HTTP/1.1" 400 11 "-" "Mozilla/5.0 (iPhone; CPU iPhone OS 13_2_3 like Mac OS X) AppleWebKit/605.1.15 (KHTML, like Gecko) Version/13.0.3 Mobile/15E148 Safari/604.1"
36.133.115.36 - - [21/Oct/2025:02:51:49 +0800] "POST /wp-cron.php?doing_wp_cron=1760986309.9049899578094482421875 HTTP/1.1" 200 31 "-" "WordPress/6.8.2; http://cqqizhou.com"
179.43.191.19 - - [21/Oct/2025:02:51:50 +0800] "GET /mailman/listinfo/mailman HTTP/1.1" 404 8989 "https://google.com" "Mozilla/5.0 (Windows NT 10.0; Win64; x64) AppleWebKit/537.36 (KHTML, like Gecko) Chrome/116.0.0.0 Safari/537.36"
124.156.226.179 - - [21/Oct/2025:02:55:03 +0800] "GET /wp-content/plugins/revslider/ HTTP/1.1" 200 31 "-" "Mozilla/5.0 (iPhone; CPU iPhone OS 13_2_3 like Mac OS X) AppleWebKit/605.1.15 (KHTML, like Gecko) Version/13.0.3 Mobile/15E148 Safari/604.1"
36.133.115.36 - - [21/Oct/2025:03:02:55 +0800] "POST /wp-cron.php?doing_wp_cron=1760986975.3436219692230224609375 HTTP/1.1" 200 31 "-" "WordPress/6.8.2; http://cqqizhou.com"
87.120.191.84 - - [21/Oct/2025:03:02:55 +0800] "GET / HTTP/1.1" 200 33466 "-" "Mozilla/5.0 (Windows NT 10.0; Win64; x64) AppleWebKit/537.36 (KHTML, like Gecko) Chrome/90.0.4430.85 Safari/537.36 Edg/90.0.818.46"
42.236.17.16 - - [21/Oct/2025:03:04:23 +0800] "GET / HTTP/1.1" 200 33932 "http://cqqizhou.com" "Mozilla/5.0 (Windows NT 10.0; Win64; x64) AppleWebKit/537.36 (KHTML, like Gecko) Chrome/140.0.0.0 Safari/537.36 Edg/140.0.0.0; 360Spider"
36.133.115.36 - - [21/Oct/2025:03:06:36 +0800] "POST /wp-cron.php?doing_wp_cron=1760987196.7654860019683837890625 HTTP/1.1" 200 31 "-" "WordPress/6.8.2; http://cqqizhou.com"
43.130.67.6 - - [21/Oct/2025:03:06:36 +0800] "GET /2164/ HTTP/1.1" 200 19593 "-" "Mozilla/5.0 (iPhone; CPU iPhone OS 13_2_3 like Mac OS X) AppleWebKit/605.1.15 (KHTML, like Gecko) Version/13.0.3 Mobile/15E148 Safari/604.1"
223.68.212.235 - - [21/Oct/2025:03:10:48 +0800] "GET / HTTP/1.1" 200 33932 "http://cqqizhou.com/" "Mozilla/5.0 (Windows NT 6.1; WOW64) AppleWebKit/537.36 (KHTML, like Gecko) Chrome/50.0.2661.102 Safari/537.36"
36.150.60.24 - - [21/Oct/2025:03:15:18 +0800] "GET / HTTP/1.1" 200 33932 "-" "Opera/9.00 (X11; Linux i686; U; en)"
36.133.115.36 - - [21/Oct/2025:03:16:15 +0800] "POST /wp-cron.php?doing_wp_cron=1760987775.2469830513000488281250 HTTP/1.1" 200 31 "-" "WordPress/6.8.2; http://cqqizhou.com"
36.150.60.24 - - [21/Oct/2025:03:16:15 +0800] "GET / HTTP/1.1" 200 33467 "-" "Dalvik/2.1.0 (Linux; U; Android 9.0; ZTE BA520 Build/MRA58K)"
36.133.115.36 - - [21/Oct/2025:03:16:46 +0800] "POST /wp-cron.php?doing_wp_cron=1760987806.0510110855102539062500 HTTP/1.1" 200 31 "-" "WordPress/6.8.2; http://cqqizhou.com"
43.153.102.138 - - [21/Oct/2025:03:16:46 +0800] "GET /?p=2231 HTTP/1.1" 301 5 "-" "Mozilla/5.0 (iPhone; CPU iPhone OS 13_2_3 like Mac OS X) AppleWebKit/605.1.15 (KHTML, like Gecko) Version/13.0.3 Mobile/15E148 Safari/604.1"
43.153.102.138 - - [21/Oct/2025:03:16:50 +0800] "GET /2231/ HTTP/1.1" 200 19532 "http://cqqizhou.com/?p=2231" "Mozilla/5.0 (iPhone; CPU iPhone OS 13_2_3 like Mac OS X) AppleWebKit/605.1.15 (KHTML, like Gecko) Version/13.0.3 Mobile/15E148 Safari/604.1"
36.150.60.24 - - [21/Oct/2025:03:17:10 +0800] "GET / HTTP/1.1" 200 33932 "-" "Mozilla/5.0 (Macintosh; Intel Mac OS X 10_11) AppleWebKit/601.1.27 (KHTML, like Gecko) Chrome/47.0.2526.106 Safari/601.1.27"
43.167.236.228 - - [21/Oct/2025:03:24:09 +0800] "GET /wp-content/uploads/2025/09/1756868585-20250903104658_78_5-768x346.webp HTTP/1.1" 200 35830 "-" "Mozilla/5.0 (iPhone; CPU iPhone OS 13_2_3 like Mac OS X) AppleWebKit/605.1.15 (KHTML, like Gecko) Version/13.0.3 Mobile/15E148 Safari/604.1"
36.133.115.36 - - [21/Oct/2025:03:35:40 +0800] "POST /wp-cron.php?doing_wp_cron=1760988940.5168340206146240234375 HTTP/1.1" 200 31 "-" "WordPress/6.8.2; http://cqqizhou.com"
49.51.166.228 - - [21/Oct/2025:03:35:40 +0800] "GET /2214/ HTTP/1.1" 200 21275 "-" "Mozilla/5.0 (iPhone; CPU iPhone OS 13_2_3 like Mac OS X) AppleWebKit/605.1.15 (KHTML, like Gecko) Version/13.0.3 Mobile/15E148 Safari/604.1"
36.133.115.36 - - [21/Oct/2025:03:37:16 +0800] "POST /wp-cron.php?doing_wp_cron=1760989036.2233190536499023437500 HTTP/1.1" 200 31 "-" "WordPress/6.8.2; http://cqqizhou.com"
115.159.33.43 - - [21/Oct/2025:03:37:16 +0800] "GET / HTTP/1.1" 301 5 "-" "Mozilla/5.0 (Windows NT 10.0; Win64; x64) AppleWebKit/537.36 (KHTML, like Gecko) Chrome/79.0.3945.117 Safari/537.36"
87.120.191.84 - - [21/Oct/2025:03:37:41 +0800] "GET / HTTP/1.1" 301 5 "-" "Mozilla/5.0 (Windows NT 10.0; Win64; x64) AppleWebKit/537.36 (KHTML, like Gecko) Chrome/90.0.4430.85 Safari/537.36 Edg/90.0.818.46"
36.133.115.36 - - [21/Oct/2025:03:41:04 +0800] "POST /wp-cron.php?doing_wp_cron=1760989264.0979390144348144531250 HTTP/1.1" 200 31 "-" "WordPress/6.8.2; http://cqqizhou.com"
5.253.86.217 - - [21/Oct/2025:03:41:04 +0800] "GET /cgi-bin/luci/;stok=/locale HTTP/1.1" 301 5 "-" "-"
5.253.86.217 - - [21/Oct/2025:03:41:05 +0800] "GET /cgi-bin/luci/;stok=/locale HTTP/1.1" 404 31381 "http://36.133.115.36:80/cgi-bin/luci/;stok=/locale" "-"
36.133.115.36 - - [21/Oct/2025:03:51:18 +0800] "POST /wp-cron.php?doing_wp_cron=1760989878.4910259246826171875000 HTTP/1.1" 200 31 "-" "WordPress/6.8.2; http://cqqizhou.com"
87.120.191.84 - - [21/Oct/2025:03:51:18 +0800] "GET / HTTP/1.1" 200 33467 "-" "Mozilla/5.0 (Windows NT 10.0; Win64; x64) AppleWebKit/537.36 (KHTML, like Gecko) Chrome/90.0.4430.85 Safari/537.36 Edg/90.0.818.46"
43.130.67.6 - - [21/Oct/2025:03:51:28 +0800] "GET /wp-content/uploads/2025/07/1753454089-Article_images_W900px.webp HTTP/1.1" 200 27552 "-" "Mozilla/5.0 (iPhone; CPU iPhone OS 13_2_3 like Mac OS X) AppleWebKit/605.1.15 (KHTML, like Gecko) Version/13.0.3 Mobile/15E148 Safari/604.1"
43.156.168.214 - - [21/Oct/2025:03:59:13 +0800] "GET /wp-content/uploads/2025/07/1753454089-Article_images_W900px-768x432.webp HTTP/1.1" 200 28786 "-" "Mozilla/5.0 (iPhone; CPU iPhone OS 13_2_3 like Mac OS X) AppleWebKit/605.1.15 (KHTML, like Gecko) Version/13.0.3 Mobile/15E148 Safari/604.1"
36.133.115.36 - - [21/Oct/2025:04:00:18 +0800] "POST /wp-cron.php?doing_wp_cron=1760990418.1652879714965820312500 HTTP/1.1" 200 31 "-" "WordPress/6.8.2; http://cqqizhou.com"
5.253.86.217 - - [21/Oct/2025:04:00:19 +0800] "GET / HTTP/1.1" 200 151919 "-" "Mozilla/5.0 (Windows NT 10.0; Win64; x64) AppleWebKit/537.36 (KHTML, like Gecko) Chrome/42.0.2311.135 Safari/537.36 Edge/12.246"
36.133.115.36 - - [21/Oct/2025:04:01:38 +0800] "POST /wp-cron.php?doing_wp_cron=1760990498.2285640239715576171875 HTTP/1.1" 200 31 "-" "WordPress/6.8.2; http://cqqizhou.com"
45.156.129.152 - - [21/Oct/2025:04:01:38 +0800] "GET / HTTP/1.1" 301 5 "-" "Mozilla/5.0 (Windows NT 10.0; Win64; x64) AppleWebKit/537.36 (KHTML, like Gecko) Chrome/60.0.3112.113 Safari/537.36"
45.156.129.155 - - [21/Oct/2025:04:01:43 +0800] "GET / HTTP/1.1" 301 5 "-" "Mozilla/5.0 (Windows NT 10.0; Win64; x64) AppleWebKit/537.36 (KHTML, like Gecko) Chrome/60.0.3112.113 Safari/537.36"
45.156.129.152 - - [21/Oct/2025:04:01:45 +0800] "GET / HTTP/1.1" 200 33932 "http://36.133.115.36/" "Mozilla/5.0 (Windows NT 10.0; Win64; x64) AppleWebKit/537.36 (KHTML, like Gecko) Chrome/60.0.3112.113 Safari/537.36"
45.156.129.154 - - [21/Oct/2025:04:02:04 +0800] "GET /owncloud/status.php HTTP/1.1" 404 47 "-" "Mozilla/5.0 (Windows NT 10.0; Win64; x64) AppleWebKit/537.36 (KHTML, like Gecko) Chrome/60.0.3112.113 Safari/537.36"
45.156.129.152 - - [21/Oct/2025:04:02:20 +0800] "GET /status.php HTTP/1.1" 404 47 "-" "Mozilla/5.0 (Windows NT 10.0; Win64; x64) AppleWebKit/537.36 (KHTML, like Gecko) Chrome/60.0.3112.113 Safari/537.36"
36.133.115.36 - - [21/Oct/2025:04:02:41 +0800] "POST /wp-cron.php?doing_wp_cron=1760990561.2356369495391845703125 HTTP/1.1" 200 31 "-" "WordPress/6.8.2; http://cqqizhou.com"
45.156.129.152 - - [21/Oct/2025:04:02:41 +0800] "GET /identity HTTP/1.1" 404 8989 "-" "Mozilla/5.0 (Windows NT 10.0; Win64; x64) AppleWebKit/537.36 (KHTML, like Gecko) Chrome/60.0.3112.113 Safari/537.36"
36.133.115.36 - - [21/Oct/2025:04:02:58 +0800] "POST /wp-cron.php?doing_wp_cron=1760990578.3985190391540527343750 HTTP/1.1" 200 31 "-" "WordPress/6.8.2; http://cqqizhou.com"
45.156.129.154 - - [21/Oct/2025:04:02:58 +0800] "GET /Telerik.Web.UI.WebResource.axd?type=rau HTTP/1.1" 404 8989 "-" "Mozilla/5.0 (Windows NT 10.0; Win64; x64) AppleWebKit/537.36 (KHTML, like Gecko) Chrome/60.0.3112.113 Safari/537.36"
45.156.129.152 - - [21/Oct/2025:04:03:13 +0800] "GET /login.do HTTP/1.1" 404 8989 "-" "Mozilla/5.0 (Windows NT 10.0; Win64; x64) AppleWebKit/537.36 (KHTML, like Gecko) Chrome/60.0.3112.113 Safari/537.36"
45.156.129.152 - - [21/Oct/2025:04:03:26 +0800] "GET / HTTP/1.1" 301 5 "-" "Mozilla/5.0 (Windows NT 10.0; Win64; x64) AppleWebKit/537.36 (KHTML, like Gecko) Chrome/60.0.3112.113 Safari/537.36"
45.156.129.153 - - [21/Oct/2025:04:03:27 +0800] "GET / HTTP/1.1" 200 33932 "http://36.133.115.36/" "Mozilla/5.0 (Windows NT 10.0; Win64; x64) AppleWebKit/537.36 (KHTML, like Gecko) Chrome/60.0.3112.113 Safari/537.36"
195.96.129.4 - - [21/Oct/2025:04:03:32 +0800] "GET / HTTP/1.1" 200 33465 "-" "Mozilla/5.0 (Windows NT 10.0; Win64; x64) AppleWebKit/537.36 (KHTML, like Gecko) Chrome/90.0.4430.85 Safari/537.36 Edg/90.0.818.46"
45.156.129.154 - - [21/Oct/2025:04:03:37 +0800] "GET /license.txt HTTP/1.1" 200 7304 "-" "Mozilla/5.0 (Windows NT 10.0; Win64; x64) AppleWebKit/537.36 (KHTML, like Gecko) Chrome/60.0.3112.113 Safari/537.36"
45.156.129.153 - - [21/Oct/2025:04:03:44 +0800] "GET /wp-content/plugins/wp-video-lightbox/readme.txt HTTP/1.1" 404 8989 "-" "Mozilla/5.0 (Windows NT 10.0; Win64; x64) AppleWebKit/537.36 (KHTML, like Gecko) Chrome/60.0.3112.113 Safari/537.36"
45.156.129.152 - - [21/Oct/2025:04:03:52 +0800] "GET /wp-content/plugins/elementor/readme.txt HTTP/1.1" 200 10671 "-" "Mozilla/5.0 (Windows NT 10.0; Win64; x64) AppleWebKit/537.36 (KHTML, like Gecko) Chrome/60.0.3112.113 Safari/537.36"
36.133.115.36 - - [21/Oct/2025:04:04:01 +0800] "POST /wp-cron.php?doing_wp_cron=1760990640.9901530742645263671875 HTTP/1.1" 200 31 "-" "WordPress/6.8.2; http://cqqizhou.com"
45.156.129.153 - - [21/Oct/2025:04:04:01 +0800] "GET /wp-content/plugins/wp-time-capsule/readme.txt HTTP/1.1" 404 8989 "-" "Mozilla/5.0 (Windows NT 10.0; Win64; x64) AppleWebKit/537.36 (KHTML, like Gecko) Chrome/60.0.3112.113 Safari/537.36"
45.156.129.154 - - [21/Oct/2025:04:04:08 +0800] "GET /wp-content/plugins/optinmonster/readme.txt HTTP/1.1" 404 8989 "-" "Mozilla/5.0 (Windows NT 10.0; Win64; x64) AppleWebKit/537.36 (KHTML, like Gecko) Chrome/60.0.3112.113 Safari/537.36"
45.156.129.153 - - [21/Oct/2025:04:04:18 +0800] "GET /wp-content/plugins/code-snippets/readme.txt HTTP/1.1" 404 8989 "-" "Mozilla/5.0 (Windows NT 10.0; Win64; x64) AppleWebKit/537.36 (KHTML, like Gecko) Chrome/60.0.3112.113 Safari/537.36"
45.156.129.155 - - [21/Oct/2025:04:04:26 +0800] "GET /wp-content/plugins/wp-central/readme.txt HTTP/1.1" 404 8989 "-" "Mozilla/5.0 (Windows NT 10.0; Win64; x64) AppleWebKit/537.36 (KHTML, like Gecko) Chrome/60.0.3112.113 Safari/537.36"
45.156.129.153 - - [21/Oct/2025:04:04:35 +0800] "GET /wp-content/plugins/iwp-client/readme.txt HTTP/1.1" 404 8989 "-" "Mozilla/5.0 (Windows NT 10.0; Win64; x64) AppleWebKit/537.36 (KHTML, like Gecko) Chrome/60.0.3112.113 Safari/537.36"
45.156.129.153 - - [21/Oct/2025:04:04:43 +0800] "GET /wp-content/plugins/wp-user-avatar/readme.txt HTTP/1.1" 404 8989 "-" "Mozilla/5.0 (Windows NT 10.0; Win64; x64) AppleWebKit/537.36 (KHTML, like Gecko) Chrome/60.0.3112.113 Safari/537.36"
36.133.115.36 - - [21/Oct/2025:04:04:50 +0800] "POST /wp-cron.php?doing_wp_cron=1760990690.3378620147705078125000 HTTP/1.1" 200 31 "-" "WordPress/6.8.2; http://cqqizhou.com"
45.156.129.154 - - [21/Oct/2025:04:04:50 +0800] "GET /wp-content/plugins/wpschoolpress/readme.txt HTTP/1.1" 404 8989 "-" "Mozilla/5.0 (Windows NT 10.0; Win64; x64) AppleWebKit/537.36 (KHTML, like Gecko) Chrome/60.0.3112.113 Safari/537.36"
45.156.129.154 - - [21/Oct/2025:04:05:00 +0800] "GET /wp-content/plugins/bbpress/readme.txt HTTP/1.1" 404 8989 "-" "Mozilla/5.0 (Windows NT 10.0; Win64; x64) AppleWebKit/537.36 (KHTML, like Gecko) Chrome/60.0.3112.113 Safari/537.36"
45.156.129.154 - - [21/Oct/2025:04:05:06 +0800] "GET /wp-content/plugins/contact-form-7/readme.txt HTTP/1.1" 200 4253 "-" "Mozilla/5.0 (Windows NT 10.0; Win64; x64) AppleWebKit/537.36 (KHTML, like Gecko) Chrome/60.0.3112.113 Safari/537.36"
45.156.129.153 - - [21/Oct/2025:04:05:06 +0800] "GET /wp-content/plugins/duplicate-page/readme.txt HTTP/1.1" 200 5720 "-" "Mozilla/5.0 (Windows NT 10.0; Win64; x64) AppleWebKit/537.36 (KHTML, like Gecko) Chrome/60.0.3112.113 Safari/537.36"
45.156.129.155 - - [21/Oct/2025:04:05:08 +0800] "GET /wp-content/plugins/redirection/readme.txt HTTP/1.1" 404 8989 "-" "Mozilla/5.0 (Windows NT 10.0; Win64; x64) AppleWebKit/537.36 (KHTML, like Gecko) Chrome/60.0.3112.113 Safari/537.36"
45.156.129.152 - - [21/Oct/2025:04:05:08 +0800] "GET /wp-content/plugins/better-search-replace/readme.txt HTTP/1.1" 404 8989 "-" "Mozilla/5.0 (Windows NT 10.0; Win64; x64) AppleWebKit/537.36 (KHTML, like Gecko) Chrome/60.0.3112.113 Safari/537.36"
45.156.129.153 - - [21/Oct/2025:04:05:08 +0800] "GET /wp-content/plugins/akismet/readme.txt HTTP/1.1" 404 8989 "-" "Mozilla/5.0 (Windows NT 10.0; Win64; x64) AppleWebKit/537.36 (KHTML, like Gecko) Chrome/60.0.3112.113 Safari/537.36"
45.156.129.152 - - [21/Oct/2025:04:05:09 +0800] "GET /wp-content/plugins/litespeed-cache/readme.txt HTTP/1.1" 404 8989 "-" "Mozilla/5.0 (Windows NT 10.0; Win64; x64) AppleWebKit/537.36 (KHTML, like Gecko) Chrome/60.0.3112.113 Safari/537.36"
45.156.129.154 - - [21/Oct/2025:04:05:09 +0800] "GET /wp-content/plugins/updraftplus/readme.txt HTTP/1.1" 404 8989 "-" "Mozilla/5.0 (Windows NT 10.0; Win64; x64) AppleWebKit/537.36 (KHTML, like Gecko) Chrome/60.0.3112.113 Safari/537.36"
45.156.129.153 - - [21/Oct/2025:04:05:09 +0800] "GET /wp-content/plugins/svg-support/readme.txt HTTP/1.1" 404 8989 "-" "Mozilla/5.0 (Windows NT 10.0; Win64; x64) AppleWebKit/537.36 (KHTML, like Gecko) Chrome/60.0.3112.113 Safari/537.36"
45.156.129.153 - - [21/Oct/2025:04:05:09 +0800] "GET /wp-content/plugins/wordfence/readme.txt HTTP/1.1" 404 8989 "-" "Mozilla/5.0 (Windows NT 10.0; Win64; x64) AppleWebKit/537.36 (KHTML, like Gecko) Chrome/60.0.3112.113 Safari/537.36"
45.156.129.154 - - [21/Oct/2025:04:05:09 +0800] "GET /wp-content/plugins/w3-total-cache/readme.txt HTTP/1.1" 404 8989 "-" "Mozilla/5.0 (Windows NT 10.0; Win64; x64) AppleWebKit/537.36 (KHTML, like Gecko) Chrome/60.0.3112.113 Safari/537.36"
45.156.129.154 - - [21/Oct/2025:04:05:09 +0800] "GET /wp-content/plugins/essential-addons-for-elementor-lite/readme.txt HTTP/1.1" 404 8989 "-" "Mozilla/5.0 (Windows NT 10.0; Win64; x64) AppleWebKit/537.36 (KHTML, like Gecko) Chrome/60.0.3112.113 Safari/537.36"
45.156.129.154 - - [21/Oct/2025:04:05:09 +0800] "GET /wp-content/plugins/wordpress-seo/readme.txt HTTP/1.1" 404 8989 "-" "Mozilla/5.0 (Windows NT 10.0; Win64; x64) AppleWebKit/537.36 (KHTML, like Gecko) Chrome/60.0.3112.113 Safari/537.36"
45.156.129.153 - - [21/Oct/2025:04:05:09 +0800] "GET /wp-content/plugins/wpforms-lite/readme.txt HTTP/1.1" 404 8989 "-" "Mozilla/5.0 (Windows NT 10.0; Win64; x64) AppleWebKit/537.36 (KHTML, like Gecko) Chrome/60.0.3112.113 Safari/537.36"
45.156.129.152 - - [21/Oct/2025:04:05:09 +0800] "GET /wp-content/plugins/woocommerce/readme.txt HTTP/1.1" 404 8989 "-" "Mozilla/5.0 (Windows NT 10.0; Win64; x64) AppleWebKit/537.36 (KHTML, like Gecko) Chrome/60.0.3112.113 Safari/537.36"
45.156.129.154 - - [21/Oct/2025:04:05:09 +0800] "GET /wp-content/plugins/header-footer-elementor/readme.txt HTTP/1.1" 404 8989 "-" "Mozilla/5.0 (Windows NT 10.0; Win64; x64) AppleWebKit/537.36 (KHTML, like Gecko) Chrome/60.0.3112.113 Safari/537.36"
45.156.129.155 - - [21/Oct/2025:04:05:09 +0800] "GET /wp-content/plugins/advanced-custom-fields/readme.txt HTTP/1.1" 404 8989 "-" "Mozilla/5.0 (Windows NT 10.0; Win64; x64) AppleWebKit/537.36 (KHTML, like Gecko) Chrome/60.0.3112.113 Safari/537.36"
45.156.129.154 - - [21/Oct/2025:04:05:09 +0800] "GET /wp-content/plugins/better-wp-security/readme.txt HTTP/1.1" 404 8989 "-" "Mozilla/5.0 (Windows NT 10.0; Win64; x64) AppleWebKit/537.36 (KHTML, like Gecko) Chrome/60.0.3112.113 Safari/537.36"
45.156.129.152 - - [21/Oct/2025:04:05:09 +0800] "GET /wp-content/plugins/wp-optimize/readme.txt HTTP/1.1" 404 8989 "-" "Mozilla/5.0 (Windows NT 10.0; Win64; x64) AppleWebKit/537.36 (KHTML, like Gecko) Chrome/60.0.3112.113 Safari/537.36"
45.156.129.154 - - [21/Oct/2025:04:05:09 +0800] "GET /wp-content/plugins/hostinger/readme.txt HTTP/1.1" 404 8989 "-" "Mozilla/5.0 (Windows NT 10.0; Win64; x64) AppleWebKit/537.36 (KHTML, like Gecko) Chrome/60.0.3112.113 Safari/537.36"
45.156.129.152 - - [21/Oct/2025:04:05:09 +0800] "GET /wp-content/plugins/mailchimp-for-wp/readme.txt HTTP/1.1" 404 8989 "-" "Mozilla/5.0 (Windows NT 10.0; Win64; x64) AppleWebKit/537.36 (KHTML, like Gecko) Chrome/60.0.3112.113 Safari/537.36"
45.156.129.155 - - [21/Oct/2025:04:05:09 +0800] "GET /wp-content/plugins/seo-by-rank-math/readme.txt HTTP/1.1" 404 8989 "-" "Mozilla/5.0 (Windows NT 10.0; Win64; x64) AppleWebKit/537.36 (KHTML, like Gecko) Chrome/60.0.3112.113 Safari/537.36"
45.156.129.152 - - [21/Oct/2025:04:05:09 +0800] "GET /wp-content/plugins/coming-soon/readme.txt HTTP/1.1" 404 8989 "-" "Mozilla/5.0 (Windows NT 10.0; Win64; x64) AppleWebKit/537.36 (KHTML, like Gecko) Chrome/60.0.3112.113 Safari/537.36"
45.156.129.154 - - [21/Oct/2025:04:05:09 +0800] "GET /wp-content/plugins/wp-super-cache/readme.txt HTTP/1.1" 404 8989 "-" "Mozilla/5.0 (Windows NT 10.0; Win64; x64) AppleWebKit/537.36 (KHTML, like Gecko) Chrome/60.0.3112.113 Safari/537.36"
45.156.129.152 - - [21/Oct/2025:04:05:09 +0800] "GET /wp-content/plugins/jetpack/readme.txt HTTP/1.1" 404 8989 "-" "Mozilla/5.0 (Windows NT 10.0; Win64; x64) AppleWebKit/537.36 (KHTML, like Gecko) Chrome/60.0.3112.113 Safari/537.36"
45.156.129.152 - - [21/Oct/2025:04:05:09 +0800] "GET /wp-content/plugins/smart-slider-3/readme.txt HTTP/1.1" 404 8989 "-" "Mozilla/5.0 (Windows NT 10.0; Win64; x64) AppleWebKit/537.36 (KHTML, like Gecko) Chrome/60.0.3112.113 Safari/537.36"
45.156.129.153 - - [21/Oct/2025:04:05:09 +0800] "GET /wp-content/plugins/really-simple-ssl/readme.txt HTTP/1.1" 404 8989 "-" "Mozilla/5.0 (Windows NT 10.0; Win64; x64) AppleWebKit/537.36 (KHTML, like Gecko) Chrome/60.0.3112.113 Safari/537.36"
45.156.129.155 - - [21/Oct/2025:04:05:09 +0800] "GET /wp-content/plugins/google-site-kit/readme.txt HTTP/1.1" 404 8989 "-" "Mozilla/5.0 (Windows NT 10.0; Win64; x64) AppleWebKit/537.36 (KHTML, like Gecko) Chrome/60.0.3112.113 Safari/537.36"
45.156.129.152 - - [21/Oct/2025:04:05:09 +0800] "GET /wp-content/plugins/insert-headers-and-footers/readme.txt HTTP/1.1" 404 8989 "-" "Mozilla/5.0 (Windows NT 10.0; Win64; x64) AppleWebKit/537.36 (KHTML, like Gecko) Chrome/60.0.3112.113 Safari/537.36"
45.156.129.153 - - [21/Oct/2025:04:05:09 +0800] "GET /wp-content/plugins/wp-fastest-cache/readme.txt HTTP/1.1" 404 8989 "-" "Mozilla/5.0 (Windows NT 10.0; Win64; x64) AppleWebKit/537.36 (KHTML, like Gecko) Chrome/60.0.3112.113 Safari/537.36"
45.156.129.153 - - [21/Oct/2025:04:05:09 +0800] "GET /wp-content/plugins/duplicate-post/readme.txt HTTP/1.1" 404 8989 "-" "Mozilla/5.0 (Windows NT 10.0; Win64; x64) AppleWebKit/537.36 (KHTML, like Gecko) Chrome/60.0.3112.113 Safari/537.36"
45.156.129.154 - - [21/Oct/2025:04:05:09 +0800] "GET /wp-content/plugins/duplicator/readme.txt HTTP/1.1" 404 8989 "-" "Mozilla/5.0 (Windows NT 10.0; Win64; x64) AppleWebKit/537.36 (KHTML, like Gecko) Chrome/60.0.3112.113 Safari/537.36"
45.156.129.153 - - [21/Oct/2025:04:05:09 +0800] "GET /wp-content/plugins/wps-hide-login/readme.txt HTTP/1.1" 404 8989 "-" "Mozilla/5.0 (Windows NT 10.0; Win64; x64) AppleWebKit/537.36 (KHTML, like Gecko) Chrome/60.0.3112.113 Safari/537.36"
45.156.129.154 - - [21/Oct/2025:04:05:09 +0800] "GET /wp-content/plugins/all-in-one-seo-pack/readme.txt HTTP/1.1" 404 8989 "-" "Mozilla/5.0 (Windows NT 10.0; Win64; x64) AppleWebKit/537.36 (KHTML, like Gecko) Chrome/60.0.3112.113 Safari/537.36"
45.156.129.154 - - [21/Oct/2025:04:05:09 +0800] "GET /wp-content/plugins/disable-comments/readme.txt HTTP/1.1" 404 8989 "-" "Mozilla/5.0 (Windows NT 10.0; Win64; x64) AppleWebKit/537.36 (KHTML, like Gecko) Chrome/60.0.3112.113 Safari/537.36"
45.156.129.153 - - [21/Oct/2025:04:05:09 +0800] "GET /wp-content/plugins/limit-login-attempts-reloaded/readme.txt HTTP/1.1" 404 8989 "-" "Mozilla/5.0 (Windows NT 10.0; Win64; x64) AppleWebKit/537.36 (KHTML, like Gecko) Chrome/60.0.3112.113 Safari/537.36"
45.156.129.155 - - [21/Oct/2025:04:05:09 +0800] "GET /wp-content/plugins/all-in-one-wp-migration/readme.txt HTTP/1.1" 404 8989 "-" "Mozilla/5.0 (Windows NT 10.0; Win64; x64) AppleWebKit/537.36 (KHTML, like Gecko) Chrome/60.0.3112.113 Safari/537.36"
45.156.129.155 - - [21/Oct/2025:04:05:09 +0800] "GET /wp-content/plugins/astra-sites/readme.txt HTTP/1.1" 404 8989 "-" "Mozilla/5.0 (Windows NT 10.0; Win64; x64) AppleWebKit/537.36 (KHTML, like Gecko) Chrome/60.0.3112.113 Safari/537.36"
45.156.129.153 - - [21/Oct/2025:04:05:10 +0800] "GET /wp-content/plugins/sg-security/readme.txt HTTP/1.1" 404 8988 "-" "Mozilla/5.0 (Windows NT 10.0; Win64; x64) AppleWebKit/537.36 (KHTML, like Gecko) Chrome/60.0.3112.113 Safari/537.36"
45.156.129.155 - - [21/Oct/2025:04:05:10 +0800] "GET /wp-content/plugins/ultimate-addons-for-gutenberg/readme.txt HTTP/1.1" 404 8988 "-" "Mozilla/5.0 (Windows NT 10.0; Win64; x64) AppleWebKit/537.36 (KHTML, like Gecko) Chrome/60.0.3112.113 Safari/537.36"
45.156.129.154 - - [21/Oct/2025:04:05:10 +0800] "GET /wp-content/plugins/loginizer/readme.txt HTTP/1.1" 404 8988 "-" "Mozilla/5.0 (Windows NT 10.0; Win64; x64) AppleWebKit/537.36 (KHTML, like Gecko) Chrome/60.0.3112.113 Safari/537.36"
45.156.129.154 - - [21/Oct/2025:04:05:10 +0800] "GET /wp-content/plugins/autoptimize/readme.txt HTTP/1.1" 404 8988 "-" "Mozilla/5.0 (Windows NT 10.0; Win64; x64) AppleWebKit/537.36 (KHTML, like Gecko) Chrome/60.0.3112.113 Safari/537.36"
45.156.129.155 - - [21/Oct/2025:04:05:10 +0800] "GET /wp-content/plugins/complianz-gdpr/readme.txt HTTP/1.1" 404 8988 "-" "Mozilla/5.0 (Windows NT 10.0; Win64; x64) AppleWebKit/537.36 (KHTML, like Gecko) Chrome/60.0.3112.113 Safari/537.36"
45.156.129.153 - - [21/Oct/2025:04:05:10 +0800] "GET /wp-content/plugins/ewww-image-optimizer/readme.txt HTTP/1.1" 404 8988 "-" "Mozilla/5.0 (Windows NT 10.0; Win64; x64) AppleWebKit/537.36 (KHTML, like Gecko) Chrome/60.0.3112.113 Safari/537.36"
45.156.129.154 - - [21/Oct/2025:04:05:10 +0800] "GET /wp-content/plugins/google-analytics-for-wordpress/readme.txt HTTP/1.1" 404 8988 "-" "Mozilla/5.0 (Windows NT 10.0; Win64; x64) AppleWebKit/537.36 (KHTML, like Gecko) Chrome/60.0.3112.113 Safari/537.36"
45.156.129.153 - - [21/Oct/2025:04:05:10 +0800] "GET /wp-content/plugins/redux-framework/readme.txt HTTP/1.1" 404 8988 "-" "Mozilla/5.0 (Windows NT 10.0; Win64; x64) AppleWebKit/537.36 (KHTML, like Gecko) Chrome/60.0.3112.113 Safari/537.36"
45.156.129.153 - - [21/Oct/2025:04:05:10 +0800] "GET /wp-content/plugins/all-in-one-wp-security-and-firewall/readme.txt HTTP/1.1" 404 8988 "-" "Mozilla/5.0 (Windows NT 10.0; Win64; x64) AppleWebKit/537.36 (KHTML, like Gecko) Chrome/60.0.3112.113 Safari/537.36"
45.156.129.153 - - [21/Oct/2025:04:05:10 +0800] "GET /wp-content/plugins/envato-elements/readme.txt HTTP/1.1" 404 8988 "-" "Mozilla/5.0 (Windows NT 10.0; Win64; x64) AppleWebKit/537.36 (KHTML, like Gecko) Chrome/60.0.3112.113 Safari/537.36"
