48.210.8.193 - - [21/Oct/2025:21:29:36 +0800] "GET /natural.php HTTP/1.1" 404 27 "-" "-"
48.210.8.193 - - [21/Oct/2025:21:29:36 +0800] "GET /gmo.php HTTP/1.1" 404 27 "-" "-"
48.210.8.193 - - [21/Oct/2025:21:29:36 +0800] "GET /amphicyon.php HTTP/1.1" 404 27 "-" "-"
48.210.8.193 - - [21/Oct/2025:21:29:36 +0800] "GET /sx21_1.php HTTP/1.1" 404 27 "-" "-"
48.210.8.193 - - [21/Oct/2025:21:29:36 +0800] "GET /1aa.php HTTP/1.1" 404 27 "-" "-"
48.210.8.193 - - [21/Oct/2025:21:29:36 +0800] "GET /0x.php HTTP/1.1" 404 27 "-" "-"
48.210.8.193 - - [21/Oct/2025:21:29:36 +0800] "GET /elp.php HTTP/1.1" 404 27 "-" "-"
48.210.8.193 - - [21/Oct/2025:21:29:37 +0800] "GET /aa.php HTTP/1.1" 404 27 "-" "-"
48.210.8.193 - - [21/Oct/2025:21:29:37 +0800] "GET /aw.php HTTP/1.1" 404 27 "-" "-"
36.133.115.36 - - [21/Oct/2025:21:29:41 +0800] "POST /wp-cron.php?doing_wp_cron=1761053381.4075040817260742187500 HTTP/1.1" 200 31 "-" "WordPress/6.8.2; http://cqqizhou.com"
48.210.8.193 - - [21/Oct/2025:21:29:41 +0800] "GET /wp-admin/index.php HTTP/1.1" 302 5 "-" "-"
48.210.8.193 - - [21/Oct/2025:21:29:42 +0800] "GET /wp-login.php?redirect_to=http%3A%2F%2Fcqqizhou.com%2Fwp-admin%2Findex.php&reauth=1 HTTP/1.1" 200 8681 "-" "-"
48.210.8.193 - - [21/Oct/2025:21:29:42 +0800] "GET /buy.php HTTP/1.1" 404 27 "-" "-"
48.210.8.193 - - [21/Oct/2025:21:29:42 +0800] "GET /php.php HTTP/1.1" 404 27 "-" "-"
48.210.8.193 - - [21/Oct/2025:21:29:42 +0800] "GET /file.php HTTP/1.1" 404 27 "-" "-"
48.210.8.193 - - [21/Oct/2025:21:29:42 +0800] "GET /bluejackets.php HTTP/1.1" 404 27 "-" "-"
48.210.8.193 - - [21/Oct/2025:21:29:42 +0800] "GET /ay.php HTTP/1.1" 404 27 "-" "-"
48.210.8.193 - - [21/Oct/2025:21:29:42 +0800] "GET /wsa.php HTTP/1.1" 404 27 "-" "-"
48.210.8.193 - - [21/Oct/2025:21:29:43 +0800] "GET /wsd.php HTTP/1.1" 404 27 "-" "-"
48.210.8.193 - - [21/Oct/2025:21:29:43 +0800] "GET /a2.php HTTP/1.1" 404 27 "-" "-"
48.210.8.193 - - [21/Oct/2025:21:29:43 +0800] "GET /ex.php HTTP/1.1" 404 27 "-" "-"
48.210.8.193 - - [21/Oct/2025:21:29:43 +0800] "GET /bolt.php HTTP/1.1" 404 27 "-" "-"
48.210.8.193 - - [21/Oct/2025:21:29:43 +0800] "GET /akcc.php HTTP/1.1" 404 27 "-" "-"
48.210.8.193 - - [21/Oct/2025:21:29:44 +0800] "GET /ot.php HTTP/1.1" 404 27 "-" "-"
48.210.8.193 - - [21/Oct/2025:21:29:44 +0800] "GET /akp.php HTTP/1.1" 404 27 "-" "-"
48.210.8.193 - - [21/Oct/2025:21:29:44 +0800] "GET /mek.php HTTP/1.1" 404 27 "-" "-"
48.210.8.193 - - [21/Oct/2025:21:29:44 +0800] "GET /403.php HTTP/1.1" 404 27 "-" "-"
48.210.8.193 - - [21/Oct/2025:21:29:44 +0800] "GET /1.php HTTP/1.1" 404 27 "-" "-"
48.210.8.193 - - [21/Oct/2025:21:29:44 +0800] "GET /css/index.php HTTP/1.1" 404 27 "-" "-"
48.210.8.193 - - [21/Oct/2025:21:29:44 +0800] "GET /xp.php HTTP/1.1" 404 27 "-" "-"
48.210.8.193 - - [21/Oct/2025:21:29:45 +0800] "GET /ext.php HTTP/1.1" 404 27 "-" "-"
48.210.8.193 - - [21/Oct/2025:21:29:45 +0800] "GET /alfa.php HTTP/1.1" 404 27 "-" "-"
48.210.8.193 - - [21/Oct/2025:21:29:45 +0800] "GET /acp.php HTTP/1.1" 404 27 "-" "-"
48.210.8.193 - - [21/Oct/2025:21:29:45 +0800] "GET /themes.php HTTP/1.1" 404 27 "-" "-"
48.210.8.193 - - [21/Oct/2025:21:29:45 +0800] "GET /wp-includes/fonts/themes.php HTTP/1.1" 404 27 "-" "-"
48.210.8.193 - - [21/Oct/2025:21:29:45 +0800] "GET /zse.php HTTP/1.1" 404 27 "-" "-"
36.133.115.36 - - [21/Oct/2025:21:34:05 +0800] "POST /wp-cron.php?doing_wp_cron=1761053645.8573429584503173828125 HTTP/1.1" 200 31 "-" "WordPress/6.8.2; http://cqqizhou.com"
87.120.191.93 - - [21/Oct/2025:21:34:06 +0800] "GET / HTTP/1.1" 200 151919 "http://36.133.115.36:80/" "Mozilla/5.0 (X11; Linux x86_64) AppleWebKit/537.36 (KHTML, like Gecko) Chrome/126.0.0.0 Safari/537.36"
196.251.72.152 - - [21/Oct/2025:21:34:23 +0800] "GET /.env HTTP/1.1" 404 8989 "-" "Mozilla/5.0 (Macintosh; Intel Mac OS X 10_14_1) AppleWebKit/537.36 (KHTML, like Gecko) Chrome/75.0.3770.100 Safari/537.36"
36.133.115.36 - - [21/Oct/2025:21:36:13 +0800] "POST /wp-cron.php?doing_wp_cron=1761053773.9497380256652832031250 HTTP/1.1" 200 31 "-" "WordPress/6.8.2; http://cqqizhou.com"
43.159.140.236 - - [21/Oct/2025:21:36:14 +0800] "GET / HTTP/1.1" 200 33468 "-" "Mozilla/5.0 (iPhone; CPU iPhone OS 13_2_3 like Mac OS X) AppleWebKit/605.1.15 (KHTML, like Gecko) Version/13.0.3 Mobile/15E148 Safari/604.1"
36.133.115.36 - - [21/Oct/2025:21:45:12 +0800] "POST /wp-cron.php?doing_wp_cron=1761054312.7632520198822021484375 HTTP/1.1" 200 31 "-" "WordPress/6.8.2; http://cqqizhou.com"
87.120.191.84 - - [21/Oct/2025:21:45:13 +0800] "GET / HTTP/1.1" 200 33467 "-" "Mozilla/5.0 (Windows NT 10.0; Win64; x64) AppleWebKit/537.36 (KHTML, like Gecko) Chrome/90.0.4430.85 Safari/537.36 Edg/90.0.818.46"
36.133.115.36 - - [21/Oct/2025:21:48:05 +0800] "POST /wp-cron.php?doing_wp_cron=1761054485.1421020030975341796875 HTTP/1.1" 200 31 "-" "WordPress/6.8.2; http://cqqizhou.com"
195.96.129.4 - - [21/Oct/2025:21:48:05 +0800] "GET / HTTP/1.1" 200 33467 "-" "Mozilla/5.0 (Windows NT 10.0; Win64; x64) AppleWebKit/537.36 (KHTML, like Gecko) Chrome/90.0.4430.85 Safari/537.36 Edg/90.0.818.46"
36.133.115.36 - - [21/Oct/2025:21:48:58 +0800] "POST /wp-cron.php?doing_wp_cron=1761054538.2552731037139892578125 HTTP/1.1" 200 31 "-" "WordPress/6.8.2; http://cqqizhou.com"
128.14.226.191 - - [21/Oct/2025:21:48:58 +0800] "GET / HTTP/1.1" 301 5 "-" "Mozilla/5.0 (Macintosh; Intel Mac OS X 10_15_7) AppleWebKit/537.36 (KHTML, like Gecko) Chrome/120.0.0.0 Safari/537.36 Edg/120.0.0.0"
128.14.226.191 - - [21/Oct/2025:21:49:19 +0800] "GET /robots.txt HTTP/1.1" 200 190 "-" "Mozilla/5.0 (Macintosh; Intel Mac OS X 10_7_0) AppleWebKit/535.11 (KHTML, like Gecko) Chrome/17.0.963.56 Safari/535.11"
128.14.226.191 - - [21/Oct/2025:21:49:21 +0800] "GET /sitemap.xml HTTP/1.1" 200 496 "-" "Mozilla/5.0 (Macintosh; Intel Mac OS X 10_7_0) AppleWebKit/535.11 (KHTML, like Gecko) Chrome/17.0.963.56 Safari/535.11"
36.133.115.36 - - [21/Oct/2025:21:50:12 +0800] "POST /wp-cron.php?doing_wp_cron=1761054612.8115460872650146484375 HTTP/1.1" 200 31 "-" "WordPress/6.8.2; http://cqqizhou.com"
128.14.226.191 - - [21/Oct/2025:21:50:12 +0800] "GET /update_weights_from_tensor HTTP/1.1" 404 8989 "-" "Mozilla/5.0 (Macintosh; Intel Mac OS X 10_14_6) AppleWebKit/537.36 (KHTML, like Gecko) Chrome/81.0.4044.138 Safari/537.36"
36.133.115.36 - - [21/Oct/2025:22:07:08 +0800] "POST /wp-cron.php?doing_wp_cron=1761055628.7725689411163330078125 HTTP/1.1" 200 31 "-" "WordPress/6.8.2; http://cqqizhou.com"
87.120.191.84 - - [21/Oct/2025:22:07:09 +0800] "GET / HTTP/1.1" 200 33467 "-" "Mozilla/5.0 (Windows NT 10.0; Win64; x64) AppleWebKit/537.36 (KHTML, like Gecko) Chrome/90.0.4430.85 Safari/537.36 Edg/90.0.818.46"
36.133.115.36 - - [21/Oct/2025:22:08:53 +0800] "POST /wp-cron.php?doing_wp_cron=1761055733.4774370193481445312500 HTTP/1.1" 200 31 "-" "WordPress/6.8.2; http://cqqizhou.com"
87.120.191.93 - - [21/Oct/2025:22:08:54 +0800] "GET / HTTP/1.1" 200 151919 "http://36.133.115.36:80/" "Mozilla/5.0 (X11; Linux x86_64) AppleWebKit/537.36 (KHTML, like Gecko) Chrome/126.0.0.0 Safari/537.36"
186.96.193.14 - - [21/Oct/2025:22:09:40 +0800] "GET / HTTP/1.1" 200 151919 "-" "Mozilla/5.0 (Macintosh; Intel Mac OS X 10_11_6) AppleWebKit/601.7.7 (KHTML, like Gecko) Version/9.1.2 Safari/601.7.7"
36.133.115.36 - - [21/Oct/2025:22:26:43 +0800] "POST /wp-cron.php?doing_wp_cron=1761056803.8633780479431152343750 HTTP/1.1" 200 31 "-" "WordPress/6.8.2; http://cqqizhou.com"
111.172.249.49 - - [21/Oct/2025:22:26:44 +0800] "GET / HTTP/1.1" 200 33467 "-" "Mozilla/5.0 (iPhone; CPU iPhone OS 13_2_3 like Mac OS X) AppleWebKit/605.1.15 (KHTML, like Gecko) Version/13.0.3 Mobile/15E148 Safari/604.1"
36.133.115.36 - - [21/Oct/2025:22:40:56 +0800] "POST /wp-cron.php?doing_wp_cron=1761057656.4624888896942138671875 HTTP/1.1" 200 31 "-" "WordPress/6.8.2; http://cqqizhou.com"
87.120.191.93 - - [21/Oct/2025:22:40:57 +0800] "GET / HTTP/1.1" 200 151919 "http://36.133.115.36:80/" "Mozilla/5.0 (X11; Linux x86_64) AppleWebKit/537.36 (KHTML, like Gecko) Chrome/126.0.0.0 Safari/537.36"
36.133.115.36 - - [21/Oct/2025:22:52:19 +0800] "POST /wp-cron.php?doing_wp_cron=1761058339.1396501064300537109375 HTTP/1.1" 200 31 "-" "WordPress/6.8.2; http://cqqizhou.com"
87.120.191.84 - - [21/Oct/2025:22:52:19 +0800] "GET / HTTP/1.1" 200 33467 "-" "Mozilla/5.0 (Windows NT 10.0; Win64; x64) AppleWebKit/537.36 (KHTML, like Gecko) Chrome/90.0.4430.85 Safari/537.36 Edg/90.0.818.46"
123.57.13.121 - - [21/Oct/2025:23:06:09 +0800] "GET / HTTP/1.1" 200 33932 "-" "Mozilla/5.0 (Windows NT 10.0; Win64; x64) AppleWebKit/537.36 (KHTML, like Gecko) Chrome/104.0.0.0 Safari/537.36"
36.133.115.36 - - [21/Oct/2025:23:08:17 +0800] "POST /wp-cron.php?doing_wp_cron=1761059297.0789608955383300781250 HTTP/1.1" 200 31 "-" "WordPress/6.8.2; http://cqqizhou.com"
87.120.191.84 - - [21/Oct/2025:23:08:17 +0800] "GET / HTTP/1.1" 200 33467 "-" "Mozilla/5.0 (Windows NT 10.0; Win64; x64) AppleWebKit/537.36 (KHTML, like Gecko) Chrome/90.0.4430.85 Safari/537.36 Edg/90.0.818.46"
36.133.115.36 - - [21/Oct/2025:23:13:08 +0800] "POST /wp-cron.php?doing_wp_cron=1761059588.7124369144439697265625 HTTP/1.1" 200 31 "-" "WordPress/6.8.2; http://cqqizhou.com"
43.157.50.58 - - [21/Oct/2025:23:13:09 +0800] "GET / HTTP/1.1" 200 33468 "-" "Mozilla/5.0 (iPhone; CPU iPhone OS 13_2_3 like Mac OS X) AppleWebKit/605.1.15 (KHTML, like Gecko) Version/13.0.3 Mobile/15E148 Safari/604.1"
52.167.144.194 - - [21/Oct/2025:23:21:54 +0800] "GET /logistics/ HTTP/1.1" 200 22415 "-" "Mozilla/5.0 AppleWebKit/537.36 (KHTML, like Gecko; compatible; bingbot/2.0; +http://www.bing.com/bingbot.htm) Chrome/116.0.1938.76 Safari/537.36"
213.209.143.66 - - [21/Oct/2025:23:24:10 +0800] "GET / HTTP/1.1" 499 0 "-" "Mozilla/5.0 (Windows NT 10.0; Win64; x64) AppleWebKit/537.36 (KHTML, like Gecko) Chrome/90.0.4430.85 Safari/537.36 Edg/90.0.818.46"
36.133.115.36 - - [21/Oct/2025:23:24:10 +0800] "POST /wp-cron.php?doing_wp_cron=1761060250.7034399509429931640625 HTTP/1.1" 200 31 "-" "WordPress/6.8.2; http://cqqizhou.com"
36.133.115.36 - - [21/Oct/2025:23:27:51 +0800] "POST /wp-cron.php?doing_wp_cron=1761060471.7882459163665771484375 HTTP/1.1" 200 31 "-" "WordPress/6.8.2; http://cqqizhou.com"
103.166.182.115 - - [21/Oct/2025:23:27:51 +0800] "POST /xmlrpc.php HTTP/1.1" 200 217 "http://cqqizhou.com" "Mozilla/5.0 (Macintosh; Intel Mac OS X 14_4_1) AppleWebKit/605.1.15 (KHTML, like Gecko) Version/17.3.1 Safari/605.1.15"
36.133.115.36 - - [21/Oct/2025:23:29:42 +0800] "POST /wp-cron.php?doing_wp_cron=1761060582.2231390476226806640625 HTTP/1.1" 200 31 "-" "WordPress/6.8.2; http://cqqizhou.com"
87.120.191.84 - - [21/Oct/2025:23:29:42 +0800] "GET / HTTP/1.1" 200 33467 "-" "Mozilla/5.0 (Windows NT 10.0; Win64; x64) AppleWebKit/537.36 (KHTML, like Gecko) Chrome/90.0.4430.85 Safari/537.36 Edg/90.0.818.46"
36.133.115.36 - - [21/Oct/2025:23:36:52 +0800] "POST /wp-cron.php?doing_wp_cron=1761061012.1427059173583984375000 HTTP/1.1" 200 31 "-" "WordPress/6.8.2; http://cqqizhou.com"
192.250.232.191 - - [21/Oct/2025:23:36:52 +0800] "POST /xmlrpc.php HTTP/1.1" 200 217 "http://cqqizhou.com" "Mozilla/5.0 (Windows NT 10.0; Win64; x64; rv:129.0) Gecko/20100101 Firefox/129.0"
36.133.115.36 - - [21/Oct/2025:23:42:16 +0800] "POST /wp-cron.php?doing_wp_cron=1761061336.6145410537719726562500 HTTP/1.1" 200 31 "-" "WordPress/6.8.2; http://cqqizhou.com"
87.120.191.84 - - [21/Oct/2025:23:42:16 +0800] "GET / HTTP/1.1" 200 33467 "-" "Mozilla/5.0 (Windows NT 10.0; Win64; x64) AppleWebKit/537.36 (KHTML, like Gecko) Chrome/90.0.4430.85 Safari/537.36 Edg/90.0.818.46"
36.133.115.36 - - [21/Oct/2025:23:47:16 +0800] "POST /wp-cron.php?doing_wp_cron=1761061636.8609709739685058593750 HTTP/1.1" 200 31 "-" "WordPress/6.8.2; http://cqqizhou.com"
185.137.234.111 - - [21/Oct/2025:23:47:17 +0800] "POST /xmlrpc.php HTTP/1.1" 200 217 "-" "Mozilla/5.0 (X11; Ubuntu; Linux x86_64; rv:85.0) Gecko/20100101 Firefox/91.0"
36.133.115.36 - - [21/Oct/2025:23:54:44 +0800] "POST /wp-cron.php?doing_wp_cron=1761062084.2415370941162109375000 HTTP/1.1" 200 31 "-" "WordPress/6.8.2; http://cqqizhou.com"
4.224.244.18 - - [21/Oct/2025:23:54:44 +0800] "POST /xmlrpc.php HTTP/1.1" 200 217 "http://cqqizhou.com" "Mozilla/5.0 (Windows NT 10.0; Win64; x64) AppleWebKit/537.36 (KHTML, like Gecko) Chrome/112.0.5615.138 Safari/537.36"
36.133.115.36 - - [21/Oct/2025:23:58:33 +0800] "POST /wp-cron.php?doing_wp_cron=1761062312.9758300781250000000000 HTTP/1.1" 200 31 "-" "WordPress/6.8.2; http://cqqizhou.com"
91.238.55.84 - - [21/Oct/2025:23:58:33 +0800] "GET / HTTP/1.1" 200 151919 "-" "Mozilla/5.0 (Windows NT 10.0; WOW64) AppleWebKit/537.36 (KHTML, like Gecko) Chrome/51.0.2704.103 Safari/537.36"