45.156.129.152 - - [21/Oct/2025:04:05:10 +0800] "GET /wp-content/plugins/wp-file-manager/readme.txt HTTP/1.1" 404 8988 "-" "Mozilla/5.0 (Windows NT 10.0; Win64; x64) AppleWebKit/537.36 (KHTML, like Gecko) Chrome/60.0.3112.113 Safari/537.36"
45.156.129.155 - - [21/Oct/2025:04:05:17 +0800] "GET /wp-content/plugins/wordpress-database-reset/readme.txt HTTP/1.1" 404 8989 "-" "Mozilla/5.0 (Windows NT 10.0; Win64; x64) AppleWebKit/537.36 (KHTML, like Gecko) Chrome/60.0.3112.113 Safari/537.36"
45.156.129.155 - - [21/Oct/2025:04:05:26 +0800] "GET /wp-content/plugins/kingcomposer/readme.txt HTTP/1.1" 404 8989 "-" "Mozilla/5.0 (Windows NT 10.0; Win64; x64) AppleWebKit/537.36 (KHTML, like Gecko) Chrome/60.0.3112.113 Safari/537.36"
45.156.129.153 - - [21/Oct/2025:04:05:32 +0800] "GET /wp-content/plugins/fancy-product-designer/readme.txt HTTP/1.1" 404 8989 "-" "Mozilla/5.0 (Windows NT 10.0; Win64; x64) AppleWebKit/537.36 (KHTML, like Gecko) Chrome/60.0.3112.113 Safari/537.36"
45.156.129.153 - - [21/Oct/2025:04:05:38 +0800] "GET /helpdesk/WebObjects/Helpdesk.woa HTTP/1.1" 404 8989 "-" "Mozilla/5.0 (Windows NT 10.0; Win64; x64) AppleWebKit/537.36 (KHTML, like Gecko) Chrome/60.0.3112.113 Safari/537.36"
45.156.129.155 - - [21/Oct/2025:04:05:45 +0800] "GET /api/session/properties HTTP/1.1" 404 8989 "-" "Mozilla/5.0 (Windows NT 10.0; Win64; x64) AppleWebKit/537.36 (KHTML, like Gecko) Chrome/60.0.3112.113 Safari/537.36"
36.133.115.36 - - [21/Oct/2025:04:05:51 +0800] "POST /wp-cron.php?doing_wp_cron=1760990751.7936940193176269531250 HTTP/1.1" 200 31 "-" "WordPress/6.8.2; http://cqqizhou.com"
45.156.129.155 - - [21/Oct/2025:04:05:51 +0800] "GET /solr/ HTTP/1.1" 404 8989 "-" "Mozilla/5.0 (Windows NT 10.0; Win64; x64) AppleWebKit/537.36 (KHTML, like Gecko) Chrome/60.0.3112.113 Safari/537.36"
45.156.129.154 - - [21/Oct/2025:04:05:57 +0800] "GET /ssi.cgi/Login.htm HTTP/1.1" 404 8989 "-" "Mozilla/5.0 (Windows NT 10.0; Win64; x64) AppleWebKit/537.36 (KHTML, like Gecko) Chrome/60.0.3112.113 Safari/537.36"
45.156.129.154 - - [21/Oct/2025:04:06:02 +0800] "GET /internal_forms_authentication HTTP/1.1" 404 8989 "-" "Mozilla/5.0 (Windows NT 10.0; Win64; x64) AppleWebKit/537.36 (KHTML, like Gecko) Chrome/60.0.3112.113 Safari/537.36"
45.156.129.155 - - [21/Oct/2025:04:06:09 +0800] "GET /cgi-bin/main.pl HTTP/1.1" 404 8989 "-" "Mozilla/5.0 (Windows NT 10.0; Win64; x64) AppleWebKit/537.36 (KHTML, like Gecko) Chrome/60.0.3112.113 Safari/537.36"
45.156.129.154 - - [21/Oct/2025:04:06:11 +0800] "GET /showLogin.cc HTTP/1.1" 404 8989 "-" "Mozilla/5.0 (Windows NT 10.0; Win64; x64) AppleWebKit/537.36 (KHTML, like Gecko) Chrome/60.0.3112.113 Safari/537.36"
45.156.129.153 - - [21/Oct/2025:04:06:18 +0800] "GET /sugar_version.json HTTP/1.1" 404 8989 "-" "Mozilla/5.0 (Windows NT 10.0; Win64; x64) AppleWebKit/537.36 (KHTML, like Gecko) Chrome/60.0.3112.113 Safari/537.36"
45.156.129.153 - - [21/Oct/2025:04:06:31 +0800] "GET /OA_HTML/AppsLocalLogin.jsp HTTP/1.1" 404 8989 "-" "Mozilla/5.0 (Windows NT 10.0; Win64; x64) AppleWebKit/537.36 (KHTML, like Gecko) Chrome/60.0.3112.113 Safari/537.36"
45.156.129.154 - - [21/Oct/2025:04:06:42 +0800] "GET /xmldata?item=all HTTP/1.1" 404 8989 "-" "Mozilla/5.0 (Windows NT 10.0; Win64; x64) AppleWebKit/537.36 (KHTML, like Gecko) Chrome/60.0.3112.113 Safari/537.36"
45.156.129.152 - - [21/Oct/2025:04:06:43 +0800] "GET /partymgr/control/main HTTP/1.1" 404 8989 "-" "Mozilla/5.0 (Windows NT 10.0; Win64; x64) AppleWebKit/537.36 (KHTML, like Gecko) Chrome/60.0.3112.113 Safari/537.36"
36.133.115.36 - - [21/Oct/2025:04:06:57 +0800] "POST /wp-cron.php?doing_wp_cron=1760990817.5961821079254150390625 HTTP/1.1" 200 31 "-" "WordPress/6.8.2; http://cqqizhou.com"
45.156.129.154 - - [21/Oct/2025:04:06:57 +0800] "GET / HTTP/1.1" 301 5 "-" "Mozilla/5.0 (Windows NT 10.0; Win64; x64) AppleWebKit/537.36 (KHTML, like Gecko) Chrome/60.0.3112.113 Safari/537.36"
45.156.129.155 - - [21/Oct/2025:04:06:59 +0800] "GET / HTTP/1.1" 200 33932 "http://36.133.115.36/" "Mozilla/5.0 (Windows NT 10.0; Win64; x64) AppleWebKit/537.36 (KHTML, like Gecko) Chrome/60.0.3112.113 Safari/537.36"
45.156.129.154 - - [21/Oct/2025:04:07:01 +0800] "GET /sitecore/shell/sitecore.version.xml HTTP/1.1" 404 8989 "-" "Mozilla/5.0 (Windows NT 10.0; Win64; x64) AppleWebKit/537.36 (KHTML, like Gecko) Chrome/60.0.3112.113 Safari/537.36"
45.156.129.152 - - [21/Oct/2025:04:07:04 +0800] "GET /WebInterface/ HTTP/1.1" 404 8989 "-" "Mozilla/5.0 (Windows NT 10.0; Win64; x64) AppleWebKit/537.36 (KHTML, like Gecko) Chrome/60.0.3112.113 Safari/537.36"
45.156.129.154 - - [21/Oct/2025:04:07:05 +0800] "GET /admin/ HTTP/1.1" 302 5 "-" "Mozilla/5.0 (Windows NT 10.0; Win64; x64) AppleWebKit/537.36 (KHTML, like Gecko) Chrome/60.0.3112.113 Safari/537.36"
45.156.129.154 - - [21/Oct/2025:04:07:07 +0800] "GET /webfig/ HTTP/1.1" 404 8989 "-" "Mozilla/5.0 (Windows NT 10.0; Win64; x64) AppleWebKit/537.36 (KHTML, like Gecko) Chrome/60.0.3112.113 Safari/537.36"
45.156.129.152 - - [21/Oct/2025:04:07:11 +0800] "GET /cgi-bin/authLogin.cgi HTTP/1.1" 404 8989 "-" "Mozilla/5.0 (Windows NT 10.0; Win64; x64) AppleWebKit/537.36 (KHTML, like Gecko) Chrome/60.0.3112.113 Safari/537.36"
45.156.129.153 - - [21/Oct/2025:04:07:14 +0800] "GET /login.html HTTP/1.1" 404 8990 "-" "Mozilla/5.0 (Windows NT 10.0; Win64; x64) AppleWebKit/537.36 (KHTML, like Gecko) Chrome/60.0.3112.113 Safari/537.36"
45.156.129.154 - - [21/Oct/2025:04:07:16 +0800] "GET /jasperserver/login.html HTTP/1.1" 404 8989 "-" "Mozilla/5.0 (Windows NT 10.0; Win64; x64) AppleWebKit/537.36 (KHTML, like Gecko) Chrome/60.0.3112.113 Safari/537.36"
45.156.129.153 - - [21/Oct/2025:04:07:19 +0800] "GET /jasperserver-pro/login.html HTTP/1.1" 404 8989 "-" "Mozilla/5.0 (Windows NT 10.0; Win64; x64) AppleWebKit/537.36 (KHTML, like Gecko) Chrome/60.0.3112.113 Safari/537.36"
45.156.129.153 - - [21/Oct/2025:04:07:22 +0800] "GET /jasperserverTest/login.html HTTP/1.1" 404 8989 "-" "Mozilla/5.0 (Windows NT 10.0; Win64; x64) AppleWebKit/537.36 (KHTML, like Gecko) Chrome/60.0.3112.113 Safari/537.36"
45.156.129.153 - - [21/Oct/2025:04:07:25 +0800] "GET /console HTTP/1.1" 404 8989 "-" "Mozilla/5.0 (Windows NT 10.0; Win64; x64) AppleWebKit/537.36 (KHTML, like Gecko) Chrome/60.0.3112.113 Safari/537.36"
45.156.129.153 - - [21/Oct/2025:04:07:28 +0800] "GET /login/login HTTP/1.1" 404 8989 "-" "Mozilla/5.0 (Windows NT 10.0; Win64; x64) AppleWebKit/537.36 (KHTML, like Gecko) Chrome/60.0.3112.113 Safari/537.36"
45.156.129.152 - - [21/Oct/2025:04:07:29 +0800] "GET /aspera/faspex/ HTTP/1.1" 404 8989 "-" "Mozilla/5.0 (Windows NT 10.0; Win64; x64) AppleWebKit/537.36 (KHTML, like Gecko) Chrome/60.0.3112.113 Safari/537.36"
45.156.129.152 - - [21/Oct/2025:04:07:31 +0800] "GET /index.jsp HTTP/1.1" 404 8989 "-" "Mozilla/5.0 (Windows NT 10.0; Win64; x64) AppleWebKit/537.36 (KHTML, like Gecko) Chrome/60.0.3112.113 Safari/537.36"
36.133.115.36 - - [21/Oct/2025:04:14:45 +0800] "POST /wp-cron.php?doing_wp_cron=1760991285.2495648860931396484375 HTTP/1.1" 200 31 "-" "WordPress/6.8.2; http://cqqizhou.com"
43.157.38.131 - - [21/Oct/2025:04:14:45 +0800] "GET /wp-json/oembed/1.0/embed?url=http%3A%2F%2Fcqqizhou.com%2F2164%2F HTTP/1.1" 200 1232 "-" "Mozilla/5.0 (iPhone; CPU iPhone OS 13_2_3 like Mac OS X) AppleWebKit/605.1.15 (KHTML, like Gecko) Version/13.0.3 Mobile/15E148 Safari/604.1"
36.133.115.36 - - [21/Oct/2025:04:16:48 +0800] "POST /wp-cron.php?doing_wp_cron=1760991408.0453829765319824218750 HTTP/1.1" 200 31 "-" "WordPress/6.8.2; http://cqqizhou.com"
36.133.108.125 - - [21/Oct/2025:04:16:48 +0800] "HEAD /xmldata?item=all HTTP/1.1" 404 0 "-" "Mozilla/5.0 (Windows NT 6.1; WOW64; rv:31.0) Gecko/20130401 Firefox/31.0"
36.133.108.125 - - [21/Oct/2025:04:16:54 +0800] "HEAD /partymgr/control/main HTTP/1.1" 404 0 "-" "Mozilla/5.0 (Windows NT 6.1; WOW64; rv:31.0) Gecko/20130401 Firefox/31.0"
36.133.115.36 - - [21/Oct/2025:04:20:41 +0800] "POST /wp-cron.php?doing_wp_cron=1760991641.8011450767517089843750 HTTP/1.1" 200 31 "-" "WordPress/6.8.2; http://cqqizhou.com"
43.130.15.147 - - [21/Oct/2025:04:20:41 +0800] "GET /wp-json/oembed/1.0/embed?url=http%3A%2F%2Fcqqizhou.com%2F2231%2F HTTP/1.1" 200 1296 "-" "Mozilla/5.0 (iPhone; CPU iPhone OS 13_2_3 like Mac OS X) AppleWebKit/605.1.15 (KHTML, like Gecko) Version/13.0.3 Mobile/15E148 Safari/604.1"
36.133.115.36 - - [21/Oct/2025:04:25:26 +0800] "POST /wp-cron.php?doing_wp_cron=1760991926.7576069831848144531250 HTTP/1.1" 200 31 "-" "WordPress/6.8.2; http://cqqizhou.com"
87.120.191.84 - - [21/Oct/2025:04:25:27 +0800] "GET / HTTP/1.1" 200 33466 "-" "Mozilla/5.0 (Windows NT 10.0; Win64; x64) AppleWebKit/537.36 (KHTML, like Gecko) Chrome/90.0.4430.85 Safari/537.36 Edg/90.0.818.46"
36.133.115.36 - - [21/Oct/2025:04:30:17 +0800] "POST /wp-cron.php?doing_wp_cron=1760992217.2232398986816406250000 HTTP/1.1" 200 31 "-" "WordPress/6.8.2; http://cqqizhou.com"
43.157.149.188 - - [21/Oct/2025:04:30:17 +0800] "GET /2215/ HTTP/1.1" 200 20081 "-" "Mozilla/5.0 (iPhone; CPU iPhone OS 13_2_3 like Mac OS X) AppleWebKit/605.1.15 (KHTML, like Gecko) Version/13.0.3 Mobile/15E148 Safari/604.1"
36.133.115.36 - - [21/Oct/2025:04:40:56 +0800] "POST /wp-cron.php?doing_wp_cron=1760992856.2793860435485839843750 HTTP/1.1" 200 31 "-" "WordPress/6.8.2; http://cqqizhou.com"
170.106.197.109 - - [21/Oct/2025:04:40:56 +0800] "GET /wp-json/oembed/1.0/embed?url=http%3A%2F%2Fcqqizhou.com%2F2214%2F HTTP/1.1" 200 1243 "-" "Mozilla/5.0 (iPhone; CPU iPhone OS 13_2_3 like Mac OS X) AppleWebKit/605.1.15 (KHTML, like Gecko) Version/13.0.3 Mobile/15E148 Safari/604.1"
36.133.115.36 - - [21/Oct/2025:04:43:05 +0800] "POST /wp-cron.php?doing_wp_cron=1760992985.1125640869140625000000 HTTP/1.1" 200 31 "-" "WordPress/6.8.2; http://cqqizhou.com"
3.90.204.214 - - [21/Oct/2025:04:43:05 +0800] "GET / HTTP/1.1" 301 5 "-" "Mozilla/5.0 (Windows NT 10.0; Win64; x64) AppleWebKit/537.36 (KHTML, like Gecko) Chrome/136.0.0.0 Safari/537.36"
36.133.115.36 - - [21/Oct/2025:04:44:56 +0800] "POST /wp-cron.php?doing_wp_cron=1760993096.0044829845428466796875 HTTP/1.1" 200 31 "-" "WordPress/6.8.2; http://cqqizhou.com"
87.120.191.84 - - [21/Oct/2025:04:44:56 +0800] "GET / HTTP/1.1" 200 33466 "-" "Mozilla/5.0 (Windows NT 10.0; Win64; x64) AppleWebKit/537.36 (KHTML, like Gecko) Chrome/90.0.4430.85 Safari/537.36 Edg/90.0.818.46"
27.185.229.26 - - [21/Oct/2025:04:46:41 +0800] "GET / HTTP/1.1" 200 33932 "-" "Mozilla/5.0 (Windows NT 10.0; Win64; x64) AppleWebKit/537.36 (KHTML, like Gecko) Chrome/127.0.0.0 Safari/537.36"
36.133.115.36 - - [21/Oct/2025:04:56:27 +0800] "POST /wp-cron.php?doing_wp_cron=1760993787.5426850318908691406250 HTTP/1.1" 200 31 "-" "WordPress/6.8.2; http://cqqizhou.com"
20.171.207.97 - - [21/Oct/2025:04:56:27 +0800] "GET /wp-sitemap.xml HTTP/1.1" 501 253 "-" "Mozilla/5.0 AppleWebKit/537.36 (KHTML, like Gecko; compatible; GPTBot/1.2; +https://openai.com/gptbot)"
36.133.115.36 - - [21/Oct/2025:05:01:49 +0800] "POST /wp-cron.php?doing_wp_cron=1760994109.2648670673370361328125 HTTP/1.1" 200 31 "-" "WordPress/6.8.2; http://cqqizhou.com"
87.120.191.84 - - [21/Oct/2025:05:01:49 +0800] "GET / HTTP/1.1" 200 33466 "-" "Mozilla/5.0 (Windows NT 10.0; Win64; x64) AppleWebKit/537.36 (KHTML, like Gecko) Chrome/90.0.4430.85 Safari/537.36 Edg/90.0.818.46"
36.133.115.36 - - [21/Oct/2025:05:07:36 +0800] "POST /wp-cron.php?doing_wp_cron=1760994456.6570110321044921875000 HTTP/1.1" 200 31 "-" "WordPress/6.8.2; http://cqqizhou.com"
5.253.86.217 - - [21/Oct/2025:05:07:36 +0800] "GET /cgi-bin/luci/;stok=/locale HTTP/1.1" 301 5 "-" "-"
36.133.115.36 - - [21/Oct/2025:05:17:20 +0800] "POST /wp-cron.php?doing_wp_cron=1760995040.8649630546569824218750 HTTP/1.1" 200 31 "-" "WordPress/6.8.2; http://cqqizhou.com"
87.120.191.93 - - [21/Oct/2025:05:17:21 +0800] "GET / HTTP/1.1" 200 151919 "http://36.133.115.36:80/" "Mozilla/5.0 (X11; Linux x86_64) AppleWebKit/537.36 (KHTML, like Gecko) Chrome/126.0.0.0 Safari/537.36"
36.133.115.36 - - [21/Oct/2025:05:21:51 +0800] "POST /wp-cron.php?doing_wp_cron=1760995311.1608049869537353515625 HTTP/1.1" 200 31 "-" "WordPress/6.8.2; http://cqqizhou.com"
87.120.191.84 - - [21/Oct/2025:05:21:51 +0800] "GET / HTTP/1.1" 200 33466 "-" "Mozilla/5.0 (Windows NT 10.0; Win64; x64) AppleWebKit/537.36 (KHTML, like Gecko) Chrome/90.0.4430.85 Safari/537.36 Edg/90.0.818.46"
36.133.115.36 - - [21/Oct/2025:05:23:42 +0800] "POST /wp-cron.php?doing_wp_cron=1760995421.9627740383148193359375 HTTP/1.1" 200 31 "-" "WordPress/6.8.2; http://cqqizhou.com"
36.133.108.125 - - [21/Oct/2025:05:23:42 +0800] "HEAD /OA_HTML/AppsLocalLogin.jsp HTTP/1.1" 404 0 "-" "Mozilla/5.0 (Macintosh; U; Intel Mac OS X 10_6_6; fr-ch) AppleWebKit/533.19.4 (KHTML, like Gecko) Version/5.0.3 Safari/533.19.4"
36.133.115.36 - - [21/Oct/2025:05:33:11 +0800] "POST /wp-cron.php?doing_wp_cron=1760995991.4525840282440185546875 HTTP/1.1" 200 31 "-" "WordPress/6.8.2; http://cqqizhou.com"
185.132.53.174 - - [21/Oct/2025:05:33:11 +0800] "GET / HTTP/1.1" 200 33466 "-" "Linux Gnu (cow)"
36.133.115.36 - - [21/Oct/2025:05:41:07 +0800] "POST /wp-cron.php?doing_wp_cron=1760996467.1739048957824707031250 HTTP/1.1" 200 31 "-" "WordPress/6.8.2; http://cqqizhou.com"
87.120.191.84 - - [21/Oct/2025:05:41:07 +0800] "GET / HTTP/1.1" 200 33466 "-" "Mozilla/5.0 (Windows NT 10.0; Win64; x64) AppleWebKit/537.36 (KHTML, like Gecko) Chrome/90.0.4430.85 Safari/537.36 Edg/90.0.818.46"
36.133.115.36 - - [21/Oct/2025:06:06:08 +0800] "POST /wp-cron.php?doing_wp_cron=1760997968.9204549789428710937500 HTTP/1.1" 200 31 "-" "WordPress/6.8.2; http://cqqizhou.com"
213.209.143.66 - - [21/Oct/2025:06:06:09 +0800] "GET / HTTP/1.1" 200 33466 "-" "Mozilla/5.0 (Windows NT 10.0; Win64; x64) AppleWebKit/537.36 (KHTML, like Gecko) Chrome/90.0.4430.85 Safari/537.36 Edg/90.0.818.46"
36.133.115.36 - - [21/Oct/2025:06:10:53 +0800] "POST /wp-cron.php?doing_wp_cron=1760998253.2737109661102294921875 HTTP/1.1" 200 31 "-" "WordPress/6.8.2; http://cqqizhou.com"
87.120.191.84 - - [21/Oct/2025:06:10:53 +0800] "GET / HTTP/1.1" 200 33466 "-" "Mozilla/5.0 (Windows NT 10.0; Win64; x64) AppleWebKit/537.36 (KHTML, like Gecko) Chrome/90.0.4430.85 Safari/537.36 Edg/90.0.818.46"
36.133.115.36 - - [21/Oct/2025:06:18:43 +0800] "POST /wp-cron.php?doing_wp_cron=1760998723.2878320217132568359375 HTTP/1.1" 200 31 "-" "WordPress/6.8.2; http://cqqizhou.com"
220.181.108.146 - - [21/Oct/2025:06:18:43 +0800] "GET /industry/ HTTP/1.1" 200 21941 "-" "Mozilla/5.0 (compatible; Baiduspider/2.0; +http://www.baidu.com/search/spider.html)"
38.181.50.27 - - [21/Oct/2025:06:18:58 +0800] "GET / HTTP/1.1" 200 33932 "-" "RestSharp/112.1.0.0"
36.133.115.36 - - [21/Oct/2025:06:20:15 +0800] "POST /wp-cron.php?doing_wp_cron=1760998815.6786038875579833984375 HTTP/1.1" 200 31 "-" "WordPress/6.8.2; http://cqqizhou.com"
128.199.8.140 - - [21/Oct/2025:06:20:15 +0800] "GET / HTTP/1.1" 301 5 "-" "Mozilla/5.0 (compatible; InternetMeasurement/1.0; +https://internet-measurement.com/)"
128.199.8.140 - - [21/Oct/2025:06:21:29 +0800] "GET / HTTP/1.1" 200 33932 "http://36.133.115.36" "Mozilla/5.0 (compatible; InternetMeasurement/1.0; +https://internet-measurement.com/)"
36.133.115.36 - - [21/Oct/2025:06:28:54 +0800] "POST /wp-cron.php?doing_wp_cron=1760999334.8034179210662841796875 HTTP/1.1" 200 31 "-" "WordPress/6.8.2; http://cqqizhou.com"
87.120.191.84 - - [21/Oct/2025:06:28:55 +0800] "GET / HTTP/1.1" 200 33466 "-" "Mozilla/5.0 (Windows NT 10.0; Win64; x64) AppleWebKit/537.36 (KHTML, like Gecko) Chrome/90.0.4430.85 Safari/537.36 Edg/90.0.818.46"
36.133.115.36 - - [21/Oct/2025:06:38:22 +0800] "POST /wp-cron.php?doing_wp_cron=1760999902.6578071117401123046875 HTTP/1.1" 200 31 "-" "WordPress/6.8.2; http://cqqizhou.com"
220.181.108.177 - - [21/Oct/2025:06:38:22 +0800] "GET /wp-content/uploads/2025/07/1753456723-%CB%AB%CF%E0%B8%D6roduct_Single600.webp HTTP/1.1" 404 31381 "-" "Mozilla/5.0 (compatible; Baiduspider/2.0; +http://www.baidu.com/search/spider.html)"
220.181.108.101 - - [21/Oct/2025:06:38:41 +0800] "GET /wp-content/uploads/2025/07/1753453096-%CB%AB%CF%E0%B8%D6product_Single600%A1%C1284.webp HTTP/1.1" 404 31381 "-" "Mozilla/5.0 (compatible; Baiduspider/2.0; +http://www.baidu.com/search/spider.html)"
220.181.108.168 - - [21/Oct/2025:06:38:42 +0800] "GET /wp-content/uploads/2025/07/1753456770-%C8%C8%B6%C6%D0%BF%BE%EDproduct_Single600.webp HTTP/1.1" 404 31381 "-" "Mozilla/5.0 (compatible; Baiduspider/2.0; +http://www.baidu.com/search/spider.html)"
36.133.115.36 - - [21/Oct/2025:06:38:47 +0800] "POST /wp-cron.php?doing_wp_cron=1760999927.6772930622100830078125 HTTP/1.1" 200 31 "-" "WordPress/6.8.2; http://cqqizhou.com"
220.181.108.112 - - [21/Oct/2025:06:38:47 +0800] "GET /wp-content/uploads/2025/07/1753453127-%D3%E0%BE%EDproduct_Single600%A1%C1284.webp HTTP/1.1" 404 31381 "-" "Mozilla/5.0 (compatible; Baiduspider/2.0; +http://www.baidu.com/search/spider.html)"
36.133.115.36 - - [21/Oct/2025:06:40:19 +0800] "POST /wp-cron.php?doing_wp_cron=1761000019.5069680213928222656250 HTTP/1.1" 200 31 "-" "WordPress/6.8.2; http://cqqizhou.com"
87.120.191.93 - - [21/Oct/2025:06:40:20 +0800] "GET / HTTP/1.1" 200 151919 "http://36.133.115.36:80/" "Mozilla/5.0 (X11; Linux x86_64) AppleWebKit/537.36 (KHTML, like Gecko) Chrome/126.0.0.0 Safari/537.36"
36.133.115.36 - - [21/Oct/2025:06:42:46 +0800] "POST /wp-cron.php?doing_wp_cron=1761000166.1216430664062500000000 HTTP/1.1" 200 31 "-" "WordPress/6.8.2; http://cqqizhou.com"
195.96.129.4 - - [21/Oct/2025:06:42:46 +0800] "GET / HTTP/1.1" 200 33467 "-" "Mozilla/5.0 (Windows NT 10.0; Win64; x64) AppleWebKit/537.36 (KHTML, like Gecko) Chrome/90.0.4430.85 Safari/537.36 Edg/90.0.818.46"
36.133.115.36 - - [21/Oct/2025:06:45:42 +0800] "POST /wp-cron.php?doing_wp_cron=1761000342.9306659698486328125000 HTTP/1.1" 200 31 "-" "WordPress/6.8.2; http://cqqizhou.com"
5.253.86.217 - - [21/Oct/2025:06:45:42 +0800] "GET /cgi-bin/luci/;stok=/locale HTTP/1.1" 301 5 "-" "-"
5.253.86.217 - - [21/Oct/2025:06:45:44 +0800] "GET /cgi-bin/luci/;stok=/locale HTTP/1.1" 404 31381 "http://36.133.115.36:80/cgi-bin/luci/;stok=/locale" "-"
36.133.115.36 - - [21/Oct/2025:06:47:54 +0800] "POST /wp-cron.php?doing_wp_cron=1761000474.8476939201354980468750 HTTP/1.1" 200 31 "-" "WordPress/6.8.2; http://cqqizhou.com"
172.182.204.90 - - [21/Oct/2025:06:47:54 +0800] "GET /robots.txt HTTP/1.1" 200 190 "-" "Mozilla/5.0 AppleWebKit/537.36 (KHTML, like Gecko; compatible; GPTBot/1.0; +https://openai.com/gptbot)"
36.133.115.36 - - [21/Oct/2025:06:51:02 +0800] "POST /wp-cron.php?doing_wp_cron=1761000662.7315549850463867187500 HTTP/1.1" 200 31 "-" "WordPress/6.8.2; http://cqqizhou.com"
87.120.191.84 - - [21/Oct/2025:06:51:03 +0800] "GET / HTTP/1.1" 200 33465 "-" "Mozilla/5.0 (Windows NT 10.0; Win64; x64) AppleWebKit/537.36 (KHTML, like Gecko) Chrome/90.0.4430.85 Safari/537.36 Edg/90.0.818.46"
36.133.115.36 - - [21/Oct/2025:06:58:11 +0800] "POST /wp-cron.php?doing_wp_cron=1761001091.8868510723114013671875 HTTP/1.1" 200 31 "-" "WordPress/6.8.2; http://cqqizhou.com"
116.179.32.225 - - [21/Oct/2025:06:58:11 +0800] "GET /wp-json/oembed/1.0/embed?url=http%3A%2F%2Fcqqizhou.com%2Fbug%2F HTTP/1.1" 200 1105 "-" "Mozilla/5.0 (compatible; Baiduspider/2.0; +http://www.baidu.com/search/spider.html)"
36.133.115.36 - - [21/Oct/2025:07:05:20 +0800] "POST /wp-cron.php?doing_wp_cron=1761001520.8509910106658935546875 HTTP/1.1" 200 31 "-" "WordPress/6.8.2; http://cqqizhou.com"
87.120.191.84 - - [21/Oct/2025:07:05:21 +0800] "GET / HTTP/1.1" 200 33466 "-" "Mozilla/5.0 (Windows NT 10.0; Win64; x64) AppleWebKit/537.36 (KHTML, like Gecko) Chrome/90.0.4430.85 Safari/537.36 Edg/90.0.818.46"
5.253.86.217 - - [21/Oct/2025:07:05:45 +0800] "GET / HTTP/1.1" 200 151919 "-" "Mozilla/5.0 (Windows NT 10.0; Win64; x64) AppleWebKit/537.36 (KHTML, like Gecko) Chrome/42.0.2311.135 Safari/537.36 Edge/12.246"
36.133.115.36 - - [21/Oct/2025:07:08:49 +0800] "POST /wp-cron.php?doing_wp_cron=1761001729.1698698997497558593750 HTTP/1.1" 200 31 "-" "WordPress/6.8.2; http://cqqizhou.com"
87.120.191.93 - - [21/Oct/2025:07:08:50 +0800] "GET / HTTP/1.1" 200 151919 "http://36.133.115.36:80/" "Mozilla/5.0 (X11; Linux x86_64) AppleWebKit/537.36 (KHTML, like Gecko) Chrome/126.0.0.0 Safari/537.36"
36.133.115.36 - - [21/Oct/2025:07:15:53 +0800] "POST /wp-cron.php?doing_wp_cron=1761002153.5113670825958251953125 HTTP/1.1" 200 31 "-" "WordPress/6.8.2; http://cqqizhou.com"
36.133.108.119 - - [21/Oct/2025:07:15:53 +0800] "HEAD /.env.bak HTTP/1.1" 404 0 "-" "Mozilla/5.0 (iPad; CPU OS 6_0 like Mac OS X) AppleWebKit/536.26 (KHTML, like Gecko) Version/6.0 Mobile/10A5355d Safari/8536.25"
36.133.108.121 - - [21/Oct/2025:07:16:05 +0800] "HEAD /info.php HTTP/1.1" 200 0 "-" "Mozilla/5.0 (compatible; MSIE 9.0; Windows NT 6.1; Trident/5.0; FunWebProducts)"
36.133.115.36 - - [21/Oct/2025:07:16:53 +0800] "POST /wp-cron.php?doing_wp_cron=1761002213.9556429386138916015625 HTTP/1.1" 200 31 "-" "WordPress/6.8.2; http://cqqizhou.com"
139.224.0.39 - - [21/Oct/2025:07:16:54 +0800] "HEAD /start/index.html HTTP/1.1" 404 0 "-" "-"
139.224.0.39 - - [21/Oct/2025:07:16:54 +0800] "HEAD /pscc/ HTTP/1.1" 404 0 "-" "-"
36.133.115.36 - - [21/Oct/2025:07:30:14 +0800] "POST /wp-cron.php?doing_wp_cron=1761003014.4383280277252197265625 HTTP/1.1" 200 31 "-" "WordPress/6.8.2; http://cqqizhou.com"
188.166.218.74 - - [21/Oct/2025:07:30:14 +0800] "GET / HTTP/1.1" 200 151919 "-" "Mozilla/5.0 (Windows NT 10.0; Win64; x64) AppleWebKit/537.36 (KHTML, like Gecko) Chrome/125.0.0.0 Safari/537.36"
36.133.115.36 - - [21/Oct/2025:07:38:38 +0800] "POST /wp-cron.php?doing_wp_cron=1761003518.3924829959869384765625 HTTP/1.1" 200 31 "-" "WordPress/6.8.2; http://cqqizhou.com"
36.133.108.121 - - [21/Oct/2025:07:38:38 +0800] "HEAD /frontend/web/debug/default/view?panel=config HTTP/1.1" 404 0 "-" "Mozilla/5.0 (Macintosh; Intel Mac OS X 10_9_2) AppleWebKit/537.36 (KHTML, like Gecko) Chrome/36.0.1944.0 Safari/537.36"
36.133.115.36 - - [21/Oct/2025:07:40:02 +0800] "POST /wp-cron.php?doing_wp_cron=1761003602.2799229621887207031250 HTTP/1.1" 200 31 "-" "WordPress/6.8.2; http://cqqizhou.com"
36.133.108.119 - - [21/Oct/2025:07:40:02 +0800] "HEAD /.config HTTP/1.1" 404 0 "-" "Mozilla/5.0 (Macintosh; U; Intel Mac OS X 10_5_8; zh-cn) AppleWebKit/533.18.1 (KHTML, like Gecko) Version/5.0.2 Safari/533.18.5"
36.133.115.36 - - [21/Oct/2025:07:41:36 +0800] "POST /wp-cron.php?doing_wp_cron=1761003696.7143208980560302734375 HTTP/1.1" 200 31 "-" "WordPress/6.8.2; http://cqqizhou.com"
87.120.191.84 - - [21/Oct/2025:07:41:37 +0800] "GET / HTTP/1.1" 200 33466 "-" "Mozilla/5.0 (Windows NT 10.0; Win64; x64) AppleWebKit/537.36 (KHTML, like Gecko) Chrome/90.0.4430.85 Safari/537.36 Edg/90.0.818.46"
36.133.115.36 - - [21/Oct/2025:07:55:40 +0800] "POST /wp-cron.php?doing_wp_cron=1761004540.1458330154418945312500 HTTP/1.1" 200 31 "-" "WordPress/6.8.2; http://cqqizhou.com"
87.120.191.84 - - [21/Oct/2025:07:55:40 +0800] "GET / HTTP/1.1" 200 33466 "-" "Mozilla/5.0 (Windows NT 10.0; Win64; x64) AppleWebKit/537.36 (KHTML, like Gecko) Chrome/90.0.4430.85 Safari/537.36 Edg/90.0.818.46"
36.133.115.36 - - [21/Oct/2025:08:11:51 +0800] "POST /wp-cron.php?doing_wp_cron=1761005511.4384040832519531250000 HTTP/1.1" 200 31 "-" "WordPress/6.8.2; http://cqqizhou.com"
5.253.86.217 - - [21/Oct/2025:08:11:51 +0800] "GET /cgi-bin/luci/;stok=/locale HTTP/1.1" 301 5 "-" "-"
5.253.86.217 - - [21/Oct/2025:08:11:52 +0800] "GET /cgi-bin/luci/;stok=/locale HTTP/1.1" 404 31381 "http://36.133.115.36:80/cgi-bin/luci/;stok=/locale" "-"
36.133.115.36 - - [21/Oct/2025:08:17:17 +0800] "POST /wp-cron.php?doing_wp_cron=1761005837.5580708980560302734375 HTTP/1.1" 200 31 "-" "WordPress/6.8.2; http://cqqizhou.com"
5.253.86.217 - - [21/Oct/2025:08:17:18 +0800] "GET / HTTP/1.1" 200 151919 "-" "Mozilla/5.0 (Windows NT 10.0; Win64; x64) AppleWebKit/537.36 (KHTML, like Gecko) Chrome/42.0.2311.135 Safari/537.36 Edge/12.246"
36.133.115.36 - - [21/Oct/2025:08:38:08 +0800] "POST /wp-cron.php?doing_wp_cron=1761007088.5381340980529785156250 HTTP/1.1" 200 31 "-" "WordPress/6.8.2; http://cqqizhou.com"
87.120.191.84 - - [21/Oct/2025:08:38:08 +0800] "GET / HTTP/1.1" 200 33466 "-" "Mozilla/5.0 (Windows NT 10.0; Win64; x64) AppleWebKit/537.36 (KHTML, like Gecko) Chrome/90.0.4430.85 Safari/537.36 Edg/90.0.818.46"
36.133.115.36 - - [21/Oct/2025:08:54:33 +0800] "POST /wp-cron.php?doing_wp_cron=1761008073.4323720932006835937500 HTTP/1.1" 200 31 "-" "WordPress/6.8.2; http://cqqizhou.com"
87.120.191.84 - - [21/Oct/2025:08:54:33 +0800] "GET / HTTP/1.1" 200 33466 "-" "Mozilla/5.0 (Windows NT 10.0; Win64; x64) AppleWebKit/537.36 (KHTML, like Gecko) Chrome/90.0.4430.85 Safari/537.36 Edg/90.0.818.46"
36.133.115.36 - - [21/Oct/2025:08:57:20 +0800] "POST /wp-cron.php?doing_wp_cron=1761008240.6941881179809570312500 HTTP/1.1" 200 31 "-" "WordPress/6.8.2; http://cqqizhou.com"
213.209.143.66 - - [21/Oct/2025:08:57:21 +0800] "GET / HTTP/1.1" 200 33466 "-" "Mozilla/5.0 (Windows NT 10.0; Win64; x64) AppleWebKit/537.36 (KHTML, like Gecko) Chrome/90.0.4430.85 Safari/537.36 Edg/90.0.818.46"
36.133.115.36 - - [21/Oct/2025:09:09:09 +0800] "POST /wp-cron.php?doing_wp_cron=1761008949.9396960735321044921875 HTTP/1.1" 200 31 "-" "WordPress/6.8.2; http://cqqizhou.com"
195.96.129.4 - - [21/Oct/2025:09:09:10 +0800] "GET / HTTP/1.1" 200 33466 "-" "Mozilla/5.0 (Windows NT 10.0; Win64; x64) AppleWebKit/537.36 (KHTML, like Gecko) Chrome/90.0.4430.85 Safari/537.36 Edg/90.0.818.46"
36.133.115.36 - - [21/Oct/2025:09:17:07 +0800] "POST /wp-cron.php?doing_wp_cron=1761009427.3816189765930175781250 HTTP/1.1" 200 31 "-" "WordPress/6.8.2; http://cqqizhou.com"
5.253.86.217 - - [21/Oct/2025:09:17:07 +0800] "GET /cgi-bin/luci/;stok=/locale HTTP/1.1" 301 5 "-" "-"
36.133.115.36 - - [21/Oct/2025:09:20:12 +0800] "POST /wp-cron.php?doing_wp_cron=1761009612.9503750801086425781250 HTTP/1.1" 200 31 "-" "WordPress/6.8.2; http://cqqizhou.com"
36.133.108.119 - - [21/Oct/2025:09:20:13 +0800] "HEAD /.git/config HTTP/1.1" 404 0 "-" "Mozilla/5.0 (Windows; U; Windows NT 6.1; en-US) AppleWebKit/533.20.25 (KHTML, like Gecko) Version/5.0.4 Safari/533.20.27"
188.166.16.179 - - [21/Oct/2025:09:24:37 +0800] "GET /admin/config.php HTTP/1.0" 404 16 "-" "Mozilla/5.0 (X11; Linux x86_64; rv:94.0) Gecko/20100101 Firefox/94.0"
36.133.115.36 - - [21/Oct/2025:09:24:42 +0800] "POST /wp-cron.php?doing_wp_cron=1761009882.0182309150695800781250 HTTP/1.1" 200 31 "-" "WordPress/6.8.2; http://cqqizhou.com"
87.120.191.84 - - [21/Oct/2025:09:24:42 +0800] "GET / HTTP/1.1" 200 33466 "-" "Mozilla/5.0 (Windows NT 10.0; Win64; x64) AppleWebKit/537.36 (KHTML, like Gecko) Chrome/90.0.4430.85 Safari/537.36 Edg/90.0.818.46"
36.133.115.36 - - [21/Oct/2025:09:30:49 +0800] "POST /wp-cron.php?doing_wp_cron=1761010249.2480089664459228515625 HTTP/1.1" 200 31 "-" "WordPress/6.8.2; http://cqqizhou.com"
185.242.226.102 - - [21/Oct/2025:09:30:49 +0800] "GET / HTTP/1.1" 301 5 "-" "Mozilla/5.0 (Windows NT 10.0; Win64; x64) AppleWebKit/537.36 (KHTML, like Gecko) Chrome/88.0.4324.190 Safari/537.36"
185.242.226.102 - - [21/Oct/2025:09:30:58 +0800] "GET / HTTP/1.1" 200 33932 "http://36.133.115.36:80/" "Mozilla/5.0 (Windows NT 10.0; Win64; x64) AppleWebKit/537.36 (KHTML, like Gecko) Chrome/88.0.4324.190 Safari/537.36"
172.236.137.159 - - [21/Oct/2025:09:35:32 +0800] "GET / HTTP/1.1" 301 5 "-" "Mozilla/5.0 (Linux; Android 14; SM-G3518; Build/UP1A.221127.175) AppleWebKit/537.36 (KHTML"
36.133.115.36 - - [21/Oct/2025:09:35:32 +0800] "POST /wp-cron.php?doing_wp_cron=1761010532.8022000789642333984375 HTTP/1.1" 200 31 "-" "WordPress/6.8.2; http://cqqizhou.com"
172.236.137.159 - - [21/Oct/2025:09:35:32 +0800] "GET /webui HTTP/1.1" 404 31381 "-" "Mozilla/5.0 (Linux; Android 14; SM-G3518; Build/UP1A.221127.175) AppleWebKit/537.36 (KHTML"
172.236.137.159 - - [21/Oct/2025:09:35:33 +0800] "GET / HTTP/1.1" 301 5 "-" "Mozilla/5.0 (Linux; Android 14; SM-G3518; Build/UP1A.221127.175) AppleWebKit/537.36 (KHTML"
172.236.137.159 - - [21/Oct/2025:09:35:35 +0800] "GET / HTTP/1.1" 200 151919 "-" "Mozilla/5.0 (Linux; Android 14; SM-G3518; Build/UP1A.221127.175) AppleWebKit/537.36 (KHTML"
172.236.137.159 - - [21/Oct/2025:09:35:36 +0800] "GET /owa/ HTTP/1.1" 404 31381 "-" "Mozilla/5.0 (Linux; Android 14; SM-G3518; Build/UP1A.221127.175) AppleWebKit/537.36 (KHTML"
172.236.137.159 - - [21/Oct/2025:09:35:37 +0800] "GET /owa/ HTTP/1.1" 404 31381 "-" "Mozilla/5.0 (Linux; Android 14; SM-G3518; Build/UP1A.221127.175) AppleWebKit/537.36 (KHTML"
36.133.115.36 - - [21/Oct/2025:09:36:03 +0800] "POST /wp-cron.php?doing_wp_cron=1761010563.5081520080566406250000 HTTP/1.1" 200 31 "-" "WordPress/6.8.2; http://cqqizhou.com"
172.236.137.159 - - [21/Oct/2025:09:36:03 +0800] "GET / HTTP/1.0" 301 0 "-" "-"
172.236.137.159 - - [21/Oct/2025:09:36:04 +0800] "GET / HTTP/1.1" 301 5 "-" "-"
36.133.115.36 - - [21/Oct/2025:09:45:02 +0800] "POST /wp-cron.php?doing_wp_cron=1761011102.0521769523620605468750 HTTP/1.1" 200 31 "-" "WordPress/6.8.2; http://cqqizhou.com"
5.253.86.217 - - [21/Oct/2025:09:45:02 +0800] "GET / HTTP/1.1" 200 151919 "-" "Mozilla/5.0 (Windows NT 10.0; Win64; x64) AppleWebKit/537.36 (KHTML, like Gecko) Chrome/42.0.2311.135 Safari/537.36 Edge/12.246"
36.133.115.36 - - [21/Oct/2025:09:49:21 +0800] "POST /wp-cron.php?doing_wp_cron=1761011361.7543768882751464843750 HTTP/1.1" 200 31 "-" "WordPress/6.8.2; http://cqqizhou.com"
87.120.191.84 - - [21/Oct/2025:09:49:22 +0800] "GET / HTTP/1.1" 200 33465 "-" "Mozilla/5.0 (Windows NT 10.0; Win64; x64) AppleWebKit/537.36 (KHTML, like Gecko) Chrome/90.0.4430.85 Safari/537.36 Edg/90.0.818.46"
36.133.115.36 - - [21/Oct/2025:09:59:37 +0800] "POST /wp-cron.php?doing_wp_cron=1761011977.3968160152435302734375 HTTP/1.1" 200 31 "-" "WordPress/6.8.2; http://cqqizhou.com"
87.120.191.84 - - [21/Oct/2025:09:59:37 +0800] "GET / HTTP/1.1" 200 33466 "-" "Mozilla/5.0 (Windows NT 10.0; Win64; x64) AppleWebKit/537.36 (KHTML, like Gecko) Chrome/90.0.4430.85 Safari/537.36 Edg/90.0.818.46"
36.133.115.36 - - [21/Oct/2025:10:07:34 +0800] "POST /wp-cron.php?doing_wp_cron=1761012454.4206531047821044921875 HTTP/1.1" 200 31 "-" "WordPress/6.8.2; http://cqqizhou.com"
217.172.189.100 - - [21/Oct/2025:10:07:34 +0800] "POST /xmlrpc.php HTTP/1.1" 200 217 "http://cqqizhou.com" "Mozilla/5.0 (Macintosh; Intel Mac OS X 13_3) AppleWebKit/537.36 (KHTML, like Gecko) Chrome/126.0.0.0 Safari/537.36"
36.133.115.36 - - [21/Oct/2025:10:10:27 +0800] "POST /wp-cron.php?doing_wp_cron=1761012627.8168730735778808593750 HTTP/1.1" 200 31 "-" "WordPress/6.8.2; http://cqqizhou.com"
103.246.170.75 - - [21/Oct/2025:10:10:27 +0800] "POST /xmlrpc.php HTTP/1.1" 200 217 "http://cqqizhou.com" "Mozilla/5.0 (Windows NT 11.0; Win64; x64; rv:126.0) Gecko/20100101 Firefox/126.0"
36.133.115.36 - - [21/Oct/2025:10:18:29 +0800] "POST /wp-cron.php?doing_wp_cron=1761013109.9181160926818847656250 HTTP/1.1" 200 31 "-" "WordPress/6.8.2; http://cqqizhou.com"
87.120.191.84 - - [21/Oct/2025:10:18:30 +0800] "GET / HTTP/1.1" 200 33465 "-" "Mozilla/5.0 (Windows NT 10.0; Win64; x64) AppleWebKit/537.36 (KHTML, like Gecko) Chrome/90.0.4430.85 Safari/537.36 Edg/90.0.818.46"
36.133.115.36 - - [21/Oct/2025:10:22:05 +0800] "POST /wp-cron.php?doing_wp_cron=1761013324.9792869091033935546875 HTTP/1.1" 200 31 "-" "WordPress/6.8.2; http://cqqizhou.com"
36.111.67.189 - - [21/Oct/2025:10:22:05 +0800] "GET / HTTP/1.1" 200 33465 "-" "Mozilla/5.0 (iPhone; CPU iPhone OS 13_2_3 like Mac OS X) AppleWebKit/605.1.15 (KHTML, like Gecko) Version/13.0.3 Mobile/15E148 Safari/604.1"
180.153.236.106 - - [21/Oct/2025:10:26:30 +0800] "GET / HTTP/1.1" 200 33932 "http://cqqizhou.com/" "Mozilla/5.0 (Windows NT 10.0; Win64; x64) AppleWebKit/537.36 (KHTML, like Gecko) Chrome/140.0.0.0 Safari/537.36 Edg/140.0.0.0; 360Spider"
36.133.115.36 - - [21/Oct/2025:10:31:42 +0800] "POST /wp-cron.php?doing_wp_cron=1761013902.4610350131988525390625 HTTP/1.1" 200 31 "-" "WordPress/6.8.2; http://cqqizhou.com"
188.166.45.210 - - [21/Oct/2025:10:31:42 +0800] "POST /xmlrpc.php HTTP/1.1" 200 217 "http://cqqizhou.com" "Mozilla/5.0 (Macintosh; Intel Mac OS X 10_15_7) AppleWebKit/537.36 (KHTML, like Gecko) Chrome/126.0.0.0 Safari/537.36"
180.184.144.46 - - [21/Oct/2025:10:33:21 +0800] "GET / HTTP/1.1" 200 33932 "-" "Mozilla/5.0 (Macintosh; Intel Mac OS X 10_15_7) AppleWebKit/537.36 (KHTML, like Gecko) Chrome/106.0.0.0 Safari/537.36"
36.133.115.36 - - [21/Oct/2025:10:34:56 +0800] "POST /wp-cron.php?doing_wp_cron=1761014096.5556859970092773437500 HTTP/1.1" 200 31 "-" "WordPress/6.8.2; http://cqqizhou.com"
87.120.191.84 - - [21/Oct/2025:10:34:56 +0800] "GET / HTTP/1.1" 200 33465 "-" "Mozilla/5.0 (Windows NT 10.0; Win64; x64) AppleWebKit/537.36 (KHTML, like Gecko) Chrome/90.0.4430.85 Safari/537.36 Edg/90.0.818.46"
36.133.115.36 - - [21/Oct/2025:10:36:07 +0800] "POST /wp-cron.php?doing_wp_cron=1761014167.3266890048980712890625 HTTP/1.1" 200 31 "-" "WordPress/6.8.2; http://cqqizhou.com"
159.75.154.150 - - [21/Oct/2025:10:36:07 +0800] "POST /xmlrpc.php HTTP/1.1" 200 217 "http://cqqizhou.com" "Mozilla/5.0 (Macintosh; Intel Mac OS X 10_15_7) AppleWebKit/537.36 (KHTML, like Gecko) Chrome/115.0.5790.102 Safari/537.36"
36.133.115.36 - - [21/Oct/2025:10:46:49 +0800] "POST /wp-cron.php?doing_wp_cron=1761014809.9018809795379638671875 HTTP/1.1" 200 31 "-" "WordPress/6.8.2; http://cqqizhou.com"
5.253.86.217 - - [21/Oct/2025:10:46:49 +0800] "GET /cgi-bin/luci/;stok=/locale HTTP/1.1" 301 5 "-" "-"
5.253.86.217 - - [21/Oct/2025:10:46:51 +0800] "GET /cgi-bin/luci/;stok=/locale HTTP/1.1" 404 31381 "http://36.133.115.36:80/cgi-bin/luci/;stok=/locale" "-"
36.133.115.36 - - [21/Oct/2025:10:49:37 +0800] "POST /wp-cron.php?doing_wp_cron=1761014977.8515338897705078125000 HTTP/1.1" 200 31 "-" "WordPress/6.8.2; http://cqqizhou.com"
165.22.240.243 - - [21/Oct/2025:10:49:37 +0800] "POST /xmlrpc.php HTTP/1.1" 200 217 "http://cqqizhou.com" "Mozilla/5.0 (Macintosh; Intel Mac OS X 10_15_7) AppleWebKit/537.36 (KHTML, like Gecko) Chrome/115.0.5790.102 Safari/537.36"
36.133.115.36 - - [21/Oct/2025:10:51:35 +0800] "POST /wp-cron.php?doing_wp_cron=1761015094.9909911155700683593750 HTTP/1.1" 200 31 "-" "WordPress/6.8.2; http://cqqizhou.com"
115.144.198.95 - - [21/Oct/2025:10:51:35 +0800] "POST /xmlrpc.php HTTP/1.1" 200 217 "-" "Mozilla/5.0 (X11; Ubuntu; Linux x86_64; rv:85.0) Gecko/20100101 Firefox/91.0"
36.133.115.36 - - [21/Oct/2025:10:52:50 +0800] "POST /wp-cron.php?doing_wp_cron=1761015170.8969669342041015625000 HTTP/1.1" 200 31 "-" "WordPress/6.8.2; http://cqqizhou.com"
87.120.191.84 - - [21/Oct/2025:10:52:51 +0800] "GET / HTTP/1.1" 200 33466 "-" "Mozilla/5.0 (Windows NT 10.0; Win64; x64) AppleWebKit/537.36 (KHTML, like Gecko) Chrome/90.0.4430.85 Safari/537.36 Edg/90.0.818.46"
205.169.39.15 - - [21/Oct/2025:10:56:00 +0800] "GET / HTTP/1.1" 200 33932 "-" "Mozilla/5.0 (Windows NT 10.0; Win64; x64) AppleWebKit/537.36 (KHTML, like Gecko) Chrome/117.0.5938.132 Safari/537.36"
205.169.39.15 - - [21/Oct/2025:10:56:01 +0800] "GET /wp-content/uploads/2025/07/1751425283-qizhou.kf_.qq_.com_.webp HTTP/1.1" 200 16864 "http://cqqizhou.com/" "Mozilla/5.0 (Windows NT 10.0; Win64; x64) AppleWebKit/537.36 (KHTML, like Gecko) Chrome/117.0.5938.132 Safari/537.36"
205.169.39.15 - - [21/Oct/2025:10:56:03 +0800] "GET /wp-content/uploads/2025/07/1750174127-Marketing1920x800_3.webp HTTP/1.1" 200 52790 "http://cqqizhou.com/wp-content/uploads/elementor/css/post-1666.css?ver=1756373176" "Mozilla/5.0 (Windows NT 10.0; Win64; x64) AppleWebKit/537.36 (KHTML, like Gecko) Chrome/117.0.5938.132 Safari/537.36"
205.169.39.15 - - [21/Oct/2025:10:56:04 +0800] "GET /wp-content/uploads/2025/07/1753454299-Article_images_W900px.webp HTTP/1.1" 200 52418 "http://cqqizhou.com/" "Mozilla/5.0 (Windows NT 10.0; Win64; x64) AppleWebKit/537.36 (KHTML, like Gecko) Chrome/117.0.5938.132 Safari/537.36"
205.169.39.15 - - [21/Oct/2025:10:56:04 +0800] "GET /wp-content/uploads/2025/07/1753454089-Article_images_W900px.webp HTTP/1.1" 200 27552 "http://cqqizhou.com/" "Mozilla/5.0 (Windows NT 10.0; Win64; x64) AppleWebKit/537.36 (KHTML, like Gecko) Chrome/117.0.5938.132 Safari/537.36"
205.169.39.15 - - [21/Oct/2025:10:56:04 +0800] "GET /wp-content/uploads/2025/07/1753456723-%E5%8F%8C%E7%9B%B8%E9%92%A2roduct_Single600.webp HTTP/1.1" 200 22790 "http://cqqizhou.com/" "Mozilla/5.0 (Windows NT 10.0; Win64; x64) AppleWebKit/537.36 (KHTML, like Gecko) Chrome/117.0.5938.132 Safari/537.36"
205.169.39.15 - - [21/Oct/2025:10:56:04 +0800] "GET /wp-content/uploads/2025/07/1753453096-%E5%8F%8C%E7%9B%B8%E9%92%A2product_Single600%C3%97284.webp HTTP/1.1" 200 14562 "http://cqqizhou.com/" "Mozilla/5.0 (Windows NT 10.0; Win64; x64) AppleWebKit/537.36 (KHTML, like Gecko) Chrome/117.0.5938.132 Safari/537.36"
205.169.39.15 - - [21/Oct/2025:10:56:04 +0800] "GET /wp-content/uploads/2025/07/1753456770-%E7%83%AD%E9%95%80%E9%94%8C%E5%8D%B7product_Single600.webp HTTP/1.1" 200 27502 "http://cqqizhou.com/" "Mozilla/5.0 (Windows NT 10.0; Win64; x64) AppleWebKit/537.36 (KHTML, like Gecko) Chrome/117.0.5938.132 Safari/537.36"
205.169.39.15 - - [21/Oct/2025:10:56:04 +0800] "GET /wp-content/uploads/2025/07/1753453127-%E4%BD%99%E5%8D%B7product_Single600%C3%97284.webp HTTP/1.1" 200 18744 "http://cqqizhou.com/" "Mozilla/5.0 (Windows NT 10.0; Win64; x64) AppleWebKit/537.36 (KHTML, like Gecko) Chrome/117.0.5938.132 Safari/537.36"
205.169.39.15 - - [21/Oct/2025:10:56:05 +0800] "GET /wp-content/uploads/revslider/slider-1/1750929639-yuanjing_Slider_3840%C3%972160_20250626171955-scaled.webp HTTP/1.1" 200 203290 "http://cqqizhou.com/" "Mozilla/5.0 (Windows NT 10.0; Win64; x64) AppleWebKit/537.36 (KHTML, like Gecko) Chrome/117.0.5938.132 Safari/537.36"
205.169.39.15 - - [21/Oct/2025:10:56:06 +0800] "GET /wp-content/uploads/revslider/slider-1/1750861156-logistics_Slider_3840%C3%972160_20250625191356-scaled-50x100.webp HTTP/1.1" 200 1416 "http://cqqizhou.com/" "Mozilla/5.0 (Windows NT 10.0; Win64; x64) AppleWebKit/537.36 (KHTML, like Gecko) Chrome/117.0.5938.132 Safari/537.36"
205.169.39.15 - - [21/Oct/2025:10:56:06 +0800] "GET /wp-content/uploads/2025/07/1753587901-Slider_3840%C3%972160_20250727-scaled-50x100.webp HTTP/1.1" 200 1660 "http://cqqizhou.com/" "Mozilla/5.0 (Windows NT 10.0; Win64; x64) AppleWebKit/537.36 (KHTML, like Gecko) Chrome/117.0.5938.132 Safari/537.36"
205.169.39.15 - - [21/Oct/2025:10:56:06 +0800] "GET /wp-content/uploads/2025/07/1753587901-Slider_3840%C3%972160_20250727-scaled-50x100.webp HTTP/1.1" 200 1660 "http://cqqizhou.com/" "Mozilla/5.0 (Windows NT 10.0; Win64; x64) AppleWebKit/537.36 (KHTML, like Gecko) Chrome/117.0.5938.132 Safari/537.36"
205.169.39.15 - - [21/Oct/2025:10:56:06 +0800] "GET /wp-content/uploads/revslider/slider-1/1750861156-logistics_Slider_3840%C3%972160_20250625191356-scaled-50x100.webp HTTP/1.1" 200 1416 "http://cqqizhou.com/" "Mozilla/5.0 (Windows NT 10.0; Win64; x64) AppleWebKit/537.36 (KHTML, like Gecko) Chrome/117.0.5938.132 Safari/537.36"
36.133.115.36 - - [21/Oct/2025:10:56:06 +0800] "POST /wp-cron.php?doing_wp_cron=1761015366.7402899265289306640625 HTTP/1.1" 200 31 "-" "WordPress/6.8.2; http://cqqizhou.com"
205.169.39.15 - - [21/Oct/2025:10:56:06 +0800] "GET /wp-json/sliderrevolution/sliders/1?srengine=7&slideid=3 HTTP/1.1" 200 2292 "http://cqqizhou.com/" "Mozilla/5.0 (Windows NT 10.0; Win64; x64) AppleWebKit/537.36 (KHTML, like Gecko) Chrome/117.0.5938.132 Safari/537.36"
205.169.39.15 - - [21/Oct/2025:10:56:06 +0800] "GET /wp-json/sliderrevolution/sliders/1?srengine=7&slideid=2 HTTP/1.1" 200 2058 "http://cqqizhou.com/" "Mozilla/5.0 (Windows NT 10.0; Win64; x64) AppleWebKit/537.36 (KHTML, like Gecko) Chrome/117.0.5938.132 Safari/537.36"
205.169.39.15 - - [21/Oct/2025:10:56:07 +0800] "GET /wp-content/uploads/2025/07/1753587901-Slider_3840%C3%972160_20250727-scaled.webp HTTP/1.1" 200 141034 "http://cqqizhou.com/" "Mozilla/5.0 (Windows NT 10.0; Win64; x64) AppleWebKit/537.36 (KHTML, like Gecko) Chrome/117.0.5938.132 Safari/537.36"
205.169.39.15 - - [21/Oct/2025:10:56:07 +0800] "GET /wp-content/uploads/revslider/slider-1/1750861156-logistics_Slider_3840%C3%972160_20250625191356-scaled.webp HTTP/1.1" 200 197360 "http://cqqizhou.com/" "Mozilla/5.0 (Windows NT 10.0; Win64; x64) AppleWebKit/537.36 (KHTML, like Gecko) Chrome/117.0.5938.132 Safari/537.36"
205.169.39.15 - - [21/Oct/2025:10:56:15 +0800] "GET /wp-content/uploads/revslider/slider-1/1750929639-yuanjing_Slider_3840%C3%972160_20250626171955-scaled-50x100.webp HTTP/1.1" 200 1784 "http://cqqizhou.com/" "Mozilla/5.0 (X11; Linux x86_64) AppleWebKit/537.36 (KHTML, like Gecko) HeadlessChrome/127.0.6533.119 Safari/537.36"
36.133.115.36 - - [21/Oct/2025:10:58:42 +0800] "POST /wp-cron.php?doing_wp_cron=1761015522.1038560867309570312500 HTTP/1.1" 200 31 "-" "WordPress/6.8.2; http://cqqizhou.com"
119.8.34.117 - - [21/Oct/2025:10:58:42 +0800] "POST /xmlrpc.php HTTP/1.1" 200 217 "http://cqqizhou.com" "Mozilla/5.0 (Windows NT 10.0; Win64; x64; rv:128.0) Gecko/20100101 Firefox/128.0"
36.133.115.36 - - [21/Oct/2025:11:03:18 +0800] "POST /wp-cron.php?doing_wp_cron=1761015798.1015789508819580078125 HTTP/1.1" 200 31 "-" "WordPress/6.8.2; http://cqqizhou.com"
167.172.113.201 - - [21/Oct/2025:11:03:18 +0800] "POST /xmlrpc.php HTTP/1.1" 200 217 "http://cqqizhou.com" "Mozilla/5.0 (Macintosh; Intel Mac OS X 10_15_7) AppleWebKit/537.36 (KHTML, like Gecko) Chrome/115.0.5790.102 Safari/537.36"
36.133.115.36 - - [21/Oct/2025:11:07:51 +0800] "POST /wp-cron.php?doing_wp_cron=1761016071.7978780269622802734375 HTTP/1.1" 200 31 "-" "WordPress/6.8.2; http://cqqizhou.com"
201.46.112.135 - - [21/Oct/2025:11:07:51 +0800] "POST /xmlrpc.php HTTP/1.1" 200 217 "http://cqqizhou.com" "Mozilla/5.0 (Windows NT 10.0; Win64; x64) AppleWebKit/537.36 (KHTML, like Gecko) Chrome/112.0.5615.138 Safari/537.36 Edg/112.0.1722.68"
36.133.115.36 - - [21/Oct/2025:11:12:28 +0800] "POST /wp-cron.php?doing_wp_cron=1761016348.4338929653167724609375 HTTP/1.1" 200 31 "-" "WordPress/6.8.2; http://cqqizhou.com"
35.233.92.138 - - [21/Oct/2025:11:12:28 +0800] "POST /xmlrpc.php HTTP/1.1" 200 217 "http://cqqizhou.com" "Mozilla/5.0 (Macintosh; Intel Mac OS X 10_15_7; rv:127.0) Gecko/20100101 Firefox/127.0"
36.133.115.36 - - [21/Oct/2025:11:17:00 +0800] "POST /wp-cron.php?doing_wp_cron=1761016620.6313889026641845703125 HTTP/1.1" 200 31 "-" "WordPress/6.8.2; http://cqqizhou.com"
201.46.112.135 - - [21/Oct/2025:11:17:00 +0800] "POST /xmlrpc.php HTTP/1.1" 200 217 "http://cqqizhou.com" "Mozilla/5.0 (Windows NT 11.0; Win64; x64; rv:126.0) Gecko/20100101 Firefox/126.0"
36.133.115.36 - - [21/Oct/2025:11:26:09 +0800] "POST /wp-cron.php?doing_wp_cron=1761017169.0646390914916992187500 HTTP/1.1" 200 31 "-" "WordPress/6.8.2; http://cqqizhou.com"
195.214.235.163 - - [21/Oct/2025:11:26:09 +0800] "POST /xmlrpc.php HTTP/1.1" 200 217 "http://cqqizhou.com" "Mozilla/5.0 (Windows NT 10.0; Win64; x64; rv:129.0) Gecko/20100101 Firefox/129.0"
36.133.115.36 - - [21/Oct/2025:11:26:48 +0800] "POST /wp-cron.php?doing_wp_cron=1761017208.9158689975738525390625 HTTP/1.1" 200 31 "-" "WordPress/6.8.2; http://cqqizhou.com"
87.120.191.84 - - [21/Oct/2025:11:26:49 +0800] "GET / HTTP/1.1" 200 33466 "-" "Mozilla/5.0 (Windows NT 10.0; Win64; x64) AppleWebKit/537.36 (KHTML, like Gecko) Chrome/90.0.4430.85 Safari/537.36 Edg/90.0.818.46"
36.133.115.36 - - [21/Oct/2025:11:30:44 +0800] "POST /wp-cron.php?doing_wp_cron=1761017444.1301100254058837890625 HTTP/1.1" 200 31 "-" "WordPress/6.8.2; http://cqqizhou.com"
185.197.195.89 - - [21/Oct/2025:11:30:44 +0800] "POST /xmlrpc.php HTTP/1.1" 200 217 "http://cqqizhou.com" "Mozilla/5.0 (Macintosh; Intel Mac OS X 10_15_7) AppleWebKit/537.36 (KHTML, like Gecko) Chrome/116.0.5845.96 Safari/537.36"
36.133.115.36 - - [21/Oct/2025:11:33:29 +0800] "POST /wp-cron.php?doing_wp_cron=1761017609.2071359157562255859375 HTTP/1.1" 200 31 "-" "WordPress/6.8.2; http://cqqizhou.com"
223.108.79.101 - - [21/Oct/2025:11:33:29 +0800] "GET / HTTP/1.1" 301 5 "-" "Mozilla/5.0 (Linux; Android 10; MI 9 Build/QKQ1.190825.002; wv) AppleWebKit/537.36 (KHTML, like Gecko) Version/4.0 Chrome/86.0.4240.198 Mobile Safari/537.36 MMWEBID/1234 MicroMessenger/8.0.1.1841(0x2800015D) WeChat/arm64"
223.108.79.101 - - [21/Oct/2025:11:33:30 +0800] "GET / HTTP/1.1" 200 33463 "-" "Mozilla/5.0 (Linux; Android 10; MI 9 Build/QKQ1.190825.002; wv) AppleWebKit/537.36 (KHTML, like Gecko) Version/4.0 Chrome/86.0.4240.198 Mobile Safari/537.36 MMWEBID/1234 MicroMessenger/8.0.1.1841(0x2800015D) WeChat/arm64"
223.108.79.101 - - [21/Oct/2025:11:33:32 +0800] "GET / HTTP/1.1" 301 5 "-" "Mozilla/5.0 (Linux; Android 13; 23049RAD8C Build/TKQ1.221114.001) AppleWebKit/537.36 (KHTML, like Gecko) Version/4.0 Chrome/115.0.0.0 Mobile Safari/537.36 MicroMessenger/8.0.45"
223.108.79.101 - - [21/Oct/2025:11:33:33 +0800] "GET / HTTP/1.1" 200 33465 "-" "Mozilla/5.0 (Linux; Android 13; 23049RAD8C Build/TKQ1.221114.001) AppleWebKit/537.36 (KHTML, like Gecko) Version/4.0 Chrome/115.0.0.0 Mobile Safari/537.36 MicroMessenger/8.0.45"
223.108.79.101 - - [21/Oct/2025:11:33:34 +0800] "GET /wp-content/uploads/2025/07/1751425283-qizhou.kf_.qq_.com_.webp HTTP/1.1" 200 16864 "https://servicewechat.com/" "Mozilla/5.0 (Linux; Android 13; 23049RAD8C Build/TKQ1.221114.001) AppleWebKit/537.36 (KHTML, like Gecko) Version/4.0 Chrome/115.0.0.0 Mobile Safari/537.36 MicroMessenger/8.0.45"
223.108.79.101 - - [21/Oct/2025:11:33:34 +0800] "GET /wp-content/uploads/2025/07/1753456770-%E7%83%AD%E9%95%80%E9%94%8C%E5%8D%B7product_Single600.webp HTTP/1.1" 200 27502 "https://servicewechat.com/" "Mozilla/5.0 (Linux; Android 13; 23049RAD8C Build/TKQ1.221114.001) AppleWebKit/537.36 (KHTML, like Gecko) Version/4.0 Chrome/115.0.0.0 Mobile Safari/537.36 MicroMessenger/8.0.45"
223.108.79.101 - - [21/Oct/2025:11:33:34 +0800] "GET /wp-content/uploads/2025/07/1753453127-%E4%BD%99%E5%8D%B7product_Single600%C3%97284.webp HTTP/1.1" 200 18744 "https://servicewechat.com/" "Mozilla/5.0 (Linux; Android 13; 23049RAD8C Build/TKQ1.221114.001) AppleWebKit/537.36 (KHTML, like Gecko) Version/4.0 Chrome/115.0.0.0 Mobile Safari/537.36 MicroMessenger/8.0.45"
223.108.79.101 - - [21/Oct/2025:11:33:34 +0800] "GET /wp-content/uploads/2025/07/1753456723-%E5%8F%8C%E7%9B%B8%E9%92%A2roduct_Single600.webp HTTP/1.1" 200 22790 "https://servicewechat.com/" "Mozilla/5.0 (Linux; Android 13; 23049RAD8C Build/TKQ1.221114.001) AppleWebKit/537.36 (KHTML, like Gecko) Version/4.0 Chrome/115.0.0.0 Mobile Safari/537.36 MicroMessenger/8.0.45"
223.108.79.101 - - [21/Oct/2025:11:33:34 +0800] "GET /wp-content/uploads/2025/07/1753453096-%E5%8F%8C%E7%9B%B8%E9%92%A2product_Single600%C3%97284.webp HTTP/1.1" 200 14562 "https://servicewechat.com/" "Mozilla/5.0 (Linux; Android 13; 23049RAD8C Build/TKQ1.221114.001) AppleWebKit/537.36 (KHTML, like Gecko) Version/4.0 Chrome/115.0.0.0 Mobile Safari/537.36 MicroMessenger/8.0.45"
223.108.79.101 - - [21/Oct/2025:11:33:35 +0800] "GET /wp-content/uploads/revslider/slider-1/1750929639-yuanjing_Slider_3840%C3%972160_20250626171955-scaled.webp HTTP/1.1" 200 203290 "https://servicewechat.com/" "Mozilla/5.0 (Linux; Android 13; 23049RAD8C Build/TKQ1.221114.001) AppleWebKit/537.36 (KHTML, like Gecko) Version/4.0 Chrome/115.0.0.0 Mobile Safari/537.36 MicroMessenger/8.0.45"
223.108.79.101 - - [21/Oct/2025:11:33:35 +0800] "GET /wp-content/uploads/2025/07/1753587901-Slider_3840%C3%972160_20250727-scaled-50x100.webp HTTP/1.1" 200 1660 "https://servicewechat.com/" "Mozilla/5.0 (Linux; Android 13; 23049RAD8C Build/TKQ1.221114.001) AppleWebKit/537.36 (KHTML, like Gecko) Version/4.0 Chrome/115.0.0.0 Mobile Safari/537.36 MicroMessenger/8.0.45"
223.108.79.101 - - [21/Oct/2025:11:33:35 +0800] "GET /wp-content/uploads/revslider/slider-1/1750861156-logistics_Slider_3840%C3%972160_20250625191356-scaled-50x100.webp HTTP/1.1" 200 1416 "https://servicewechat.com/" "Mozilla/5.0 (Linux; Android 13; 23049RAD8C Build/TKQ1.221114.001) AppleWebKit/537.36 (KHTML, like Gecko) Version/4.0 Chrome/115.0.0.0 Mobile Safari/537.36 MicroMessenger/8.0.45"
223.108.79.101 - - [21/Oct/2025:11:33:36 +0800] "GET /wp-json/sliderrevolution/sliders/1?srengine=7&slideid=3 HTTP/1.1" 200 2292 "https://servicewechat.com/" "Mozilla/5.0 (Linux; Android 13; 23049RAD8C Build/TKQ1.221114.001) AppleWebKit/537.36 (KHTML, like Gecko) Version/4.0 Chrome/115.0.0.0 Mobile Safari/537.36 MicroMessenger/8.0.45"
223.108.79.101 - - [21/Oct/2025:11:33:36 +0800] "GET /wp-json/sliderrevolution/sliders/1?srengine=7&slideid=2 HTTP/1.1" 200 2058 "https://servicewechat.com/" "Mozilla/5.0 (Linux; Android 13; 23049RAD8C Build/TKQ1.221114.001) AppleWebKit/537.36 (KHTML, like Gecko) Version/4.0 Chrome/115.0.0.0 Mobile Safari/537.36 MicroMessenger/8.0.45"
223.108.79.101 - - [21/Oct/2025:11:33:36 +0800] "GET /wp-content/uploads/2025/07/1753587901-Slider_3840%C3%972160_20250727-scaled.webp HTTP/1.1" 200 141034 "https://servicewechat.com/" "Mozilla/5.0 (Linux; Android 13; 23049RAD8C Build/TKQ1.221114.001) AppleWebKit/537.36 (KHTML, like Gecko) Version/4.0 Chrome/115.0.0.0 Mobile Safari/537.36 MicroMessenger/8.0.45"
223.108.79.101 - - [21/Oct/2025:11:33:36 +0800] "GET /wp-content/uploads/revslider/slider-1/1750861156-logistics_Slider_3840%C3%972160_20250625191356-scaled.webp HTTP/1.1" 200 197360 "https://servicewechat.com/" "Mozilla/5.0 (Linux; Android 13; 23049RAD8C Build/TKQ1.221114.001) AppleWebKit/537.36 (KHTML, like Gecko) Version/4.0 Chrome/115.0.0.0 Mobile Safari/537.36 MicroMessenger/8.0.45"
36.133.115.36 - - [21/Oct/2025:11:39:47 +0800] "POST /wp-cron.php?doing_wp_cron=1761017987.1743600368499755859375 HTTP/1.1" 200 31 "-" "WordPress/6.8.2; http://cqqizhou.com"
119.156.243.110 - - [21/Oct/2025:11:39:47 +0800] "POST /xmlrpc.php HTTP/1.1" 200 217 "http://cqqizhou.com" "Mozilla/5.0 (Windows NT 10.0; Win64; x64; rv:125.0.1) Gecko/20100101 Firefox/125.0.1"
36.133.115.36 - - [21/Oct/2025:11:42:48 +0800] "POST /wp-cron.php?doing_wp_cron=1761018168.2321760654449462890625 HTTP/1.1" 200 31 "-" "WordPress/6.8.2; http://cqqizhou.com"
43.130.71.237 - - [21/Oct/2025:11:42:48 +0800] "GET / HTTP/1.1" 301 5 "-" "Mozilla/5.0 (iPhone; CPU iPhone OS 13_2_3 like Mac OS X) AppleWebKit/605.1.15 (KHTML, like Gecko) Version/13.0.3 Mobile/15E148 Safari/604.1"
