208.115.236.166 - - [21/Oct/2025:15:46:25 +0800] "POST /xmlrpc.php HTTP/1.1" 200 217 "http://cqqizhou.com" "Mozilla/5.0 (Windows NT 10.0; Win64; x64; rv:126.0) Gecko/20100101 Firefox/126.0"
36.133.115.36 - - [21/Oct/2025:15:50:16 +0800] "POST /wp-cron.php?doing_wp_cron=1761033016.5866570472717285156250 HTTP/1.1" 200 31 "-" "WordPress/6.8.2; http://cqqizhou.com"
185.199.236.107 - - [21/Oct/2025:15:50:16 +0800] "POST /xmlrpc.php HTTP/1.1" 200 217 "http://cqqizhou.com" "Mozilla/5.0 (Macintosh; Intel Mac OS X 13_3) AppleWebKit/537.36 (KHTML, like Gecko) Chrome/126.0.0.0 Safari/537.36"
36.133.115.36 - - [21/Oct/2025:15:54:04 +0800] "POST /wp-cron.php?doing_wp_cron=1761033244.5858359336853027343750 HTTP/1.1" 200 31 "-" "WordPress/6.8.2; http://cqqizhou.com"
66.132.153.116 - - [21/Oct/2025:15:54:04 +0800] "GET /robots.txt HTTP/1.1" 200 190 "-" "Mozilla/5.0 (compatible; CensysInspect/1.1; +https://about.censys.io/)"
87.120.191.84 - - [21/Oct/2025:15:54:05 +0800] "GET / HTTP/1.1" 200 33465 "-" "Mozilla/5.0 (Windows NT 10.0; Win64; x64) AppleWebKit/537.36 (KHTML, like Gecko) Chrome/90.0.4430.85 Safari/537.36 Edg/90.0.818.46"
209.172.2.50 - - [21/Oct/2025:15:54:07 +0800] "POST /xmlrpc.php HTTP/1.1" 200 217 "http://cqqizhou.com" "Mozilla/5.0 (Windows NT 10.0; Win64; x64; rv:128.0) Gecko/20100101 Firefox/128.0"
112.124.100.237 - - [21/Oct/2025:15:58:04 +0800] "POST /xmlrpc.php HTTP/1.1" 200 217 "http://cqqizhou.com" "Mozilla/5.0 (Macintosh; Intel Mac OS X 10_15_7) AppleWebKit/537.36 (KHTML, like Gecko) Chrome/114.0.5735.134 Safari/537.36"
36.133.115.36 - - [21/Oct/2025:16:01:46 +0800] "POST /wp-cron.php?doing_wp_cron=1761033706.8225090503692626953125 HTTP/1.1" 200 31 "-" "WordPress/6.8.2; http://cqqizhou.com"
103.255.189.234 - - [21/Oct/2025:16:01:46 +0800] "POST /xmlrpc.php HTTP/1.1" 200 217 "http://cqqizhou.com" "Mozilla/5.0 (Macintosh; Intel Mac OS X 10_15_7) AppleWebKit/537.36 (KHTML, like Gecko) Chrome/112.0.5615.138 Safari/537.36"
36.133.115.36 - - [21/Oct/2025:16:09:26 +0800] "POST /wp-cron.php?doing_wp_cron=1761034166.0309429168701171875000 HTTP/1.1" 200 31 "-" "WordPress/6.8.2; http://cqqizhou.com"
134.122.67.125 - - [21/Oct/2025:16:09:26 +0800] "POST /xmlrpc.php HTTP/1.1" 200 217 "http://cqqizhou.com" "Mozilla/5.0 (Macintosh; Intel Mac OS X 10.15; rv:126.0) Gecko/20100101 Firefox/126.0"
36.133.115.36 - - [21/Oct/2025:16:11:44 +0800] "POST /wp-cron.php?doing_wp_cron=1761034304.3093569278717041015625 HTTP/1.1" 200 31 "-" "WordPress/6.8.2; http://cqqizhou.com"
87.120.191.93 - - [21/Oct/2025:16:11:45 +0800] "GET / HTTP/1.1" 200 151919 "http://36.133.115.36:80/" "Mozilla/5.0 (X11; Linux x86_64) AppleWebKit/537.36 (KHTML, like Gecko) Chrome/126.0.0.0 Safari/537.36"
36.133.115.36 - - [21/Oct/2025:16:13:14 +0800] "POST /wp-cron.php?doing_wp_cron=1761034394.2061328887939453125000 HTTP/1.1" 200 31 "-" "WordPress/6.8.2; http://cqqizhou.com"
37.27.52.80 - - [21/Oct/2025:16:13:14 +0800] "POST /xmlrpc.php HTTP/1.1" 200 217 "http://cqqizhou.com" "Mozilla/5.0 (Windows NT 10.0; Win64; x64) AppleWebKit/537.36 (KHTML, like Gecko) Chrome/114.0.5735.199 Safari/537.36 Edg/114.0.1823.67"
87.120.191.84 - - [21/Oct/2025:16:13:14 +0800] "GET / HTTP/1.1" 200 33465 "-" "Mozilla/5.0 (Windows NT 10.0; Win64; x64) AppleWebKit/537.36 (KHTML, like Gecko) Chrome/90.0.4430.85 Safari/537.36 Edg/90.0.818.46"
36.133.115.36 - - [21/Oct/2025:16:16:40 +0800] "POST /wp-cron.php?doing_wp_cron=1761034600.4965770244598388671875 HTTP/1.1" 200 31 "-" "WordPress/6.8.2; http://cqqizhou.com"
131.108.210.112 - - [21/Oct/2025:16:16:40 +0800] "POST /xmlrpc.php HTTP/1.1" 200 217 "-" "Mozilla/5.0 (X11; Ubuntu; Linux x86_64; rv:85.0) Gecko/20100101 Firefox/91.0"
36.133.115.36 - - [21/Oct/2025:16:17:09 +0800] "POST /wp-cron.php?doing_wp_cron=1761034629.8579370975494384765625 HTTP/1.1" 200 31 "-" "WordPress/6.8.2; http://cqqizhou.com"
182.253.58.243 - - [21/Oct/2025:16:17:09 +0800] "POST /xmlrpc.php HTTP/1.1" 200 217 "http://cqqizhou.com" "Mozilla/5.0 (Windows NT 11.0; Win64; x64) AppleWebKit/537.36 (KHTML, like Gecko) Chrome/126.0.0.0 Safari/537.36"
36.133.115.36 - - [21/Oct/2025:16:18:52 +0800] "POST /wp-cron.php?doing_wp_cron=1761034732.4134809970855712890625 HTTP/1.1" 200 31 "-" "WordPress/6.8.2; http://cqqizhou.com"
180.102.134.69 - - [21/Oct/2025:16:18:52 +0800] "GET / HTTP/1.1" 301 5 "-" "Mozilla/5.0 (iPhone; CPU iPhone OS 13_2_3 like Mac OS X) AppleWebKit/605.1.15 (KHTML, like Gecko) Version/13.0.3 Mobile/15E148 Safari/604.1"
180.102.134.69 - - [21/Oct/2025:16:18:54 +0800] "GET / HTTP/1.1" 200 33466 "http://www.cqqizhou.com" "Mozilla/5.0 (iPhone; CPU iPhone OS 13_2_3 like Mac OS X) AppleWebKit/605.1.15 (KHTML, like Gecko) Version/13.0.3 Mobile/15E148 Safari/604.1"
36.133.115.36 - - [21/Oct/2025:16:20:50 +0800] "POST /wp-cron.php?doing_wp_cron=1761034850.8869810104370117187500 HTTP/1.1" 200 31 "-" "WordPress/6.8.2; http://cqqizhou.com"
103.185.185.188 - - [21/Oct/2025:16:20:50 +0800] "POST /xmlrpc.php HTTP/1.1" 200 217 "http://cqqizhou.com" "Mozilla/5.0 (Windows NT 10.0; Win64; x64) AppleWebKit/537.36 (KHTML, like Gecko) Chrome/112.0.5615.138 Safari/537.36 Edg/112.0.1722.68"
36.133.115.36 - - [21/Oct/2025:16:24:35 +0800] "POST /wp-cron.php?doing_wp_cron=1761035075.5498349666595458984375 HTTP/1.1" 200 31 "-" "WordPress/6.8.2; http://cqqizhou.com"
128.199.0.160 - - [21/Oct/2025:16:24:35 +0800] "POST /xmlrpc.php HTTP/1.1" 200 217 "http://cqqizhou.com" "Mozilla/5.0 (Macintosh; Intel Mac OS X 10_15_7; rv:125.0.1) Gecko/20100101 Firefox/125.0.1"
36.133.115.36 - - [21/Oct/2025:16:28:18 +0800] "POST /wp-cron.php?doing_wp_cron=1761035298.7985730171203613281250 HTTP/1.1" 200 31 "-" "WordPress/6.8.2; http://cqqizhou.com"
212.227.149.251 - - [21/Oct/2025:16:28:18 +0800] "POST /xmlrpc.php HTTP/1.1" 200 217 "http://cqqizhou.com" "Mozilla/5.0 (Macintosh; Intel Mac OS X 10_15_7) AppleWebKit/537.36 (KHTML, like Gecko) Chrome/112.0.5615.138 Safari/537.36"
36.133.115.36 - - [21/Oct/2025:16:29:38 +0800] "POST /wp-cron.php?doing_wp_cron=1761035378.4914059638977050781250 HTTP/1.1" 200 31 "-" "WordPress/6.8.2; http://cqqizhou.com"
87.120.191.84 - - [21/Oct/2025:16:29:38 +0800] "GET / HTTP/1.1" 200 33466 "-" "Mozilla/5.0 (Windows NT 10.0; Win64; x64) AppleWebKit/537.36 (KHTML, like Gecko) Chrome/90.0.4430.85 Safari/537.36 Edg/90.0.818.46"
36.133.115.36 - - [21/Oct/2025:16:31:59 +0800] "POST /wp-cron.php?doing_wp_cron=1761035519.2321610450744628906250 HTTP/1.1" 200 31 "-" "WordPress/6.8.2; http://cqqizhou.com"
27.106.115.112 - - [21/Oct/2025:16:31:59 +0800] "POST /xmlrpc.php HTTP/1.1" 200 217 "http://cqqizhou.com" "Mozilla/5.0 (Windows NT 10.0; Win64; x64; rv:128.0) Gecko/20100101 Firefox/128.0"
36.133.115.36 - - [21/Oct/2025:16:35:36 +0800] "POST /wp-cron.php?doing_wp_cron=1761035736.4509110450744628906250 HTTP/1.1" 200 31 "-" "WordPress/6.8.2; http://cqqizhou.com"
193.231.242.80 - - [21/Oct/2025:16:35:36 +0800] "POST /xmlrpc.php HTTP/1.1" 200 217 "http://cqqizhou.com" "Mozilla/5.0 (Windows NT 10.0; Win64; x64; rv:125.0.1) Gecko/20100101 Firefox/125.0.1"
36.133.115.36 - - [21/Oct/2025:16:36:45 +0800] "POST /wp-cron.php?doing_wp_cron=1761035805.3996629714965820312500 HTTP/1.1" 200 31 "-" "WordPress/6.8.2; http://cqqizhou.com"
78.153.140.224 - - [21/Oct/2025:16:36:45 +0800] "GET /.env HTTP/1.1" 404 31381 "-" "Mozilla/5.0 (Macintosh; Intel Mac OS X 10_9_0) AppleWebKit/537.73.11 (KHTML like Gecko) Version/7.0.1 Safari/537.73.11"
36.133.115.36 - - [21/Oct/2025:16:39:04 +0800] "POST /wp-cron.php?doing_wp_cron=1761035944.2573480606079101562500 HTTP/1.1" 200 31 "-" "WordPress/6.8.2; http://cqqizhou.com"
27.106.115.112 - - [21/Oct/2025:16:39:04 +0800] "POST /xmlrpc.php HTTP/1.1" 200 217 "http://cqqizhou.com" "Mozilla/5.0 (Windows NT 10.0; Win64; x64; rv:126.0) Gecko/20100101 Firefox/126.0"
36.133.115.36 - - [21/Oct/2025:16:42:30 +0800] "POST /wp-cron.php?doing_wp_cron=1761036150.1207039356231689453125 HTTP/1.1" 200 31 "-" "WordPress/6.8.2; http://cqqizhou.com"
198.186.130.214 - - [21/Oct/2025:16:42:30 +0800] "POST /xmlrpc.php HTTP/1.1" 200 217 "http://cqqizhou.com" "Mozilla/5.0 (Macintosh; Intel Mac OS X 10_15_7) AppleWebKit/537.36 (KHTML, like Gecko) Chrome/116.0.5845.96 Safari/537.36"
36.133.115.36 - - [21/Oct/2025:16:45:56 +0800] "POST /wp-cron.php?doing_wp_cron=1761036356.2608199119567871093750 HTTP/1.1" 200 31 "-" "WordPress/6.8.2; http://cqqizhou.com"
161.97.110.28 - - [21/Oct/2025:16:45:56 +0800] "POST /xmlrpc.php HTTP/1.1" 200 217 "http://cqqizhou.com" "Mozilla/5.0 (Macintosh; Intel Mac OS X 10_15_7) AppleWebKit/537.36 (KHTML, like Gecko) Chrome/126.0.0.0 Safari/537.36"
180.153.236.154 - - [21/Oct/2025:16:46:36 +0800] "GET / HTTP/1.1" 200 33932 "http://cqqizhou.com/" "Mozilla/5.0 (Windows NT 10.0; Win64; x64) AppleWebKit/537.36 (KHTML, like Gecko) Chrome/140.0.0.0 Safari/537.36 Edg/140.0.0.0; 360Spider"
36.133.115.36 - - [21/Oct/2025:16:48:06 +0800] "POST /wp-cron.php?doing_wp_cron=1761036486.6291608810424804687500 HTTP/1.1" 200 31 "-" "WordPress/6.8.2; http://cqqizhou.com"
87.120.191.84 - - [21/Oct/2025:16:48:06 +0800] "GET / HTTP/1.1" 200 33466 "-" "Mozilla/5.0 (Windows NT 10.0; Win64; x64) AppleWebKit/537.36 (KHTML, like Gecko) Chrome/90.0.4430.85 Safari/537.36 Edg/90.0.818.46"
36.133.115.36 - - [21/Oct/2025:16:49:21 +0800] "POST /wp-cron.php?doing_wp_cron=1761036561.5771119594573974609375 HTTP/1.1" 200 31 "-" "WordPress/6.8.2; http://cqqizhou.com"
157.173.200.105 - - [21/Oct/2025:16:49:21 +0800] "POST /xmlrpc.php HTTP/1.1" 200 217 "http://cqqizhou.com" "Mozilla/5.0 (Windows NT 10.0; Win64; x64; rv:127.0) Gecko/20100101 Firefox/127.0"
36.133.115.36 - - [21/Oct/2025:16:52:46 +0800] "POST /wp-cron.php?doing_wp_cron=1761036766.2440299987792968750000 HTTP/1.1" 200 31 "-" "WordPress/6.8.2; http://cqqizhou.com"
183.63.83.106 - - [21/Oct/2025:16:52:46 +0800] "POST /xmlrpc.php HTTP/1.1" 200 217 "http://cqqizhou.com" "Mozilla/5.0 (Macintosh; Intel Mac OS X 13_3) AppleWebKit/537.36 (KHTML, like Gecko) Chrome/126.0.0.0 Safari/537.36"
103.205.211.78 - - [21/Oct/2025:16:53:28 +0800] "POST /xmlrpc.php HTTP/1.1" 200 217 "-" "Mozilla/5.0 (X11; Ubuntu; Linux x86_64; rv:85.0) Gecko/20100101 Firefox/91.0"
36.133.115.36 - - [21/Oct/2025:16:56:11 +0800] "POST /wp-cron.php?doing_wp_cron=1761036971.5391740798950195312500 HTTP/1.1" 200 31 "-" "WordPress/6.8.2; http://cqqizhou.com"
181.214.31.78 - - [21/Oct/2025:16:56:11 +0800] "POST /xmlrpc.php HTTP/1.1" 200 217 "http://cqqizhou.com" "Mozilla/5.0 (Windows NT 10.0; Win64; x64; rv:125.0.1) Gecko/20100101 Firefox/125.0.1"
36.133.115.36 - - [21/Oct/2025:16:58:21 +0800] "POST /wp-cron.php?doing_wp_cron=1761037101.7184510231018066406250 HTTP/1.1" 200 31 "-" "WordPress/6.8.2; http://cqqizhou.com"
180.153.236.48 - - [21/Oct/2025:16:58:21 +0800] "GET / HTTP/1.1" 301 5 "http://www.cqqizhou.com/" "Mozilla/5.0 (Windows NT 10.0; Win64; x64) AppleWebKit/537.36 (KHTML, like Gecko) Chrome/140.0.0.0 Safari/537.36 Edg/140.0.0.0; 360Spider"
180.153.236.7 - - [21/Oct/2025:16:58:41 +0800] "GET / HTTP/1.1" 200 33932 "http://cqqizhou.com/" "Mozilla/5.0 (Windows NT 10.0; Win64; x64) AppleWebKit/537.36 (KHTML, like Gecko) Chrome/140.0.0.0 Safari/537.36 Edg/140.0.0.0; 360Spider"
36.133.115.36 - - [21/Oct/2025:16:59:33 +0800] "POST /wp-cron.php?doing_wp_cron=1761037173.4323849678039550781250 HTTP/1.1" 200 31 "-" "WordPress/6.8.2; http://cqqizhou.com"
64.62.156.172 - - [21/Oct/2025:16:59:33 +0800] "GET / HTTP/1.1" 301 5 "-" "Mozilla/5.0 (Macintosh; Intel Mac OS X 10_15_7) AppleWebKit/605.1.15 (KHTML, like Gecko) Version/16.3 Safari/605.1.15"
36.133.115.36 - - [21/Oct/2025:17:01:10 +0800] "POST /wp-cron.php?doing_wp_cron=1761037270.5652348995208740234375 HTTP/1.1" 200 31 "-" "WordPress/6.8.2; http://cqqizhou.com"
64.62.156.172 - - [21/Oct/2025:17:01:10 +0800] "GET /webui/ HTTP/1.1" 404 8988 "-" "Mozilla/5.0 (Windows NT 10.0; Win64; x64; rv:136.0) Gecko/20100101 Firefox/136.0"
36.133.115.36 - - [21/Oct/2025:17:05:37 +0800] "POST /wp-cron.php?doing_wp_cron=1761037537.4749701023101806640625 HTTP/1.1" 200 31 "-" "WordPress/6.8.2; http://cqqizhou.com"
87.120.191.84 - - [21/Oct/2025:17:05:37 +0800] "GET / HTTP/1.1" 200 33466 "-" "Mozilla/5.0 (Windows NT 10.0; Win64; x64) AppleWebKit/537.36 (KHTML, like Gecko) Chrome/90.0.4430.85 Safari/537.36 Edg/90.0.818.46"
36.133.115.36 - - [21/Oct/2025:17:10:42 +0800] "POST /wp-cron.php?doing_wp_cron=1761037842.2449800968170166015625 HTTP/1.1" 200 31 "-" "WordPress/6.8.2; http://cqqizhou.com"
220.181.51.85 - - [21/Oct/2025:17:10:42 +0800] "GET /robots.txt HTTP/1.1" 200 190 "-" "Mozilla/5.0 (Windows NT 10.0; WOW64) AppleWebKit/537.36 (KHTML, like Gecko) Chrome/48.0.2564.116 Safari/537.36"
36.133.115.36 - - [21/Oct/2025:17:12:07 +0800] "POST /wp-cron.php?doing_wp_cron=1761037927.0342400074005126953125 HTTP/1.1" 200 31 "-" "WordPress/6.8.2; http://cqqizhou.com"
35.203.210.116 - - [21/Oct/2025:17:12:07 +0800] "GET /wp-login.php HTTP/1.1" 200 8672 "-" "Hello from Palo Alto Networks, find out more about our scans in https://docs-cortex.paloaltonetworks.com/r/1/Cortex-Xpanse/Scanning-activity"
34.233.53.209 - - [21/Oct/2025:17:12:44 +0800] "POST /xmlrpc.php HTTP/1.1" 200 217 "http://cqqizhou.com" "Mozilla/5.0 (Macintosh; Intel Mac OS X 10_15_7; rv:127.0) Gecko/20100101 Firefox/127.0"
36.133.115.36 - - [21/Oct/2025:17:16:07 +0800] "POST /wp-cron.php?doing_wp_cron=1761038167.6260120868682861328125 HTTP/1.1" 200 31 "-" "WordPress/6.8.2; http://cqqizhou.com"
103.69.196.146 - - [21/Oct/2025:17:16:07 +0800] "POST /xmlrpc.php HTTP/1.1" 200 217 "http://cqqizhou.com" "Mozilla/5.0 (Windows NT 10.0; Win64; x64) AppleWebKit/537.36 (KHTML, like Gecko) Chrome/116.0.5845.96 Safari/537.36"
36.133.115.36 - - [21/Oct/2025:17:18:11 +0800] "POST /wp-cron.php?doing_wp_cron=1761038291.4713859558105468750000 HTTP/1.1" 200 31 "-" "WordPress/6.8.2; http://cqqizhou.com"
43.130.102.7 - - [21/Oct/2025:17:18:11 +0800] "GET / HTTP/1.1" 200 33466 "-" "Mozilla/5.0 (iPhone; CPU iPhone OS 13_2_3 like Mac OS X) AppleWebKit/605.1.15 (KHTML, like Gecko) Version/13.0.3 Mobile/15E148 Safari/604.1"
36.133.115.36 - - [21/Oct/2025:17:20:22 +0800] "POST /wp-cron.php?doing_wp_cron=1761038422.5671041011810302734375 HTTP/1.1" 200 31 "-" "WordPress/6.8.2; http://cqqizhou.com"
107.6.148.18 - - [21/Oct/2025:17:20:22 +0800] "POST /xmlrpc.php HTTP/1.1" 200 217 "http://cqqizhou.com" "Mozilla/5.0 (Windows NT 10.0; Win64; x64; rv:126.0) Gecko/20100101 Firefox/126.0"
36.133.115.36 - - [21/Oct/2025:17:23:47 +0800] "POST /wp-cron.php?doing_wp_cron=1761038627.9439730644226074218750 HTTP/1.1" 200 31 "-" "WordPress/6.8.2; http://cqqizhou.com"
115.190.57.183 - - [21/Oct/2025:17:23:48 +0800] "POST /xmlrpc.php HTTP/1.1" 200 217 "http://cqqizhou.com" "Mozilla/5.0 (Windows NT 10.0; Win64; x64; rv:128.0) Gecko/20100101 Firefox/128.0"
36.133.115.36 - - [21/Oct/2025:17:27:08 +0800] "POST /wp-cron.php?doing_wp_cron=1761038828.8589210510253906250000 HTTP/1.1" 200 31 "-" "WordPress/6.8.2; http://cqqizhou.com"
35.185.182.130 - - [21/Oct/2025:17:27:08 +0800] "POST /xmlrpc.php HTTP/1.1" 200 217 "http://cqqizhou.com" "Mozilla/5.0 (Macintosh; Intel Mac OS X 10_15_7) AppleWebKit/537.36 (KHTML, like Gecko) Chrome/115.0.5790.102 Safari/537.36"
36.133.115.36 - - [21/Oct/2025:17:30:14 +0800] "POST /wp-cron.php?doing_wp_cron=1761039014.1698200702667236328125 HTTP/1.1" 200 31 "-" "WordPress/6.8.2; http://cqqizhou.com"
87.120.191.84 - - [21/Oct/2025:17:30:14 +0800] "GET / HTTP/1.1" 200 33465 "-" "Mozilla/5.0 (Windows NT 10.0; Win64; x64) AppleWebKit/537.36 (KHTML, like Gecko) Chrome/90.0.4430.85 Safari/537.36 Edg/90.0.818.46"
158.58.184.198 - - [21/Oct/2025:17:30:35 +0800] "POST /xmlrpc.php HTTP/1.1" 200 217 "http://cqqizhou.com" "Mozilla/5.0 (Macintosh; Intel Mac OS X 10_15_7) AppleWebKit/537.36 (KHTML, like Gecko) Chrome/114.0.5735.134 Safari/537.36"
36.133.115.36 - - [21/Oct/2025:17:34:00 +0800] "POST /wp-cron.php?doing_wp_cron=1761039240.4535880088806152343750 HTTP/1.1" 200 31 "-" "WordPress/6.8.2; http://cqqizhou.com"
4.224.244.18 - - [21/Oct/2025:17:34:00 +0800] "POST /xmlrpc.php HTTP/1.1" 200 217 "http://cqqizhou.com" "Mozilla/5.0 (Windows NT 10.0; Win64; x64) AppleWebKit/537.36 (KHTML, like Gecko) Chrome/116.0.5845.96 Safari/537.36 Edg/116.0.1938.62"
36.133.115.36 - - [21/Oct/2025:17:35:47 +0800] "POST /wp-cron.php?doing_wp_cron=1761039347.3147768974304199218750 HTTP/1.1" 200 31 "-" "WordPress/6.8.2; http://cqqizhou.com"
152.67.193.32 - - [21/Oct/2025:17:35:47 +0800] "POST /xmlrpc.php HTTP/1.1" 200 217 "-" "Mozilla/5.0 (X11; Ubuntu; Linux x86_64; rv:85.0) Gecko/20100101 Firefox/91.0"
36.133.115.36 - - [21/Oct/2025:17:37:24 +0800] "POST /wp-cron.php?doing_wp_cron=1761039444.3866159915924072265625 HTTP/1.1" 200 31 "-" "WordPress/6.8.2; http://cqqizhou.com"
183.63.83.106 - - [21/Oct/2025:17:37:24 +0800] "POST /xmlrpc.php HTTP/1.1" 200 217 "http://cqqizhou.com" "Mozilla/5.0 (Windows NT 10.0; Win64; x64) AppleWebKit/537.36 (KHTML, like Gecko) Chrome/116.0.5845.96 Safari/537.36 Edg/116.0.1938.62"
36.133.115.36 - - [21/Oct/2025:17:40:49 +0800] "POST /wp-cron.php?doing_wp_cron=1761039649.9591610431671142578125 HTTP/1.1" 200 31 "-" "WordPress/6.8.2; http://cqqizhou.com"
5.202.15.246 - - [21/Oct/2025:17:40:50 +0800] "POST /xmlrpc.php HTTP/1.1" 200 217 "http://cqqizhou.com" "Mozilla/5.0 (Macintosh; Intel Mac OS X 10_15_7; rv:129.0) Gecko/20100101 Firefox/129.0"
36.133.115.36 - - [21/Oct/2025:17:42:01 +0800] "POST /wp-cron.php?doing_wp_cron=1761039721.1315178871154785156250 HTTP/1.1" 200 31 "-" "WordPress/6.8.2; http://cqqizhou.com"
87.120.191.84 - - [21/Oct/2025:17:42:01 +0800] "GET / HTTP/1.1" 200 33466 "-" "Mozilla/5.0 (Windows NT 10.0; Win64; x64) AppleWebKit/537.36 (KHTML, like Gecko) Chrome/90.0.4430.85 Safari/537.36 Edg/90.0.818.46"
36.133.115.36 - - [21/Oct/2025:17:44:17 +0800] "POST /wp-cron.php?doing_wp_cron=1761039857.0681009292602539062500 HTTP/1.1" 200 31 "-" "WordPress/6.8.2; http://cqqizhou.com"
62.171.188.167 - - [21/Oct/2025:17:44:17 +0800] "POST /xmlrpc.php HTTP/1.1" 200 217 "http://cqqizhou.com" "Mozilla/5.0 (Windows NT 10.0; Win64; x64) AppleWebKit/537.36 (KHTML, like Gecko) Chrome/113.0.5672.126 Safari/537.36 Edg/113.0.1774.50"
36.133.115.36 - - [21/Oct/2025:17:54:30 +0800] "POST /wp-cron.php?doing_wp_cron=1761040470.3989539146423339843750 HTTP/1.1" 200 31 "-" "WordPress/6.8.2; http://cqqizhou.com"
192.250.228.62 - - [21/Oct/2025:17:54:30 +0800] "POST /xmlrpc.php HTTP/1.1" 200 217 "http://cqqizhou.com" "Mozilla/5.0 (Macintosh; Intel Mac OS X 10_15_7; rv:126.0) Gecko/20100101 Firefox/126.0"
36.133.115.36 - - [21/Oct/2025:18:01:21 +0800] "POST /wp-cron.php?doing_wp_cron=1761040881.0824880599975585937500 HTTP/1.1" 200 31 "-" "WordPress/6.8.2; http://cqqizhou.com"
107.180.224.51 - - [21/Oct/2025:18:01:21 +0800] "POST /xmlrpc.php HTTP/1.1" 200 217 "http://cqqizhou.com" "Mozilla/5.0 (Windows NT 10.0; Win64; x64; rv:126.0) Gecko/20100101 Firefox/126.0"
36.133.115.36 - - [21/Oct/2025:18:03:45 +0800] "POST /wp-cron.php?doing_wp_cron=1761041025.4273190498352050781250 HTTP/1.1" 200 31 "-" "WordPress/6.8.2; http://cqqizhou.com"
87.120.191.84 - - [21/Oct/2025:18:03:45 +0800] "GET / HTTP/1.1" 200 33465 "-" "Mozilla/5.0 (Windows NT 10.0; Win64; x64) AppleWebKit/537.36 (KHTML, like Gecko) Chrome/90.0.4430.85 Safari/537.36 Edg/90.0.818.46"
52.167.144.54 - - [21/Oct/2025:18:03:59 +0800] "GET /robots.txt HTTP/1.1" 200 190 "-" "Mozilla/5.0 AppleWebKit/537.36 (KHTML, like Gecko; compatible; bingbot/2.0; +http://www.bing.com/bingbot.htm) Chrome/116.0.1938.76 Safari/537.36"
52.167.144.189 - - [21/Oct/2025:18:04:04 +0800] "GET /?s= HTTP/1.1" 200 19543 "-" "Mozilla/5.0 AppleWebKit/537.36 (KHTML, like Gecko; compatible; bingbot/2.0; +http://www.bing.com/bingbot.htm) Chrome/116.0.1938.76 Safari/537.36"
36.133.115.36 - - [21/Oct/2025:18:08:56 +0800] "POST /wp-cron.php?doing_wp_cron=1761041336.1879611015319824218750 HTTP/1.1" 200 31 "-" "WordPress/6.8.2; http://cqqizhou.com"
172.202.118.45 - - [21/Oct/2025:18:08:56 +0800] "GET / HTTP/1.1" 301 5 "-" "Mozilla/5.0 zgrab/0.x"
84.38.188.16 - - [21/Oct/2025:18:21:40 +0800] "GET /contacts/ HTTP/1.0" 200 76283 "http://cqqizhou.com/contacts/" "Mozilla/5.0 (Windows NT 6.3; Win64; x64) AppleWebKit/537.36 (KHTML, like Gecko) Chrome/103.0.5060.114 Safari/537.36"
36.133.115.36 - - [21/Oct/2025:18:21:44 +0800] "POST /wp-cron.php?doing_wp_cron=1761042104.0187211036682128906250 HTTP/1.1" 200 31 "-" "WordPress/6.8.2; http://cqqizhou.com"
84.38.188.16 - - [21/Oct/2025:18:21:45 +0800] "POST /contacts/ HTTP/1.0" 200 68904 "http://cqqizhou.com/contacts/" "Mozilla/5.0 (Windows NT 6.3; Win64; x64) AppleWebKit/537.36 (KHTML, like Gecko) Chrome/103.0.5060.114 Safari/537.36"
36.133.115.36 - - [21/Oct/2025:18:22:12 +0800] "POST /wp-cron.php?doing_wp_cron=1761042132.4211831092834472656250 HTTP/1.1" 200 31 "-" "WordPress/6.8.2; http://cqqizhou.com"
87.120.191.84 - - [21/Oct/2025:18:22:12 +0800] "GET / HTTP/1.1" 200 33465 "-" "Mozilla/5.0 (Windows NT 10.0; Win64; x64) AppleWebKit/537.36 (KHTML, like Gecko) Chrome/90.0.4430.85 Safari/537.36 Edg/90.0.818.46"
115.79.32.136 - - [21/Oct/2025:18:22:45 +0800] "POST /xmlrpc.php HTTP/1.1" 200 217 "-" "Mozilla/5.0 (X11; Ubuntu; Linux x86_64; rv:85.0) Gecko/20100101 Firefox/91.0"
36.133.115.36 - - [21/Oct/2025:18:25:19 +0800] "POST /wp-cron.php?doing_wp_cron=1761042319.9222660064697265625000 HTTP/1.1" 200 31 "-" "WordPress/6.8.2; http://cqqizhou.com"
161.97.172.111 - - [21/Oct/2025:18:25:19 +0800] "POST /xmlrpc.php HTTP/1.1" 200 217 "http://cqqizhou.com" "Mozilla/5.0 (Windows NT 11.0; Win64; x64; rv:126.0) Gecko/20100101 Firefox/126.0"
36.133.115.36 - - [21/Oct/2025:18:28:47 +0800] "POST /wp-cron.php?doing_wp_cron=1761042527.2219729423522949218750 HTTP/1.1" 200 31 "-" "WordPress/6.8.2; http://cqqizhou.com"
208.109.32.191 - - [21/Oct/2025:18:28:47 +0800] "POST /xmlrpc.php HTTP/1.1" 200 217 "http://cqqizhou.com" "Mozilla/5.0 (Windows NT 10.0; Win64; x64; rv:129.0) Gecko/20100101 Firefox/129.0"
36.133.115.36 - - [21/Oct/2025:18:32:02 +0800] "POST /wp-cron.php?doing_wp_cron=1761042722.0257189273834228515625 HTTP/1.1" 200 31 "-" "WordPress/6.8.2; http://cqqizhou.com"
43.153.74.75 - - [21/Oct/2025:18:32:02 +0800] "GET / HTTP/1.1" 301 5 "-" "Mozilla/5.0 (iPhone; CPU iPhone OS 13_2_3 like Mac OS X) AppleWebKit/605.1.15 (KHTML, like Gecko) Version/13.0.3 Mobile/15E148 Safari/604.1"
43.153.74.75 - - [21/Oct/2025:18:32:03 +0800] "GET / HTTP/1.1" 200 33466 "http://www.cqqizhou.com" "Mozilla/5.0 (iPhone; CPU iPhone OS 13_2_3 like Mac OS X) AppleWebKit/605.1.15 (KHTML, like Gecko) Version/13.0.3 Mobile/15E148 Safari/604.1"
36.133.115.36 - - [21/Oct/2025:18:35:48 +0800] "POST /wp-cron.php?doing_wp_cron=1761042948.7142291069030761718750 HTTP/1.1" 200 31 "-" "WordPress/6.8.2; http://cqqizhou.com"
123.31.12.39 - - [21/Oct/2025:18:35:48 +0800] "POST /xmlrpc.php HTTP/1.1" 200 217 "http://cqqizhou.com" "Mozilla/5.0 (Windows NT 10.0; Win64; x64) AppleWebKit/537.36 (KHTML, like Gecko) Chrome/126.0.0.0 Safari/537.36"
36.133.115.36 - - [21/Oct/2025:18:39:16 +0800] "POST /wp-cron.php?doing_wp_cron=1761043156.7297360897064208984375 HTTP/1.1" 200 31 "-" "WordPress/6.8.2; http://cqqizhou.com"
170.106.196.7 - - [21/Oct/2025:18:39:16 +0800] "POST /xmlrpc.php HTTP/1.1" 200 217 "http://cqqizhou.com" "Mozilla/5.0 (Macintosh; Intel Mac OS X 14.3) AppleWebKit/614.31.14 (KHTML, like Gecko) Version/17.0.96 Safari/614.31.14"
36.133.115.36 - - [21/Oct/2025:18:42:49 +0800] "POST /wp-cron.php?doing_wp_cron=1761043369.0676910877227783203125 HTTP/1.1" 200 31 "-" "WordPress/6.8.2; http://cqqizhou.com"
20.151.56.195 - - [21/Oct/2025:18:42:49 +0800] "POST /xmlrpc.php HTTP/1.1" 200 217 "http://cqqizhou.com" "Mozilla/5.0 (Windows NT 10.0; Win64; x64; rv:125.0.1) Gecko/20100101 Firefox/125.0.1"
36.133.115.36 - - [21/Oct/2025:18:46:26 +0800] "POST /wp-cron.php?doing_wp_cron=1761043586.0657970905303955078125 HTTP/1.1" 200 31 "-" "WordPress/6.8.2; http://cqqizhou.com"
87.120.191.84 - - [21/Oct/2025:18:46:26 +0800] "GET / HTTP/1.1" 200 33466 "-" "Mozilla/5.0 (Windows NT 10.0; Win64; x64) AppleWebKit/537.36 (KHTML, like Gecko) Chrome/90.0.4430.85 Safari/537.36 Edg/90.0.818.46"
36.133.115.36 - - [21/Oct/2025:18:49:42 +0800] "POST /wp-cron.php?doing_wp_cron=1761043782.5711960792541503906250 HTTP/1.1" 200 31 "-" "WordPress/6.8.2; http://cqqizhou.com"
51.255.71.164 - - [21/Oct/2025:18:49:42 +0800] "POST /xmlrpc.php HTTP/1.1" 200 217 "http://cqqizhou.com" "Mozilla/5.0 (Windows NT 10.0; Win64; x64) AppleWebKit/537.36 (KHTML, like Gecko) Chrome/112.0.5615.138 Safari/537.36"
36.133.115.36 - - [21/Oct/2025:18:53:14 +0800] "POST /wp-cron.php?doing_wp_cron=1761043994.2248330116271972656250 HTTP/1.1" 200 31 "-" "WordPress/6.8.2; http://cqqizhou.com"
94.73.148.18 - - [21/Oct/2025:18:53:14 +0800] "POST /xmlrpc.php HTTP/1.1" 200 217 "http://cqqizhou.com" "Mozilla/5.0 (Windows NT 10.0; Win64; x64; rv:125.0.1) Gecko/20100101 Firefox/125.0.1"
36.133.115.36 - - [21/Oct/2025:18:54:24 +0800] "POST /wp-cron.php?doing_wp_cron=1761044064.9193849563598632812500 HTTP/1.1" 200 31 "-" "WordPress/6.8.2; http://cqqizhou.com"
118.25.182.175 - - [21/Oct/2025:18:54:25 +0800] "GET / HTTP/1.1" 200 151919 "-" "Mozilla/5.0 (Windows NT 10.0; Win64; x64) AppleWebKit/537.36 (KHTML, like Gecko) Chrome/63.0.3239.84 Safari/537.36"
36.133.115.36 - - [21/Oct/2025:19:00:20 +0800] "POST /wp-cron.php?doing_wp_cron=1761044420.5716431140899658203125 HTTP/1.1" 200 31 "-" "WordPress/6.8.2; http://cqqizhou.com"
147.93.96.206 - - [21/Oct/2025:19:00:20 +0800] "POST /xmlrpc.php HTTP/1.1" 200 217 "http://cqqizhou.com" "Mozilla/5.0 (Macintosh; Intel Mac OS X 10.15; rv:126.0) Gecko/20100101 Firefox/126.0"
36.133.115.36 - - [21/Oct/2025:19:01:01 +0800] "POST /wp-cron.php?doing_wp_cron=1761044461.1166350841522216796875 HTTP/1.1" 200 31 "-" "WordPress/6.8.2; http://cqqizhou.com"
112.35.70.139 - - [21/Oct/2025:19:01:01 +0800] "GET /feed/ HTTP/1.1" 301 5 "-" "Go-http-client/1.1"
112.35.70.139 - - [21/Oct/2025:19:01:01 +0800] "GET /feed/ HTTP/1.1" 200 82044 "http://www.cqqizhou.com/feed/" "Go-http-client/1.1"
112.35.70.139 - - [21/Oct/2025:19:01:02 +0800] "POST /wp-comments-post.php HTTP/1.1" 403 1173 "-" "Go-http-client/1.1"
36.133.115.36 - - [21/Oct/2025:19:03:49 +0800] "POST /wp-cron.php?doing_wp_cron=1761044629.4042661190032958984375 HTTP/1.1" 200 31 "-" "WordPress/6.8.2; http://cqqizhou.com"
23.254.250.184 - - [21/Oct/2025:19:03:49 +0800] "POST /xmlrpc.php HTTP/1.1" 200 217 "http://cqqizhou.com" "Mozilla/5.0 (Macintosh; Intel Mac OS X 10_15_7; rv:127.0) Gecko/20100101 Firefox/127.0"
36.133.115.36 - - [21/Oct/2025:19:06:59 +0800] "POST /wp-cron.php?doing_wp_cron=1761044819.8375070095062255859375 HTTP/1.1" 200 31 "-" "WordPress/6.8.2; http://cqqizhou.com"
87.120.191.84 - - [21/Oct/2025:19:07:00 +0800] "GET / HTTP/1.1" 200 33466 "-" "Mozilla/5.0 (Windows NT 10.0; Win64; x64) AppleWebKit/537.36 (KHTML, like Gecko) Chrome/90.0.4430.85 Safari/537.36 Edg/90.0.818.46"
87.120.191.93 - - [21/Oct/2025:19:07:24 +0800] "GET / HTTP/1.1" 200 151919 "http://36.133.115.36:80/" "Mozilla/5.0 (X11; Linux x86_64) AppleWebKit/537.36 (KHTML, like Gecko) Chrome/126.0.0.0 Safari/537.36"
51.254.114.101 - - [21/Oct/2025:19:07:24 +0800] "POST /xmlrpc.php HTTP/1.1" 200 217 "http://cqqizhou.com" "Mozilla/5.0 (Windows NT 10.0; Win64; x64) AppleWebKit/537.36 (KHTML, like Gecko) Chrome/126.0.0.0 Safari/537.36"
36.133.115.36 - - [21/Oct/2025:19:14:25 +0800] "POST /wp-cron.php?doing_wp_cron=1761045265.9137508869171142578125 HTTP/1.1" 200 31 "-" "WordPress/6.8.2; http://cqqizhou.com"
106.52.27.88 - - [21/Oct/2025:19:14:25 +0800] "POST /xmlrpc.php HTTP/1.1" 200 217 "http://cqqizhou.com" "Mozilla/5.0 (Macintosh; Intel Mac OS X 10_15_7; rv:125.0.1) Gecko/20100101 Firefox/125.0.1"
36.133.115.36 - - [21/Oct/2025:19:17:57 +0800] "POST /wp-cron.php?doing_wp_cron=1761045477.1671419143676757812500 HTTP/1.1" 200 31 "-" "WordPress/6.8.2; http://cqqizhou.com"
101.78.165.58 - - [21/Oct/2025:19:17:57 +0800] "POST /xmlrpc.php HTTP/1.1" 200 217 "http://cqqizhou.com" "Mozilla/5.0 (Windows NT 11.0; Win64; x64; rv:126.0) Gecko/20100101 Firefox/126.0"
36.133.115.36 - - [21/Oct/2025:19:20:56 +0800] "POST /wp-cron.php?doing_wp_cron=1761045656.5084400177001953125000 HTTP/1.1" 200 31 "-" "WordPress/6.8.2; http://cqqizhou.com"
87.120.191.84 - - [21/Oct/2025:19:20:56 +0800] "GET / HTTP/1.1" 200 33465 "-" "Mozilla/5.0 (Windows NT 10.0; Win64; x64) AppleWebKit/537.36 (KHTML, like Gecko) Chrome/90.0.4430.85 Safari/537.36 Edg/90.0.818.46"
36.133.115.36 - - [21/Oct/2025:19:24:23 +0800] "POST /wp-cron.php?doing_wp_cron=1761045863.5213670730590820312500 HTTP/1.1" 200 31 "-" "WordPress/6.8.2; http://cqqizhou.com"
122.45.51.68 - - [21/Oct/2025:19:24:24 +0800] "POST /xmlrpc.php HTTP/1.1" 200 217 "-" "Mozilla/5.0 (X11; Ubuntu; Linux x86_64; rv:85.0) Gecko/20100101 Firefox/91.0"
36.133.115.36 - - [21/Oct/2025:19:28:34 +0800] "POST /wp-cron.php?doing_wp_cron=1761046114.6708030700683593750000 HTTP/1.1" 200 31 "-" "WordPress/6.8.2; http://cqqizhou.com"
50.62.183.174 - - [21/Oct/2025:19:28:34 +0800] "POST /xmlrpc.php HTTP/1.1" 200 217 "http://cqqizhou.com" "Mozilla/5.0 (Windows NT 10.0; Win64; x64) AppleWebKit/537.36 (KHTML, like Gecko) Chrome/113.0.5672.126 Safari/537.36 Edg/113.0.1774.50"
36.133.115.36 - - [21/Oct/2025:19:29:40 +0800] "POST /wp-cron.php?doing_wp_cron=1761046180.1963069438934326171875 HTTP/1.1" 200 31 "-" "WordPress/6.8.2; http://cqqizhou.com"
87.120.191.93 - - [21/Oct/2025:19:29:41 +0800] "GET / HTTP/1.1" 200 151919 "http://36.133.115.36:80/" "Mozilla/5.0 (X11; Linux x86_64) AppleWebKit/537.36 (KHTML, like Gecko) Chrome/126.0.0.0 Safari/537.36"
36.133.115.36 - - [21/Oct/2025:19:32:07 +0800] "POST /wp-cron.php?doing_wp_cron=1761046327.2871909141540527343750 HTTP/1.1" 200 31 "-" "WordPress/6.8.2; http://cqqizhou.com"
106.14.142.78 - - [21/Oct/2025:19:32:07 +0800] "POST /xmlrpc.php HTTP/1.1" 200 217 "http://cqqizhou.com" "Mozilla/5.0 (Macintosh; Intel Mac OS X 10_15_7) AppleWebKit/537.36 (KHTML, like Gecko) Chrome/115.0.5790.102 Safari/537.36"
36.133.115.36 - - [21/Oct/2025:19:35:42 +0800] "POST /wp-cron.php?doing_wp_cron=1761046542.3261990547180175781250 HTTP/1.1" 200 31 "-" "WordPress/6.8.2; http://cqqizhou.com"
5.202.15.246 - - [21/Oct/2025:19:35:42 +0800] "POST /xmlrpc.php HTTP/1.1" 200 217 "http://cqqizhou.com" "Mozilla/5.0 (Macintosh; Intel Mac OS X 14.5) AppleWebKit/618.3.5 (KHTML, like Gecko) Version/17.4 Safari/618.3.5"
36.133.115.36 - - [21/Oct/2025:19:37:50 +0800] "POST /wp-cron.php?doing_wp_cron=1761046670.7369809150695800781250 HTTP/1.1" 200 31 "-" "WordPress/6.8.2; http://cqqizhou.com"
43.165.189.110 - - [21/Oct/2025:19:37:50 +0800] "GET / HTTP/1.1" 301 5 "-" "Mozilla/5.0 (iPhone; CPU iPhone OS 13_2_3 like Mac OS X) AppleWebKit/605.1.15 (KHTML, like Gecko) Version/13.0.3 Mobile/15E148 Safari/604.1"
43.165.189.110 - - [21/Oct/2025:19:37:53 +0800] "GET / HTTP/1.1" 200 33466 "http://36.133.115.36" "Mozilla/5.0 (iPhone; CPU iPhone OS 13_2_3 like Mac OS X) AppleWebKit/605.1.15 (KHTML, like Gecko) Version/13.0.3 Mobile/15E148 Safari/604.1"
36.133.115.36 - - [21/Oct/2025:19:42:43 +0800] "POST /wp-cron.php?doing_wp_cron=1761046963.0957360267639160156250 HTTP/1.1" 200 31 "-" "WordPress/6.8.2; http://cqqizhou.com"
124.6.61.130 - - [21/Oct/2025:19:42:43 +0800] "POST /xmlrpc.php HTTP/1.1" 200 217 "http://cqqizhou.com" "Mozilla/5.0 (Macintosh; Intel Mac OS X 10.15; rv:126.0) Gecko/20100101 Firefox/126.0"
36.133.115.36 - - [21/Oct/2025:19:45:06 +0800] "POST /wp-cron.php?doing_wp_cron=1761047106.1592900753021240234375 HTTP/1.1" 200 31 "-" "WordPress/6.8.2; http://cqqizhou.com"
87.120.191.84 - - [21/Oct/2025:19:45:06 +0800] "GET / HTTP/1.1" 200 33466 "-" "Mozilla/5.0 (Windows NT 10.0; Win64; x64) AppleWebKit/537.36 (KHTML, like Gecko) Chrome/90.0.4430.85 Safari/537.36 Edg/90.0.818.46"
36.133.115.36 - - [21/Oct/2025:19:49:46 +0800] "POST /wp-cron.php?doing_wp_cron=1761047385.9878439903259277343750 HTTP/1.1" 200 31 "-" "WordPress/6.8.2; http://cqqizhou.com"
162.214.78.123 - - [21/Oct/2025:19:49:46 +0800] "POST /xmlrpc.php HTTP/1.1" 200 217 "http://cqqizhou.com" "Mozilla/5.0 (Windows NT 11.0; Win64; x64) AppleWebKit/537.36 (KHTML, like Gecko) Chrome/126.0.0.0 Safari/537.36 Edg/126.0.0.0"
36.133.115.36 - - [21/Oct/2025:19:53:20 +0800] "POST /wp-cron.php?doing_wp_cron=1761047600.5592279434204101562500 HTTP/1.1" 200 31 "-" "WordPress/6.8.2; http://cqqizhou.com"
158.58.184.198 - - [21/Oct/2025:19:53:20 +0800] "POST /xmlrpc.php HTTP/1.1" 200 217 "http://cqqizhou.com" "Mozilla/5.0 (Macintosh; Intel Mac OS X 10_15_7) AppleWebKit/537.36 (KHTML, like Gecko) Chrome/126.0.0.0 Safari/537.36"
36.133.115.36 - - [21/Oct/2025:19:57:09 +0800] "POST /wp-cron.php?doing_wp_cron=1761047829.2403120994567871093750 HTTP/1.1" 200 31 "-" "WordPress/6.8.2; http://cqqizhou.com"
37.156.147.221 - - [21/Oct/2025:19:57:09 +0800] "POST /xmlrpc.php HTTP/1.1" 200 217 "http://cqqizhou.com" "Mozilla/5.0 (Macintosh; Intel Mac OS X 13_3) AppleWebKit/537.36 (KHTML, like Gecko) Chrome/126.0.0.0 Safari/537.36 Edg/126.0.0.0"
87.120.191.84 - - [21/Oct/2025:19:57:42 +0800] "GET / HTTP/1.1" 200 33466 "-" "Mozilla/5.0 (Windows NT 10.0; Win64; x64) AppleWebKit/537.36 (KHTML, like Gecko) Chrome/90.0.4430.85 Safari/537.36 Edg/90.0.818.46"
36.133.115.36 - - [21/Oct/2025:20:05:12 +0800] "POST /wp-cron.php?doing_wp_cron=1761048312.5967791080474853515625 HTTP/1.1" 200 31 "-" "WordPress/6.8.2; http://cqqizhou.com"
8.137.149.112 - - [21/Oct/2025:20:05:12 +0800] "POST /xmlrpc.php HTTP/1.1" 200 217 "http://cqqizhou.com" "Mozilla/5.0 (Macintosh; Intel Mac OS X 10_15_7) AppleWebKit/537.36 (KHTML, like Gecko) Chrome/115.0.5790.102 Safari/537.36"
52.173.135.100 - - [21/Oct/2025:20:07:21 +0800] "GET /.__info.php HTTP/1.1" 404 27 "-" "-"
52.173.135.100 - - [21/Oct/2025:20:07:22 +0800] "GET /0.php HTTP/1.1" 404 27 "-" "-"
52.173.135.100 - - [21/Oct/2025:20:07:22 +0800] "GET /07.php HTTP/1.1" 404 27 "-" "-"
52.173.135.100 - - [21/Oct/2025:20:07:22 +0800] "GET /1.php HTTP/1.1" 404 27 "-" "-"
52.173.135.100 - - [21/Oct/2025:20:07:23 +0800] "GET /123.php HTTP/1.1" 404 27 "-" "-"
52.173.135.100 - - [21/Oct/2025:20:07:23 +0800] "GET /aa.php HTTP/1.1" 404 27 "-" "-"
52.173.135.100 - - [21/Oct/2025:20:07:23 +0800] "GET /abcd.php HTTP/1.1" 404 27 "-" "-"
52.173.135.100 - - [21/Oct/2025:20:07:24 +0800] "GET /about.php HTTP/1.1" 404 27 "-" "-"
52.173.135.100 - - [21/Oct/2025:20:07:24 +0800] "GET /admin.php HTTP/1.1" 404 27 "-" "-"
52.173.135.100 - - [21/Oct/2025:20:07:25 +0800] "GET /adminfuns.php HTTP/1.1" 404 27 "-" "-"
52.173.135.100 - - [21/Oct/2025:20:07:25 +0800] "GET /akc.php HTTP/1.1" 404 27 "-" "-"
52.173.135.100 - - [21/Oct/2025:20:07:25 +0800] "GET /akcc.php HTTP/1.1" 404 27 "-" "-"
52.173.135.100 - - [21/Oct/2025:20:07:26 +0800] "GET /asasx.php HTTP/1.1" 404 27 "-" "-"
52.173.135.100 - - [21/Oct/2025:20:07:26 +0800] "GET /asd.php HTTP/1.1" 404 27 "-" "-"
52.173.135.100 - - [21/Oct/2025:20:07:26 +0800] "GET /atomlib.php HTTP/1.1" 404 27 "-" "-"
52.173.135.100 - - [21/Oct/2025:20:07:27 +0800] "GET /autoload_classmap.php HTTP/1.1" 404 27 "-" "-"
52.173.135.100 - - [21/Oct/2025:20:07:27 +0800] "GET /axx.php HTTP/1.1" 404 27 "-" "-"
52.173.135.100 - - [21/Oct/2025:20:07:28 +0800] "GET /berax.php HTTP/1.1" 404 27 "-" "-"
52.173.135.100 - - [21/Oct/2025:20:07:28 +0800] "GET /build.php HTTP/1.1" 404 27 "-" "-"
52.173.135.100 - - [21/Oct/2025:20:07:28 +0800] "GET /buy.php HTTP/1.1" 404 27 "-" "-"
52.173.135.100 - - [21/Oct/2025:20:07:29 +0800] "GET /checkbox.php HTTP/1.1" 404 27 "-" "-"
52.173.135.100 - - [21/Oct/2025:20:07:29 +0800] "GET /chosen.php HTTP/1.1" 404 27 "-" "-"
52.173.135.100 - - [21/Oct/2025:20:07:29 +0800] "GET /classwithtostring.php HTTP/1.1" 404 27 "-" "-"
52.173.135.100 - - [21/Oct/2025:20:07:30 +0800] "GET /cong.php HTTP/1.1" 404 27 "-" "-"
52.173.135.100 - - [21/Oct/2025:20:07:30 +0800] "GET /css.php HTTP/1.1" 404 27 "-" "-"
52.173.135.100 - - [21/Oct/2025:20:07:31 +0800] "GET /default.php HTTP/1.1" 404 27 "-" "-"
52.173.135.100 - - [21/Oct/2025:20:07:31 +0800] "GET /dropdown.php HTTP/1.1" 404 27 "-" "-"
52.173.135.100 - - [21/Oct/2025:20:07:31 +0800] "GET /ds.php HTTP/1.1" 404 27 "-" "-"
52.173.135.100 - - [21/Oct/2025:20:07:32 +0800] "GET /edit.php HTTP/1.1" 404 27 "-" "-"
52.173.135.100 - - [21/Oct/2025:20:07:32 +0800] "GET /f5.php HTTP/1.1" 404 27 "-" "-"
52.173.135.100 - - [21/Oct/2025:20:07:33 +0800] "GET /file.php HTTP/1.1" 404 27 "-" "-"
52.173.135.100 - - [21/Oct/2025:20:07:33 +0800] "GET /file2.php HTTP/1.1" 404 27 "-" "-"
52.173.135.100 - - [21/Oct/2025:20:07:33 +0800] "GET /file4.php HTTP/1.1" 404 27 "-" "-"
52.173.135.100 - - [21/Oct/2025:20:07:34 +0800] "GET /filemanager.php HTTP/1.1" 404 27 "-" "-"
52.173.135.100 - - [21/Oct/2025:20:07:34 +0800] "GET /flower.php HTTP/1.1" 404 27 "-" "-"
52.173.135.100 - - [21/Oct/2025:20:07:35 +0800] "GET /form.php HTTP/1.1" 404 27 "-" "-"
52.173.135.100 - - [21/Oct/2025:20:07:35 +0800] "GET /gecko.php HTTP/1.1" 404 27 "-" "-"
52.173.135.100 - - [21/Oct/2025:20:07:35 +0800] "GET /god4m.php HTTP/1.1" 404 27 "-" "-"
52.173.135.100 - - [21/Oct/2025:20:07:36 +0800] "GET /info.php HTTP/1.1" 200 29 "-" "-"
52.173.135.100 - - [21/Oct/2025:20:07:36 +0800] "GET /kyami.php HTTP/1.1" 404 27 "-" "-"
52.173.135.100 - - [21/Oct/2025:20:07:36 +0800] "GET /makeasmtp.php HTTP/1.1" 404 27 "-" "-"
52.173.135.100 - - [21/Oct/2025:20:07:37 +0800] "GET /manager.php HTTP/1.1" 404 27 "-" "-"
52.173.135.100 - - [21/Oct/2025:20:07:37 +0800] "GET /mari.php HTTP/1.1" 404 27 "-" "-"
52.173.135.100 - - [21/Oct/2025:20:07:38 +0800] "GET /moon.php HTTP/1.1" 404 27 "-" "-"
52.173.135.100 - - [21/Oct/2025:20:07:38 +0800] "GET /nc4.php HTTP/1.1" 404 27 "-" "-"
52.173.135.100 - - [21/Oct/2025:20:07:38 +0800] "GET /new.php HTTP/1.1" 404 27 "-" "-"
52.173.135.100 - - [21/Oct/2025:20:07:38 +0800] "GET /sallu.php HTTP/1.1" 404 27 "-" "-"
52.173.135.100 - - [21/Oct/2025:20:07:39 +0800] "GET /test1.php HTTP/1.1" 404 27 "-" "-"
36.133.115.36 - - [21/Oct/2025:20:07:39 +0800] "POST /wp-cron.php?doing_wp_cron=1761048459.9484760761260986328125 HTTP/1.1" 200 31 "-" "WordPress/6.8.2; http://cqqizhou.com"
52.173.135.100 - - [21/Oct/2025:20:07:39 +0800] "GET /wp-activate.php HTTP/1.1" 302 5 "-" "-"
36.133.115.36 - - [21/Oct/2025:20:07:40 +0800] "POST /wp-cron.php?doing_wp_cron=1761048460.8189609050750732421875 HTTP/1.1" 200 31 "-" "WordPress/6.8.2; http://cqqizhou.com"
52.173.135.100 - - [21/Oct/2025:20:07:40 +0800] "GET /wp-login.php?action=register HTTP/1.1" 302 5 "-" "-"
52.173.135.100 - - [21/Oct/2025:20:07:41 +0800] "GET /wp-login.php?registration=disabled HTTP/1.1" 200 8853 "-" "-"
52.173.135.100 - - [21/Oct/2025:20:07:42 +0800] "GET /wp-admin.php HTTP/1.1" 404 27 "-" "-"
52.173.135.100 - - [21/Oct/2025:20:07:42 +0800] "GET /wp-good.php HTTP/1.1" 404 27 "-" "-"
52.173.135.100 - - [21/Oct/2025:20:07:43 +0800] "GET /wp-trackback.php HTTP/1.1" 404 140 "-" "-"
52.173.135.100 - - [21/Oct/2025:20:07:44 +0800] "GET /xmlrpc.php HTTP/1.1" 405 53 "-" "-"
52.173.135.100 - - [21/Oct/2025:20:07:44 +0800] "GET /xmrlpc.php HTTP/1.1" 404 27 "-" "-"
36.133.115.36 - - [21/Oct/2025:20:08:51 +0800] "POST /wp-cron.php?doing_wp_cron=1761048531.0769629478454589843750 HTTP/1.1" 200 31 "-" "WordPress/6.8.2; http://cqqizhou.com"
208.115.236.166 - - [21/Oct/2025:20:08:51 +0800] "POST /xmlrpc.php HTTP/1.1" 200 217 "http://cqqizhou.com" "Mozilla/5.0 (Windows NT 10.0; Win64; x64) AppleWebKit/537.36 (KHTML, like Gecko) Chrome/115.0.5790.102 Safari/537.36"
36.133.115.36 - - [21/Oct/2025:20:12:30 +0800] "POST /wp-cron.php?doing_wp_cron=1761048750.8692090511322021484375 HTTP/1.1" 200 31 "-" "WordPress/6.8.2; http://cqqizhou.com"
212.127.78.200 - - [21/Oct/2025:20:12:30 +0800] "POST /xmlrpc.php HTTP/1.1" 200 217 "http://cqqizhou.com" "Mozilla/5.0 (Windows NT 11.0; Win64; x64) AppleWebKit/537.36 (KHTML, like Gecko) Chrome/126.0.0.0 Safari/537.36"
36.133.115.36 - - [21/Oct/2025:20:16:07 +0800] "POST /wp-cron.php?doing_wp_cron=1761048967.5881819725036621093750 HTTP/1.1" 200 31 "-" "WordPress/6.8.2; http://cqqizhou.com"
51.255.71.164 - - [21/Oct/2025:20:16:07 +0800] "POST /xmlrpc.php HTTP/1.1" 200 217 "http://cqqizhou.com" "Mozilla/5.0 (Windows NT 10.0; Win64; x64) AppleWebKit/537.36 (KHTML, like Gecko) Chrome/112.0.5615.138 Safari/537.36 Edg/112.0.1722.68"
36.133.115.36 - - [21/Oct/2025:20:17:51 +0800] "POST /wp-cron.php?doing_wp_cron=1761049071.2187359333038330078125 HTTP/1.1" 200 31 "-" "WordPress/6.8.2; http://cqqizhou.com"
87.120.191.84 - - [21/Oct/2025:20:17:51 +0800] "GET / HTTP/1.1" 200 33467 "-" "Mozilla/5.0 (Windows NT 10.0; Win64; x64) AppleWebKit/537.36 (KHTML, like Gecko) Chrome/90.0.4430.85 Safari/537.36 Edg/90.0.818.46"
36.133.115.36 - - [21/Oct/2025:20:22:18 +0800] "POST /wp-cron.php?doing_wp_cron=1761049338.8325359821319580078125 HTTP/1.1" 200 31 "-" "WordPress/6.8.2; http://cqqizhou.com"
87.120.191.93 - - [21/Oct/2025:20:22:19 +0800] "GET / HTTP/1.1" 200 151919 "http://36.133.115.36:80/" "Mozilla/5.0 (X11; Linux x86_64) AppleWebKit/537.36 (KHTML, like Gecko) Chrome/126.0.0.0 Safari/537.36"
36.133.115.36 - - [21/Oct/2025:20:27:01 +0800] "POST /wp-cron.php?doing_wp_cron=1761049621.9241940975189208984375 HTTP/1.1" 200 31 "-" "WordPress/6.8.2; http://cqqizhou.com"
67.205.59.102 - - [21/Oct/2025:20:27:01 +0800] "POST /xmlrpc.php HTTP/1.1" 200 217 "http://cqqizhou.com" "Mozilla/5.0 (Windows NT 10.0; Win64; x64) AppleWebKit/537.36 (KHTML, like Gecko) Chrome/114.0.5735.199 Safari/537.36 Edg/114.0.1823.67"
36.133.115.36 - - [21/Oct/2025:20:30:42 +0800] "POST /wp-cron.php?doing_wp_cron=1761049842.8389339447021484375000 HTTP/1.1" 200 31 "-" "WordPress/6.8.2; http://cqqizhou.com"
182.254.192.198 - - [21/Oct/2025:20:30:42 +0800] "POST /xmlrpc.php HTTP/1.1" 200 217 "http://cqqizhou.com" "Mozilla/5.0 (Windows NT 10.0; Win64; x64) AppleWebKit/537.36 (KHTML, like Gecko) Chrome/113.0.5672.93 Safari/537.36"
36.133.115.36 - - [21/Oct/2025:20:34:21 +0800] "POST /wp-cron.php?doing_wp_cron=1761050061.1835520267486572265625 HTTP/1.1" 200 31 "-" "WordPress/6.8.2; http://cqqizhou.com"
68.183.157.208 - - [21/Oct/2025:20:34:21 +0800] "POST /xmlrpc.php HTTP/1.1" 200 217 "http://cqqizhou.com" "Mozilla/5.0 (Windows NT 10.0; Win64; x64) AppleWebKit/537.36 (KHTML, like Gecko) Chrome/126.0.0.0 Safari/537.36"
36.133.115.36 - - [21/Oct/2025:20:39:55 +0800] "POST /wp-cron.php?doing_wp_cron=1761050395.2301220893859863281250 HTTP/1.1" 200 31 "-" "WordPress/6.8.2; http://cqqizhou.com"
87.120.191.84 - - [21/Oct/2025:20:39:55 +0800] "GET / HTTP/1.1" 200 33467 "-" "Mozilla/5.0 (Windows NT 10.0; Win64; x64) AppleWebKit/537.36 (KHTML, like Gecko) Chrome/90.0.4430.85 Safari/537.36 Edg/90.0.818.46"
36.133.115.36 - - [21/Oct/2025:20:45:21 +0800] "POST /wp-cron.php?doing_wp_cron=1761050721.4933741092681884765625 HTTP/1.1" 200 31 "-" "WordPress/6.8.2; http://cqqizhou.com"
184.154.206.215 - - [21/Oct/2025:20:45:21 +0800] "POST /xmlrpc.php HTTP/1.1" 200 217 "http://cqqizhou.com" "Mozilla/5.0 (Windows NT 10.0; Win64; x64) AppleWebKit/537.36 (KHTML, like Gecko) Chrome/112.0.5615.138 Safari/537.36 Edg/112.0.1722.68"
36.133.115.36 - - [21/Oct/2025:20:49:01 +0800] "POST /wp-cron.php?doing_wp_cron=1761050941.7286961078643798828125 HTTP/1.1" 200 31 "-" "WordPress/6.8.2; http://cqqizhou.com"
103.72.97.210 - - [21/Oct/2025:20:49:01 +0800] "POST /xmlrpc.php HTTP/1.1" 200 217 "http://cqqizhou.com" "Mozilla/5.0 (Macintosh; Intel Mac OS X 10_15_7; rv:127.0) Gecko/20100101 Firefox/127.0"
36.133.115.36 - - [21/Oct/2025:20:52:47 +0800] "POST /wp-cron.php?doing_wp_cron=1761051167.7760570049285888671875 HTTP/1.1" 200 31 "-" "WordPress/6.8.2; http://cqqizhou.com"
37.156.147.221 - - [21/Oct/2025:20:52:47 +0800] "POST /xmlrpc.php HTTP/1.1" 200 217 "http://cqqizhou.com" "Mozilla/5.0 (Macintosh; Intel Mac OS X 10_15_7; rv:128.0) Gecko/20100101 Firefox/128.0"
36.133.115.36 - - [21/Oct/2025:21:07:21 +0800] "POST /wp-cron.php?doing_wp_cron=1761052041.4993209838867187500000 HTTP/1.1" 200 31 "-" "WordPress/6.8.2; http://cqqizhou.com"
139.162.83.71 - - [21/Oct/2025:21:07:21 +0800] "POST /xmlrpc.php HTTP/1.1" 200 217 "http://cqqizhou.com" "Mozilla/5.0 (Macintosh; Intel Mac OS X 10_15_7) AppleWebKit/537.36 (KHTML, like Gecko) Chrome/115.0.5790.102 Safari/537.36"
36.133.115.36 - - [21/Oct/2025:21:11:20 +0800] "POST /wp-cron.php?doing_wp_cron=1761052280.8849608898162841796875 HTTP/1.1" 200 31 "-" "WordPress/6.8.2; http://cqqizhou.com"
93.174.93.12 - - [21/Oct/2025:21:11:20 +0800] "GET / HTTP/1.0" 301 0 "-" "Mozilla/5.0 (Linux; Android 8.0.0; HTC U11) AppleWebKit/537.36 (KHTML, like Gecko) Chrome/76.0.3809.111 Mobile Safari/537.36"
87.120.191.84 - - [21/Oct/2025:21:11:36 +0800] "GET / HTTP/1.1" 200 33467 "-" "Mozilla/5.0 (Windows NT 10.0; Win64; x64) AppleWebKit/537.36 (KHTML, like Gecko) Chrome/90.0.4430.85 Safari/537.36 Edg/90.0.818.46"
36.133.115.36 - - [21/Oct/2025:21:14:40 +0800] "POST /wp-cron.php?doing_wp_cron=1761052480.0175011157989501953125 HTTP/1.1" 200 31 "-" "WordPress/6.8.2; http://cqqizhou.com"
203.209.212.46 - - [21/Oct/2025:21:14:40 +0800] "POST /xmlrpc.php HTTP/1.1" 200 217 "http://cqqizhou.com" "Mozilla/5.0 (Windows NT 10.0; Win64; x64) AppleWebKit/537.36 (KHTML, like Gecko) Chrome/113.0.5672.93 Safari/537.36"
36.133.115.36 - - [21/Oct/2025:21:21:56 +0800] "POST /wp-cron.php?doing_wp_cron=1761052916.8016350269317626953125 HTTP/1.1" 200 31 "-" "WordPress/6.8.2; http://cqqizhou.com"
145.239.93.122 - - [21/Oct/2025:21:21:56 +0800] "POST /xmlrpc.php HTTP/1.1" 200 217 "http://cqqizhou.com" "Mozilla/5.0 (Macintosh; Intel Mac OS X 10_15_7; rv:127.0) Gecko/20100101 Firefox/127.0"
36.133.115.36 - - [21/Oct/2025:21:25:34 +0800] "POST /wp-cron.php?doing_wp_cron=1761053134.6606359481811523437500 HTTP/1.1" 200 31 "-" "WordPress/6.8.2; http://cqqizhou.com"
91.234.46.223 - - [21/Oct/2025:21:25:34 +0800] "POST /xmlrpc.php HTTP/1.1" 200 217 "http://cqqizhou.com" "Mozilla/5.0 (Macintosh; Intel Mac OS X 13_3) AppleWebKit/537.36 (KHTML, like Gecko) Chrome/126.0.0.0 Safari/537.36"
36.133.115.36 - - [21/Oct/2025:21:27:27 +0800] "POST /wp-cron.php?doing_wp_cron=1761053247.3079230785369873046875 HTTP/1.1" 200 31 "-" "WordPress/6.8.2; http://cqqizhou.com"
87.120.191.84 - - [21/Oct/2025:21:27:27 +0800] "GET / HTTP/1.1" 200 33467 "-" "Mozilla/5.0 (Windows NT 10.0; Win64; x64) AppleWebKit/537.36 (KHTML, like Gecko) Chrome/90.0.4430.85 Safari/537.36 Edg/90.0.818.46"
36.133.115.36 - - [21/Oct/2025:21:28:20 +0800] "POST /wp-cron.php?doing_wp_cron=1761053300.5351629257202148437500 HTTP/1.1" 200 31 "-" "WordPress/6.8.2; http://cqqizhou.com"
66.132.153.114 - - [21/Oct/2025:21:28:20 +0800] "GET / HTTP/1.1" 301 5 "-" "Mozilla/5.0 (compatible; CensysInspect/1.1; +https://about.censys.io/)"
66.132.153.114 - - [21/Oct/2025:21:28:25 +0800] "GET / HTTP/1.1" 200 33932 "-" "Mozilla/5.0 (compatible; CensysInspect/1.1; +https://about.censys.io/)"
48.210.8.193 - - [21/Oct/2025:21:29:29 +0800] "GET /wp-content/plugins/hellopress/wp_filemanager.php HTTP/1.1" 404 27 "-" "-"
48.210.8.193 - - [21/Oct/2025:21:29:29 +0800] "GET /wsad.php HTTP/1.1" 404 27 "-" "-"
48.210.8.193 - - [21/Oct/2025:21:29:29 +0800] "GET /np.php HTTP/1.1" 404 27 "-" "-"
48.210.8.193 - - [21/Oct/2025:21:29:29 +0800] "GET /pop.php HTTP/1.1" 404 27 "-" "-"
48.210.8.193 - - [21/Oct/2025:21:29:29 +0800] "GET /file17.php HTTP/1.1" 404 27 "-" "-"
48.210.8.193 - - [21/Oct/2025:21:29:29 +0800] "GET /xpw.php HTTP/1.1" 404 27 "-" "-"
48.210.8.193 - - [21/Oct/2025:21:29:30 +0800] "GET /k.php HTTP/1.1" 404 27 "-" "-"
48.210.8.193 - - [21/Oct/2025:21:29:31 +0800] "GET /dlex.php HTTP/1.1" 404 27 "-" "-"
48.210.8.193 - - [21/Oct/2025:21:29:31 +0800] "GET /kwm4.php HTTP/1.1" 404 27 "-" "-"
48.210.8.193 - - [21/Oct/2025:21:29:31 +0800] "GET /z.php HTTP/1.1" 404 27 "-" "-"
48.210.8.193 - - [21/Oct/2025:21:29:32 +0800] "GET /litanies.php HTTP/1.1" 404 27 "-" "-"
48.210.8.193 - - [21/Oct/2025:21:29:32 +0800] "GET /good.php HTTP/1.1" 404 27 "-" "-"
48.210.8.193 - - [21/Oct/2025:21:29:32 +0800] "GET /orm.php HTTP/1.1" 404 27 "-" "-"
48.210.8.193 - - [21/Oct/2025:21:29:32 +0800] "GET /g.php HTTP/1.1" 404 27 "-" "-"
48.210.8.193 - - [21/Oct/2025:21:29:32 +0800] "GET /cwsd.php HTTP/1.1" 404 27 "-" "-"
48.210.8.193 - - [21/Oct/2025:21:29:32 +0800] "GET /s.php HTTP/1.1" 404 27 "-" "-"
48.210.8.193 - - [21/Oct/2025:21:29:32 +0800] "GET /nc4.php HTTP/1.1" 404 27 "-" "-"
48.210.8.193 - - [21/Oct/2025:21:29:33 +0800] "GET /geger.php HTTP/1.1" 404 27 "-" "-"
48.210.8.193 - - [21/Oct/2025:21:29:33 +0800] "GET /nx.php HTTP/1.1" 404 27 "-" "-"
48.210.8.193 - - [21/Oct/2025:21:29:33 +0800] "GET /nx9.php HTTP/1.1" 404 27 "-" "-"
48.210.8.193 - - [21/Oct/2025:21:29:33 +0800] "GET /CLA.php HTTP/1.1" 404 27 "-" "-"
48.210.8.193 - - [21/Oct/2025:21:29:33 +0800] "GET /yca.php HTTP/1.1" 404 27 "-" "-"
48.210.8.193 - - [21/Oct/2025:21:29:33 +0800] "GET /readme.php HTTP/1.1" 404 27 "-" "-"
48.210.8.193 - - [21/Oct/2025:21:29:33 +0800] "GET /test.php HTTP/1.1" 404 27 "-" "-"
48.210.8.193 - - [21/Oct/2025:21:29:34 +0800] "GET /ea3f.php HTTP/1.1" 404 27 "-" "-"
48.210.8.193 - - [21/Oct/2025:21:29:34 +0800] "GET /a.php HTTP/1.1" 404 27 "-" "-"
48.210.8.193 - - [21/Oct/2025:21:29:34 +0800] "GET /ad.php HTTP/1.1" 404 27 "-" "-"
48.210.8.193 - - [21/Oct/2025:21:29:34 +0800] "GET /let.php HTTP/1.1" 404 27 "-" "-"
48.210.8.193 - - [21/Oct/2025:21:29:34 +0800] "GET /law.php HTTP/1.1" 404 27 "-" "-"
48.210.8.193 - - [21/Oct/2025:21:29:34 +0800] "GET /zwso.php HTTP/1.1" 404 27 "-" "-"
48.210.8.193 - - [21/Oct/2025:21:29:34 +0800] "GET /asasx.php HTTP/1.1" 404 27 "-" "-"
48.210.8.193 - - [21/Oct/2025:21:29:35 +0800] "GET /j.php HTTP/1.1" 404 27 "-" "-"
48.210.8.193 - - [21/Oct/2025:21:29:35 +0800] "GET /pepe.php HTTP/1.1" 404 27 "-" "-"
48.210.8.193 - - [21/Oct/2025:21:29:35 +0800] "GET /about.php HTTP/1.1" 404 27 "-" "-"
48.210.8.193 - - [21/Oct/2025:21:29:35 +0800] "GET /just2.php HTTP/1.1" 404 27 "-" "-"
48.210.8.193 - - [21/Oct/2025:21:29:35 +0800] "GET /gfile.php HTTP/1.1" 404 27 "-" "-"
48.210.8.193 - - [21/Oct/2025:21:29:35 +0800] "GET /sec.php HTTP/1.1" 404 27 "-" "-"
48.210.8.193 - - [21/Oct/2025:21:29:35 +0800] "GET /classwithtostring.php HTTP/1.1" 404 27 "-" "-"
