HEX
Server: nginx/1.16.1
System: Linux ecs-04358622 4.19.90-2107.6.0.0100.oe1.bclinux.x86_64 #1 SMP Wed Dec 1 19:59:44 CST 2021 x86_64
User: nginx (994)
PHP: 8.0.0
Disabled: NONE
Upload Files
File: /home/logs/cqqizhou_access_2025-10-13.log
36.133.115.36 - - [13/Oct/2025:00:00:07 +0800] "POST /wp-cron.php?doing_wp_cron=1760284807.7972071170806884765625 HTTP/1.1" 200 31 "-" "WordPress/6.8.2; http://cqqizhou.com"
118.25.182.175 - - [13/Oct/2025:00:00:08 +0800] "GET / HTTP/1.1" 200 151919 "-" "Mozilla/5.0 (Windows NT 10.0; Win64; x64) AppleWebKit/537.36 (KHTML, like Gecko) Chrome/63.0.3239.84 Safari/537.36"
87.120.191.92 - - [13/Oct/2025:00:00:17 +0800] "GET / HTTP/1.1" 200 33466 "-" "Mozilla/5.0 (Windows NT 10.0; Win64; x64) AppleWebKit/537.36 (KHTML, like Gecko) Chrome/90.0.4430.85 Safari/537.36 Edg/90.0.818.46"
36.133.115.36 - - [13/Oct/2025:00:03:07 +0800] "POST /wp-cron.php?doing_wp_cron=1760284987.0107181072235107421875 HTTP/1.1" 200 31 "-" "WordPress/6.8.2; http://cqqizhou.com"
34.22.159.190 - - [13/Oct/2025:00:03:07 +0800] "GET / HTTP/1.1" 301 5 "-" "python-requests/2.32.5"
36.133.115.36 - - [13/Oct/2025:00:42:33 +0800] "POST /wp-cron.php?doing_wp_cron=1760287353.1156320571899414062500 HTTP/1.1" 200 31 "-" "WordPress/6.8.2; http://cqqizhou.com"
87.120.191.6 - - [13/Oct/2025:00:42:33 +0800] "GET / HTTP/1.1" 200 33466 "-" "Mozilla/5.0 (Windows NT 10.0; Win64; x64) AppleWebKit/537.36 (KHTML, like Gecko) Chrome/90.0.4430.85 Safari/537.36 Edg/90.0.818.46"
36.133.115.36 - - [13/Oct/2025:00:48:08 +0800] "POST /wp-cron.php?doing_wp_cron=1760287687.9885320663452148437500 HTTP/1.1" 200 31 "-" "WordPress/6.8.2; http://cqqizhou.com"
87.120.191.92 - - [13/Oct/2025:00:48:08 +0800] "GET / HTTP/1.1" 200 33467 "-" "Mozilla/5.0 (Windows NT 10.0; Win64; x64) AppleWebKit/537.36 (KHTML, like Gecko) Chrome/90.0.4430.85 Safari/537.36 Edg/90.0.818.46"
36.133.115.36 - - [13/Oct/2025:00:52:18 +0800] "POST /wp-cron.php?doing_wp_cron=1760287938.5299210548400878906250 HTTP/1.1" 200 31 "-" "WordPress/6.8.2; http://cqqizhou.com"
87.120.191.93 - - [13/Oct/2025:00:52:18 +0800] "GET / HTTP/1.1" 200 33466 "-" "Mozilla/5.0 (Windows NT 10.0; Win64; x64) AppleWebKit/537.36 (KHTML, like Gecko) Chrome/90.0.4430.85 Safari/537.36 Edg/90.0.818.46"
36.133.115.36 - - [13/Oct/2025:00:56:07 +0800] "POST /wp-cron.php?doing_wp_cron=1760288167.9360759258270263671875 HTTP/1.1" 200 31 "-" "WordPress/6.8.2; http://cqqizhou.com"
87.120.191.84 - - [13/Oct/2025:00:56:07 +0800] "GET / HTTP/1.1" 301 5 "-" "Mozilla/5.0 (Windows NT 10.0; Win64; x64) AppleWebKit/537.36 (KHTML, like Gecko) Chrome/90.0.4430.85 Safari/537.36 Edg/90.0.818.46"
36.133.115.36 - - [13/Oct/2025:00:57:48 +0800] "POST /wp-cron.php?doing_wp_cron=1760288268.0779318809509277343750 HTTP/1.1" 200 31 "-" "WordPress/6.8.2; http://cqqizhou.com"
49.51.204.74 - - [13/Oct/2025:00:57:48 +0800] "GET / HTTP/1.1" 301 5 "-" "Mozilla/5.0 (iPhone; CPU iPhone OS 13_2_3 like Mac OS X) AppleWebKit/605.1.15 (KHTML, like Gecko) Version/13.0.3 Mobile/15E148 Safari/604.1"
49.51.204.74 - - [13/Oct/2025:00:57:50 +0800] "GET / HTTP/1.1" 200 33466 "http://www.cqqizhou.com" "Mozilla/5.0 (iPhone; CPU iPhone OS 13_2_3 like Mac OS X) AppleWebKit/605.1.15 (KHTML, like Gecko) Version/13.0.3 Mobile/15E148 Safari/604.1"
36.133.115.36 - - [13/Oct/2025:01:06:19 +0800] "POST /wp-cron.php?doing_wp_cron=1760288779.5861830711364746093750 HTTP/1.1" 200 31 "-" "WordPress/6.8.2; http://cqqizhou.com"
49.51.166.228 - - [13/Oct/2025:01:06:19 +0800] "GET / HTTP/1.1" 301 5 "-" "Mozilla/5.0 (iPhone; CPU iPhone OS 13_2_3 like Mac OS X) AppleWebKit/605.1.15 (KHTML, like Gecko) Version/13.0.3 Mobile/15E148 Safari/604.1"
49.51.166.228 - - [13/Oct/2025:01:06:21 +0800] "GET / HTTP/1.1" 200 33467 "http://36.133.115.36" "Mozilla/5.0 (iPhone; CPU iPhone OS 13_2_3 like Mac OS X) AppleWebKit/605.1.15 (KHTML, like Gecko) Version/13.0.3 Mobile/15E148 Safari/604.1"
36.133.115.36 - - [13/Oct/2025:01:11:57 +0800] "POST /wp-cron.php?doing_wp_cron=1760289117.8734219074249267578125 HTTP/1.1" 200 31 "-" "WordPress/6.8.2; http://cqqizhou.com"
165.22.156.79 - - [13/Oct/2025:01:11:57 +0800] "POST /wsman HTTP/1.1" 404 8988 "-" "Mozilla/5.0 (Macintosh; Intel Mac OS X 10_15_7) AppleWebKit/537.36 (KHTML, like Gecko) Chrome/92.0.4515.159 Safari/537.36"
36.133.115.36 - - [13/Oct/2025:01:13:25 +0800] "POST /wp-cron.php?doing_wp_cron=1760289205.6064760684967041015625 HTTP/1.1" 200 31 "-" "WordPress/6.8.2; http://cqqizhou.com"
176.65.141.86 - - [13/Oct/2025:01:13:25 +0800] "GET /cgi-bin/luci/;stok=/locale HTTP/1.1" 301 5 "-" "-"
36.133.115.36 - - [13/Oct/2025:01:15:29 +0800] "POST /wp-cron.php?doing_wp_cron=1760289329.0973091125488281250000 HTTP/1.1" 200 31 "-" "WordPress/6.8.2; http://cqqizhou.com"
43.155.157.239 - - [13/Oct/2025:01:15:29 +0800] "GET /wp-content/uploads/2025/07/1753410289-News2000 HTTP/1.1" 404 8989 "-" "Mozilla/5.0 (iPhone; CPU iPhone OS 13_2_3 like Mac OS X) AppleWebKit/605.1.15 (KHTML, like Gecko) Version/13.0.3 Mobile/15E148 Safari/604.1"
36.133.115.36 - - [13/Oct/2025:01:19:13 +0800] "POST /wp-cron.php?doing_wp_cron=1760289553.1064319610595703125000 HTTP/1.1" 200 31 "-" "WordPress/6.8.2; http://cqqizhou.com"
91.224.92.17 - - [13/Oct/2025:01:19:14 +0800] "GET / HTTP/1.1" 200 151919 "-" "-"
36.133.115.36 - - [13/Oct/2025:01:29:44 +0800] "POST /wp-cron.php?doing_wp_cron=1760290184.4469559192657470703125 HTTP/1.1" 200 31 "-" "WordPress/6.8.2; http://cqqizhou.com"
45.56.126.58 - - [13/Oct/2025:01:29:44 +0800] "GET / HTTP/1.0" 301 0 "-" "-"
36.133.115.36 - - [13/Oct/2025:01:30:35 +0800] "POST /wp-cron.php?doing_wp_cron=1760290235.7354910373687744140625 HTTP/1.1" 200 31 "-" "WordPress/6.8.2; http://cqqizhou.com"
176.65.141.87 - - [13/Oct/2025:01:30:40 +0800] "GET / HTTP/1.1" 200 151919 "-" "Mozilla/5.0 (Windows NT 10.0; Win64; x64) AppleWebKit/537.36 (KHTML, like Gecko) Chrome/42.0.2311.135 Safari/537.36 Edge/12.246"
66.23.227.62 - - [13/Oct/2025:01:33:35 +0800] "HEAD / HTTP/1.1" 200 0 "-" "Mozilla/5.0 (Windows NT 10.0; Win64; x64) AppleWebKit/537.36 (KHTML, like Gecko) Chrome/124.0.0.0 Safari/537.36"
36.133.115.36 - - [13/Oct/2025:01:34:45 +0800] "POST /wp-cron.php?doing_wp_cron=1760290485.2084910869598388671875 HTTP/1.1" 200 31 "-" "WordPress/6.8.2; http://cqqizhou.com"
87.120.191.92 - - [13/Oct/2025:01:34:45 +0800] "GET / HTTP/1.1" 200 33466 "-" "Mozilla/5.0 (Windows NT 10.0; Win64; x64) AppleWebKit/537.36 (KHTML, like Gecko) Chrome/90.0.4430.85 Safari/537.36 Edg/90.0.818.46"
36.133.115.36 - - [13/Oct/2025:01:39:05 +0800] "POST /wp-cron.php?doing_wp_cron=1760290745.3495419025421142578125 HTTP/1.1" 200 31 "-" "WordPress/6.8.2; http://cqqizhou.com"
115.159.33.43 - - [13/Oct/2025:01:39:05 +0800] "GET / HTTP/1.1" 301 5 "-" "Mozilla/5.0 (Windows NT 10.0; Win64; x64) AppleWebKit/537.36 (KHTML, like Gecko) Chrome/79.0.3945.117 Safari/537.36"
36.133.115.36 - - [13/Oct/2025:01:40:21 +0800] "POST /wp-cron.php?doing_wp_cron=1760290821.8712089061737060546875 HTTP/1.1" 200 31 "-" "WordPress/6.8.2; http://cqqizhou.com"
121.4.97.180 - - [13/Oct/2025:01:40:21 +0800] "GET / HTTP/1.1" 301 5 "-" "Mozilla/5.0 (iPhone; CPU iPhone OS 13_2_3 like Mac OS X) AppleWebKit/605.1.15 (KHTML, like Gecko) Version/13.0.3 Mobile/15E148 Safari/604.1"
121.4.97.180 - - [13/Oct/2025:01:40:23 +0800] "GET / HTTP/1.1" 200 33466 "http://www.cqqizhou.com" "Mozilla/5.0 (iPhone; CPU iPhone OS 13_2_3 like Mac OS X) AppleWebKit/605.1.15 (KHTML, like Gecko) Version/13.0.3 Mobile/15E148 Safari/604.1"
36.133.115.36 - - [13/Oct/2025:01:52:37 +0800] "POST /wp-cron.php?doing_wp_cron=1760291557.7297930717468261718750 HTTP/1.1" 200 31 "-" "WordPress/6.8.2; http://cqqizhou.com"
87.120.191.93 - - [13/Oct/2025:01:52:38 +0800] "GET / HTTP/1.1" 200 33466 "-" "Mozilla/5.0 (Windows NT 10.0; Win64; x64) AppleWebKit/537.36 (KHTML, like Gecko) Chrome/90.0.4430.85 Safari/537.36 Edg/90.0.818.46"
220.181.108.175 - - [13/Oct/2025:01:54:39 +0800] "GET /portfolio/pickled-coil/ HTTP/1.1" 200 22146 "-" "Mozilla/5.0 (compatible; Baiduspider/2.0; +http://www.baidu.com/search/spider.html)"
52.167.144.228 - - [13/Oct/2025:01:58:15 +0800] "GET /wp-content/uploads/elementor/thumbs/1751373145-About_Qizhoudalou_W800px-r91b70ok8huvvdr4ynxnf302e8ie3iydlh6ag9ew82.webp HTTP/1.1" 200 37938 "-" "Mozilla/5.0 AppleWebKit/537.36 (KHTML, like Gecko; compatible; bingbot/2.0; +http://www.bing.com/bingbot.htm) Chrome/116.0.1938.76 Safari/537.36"
36.133.115.36 - - [13/Oct/2025:01:59:58 +0800] "POST /wp-cron.php?doing_wp_cron=1760291998.1958489418029785156250 HTTP/1.1" 200 31 "-" "WordPress/6.8.2; http://cqqizhou.com"
52.167.144.172 - - [13/Oct/2025:01:59:58 +0800] "GET /sitemap.xml.gz HTTP/1.1" 301 5 "-" "Mozilla/5.0 AppleWebKit/537.36 (KHTML, like Gecko; compatible; bingbot/2.0; +http://www.bing.com/bingbot.htm) Chrome/116.0.1938.76 Safari/537.36"
52.167.144.172 - - [13/Oct/2025:01:59:59 +0800] "GET /wp-sitemap.xml HTTP/1.1" 501 253 "-" "Mozilla/5.0 AppleWebKit/537.36 (KHTML, like Gecko; compatible; bingbot/2.0; +http://www.bing.com/bingbot.htm) Chrome/116.0.1938.76 Safari/537.36"
36.133.115.36 - - [13/Oct/2025:02:01:11 +0800] "POST /wp-cron.php?doing_wp_cron=1760292071.6476678848266601562500 HTTP/1.1" 200 31 "-" "WordPress/6.8.2; http://cqqizhou.com"
112.34.110.148 - - [13/Oct/2025:02:01:11 +0800] "GET / HTTP/1.1" 301 5 "http://www.baidu.com/" "Mozilla/5.0 (iPhone; CPU iPhone OS 16_6 like Mac OS X) AppleWebKit/605.1.15     (KHTML, like Gecko) Version/16.6 Mobile/15E148 Safari/604.1"
112.34.110.148 - - [13/Oct/2025:02:01:12 +0800] "GET / HTTP/1.1" 200 33466 "http://www.baidu.com/" "Mozilla/5.0 (iPhone; CPU iPhone OS 16_6 like Mac OS X) AppleWebKit/605.1.15     (KHTML, like Gecko) Version/16.6 Mobile/15E148 Safari/604.1"
36.133.115.36 - - [13/Oct/2025:02:04:42 +0800] "POST /wp-cron.php?doing_wp_cron=1760292282.9604721069335937500000 HTTP/1.1" 200 31 "-" "WordPress/6.8.2; http://cqqizhou.com"
87.120.191.6 - - [13/Oct/2025:02:04:43 +0800] "GET / HTTP/1.1" 200 33466 "-" "Mozilla/5.0 (Windows NT 10.0; Win64; x64) AppleWebKit/537.36 (KHTML, like Gecko) Chrome/90.0.4430.85 Safari/537.36 Edg/90.0.818.46"
36.133.115.36 - - [13/Oct/2025:02:20:05 +0800] "POST /wp-cron.php?doing_wp_cron=1760293205.8760080337524414062500 HTTP/1.1" 200 31 "-" "WordPress/6.8.2; http://cqqizhou.com"
87.120.191.92 - - [13/Oct/2025:02:20:06 +0800] "GET / HTTP/1.1" 200 33466 "-" "Mozilla/5.0 (Windows NT 10.0; Win64; x64) AppleWebKit/537.36 (KHTML, like Gecko) Chrome/90.0.4430.85 Safari/537.36 Edg/90.0.818.46"
36.133.115.36 - - [13/Oct/2025:02:25:52 +0800] "POST /wp-cron.php?doing_wp_cron=1760293552.0131049156188964843750 HTTP/1.1" 200 31 "-" "WordPress/6.8.2; http://cqqizhou.com"
87.120.191.90 - - [13/Oct/2025:02:25:52 +0800] "GET / HTTP/1.1" 200 33466 "-" "Mozilla/5.0 (Windows NT 10.0; Win64; x64) AppleWebKit/537.36 (KHTML, like Gecko) Chrome/90.0.4430.85 Safari/537.36 Edg/90.0.818.46"
36.133.115.36 - - [13/Oct/2025:02:30:15 +0800] "POST /wp-cron.php?doing_wp_cron=1760293815.5701110363006591796875 HTTP/1.1" 200 31 "-" "WordPress/6.8.2; http://cqqizhou.com"
3.88.212.98 - - [13/Oct/2025:02:30:15 +0800] "GET / HTTP/1.1" 301 5 "-" "Mozilla/5.0 (Windows NT 10.0; Win64; x64) AppleWebKit/537.36 (KHTML, like Gecko) Chrome/136.0.0.0 Safari/537.36"
36.133.115.36 - - [13/Oct/2025:02:38:55 +0800] "POST /wp-cron.php?doing_wp_cron=1760294335.0210909843444824218750 HTTP/1.1" 200 31 "-" "WordPress/6.8.2; http://cqqizhou.com"
3.131.215.38 - - [13/Oct/2025:02:38:55 +0800] "GET / HTTP/1.1" 301 5 "-" "Mozilla/5.0 (Macintosh; Intel Mac OS X 10_15_7) Chrome/126.0.0.0 Safari/537.36"
3.131.215.38 - - [13/Oct/2025:02:38:59 +0800] "GET / HTTP/1.1" 301 5 "-" "Mozilla/5.0 (Macintosh; Intel Mac OS X 10_15_7) Chrome/126.0.0.0 Safari/537.36"
52.167.144.160 - - [13/Oct/2025:02:51:50 +0800] "GET /logistics/ HTTP/1.1" 200 22415 "-" "Mozilla/5.0 AppleWebKit/537.36 (KHTML, like Gecko; compatible; bingbot/2.0; +http://www.bing.com/bingbot.htm) Chrome/116.0.1938.76 Safari/537.36"
36.133.115.36 - - [13/Oct/2025:02:52:03 +0800] "POST /wp-cron.php?doing_wp_cron=1760295123.1141750812530517578125 HTTP/1.1" 200 31 "-" "WordPress/6.8.2; http://cqqizhou.com"
87.120.191.93 - - [13/Oct/2025:02:52:03 +0800] "GET / HTTP/1.1" 200 33466 "-" "Mozilla/5.0 (Windows NT 10.0; Win64; x64) AppleWebKit/537.36 (KHTML, like Gecko) Chrome/90.0.4430.85 Safari/537.36 Edg/90.0.818.46"
36.133.115.36 - - [13/Oct/2025:03:08:03 +0800] "POST /wp-cron.php?doing_wp_cron=1760296083.3885879516601562500000 HTTP/1.1" 200 31 "-" "WordPress/6.8.2; http://cqqizhou.com"
87.120.191.92 - - [13/Oct/2025:03:08:03 +0800] "GET / HTTP/1.1" 200 33466 "-" "Mozilla/5.0 (Windows NT 10.0; Win64; x64) AppleWebKit/537.36 (KHTML, like Gecko) Chrome/90.0.4430.85 Safari/537.36 Edg/90.0.818.46"
36.133.115.36 - - [13/Oct/2025:03:21:44 +0800] "POST /wp-cron.php?doing_wp_cron=1760296904.2737889289855957031250 HTTP/1.1" 200 31 "-" "WordPress/6.8.2; http://cqqizhou.com"
176.65.141.87 - - [13/Oct/2025:03:21:45 +0800] "GET / HTTP/1.1" 200 151919 "-" "Mozilla/5.0 (Windows NT 10.0; Win64; x64) AppleWebKit/537.36 (KHTML, like Gecko) Chrome/42.0.2311.135 Safari/537.36 Edge/12.246"
36.133.115.36 - - [13/Oct/2025:03:24:02 +0800] "POST /wp-cron.php?doing_wp_cron=1760297042.4524590969085693359375 HTTP/1.1" 200 31 "-" "WordPress/6.8.2; http://cqqizhou.com"
87.120.191.91 - - [13/Oct/2025:03:24:02 +0800] "GET / HTTP/1.1" 200 33466 "-" "Mozilla/5.0 (Windows NT 10.0; Win64; x64) AppleWebKit/537.36 (KHTML, like Gecko) Chrome/90.0.4430.85 Safari/537.36 Edg/90.0.818.46"
36.133.115.36 - - [13/Oct/2025:03:28:16 +0800] "POST /wp-cron.php?doing_wp_cron=1760297296.5489459037780761718750 HTTP/1.1" 200 31 "-" "WordPress/6.8.2; http://cqqizhou.com"
87.120.191.84 - - [13/Oct/2025:03:28:16 +0800] "GET / HTTP/1.1" 301 5 "-" "Mozilla/5.0 (Windows NT 10.0; Win64; x64) AppleWebKit/537.36 (KHTML, like Gecko) Chrome/90.0.4430.85 Safari/537.36 Edg/90.0.818.46"
36.133.115.36 - - [13/Oct/2025:03:31:29 +0800] "POST /wp-cron.php?doing_wp_cron=1760297489.2740418910980224609375 HTTP/1.1" 200 31 "-" "WordPress/6.8.2; http://cqqizhou.com"
87.120.191.6 - - [13/Oct/2025:03:31:29 +0800] "GET / HTTP/1.1" 200 33466 "-" "Mozilla/5.0 (Windows NT 10.0; Win64; x64) AppleWebKit/537.36 (KHTML, like Gecko) Chrome/90.0.4430.85 Safari/537.36 Edg/90.0.818.46"
220.181.108.176 - - [13/Oct/2025:03:47:38 +0800] "GET /2052/ HTTP/1.1" 200 25928 "-" "Mozilla/5.0 (compatible; Baiduspider/2.0; +http://www.baidu.com/search/spider.html)"
36.133.115.36 - - [13/Oct/2025:03:53:00 +0800] "POST /wp-cron.php?doing_wp_cron=1760298780.6839630603790283203125 HTTP/1.1" 200 31 "-" "WordPress/6.8.2; http://cqqizhou.com"
87.120.191.92 - - [13/Oct/2025:03:53:00 +0800] "GET / HTTP/1.1" 200 33466 "-" "Mozilla/5.0 (Windows NT 10.0; Win64; x64) AppleWebKit/537.36 (KHTML, like Gecko) Chrome/90.0.4430.85 Safari/537.36 Edg/90.0.818.46"
36.133.115.36 - - [13/Oct/2025:03:56:13 +0800] "POST /wp-cron.php?doing_wp_cron=1760298973.0682709217071533203125 HTTP/1.1" 200 31 "-" "WordPress/6.8.2; http://cqqizhou.com"
87.120.191.93 - - [13/Oct/2025:03:56:13 +0800] "GET / HTTP/1.1" 200 33466 "-" "Mozilla/5.0 (Windows NT 10.0; Win64; x64) AppleWebKit/537.36 (KHTML, like Gecko) Chrome/90.0.4430.85 Safari/537.36 Edg/90.0.818.46"
36.133.115.36 - - [13/Oct/2025:04:31:52 +0800] "POST /wp-cron.php?doing_wp_cron=1760301112.8989090919494628906250 HTTP/1.1" 200 31 "-" "WordPress/6.8.2; http://cqqizhou.com"
20.171.207.2 - - [13/Oct/2025:04:31:52 +0800] "GET /wp-sitemap.xml HTTP/1.1" 501 253 "-" "Mozilla/5.0 AppleWebKit/537.36 (KHTML, like Gecko; compatible; GPTBot/1.2; +https://openai.com/gptbot)"
36.133.115.36 - - [13/Oct/2025:04:37:06 +0800] "POST /wp-cron.php?doing_wp_cron=1760301426.4938869476318359375000 HTTP/1.1" 200 31 "-" "WordPress/6.8.2; http://cqqizhou.com"
87.120.191.92 - - [13/Oct/2025:04:37:06 +0800] "GET / HTTP/1.1" 200 33466 "-" "Mozilla/5.0 (Windows NT 10.0; Win64; x64) AppleWebKit/537.36 (KHTML, like Gecko) Chrome/90.0.4430.85 Safari/537.36 Edg/90.0.818.46"
52.167.144.202 - - [13/Oct/2025:04:44:54 +0800] "GET /contacts/ HTTP/1.1" 200 21517 "-" "Mozilla/5.0 AppleWebKit/537.36 (KHTML, like Gecko; compatible; bingbot/2.0; +http://www.bing.com/bingbot.htm) Chrome/116.0.1938.76 Safari/537.36"
175.44.81.23 - - [13/Oct/2025:04:57:17 +0800] "GET / HTTP/1.1" 200 39371 "http://cqqizhou.com/" "Mozilla/5.0 (Windows NT 6.1; WOW64) AppleWebKit/537.36 (KHTML, like Gecko) Chrome/50.0.2661.102 Safari/537.36"
36.133.115.36 - - [13/Oct/2025:04:57:38 +0800] "POST /wp-cron.php?doing_wp_cron=1760302658.9052360057830810546875 HTTP/1.1" 200 31 "-" "WordPress/6.8.2; http://cqqizhou.com"
87.120.191.93 - - [13/Oct/2025:04:57:39 +0800] "GET / HTTP/1.1" 200 33466 "-" "Mozilla/5.0 (Windows NT 10.0; Win64; x64) AppleWebKit/537.36 (KHTML, like Gecko) Chrome/90.0.4430.85 Safari/537.36 Edg/90.0.818.46"
36.133.115.36 - - [13/Oct/2025:05:00:48 +0800] "POST /wp-cron.php?doing_wp_cron=1760302848.1855869293212890625000 HTTP/1.1" 200 31 "-" "WordPress/6.8.2; http://cqqizhou.com"
78.153.140.151 - - [13/Oct/2025:05:00:48 +0800] "GET /.env HTTP/1.1" 404 31381 "-" "Mozilla/5.0 (X11; Linux x86_64) AppleWebKit/537.36 (KHTML, like Gecko) Chrome/28.0.1500.63 Safari/537.36 OPR/15.0.1162.61541"
78.153.140.151 - - [13/Oct/2025:05:00:49 +0800] "GET /core/.env.backup HTTP/1.1" 404 31381 "-" "Mozilla/5.0 (X11; U; Linux x86_64; en-US; rv:1.9.0.16) Gecko/2009121609 Firefox/3.0.6 (Windows NT 5.1)"
78.153.140.151 - - [13/Oct/2025:05:00:51 +0800] "GET /core/.env.config HTTP/1.1" 404 31381 "-" "Mozilla/5.0 (Windows; U; Windows NT 5.1; es-ES; rv:1.8.0.2) Gecko/20060308 Firefox/1.5.0.2"
132.145.247.192 - - [13/Oct/2025:05:01:16 +0800] "GET /.env HTTP/1.1" 404 31381 "-" "Mozilla/5.0 (Windows NT 10.0; Win64; x64) AppleWebKit/537.36 (KHTML, like Gecko) Chrome/122.0.0.0 Safari/537.36"
36.133.115.36 - - [13/Oct/2025:05:02:18 +0800] "POST /wp-cron.php?doing_wp_cron=1760302938.6405310630798339843750 HTTP/1.1" 200 31 "-" "WordPress/6.8.2; http://cqqizhou.com"
87.120.191.6 - - [13/Oct/2025:05:02:18 +0800] "GET / HTTP/1.1" 200 33466 "-" "Mozilla/5.0 (Windows NT 10.0; Win64; x64) AppleWebKit/537.36 (KHTML, like Gecko) Chrome/90.0.4430.85 Safari/537.36 Edg/90.0.818.46"
87.120.191.84 - - [13/Oct/2025:05:02:29 +0800] "GET / HTTP/1.1" 301 5 "-" "Mozilla/5.0 (Windows NT 10.0; Win64; x64) AppleWebKit/537.36 (KHTML, like Gecko) Chrome/90.0.4430.85 Safari/537.36 Edg/90.0.818.46"
36.133.115.36 - - [13/Oct/2025:05:06:02 +0800] "POST /wp-cron.php?doing_wp_cron=1760303162.0119600296020507812500 HTTP/1.1" 200 31 "-" "WordPress/6.8.2; http://cqqizhou.com"
206.168.34.221 - - [13/Oct/2025:05:06:02 +0800] "GET / HTTP/1.1" 301 5 "-" "Mozilla/5.0 (compatible; CensysInspect/1.1; +https://about.censys.io/)"
206.168.34.221 - - [13/Oct/2025:05:06:10 +0800] "GET / HTTP/1.1" 200 39371 "-" "Mozilla/5.0 (compatible; CensysInspect/1.1; +https://about.censys.io/)"
36.133.115.36 - - [13/Oct/2025:05:23:21 +0800] "POST /wp-cron.php?doing_wp_cron=1760304201.9118340015411376953125 HTTP/1.1" 200 31 "-" "WordPress/6.8.2; http://cqqizhou.com"
87.120.191.92 - - [13/Oct/2025:05:23:22 +0800] "GET / HTTP/1.1" 200 33466 "-" "Mozilla/5.0 (Windows NT 10.0; Win64; x64) AppleWebKit/537.36 (KHTML, like Gecko) Chrome/90.0.4430.85 Safari/537.36 Edg/90.0.818.46"
191.242.209.98 - - [13/Oct/2025:05:24:49 +0800] "GET /admin/config.php HTTP/1.0" 404 16 "-" "ivre-masscan/1.3 https://github.com/robertdavidgraham/"
36.133.115.36 - - [13/Oct/2025:05:26:51 +0800] "POST /wp-cron.php?doing_wp_cron=1760304411.8135979175567626953125 HTTP/1.1" 200 31 "-" "WordPress/6.8.2; http://cqqizhou.com"
87.120.191.84 - - [13/Oct/2025:05:26:51 +0800] "GET / HTTP/1.1" 301 5 "-" "Mozilla/5.0 (Windows NT 10.0; Win64; x64) AppleWebKit/537.36 (KHTML, like Gecko) Chrome/90.0.4430.85 Safari/537.36 Edg/90.0.818.46"
36.133.115.36 - - [13/Oct/2025:05:30:46 +0800] "POST /wp-cron.php?doing_wp_cron=1760304646.5420100688934326171875 HTTP/1.1" 200 31 "-" "WordPress/6.8.2; http://cqqizhou.com"
125.94.144.102 - - [13/Oct/2025:05:30:46 +0800] "GET / HTTP/1.1" 200 33466 "-" "Mozilla/5.0 (iPhone; CPU iPhone OS 13_2_3 like Mac OS X) AppleWebKit/605.1.15 (KHTML, like Gecko) Version/13.0.3 Mobile/15E148 Safari/604.1"
176.65.141.86 - - [13/Oct/2025:05:31:21 +0800] "GET /cgi-bin/luci/;stok=/locale HTTP/1.1" 301 5 "-" "-"
36.133.115.36 - - [13/Oct/2025:05:55:44 +0800] "POST /wp-cron.php?doing_wp_cron=1760306144.2867949008941650390625 HTTP/1.1" 200 31 "-" "WordPress/6.8.2; http://cqqizhou.com"
87.120.191.93 - - [13/Oct/2025:05:55:44 +0800] "GET / HTTP/1.1" 200 33466 "-" "Mozilla/5.0 (Windows NT 10.0; Win64; x64) AppleWebKit/537.36 (KHTML, like Gecko) Chrome/90.0.4430.85 Safari/537.36 Edg/90.0.818.46"
36.133.115.36 - - [13/Oct/2025:05:56:50 +0800] "POST /wp-cron.php?doing_wp_cron=1760306210.8233549594879150390625 HTTP/1.1" 200 31 "-" "WordPress/6.8.2; http://cqqizhou.com"
44.220.188.112 - - [13/Oct/2025:05:56:50 +0800] "GET / HTTP/1.1" 301 5 "-" "Mozilla/5.0 (Windows NT 6.2;en-US) AppleWebKit/537.32.36 (KHTML, live Gecko) Chrome/52.0.3011.101 Safari/537.32"
44.220.188.112 - - [13/Oct/2025:05:56:51 +0800] "GET / HTTP/1.1" 200 39371 "-" "Mozilla/5.0 (Windows NT 6.2;en-US) AppleWebKit/537.32.36 (KHTML, live Gecko) Chrome/52.0.3011.101 Safari/537.32"
44.220.188.112 - - [13/Oct/2025:05:56:54 +0800] "GET /feed/ HTTP/1.1" 200 82044 "-" "Mozilla/5.0 (Macintosh; Intel Mac OS X 10_15_7) AppleWebKit/537.36 (KHTML, like Gecko) Chrome/124.0.0.0 Safari/537.36"
36.133.115.36 - - [13/Oct/2025:05:58:54 +0800] "POST /wp-cron.php?doing_wp_cron=1760306334.5036039352416992187500 HTTP/1.1" 200 31 "-" "WordPress/6.8.2; http://cqqizhou.com"
87.120.191.90 - - [13/Oct/2025:05:58:54 +0800] "GET / HTTP/1.1" 200 33466 "-" "Mozilla/5.0 (Windows NT 10.0; Win64; x64) AppleWebKit/537.36 (KHTML, like Gecko) Chrome/90.0.4430.85 Safari/537.36 Edg/90.0.818.46"
36.133.115.36 - - [13/Oct/2025:06:01:13 +0800] "POST /wp-cron.php?doing_wp_cron=1760306473.4466800689697265625000 HTTP/1.1" 200 31 "-" "WordPress/6.8.2; http://cqqizhou.com"
220.181.108.105 - - [13/Oct/2025:06:01:13 +0800] "GET /wp-content/uploads/2025/07/1753456770-%C8%C8%B6%C6%D0%BF%BE%EDproduct_Single600.webp HTTP/1.1" 404 31381 "-" "Mozilla/5.0 (compatible; Baiduspider/2.0; +http://www.baidu.com/search/spider.html)"
220.181.108.80 - - [13/Oct/2025:06:01:13 +0800] "GET /wp-content/uploads/2025/07/1753453096-%CB%AB%CF%E0%B8%D6product_Single600%A1%C1284.webp HTTP/1.1" 404 31381 "-" "Mozilla/5.0 (compatible; Baiduspider/2.0; +http://www.baidu.com/search/spider.html)"
220.181.108.174 - - [13/Oct/2025:06:01:13 +0800] "GET /wp-content/uploads/2025/07/1753453127-%D3%E0%BE%EDproduct_Single600%A1%C1284.webp HTTP/1.1" 404 31381 "-" "Mozilla/5.0 (compatible; Baiduspider/2.0; +http://www.baidu.com/search/spider.html)"
220.181.108.84 - - [13/Oct/2025:06:01:13 +0800] "GET /wp-content/uploads/2025/07/1753456723-%CB%AB%CF%E0%B8%D6roduct_Single600.webp HTTP/1.1" 404 31381 "-" "Mozilla/5.0 (compatible; Baiduspider/2.0; +http://www.baidu.com/search/spider.html)"
36.133.115.36 - - [13/Oct/2025:06:09:59 +0800] "POST /wp-cron.php?doing_wp_cron=1760306999.4232590198516845703125 HTTP/1.1" 200 31 "-" "WordPress/6.8.2; http://cqqizhou.com"
87.120.191.92 - - [13/Oct/2025:06:09:59 +0800] "GET / HTTP/1.1" 200 33466 "-" "Mozilla/5.0 (Windows NT 10.0; Win64; x64) AppleWebKit/537.36 (KHTML, like Gecko) Chrome/90.0.4430.85 Safari/537.36 Edg/90.0.818.46"
195.178.110.15 - - [13/Oct/2025:06:10:44 +0800] "GET / HTTP/1.1" 301 5 "-" "l9tcpid/v1.1.0"
36.133.115.36 - - [13/Oct/2025:06:25:49 +0800] "POST /wp-cron.php?doing_wp_cron=1760307949.1934409141540527343750 HTTP/1.1" 200 31 "-" "WordPress/6.8.2; http://cqqizhou.com"
87.120.191.6 - - [13/Oct/2025:06:25:49 +0800] "GET / HTTP/1.1" 200 33466 "-" "Mozilla/5.0 (Windows NT 10.0; Win64; x64) AppleWebKit/537.36 (KHTML, like Gecko) Chrome/90.0.4430.85 Safari/537.36 Edg/90.0.818.46"
36.133.115.36 - - [13/Oct/2025:06:54:13 +0800] "POST /wp-cron.php?doing_wp_cron=1760309653.8124830722808837890625 HTTP/1.1" 200 31 "-" "WordPress/6.8.2; http://cqqizhou.com"
87.120.191.92 - - [13/Oct/2025:06:54:14 +0800] "GET / HTTP/1.1" 200 33466 "-" "Mozilla/5.0 (Windows NT 10.0; Win64; x64) AppleWebKit/537.36 (KHTML, like Gecko) Chrome/90.0.4430.85 Safari/537.36 Edg/90.0.818.46"
36.133.115.36 - - [13/Oct/2025:06:55:01 +0800] "POST /wp-cron.php?doing_wp_cron=1760309701.9286971092224121093750 HTTP/1.1" 200 31 "-" "WordPress/6.8.2; http://cqqizhou.com"
213.209.143.66 - - [13/Oct/2025:06:55:02 +0800] "GET / HTTP/1.1" 200 33466 "-" "Mozilla/5.0 (Windows NT 10.0; Win64; x64) AppleWebKit/537.36 (KHTML, like Gecko) Chrome/90.0.4430.85 Safari/537.36 Edg/90.0.818.46"
36.133.115.36 - - [13/Oct/2025:07:03:10 +0800] "POST /wp-cron.php?doing_wp_cron=1760310190.9096879959106445312500 HTTP/1.1" 200 31 "-" "WordPress/6.8.2; http://cqqizhou.com"
20.169.104.180 - - [13/Oct/2025:07:03:10 +0800] "GET / HTTP/1.1" 301 5 "-" "Mozilla/5.0 zgrab/0.x"
36.133.115.36 - - [13/Oct/2025:07:05:58 +0800] "POST /wp-cron.php?doing_wp_cron=1760310358.5258989334106445312500 HTTP/1.1" 200 31 "-" "WordPress/6.8.2; http://cqqizhou.com"
87.120.191.93 - - [13/Oct/2025:07:05:58 +0800] "GET / HTTP/1.1" 200 33466 "-" "Mozilla/5.0 (Windows NT 10.0; Win64; x64) AppleWebKit/537.36 (KHTML, like Gecko) Chrome/90.0.4430.85 Safari/537.36 Edg/90.0.818.46"
36.133.115.36 - - [13/Oct/2025:07:08:54 +0800] "POST /wp-cron.php?doing_wp_cron=1760310534.1639909744262695312500 HTTP/1.1" 200 31 "-" "WordPress/6.8.2; http://cqqizhou.com"
87.120.191.84 - - [13/Oct/2025:07:08:54 +0800] "GET / HTTP/1.1" 301 5 "-" "Mozilla/5.0 (Windows NT 10.0; Win64; x64) AppleWebKit/537.36 (KHTML, like Gecko) Chrome/90.0.4430.85 Safari/537.36 Edg/90.0.818.46"
36.133.115.36 - - [13/Oct/2025:07:29:46 +0800] "POST /wp-cron.php?doing_wp_cron=1760311786.1305060386657714843750 HTTP/1.1" 200 31 "-" "WordPress/6.8.2; http://cqqizhou.com"
87.120.191.91 - - [13/Oct/2025:07:29:46 +0800] "GET / HTTP/1.1" 200 33466 "-" "Mozilla/5.0 (Windows NT 10.0; Win64; x64) AppleWebKit/537.36 (KHTML, like Gecko) Chrome/90.0.4430.85 Safari/537.36 Edg/90.0.818.46"
36.133.115.36 - - [13/Oct/2025:07:42:42 +0800] "POST /wp-cron.php?doing_wp_cron=1760312562.8333261013031005859375 HTTP/1.1" 200 31 "-" "WordPress/6.8.2; http://cqqizhou.com"
87.120.191.92 - - [13/Oct/2025:07:42:43 +0800] "GET / HTTP/1.1" 200 33466 "-" "Mozilla/5.0 (Windows NT 10.0; Win64; x64) AppleWebKit/537.36 (KHTML, like Gecko) Chrome/90.0.4430.85 Safari/537.36 Edg/90.0.818.46"
36.133.115.36 - - [13/Oct/2025:07:51:38 +0800] "POST /wp-cron.php?doing_wp_cron=1760313098.8387970924377441406250 HTTP/1.1" 200 31 "-" "WordPress/6.8.2; http://cqqizhou.com"
87.120.191.6 - - [13/Oct/2025:07:51:39 +0800] "GET / HTTP/1.1" 200 33466 "-" "Mozilla/5.0 (Windows NT 10.0; Win64; x64) AppleWebKit/537.36 (KHTML, like Gecko) Chrome/90.0.4430.85 Safari/537.36 Edg/90.0.818.46"
36.133.115.36 - - [13/Oct/2025:08:09:53 +0800] "POST /wp-cron.php?doing_wp_cron=1760314193.4421899318695068359375 HTTP/1.1" 200 31 "-" "WordPress/6.8.2; http://cqqizhou.com"
87.120.191.93 - - [13/Oct/2025:08:09:53 +0800] "GET / HTTP/1.1" 200 33466 "-" "Mozilla/5.0 (Windows NT 10.0; Win64; x64) AppleWebKit/537.36 (KHTML, like Gecko) Chrome/90.0.4430.85 Safari/537.36 Edg/90.0.818.46"
36.133.115.36 - - [13/Oct/2025:08:24:17 +0800] "POST /wp-cron.php?doing_wp_cron=1760315057.0910339355468750000000 HTTP/1.1" 200 31 "-" "WordPress/6.8.2; http://cqqizhou.com"
87.120.191.92 - - [13/Oct/2025:08:24:17 +0800] "GET / HTTP/1.1" 200 33466 "-" "Mozilla/5.0 (Windows NT 10.0; Win64; x64) AppleWebKit/537.36 (KHTML, like Gecko) Chrome/90.0.4430.85 Safari/537.36 Edg/90.0.818.46"
58.251.94.154 - - [13/Oct/2025:08:46:23 +0800] "GET / HTTP/1.1" 200 39371 "-" "Mozilla/5.0 (Windows NT 10.0; WOW64) AppleWebKit/537.36 (KHTML, like Gecko) Chrome/87.0.4280.88 Safari/537.36"
36.133.115.36 - - [13/Oct/2025:08:49:21 +0800] "POST /wp-cron.php?doing_wp_cron=1760316561.3767778873443603515625 HTTP/1.1" 200 31 "-" "WordPress/6.8.2; http://cqqizhou.com"
87.120.191.84 - - [13/Oct/2025:08:49:21 +0800] "GET / HTTP/1.1" 301 5 "-" "Mozilla/5.0 (Windows NT 10.0; Win64; x64) AppleWebKit/537.36 (KHTML, like Gecko) Chrome/90.0.4430.85 Safari/537.36 Edg/90.0.818.46"
185.169.252.189 - - [13/Oct/2025:08:56:11 +0800] "GET /admin/config.php HTTP/1.0" 404 16 "-" "ivre-masscan/1.3 https://github.com/robertdavidgraham/"
36.133.115.36 - - [13/Oct/2025:08:59:49 +0800] "POST /wp-cron.php?doing_wp_cron=1760317189.1322329044342041015625 HTTP/1.1" 200 31 "-" "WordPress/6.8.2; http://cqqizhou.com"
205.169.39.51 - - [13/Oct/2025:08:59:49 +0800] "GET / HTTP/1.1" 301 5 "-" "Mozilla/5.0 (Windows NT 10.0; Win64; x64) AppleWebKit/537.36 (KHTML, like Gecko) Chrome/117.0.5938.132 Safari/537.36"
205.169.39.51 - - [13/Oct/2025:08:59:49 +0800] "GET / HTTP/1.1" 200 39371 "-" "Mozilla/5.0 (Windows NT 10.0; Win64; x64) AppleWebKit/537.36 (KHTML, like Gecko) Chrome/117.0.5938.132 Safari/537.36"
205.169.39.51 - - [13/Oct/2025:08:59:51 +0800] "GET /wp-content/uploads/2025/07/1751425283-qizhou.kf_.qq_.com_.webp HTTP/1.1" 200 16864 "http://cqqizhou.com/" "Mozilla/5.0 (Windows NT 10.0; Win64; x64) AppleWebKit/537.36 (KHTML, like Gecko) Chrome/117.0.5938.132 Safari/537.36"
205.169.39.51 - - [13/Oct/2025:08:59:52 +0800] "GET /wp-content/uploads/2025/07/1750174127-Marketing1920x800_3.webp HTTP/1.1" 200 52790 "http://cqqizhou.com/wp-content/uploads/elementor/css/post-1666.css?ver=1756373176" "Mozilla/5.0 (Windows NT 10.0; Win64; x64) AppleWebKit/537.36 (KHTML, like Gecko) Chrome/117.0.5938.132 Safari/537.36"
205.169.39.51 - - [13/Oct/2025:08:59:52 +0800] "GET /wp-content/uploads/2025/07/1753456723-%E5%8F%8C%E7%9B%B8%E9%92%A2roduct_Single600.webp HTTP/1.1" 200 22790 "http://cqqizhou.com/" "Mozilla/5.0 (Windows NT 10.0; Win64; x64) AppleWebKit/537.36 (KHTML, like Gecko) Chrome/117.0.5938.132 Safari/537.36"
205.169.39.51 - - [13/Oct/2025:08:59:52 +0800] "GET /wp-content/uploads/2025/07/1753453096-%E5%8F%8C%E7%9B%B8%E9%92%A2product_Single600%C3%97284.webp HTTP/1.1" 200 14562 "http://cqqizhou.com/" "Mozilla/5.0 (Windows NT 10.0; Win64; x64) AppleWebKit/537.36 (KHTML, like Gecko) Chrome/117.0.5938.132 Safari/537.36"
205.169.39.51 - - [13/Oct/2025:08:59:52 +0800] "GET /wp-content/uploads/2025/07/1753456770-%E7%83%AD%E9%95%80%E9%94%8C%E5%8D%B7product_Single600.webp HTTP/1.1" 200 27502 "http://cqqizhou.com/" "Mozilla/5.0 (Windows NT 10.0; Win64; x64) AppleWebKit/537.36 (KHTML, like Gecko) Chrome/117.0.5938.132 Safari/537.36"
205.169.39.51 - - [13/Oct/2025:08:59:52 +0800] "GET /wp-content/uploads/2025/07/1753453127-%E4%BD%99%E5%8D%B7product_Single600%C3%97284.webp HTTP/1.1" 200 18744 "http://cqqizhou.com/" "Mozilla/5.0 (Windows NT 10.0; Win64; x64) AppleWebKit/537.36 (KHTML, like Gecko) Chrome/117.0.5938.132 Safari/537.36"
205.169.39.51 - - [13/Oct/2025:08:59:55 +0800] "GET /wp-content/uploads/revslider/slider-1/1750929639-yuanjing_Slider_3840%C3%972160_20250626171955-scaled.webp HTTP/1.1" 200 203290 "http://cqqizhou.com/" "Mozilla/5.0 (Windows NT 10.0; Win64; x64) AppleWebKit/537.36 (KHTML, like Gecko) Chrome/117.0.5938.132 Safari/537.36"
205.169.39.51 - - [13/Oct/2025:08:59:55 +0800] "GET /wp-content/uploads/2025/07/1753587901-Slider_3840%C3%972160_20250727-scaled-50x100.webp HTTP/1.1" 200 1660 "http://cqqizhou.com/" "Mozilla/5.0 (Windows NT 10.0; Win64; x64) AppleWebKit/537.36 (KHTML, like Gecko) Chrome/117.0.5938.132 Safari/537.36"
205.169.39.51 - - [13/Oct/2025:08:59:55 +0800] "GET /wp-content/uploads/revslider/slider-1/1750861156-logistics_Slider_3840%C3%972160_20250625191356-scaled-50x100.webp HTTP/1.1" 200 1416 "http://cqqizhou.com/" "Mozilla/5.0 (Windows NT 10.0; Win64; x64) AppleWebKit/537.36 (KHTML, like Gecko) Chrome/117.0.5938.132 Safari/537.36"
205.169.39.51 - - [13/Oct/2025:08:59:55 +0800] "GET /wp-content/uploads/2025/07/1753587901-Slider_3840%C3%972160_20250727-scaled-50x100.webp HTTP/1.1" 200 1660 "http://cqqizhou.com/" "Mozilla/5.0 (Windows NT 10.0; Win64; x64) AppleWebKit/537.36 (KHTML, like Gecko) Chrome/117.0.5938.132 Safari/537.36"
205.169.39.51 - - [13/Oct/2025:08:59:55 +0800] "GET /wp-content/uploads/revslider/slider-1/1750861156-logistics_Slider_3840%C3%972160_20250625191356-scaled-50x100.webp HTTP/1.1" 200 1416 "http://cqqizhou.com/" "Mozilla/5.0 (Windows NT 10.0; Win64; x64) AppleWebKit/537.36 (KHTML, like Gecko) Chrome/117.0.5938.132 Safari/537.36"
205.169.39.51 - - [13/Oct/2025:08:59:56 +0800] "GET /wp-json/sliderrevolution/sliders/1?srengine=7&slideid=3 HTTP/1.1" 200 2292 "http://cqqizhou.com/" "Mozilla/5.0 (Windows NT 10.0; Win64; x64) AppleWebKit/537.36 (KHTML, like Gecko) Chrome/117.0.5938.132 Safari/537.36"
205.169.39.51 - - [13/Oct/2025:08:59:56 +0800] "GET /wp-json/sliderrevolution/sliders/1?srengine=7&slideid=2 HTTP/1.1" 200 2058 "http://cqqizhou.com/" "Mozilla/5.0 (Windows NT 10.0; Win64; x64) AppleWebKit/537.36 (KHTML, like Gecko) Chrome/117.0.5938.132 Safari/537.36"
205.169.39.51 - - [13/Oct/2025:08:59:56 +0800] "GET /wp-content/uploads/2025/07/1753587901-Slider_3840%C3%972160_20250727-scaled.webp HTTP/1.1" 200 141034 "http://cqqizhou.com/" "Mozilla/5.0 (Windows NT 10.0; Win64; x64) AppleWebKit/537.36 (KHTML, like Gecko) Chrome/117.0.5938.132 Safari/537.36"
205.169.39.51 - - [13/Oct/2025:08:59:57 +0800] "POST /wp-admin/admin-ajax.php HTTP/1.1" 403 33 "http://cqqizhou.com/" "Mozilla/5.0 (Windows NT 10.0; Win64; x64) AppleWebKit/537.36 (KHTML, like Gecko) Chrome/117.0.5938.132 Safari/537.36"
205.169.39.51 - - [13/Oct/2025:08:59:57 +0800] "GET /wp-content/uploads/revslider/slider-1/1750861156-logistics_Slider_3840%C3%972160_20250625191356-scaled.webp HTTP/1.1" 200 197360 "http://cqqizhou.com/" "Mozilla/5.0 (Windows NT 10.0; Win64; x64) AppleWebKit/537.36 (KHTML, like Gecko) Chrome/117.0.5938.132 Safari/537.36"
205.169.39.51 - - [13/Oct/2025:09:00:04 +0800] "GET /wp-content/uploads/revslider/slider-1/1750929639-yuanjing_Slider_3840%C3%972160_20250626171955-scaled-50x100.webp HTTP/1.1" 200 1784 "http://cqqizhou.com/" "Mozilla/5.0 (Windows NT 10.0; Win64; x64) AppleWebKit/537.36 (KHTML, like Gecko) Chrome/117.0.5938.132 Safari/537.36"
205.169.39.51 - - [13/Oct/2025:09:00:04 +0800] "POST /wp-admin/admin-ajax.php HTTP/1.1" 403 33 "http://cqqizhou.com/" "Mozilla/5.0 (Windows NT 10.0; Win64; x64) AppleWebKit/537.36 (KHTML, like Gecko) Chrome/117.0.5938.132 Safari/537.36"
36.133.108.121 - - [13/Oct/2025:09:00:04 +0800] "HEAD / HTTP/1.1" 301 0 "-" "Mozilla/5.0 (Windows; U; Windows NT 5.1; en-US) AppleWebKit/533.20.25 (KHTML, like Gecko) Version/5.0.3 Safari/533.19.4"
205.169.39.51 - - [13/Oct/2025:09:00:04 +0800] "GET /wp-content/uploads/revslider/slider-1/1750929639-yuanjing_Slider_3840%C3%972160_20250626171955-scaled-50x100.webp HTTP/1.1" 200 1784 "http://cqqizhou.com/" "Mozilla/5.0 (Windows NT 10.0; Win64; x64) AppleWebKit/537.36 (KHTML, like Gecko) Chrome/117.0.5938.132 Safari/537.36"
36.133.115.36 - - [13/Oct/2025:09:09:16 +0800] "POST /wp-cron.php?doing_wp_cron=1760317756.5011279582977294921875 HTTP/1.1" 200 31 "-" "WordPress/6.8.2; http://cqqizhou.com"
87.120.191.93 - - [13/Oct/2025:09:09:16 +0800] "GET / HTTP/1.1" 200 33465 "-" "Mozilla/5.0 (Windows NT 10.0; Win64; x64) AppleWebKit/537.36 (KHTML, like Gecko) Chrome/90.0.4430.85 Safari/537.36 Edg/90.0.818.46"
36.133.115.36 - - [13/Oct/2025:09:11:27 +0800] "POST /wp-cron.php?doing_wp_cron=1760317887.7278809547424316406250 HTTP/1.1" 200 31 "-" "WordPress/6.8.2; http://cqqizhou.com"
87.120.191.92 - - [13/Oct/2025:09:11:28 +0800] "GET / HTTP/1.1" 200 33466 "-" "Mozilla/5.0 (Windows NT 10.0; Win64; x64) AppleWebKit/537.36 (KHTML, like Gecko) Chrome/90.0.4430.85 Safari/537.36 Edg/90.0.818.46"
36.133.115.36 - - [13/Oct/2025:09:15:30 +0800] "POST /wp-cron.php?doing_wp_cron=1760318130.2280828952789306640625 HTTP/1.1" 200 31 "-" "WordPress/6.8.2; http://cqqizhou.com"
182.44.67.97 - - [13/Oct/2025:09:15:30 +0800] "GET / HTTP/1.1" 301 5 "-" "Mozilla/5.0 (iPhone; CPU iPhone OS 13_2_3 like Mac OS X) AppleWebKit/605.1.15 (KHTML, like Gecko) Version/13.0.3 Mobile/15E148 Safari/604.1"
36.133.115.36 - - [13/Oct/2025:09:21:36 +0800] "POST /wp-cron.php?doing_wp_cron=1760318496.7281661033630371093750 HTTP/1.1" 200 31 "-" "WordPress/6.8.2; http://cqqizhou.com"
104.37.27.220 - - [13/Oct/2025:09:21:36 +0800] "GET / HTTP/1.1" 301 5 "-" "Mozilla/5.0 (Windows NT 10.0; Win64; x64) AppleWebKit/537.36 (KHTML, like Gecko) Chrome/86.0.4240.111 Safari/537.36 Edg/86.0.622.51"
36.133.115.36 - - [13/Oct/2025:09:23:04 +0800] "POST /wp-cron.php?doing_wp_cron=1760318584.3361830711364746093750 HTTP/1.1" 200 31 "-" "WordPress/6.8.2; http://cqqizhou.com"
87.120.191.6 - - [13/Oct/2025:09:23:04 +0800] "GET / HTTP/1.1" 200 33466 "-" "Mozilla/5.0 (Windows NT 10.0; Win64; x64) AppleWebKit/537.36 (KHTML, like Gecko) Chrome/90.0.4430.85 Safari/537.36 Edg/90.0.818.46"
36.133.115.36 - - [13/Oct/2025:09:35:22 +0800] "POST /wp-cron.php?doing_wp_cron=1760319322.6141901016235351562500 HTTP/1.1" 200 31 "-" "WordPress/6.8.2; http://cqqizhou.com"
87.120.191.90 - - [13/Oct/2025:09:35:22 +0800] "GET / HTTP/1.1" 200 33466 "-" "Mozilla/5.0 (Windows NT 10.0; Win64; x64) AppleWebKit/537.36 (KHTML, like Gecko) Chrome/90.0.4430.85 Safari/537.36 Edg/90.0.818.46"
36.133.115.36 - - [13/Oct/2025:09:36:55 +0800] "POST /wp-cron.php?doing_wp_cron=1760319415.3794140815734863281250 HTTP/1.1" 200 31 "-" "WordPress/6.8.2; http://cqqizhou.com"
87.120.191.104 - - [13/Oct/2025:09:36:55 +0800] "GET / HTTP/1.1" 301 5 "-" "-"
36.133.115.36 - - [13/Oct/2025:09:43:13 +0800] "POST /wp-cron.php?doing_wp_cron=1760319793.3071310520172119140625 HTTP/1.1" 200 31 "-" "WordPress/6.8.2; http://cqqizhou.com"
213.209.143.66 - - [13/Oct/2025:09:43:13 +0800] "GET / HTTP/1.1" 200 33466 "-" "Mozilla/5.0 (Windows NT 10.0; Win64; x64) AppleWebKit/537.36 (KHTML, like Gecko) Chrome/90.0.4430.85 Safari/537.36 Edg/90.0.818.46"
36.133.115.36 - - [13/Oct/2025:09:47:26 +0800] "POST /wp-cron.php?doing_wp_cron=1760320046.7700259685516357421875 HTTP/1.1" 200 31 "-" "WordPress/6.8.2; http://cqqizhou.com"
195.178.110.15 - - [13/Oct/2025:09:47:26 +0800] "GET / HTTP/1.1" 301 5 "-" "l9tcpid/v1.1.0"
103.153.182.150 - - [13/Oct/2025:09:48:23 +0800] "GET / HTTP/1.1" 200 39371 "-" "python-requests/2.32.5"
103.153.182.150 - - [13/Oct/2025:09:48:30 +0800] "GET /.env HTTP/1.1" 404 8988 "-" "python-requests/2.32.5"
103.153.182.150 - - [13/Oct/2025:09:48:33 +0800] "GET /.env.bak HTTP/1.1" 404 8989 "-" "python-requests/2.32.5"
103.153.182.150 - - [13/Oct/2025:09:48:34 +0800] "GET /.env.backup HTTP/1.1" 404 8990 "-" "python-requests/2.32.5"
103.153.182.150 - - [13/Oct/2025:09:48:35 +0800] "GET /.env.save HTTP/1.1" 404 8989 "-" "python-requests/2.32.5"
103.153.182.150 - - [13/Oct/2025:09:48:37 +0800] "GET /.env.old HTTP/1.1" 404 8989 "-" "python-requests/2.32.5"
103.153.182.150 - - [13/Oct/2025:09:48:38 +0800] "GET /.env~ HTTP/1.1" 404 8989 "-" "python-requests/2.32.5"
103.153.182.150 - - [13/Oct/2025:09:48:39 +0800] "GET /.env.txt HTTP/1.1" 200 25127 "-" "python-requests/2.32.5"
103.153.182.150 - - [13/Oct/2025:09:48:41 +0800] "GET /.env.prod HTTP/1.1" 404 8989 "-" "python-requests/2.32.5"
103.153.182.150 - - [13/Oct/2025:09:48:43 +0800] "GET /.env.production HTTP/1.1" 404 8989 "-" "python-requests/2.32.5"
103.153.182.150 - - [13/Oct/2025:09:48:44 +0800] "GET /.env.dev HTTP/1.1" 404 8989 "-" "python-requests/2.32.5"
103.153.182.150 - - [13/Oct/2025:09:48:45 +0800] "GET /.env.development HTTP/1.1" 404 8989 "-" "python-requests/2.32.5"
103.153.182.150 - - [13/Oct/2025:09:48:46 +0800] "GET /.env.local HTTP/1.1" 404 8989 "-" "python-requests/2.32.5"
103.153.182.150 - - [13/Oct/2025:09:48:47 +0800] "GET /.env.test HTTP/1.1" 404 8989 "-" "python-requests/2.32.5"
103.153.182.150 - - [13/Oct/2025:09:48:48 +0800] "GET /.env.testing HTTP/1.1" 404 8989 "-" "python-requests/2.32.5"
103.153.182.150 - - [13/Oct/2025:09:48:49 +0800] "GET /.env.stage HTTP/1.1" 404 8989 "-" "python-requests/2.32.5"
103.153.182.150 - - [13/Oct/2025:09:48:51 +0800] "GET /.env.staging HTTP/1.1" 404 8989 "-" "python-requests/2.32.5"
103.153.182.150 - - [13/Oct/2025:09:48:52 +0800] "GET /.env1 HTTP/1.1" 404 8989 "-" "python-requests/2.32.5"
103.153.182.150 - - [13/Oct/2025:09:48:53 +0800] "GET /.env2 HTTP/1.1" 404 8989 "-" "python-requests/2.32.5"
103.153.182.150 - - [13/Oct/2025:09:48:54 +0800] "GET /.env_copy HTTP/1.1" 404 8990 "-" "python-requests/2.32.5"
103.153.182.150 - - [13/Oct/2025:09:48:55 +0800] "GET /.env_copy.txt HTTP/1.1" 200 25134 "-" "python-requests/2.32.5"
103.153.182.150 - - [13/Oct/2025:09:48:57 +0800] "GET /.env.back HTTP/1.1" 404 8989 "-" "python-requests/2.32.5"
103.153.182.150 - - [13/Oct/2025:09:48:58 +0800] "GET /.env.bkp HTTP/1.1" 404 8989 "-" "python-requests/2.32.5"
103.153.182.150 - - [13/Oct/2025:09:48:59 +0800] "GET /.env_orig HTTP/1.1" 404 8989 "-" "python-requests/2.32.5"
103.153.182.150 - - [13/Oct/2025:09:49:00 +0800] "GET /.env.original HTTP/1.1" 404 8988 "-" "python-requests/2.32.5"
103.153.182.150 - - [13/Oct/2025:09:49:01 +0800] "GET /.env.save HTTP/1.1" 404 8989 "-" "python-requests/2.32.5"
103.153.182.150 - - [13/Oct/2025:09:49:02 +0800] "GET /.env.save.1 HTTP/1.1" 404 8989 "-" "python-requests/2.32.5"
103.153.182.150 - - [13/Oct/2025:09:49:03 +0800] "GET /.env.save.2 HTTP/1.1" 404 8989 "-" "python-requests/2.32.5"
103.153.182.150 - - [13/Oct/2025:09:49:04 +0800] "GET /.env.save.old HTTP/1.1" 404 8990 "-" "python-requests/2.32.5"
103.153.182.150 - - [13/Oct/2025:09:49:05 +0800] "GET /.env.save.bak HTTP/1.1" 404 8989 "-" "python-requests/2.32.5"
103.153.182.150 - - [13/Oct/2025:09:49:06 +0800] "GET /.env.save.bkp HTTP/1.1" 404 8989 "-" "python-requests/2.32.5"
103.153.182.150 - - [13/Oct/2025:09:49:08 +0800] "GET /.env.save.txt HTTP/1.1" 200 25133 "-" "python-requests/2.32.5"
103.153.182.150 - - [13/Oct/2025:09:49:09 +0800] "GET /.env.save~ HTTP/1.1" 404 8989 "-" "python-requests/2.32.5"
103.153.182.150 - - [13/Oct/2025:09:49:10 +0800] "GET /.env.save.old HTTP/1.1" 404 8989 "-" "python-requests/2.32.5"
103.153.182.150 - - [13/Oct/2025:09:49:11 +0800] "GET /.env.save.backup HTTP/1.1" 404 8989 "-" "python-requests/2.32.5"
103.153.182.150 - - [13/Oct/2025:09:49:12 +0800] "GET /.env.save.example HTTP/1.1" 404 8989 "-" "python-requests/2.32.5"
103.153.182.150 - - [13/Oct/2025:09:49:13 +0800] "GET /.env.save.prod HTTP/1.1" 404 8989 "-" "python-requests/2.32.5"
103.153.182.150 - - [13/Oct/2025:09:49:14 +0800] "GET /.env.save.production HTTP/1.1" 404 8990 "-" "python-requests/2.32.5"
103.153.182.150 - - [13/Oct/2025:09:49:15 +0800] "GET /.env.save.dev HTTP/1.1" 404 8989 "-" "python-requests/2.32.5"
103.153.182.150 - - [13/Oct/2025:09:49:16 +0800] "GET /.env.save.development HTTP/1.1" 404 8989 "-" "python-requests/2.32.5"
103.153.182.150 - - [13/Oct/2025:09:49:18 +0800] "GET /.env.save.local HTTP/1.1" 404 8989 "-" "python-requests/2.32.5"
103.153.182.150 - - [13/Oct/2025:09:49:19 +0800] "GET /.env.save.test HTTP/1.1" 404 8989 "-" "python-requests/2.32.5"
103.153.182.150 - - [13/Oct/2025:09:49:20 +0800] "GET /.env.save.testing HTTP/1.1" 404 8988 "-" "python-requests/2.32.5"
103.153.182.150 - - [13/Oct/2025:09:49:21 +0800] "GET /.env.save.stage HTTP/1.1" 404 8989 "-" "python-requests/2.32.5"
103.153.182.150 - - [13/Oct/2025:09:49:22 +0800] "GET /.env.save.staging HTTP/1.1" 404 8989 "-" "python-requests/2.32.5"
103.153.182.150 - - [13/Oct/2025:09:49:23 +0800] "GET /vendor/.env HTTP/1.1" 404 8989 "-" "python-requests/2.32.5"
103.153.182.150 - - [13/Oct/2025:09:49:24 +0800] "GET /lib/.env HTTP/1.1" 404 8990 "-" "python-requests/2.32.5"
103.153.182.150 - - [13/Oct/2025:09:49:25 +0800] "GET /lab/.env HTTP/1.1" 404 8989 "-" "python-requests/2.32.5"
36.133.115.36 - - [13/Oct/2025:09:49:26 +0800] "POST /wp-cron.php?doing_wp_cron=1760320166.5224030017852783203125 HTTP/1.1" 200 31 "-" "WordPress/6.8.2; http://cqqizhou.com"
103.153.182.150 - - [13/Oct/2025:09:49:26 +0800] "GET /cronlab/.env HTTP/1.1" 404 8989 "-" "python-requests/2.32.5"
103.153.182.150 - - [13/Oct/2025:09:49:27 +0800] "GET /cron/.env HTTP/1.1" 404 8989 "-" "python-requests/2.32.5"
103.153.182.150 - - [13/Oct/2025:09:49:28 +0800] "GET /core/.env HTTP/1.1" 404 8989 "-" "python-requests/2.32.5"
103.153.182.150 - - [13/Oct/2025:09:49:29 +0800] "GET /core/app/.env HTTP/1.1" 404 8989 "-" "python-requests/2.32.5"
103.153.182.150 - - [13/Oct/2025:09:49:30 +0800] "GET /core/Database/.env HTTP/1.1" 404 8989 "-" "python-requests/2.32.5"
103.153.182.150 - - [13/Oct/2025:09:49:31 +0800] "GET /database/.env HTTP/1.1" 404 8989 "-" "python-requests/2.32.5"
103.153.182.150 - - [13/Oct/2025:09:49:32 +0800] "GET /config/.env HTTP/1.1" 404 8989 "-" "python-requests/2.32.5"
103.153.182.150 - - [13/Oct/2025:09:49:34 +0800] "GET /assets/.env HTTP/1.1" 404 8990 "-" "python-requests/2.32.5"
103.153.182.150 - - [13/Oct/2025:09:49:35 +0800] "GET /app/.env HTTP/1.1" 404 8989 "-" "python-requests/2.32.5"
103.153.182.150 - - [13/Oct/2025:09:49:36 +0800] "GET /apps/.env HTTP/1.1" 404 8988 "-" "python-requests/2.32.5"
103.153.182.150 - - [13/Oct/2025:09:49:37 +0800] "GET /uploads/.env HTTP/1.1" 404 8989 "-" "python-requests/2.32.5"
103.153.182.150 - - [13/Oct/2025:09:49:38 +0800] "GET /sitemaps/.env HTTP/1.1" 404 8989 "-" "python-requests/2.32.5"
103.153.182.150 - - [13/Oct/2025:09:49:39 +0800] "GET /site/.env HTTP/1.1" 404 8989 "-" "python-requests/2.32.5"
103.153.182.150 - - [13/Oct/2025:09:49:40 +0800] "GET /admin/.env HTTP/1.1" 404 8988 "-" "python-requests/2.32.5"
103.153.182.150 - - [13/Oct/2025:09:49:41 +0800] "GET /web/.env HTTP/1.1" 404 8989 "-" "python-requests/2.32.5"
103.153.182.150 - - [13/Oct/2025:09:49:42 +0800] "GET /public/.env HTTP/1.1" 404 8989 "-" "python-requests/2.32.5"
103.153.182.150 - - [13/Oct/2025:09:49:43 +0800] "GET /en/.env HTTP/1.1" 404 8989 "-" "python-requests/2.32.5"
36.133.115.36 - - [13/Oct/2025:09:49:47 +0800] "POST /wp-cron.php?doing_wp_cron=1760320187.7489030361175537109375 HTTP/1.1" 200 31 "-" "WordPress/6.8.2; http://cqqizhou.com"
103.153.182.150 - - [13/Oct/2025:09:49:47 +0800] "GET /tools/.env HTTP/1.1" 404 8989 "-" "python-requests/2.32.5"
103.153.182.150 - - [13/Oct/2025:09:49:51 +0800] "GET /v1/.env HTTP/1.1" 404 8989 "-" "python-requests/2.32.5"
103.153.182.150 - - [13/Oct/2025:09:49:52 +0800] "GET /administrator/.env HTTP/1.1" 404 8988 "-" "python-requests/2.32.5"
103.153.182.150 - - [13/Oct/2025:09:49:53 +0800] "GET /laravel/.env HTTP/1.1" 404 8989 "-" "python-requests/2.32.5"
103.153.182.150 - - [13/Oct/2025:09:49:54 +0800] "GET /api/.env HTTP/1.1" 404 8990 "-" "python-requests/2.32.5"
103.153.182.150 - - [13/Oct/2025:09:49:55 +0800] "GET /backend/.env HTTP/1.1" 404 8989 "-" "python-requests/2.32.5"
103.153.182.150 - - [13/Oct/2025:09:49:56 +0800] "GET /backend/web/.env HTTP/1.1" 404 8989 "-" "python-requests/2.32.5"
103.153.182.150 - - [13/Oct/2025:09:49:57 +0800] "GET /backend/app/.env HTTP/1.1" 404 8989 "-" "python-requests/2.32.5"
103.153.182.150 - - [13/Oct/2025:09:49:58 +0800] "GET /backend/config/.env HTTP/1.1" 404 8989 "-" "python-requests/2.32.5"
103.153.182.150 - - [13/Oct/2025:09:49:59 +0800] "GET /backend/database/.env HTTP/1.1" 404 8989 "-" "python-requests/2.32.5"
103.153.182.150 - - [13/Oct/2025:09:50:00 +0800] "GET /backend/core/.env HTTP/1.1" 404 8988 "-" "python-requests/2.32.5"
103.153.182.150 - - [13/Oct/2025:09:50:01 +0800] "GET /backend/admin/.env HTTP/1.1" 404 8989 "-" "python-requests/2.32.5"
103.153.182.150 - - [13/Oct/2025:09:50:02 +0800] "GET /backend/public/.env HTTP/1.1" 404 8989 "-" "python-requests/2.32.5"
103.153.182.150 - - [13/Oct/2025:09:50:04 +0800] "GET /backend/assets/.env HTTP/1.1" 404 8990 "-" "python-requests/2.32.5"
103.153.182.150 - - [13/Oct/2025:09:50:05 +0800] "GET /backend/uploads/.env HTTP/1.1" 404 8989 "-" "python-requests/2.32.5"
103.153.182.150 - - [13/Oct/2025:09:50:06 +0800] "GET /backend/site/.env HTTP/1.1" 404 8989 "-" "python-requests/2.32.5"
103.153.182.150 - - [13/Oct/2025:09:50:07 +0800] "GET /backend/tools/.env HTTP/1.1" 404 8989 "-" "python-requests/2.32.5"
103.153.182.150 - - [13/Oct/2025:09:50:08 +0800] "GET /backend/vendor/.env HTTP/1.1" 404 8989 "-" "python-requests/2.32.5"
103.153.182.150 - - [13/Oct/2025:09:50:09 +0800] "GET /backend/lib/.env HTTP/1.1" 404 8989 "-" "python-requests/2.32.5"
103.153.182.150 - - [13/Oct/2025:09:50:10 +0800] "GET /backend/lab/.env HTTP/1.1" 404 8988 "-" "python-requests/2.32.5"
103.153.182.150 - - [13/Oct/2025:09:50:11 +0800] "GET /backend/cronlab/.env HTTP/1.1" 404 8989 "-" "python-requests/2.32.5"
103.153.182.150 - - [13/Oct/2025:09:50:12 +0800] "GET /backend/cron/.env HTTP/1.1" 404 8989 "-" "python-requests/2.32.5"
103.153.182.150 - - [13/Oct/2025:09:50:13 +0800] "GET /backend/core/app/.env HTTP/1.1" 404 8989 "-" "python-requests/2.32.5"
103.153.182.150 - - [13/Oct/2025:09:50:14 +0800] "GET /backend/core/Database/.env HTTP/1.1" 404 8990 "-" "python-requests/2.32.5"
103.153.182.150 - - [13/Oct/2025:09:50:16 +0800] "GET /backend/sitemaps/.env HTTP/1.1" 404 8989 "-" "python-requests/2.32.5"
103.153.182.150 - - [13/Oct/2025:09:50:17 +0800] "GET /backend/en/.env HTTP/1.1" 404 8989 "-" "python-requests/2.32.5"
103.153.182.150 - - [13/Oct/2025:09:50:18 +0800] "GET /backend/v1/.env HTTP/1.1" 404 8989 "-" "python-requests/2.32.5"
103.153.182.150 - - [13/Oct/2025:09:50:19 +0800] "GET /backend/administrator/.env HTTP/1.1" 404 8989 "-" "python-requests/2.32.5"
103.153.182.150 - - [13/Oct/2025:09:50:20 +0800] "GET /backend/laravel/.env HTTP/1.1" 404 8988 "-" "python-requests/2.32.5"
103.153.182.150 - - [13/Oct/2025:09:50:21 +0800] "GET /_profiler/phpinfo HTTP/1.1" 404 8989 "-" "python-requests/2.32.5"
103.153.182.150 - - [13/Oct/2025:09:50:21 +0800] "GET /tool/view/phpinfo.view.php HTTP/1.1" 404 47 "-" "python-requests/2.32.5"
103.153.182.150 - - [13/Oct/2025:09:50:22 +0800] "GET /wp-config.php-backup HTTP/1.1" 404 8989 "-" "python-requests/2.32.5"
103.153.182.150 - - [13/Oct/2025:09:50:23 +0800] "GET /%C0 HTTP/1.1" 404 8989 "-" "python-requests/2.32.5"
103.153.182.150 - - [13/Oct/2025:09:50:25 +0800] "GET /debug/default/view.html HTTP/1.1" 404 8989 "-" "python-requests/2.32.5"
103.153.182.150 - - [13/Oct/2025:09:50:26 +0800] "GET /debug/default/view HTTP/1.1" 404 8989 "-" "python-requests/2.32.5"
