14.108.234.62 - - [28/Aug/2025:14:16:50 +0800] "POST /wp-admin/admin-ajax.php HTTP/1.1" 200 107 "http://cqqizhou.com/wp-admin/post.php?post=1166&action=elementor" "Mozilla/5.0 (Windows NT 10.0; Win64; x64) AppleWebKit/537.36 (KHTML, like Gecko) Chrome/138.0.0.0 Safari/537.36 Edg/138.0.0.0"
14.108.234.62 - - [28/Aug/2025:14:16:55 +0800] "GET /about/ HTTP/1.1" 200 32088 "http://cqqizhou.com/ot_header_builders/header-home-2/?elementor-preview=1166&ver=1756361657" "Mozilla/5.0 (Windows NT 10.0; Win64; x64) AppleWebKit/537.36 (KHTML, like Gecko) Chrome/138.0.0.0 Safari/537.36 Edg/138.0.0.0"
14.108.234.62 - - [28/Aug/2025:14:16:56 +0800] "GET /services/ HTTP/1.1" 200 27680 "http://cqqizhou.com/ot_header_builders/header-home-2/?elementor-preview=1166&ver=1756361657" "Mozilla/5.0 (Windows NT 10.0; Win64; x64) AppleWebKit/537.36 (KHTML, like Gecko) Chrome/138.0.0.0 Safari/537.36 Edg/138.0.0.0"
14.108.234.62 - - [28/Aug/2025:14:17:02 +0800] "POST /wp-admin/admin-ajax.php HTTP/1.1" 200 78 "http://cqqizhou.com/wp-admin/edit.php?post_type=ot_header_builders" "Mozilla/5.0 (Windows NT 10.0; Win64; x64) AppleWebKit/537.36 (KHTML, like Gecko) Chrome/138.0.0.0 Safari/537.36 Edg/138.0.0.0"
14.108.234.62 - - [28/Aug/2025:14:17:05 +0800] "POST /wp-admin/admin-ajax.php HTTP/1.1" 200 107 "http://cqqizhou.com/wp-admin/post.php?post=1166&action=elementor" "Mozilla/5.0 (Windows NT 10.0; Win64; x64) AppleWebKit/537.36 (KHTML, like Gecko) Chrome/138.0.0.0 Safari/537.36 Edg/138.0.0.0"
14.108.234.62 - - [28/Aug/2025:14:17:12 +0800] "POST /wp-admin/admin-ajax.php HTTP/1.1" 200 78 "http://cqqizhou.com/wp-admin/edit.php?post_type=ot_header_builders" "Mozilla/5.0 (Windows NT 10.0; Win64; x64) AppleWebKit/537.36 (KHTML, like Gecko) Chrome/138.0.0.0 Safari/537.36 Edg/138.0.0.0"
14.108.234.62 - - [28/Aug/2025:14:17:13 +0800] "GET /ot_header_builders/header-home-2/ HTTP/1.1" 200 19899 "http://cqqizhou.com/wp-admin/edit.php?post_type=ot_header_builders" "Mozilla/5.0 (Windows NT 10.0; Win64; x64) AppleWebKit/537.36 (KHTML, like Gecko) Chrome/138.0.0.0 Safari/537.36 Edg/138.0.0.0"
14.108.234.62 - - [28/Aug/2025:14:17:22 +0800] "POST /wp-admin/admin-ajax.php HTTP/1.1" 200 78 "http://cqqizhou.com/wp-admin/edit.php?post_type=ot_header_builders" "Mozilla/5.0 (Windows NT 10.0; Win64; x64) AppleWebKit/537.36 (KHTML, like Gecko) Chrome/138.0.0.0 Safari/537.36 Edg/138.0.0.0"
14.108.234.62 - - [28/Aug/2025:14:17:27 +0800] "GET /ot_header_builders/header-main/ HTTP/1.1" 200 19368 "http://cqqizhou.com/wp-admin/edit.php?post_type=ot_header_builders" "Mozilla/5.0 (Windows NT 10.0; Win64; x64) AppleWebKit/537.36 (KHTML, like Gecko) Chrome/138.0.0.0 Safari/537.36 Edg/138.0.0.0"
14.108.234.62 - - [28/Aug/2025:14:17:33 +0800] "POST /wp-admin/admin-ajax.php HTTP/1.1" 200 78 "http://cqqizhou.com/wp-admin/edit.php?post_type=ot_header_builders" "Mozilla/5.0 (Windows NT 10.0; Win64; x64) AppleWebKit/537.36 (KHTML, like Gecko) Chrome/138.0.0.0 Safari/537.36 Edg/138.0.0.0"
14.108.234.62 - - [28/Aug/2025:14:17:39 +0800] "GET /wp-admin/post.php?post=25&action=elementor HTTP/1.1" 200 282857 "http://cqqizhou.com/wp-admin/edit.php?post_type=ot_header_builders" "Mozilla/5.0 (Windows NT 10.0; Win64; x64) AppleWebKit/537.36 (KHTML, like Gecko) Chrome/138.0.0.0 Safari/537.36 Edg/138.0.0.0"
14.108.234.62 - - [28/Aug/2025:14:17:41 +0800] "GET /wp-json/elementor/v1/global-widget/templates HTTP/1.1" 200 33 "http://cqqizhou.com/wp-admin/post.php?post=25&action=elementor" "Mozilla/5.0 (Windows NT 10.0; Win64; x64) AppleWebKit/537.36 (KHTML, like Gecko) Chrome/138.0.0.0 Safari/537.36 Edg/138.0.0.0"
14.108.234.62 - - [28/Aug/2025:14:17:41 +0800] "GET /wp-json/elementor/v1/checklist/user-progress HTTP/1.1" 200 213 "http://cqqizhou.com/wp-admin/post.php?post=25&action=elementor" "Mozilla/5.0 (Windows NT 10.0; Win64; x64) AppleWebKit/537.36 (KHTML, like Gecko) Chrome/138.0.0.0 Safari/537.36 Edg/138.0.0.0"
14.108.234.62 - - [28/Aug/2025:14:17:41 +0800] "GET /wp-json/elementor/v1/site-navigation/recent-posts?posts_per_page=6&_locale=user HTTP/1.1" 200 360 "http://cqqizhou.com/wp-admin/post.php?post=25&action=elementor" "Mozilla/5.0 (Windows NT 10.0; Win64; x64) AppleWebKit/537.36 (KHTML, like Gecko) Chrome/138.0.0.0 Safari/537.36 Edg/138.0.0.0"
14.108.234.62 - - [28/Aug/2025:14:17:41 +0800] "POST /wp-admin/admin-ajax.php HTTP/1.1" 200 107 "http://cqqizhou.com/wp-admin/post.php?post=25&action=elementor" "Mozilla/5.0 (Windows NT 10.0; Win64; x64) AppleWebKit/537.36 (KHTML, like Gecko) Chrome/138.0.0.0 Safari/537.36 Edg/138.0.0.0"
14.108.234.62 - - [28/Aug/2025:14:17:41 +0800] "GET /wp-json/elementor/v1/kit-elements-defaults HTTP/1.1" 200 33 "http://cqqizhou.com/wp-admin/post.php?post=25&action=elementor" "Mozilla/5.0 (Windows NT 10.0; Win64; x64) AppleWebKit/537.36 (KHTML, like Gecko) Chrome/138.0.0.0 Safari/537.36 Edg/138.0.0.0"
14.108.234.62 - - [28/Aug/2025:14:17:41 +0800] "GET /ot_header_builders/header-main/?elementor-preview=25&ver=1756361859 HTTP/1.1" 200 14365 "http://cqqizhou.com/wp-admin/post.php?post=25&action=elementor" "Mozilla/5.0 (Windows NT 10.0; Win64; x64) AppleWebKit/537.36 (KHTML, like Gecko) Chrome/138.0.0.0 Safari/537.36 Edg/138.0.0.0"
14.108.234.62 - - [28/Aug/2025:14:17:42 +0800] "GET /wp-json/elementor/v1/globals HTTP/1.1" 200 336 "http://cqqizhou.com/wp-admin/post.php?post=25&action=elementor" "Mozilla/5.0 (Windows NT 10.0; Win64; x64) AppleWebKit/537.36 (KHTML, like Gecko) Chrome/138.0.0.0 Safari/537.36 Edg/138.0.0.0"
14.108.234.62 - - [28/Aug/2025:14:17:42 +0800] "POST /wp-admin/admin-ajax.php HTTP/1.1" 200 566315 "http://cqqizhou.com/wp-admin/post.php?post=25&action=elementor" "Mozilla/5.0 (Windows NT 10.0; Win64; x64) AppleWebKit/537.36 (KHTML, like Gecko) Chrome/138.0.0.0 Safari/537.36 Edg/138.0.0.0"
14.108.234.62 - - [28/Aug/2025:14:17:43 +0800] "GET /wp-json/elementor/v1/user-data/current-user?context=edit HTTP/1.1" 200 544 "http://cqqizhou.com/wp-admin/post.php?post=25&action=elementor" "Mozilla/5.0 (Windows NT 10.0; Win64; x64) AppleWebKit/537.36 (KHTML, like Gecko) Chrome/138.0.0.0 Safari/537.36 Edg/138.0.0.0"
14.108.234.62 - - [28/Aug/2025:14:17:44 +0800] "POST /wp-admin/admin-ajax.php HTTP/1.1" 200 78 "http://cqqizhou.com/wp-admin/edit.php?post_type=ot_header_builders" "Mozilla/5.0 (Windows NT 10.0; Win64; x64) AppleWebKit/537.36 (KHTML, like Gecko) Chrome/138.0.0.0 Safari/537.36 Edg/138.0.0.0"
14.108.234.62 - - [28/Aug/2025:14:17:44 +0800] "GET /logistics/ HTTP/1.1" 200 26219 "http://cqqizhou.com/ot_header_builders/header-main/?elementor-preview=25&ver=1756361859" "Mozilla/5.0 (Windows NT 10.0; Win64; x64) AppleWebKit/537.36 (KHTML, like Gecko) Chrome/138.0.0.0 Safari/537.36 Edg/138.0.0.0"
14.108.234.62 - - [28/Aug/2025:14:17:46 +0800] "GET /news/ HTTP/1.1" 200 27256 "http://cqqizhou.com/ot_header_builders/header-main/?elementor-preview=25&ver=1756361859" "Mozilla/5.0 (Windows NT 10.0; Win64; x64) AppleWebKit/537.36 (KHTML, like Gecko) Chrome/138.0.0.0 Safari/537.36 Edg/138.0.0.0"
36.133.115.36 - - [28/Aug/2025:14:17:52 +0800] "POST /wp-cron.php?doing_wp_cron=1756361872.5885820388793945312500 HTTP/1.1" 200 31 "-" "WordPress/6.8.2; http://cqqizhou.com"
14.108.234.62 - - [28/Aug/2025:14:17:52 +0800] "GET /wp-json/elementor/v1/checklist/user-progress HTTP/1.1" 200 213 "http://cqqizhou.com/wp-admin/post.php?post=25&action=elementor" "Mozilla/5.0 (Windows NT 10.0; Win64; x64) AppleWebKit/537.36 (KHTML, like Gecko) Chrome/138.0.0.0 Safari/537.36 Edg/138.0.0.0"
14.108.234.62 - - [28/Aug/2025:14:17:56 +0800] "POST /wp-admin/admin-ajax.php HTTP/1.1" 200 107 "http://cqqizhou.com/wp-admin/post.php?post=25&action=elementor" "Mozilla/5.0 (Windows NT 10.0; Win64; x64) AppleWebKit/537.36 (KHTML, like Gecko) Chrome/138.0.0.0 Safari/537.36 Edg/138.0.0.0"
14.108.234.62 - - [28/Aug/2025:14:18:11 +0800] "POST /wp-admin/admin-ajax.php HTTP/1.1" 200 107 "http://cqqizhou.com/wp-admin/post.php?post=25&action=elementor" "Mozilla/5.0 (Windows NT 10.0; Win64; x64) AppleWebKit/537.36 (KHTML, like Gecko) Chrome/138.0.0.0 Safari/537.36 Edg/138.0.0.0"
14.108.234.62 - - [28/Aug/2025:14:18:26 +0800] "POST /wp-admin/admin-ajax.php HTTP/1.1" 200 107 "http://cqqizhou.com/wp-admin/post.php?post=25&action=elementor" "Mozilla/5.0 (Windows NT 10.0; Win64; x64) AppleWebKit/537.36 (KHTML, like Gecko) Chrome/138.0.0.0 Safari/537.36 Edg/138.0.0.0"
14.108.234.62 - - [28/Aug/2025:14:18:26 +0800] "GET /wp-json/elementor/v1/checklist/user-progress HTTP/1.1" 200 213 "http://cqqizhou.com/wp-admin/post.php?post=25&action=elementor" "Mozilla/5.0 (Windows NT 10.0; Win64; x64) AppleWebKit/537.36 (KHTML, like Gecko) Chrome/138.0.0.0 Safari/537.36 Edg/138.0.0.0"
14.108.234.62 - - [28/Aug/2025:14:18:27 +0800] "POST /wp-admin/admin-ajax.php HTTP/1.1" 200 432 "http://cqqizhou.com/wp-admin/post.php?post=25&action=elementor" "Mozilla/5.0 (Windows NT 10.0; Win64; x64) AppleWebKit/537.36 (KHTML, like Gecko) Chrome/138.0.0.0 Safari/537.36 Edg/138.0.0.0"
14.108.234.62 - - [28/Aug/2025:14:18:28 +0800] "GET /wp-json/elementor/v1/checklist/user-progress HTTP/1.1" 200 213 "http://cqqizhou.com/wp-admin/post.php?post=25&action=elementor" "Mozilla/5.0 (Windows NT 10.0; Win64; x64) AppleWebKit/537.36 (KHTML, like Gecko) Chrome/138.0.0.0 Safari/537.36 Edg/138.0.0.0"
14.108.234.62 - - [28/Aug/2025:14:18:28 +0800] "GET /about/ HTTP/1.1" 200 32090 "http://cqqizhou.com/ot_header_builders/header-main/?elementor-preview=25&ver=1756361859" "Mozilla/5.0 (Windows NT 10.0; Win64; x64) AppleWebKit/537.36 (KHTML, like Gecko) Chrome/138.0.0.0 Safari/537.36 Edg/138.0.0.0"
14.108.234.62 - - [28/Aug/2025:14:18:28 +0800] "POST /wp-admin/admin-ajax.php HTTP/1.1" 200 226 "http://cqqizhou.com/wp-admin/post.php?post=25&action=elementor" "Mozilla/5.0 (Windows NT 10.0; Win64; x64) AppleWebKit/537.36 (KHTML, like Gecko) Chrome/138.0.0.0 Safari/537.36 Edg/138.0.0.0"
14.108.234.62 - - [28/Aug/2025:14:18:32 +0800] "POST /wp-admin/admin-ajax.php HTTP/1.1" 200 78 "http://cqqizhou.com/wp-admin/edit.php?post_type=ot_header_builders" "Mozilla/5.0 (Windows NT 10.0; Win64; x64) AppleWebKit/537.36 (KHTML, like Gecko) Chrome/138.0.0.0 Safari/537.36 Edg/138.0.0.0"
14.108.234.62 - - [28/Aug/2025:14:18:34 +0800] "GET /wp-content/uploads/2025/07/1753454089-Article_images_W900px.webp HTTP/1.1" 200 27552 "http://cqqizhou.com/" "Mozilla/5.0 (Windows NT 10.0; Win64; x64) AppleWebKit/537.36 (KHTML, like Gecko) Chrome/138.0.0.0 Safari/537.36 Edg/138.0.0.0"
14.108.234.62 - - [28/Aug/2025:14:18:34 +0800] "GET /wp-content/uploads/2025/07/1753454299-Article_images_W900px.webp HTTP/1.1" 200 52418 "http://cqqizhou.com/" "Mozilla/5.0 (Windows NT 10.0; Win64; x64) AppleWebKit/537.36 (KHTML, like Gecko) Chrome/138.0.0.0 Safari/537.36 Edg/138.0.0.0"
14.108.234.62 - - [28/Aug/2025:14:18:35 +0800] "GET /wp-json/sliderrevolution/sliders/1?srengine=7&slideid=3 HTTP/1.1" 200 2292 "http://cqqizhou.com/" "Mozilla/5.0 (Windows NT 10.0; Win64; x64) AppleWebKit/537.36 (KHTML, like Gecko) Chrome/138.0.0.0 Safari/537.36 Edg/138.0.0.0"
14.108.234.62 - - [28/Aug/2025:14:18:35 +0800] "GET /wp-json/sliderrevolution/sliders/1?srengine=7&slideid=2 HTTP/1.1" 200 2058 "http://cqqizhou.com/" "Mozilla/5.0 (Windows NT 10.0; Win64; x64) AppleWebKit/537.36 (KHTML, like Gecko) Chrome/138.0.0.0 Safari/537.36 Edg/138.0.0.0"
14.108.234.62 - - [28/Aug/2025:14:18:38 +0800] "GET /about/ HTTP/1.1" 200 32064 "http://cqqizhou.com/" "Mozilla/5.0 (Windows NT 10.0; Win64; x64) AppleWebKit/537.36 (KHTML, like Gecko) Chrome/138.0.0.0 Safari/537.36 Edg/138.0.0.0"
14.108.234.62 - - [28/Aug/2025:14:18:40 +0800] "GET /wp-content/uploads/2025/07/1750945514-honor300%C3%97206_3.webp HTTP/1.1" 200 74124 "http://cqqizhou.com/about/" "Mozilla/5.0 (Windows NT 10.0; Win64; x64) AppleWebKit/537.36 (KHTML, like Gecko) Chrome/138.0.0.0 Safari/537.36 Edg/138.0.0.0"
14.108.234.62 - - [28/Aug/2025:14:18:41 +0800] "POST /wp-admin/admin-ajax.php HTTP/1.1" 200 107 "http://cqqizhou.com/wp-admin/post.php?post=25&action=elementor" "Mozilla/5.0 (Windows NT 10.0; Win64; x64) AppleWebKit/537.36 (KHTML, like Gecko) Chrome/138.0.0.0 Safari/537.36 Edg/138.0.0.0"
14.108.234.62 - - [28/Aug/2025:14:18:43 +0800] "POST /wp-admin/admin-ajax.php HTTP/1.1" 200 78 "http://cqqizhou.com/wp-admin/edit.php?post_type=ot_header_builders" "Mozilla/5.0 (Windows NT 10.0; Win64; x64) AppleWebKit/537.36 (KHTML, like Gecko) Chrome/138.0.0.0 Safari/537.36 Edg/138.0.0.0"
14.108.234.62 - - [28/Aug/2025:14:18:45 +0800] "GET /wp-json/elementor/v1/checklist/user-progress HTTP/1.1" 200 213 "http://cqqizhou.com/wp-admin/post.php?post=1166&action=elementor" "Mozilla/5.0 (Windows NT 10.0; Win64; x64) AppleWebKit/537.36 (KHTML, like Gecko) Chrome/138.0.0.0 Safari/537.36 Edg/138.0.0.0"
14.108.234.62 - - [28/Aug/2025:14:18:45 +0800] "POST /wp-admin/admin-ajax.php HTTP/1.1" 200 107 "http://cqqizhou.com/wp-admin/post.php?post=1166&action=elementor" "Mozilla/5.0 (Windows NT 10.0; Win64; x64) AppleWebKit/537.36 (KHTML, like Gecko) Chrome/138.0.0.0 Safari/537.36 Edg/138.0.0.0"
36.133.115.36 - - [28/Aug/2025:14:18:48 +0800] "POST /wp-cron.php?doing_wp_cron=1756361928.7584159374237060546875 HTTP/1.1" 200 31 "-" "WordPress/6.8.2; http://cqqizhou.com"
14.108.234.62 - - [28/Aug/2025:14:18:48 +0800] "GET /wp-json/elementor/v1/checklist/user-progress HTTP/1.1" 200 213 "http://cqqizhou.com/wp-admin/post.php?post=25&action=elementor" "Mozilla/5.0 (Windows NT 10.0; Win64; x64) AppleWebKit/537.36 (KHTML, like Gecko) Chrome/138.0.0.0 Safari/537.36 Edg/138.0.0.0"
14.108.234.62 - - [28/Aug/2025:14:18:56 +0800] "POST /wp-admin/admin-ajax.php HTTP/1.1" 200 107 "http://cqqizhou.com/wp-admin/post.php?post=25&action=elementor" "Mozilla/5.0 (Windows NT 10.0; Win64; x64) AppleWebKit/537.36 (KHTML, like Gecko) Chrome/138.0.0.0 Safari/537.36 Edg/138.0.0.0"
14.108.234.62 - - [28/Aug/2025:14:18:58 +0800] "GET /wp-json/elementor/v1/checklist/user-progress HTTP/1.1" 200 213 "http://cqqizhou.com/wp-admin/post.php?post=25&action=elementor" "Mozilla/5.0 (Windows NT 10.0; Win64; x64) AppleWebKit/537.36 (KHTML, like Gecko) Chrome/138.0.0.0 Safari/537.36 Edg/138.0.0.0"
14.108.234.62 - - [28/Aug/2025:14:19:01 +0800] "POST /wp-admin/admin-ajax.php HTTP/1.1" 200 107 "http://cqqizhou.com/wp-admin/post.php?post=1166&action=elementor" "Mozilla/5.0 (Windows NT 10.0; Win64; x64) AppleWebKit/537.36 (KHTML, like Gecko) Chrome/138.0.0.0 Safari/537.36 Edg/138.0.0.0"
14.108.234.62 - - [28/Aug/2025:14:19:11 +0800] "POST /wp-admin/admin-ajax.php HTTP/1.1" 200 107 "http://cqqizhou.com/wp-admin/post.php?post=25&action=elementor" "Mozilla/5.0 (Windows NT 10.0; Win64; x64) AppleWebKit/537.36 (KHTML, like Gecko) Chrome/138.0.0.0 Safari/537.36 Edg/138.0.0.0"
14.108.234.62 - - [28/Aug/2025:14:19:22 +0800] "GET /contacts/ HTTP/1.1" 200 26296 "http://cqqizhou.com/ot_header_builders/header-main/?elementor-preview=25&ver=1756361859" "Mozilla/5.0 (Windows NT 10.0; Win64; x64) AppleWebKit/537.36 (KHTML, like Gecko) Chrome/138.0.0.0 Safari/537.36 Edg/138.0.0.0"
14.108.234.62 - - [28/Aug/2025:14:19:23 +0800] "GET /wp-json/elementor/v1/checklist/user-progress HTTP/1.1" 200 213 "http://cqqizhou.com/wp-admin/post.php?post=25&action=elementor" "Mozilla/5.0 (Windows NT 10.0; Win64; x64) AppleWebKit/537.36 (KHTML, like Gecko) Chrome/138.0.0.0 Safari/537.36 Edg/138.0.0.0"
14.108.234.62 - - [28/Aug/2025:14:19:24 +0800] "POST /wp-admin/admin-ajax.php HTTP/1.1" 200 433 "http://cqqizhou.com/wp-admin/post.php?post=25&action=elementor" "Mozilla/5.0 (Windows NT 10.0; Win64; x64) AppleWebKit/537.36 (KHTML, like Gecko) Chrome/138.0.0.0 Safari/537.36 Edg/138.0.0.0"
14.108.234.62 - - [28/Aug/2025:14:19:25 +0800] "GET /wp-json/elementor/v1/checklist/user-progress HTTP/1.1" 200 213 "http://cqqizhou.com/wp-admin/post.php?post=25&action=elementor" "Mozilla/5.0 (Windows NT 10.0; Win64; x64) AppleWebKit/537.36 (KHTML, like Gecko) Chrome/138.0.0.0 Safari/537.36 Edg/138.0.0.0"
14.108.234.62 - - [28/Aug/2025:14:19:26 +0800] "POST /wp-admin/admin-ajax.php HTTP/1.1" 200 107 "http://cqqizhou.com/wp-admin/post.php?post=25&action=elementor" "Mozilla/5.0 (Windows NT 10.0; Win64; x64) AppleWebKit/537.36 (KHTML, like Gecko) Chrome/138.0.0.0 Safari/537.36 Edg/138.0.0.0"
14.108.234.62 - - [28/Aug/2025:14:19:28 +0800] "GET /services/ HTTP/1.1" 200 27682 "http://cqqizhou.com/ot_header_builders/header-main/?elementor-preview=25&ver=1756361859" "Mozilla/5.0 (Windows NT 10.0; Win64; x64) AppleWebKit/537.36 (KHTML, like Gecko) Chrome/138.0.0.0 Safari/537.36 Edg/138.0.0.0"
14.108.234.62 - - [28/Aug/2025:14:19:31 +0800] "GET /about/ HTTP/1.1" 200 32064 "http://cqqizhou.com/" "Mozilla/5.0 (Windows NT 10.0; Win64; x64) AppleWebKit/537.36 (KHTML, like Gecko) Chrome/138.0.0.0 Safari/537.36 Edg/138.0.0.0"
14.108.234.62 - - [28/Aug/2025:14:19:31 +0800] "GET /wp-content/uploads/2025/07/1750945616-honor300%C3%97206_4.webp HTTP/1.1" 200 33814 "http://cqqizhou.com/about/" "Mozilla/5.0 (Windows NT 10.0; Win64; x64) AppleWebKit/537.36 (KHTML, like Gecko) Chrome/138.0.0.0 Safari/537.36 Edg/138.0.0.0"
14.108.234.62 - - [28/Aug/2025:14:19:31 +0800] "GET /wp-content/uploads/2025/07/1750945637-honor300%C3%97206_5.webp HTTP/1.1" 200 77368 "http://cqqizhou.com/about/" "Mozilla/5.0 (Windows NT 10.0; Win64; x64) AppleWebKit/537.36 (KHTML, like Gecko) Chrome/138.0.0.0 Safari/537.36 Edg/138.0.0.0"
14.108.234.62 - - [28/Aug/2025:14:19:31 +0800] "GET /wp-content/uploads/2025/07/1750945650-honor300%C3%97206_6.webp HTTP/1.1" 200 66306 "http://cqqizhou.com/about/" "Mozilla/5.0 (Windows NT 10.0; Win64; x64) AppleWebKit/537.36 (KHTML, like Gecko) Chrome/138.0.0.0 Safari/537.36 Edg/138.0.0.0"
14.108.234.62 - - [28/Aug/2025:14:19:39 +0800] "GET /wp-json/sliderrevolution/sliders/1?srengine=7&slideid=3 HTTP/1.1" 200 2292 "http://cqqizhou.com/" "Mozilla/5.0 (Windows NT 10.0; Win64; x64) AppleWebKit/537.36 (KHTML, like Gecko) Chrome/138.0.0.0 Safari/537.36 Edg/138.0.0.0"
14.108.234.62 - - [28/Aug/2025:14:19:39 +0800] "GET /wp-json/sliderrevolution/sliders/1?srengine=7&slideid=2 HTTP/1.1" 200 2058 "http://cqqizhou.com/" "Mozilla/5.0 (Windows NT 10.0; Win64; x64) AppleWebKit/537.36 (KHTML, like Gecko) Chrome/138.0.0.0 Safari/537.36 Edg/138.0.0.0"
14.108.234.62 - - [28/Aug/2025:14:19:42 +0800] "POST /wp-admin/admin-ajax.php HTTP/1.1" 200 107 "http://cqqizhou.com/wp-admin/post.php?post=25&action=elementor" "Mozilla/5.0 (Windows NT 10.0; Win64; x64) AppleWebKit/537.36 (KHTML, like Gecko) Chrome/138.0.0.0 Safari/537.36 Edg/138.0.0.0"
14.108.234.62 - - [28/Aug/2025:14:19:43 +0800] "GET /services/ HTTP/1.1" 200 27654 "http://cqqizhou.com/" "Mozilla/5.0 (Windows NT 10.0; Win64; x64) AppleWebKit/537.36 (KHTML, like Gecko) Chrome/138.0.0.0 Safari/537.36 Edg/138.0.0.0"
14.108.234.62 - - [28/Aug/2025:14:19:43 +0800] "GET /wp-content/uploads/2025/07/1751829518-Precision-processing-services800x500.webp HTTP/1.1" 200 28964 "http://cqqizhou.com/services/" "Mozilla/5.0 (Windows NT 10.0; Win64; x64) AppleWebKit/537.36 (KHTML, like Gecko) Chrome/138.0.0.0 Safari/537.36 Edg/138.0.0.0"
14.108.234.62 - - [28/Aug/2025:14:19:43 +0800] "GET /wp-content/uploads/2025/07/1751857929-3D-one-stop-supply-chain-service-W900px2.webp HTTP/1.1" 200 38362 "http://cqqizhou.com/services/" "Mozilla/5.0 (Windows NT 10.0; Win64; x64) AppleWebKit/537.36 (KHTML, like Gecko) Chrome/138.0.0.0 Safari/537.36 Edg/138.0.0.0"
14.108.234.62 - - [28/Aug/2025:14:19:43 +0800] "GET /wp-content/uploads/2025/07/1753405252-Services_Banner2000%C3%97400px2.webp HTTP/1.1" 200 23730 "http://cqqizhou.com/services/" "Mozilla/5.0 (Windows NT 10.0; Win64; x64) AppleWebKit/537.36 (KHTML, like Gecko) Chrome/138.0.0.0 Safari/537.36 Edg/138.0.0.0"
36.133.115.36 - - [28/Aug/2025:14:19:53 +0800] "POST /wp-cron.php?doing_wp_cron=1756361993.1456460952758789062500 HTTP/1.1" 200 31 "-" "WordPress/6.8.2; http://cqqizhou.com"
14.108.234.62 - - [28/Aug/2025:14:19:53 +0800] "GET /wp-json/elementor/v1/checklist/user-progress HTTP/1.1" 200 213 "http://cqqizhou.com/wp-admin/post.php?post=25&action=elementor" "Mozilla/5.0 (Windows NT 10.0; Win64; x64) AppleWebKit/537.36 (KHTML, like Gecko) Chrome/138.0.0.0 Safari/537.36 Edg/138.0.0.0"
14.108.234.62 - - [28/Aug/2025:14:19:54 +0800] "POST /wp-admin/admin-ajax.php HTTP/1.1" 200 78 "http://cqqizhou.com/wp-admin/edit.php?post_type=ot_header_builders" "Mozilla/5.0 (Windows NT 10.0; Win64; x64) AppleWebKit/537.36 (KHTML, like Gecko) Chrome/138.0.0.0 Safari/537.36 Edg/138.0.0.0"
14.108.234.62 - - [28/Aug/2025:14:20:04 +0800] "POST /wp-admin/admin-ajax.php HTTP/1.1" 200 78 "http://cqqizhou.com/wp-admin/edit.php?post_type=ot_header_builders" "Mozilla/5.0 (Windows NT 10.0; Win64; x64) AppleWebKit/537.36 (KHTML, like Gecko) Chrome/138.0.0.0 Safari/537.36 Edg/138.0.0.0"
14.108.234.62 - - [28/Aug/2025:14:20:10 +0800] "GET /wp-admin/post.php?post=1607&action=elementor HTTP/1.1" 200 264479 "http://cqqizhou.com/wp-admin/edit.php?post_type=ot_header_builders" "Mozilla/5.0 (Windows NT 10.0; Win64; x64) AppleWebKit/537.36 (KHTML, like Gecko) Chrome/138.0.0.0 Safari/537.36 Edg/138.0.0.0"
14.108.234.62 - - [28/Aug/2025:14:20:12 +0800] "GET /wp-json/elementor/v1/global-widget/templates HTTP/1.1" 200 33 "http://cqqizhou.com/wp-admin/post.php?post=1607&action=elementor" "Mozilla/5.0 (Windows NT 10.0; Win64; x64) AppleWebKit/537.36 (KHTML, like Gecko) Chrome/138.0.0.0 Safari/537.36 Edg/138.0.0.0"
14.108.234.62 - - [28/Aug/2025:14:20:12 +0800] "GET /wp-json/elementor/v1/checklist/user-progress HTTP/1.1" 200 213 "http://cqqizhou.com/wp-admin/post.php?post=1607&action=elementor" "Mozilla/5.0 (Windows NT 10.0; Win64; x64) AppleWebKit/537.36 (KHTML, like Gecko) Chrome/138.0.0.0 Safari/537.36 Edg/138.0.0.0"
14.108.234.62 - - [28/Aug/2025:14:20:12 +0800] "GET /wp-json/elementor/v1/kit-elements-defaults HTTP/1.1" 200 33 "http://cqqizhou.com/wp-admin/post.php?post=1607&action=elementor" "Mozilla/5.0 (Windows NT 10.0; Win64; x64) AppleWebKit/537.36 (KHTML, like Gecko) Chrome/138.0.0.0 Safari/537.36 Edg/138.0.0.0"
14.108.234.62 - - [28/Aug/2025:14:20:12 +0800] "POST /wp-admin/admin-ajax.php HTTP/1.1" 200 107 "http://cqqizhou.com/wp-admin/post.php?post=1607&action=elementor" "Mozilla/5.0 (Windows NT 10.0; Win64; x64) AppleWebKit/537.36 (KHTML, like Gecko) Chrome/138.0.0.0 Safari/537.36 Edg/138.0.0.0"
14.108.234.62 - - [28/Aug/2025:14:20:12 +0800] "GET /wp-json/elementor/v1/site-navigation/recent-posts?posts_per_page=6&_locale=user HTTP/1.1" 200 360 "http://cqqizhou.com/wp-admin/post.php?post=1607&action=elementor" "Mozilla/5.0 (Windows NT 10.0; Win64; x64) AppleWebKit/537.36 (KHTML, like Gecko) Chrome/138.0.0.0 Safari/537.36 Edg/138.0.0.0"
14.108.234.62 - - [28/Aug/2025:14:20:12 +0800] "GET /ot_header_builders/header-bright/?elementor-preview=1607&ver=1756362010 HTTP/1.1" 200 14386 "http://cqqizhou.com/wp-admin/post.php?post=1607&action=elementor" "Mozilla/5.0 (Windows NT 10.0; Win64; x64) AppleWebKit/537.36 (KHTML, like Gecko) Chrome/138.0.0.0 Safari/537.36 Edg/138.0.0.0"
14.108.234.62 - - [28/Aug/2025:14:20:13 +0800] "GET /wp-json/elementor/v1/globals HTTP/1.1" 200 336 "http://cqqizhou.com/wp-admin/post.php?post=1607&action=elementor" "Mozilla/5.0 (Windows NT 10.0; Win64; x64) AppleWebKit/537.36 (KHTML, like Gecko) Chrome/138.0.0.0 Safari/537.36 Edg/138.0.0.0"
14.108.234.62 - - [28/Aug/2025:14:20:13 +0800] "POST /wp-admin/admin-ajax.php HTTP/1.1" 200 566314 "http://cqqizhou.com/wp-admin/post.php?post=1607&action=elementor" "Mozilla/5.0 (Windows NT 10.0; Win64; x64) AppleWebKit/537.36 (KHTML, like Gecko) Chrome/138.0.0.0 Safari/537.36 Edg/138.0.0.0"
14.108.234.62 - - [28/Aug/2025:14:20:14 +0800] "GET /wp-json/elementor/v1/user-data/current-user?context=edit HTTP/1.1" 200 544 "http://cqqizhou.com/wp-admin/post.php?post=1607&action=elementor" "Mozilla/5.0 (Windows NT 10.0; Win64; x64) AppleWebKit/537.36 (KHTML, like Gecko) Chrome/138.0.0.0 Safari/537.36 Edg/138.0.0.0"
14.108.234.62 - - [28/Aug/2025:14:20:15 +0800] "POST /wp-admin/admin-ajax.php HTTP/1.1" 200 78 "http://cqqizhou.com/wp-admin/edit.php?post_type=ot_header_builders" "Mozilla/5.0 (Windows NT 10.0; Win64; x64) AppleWebKit/537.36 (KHTML, like Gecko) Chrome/138.0.0.0 Safari/537.36 Edg/138.0.0.0"
14.108.234.62 - - [28/Aug/2025:14:20:27 +0800] "GET /wp-json/elementor/v1/checklist/user-progress HTTP/1.1" 200 213 "http://cqqizhou.com/wp-admin/post.php?post=1607&action=elementor" "Mozilla/5.0 (Windows NT 10.0; Win64; x64) AppleWebKit/537.36 (KHTML, like Gecko) Chrome/138.0.0.0 Safari/537.36 Edg/138.0.0.0"
14.108.234.62 - - [28/Aug/2025:14:20:27 +0800] "POST /wp-admin/admin-ajax.php HTTP/1.1" 200 107 "http://cqqizhou.com/wp-admin/post.php?post=1607&action=elementor" "Mozilla/5.0 (Windows NT 10.0; Win64; x64) AppleWebKit/537.36 (KHTML, like Gecko) Chrome/138.0.0.0 Safari/537.36 Edg/138.0.0.0"
14.108.234.62 - - [28/Aug/2025:14:20:39 +0800] "GET /contacts/ HTTP/1.1" 200 26298 "http://cqqizhou.com/ot_header_builders/header-bright/?elementor-preview=1607&ver=1756362010" "Mozilla/5.0 (Windows NT 10.0; Win64; x64) AppleWebKit/537.36 (KHTML, like Gecko) Chrome/138.0.0.0 Safari/537.36 Edg/138.0.0.0"
14.108.234.62 - - [28/Aug/2025:14:20:39 +0800] "GET /wp-json/elementor/v1/checklist/user-progress HTTP/1.1" 200 213 "http://cqqizhou.com/wp-admin/post.php?post=1607&action=elementor" "Mozilla/5.0 (Windows NT 10.0; Win64; x64) AppleWebKit/537.36 (KHTML, like Gecko) Chrome/138.0.0.0 Safari/537.36 Edg/138.0.0.0"
14.108.234.62 - - [28/Aug/2025:14:20:40 +0800] "POST /wp-admin/admin-ajax.php HTTP/1.1" 200 435 "http://cqqizhou.com/wp-admin/post.php?post=1607&action=elementor" "Mozilla/5.0 (Windows NT 10.0; Win64; x64) AppleWebKit/537.36 (KHTML, like Gecko) Chrome/138.0.0.0 Safari/537.36 Edg/138.0.0.0"
14.108.234.62 - - [28/Aug/2025:14:20:41 +0800] "GET /wp-json/elementor/v1/checklist/user-progress HTTP/1.1" 200 213 "http://cqqizhou.com/wp-admin/post.php?post=1607&action=elementor" "Mozilla/5.0 (Windows NT 10.0; Win64; x64) AppleWebKit/537.36 (KHTML, like Gecko) Chrome/138.0.0.0 Safari/537.36 Edg/138.0.0.0"
14.108.234.62 - - [28/Aug/2025:14:20:41 +0800] "POST /wp-admin/admin-ajax.php HTTP/1.1" 200 226 "http://cqqizhou.com/wp-admin/post.php?post=1607&action=elementor" "Mozilla/5.0 (Windows NT 10.0; Win64; x64) AppleWebKit/537.36 (KHTML, like Gecko) Chrome/138.0.0.0 Safari/537.36 Edg/138.0.0.0"
14.108.234.62 - - [28/Aug/2025:14:20:43 +0800] "POST /wp-admin/admin-ajax.php HTTP/1.1" 200 107 "http://cqqizhou.com/wp-admin/post.php?post=1607&action=elementor" "Mozilla/5.0 (Windows NT 10.0; Win64; x64) AppleWebKit/537.36 (KHTML, like Gecko) Chrome/138.0.0.0 Safari/537.36 Edg/138.0.0.0"
14.108.234.62 - - [28/Aug/2025:14:20:44 +0800] "GET /wp-json/sliderrevolution/sliders/1?srengine=7&slideid=2 HTTP/1.1" 200 2058 "http://cqqizhou.com/" "Mozilla/5.0 (Windows NT 10.0; Win64; x64) AppleWebKit/537.36 (KHTML, like Gecko) Chrome/138.0.0.0 Safari/537.36 Edg/138.0.0.0"
14.108.234.62 - - [28/Aug/2025:14:20:44 +0800] "GET /wp-json/sliderrevolution/sliders/1?srengine=7&slideid=3 HTTP/1.1" 200 2292 "http://cqqizhou.com/" "Mozilla/5.0 (Windows NT 10.0; Win64; x64) AppleWebKit/537.36 (KHTML, like Gecko) Chrome/138.0.0.0 Safari/537.36 Edg/138.0.0.0"
36.133.115.36 - - [28/Aug/2025:14:20:46 +0800] "POST /wp-cron.php?doing_wp_cron=1756362046.8725941181182861328125 HTTP/1.1" 200 31 "-" "WordPress/6.8.2; http://cqqizhou.com"
14.108.234.62 - - [28/Aug/2025:14:20:47 +0800] "GET / HTTP/1.1" 200 41519 "http://cqqizhou.com/services/" "Mozilla/5.0 (Windows NT 10.0; Win64; x64) AppleWebKit/537.36 (KHTML, like Gecko) Chrome/138.0.0.0 Safari/537.36 Edg/138.0.0.0"
14.108.234.62 - - [28/Aug/2025:14:20:48 +0800] "GET /wp-json/sliderrevolution/sliders/1?srengine=7&slideid=3 HTTP/1.1" 200 2292 "http://cqqizhou.com/" "Mozilla/5.0 (Windows NT 10.0; Win64; x64) AppleWebKit/537.36 (KHTML, like Gecko) Chrome/138.0.0.0 Safari/537.36 Edg/138.0.0.0"
14.108.234.62 - - [28/Aug/2025:14:20:48 +0800] "GET /wp-json/sliderrevolution/sliders/1?srengine=7&slideid=2 HTTP/1.1" 200 2058 "http://cqqizhou.com/" "Mozilla/5.0 (Windows NT 10.0; Win64; x64) AppleWebKit/537.36 (KHTML, like Gecko) Chrome/138.0.0.0 Safari/537.36 Edg/138.0.0.0"
43.153.48.240 - - [28/Aug/2025:14:21:00 +0800] "GET / HTTP/1.1" 301 5 "-" "Mozilla/5.0 (iPhone; CPU iPhone OS 13_2_3 like Mac OS X) AppleWebKit/605.1.15 (KHTML, like Gecko) Version/13.0.3 Mobile/15E148 Safari/604.1"
14.108.234.62 - - [28/Aug/2025:14:21:02 +0800] "POST /wp-admin/admin-ajax.php HTTP/1.1" 200 107 "http://cqqizhou.com/wp-admin/post.php?post=1166&action=elementor" "Mozilla/5.0 (Windows NT 10.0; Win64; x64) AppleWebKit/537.36 (KHTML, like Gecko) Chrome/138.0.0.0 Safari/537.36 Edg/138.0.0.0"
43.153.48.240 - - [28/Aug/2025:14:21:02 +0800] "GET / HTTP/1.1" 200 33401 "http://36.133.115.36" "Mozilla/5.0 (iPhone; CPU iPhone OS 13_2_3 like Mac OS X) AppleWebKit/605.1.15 (KHTML, like Gecko) Version/13.0.3 Mobile/15E148 Safari/604.1"
14.108.234.62 - - [28/Aug/2025:14:21:25 +0800] "GET /about/ HTTP/1.1" 200 32064 "http://cqqizhou.com/" "Mozilla/5.0 (Windows NT 10.0; Win64; x64) AppleWebKit/537.36 (KHTML, like Gecko) Chrome/138.0.0.0 Safari/537.36 Edg/138.0.0.0"
14.108.234.62 - - [28/Aug/2025:14:21:46 +0800] "GET /wp-content/uploads/2025/07/1750656103-Visionr2000x800_20250623131702.webp HTTP/1.1" 200 57650 "http://cqqizhou.com/wp-content/uploads/elementor/css/post-1849.css?ver=1755835654" "Mozilla/5.0 (Windows NT 10.0; Win64; x64) AppleWebKit/537.36 (KHTML, like Gecko) Chrome/138.0.0.0 Safari/537.36 Edg/138.0.0.0"
36.133.115.36 - - [28/Aug/2025:14:22:06 +0800] "POST /wp-cron.php?doing_wp_cron=1756362126.7965641021728515625000 HTTP/1.1" 200 31 "-" "WordPress/6.8.2; http://cqqizhou.com"
14.108.234.62 - - [28/Aug/2025:14:22:07 +0800] "GET /logistics/ HTTP/1.1" 200 26202 "http://cqqizhou.com/about/" "Mozilla/5.0 (Windows NT 10.0; Win64; x64) AppleWebKit/537.36 (KHTML, like Gecko) Chrome/138.0.0.0 Safari/537.36 Edg/138.0.0.0"
14.108.234.62 - - [28/Aug/2025:14:22:16 +0800] "POST /wp-admin/admin-ajax.php HTTP/1.1" 200 78 "http://cqqizhou.com/wp-admin/edit.php?post_type=ot_header_builders" "Mozilla/5.0 (Windows NT 10.0; Win64; x64) AppleWebKit/537.36 (KHTML, like Gecko) Chrome/138.0.0.0 Safari/537.36 Edg/138.0.0.0"
14.108.234.62 - - [28/Aug/2025:14:22:32 +0800] "GET /news/ HTTP/1.1" 200 27212 "http://cqqizhou.com/logistics/" "Mozilla/5.0 (Windows NT 10.0; Win64; x64) AppleWebKit/537.36 (KHTML, like Gecko) Chrome/138.0.0.0 Safari/537.36 Edg/138.0.0.0"
14.108.234.62 - - [28/Aug/2025:14:22:32 +0800] "GET /wp-content/uploads/2025/08/1755826456-DSC01841.webp HTTP/1.1" 200 87046 "http://cqqizhou.com/news/" "Mozilla/5.0 (Windows NT 10.0; Win64; x64) AppleWebKit/537.36 (KHTML, like Gecko) Chrome/138.0.0.0 Safari/537.36 Edg/138.0.0.0"
14.108.234.62 - - [28/Aug/2025:14:22:32 +0800] "GET /wp-content/uploads/2025/08/1755826390-DSC01765.webp HTTP/1.1" 200 71514 "http://cqqizhou.com/news/" "Mozilla/5.0 (Windows NT 10.0; Win64; x64) AppleWebKit/537.36 (KHTML, like Gecko) Chrome/138.0.0.0 Safari/537.36 Edg/138.0.0.0"
14.108.234.62 - - [28/Aug/2025:14:22:32 +0800] "GET /wp-content/uploads/2025/07/1753455746-DSC01472.webp HTTP/1.1" 200 31854 "http://cqqizhou.com/news/" "Mozilla/5.0 (Windows NT 10.0; Win64; x64) AppleWebKit/537.36 (KHTML, like Gecko) Chrome/138.0.0.0 Safari/537.36 Edg/138.0.0.0"
14.108.234.62 - - [28/Aug/2025:14:22:32 +0800] "GET /wp-content/uploads/2025/07/1753453986-Article_images_W900px.webp HTTP/1.1" 200 57364 "http://cqqizhou.com/news/" "Mozilla/5.0 (Windows NT 10.0; Win64; x64) AppleWebKit/537.36 (KHTML, like Gecko) Chrome/138.0.0.0 Safari/537.36 Edg/138.0.0.0"
14.108.234.62 - - [28/Aug/2025:14:22:32 +0800] "GET /wp-content/uploads/2025/07/1753410289-News2000%C3%97400_202571.webp HTTP/1.1" 200 17830 "http://cqqizhou.com/news/" "Mozilla/5.0 (Windows NT 10.0; Win64; x64) AppleWebKit/537.36 (KHTML, like Gecko) Chrome/138.0.0.0 Safari/537.36 Edg/138.0.0.0"
14.108.234.62 - - [28/Aug/2025:14:22:40 +0800] "GET /2214/ HTTP/1.1" 200 29060 "http://cqqizhou.com/news/" "Mozilla/5.0 (Windows NT 10.0; Win64; x64) AppleWebKit/537.36 (KHTML, like Gecko) Chrome/138.0.0.0 Safari/537.36 Edg/138.0.0.0"
14.108.234.62 - - [28/Aug/2025:14:22:40 +0800] "GET /wp-content/uploads/2025/07/1753455746-DSC01472-150x150.webp HTTP/1.1" 200 4760 "http://cqqizhou.com/2214/" "Mozilla/5.0 (Windows NT 10.0; Win64; x64) AppleWebKit/537.36 (KHTML, like Gecko) Chrome/138.0.0.0 Safari/537.36 Edg/138.0.0.0"
14.108.234.62 - - [28/Aug/2025:14:22:40 +0800] "GET /wp-content/uploads/2025/08/1755826456-DSC01841-150x150.webp HTTP/1.1" 200 9850 "http://cqqizhou.com/2214/" "Mozilla/5.0 (Windows NT 10.0; Win64; x64) AppleWebKit/537.36 (KHTML, like Gecko) Chrome/138.0.0.0 Safari/537.36 Edg/138.0.0.0"
14.108.234.62 - - [28/Aug/2025:14:22:43 +0800] "POST /wp-admin/admin-ajax.php HTTP/1.1" 200 107 "http://cqqizhou.com/wp-admin/post.php?post=1607&action=elementor" "Mozilla/5.0 (Windows NT 10.0; Win64; x64) AppleWebKit/537.36 (KHTML, like Gecko) Chrome/138.0.0.0 Safari/537.36 Edg/138.0.0.0"
36.133.115.36 - - [28/Aug/2025:14:22:53 +0800] "POST /wp-cron.php?doing_wp_cron=1756362173.3354160785675048828125 HTTP/1.1" 200 31 "-" "WordPress/6.8.2; http://cqqizhou.com"
14.108.234.62 - - [28/Aug/2025:14:22:53 +0800] "GET /news/ HTTP/1.1" 200 27210 "http://cqqizhou.com/2214/" "Mozilla/5.0 (Windows NT 10.0; Win64; x64) AppleWebKit/537.36 (KHTML, like Gecko) Chrome/138.0.0.0 Safari/537.36 Edg/138.0.0.0"
14.108.234.62 - - [28/Aug/2025:14:23:03 +0800] "POST /wp-admin/admin-ajax.php HTTP/1.1" 200 107 "http://cqqizhou.com/wp-admin/post.php?post=1166&action=elementor" "Mozilla/5.0 (Windows NT 10.0; Win64; x64) AppleWebKit/537.36 (KHTML, like Gecko) Chrome/138.0.0.0 Safari/537.36 Edg/138.0.0.0"
14.108.234.62 - - [28/Aug/2025:14:23:11 +0800] "GET /wp-json/elementor/v1/checklist/user-progress HTTP/1.1" 200 213 "http://cqqizhou.com/wp-admin/post.php?post=1607&action=elementor" "Mozilla/5.0 (Windows NT 10.0; Win64; x64) AppleWebKit/537.36 (KHTML, like Gecko) Chrome/138.0.0.0 Safari/537.36 Edg/138.0.0.0"
14.108.234.62 - - [28/Aug/2025:14:23:11 +0800] "POST /wp-admin/admin-ajax.php HTTP/1.1" 200 107 "http://cqqizhou.com/wp-admin/post.php?post=1607&action=elementor" "Mozilla/5.0 (Windows NT 10.0; Win64; x64) AppleWebKit/537.36 (KHTML, like Gecko) Chrome/138.0.0.0 Safari/537.36 Edg/138.0.0.0"
14.108.234.62 - - [28/Aug/2025:14:23:12 +0800] "POST /wp-admin/admin-ajax.php HTTP/1.1" 200 78 "http://cqqizhou.com/wp-admin/edit.php?post_type=ot_header_builders" "Mozilla/5.0 (Windows NT 10.0; Win64; x64) AppleWebKit/537.36 (KHTML, like Gecko) Chrome/138.0.0.0 Safari/537.36 Edg/138.0.0.0"
14.108.234.62 - - [28/Aug/2025:14:23:15 +0800] "GET /wp-admin/edit.php?post_type=page HTTP/1.1" 200 58584 "http://cqqizhou.com/wp-admin/edit.php?post_type=ot_header_builders" "Mozilla/5.0 (Windows NT 10.0; Win64; x64) AppleWebKit/537.36 (KHTML, like Gecko) Chrome/138.0.0.0 Safari/537.36 Edg/138.0.0.0"
14.108.234.62 - - [28/Aug/2025:14:23:16 +0800] "POST /wp-admin/admin-ajax.php HTTP/1.1" 200 78 "http://cqqizhou.com/wp-admin/edit.php?post_type=page" "Mozilla/5.0 (Windows NT 10.0; Win64; x64) AppleWebKit/537.36 (KHTML, like Gecko) Chrome/138.0.0.0 Safari/537.36 Edg/138.0.0.0"
14.108.234.62 - - [28/Aug/2025:14:23:22 +0800] "GET /club/ HTTP/1.1" 200 19554 "http://cqqizhou.com/wp-admin/edit.php?post_type=page" "Mozilla/5.0 (Windows NT 10.0; Win64; x64) AppleWebKit/537.36 (KHTML, like Gecko) Chrome/138.0.0.0 Safari/537.36 Edg/138.0.0.0"
14.108.234.62 - - [28/Aug/2025:14:23:26 +0800] "POST /wp-admin/admin-ajax.php HTTP/1.1" 200 78 "http://cqqizhou.com/wp-admin/edit.php?post_type=page" "Mozilla/5.0 (Windows NT 10.0; Win64; x64) AppleWebKit/537.36 (KHTML, like Gecko) Chrome/138.0.0.0 Safari/537.36 Edg/138.0.0.0"
14.108.234.62 - - [28/Aug/2025:14:23:36 +0800] "POST /wp-admin/admin-ajax.php HTTP/1.1" 200 78 "http://cqqizhou.com/wp-admin/edit.php?post_type=page" "Mozilla/5.0 (Windows NT 10.0; Win64; x64) AppleWebKit/537.36 (KHTML, like Gecko) Chrome/138.0.0.0 Safari/537.36 Edg/138.0.0.0"
36.133.115.36 - - [28/Aug/2025:14:24:27 +0800] "POST /wp-cron.php?doing_wp_cron=1756362267.1480720043182373046875 HTTP/1.1" 200 31 "-" "WordPress/6.8.2; http://cqqizhou.com"
14.108.234.62 - - [28/Aug/2025:14:24:27 +0800] "POST /wp-admin/admin-ajax.php HTTP/1.1" 200 78 "http://cqqizhou.com/wp-admin/edit.php?post_type=page" "Mozilla/5.0 (Windows NT 10.0; Win64; x64) AppleWebKit/537.36 (KHTML, like Gecko) Chrome/138.0.0.0 Safari/537.36 Edg/138.0.0.0"
14.108.234.62 - - [28/Aug/2025:14:24:37 +0800] "POST /wp-admin/admin-ajax.php HTTP/1.1" 200 78 "http://cqqizhou.com/wp-admin/edit.php?post_type=page" "Mozilla/5.0 (Windows NT 10.0; Win64; x64) AppleWebKit/537.36 (KHTML, like Gecko) Chrome/138.0.0.0 Safari/537.36 Edg/138.0.0.0"
36.133.115.36 - - [28/Aug/2025:14:26:16 +0800] "POST /wp-cron.php?doing_wp_cron=1756362376.2051119804382324218750 HTTP/1.1" 200 31 "-" "WordPress/6.8.2; http://cqqizhou.com"
14.108.234.62 - - [28/Aug/2025:14:26:16 +0800] "POST /wp-admin/admin-ajax.php HTTP/1.1" 200 78 "http://cqqizhou.com/wp-admin/edit.php?post_type=page" "Mozilla/5.0 (Windows NT 10.0; Win64; x64) AppleWebKit/537.36 (KHTML, like Gecko) Chrome/138.0.0.0 Safari/537.36 Edg/138.0.0.0"
14.108.234.62 - - [28/Aug/2025:14:26:26 +0800] "POST /wp-admin/admin-ajax.php HTTP/1.1" 200 78 "http://cqqizhou.com/wp-admin/edit.php?post_type=page" "Mozilla/5.0 (Windows NT 10.0; Win64; x64) AppleWebKit/537.36 (KHTML, like Gecko) Chrome/138.0.0.0 Safari/537.36 Edg/138.0.0.0"
14.108.234.62 - - [28/Aug/2025:14:26:42 +0800] "POST /wp-admin/admin-ajax.php HTTP/1.1" 200 78 "http://cqqizhou.com/wp-admin/edit.php?post_type=page" "Mozilla/5.0 (Windows NT 10.0; Win64; x64) AppleWebKit/537.36 (KHTML, like Gecko) Chrome/138.0.0.0 Safari/537.36 Edg/138.0.0.0"
36.133.115.36 - - [28/Aug/2025:14:26:52 +0800] "POST /wp-cron.php?doing_wp_cron=1756362412.4180529117584228515625 HTTP/1.1" 200 31 "-" "WordPress/6.8.2; http://cqqizhou.com"
14.108.234.62 - - [28/Aug/2025:14:26:52 +0800] "POST /wp-admin/admin-ajax.php HTTP/1.1" 200 78 "http://cqqizhou.com/wp-admin/edit.php?post_type=page" "Mozilla/5.0 (Windows NT 10.0; Win64; x64) AppleWebKit/537.36 (KHTML, like Gecko) Chrome/138.0.0.0 Safari/537.36 Edg/138.0.0.0"
14.108.234.62 - - [28/Aug/2025:14:27:02 +0800] "POST /wp-admin/admin-ajax.php HTTP/1.1" 200 78 "http://cqqizhou.com/wp-admin/edit.php?post_type=page" "Mozilla/5.0 (Windows NT 10.0; Win64; x64) AppleWebKit/537.36 (KHTML, like Gecko) Chrome/138.0.0.0 Safari/537.36 Edg/138.0.0.0"
14.108.234.62 - - [28/Aug/2025:14:27:12 +0800] "POST /wp-admin/admin-ajax.php HTTP/1.1" 200 78 "http://cqqizhou.com/wp-admin/edit.php?post_type=page" "Mozilla/5.0 (Windows NT 10.0; Win64; x64) AppleWebKit/537.36 (KHTML, like Gecko) Chrome/138.0.0.0 Safari/537.36 Edg/138.0.0.0"
36.133.115.36 - - [28/Aug/2025:14:29:12 +0800] "POST /wp-cron.php?doing_wp_cron=1756362552.4625220298767089843750 HTTP/1.1" 200 31 "-" "WordPress/6.8.2; http://cqqizhou.com"
14.108.234.62 - - [28/Aug/2025:14:29:12 +0800] "POST /wp-admin/admin-ajax.php HTTP/1.1" 200 78 "http://cqqizhou.com/wp-admin/edit.php?post_type=page" "Mozilla/5.0 (Windows NT 10.0; Win64; x64) AppleWebKit/537.36 (KHTML, like Gecko) Chrome/138.0.0.0 Safari/537.36 Edg/138.0.0.0"
14.108.234.62 - - [28/Aug/2025:14:29:37 +0800] "POST /wp-admin/admin-ajax.php HTTP/1.1" 200 78 "http://cqqizhou.com/wp-admin/edit.php?post_type=page" "Mozilla/5.0 (Windows NT 10.0; Win64; x64) AppleWebKit/537.36 (KHTML, like Gecko) Chrome/138.0.0.0 Safari/537.36 Edg/138.0.0.0"
36.133.115.36 - - [28/Aug/2025:14:29:48 +0800] "POST /wp-cron.php?doing_wp_cron=1756362588.4178659915924072265625 HTTP/1.1" 200 31 "-" "WordPress/6.8.2; http://cqqizhou.com"
14.108.234.62 - - [28/Aug/2025:14:29:48 +0800] "POST /wp-admin/admin-ajax.php HTTP/1.1" 200 78 "http://cqqizhou.com/wp-admin/edit.php?post_type=page" "Mozilla/5.0 (Windows NT 10.0; Win64; x64) AppleWebKit/537.36 (KHTML, like Gecko) Chrome/138.0.0.0 Safari/537.36 Edg/138.0.0.0"
14.108.234.62 - - [28/Aug/2025:14:29:58 +0800] "POST /wp-admin/admin-ajax.php HTTP/1.1" 200 78 "http://cqqizhou.com/wp-admin/edit.php?post_type=page" "Mozilla/5.0 (Windows NT 10.0; Win64; x64) AppleWebKit/537.36 (KHTML, like Gecko) Chrome/138.0.0.0 Safari/537.36 Edg/138.0.0.0"
14.108.234.62 - - [28/Aug/2025:14:30:05 +0800] "GET /wp-admin/post.php?post=1695&action=elementor HTTP/1.1" 200 256894 "http://cqqizhou.com/wp-admin/edit.php?post_type=page" "Mozilla/5.0 (Windows NT 10.0; Win64; x64) AppleWebKit/537.36 (KHTML, like Gecko) Chrome/138.0.0.0 Safari/537.36 Edg/138.0.0.0"
14.108.234.62 - - [28/Aug/2025:14:30:07 +0800] "GET /wp-json/elementor/v1/global-widget/templates HTTP/1.1" 200 33 "http://cqqizhou.com/wp-admin/post.php?post=1695&action=elementor" "Mozilla/5.0 (Windows NT 10.0; Win64; x64) AppleWebKit/537.36 (KHTML, like Gecko) Chrome/138.0.0.0 Safari/537.36 Edg/138.0.0.0"
14.108.234.62 - - [28/Aug/2025:14:30:07 +0800] "GET /wp-json/elementor/v1/checklist/user-progress HTTP/1.1" 200 213 "http://cqqizhou.com/wp-admin/post.php?post=1695&action=elementor" "Mozilla/5.0 (Windows NT 10.0; Win64; x64) AppleWebKit/537.36 (KHTML, like Gecko) Chrome/138.0.0.0 Safari/537.36 Edg/138.0.0.0"
14.108.234.62 - - [28/Aug/2025:14:30:07 +0800] "GET /wp-json/elementor/v1/site-navigation/recent-posts?posts_per_page=6&_locale=user HTTP/1.1" 200 360 "http://cqqizhou.com/wp-admin/post.php?post=1695&action=elementor" "Mozilla/5.0 (Windows NT 10.0; Win64; x64) AppleWebKit/537.36 (KHTML, like Gecko) Chrome/138.0.0.0 Safari/537.36 Edg/138.0.0.0"
14.108.234.62 - - [28/Aug/2025:14:30:07 +0800] "POST /wp-admin/admin-ajax.php HTTP/1.1" 200 107 "http://cqqizhou.com/wp-admin/post.php?post=1695&action=elementor" "Mozilla/5.0 (Windows NT 10.0; Win64; x64) AppleWebKit/537.36 (KHTML, like Gecko) Chrome/138.0.0.0 Safari/537.36 Edg/138.0.0.0"
14.108.234.62 - - [28/Aug/2025:14:30:07 +0800] "GET /wp-json/elementor/v1/kit-elements-defaults HTTP/1.1" 200 33 "http://cqqizhou.com/wp-admin/post.php?post=1695&action=elementor" "Mozilla/5.0 (Windows NT 10.0; Win64; x64) AppleWebKit/537.36 (KHTML, like Gecko) Chrome/138.0.0.0 Safari/537.36 Edg/138.0.0.0"
14.108.234.62 - - [28/Aug/2025:14:30:07 +0800] "GET /club/?elementor-preview=1695&ver=1756362605 HTTP/1.1" 200 16032 "http://cqqizhou.com/wp-admin/post.php?post=1695&action=elementor" "Mozilla/5.0 (Windows NT 10.0; Win64; x64) AppleWebKit/537.36 (KHTML, like Gecko) Chrome/138.0.0.0 Safari/537.36 Edg/138.0.0.0"
180.184.144.42 - - [28/Aug/2025:14:30:08 +0800] "GET / HTTP/1.1" 200 33857 "-" "Mozilla/5.0 (Macintosh; Intel Mac OS X 10_15_7) AppleWebKit/537.36 (KHTML, like Gecko) Chrome/106.0.0.0 Safari/537.36"
14.108.234.62 - - [28/Aug/2025:14:30:08 +0800] "POST /wp-admin/admin-ajax.php HTTP/1.1" 200 566314 "http://cqqizhou.com/wp-admin/post.php?post=1695&action=elementor" "Mozilla/5.0 (Windows NT 10.0; Win64; x64) AppleWebKit/537.36 (KHTML, like Gecko) Chrome/138.0.0.0 Safari/537.36 Edg/138.0.0.0"
14.108.234.62 - - [28/Aug/2025:14:30:09 +0800] "GET /wp-json/elementor/v1/globals HTTP/1.1" 200 336 "http://cqqizhou.com/wp-admin/post.php?post=1695&action=elementor" "Mozilla/5.0 (Windows NT 10.0; Win64; x64) AppleWebKit/537.36 (KHTML, like Gecko) Chrome/138.0.0.0 Safari/537.36 Edg/138.0.0.0"
14.108.234.62 - - [28/Aug/2025:14:30:09 +0800] "POST /wp-admin/admin-ajax.php HTTP/1.1" 200 78 "http://cqqizhou.com/wp-admin/edit.php?post_type=page" "Mozilla/5.0 (Windows NT 10.0; Win64; x64) AppleWebKit/537.36 (KHTML, like Gecko) Chrome/138.0.0.0 Safari/537.36 Edg/138.0.0.0"
14.108.234.62 - - [28/Aug/2025:14:30:10 +0800] "GET /wp-json/elementor/v1/user-data/current-user?context=edit HTTP/1.1" 200 544 "http://cqqizhou.com/wp-admin/post.php?post=1695&action=elementor" "Mozilla/5.0 (Windows NT 10.0; Win64; x64) AppleWebKit/537.36 (KHTML, like Gecko) Chrome/138.0.0.0 Safari/537.36 Edg/138.0.0.0"
14.108.234.62 - - [28/Aug/2025:14:30:22 +0800] "POST /wp-admin/admin-ajax.php HTTP/1.1" 200 107 "http://cqqizhou.com/wp-admin/post.php?post=1695&action=elementor" "Mozilla/5.0 (Windows NT 10.0; Win64; x64) AppleWebKit/537.36 (KHTML, like Gecko) Chrome/138.0.0.0 Safari/537.36 Edg/138.0.0.0"
14.108.234.62 - - [28/Aug/2025:14:30:37 +0800] "POST /wp-admin/admin-ajax.php HTTP/1.1" 200 107 "http://cqqizhou.com/wp-admin/post.php?post=1695&action=elementor" "Mozilla/5.0 (Windows NT 10.0; Win64; x64) AppleWebKit/537.36 (KHTML, like Gecko) Chrome/138.0.0.0 Safari/537.36 Edg/138.0.0.0"
14.108.234.62 - - [28/Aug/2025:14:30:39 +0800] "GET /wp-json/elementor/v1/checklist/user-progress HTTP/1.1" 200 213 "http://cqqizhou.com/wp-admin/post.php?post=1695&action=elementor" "Mozilla/5.0 (Windows NT 10.0; Win64; x64) AppleWebKit/537.36 (KHTML, like Gecko) Chrome/138.0.0.0 Safari/537.36 Edg/138.0.0.0"
14.108.234.62 - - [28/Aug/2025:14:30:44 +0800] "GET /wp-json/elementor/v1/checklist/user-progress HTTP/1.1" 200 213 "http://cqqizhou.com/wp-admin/post.php?post=1695&action=elementor" "Mozilla/5.0 (Windows NT 10.0; Win64; x64) AppleWebKit/537.36 (KHTML, like Gecko) Chrome/138.0.0.0 Safari/537.36 Edg/138.0.0.0"
14.108.234.62 - - [28/Aug/2025:14:30:45 +0800] "POST /wp-admin/admin-ajax.php HTTP/1.1" 200 420 "http://cqqizhou.com/wp-admin/post.php?post=1695&action=elementor" "Mozilla/5.0 (Windows NT 10.0; Win64; x64) AppleWebKit/537.36 (KHTML, like Gecko) Chrome/138.0.0.0 Safari/537.36 Edg/138.0.0.0"
14.108.234.62 - - [28/Aug/2025:14:30:45 +0800] "GET /wp-json/elementor/v1/checklist/user-progress HTTP/1.1" 200 213 "http://cqqizhou.com/wp-admin/post.php?post=1695&action=elementor" "Mozilla/5.0 (Windows NT 10.0; Win64; x64) AppleWebKit/537.36 (KHTML, like Gecko) Chrome/138.0.0.0 Safari/537.36 Edg/138.0.0.0"
36.133.115.36 - - [28/Aug/2025:14:30:46 +0800] "POST /wp-cron.php?doing_wp_cron=1756362646.3204669952392578125000 HTTP/1.1" 200 31 "-" "WordPress/6.8.2; http://cqqizhou.com"
14.108.234.62 - - [28/Aug/2025:14:30:46 +0800] "POST /wp-admin/admin-ajax.php HTTP/1.1" 200 228 "http://cqqizhou.com/wp-admin/post.php?post=1695&action=elementor" "Mozilla/5.0 (Windows NT 10.0; Win64; x64) AppleWebKit/537.36 (KHTML, like Gecko) Chrome/138.0.0.0 Safari/537.36 Edg/138.0.0.0"
14.108.234.62 - - [28/Aug/2025:14:30:50 +0800] "POST /wp-admin/admin-ajax.php HTTP/1.1" 200 78 "http://cqqizhou.com/wp-admin/edit.php?post_type=page" "Mozilla/5.0 (Windows NT 10.0; Win64; x64) AppleWebKit/537.36 (KHTML, like Gecko) Chrome/138.0.0.0 Safari/537.36 Edg/138.0.0.0"
14.108.234.62 - - [28/Aug/2025:14:30:58 +0800] "GET /wp-admin/edit.php?post_type=ot_footer_builders HTTP/1.1" 200 52740 "http://cqqizhou.com/wp-admin/edit.php?post_type=page" "Mozilla/5.0 (Windows NT 10.0; Win64; x64) AppleWebKit/537.36 (KHTML, like Gecko) Chrome/138.0.0.0 Safari/537.36 Edg/138.0.0.0"
14.108.234.62 - - [28/Aug/2025:14:30:59 +0800] "POST /wp-admin/admin-ajax.php HTTP/1.1" 200 78 "http://cqqizhou.com/wp-admin/edit.php?post_type=ot_footer_builders" "Mozilla/5.0 (Windows NT 10.0; Win64; x64) AppleWebKit/537.36 (KHTML, like Gecko) Chrome/138.0.0.0 Safari/537.36 Edg/138.0.0.0"
14.108.234.62 - - [28/Aug/2025:14:31:00 +0800] "POST /wp-admin/admin-ajax.php HTTP/1.1" 200 78 "http://cqqizhou.com/wp-admin/edit.php?post_type=page" "Mozilla/5.0 (Windows NT 10.0; Win64; x64) AppleWebKit/537.36 (KHTML, like Gecko) Chrome/138.0.0.0 Safari/537.36 Edg/138.0.0.0"
14.108.234.62 - - [28/Aug/2025:14:31:08 +0800] "GET /ot_footer_builders/footer-main/ HTTP/1.1" 200 22865 "http://cqqizhou.com/wp-admin/edit.php?post_type=ot_footer_builders" "Mozilla/5.0 (Windows NT 10.0; Win64; x64) AppleWebKit/537.36 (KHTML, like Gecko) Chrome/138.0.0.0 Safari/537.36 Edg/138.0.0.0"
14.108.234.62 - - [28/Aug/2025:14:31:09 +0800] "POST /wp-admin/admin-ajax.php HTTP/1.1" 200 78 "http://cqqizhou.com/wp-admin/edit.php?post_type=ot_footer_builders" "Mozilla/5.0 (Windows NT 10.0; Win64; x64) AppleWebKit/537.36 (KHTML, like Gecko) Chrome/138.0.0.0 Safari/537.36 Edg/138.0.0.0"
14.108.234.62 - - [28/Aug/2025:14:31:17 +0800] "GET /wp-admin/post.php?post=44&action=edit HTTP/1.1" 200 81721 "http://cqqizhou.com/wp-admin/edit.php?post_type=ot_footer_builders" "Mozilla/5.0 (Windows NT 10.0; Win64; x64) AppleWebKit/537.36 (KHTML, like Gecko) Chrome/138.0.0.0 Safari/537.36 Edg/138.0.0.0"
14.108.234.62 - - [28/Aug/2025:14:31:17 +0800] "GET /wp-admin/load-styles.php?c=0&dir=ltr&load%5Bchunk_0%5D=dashicons,admin-bar,common,forms,admin-menu,dashboard,list-tables,edit,revisions,media,themes,about,nav-menus,wp-pointer,widgets&load%5Bchunk_1%5D=,site-icon,l10n,buttons,media-views,wp-color-picker,editor-buttons,wp-auth-check,wp-jquery-ui-dialog&ver=6.8.2 HTTP/1.1" 200 115242 "http://cqqizhou.com/wp-admin/post.php?post=44&action=edit" "Mozilla/5.0 (Windows NT 10.0; Win64; x64) AppleWebKit/537.36 (KHTML, like Gecko) Chrome/138.0.0.0 Safari/537.36 Edg/138.0.0.0"
14.108.234.62 - - [28/Aug/2025:14:31:20 +0800] "POST /wp-admin/admin-ajax.php HTTP/1.1" 200 78 "http://cqqizhou.com/wp-admin/edit.php?post_type=ot_footer_builders" "Mozilla/5.0 (Windows NT 10.0; Win64; x64) AppleWebKit/537.36 (KHTML, like Gecko) Chrome/138.0.0.0 Safari/537.36 Edg/138.0.0.0"
14.108.234.62 - - [28/Aug/2025:14:31:22 +0800] "POST /wp-admin/admin-ajax.php HTTP/1.1" 200 32 "http://cqqizhou.com/wp-admin/post.php?post=44&action=edit" "Mozilla/5.0 (Windows NT 10.0; Win64; x64) AppleWebKit/537.36 (KHTML, like Gecko) Chrome/138.0.0.0 Safari/537.36 Edg/138.0.0.0"
14.108.234.62 - - [28/Aug/2025:14:31:25 +0800] "GET /wp-admin/post.php?post=44&action=elementor HTTP/1.1" 200 289615 "http://cqqizhou.com/wp-admin/edit.php?post_type=ot_footer_builders" "Mozilla/5.0 (Windows NT 10.0; Win64; x64) AppleWebKit/537.36 (KHTML, like Gecko) Chrome/138.0.0.0 Safari/537.36 Edg/138.0.0.0"
14.108.234.62 - - [28/Aug/2025:14:31:28 +0800] "GET /wp-json/elementor/v1/global-widget/templates HTTP/1.1" 200 33 "http://cqqizhou.com/wp-admin/post.php?post=44&action=elementor" "Mozilla/5.0 (Windows NT 10.0; Win64; x64) AppleWebKit/537.36 (KHTML, like Gecko) Chrome/138.0.0.0 Safari/537.36 Edg/138.0.0.0"
14.108.234.62 - - [28/Aug/2025:14:31:28 +0800] "GET /wp-json/elementor/v1/kit-elements-defaults HTTP/1.1" 200 33 "http://cqqizhou.com/wp-admin/post.php?post=44&action=elementor" "Mozilla/5.0 (Windows NT 10.0; Win64; x64) AppleWebKit/537.36 (KHTML, like Gecko) Chrome/138.0.0.0 Safari/537.36 Edg/138.0.0.0"
