58.16.132.230 - - [11/Jun/2026:16:59:19 +0800] "GET http://cqqizhou.com/wp-content/uploads/2026/01/1767696162-qizhoutruck3.webp%20912w,%20http:/cqqizhou.com/wp-content/uploads/2026/01/1767696162-qizhoutruck3-300x67.webp%20300w,%20http:/cqqizhou.com/wp-content/uploads/2026/01/1767696162-qizhoutruck3-768x173.webp%20768w HTTP/1.1" 404 9409 "http://cqqizhou.com/" "Mozilla/5.0 (Windows NT 10.0; Win64; x64) AppleWebKit/537.36 (KHTML, like Gecko) Chrome/133.0.0.0 Safari/537.36"
42.192.208.53 - - [11/Jun/2026:16:59:20 +0800] "GET /wp-content/uploads/2026/01/1767696162-qizhoutruck3.webp%20912w,%20http://cqqizhou.com/wp-content/uploads/2026/01/1767696162-qizhoutruck3-300x67.webp%20300w,%20http://cqqizhou.com/wp-content/uploads/2026/01/1767696162-qizhoutruck3-768x173.webp%20768w HTTP/1.1" 301 5 "http://cqqizhou.com/" "Mozilla/5.0 (Windows NT 10.0; Win64; x64) AppleWebKit/537.36 (KHTML, like Gecko) Chrome/133.0.0.0 Safari/537.36"
42.192.208.53 - - [11/Jun/2026:16:59:21 +0800] "GET /wp-content/uploads/2026/01/1767696162-qizhoutruck3.webp%20912w,%20http:/cqqizhou.com/wp-content/uploads/2026/01/1767696162-qizhoutruck3-300x67.webp%20300w,%20http:/cqqizhou.com/wp-content/uploads/2026/01/1767696162-qizhoutruck3-768x173.webp%20768w HTTP/1.1" 404 9409 "http://cqqizhou.com/" "Mozilla/5.0 (Windows NT 10.0; Win64; x64) AppleWebKit/537.36 (KHTML, like Gecko) Chrome/133.0.0.0 Safari/537.36"
36.133.115.36 - - [11/Jun/2026:17:06:53 +0800] "POST /wp-cron.php?doing_wp_cron=1781168813.2604761123657226562500 HTTP/1.1" 200 31 "-" "WordPress/6.9; http://cqqizhou.com"
43.135.36.201 - - [11/Jun/2026:17:06:53 +0800] "GET / HTTP/1.1" 301 5 "-" "Mozilla/5.0 (iPhone; CPU iPhone OS 13_2_3 like Mac OS X) AppleWebKit/605.1.15 (KHTML, like Gecko) Version/13.0.3 Mobile/15E148 Safari/604.1"
43.135.36.201 - - [11/Jun/2026:17:06:56 +0800] "GET / HTTP/1.1" 200 35194 "http://36.133.115.36" "Mozilla/5.0 (iPhone; CPU iPhone OS 13_2_3 like Mac OS X) AppleWebKit/605.1.15 (KHTML, like Gecko) Version/13.0.3 Mobile/15E148 Safari/604.1"
36.133.115.36 - - [11/Jun/2026:17:23:02 +0800] "POST /wp-cron.php?doing_wp_cron=1781169781.9866468906402587890625 HTTP/1.1" 200 31 "-" "WordPress/6.9; http://cqqizhou.com"
111.25.150.147 - - [11/Jun/2026:17:23:02 +0800] "GET /news/2162 HTTP/1.1" 200 25826 "-" "Mozilla/5.0 (Macintosh; Intel Mac OS X 10_15_7) AppleWebKit/537.36 (KHTML, like Gecko) Chrome/145.0.0.0 Safari/537.36"
36.133.115.36 - - [11/Jun/2026:17:51:43 +0800] "POST /wp-cron.php?doing_wp_cron=1781171503.5371708869934082031250 HTTP/1.1" 200 31 "-" "WordPress/6.9; http://cqqizhou.com"
43.140.37.167 - - [11/Jun/2026:17:51:43 +0800] "GET / HTTP/1.1" 301 5 "-" "Mozilla/5.0 (iPhone; CPU iPhone OS 13_2_3 like Mac OS X) AppleWebKit/605.1.15 (KHTML, like Gecko) Version/13.0.3 Mobile/15E148 Safari/604.1"
43.140.37.167 - - [11/Jun/2026:17:51:45 +0800] "GET / HTTP/1.1" 200 35194 "http://www.cqqizhou.com" "Mozilla/5.0 (iPhone; CPU iPhone OS 13_2_3 like Mac OS X) AppleWebKit/605.1.15 (KHTML, like Gecko) Version/13.0.3 Mobile/15E148 Safari/604.1"
36.133.115.36 - - [11/Jun/2026:18:03:15 +0800] "POST /wp-cron.php?doing_wp_cron=1781172195.0330929756164550781250 HTTP/1.1" 200 31 "-" "WordPress/6.9; http://cqqizhou.com"
120.233.111.182 - - [11/Jun/2026:18:03:15 +0800] "GET /industry/ HTTP/1.1" 301 5 "-" "Mozilla/5.0 (Windows NT 10.0; Win64; x64) AppleWebKit/537.36 (KHTML, like Gecko) Chrome/124.0.0.0 Safari/537.36"
120.233.109.17 - - [11/Jun/2026:18:03:25 +0800] "GET /industry/ HTTP/1.1" 301 5 "-" "Mozilla/5.0 (Windows NT 10.0; Win64; x64) AppleWebKit/537.36 (KHTML, like Gecko) Chrome/117.0.0.0 Safari/537.36"
120.233.109.17 - - [11/Jun/2026:18:03:25 +0800] "GET /industry HTTP/1.1" 200 20164 "http://cqqizhou.com/industry/" "Mozilla/5.0 (Windows NT 10.0; Win64; x64) AppleWebKit/537.36 (KHTML, like Gecko) Chrome/117.0.0.0 Safari/537.36"
220.181.108.146 - - [11/Jun/2026:18:07:27 +0800] "GET /news/portfolio-category/pickled-coil HTTP/1.1" 200 21674 "-" "Mozilla/5.0 (compatible; Baiduspider/2.0; +http://www.baidu.com/search/spider.html)"
36.133.115.36 - - [11/Jun/2026:18:12:33 +0800] "POST /wp-cron.php?doing_wp_cron=1781172753.8260469436645507812500 HTTP/1.1" 200 31 "-" "WordPress/6.9; http://cqqizhou.com"
82.156.26.178 - - [11/Jun/2026:18:12:33 +0800] "GET /robots.txt HTTP/1.1" 200 190 "http://cqqizhou.com/robots.txt" "Mozilla/5.0 (Macintosh; Intel Mac OS X 10_15_7) AppleWebKit/537.36 (KHTML, like Gecko) Chrome/120.0.0.0 Safari/537.36"
168.144.82.178 - - [11/Jun/2026:18:27:57 +0800] "GET / HTTP/1.1" 200 35637 "-" "Mozilla/5.0 (Windows NT 10.0; Win64; x64) AppleWebKit/537.36"
36.133.115.36 - - [11/Jun/2026:18:27:58 +0800] "POST /wp-cron.php?doing_wp_cron=1781173678.4710950851440429687500 HTTP/1.1" 200 31 "-" "WordPress/6.9; http://cqqizhou.com"
168.144.82.178 - - [11/Jun/2026:18:27:58 +0800] "GET /wp-json/wp/v2/users HTTP/1.1" 200 284 "-" "Mozilla/5.0 (Windows NT 10.0; Win64; x64) AppleWebKit/537.36"
168.144.82.178 - administrator [11/Jun/2026:18:27:59 +0800] "GET /wp-json/wp/v2/users/me?context=edit HTTP/1.1" 401 123 "-" "Mozilla/5.0 (Windows NT 10.0; Win64; x64) AppleWebKit/537.36"
168.144.82.178 - user [11/Jun/2026:18:28:00 +0800] "GET /wp-json/wp/v2/users/me?context=edit HTTP/1.1" 401 123 "-" "Mozilla/5.0 (Windows NT 10.0; Win64; x64) AppleWebKit/537.36"
168.144.82.178 - wpadmin [11/Jun/2026:18:28:00 +0800] "GET /wp-json/wp/v2/users/me?context=edit HTTP/1.1" 401 123 "-" "Mozilla/5.0 (Windows NT 10.0; Win64; x64) AppleWebKit/537.36"
168.144.82.178 - root [11/Jun/2026:18:28:01 +0800] "GET /wp-json/wp/v2/users/me?context=edit HTTP/1.1" 401 123 "-" "Mozilla/5.0 (Windows NT 10.0; Win64; x64) AppleWebKit/537.36"
168.144.82.178 - admin [11/Jun/2026:18:28:02 +0800] "GET /wp-json/wp/v2/users/me?context=edit HTTP/1.1" 401 123 "-" "Mozilla/5.0 (Windows NT 10.0; Win64; x64) AppleWebKit/537.36"
116.62.56.75 - - [11/Jun/2026:18:28:04 +0800] "HEAD / HTTP/1.1" 200 0 "-" "okhttp/4.11.0"
36.133.115.36 - - [11/Jun/2026:19:02:32 +0800] "POST /wp-cron.php?doing_wp_cron=1781175752.6362960338592529296875 HTTP/1.1" 200 31 "-" "WordPress/6.9; http://cqqizhou.com"
43.167.236.228 - - [11/Jun/2026:19:02:32 +0800] "GET / HTTP/1.1" 200 35194 "-" "Mozilla/5.0 (iPhone; CPU iPhone OS 13_2_3 like Mac OS X) AppleWebKit/605.1.15 (KHTML, like Gecko) Version/13.0.3 Mobile/15E148 Safari/604.1"
36.133.115.36 - - [11/Jun/2026:19:16:34 +0800] "POST /wp-cron.php?doing_wp_cron=1781176594.9280400276184082031250 HTTP/1.1" 200 31 "-" "WordPress/6.9; http://cqqizhou.com"
45.148.10.67 - - [11/Jun/2026:19:16:34 +0800] "GET / HTTP/1.1" 200 35193 "-" "Mozilla/5.0 (Windows NT 10.0; Win64; x64) AppleWebKit/537.36 (KHTML, like Gecko) Chrome/131.0.0.0 Safari/537.36"
176.115.236.112 - - [11/Jun/2026:19:17:46 +0800] "GET / HTTP/1.0" 200 160317 "http://cqqizhou.com/" "Mozilla/5.0 (Windows NT 10.0; Win64; x64) AppleWebKit/537.36 (KHTML, like Gecko) Chrome/131.0.0.0 Safari/537.36"
36.133.115.36 - - [11/Jun/2026:19:17:47 +0800] "POST /wp-cron.php?doing_wp_cron=1781176667.8820800781250000000000 HTTP/1.1" 200 31 "-" "WordPress/6.9; http://cqqizhou.com"
176.115.236.112 - - [11/Jun/2026:19:17:47 +0800] "GET /contacts/ HTTP/1.0" 301 0 "http://cqqizhou.com/contacts/" "Mozilla/5.0 (Windows NT 10.0; Win64; x64) AppleWebKit/537.36 (KHTML, like Gecko) Chrome/131.0.0.0 Safari/537.36"
176.115.236.112 - - [11/Jun/2026:19:17:49 +0800] "GET /contacts HTTP/1.0" 200 78602 "http://cqqizhou.com/contacts" "Mozilla/5.0 (Windows NT 10.0; Win64; x64) AppleWebKit/537.36 (KHTML, like Gecko) Chrome/131.0.0.0 Safari/537.36"
176.115.236.112 - - [11/Jun/2026:19:17:52 +0800] "POST /contacts HTTP/1.0" 200 72314 "http://cqqizhou.com/contacts" "Mozilla/5.0 (Windows NT 10.0; Win64; x64) AppleWebKit/537.36 (KHTML, like Gecko) Chrome/131.0.0.0 Safari/537.36"
36.133.115.36 - - [11/Jun/2026:19:19:57 +0800] "POST /wp-cron.php?doing_wp_cron=1781176797.1454288959503173828125 HTTP/1.1" 200 31 "-" "WordPress/6.9; http://cqqizhou.com"
43.153.12.58 - - [11/Jun/2026:19:19:57 +0800] "GET / HTTP/1.1" 200 35194 "-" "Mozilla/5.0 (iPhone; CPU iPhone OS 13_2_3 like Mac OS X) AppleWebKit/605.1.15 (KHTML, like Gecko) Version/13.0.3 Mobile/15E148 Safari/604.1"
36.133.115.36 - - [11/Jun/2026:19:31:21 +0800] "POST /wp-cron.php?doing_wp_cron=1781177481.3262839317321777343750 HTTP/1.1" 200 31 "-" "WordPress/6.9; http://cqqizhou.com"
103.236.84.160 - - [11/Jun/2026:19:31:21 +0800] "GET /xmlrpc.php HTTP/1.1" 405 53 "http://www.cqqizhou.com" "Mozilla/5.0 (Macintosh; Intel Mac OS X 10_15_7) AppleWebKit/537.36 (KHTML, like Gecko) Chrome/138.0.0.0 Safari/537.36"
36.133.115.36 - - [11/Jun/2026:19:34:42 +0800] "POST /wp-cron.php?doing_wp_cron=1781177682.6547410488128662109375 HTTP/1.1" 200 31 "-" "WordPress/6.9; http://cqqizhou.com"
62.210.142.168 - - [11/Jun/2026:19:34:42 +0800] "GET / HTTP/1.0" 301 0 "-" "Mozilla/5.0 (compatible; GenomeCrawlerd/1.0; +https://www.nokia.com/genomecrawler)"
36.133.115.36 - - [11/Jun/2026:19:36:01 +0800] "POST /wp-cron.php?doing_wp_cron=1781177761.8057339191436767578125 HTTP/1.1" 200 31 "-" "WordPress/6.9; http://cqqizhou.com"
62.210.142.168 - - [11/Jun/2026:19:36:01 +0800] "GET / HTTP/1.1" 301 5 "-" "Mozilla/5.0 (compatible; GenomeCrawlerd/1.0; +https://www.nokia.com/genomecrawler)"
62.210.142.168 - - [11/Jun/2026:19:36:05 +0800] "GET / HTTP/1.1" 200 35194 "http://36.133.115.36/" "Mozilla/5.0 (compatible; GenomeCrawlerd/1.0; +https://www.nokia.com/genomecrawler)"
36.133.115.36 - - [11/Jun/2026:20:42:44 +0800] "POST /wp-cron.php?doing_wp_cron=1781181764.7821559906005859375000 HTTP/1.1" 200 31 "-" "WordPress/6.9; http://cqqizhou.com"
43.153.36.110 - - [11/Jun/2026:20:42:44 +0800] "GET / HTTP/1.1" 200 35196 "-" "Mozilla/5.0 (iPhone; CPU iPhone OS 13_2_3 like Mac OS X) AppleWebKit/605.1.15 (KHTML, like Gecko) Version/13.0.3 Mobile/15E148 Safari/604.1"
36.133.115.36 - - [11/Jun/2026:20:45:56 +0800] "POST /wp-cron.php?doing_wp_cron=1781181956.4308390617370605468750 HTTP/1.1" 200 31 "-" "WordPress/6.9; http://cqqizhou.com"
110.249.201.39 - - [11/Jun/2026:20:45:56 +0800] "GET /robots.txt HTTP/1.1" 200 190 "-" "Mozilla/5.0 (Linux; Android 5.0) AppleWebKit/537.36 (KHTML, like Gecko) Mobile Safari/537.36 (compatible; Bytespider; https://zhanzhang.toutiao.com/)"
36.133.115.36 - - [11/Jun/2026:20:47:18 +0800] "POST /wp-cron.php?doing_wp_cron=1781182038.5840671062469482421875 HTTP/1.1" 200 31 "-" "WordPress/6.9; http://cqqizhou.com"
58.17.136.12 - - [11/Jun/2026:20:47:18 +0800] "HEAD / HTTP/1.1" 301 0 "-" "Mozilla/5.0 (Windows NT 10.0; Win64; x64) AppleWebKit/537.36 (KHTML, like Gecko) Chrome/145.0.0.0 Safari/537.36"
58.17.136.12 - - [11/Jun/2026:20:47:18 +0800] "HEAD / HTTP/1.1" 200 0 "http://www.cqqizhou.com:80" "Mozilla/5.0 (Windows NT 10.0; Win64; x64) AppleWebKit/537.36 (KHTML, like Gecko) Chrome/145.0.0.0 Safari/537.36"
58.17.136.12 - - [11/Jun/2026:20:47:19 +0800] "GET / HTTP/1.1" 301 5 "-" "Mozilla/5.0 (Windows NT 10.0; Win64; x64) AppleWebKit/537.36 (KHTML, like Gecko) Chrome/145.0.0.0 Safari/537.36"
58.17.136.12 - - [11/Jun/2026:20:47:19 +0800] "GET / HTTP/1.1" 200 35637 "http://www.cqqizhou.com:80" "Mozilla/5.0 (Windows NT 10.0; Win64; x64) AppleWebKit/537.36 (KHTML, like Gecko) Chrome/145.0.0.0 Safari/537.36"
58.17.136.12 - - [11/Jun/2026:20:47:21 +0800] "GET / HTTP/1.1" 301 5 "-" "Mozilla/5.0 (Macintosh; Intel Mac OS X 10_15_7) AppleWebKit/537.36 (KHTML, like Gecko) Chrome/114.0.0.0 Safari/537.36"
58.17.136.12 - - [11/Jun/2026:20:47:21 +0800] "GET / HTTP/1.1" 200 35637 "-" "Mozilla/5.0 (Macintosh; Intel Mac OS X 10_15_7) AppleWebKit/537.36 (KHTML, like Gecko) Chrome/114.0.0.0 Safari/537.36"
58.17.136.12 - - [11/Jun/2026:20:47:21 +0800] "GET /wp-content/uploads/2025/07/1751425283-qizhou.kf_.qq_.com_.webp HTTP/1.1" 200 16864 "http://cqqizhou.com/" "Mozilla/5.0 (Macintosh; Intel Mac OS X 10_15_7) AppleWebKit/537.36 (KHTML, like Gecko) Chrome/114.0.0.0 Safari/537.36"
58.17.136.12 - - [11/Jun/2026:20:47:23 +0800] "GET /wp-content/uploads/2025/07/1753456723-%E5%8F%8C%E7%9B%B8%E9%92%A2roduct_Single600.webp HTTP/1.1" 200 22790 "http://cqqizhou.com/" "Mozilla/5.0 (Macintosh; Intel Mac OS X 10_15_7) AppleWebKit/537.36 (KHTML, like Gecko) Chrome/114.0.0.0 Safari/537.36"
58.17.136.12 - - [11/Jun/2026:20:47:23 +0800] "GET /wp-content/uploads/2025/07/1753453096-%E5%8F%8C%E7%9B%B8%E9%92%A2product_Single600%C3%97284.webp HTTP/1.1" 200 14562 "http://cqqizhou.com/" "Mozilla/5.0 (Macintosh; Intel Mac OS X 10_15_7) AppleWebKit/537.36 (KHTML, like Gecko) Chrome/114.0.0.0 Safari/537.36"
58.17.136.12 - - [11/Jun/2026:20:47:23 +0800] "GET /wp-content/uploads/2025/07/1753456770-%E7%83%AD%E9%95%80%E9%94%8C%E5%8D%B7product_Single600.webp HTTP/1.1" 200 27502 "http://cqqizhou.com/" "Mozilla/5.0 (Macintosh; Intel Mac OS X 10_15_7) AppleWebKit/537.36 (KHTML, like Gecko) Chrome/114.0.0.0 Safari/537.36"
58.17.136.12 - - [11/Jun/2026:20:47:23 +0800] "GET /wp-content/uploads/2025/07/1753453127-%E4%BD%99%E5%8D%B7product_Single600%C3%97284.webp HTTP/1.1" 200 18744 "http://cqqizhou.com/" "Mozilla/5.0 (Macintosh; Intel Mac OS X 10_15_7) AppleWebKit/537.36 (KHTML, like Gecko) Chrome/114.0.0.0 Safari/537.36"
58.17.136.12 - - [11/Jun/2026:20:47:24 +0800] "GET /wp-content/uploads/2025/12/1765268955-qizhou_Slider1_3840%C3%972160_20251210-scaled.webp HTTP/1.1" 200 152162 "http://cqqizhou.com/" "Mozilla/5.0 (Macintosh; Intel Mac OS X 10_15_7) AppleWebKit/537.36 (KHTML, like Gecko) Chrome/114.0.0.0 Safari/537.36"
58.17.136.12 - - [11/Jun/2026:20:47:25 +0800] "GET /wp-content/uploads/revslider/slider-1/1750861156-logistics_Slider_3840%C3%972160_20250625191356-scaled-50x100.webp HTTP/1.1" 200 1416 "http://cqqizhou.com/" "Mozilla/5.0 (Macintosh; Intel Mac OS X 10_15_7) AppleWebKit/537.36 (KHTML, like Gecko) Chrome/114.0.0.0 Safari/537.36"
58.17.136.12 - - [11/Jun/2026:20:47:25 +0800] "GET /wp-content/uploads/2026/01/1768276119-qizhoujiagong_Slider_3840%C3%972160_20260113-scaled-50x100.webp HTTP/1.1" 200 976 "http://cqqizhou.com/" "Mozilla/5.0 (Macintosh; Intel Mac OS X 10_15_7) AppleWebKit/537.36 (KHTML, like Gecko) Chrome/114.0.0.0 Safari/537.36"
58.17.136.12 - - [11/Jun/2026:20:47:25 +0800] "GET /wp-json/sliderrevolution/sliders/1?srengine=7&slideid=2 HTTP/1.1" 200 2000 "http://cqqizhou.com/" "Mozilla/5.0 (Macintosh; Intel Mac OS X 10_15_7) AppleWebKit/537.36 (KHTML, like Gecko) Chrome/114.0.0.0 Safari/537.36"
58.17.136.12 - - [11/Jun/2026:20:47:25 +0800] "GET /wp-json/sliderrevolution/sliders/1?srengine=7&slideid=4 HTTP/1.1" 200 2580 "http://cqqizhou.com/" "Mozilla/5.0 (Macintosh; Intel Mac OS X 10_15_7) AppleWebKit/537.36 (KHTML, like Gecko) Chrome/114.0.0.0 Safari/537.36"
58.17.136.12 - - [11/Jun/2026:20:47:25 +0800] "GET /wp-content/uploads/revslider/slider-1/1750861156-logistics_Slider_3840%C3%972160_20250625191356-scaled.webp HTTP/1.1" 200 197360 "http://cqqizhou.com/" "Mozilla/5.0 (Macintosh; Intel Mac OS X 10_15_7) AppleWebKit/537.36 (KHTML, like Gecko) Chrome/114.0.0.0 Safari/537.36"
58.17.136.12 - - [11/Jun/2026:20:47:25 +0800] "GET /wp-content/uploads/2026/01/1768276119-qizhoujiagong_Slider_3840%C3%972160_20260113-scaled.webp HTTP/1.1" 200 131696 "http://cqqizhou.com/" "Mozilla/5.0 (Macintosh; Intel Mac OS X 10_15_7) AppleWebKit/537.36 (KHTML, like Gecko) Chrome/114.0.0.0 Safari/537.36"
112.86.225.209 - - [11/Jun/2026:21:39:16 +0800] "GET / HTTP/1.1" 200 35637 "-" "Sogou web spider/4.0(+http://www.sogou.com/docs/help/webmasters.htm#07)"
36.133.115.36 - - [11/Jun/2026:21:51:09 +0800] "POST /wp-cron.php?doing_wp_cron=1781185869.1557528972625732421875 HTTP/1.1" 200 31 "-" "WordPress/6.9; http://cqqizhou.com"
117.164.191.217 - - [11/Jun/2026:21:51:09 +0800] "POST /hello.world?%ADd+allow_url_include%3d1+%ADd+auto_prepend_file%3dphp://input HTTP/1.1" 404 32979 "-" "libredtail-http"
117.164.191.217 - - [11/Jun/2026:21:51:16 +0800] "POST /?%ADd+allow_url_include%3d1+%ADd+auto_prepend_file%3dphp://input HTTP/1.1" 200 158680 "-" "libredtail-http"
117.164.191.217 - - [11/Jun/2026:21:51:23 +0800] "GET /vendor/phpunit/phpunit/src/Util/PHP/eval-stdin.php HTTP/1.1" 404 27 "-" "libredtail-http"
117.164.191.217 - - [11/Jun/2026:21:51:30 +0800] "GET /vendor/phpunit/phpunit/Util/PHP/eval-stdin.php HTTP/1.1" 404 27 "-" "libredtail-http"
117.164.191.217 - - [11/Jun/2026:21:51:33 +0800] "GET /vendor/phpunit/src/Util/PHP/eval-stdin.php HTTP/1.1" 404 27 "-" "libredtail-http"
117.164.191.217 - - [11/Jun/2026:21:51:34 +0800] "GET /vendor/phpunit/Util/PHP/eval-stdin.php HTTP/1.1" 404 27 "-" "libredtail-http"
117.164.191.217 - - [11/Jun/2026:21:51:35 +0800] "GET /vendor/phpunit/phpunit/LICENSE/eval-stdin.php HTTP/1.1" 404 27 "-" "libredtail-http"
117.164.191.217 - - [11/Jun/2026:21:51:38 +0800] "GET /vendor/vendor/phpunit/phpunit/src/Util/PHP/eval-stdin.php HTTP/1.1" 404 27 "-" "libredtail-http"
117.164.191.217 - - [11/Jun/2026:21:51:43 +0800] "GET /phpunit/phpunit/src/Util/PHP/eval-stdin.php HTTP/1.1" 404 27 "-" "libredtail-http"
117.164.191.217 - - [11/Jun/2026:21:51:51 +0800] "GET /phpunit/phpunit/Util/PHP/eval-stdin.php HTTP/1.1" 404 27 "-" "libredtail-http"
117.164.191.217 - - [11/Jun/2026:21:51:58 +0800] "GET /phpunit/src/Util/PHP/eval-stdin.php HTTP/1.1" 404 27 "-" "libredtail-http"
117.164.191.217 - - [11/Jun/2026:21:52:06 +0800] "GET /phpunit/Util/PHP/eval-stdin.php HTTP/1.1" 404 27 "-" "libredtail-http"
117.164.191.217 - - [11/Jun/2026:21:52:09 +0800] "GET /lib/phpunit/phpunit/src/Util/PHP/eval-stdin.php HTTP/1.1" 404 27 "-" "libredtail-http"
117.164.191.217 - - [11/Jun/2026:21:52:11 +0800] "GET /lib/phpunit/phpunit/Util/PHP/eval-stdin.php HTTP/1.1" 404 27 "-" "libredtail-http"
117.164.191.217 - - [11/Jun/2026:21:52:16 +0800] "GET /lib/phpunit/src/Util/PHP/eval-stdin.php HTTP/1.1" 404 27 "-" "libredtail-http"
117.164.191.217 - - [11/Jun/2026:21:52:20 +0800] "GET /lib/phpunit/Util/PHP/eval-stdin.php HTTP/1.1" 404 27 "-" "libredtail-http"
117.164.191.217 - - [11/Jun/2026:21:52:23 +0800] "GET /lib/vendor/phpunit/phpunit/src/Util/PHP/eval-stdin.php HTTP/1.1" 404 27 "-" "libredtail-http"
117.164.191.217 - - [11/Jun/2026:21:52:26 +0800] "GET /laravel/vendor/phpunit/phpunit/src/Util/PHP/eval-stdin.php HTTP/1.1" 404 27 "-" "libredtail-http"
117.164.191.217 - - [11/Jun/2026:21:52:28 +0800] "GET /www/vendor/phpunit/phpunit/src/Util/PHP/eval-stdin.php HTTP/1.1" 404 27 "-" "libredtail-http"
117.164.191.217 - - [11/Jun/2026:21:52:30 +0800] "GET /ws/vendor/phpunit/phpunit/src/Util/PHP/eval-stdin.php HTTP/1.1" 404 27 "-" "libredtail-http"
117.164.191.217 - - [11/Jun/2026:21:52:30 +0800] "GET /yii/vendor/phpunit/phpunit/src/Util/PHP/eval-stdin.php HTTP/1.1" 404 27 "-" "libredtail-http"
117.164.191.217 - - [11/Jun/2026:21:52:31 +0800] "GET /zend/vendor/phpunit/phpunit/src/Util/PHP/eval-stdin.php HTTP/1.1" 404 27 "-" "libredtail-http"
117.164.191.217 - - [11/Jun/2026:21:52:33 +0800] "GET /ws/ec/vendor/phpunit/phpunit/src/Util/PHP/eval-stdin.php HTTP/1.1" 404 27 "-" "libredtail-http"
117.164.191.217 - - [11/Jun/2026:21:52:36 +0800] "GET /V2/vendor/phpunit/phpunit/src/Util/PHP/eval-stdin.php HTTP/1.1" 404 27 "-" "libredtail-http"
117.164.191.217 - - [11/Jun/2026:21:52:44 +0800] "GET /tests/vendor/phpunit/phpunit/src/Util/PHP/eval-stdin.php HTTP/1.1" 404 27 "-" "libredtail-http"
117.164.191.217 - - [11/Jun/2026:21:52:52 +0800] "GET /test/vendor/phpunit/phpunit/src/Util/PHP/eval-stdin.php HTTP/1.1" 404 27 "-" "libredtail-http"
117.164.191.217 - - [11/Jun/2026:21:52:59 +0800] "GET /testing/vendor/phpunit/phpunit/src/Util/PHP/eval-stdin.php HTTP/1.1" 404 27 "-" "libredtail-http"
117.164.191.217 - - [11/Jun/2026:21:53:07 +0800] "GET /api/vendor/phpunit/phpunit/src/Util/PHP/eval-stdin.php HTTP/1.1" 404 27 "-" "libredtail-http"
117.164.191.217 - - [11/Jun/2026:21:53:11 +0800] "GET /demo/vendor/phpunit/phpunit/src/Util/PHP/eval-stdin.php HTTP/1.1" 404 27 "-" "libredtail-http"
117.164.191.217 - - [11/Jun/2026:21:53:20 +0800] "GET /cms/vendor/phpunit/phpunit/src/Util/PHP/eval-stdin.php HTTP/1.1" 404 27 "-" "libredtail-http"
117.164.191.217 - - [11/Jun/2026:21:53:28 +0800] "GET /crm/vendor/phpunit/phpunit/src/Util/PHP/eval-stdin.php HTTP/1.1" 404 27 "-" "libredtail-http"
117.164.191.217 - - [11/Jun/2026:21:53:32 +0800] "GET /admin/vendor/phpunit/phpunit/src/Util/PHP/eval-stdin.php HTTP/1.1" 404 27 "-" "libredtail-http"
117.164.191.217 - - [11/Jun/2026:21:53:37 +0800] "GET /backup/vendor/phpunit/phpunit/src/Util/PHP/eval-stdin.php HTTP/1.1" 404 27 "-" "libredtail-http"
117.164.191.217 - - [11/Jun/2026:21:53:40 +0800] "GET /blog/vendor/phpunit/phpunit/src/Util/PHP/eval-stdin.php HTTP/1.1" 404 27 "-" "libredtail-http"
117.164.191.217 - - [11/Jun/2026:21:53:47 +0800] "GET /workspace/drupal/vendor/phpunit/phpunit/src/Util/PHP/eval-stdin.php HTTP/1.1" 404 27 "-" "libredtail-http"
117.164.191.217 - - [11/Jun/2026:21:53:56 +0800] "GET /panel/vendor/phpunit/phpunit/src/Util/PHP/eval-stdin.php HTTP/1.1" 404 27 "-" "libredtail-http"
117.164.191.217 - - [11/Jun/2026:21:54:03 +0800] "GET /public/vendor/phpunit/phpunit/src/Util/PHP/eval-stdin.php HTTP/1.1" 404 27 "-" "libredtail-http"
117.164.191.217 - - [11/Jun/2026:21:54:09 +0800] "GET /apps/vendor/phpunit/phpunit/src/Util/PHP/eval-stdin.php HTTP/1.1" 404 27 "-" "libredtail-http"
117.164.191.217 - - [11/Jun/2026:21:54:11 +0800] "GET /app/vendor/phpunit/phpunit/src/Util/PHP/eval-stdin.php HTTP/1.1" 404 27 "-" "libredtail-http"
36.133.115.36 - - [11/Jun/2026:21:54:16 +0800] "POST /wp-cron.php?doing_wp_cron=1781186056.3357629776000976562500 HTTP/1.1" 200 31 "-" "WordPress/6.9; http://cqqizhou.com"
117.164.191.217 - - [11/Jun/2026:21:54:16 +0800] "GET /index.php?s=/index/\x5Cthink\x5Capp/invokefunction&function=call_user_func_array&vars[0]=md5&vars[1][]=Hello HTTP/1.1" 200 67770 "-" "libredtail-http"
117.164.191.217 - - [11/Jun/2026:21:54:22 +0800] "GET /public/index.php?s=/index/\x5Cthink\x5Capp/invokefunction&function=call_user_func_array&vars[0]=md5&vars[1][]=Hello HTTP/1.1" 404 27 "-" "libredtail-http"
117.164.191.217 - - [11/Jun/2026:21:54:29 +0800] "GET /index.php?lang=../../../../../../../../usr/local/lib/php/pearcmd&+config-create+/&/<?echo(md5(\x22hi\x22));?>+/tmp/index1.php HTTP/1.1" 200 158680 "-" "libredtail-http"
117.164.191.217 - - [11/Jun/2026:21:54:32 +0800] "GET /index.php?lang=../../../../../../../../tmp/index1 HTTP/1.1" 200 158680 "-" "libredtail-http"
117.164.191.217 - - [11/Jun/2026:21:54:39 +0800] "GET /containers/json HTTP/1.1" 301 5 "-" "libredtail-http"
117.164.191.217 - - [11/Jun/2026:21:54:44 +0800] "GET /containers/json HTTP/1.1" 301 5 "-" "libredtail-http"
36.133.115.36 - - [11/Jun/2026:22:03:26 +0800] "POST /wp-cron.php?doing_wp_cron=1781186606.5134379863739013671875 HTTP/1.1" 200 31 "-" "WordPress/6.9; http://cqqizhou.com"
43.159.149.56 - - [11/Jun/2026:22:03:26 +0800] "GET / HTTP/1.1" 301 5 "-" "Mozilla/5.0 (iPhone; CPU iPhone OS 13_2_3 like Mac OS X) AppleWebKit/605.1.15 (KHTML, like Gecko) Version/13.0.3 Mobile/15E148 Safari/604.1"
43.159.149.56 - - [11/Jun/2026:22:03:29 +0800] "GET / HTTP/1.1" 200 35196 "http://36.133.115.36" "Mozilla/5.0 (iPhone; CPU iPhone OS 13_2_3 like Mac OS X) AppleWebKit/605.1.15 (KHTML, like Gecko) Version/13.0.3 Mobile/15E148 Safari/604.1"
36.133.115.36 - - [11/Jun/2026:22:09:00 +0800] "POST /wp-cron.php?doing_wp_cron=1781186940.3241779804229736328125 HTTP/1.1" 200 31 "-" "WordPress/6.9; http://cqqizhou.com"
110.249.201.243 - - [11/Jun/2026:22:09:00 +0800] "GET / HTTP/1.1" 200 35196 "-" "Mozilla/5.0 (Linux; Android 5.0) AppleWebKit/537.36 (KHTML, like Gecko) Mobile Safari/537.36 (compatible; Bytespider; https://zhanzhang.toutiao.com/)"
36.133.115.36 - - [11/Jun/2026:22:28:57 +0800] "POST /wp-cron.php?doing_wp_cron=1781188137.3015298843383789062500 HTTP/1.1" 200 31 "-" "WordPress/6.9; http://cqqizhou.com"
110.80.135.11 - - [11/Jun/2026:22:28:57 +0800] "GET / HTTP/1.1" 301 5 "-" "-"
110.80.135.11 - - [11/Jun/2026:22:28:57 +0800] "GET / HTTP/1.1" 200 160339 "-" "-"
36.133.115.36 - - [11/Jun/2026:22:30:53 +0800] "POST /wp-cron.php?doing_wp_cron=1781188253.7034149169921875000000 HTTP/1.1" 200 31 "-" "WordPress/6.9; http://cqqizhou.com"
119.84.246.117 - - [11/Jun/2026:22:30:53 +0800] "GET / HTTP/1.1" 301 5 "-" "Mozilla/5.0 (Windows NT 6.1) AppleWebKit/535.12 (KHTML, like Gecko) Maxthon/3.4.2.3000 Chrome/18.0.966.0 Safari/535.12"
119.84.246.117 - - [11/Jun/2026:22:30:53 +0800] "GET / HTTP/1.1" 200 160339 "-" "Mozilla/5.0 (Windows NT 6.1) AppleWebKit/535.12 (KHTML, like Gecko) Maxthon/3.4.2.3000 Chrome/18.0.966.0 Safari/535.12"
119.84.246.117 - - [11/Jun/2026:22:30:54 +0800] "GET / HTTP/1.1" 301 5 "-" "Mozilla/5.0 (Windows NT 6.1; WOW64) AppleWebKit/535.19 (KHTML, like Gecko) Chrome/18.0.1025.168 Safari/535.19 QIHU 360EE"
119.84.246.117 - - [11/Jun/2026:22:30:54 +0800] "GET / HTTP/1.1" 200 160339 "-" "Mozilla/5.0 (Windows NT 6.1; WOW64) AppleWebKit/535.19 (KHTML, like Gecko) Chrome/18.0.1025.168 Safari/535.19 QIHU 360EE"
119.84.246.117 - - [11/Jun/2026:22:30:55 +0800] "GET / HTTP/1.1" 301 5 "-" "Mozilla/5.0 (Windows NT 6.1) AppleWebKit/535.11 (KHTML, like Gecko) Chrome/17.0.963.84 Safari/535.11 LBBROWSER"
119.84.246.117 - - [11/Jun/2026:22:30:55 +0800] "GET / HTTP/1.1" 200 160339 "-" "Mozilla/5.0 (Windows NT 6.1) AppleWebKit/535.11 (KHTML, like Gecko) Chrome/17.0.963.84 Safari/535.11 LBBROWSER"
36.133.115.36 - - [11/Jun/2026:22:38:49 +0800] "POST /wp-cron.php?doing_wp_cron=1781188729.0195419788360595703125 HTTP/1.1" 200 31 "-" "WordPress/6.9; http://cqqizhou.com"
40.77.177.206 - - [11/Jun/2026:22:38:49 +0800] "GET /wp-json/sliderrevolution/sliders/1?srengine=7&slideid=4 HTTP/1.1" 200 13253 "http://cqqizhou.com/" "Mozilla/5.0 AppleWebKit/537.36 (KHTML, like Gecko; compatible; bingbot/2.0; +http://www.bing.com/bingbot.htm) Chrome/136.0.0.0 Safari/537.36"
40.77.178.229 - - [11/Jun/2026:22:38:57 +0800] "GET /wp-json/sliderrevolution/sliders/1?srengine=7&slideid=4 HTTP/1.1" 200 13253 "http://cqqizhou.com/" "Mozilla/5.0 AppleWebKit/537.36 (KHTML, like Gecko; compatible; bingbot/2.0; +http://www.bing.com/bingbot.htm) Chrome/136.0.0.0 Safari/537.36"
36.133.115.36 - - [11/Jun/2026:22:48:36 +0800] "POST /wp-cron.php?doing_wp_cron=1781189316.5773980617523193359375 HTTP/1.1" 200 31 "-" "WordPress/6.9; http://cqqizhou.com"
110.249.201.41 - - [11/Jun/2026:22:48:36 +0800] "GET /news/2502 HTTP/1.1" 200 21147 "-" "Mozilla/5.0 (Linux; Android 5.0) AppleWebKit/537.36 (KHTML, like Gecko) Mobile Safari/537.36 (compatible; Bytespider; https://zhanzhang.toutiao.com/)"
110.249.201.41 - - [11/Jun/2026:22:48:36 +0800] "GET /wp-content/uploads/2026/06/1780362799-1Article_images_W900px-768x432.webp HTTP/1.1" 206 500 "http://cqqizhou.com/news/2502" "Mozilla/5.0 (Linux; Android 5.0) AppleWebKit/537.36 (KHTML, like Gecko) Mobile Safari/537.36 (compatible; Bytespider; https://zhanzhang.toutiao.com/)"
110.249.201.41 - - [11/Jun/2026:22:48:37 +0800] "GET /wp-content/uploads/2025/07/1753410289-News2000%C3%97400_202571.webp HTTP/1.1" 206 500 "http://cqqizhou.com/news/2502" "Mozilla/5.0 (Linux; Android 5.0) AppleWebKit/537.36 (KHTML, like Gecko) Mobile Safari/537.36 (compatible; Bytespider; https://zhanzhang.toutiao.com/)"
179.43.163.26 - - [11/Jun/2026:22:51:01 +0800] "GET /info.php HTTP/1.1" 200 49 "-" "Mozilla/5.0 (X11; Linux x86_64) AppleWebKit/537.36 (KHTML, like Gecko) Chrome/124.0.0.0 Safari/537.36"
179.43.163.26 - - [11/Jun/2026:22:51:02 +0800] "GET /test.php HTTP/1.1" 404 47 "-" "Mozilla/5.0 (X11; Linux x86_64) AppleWebKit/537.36 (KHTML, like Gecko) Chrome/124.0.0.0 Safari/537.36"
36.133.115.36 - - [11/Jun/2026:22:51:02 +0800] "POST /wp-cron.php?doing_wp_cron=1781189462.5294780731201171875000 HTTP/1.1" 200 31 "-" "WordPress/6.9; http://cqqizhou.com"
179.43.163.26 - - [11/Jun/2026:22:51:02 +0800] "GET /api/v1/status/buildinfo HTTP/1.1" 404 9410 "-" "Mozilla/5.0 (X11; Linux x86_64) AppleWebKit/537.36 (KHTML, like Gecko) Chrome/124.0.0.0 Safari/537.36"
179.43.163.26 - - [11/Jun/2026:22:51:04 +0800] "GET /api/nodes HTTP/1.1" 404 9411 "-" "Mozilla/5.0 (X11; Linux x86_64) AppleWebKit/537.36 (KHTML, like Gecko) Chrome/124.0.0.0 Safari/537.36"
179.43.163.26 - - [11/Jun/2026:22:51:05 +0800] "GET /api/v1.3/machine HTTP/1.1" 404 9410 "-" "Mozilla/5.0 (X11; Linux x86_64) AppleWebKit/537.36 (KHTML, like Gecko) Chrome/124.0.0.0 Safari/537.36"
179.43.163.26 - - [11/Jun/2026:22:51:06 +0800] "GET / HTTP/1.1" 301 5 "-" "Mozilla/5.0 (X11; Linux x86_64) AppleWebKit/537.36 (KHTML, like Gecko) Chrome/124.0.0.0 Safari/537.36"
179.43.163.26 - - [11/Jun/2026:22:51:06 +0800] "GET /apiv2/server/info HTTP/1.1" 404 9411 "-" "Mozilla/5.0 (X11; Linux x86_64) AppleWebKit/537.36 (KHTML, like Gecko) Chrome/124.0.0.0 Safari/537.36"
179.43.163.26 - - [11/Jun/2026:22:51:07 +0800] "GET /api/v1.0/machine HTTP/1.1" 499 0 "-" "Mozilla/5.0 (X11; Linux x86_64) AppleWebKit/537.36 (KHTML, like Gecko) Chrome/124.0.0.0 Safari/537.36"
179.43.163.26 - - [11/Jun/2026:22:51:07 +0800] "GET /config HTTP/1.1" 404 9410 "-" "Mozilla/5.0 (X11; Linux x86_64) AppleWebKit/537.36 (KHTML, like Gecko) Chrome/124.0.0.0 Safari/537.36"
179.43.163.26 - - [11/Jun/2026:22:51:07 +0800] "GET /openapi.json HTTP/1.1" 404 9410 "-" "Mozilla/5.0 (X11; Linux x86_64) AppleWebKit/537.36 (KHTML, like Gecko) Chrome/124.0.0.0 Safari/537.36"
36.133.115.36 - - [11/Jun/2026:22:51:08 +0800] "POST /wp-cron.php?doing_wp_cron=1781189468.7170391082763671875000 HTTP/1.1" 200 31 "-" "WordPress/6.9; http://cqqizhou.com"
179.43.163.26 - - [11/Jun/2026:22:51:08 +0800] "GET /api/p2p HTTP/1.1" 404 9410 "-" "Mozilla/5.0 (X11; Linux x86_64) AppleWebKit/537.36 (KHTML, like Gecko) Chrome/124.0.0.0 Safari/537.36"
179.43.163.26 - - [11/Jun/2026:22:51:09 +0800] "GET / HTTP/1.1" 301 5 "-" "Mozilla/5.0 (X11; Linux x86_64) AppleWebKit/537.36 (KHTML, like Gecko) Chrome/124.0.0.0 Safari/537.36"
179.43.163.26 - - [11/Jun/2026:22:51:10 +0800] "GET /api/tags HTTP/1.1" 404 9408 "-" "Mozilla/5.0 (X11; Linux x86_64) AppleWebKit/537.36 (KHTML, like Gecko) Chrome/124.0.0.0 Safari/537.36"
179.43.163.26 - - [11/Jun/2026:22:51:12 +0800] "GET / HTTP/1.1" 301 5 "-" "Mozilla/5.0 (X11; Linux x86_64) AppleWebKit/537.36 (KHTML, like Gecko) Chrome/124.0.0.0 Safari/537.36"
179.43.163.26 - - [11/Jun/2026:22:51:12 +0800] "GET /_profiler/search HTTP/1.1" 404 9410 "-" "Mozilla/5.0 (X11; Linux x86_64) AppleWebKit/537.36 (KHTML, like Gecko) Chrome/124.0.0.0 Safari/537.36"
179.43.163.26 - - [11/Jun/2026:22:51:12 +0800] "GET /rest/settings HTTP/1.1" 404 9410 "-" "Mozilla/5.0 (X11; Linux x86_64) AppleWebKit/537.36 (KHTML, like Gecko) Chrome/124.0.0.0 Safari/537.36"
179.43.163.26 - - [11/Jun/2026:22:51:13 +0800] "GET /index.php?p=admin/login HTTP/1.1" 301 5 "-" "Mozilla/5.0 (X11; Linux x86_64) AppleWebKit/537.36 (KHTML, like Gecko) Chrome/124.0.0.0 Safari/537.36"
179.43.163.26 - - [11/Jun/2026:22:51:13 +0800] "GET /openapi.json HTTP/1.1" 404 9410 "-" "Mozilla/5.0 (X11; Linux x86_64) AppleWebKit/537.36 (KHTML, like Gecko) Chrome/124.0.0.0 Safari/537.36"
179.43.163.26 - - [11/Jun/2026:22:51:13 +0800] "GET /telescope HTTP/1.1" 404 9410 "-" "Mozilla/5.0 (X11; Linux x86_64) AppleWebKit/537.36 (KHTML, like Gecko) Chrome/124.0.0.0 Safari/537.36"
179.43.163.26 - - [11/Jun/2026:22:51:14 +0800] "GET /status HTTP/1.1" 404 9411 "-" "Mozilla/5.0 (X11; Linux x86_64) AppleWebKit/537.36 (KHTML, like Gecko) Chrome/124.0.0.0 Safari/537.36"
179.43.163.26 - - [11/Jun/2026:22:51:14 +0800] "GET /v1/agent/self HTTP/1.1" 404 9411 "-" "Mozilla/5.0 (X11; Linux x86_64) AppleWebKit/537.36 (KHTML, like Gecko) Chrome/124.0.0.0 Safari/537.36"
179.43.163.26 - - [11/Jun/2026:22:51:14 +0800] "GET /auth/login HTTP/1.1" 404 9411 "-" "Mozilla/5.0 (X11; Linux x86_64) AppleWebKit/537.36 (KHTML, like Gecko) Chrome/124.0.0.0 Safari/537.36"
179.43.163.26 - - [11/Jun/2026:22:51:14 +0800] "GET /v1/meta HTTP/1.1" 404 9411 "-" "Mozilla/5.0 (X11; Linux x86_64) AppleWebKit/537.36 (KHTML, like Gecko) Chrome/124.0.0.0 Safari/537.36"
179.43.163.26 - - [11/Jun/2026:22:51:14 +0800] "GET /v2/ HTTP/1.1" 404 9411 "-" "Mozilla/5.0 (X11; Linux x86_64) AppleWebKit/537.36 (KHTML, like Gecko) Chrome/124.0.0.0 Safari/537.36"
179.43.163.26 - - [11/Jun/2026:22:51:15 +0800] "GET /api/v1/milvus/version HTTP/1.1" 404 9410 "-" "Mozilla/5.0 (X11; Linux x86_64) AppleWebKit/537.36 (KHTML, like Gecko) Chrome/124.0.0.0 Safari/537.36"
179.43.163.26 - - [11/Jun/2026:22:51:15 +0800] "GET /telescope/queries HTTP/1.1" 499 0 "-" "Mozilla/5.0 (X11; Linux x86_64) AppleWebKit/537.36 (KHTML, like Gecko) Chrome/124.0.0.0 Safari/537.36"
179.43.163.26 - - [11/Jun/2026:22:51:15 +0800] "GET / HTTP/1.1" 301 5 "-" "Mozilla/5.0 (X11; Linux x86_64) AppleWebKit/537.36 (KHTML, like Gecko) Chrome/124.0.0.0 Safari/537.36"
179.43.163.26 - - [11/Jun/2026:22:51:15 +0800] "GET /api/status HTTP/1.1" 404 9410 "-" "Mozilla/5.0 (X11; Linux x86_64) AppleWebKit/537.36 (KHTML, like Gecko) Chrome/124.0.0.0 Safari/537.36"
179.43.163.26 - - [11/Jun/2026:22:51:15 +0800] "GET / HTTP/1.1" 301 5 "-" "Mozilla/5.0 (X11; Linux x86_64) AppleWebKit/537.36 (KHTML, like Gecko) Chrome/124.0.0.0 Safari/537.36"
179.43.163.26 - - [11/Jun/2026:22:51:15 +0800] "GET / HTTP/1.1" 301 5 "-" "Mozilla/5.0 (X11; Linux x86_64) AppleWebKit/537.36 (KHTML, like Gecko) Chrome/124.0.0.0 Safari/537.36"
179.43.163.26 - - [11/Jun/2026:22:51:16 +0800] "GET /api/v2/heartbeat HTTP/1.1" 404 9410 "-" "Mozilla/5.0 (X11; Linux x86_64) AppleWebKit/537.36 (KHTML, like Gecko) Chrome/124.0.0.0 Safari/537.36"
179.43.163.26 - - [11/Jun/2026:22:51:16 +0800] "GET /apps/user/index.php HTTP/1.1" 404 47 "-" "Mozilla/5.0 (X11; Linux x86_64) AppleWebKit/537.36 (KHTML, like Gecko) Chrome/124.0.0.0 Safari/537.36"
179.43.163.26 - - [11/Jun/2026:22:51:16 +0800] "GET / HTTP/1.1" 301 5 "-" "Mozilla/5.0 (X11; Linux x86_64) AppleWebKit/537.36 (KHTML, like Gecko) Chrome/124.0.0.0 Safari/537.36"
179.43.163.26 - - [11/Jun/2026:22:51:17 +0800] "GET / HTTP/1.1" 301 5 "-" "Mozilla/5.0 (X11; Linux x86_64) AppleWebKit/537.36 (KHTML, like Gecko) Chrome/124.0.0.0 Safari/537.36"
43.130.111.40 - - [11/Jun/2026:22:52:04 +0800] "GET / HTTP/1.1" 200 35196 "-" "Mozilla/5.0 (iPhone; CPU iPhone OS 13_2_3 like Mac OS X) AppleWebKit/605.1.15 (KHTML, like Gecko) Version/13.0.3 Mobile/15E148 Safari/604.1"
36.133.115.36 - - [11/Jun/2026:23:01:54 +0800] "POST /wp-cron.php?doing_wp_cron=1781190114.2750079631805419921875 HTTP/1.1" 200 31 "-" "WordPress/6.9; http://cqqizhou.com"
23.248.211.234 - - [11/Jun/2026:23:01:54 +0800] "GET / HTTP/1.1" 301 5 "-" "Go-http-client/1.1"
23.248.211.234 - - [11/Jun/2026:23:01:57 +0800] "GET / HTTP/1.1" 200 35637 "http://jp7.ee/" "Go-http-client/1.1"
36.133.115.36 - - [11/Jun/2026:23:26:55 +0800] "POST /wp-cron.php?doing_wp_cron=1781191615.5376269817352294921875 HTTP/1.1" 200 31 "-" "WordPress/6.9; http://cqqizhou.com"
120.77.183.184 - - [11/Jun/2026:23:26:55 +0800] "GET /Bcok/login HTTP/1.1" 404 9410 "-" "Mozilla/5.0 (Windows NT 10.0; Win64; x64)"
171.124.168.4 - - [11/Jun/2026:23:27:38 +0800] "GET / HTTP/1.1" 200 35637 "-" "Mozilla/5.0 (Windows NT 10.0; WOW64) AppleWebKit/537.36 (KHTML, like Gecko) Chrome/88.0.4324.27"
36.133.115.36 - - [11/Jun/2026:23:28:32 +0800] "POST /wp-cron.php?doing_wp_cron=1781191712.3152139186859130859375 HTTP/1.1" 200 31 "-" "WordPress/6.9; http://cqqizhou.com"
183.229.216.65 - - [11/Jun/2026:23:28:32 +0800] "GET / HTTP/1.1" 301 5 "-" "Mozilla/5.0 (Windows NT 10.0; Win64; x64) AppleWebKit/537.36 (KHTML, like Gecko) Chrome/74.0.3729.6"
183.229.216.65 - - [11/Jun/2026:23:28:32 +0800] "GET http://cqqizhou.com/ HTTP/1.1" 200 35637 "-" "Mozilla/5.0 (Windows NT 10.0; Win64; x64) AppleWebKit/537.36 (KHTML, like Gecko) Chrome/74.0.3729.6"
36.133.115.36 - - [11/Jun/2026:23:46:32 +0800] "POST /wp-cron.php?doing_wp_cron=1781192792.8793470859527587890625 HTTP/1.1" 200 31 "-" "WordPress/6.9; http://cqqizhou.com"
176.65.139.66 - - [11/Jun/2026:23:46:32 +0800] "GET / HTTP/1.0" 301 0 "-" "Shodan-Pull/1.0"
36.133.115.36 - - [11/Jun/2026:23:58:00 +0800] "POST /wp-cron.php?doing_wp_cron=1781193480.5644340515136718750000 HTTP/1.1" 200 31 "-" "WordPress/6.9; http://cqqizhou.com"
219.148.163.2 - - [11/Jun/2026:23:58:00 +0800] "GET / HTTP/1.0" 301 0 "-" "-"