144.76.32.239 - - [09/Jun/2026:04:57:52 +0800] "GET /news/2496 HTTP/1.1" 200 28609 "-" "Mozilla/5.0 (compatible; SERankingBacklinksBot/1.0; +https://seranking.com/backlinks-crawler)"
144.76.32.239 - - [09/Jun/2026:04:57:57 +0800] "GET /news/2514 HTTP/1.1" 200 24292 "-" "Mozilla/5.0 (compatible; SERankingBacklinksBot/1.0; +https://seranking.com/backlinks-crawler)"
144.76.32.239 - - [09/Jun/2026:04:58:02 +0800] "GET /news/2518 HTTP/1.1" 200 20947 "-" "Mozilla/5.0 (compatible; SERankingBacklinksBot/1.0; +https://seranking.com/backlinks-crawler)"
144.76.32.239 - - [09/Jun/2026:04:58:07 +0800] "GET /news/2527 HTTP/1.1" 200 25476 "-" "Mozilla/5.0 (compatible; SERankingBacklinksBot/1.0; +https://seranking.com/backlinks-crawler)"
36.133.115.36 - - [09/Jun/2026:04:58:12 +0800] "POST /wp-cron.php?doing_wp_cron=1780952292.5953350067138671875000 HTTP/1.1" 200 31 "-" "WordPress/6.9; http://cqqizhou.com"
144.76.32.239 - - [09/Jun/2026:04:58:12 +0800] "GET /news/2534 HTTP/1.1" 200 24731 "-" "Mozilla/5.0 (compatible; SERankingBacklinksBot/1.0; +https://seranking.com/backlinks-crawler)"
144.76.32.239 - - [09/Jun/2026:04:58:17 +0800] "GET /news/2535 HTTP/1.1" 200 20385 "-" "Mozilla/5.0 (compatible; SERankingBacklinksBot/1.0; +https://seranking.com/backlinks-crawler)"
144.76.32.239 - - [09/Jun/2026:04:58:21 +0800] "GET /news/2543 HTTP/1.1" 200 26088 "-" "Mozilla/5.0 (compatible; SERankingBacklinksBot/1.0; +https://seranking.com/backlinks-crawler)"
144.76.32.239 - - [09/Jun/2026:04:58:26 +0800] "GET /news/2547 HTTP/1.1" 200 25298 "-" "Mozilla/5.0 (compatible; SERankingBacklinksBot/1.0; +https://seranking.com/backlinks-crawler)"
144.76.32.239 - - [09/Jun/2026:04:58:31 +0800] "GET /news/2552 HTTP/1.1" 200 25909 "-" "Mozilla/5.0 (compatible; SERankingBacklinksBot/1.0; +https://seranking.com/backlinks-crawler)"
144.76.32.239 - - [09/Jun/2026:04:58:36 +0800] "GET /news/2559 HTTP/1.1" 200 20937 "-" "Mozilla/5.0 (compatible; SERankingBacklinksBot/1.0; +https://seranking.com/backlinks-crawler)"
144.76.32.239 - - [09/Jun/2026:04:58:40 +0800] "GET /news/2572 HTTP/1.1" 200 20183 "-" "Mozilla/5.0 (compatible; SERankingBacklinksBot/1.0; +https://seranking.com/backlinks-crawler)"
144.76.32.239 - - [09/Jun/2026:04:58:46 +0800] "GET /news/page/2 HTTP/1.1" 200 26549 "-" "Mozilla/5.0 (compatible; SERankingBacklinksBot/1.0; +https://seranking.com/backlinks-crawler)"
144.76.32.239 - - [09/Jun/2026:04:58:51 +0800] "GET /news/page/3 HTTP/1.1" 200 21118 "-" "Mozilla/5.0 (compatible; SERankingBacklinksBot/1.0; +https://seranking.com/backlinks-crawler)"
144.76.32.239 - - [09/Jun/2026:04:58:56 +0800] "GET /news/page/4 HTTP/1.1" 200 26127 "-" "Mozilla/5.0 (compatible; SERankingBacklinksBot/1.0; +https://seranking.com/backlinks-crawler)"
144.76.32.239 - - [09/Jun/2026:04:59:00 +0800] "GET /news/page/5 HTTP/1.1" 200 22320 "-" "Mozilla/5.0 (compatible; SERankingBacklinksBot/1.0; +https://seranking.com/backlinks-crawler)"
144.76.32.239 - - [09/Jun/2026:04:59:05 +0800] "GET /news/portfolio HTTP/1.1" 200 21183 "-" "Mozilla/5.0 (compatible; SERankingBacklinksBot/1.0; +https://seranking.com/backlinks-crawler)"
36.133.115.36 - - [09/Jun/2026:04:59:10 +0800] "POST /wp-cron.php?doing_wp_cron=1780952350.1309480667114257812500 HTTP/1.1" 200 31 "-" "WordPress/6.9; http://cqqizhou.com"
144.76.32.239 - - [09/Jun/2026:04:59:10 +0800] "GET /process/processing HTTP/1.1" 301 5 "-" "Mozilla/5.0 (compatible; SERankingBacklinksBot/1.0; +https://seranking.com/backlinks-crawler)"
144.76.32.239 - - [09/Jun/2026:04:59:10 +0800] "GET /services/processing HTTP/1.1" 200 23519 "-" "Mozilla/5.0 (compatible; SERankingBacklinksBot/1.0; +https://seranking.com/backlinks-crawler)"
144.76.32.239 - - [09/Jun/2026:04:59:14 +0800] "GET /company-news/page/2 HTTP/1.1" 200 26670 "-" "Mozilla/5.0 (compatible; SERankingBacklinksBot/1.0; +https://seranking.com/backlinks-crawler)"
144.76.32.239 - - [09/Jun/2026:04:59:18 +0800] "GET /company-news/page/3 HTTP/1.1" 200 23889 "-" "Mozilla/5.0 (compatible; SERankingBacklinksBot/1.0; +https://seranking.com/backlinks-crawler)"
144.76.32.239 - - [09/Jun/2026:04:59:23 +0800] "GET /news/portfolio-tag/pangang HTTP/1.1" 200 21654 "-" "Mozilla/5.0 (compatible; SERankingBacklinksBot/1.0; +https://seranking.com/backlinks-crawler)"
144.76.32.239 - - [09/Jun/2026:04:59:28 +0800] "GET /news/portfolio/pickled-coil HTTP/1.1" 200 22774 "-" "Mozilla/5.0 (compatible; SERankingBacklinksBot/1.0; +https://seranking.com/backlinks-crawler)"
144.76.32.239 - - [09/Jun/2026:04:59:33 +0800] "GET /news/portfolio-tag/ansteel-thyssen HTTP/1.1" 200 23061 "-" "Mozilla/5.0 (compatible; SERankingBacklinksBot/1.0; +https://seranking.com/backlinks-crawler)"
144.76.32.239 - - [09/Jun/2026:04:59:37 +0800] "GET /news/tag/%E5%8D%9A%E8%81%94%E8%BE%BE HTTP/1.1" 200 23718 "-" "Mozilla/5.0 (compatible; SERankingBacklinksBot/1.0; +https://seranking.com/backlinks-crawler)"
144.76.32.239 - - [09/Jun/2026:04:59:42 +0800] "GET /news/tag/%E8%B4%A2%E5%8A%A1%E9%83%A8 HTTP/1.1" 200 18544 "-" "Mozilla/5.0 (compatible; SERankingBacklinksBot/1.0; +https://seranking.com/backlinks-crawler)"
144.76.32.239 - - [09/Jun/2026:04:59:46 +0800] "GET /news/tag/%E5%90%AF%E8%88%9F%E7%AE%A1%E7%90%86 HTTP/1.1" 200 24031 "-" "Mozilla/5.0 (compatible; SERankingBacklinksBot/1.0; +https://seranking.com/backlinks-crawler)"
144.76.32.239 - - [09/Jun/2026:04:59:51 +0800] "GET /news/tag/%E6%B6%88%E9%98%B2%E5%AE%89%E5%85%A8 HTTP/1.1" 200 18458 "-" "Mozilla/5.0 (compatible; SERankingBacklinksBot/1.0; +https://seranking.com/backlinks-crawler)"
144.76.32.239 - - [09/Jun/2026:04:59:56 +0800] "GET /news/tag/%E5%AE%89%E5%85%A8%E7%94%9F%E4%BA%A7%E6%9C%88 HTTP/1.1" 200 21683 "-" "Mozilla/5.0 (compatible; SERankingBacklinksBot/1.0; +https://seranking.com/backlinks-crawler)"
144.76.32.239 - - [09/Jun/2026:05:00:00 +0800] "GET /news/tag/%E9%87%8D%E5%BA%86%E9%82%AE%E7%94%B5%E5%A4%A7%E5%AD%A6 HTTP/1.1" 200 18504 "-" "Mozilla/5.0 (compatible; SERankingBacklinksBot/1.0; +https://seranking.com/backlinks-crawler)"
36.133.115.36 - - [09/Jun/2026:05:16:37 +0800] "POST /wp-cron.php?doing_wp_cron=1780953396.9903130531311035156250 HTTP/1.1" 200 31 "-" "WordPress/6.9; http://cqqizhou.com"
43.153.123.4 - - [09/Jun/2026:05:16:37 +0800] "GET / HTTP/1.1" 301 5 "-" "Mozilla/5.0 (iPhone; CPU iPhone OS 13_2_3 like Mac OS X) AppleWebKit/605.1.15 (KHTML, like Gecko) Version/13.0.3 Mobile/15E148 Safari/604.1"
43.153.123.4 - - [09/Jun/2026:05:16:39 +0800] "GET / HTTP/1.1" 200 35195 "http://www.cqqizhou.com" "Mozilla/5.0 (iPhone; CPU iPhone OS 13_2_3 like Mac OS X) AppleWebKit/605.1.15 (KHTML, like Gecko) Version/13.0.3 Mobile/15E148 Safari/604.1"
36.133.115.36 - - [09/Jun/2026:05:43:25 +0800] "POST /wp-cron.php?doing_wp_cron=1780955004.9767699241638183593750 HTTP/1.1" 200 31 "-" "WordPress/6.9; http://cqqizhou.com"
205.210.31.79 - - [09/Jun/2026:05:43:25 +0800] "GET / HTTP/1.1" 200 35195 "-" "Hello from Palo Alto Networks, find out more about our scans in https://docs-cortex.paloaltonetworks.com/r/1/Cortex-Xpanse/Scanning-activity"
36.133.115.36 - - [09/Jun/2026:05:48:34 +0800] "POST /wp-cron.php?doing_wp_cron=1780955314.2067110538482666015625 HTTP/1.1" 200 31 "-" "WordPress/6.9; http://cqqizhou.com"
134.122.106.248 - - [09/Jun/2026:05:48:34 +0800] "GET / HTTP/1.1" 301 5 "-" "Mozilla/5.0 zgrab/0.x"
36.133.115.36 - - [09/Jun/2026:05:52:16 +0800] "POST /wp-cron.php?doing_wp_cron=1780955536.2802119255065917968750 HTTP/1.1" 200 31 "-" "WordPress/6.9; http://cqqizhou.com"
180.97.221.123 - - [09/Jun/2026:05:52:16 +0800] "POST /hello.world?%ADd+allow_url_include%3d1+%ADd+auto_prepend_file%3dphp://input HTTP/1.1" 404 32979 "-" "libredtail-http"
180.97.221.123 - - [09/Jun/2026:05:52:17 +0800] "POST /?%ADd+allow_url_include%3d1+%ADd+auto_prepend_file%3dphp://input HTTP/1.1" 200 158680 "-" "libredtail-http"
180.97.221.123 - - [09/Jun/2026:05:52:17 +0800] "GET /vendor/phpunit/phpunit/src/Util/PHP/eval-stdin.php HTTP/1.1" 404 27 "-" "libredtail-http"
180.97.221.123 - - [09/Jun/2026:05:52:17 +0800] "GET /vendor/phpunit/phpunit/Util/PHP/eval-stdin.php HTTP/1.1" 404 27 "-" "libredtail-http"
180.97.221.123 - - [09/Jun/2026:05:52:17 +0800] "GET /vendor/phpunit/src/Util/PHP/eval-stdin.php HTTP/1.1" 404 27 "-" "libredtail-http"
180.97.221.123 - - [09/Jun/2026:05:52:17 +0800] "GET /vendor/phpunit/Util/PHP/eval-stdin.php HTTP/1.1" 404 27 "-" "libredtail-http"
180.97.221.123 - - [09/Jun/2026:05:52:17 +0800] "GET /vendor/phpunit/phpunit/LICENSE/eval-stdin.php HTTP/1.1" 404 27 "-" "libredtail-http"
180.97.221.123 - - [09/Jun/2026:05:52:17 +0800] "GET /vendor/vendor/phpunit/phpunit/src/Util/PHP/eval-stdin.php HTTP/1.1" 404 27 "-" "libredtail-http"
180.97.221.123 - - [09/Jun/2026:05:52:17 +0800] "GET /phpunit/phpunit/src/Util/PHP/eval-stdin.php HTTP/1.1" 404 27 "-" "libredtail-http"
180.97.221.123 - - [09/Jun/2026:05:52:17 +0800] "GET /phpunit/phpunit/Util/PHP/eval-stdin.php HTTP/1.1" 404 27 "-" "libredtail-http"
180.97.221.123 - - [09/Jun/2026:05:52:17 +0800] "GET /phpunit/src/Util/PHP/eval-stdin.php HTTP/1.1" 404 27 "-" "libredtail-http"
180.97.221.123 - - [09/Jun/2026:05:52:17 +0800] "GET /phpunit/Util/PHP/eval-stdin.php HTTP/1.1" 404 27 "-" "libredtail-http"
180.97.221.123 - - [09/Jun/2026:05:52:17 +0800] "GET /lib/phpunit/phpunit/src/Util/PHP/eval-stdin.php HTTP/1.1" 404 27 "-" "libredtail-http"
180.97.221.123 - - [09/Jun/2026:05:52:18 +0800] "GET /lib/phpunit/phpunit/Util/PHP/eval-stdin.php HTTP/1.1" 404 27 "-" "libredtail-http"
180.97.221.123 - - [09/Jun/2026:05:52:18 +0800] "GET /lib/phpunit/src/Util/PHP/eval-stdin.php HTTP/1.1" 404 27 "-" "libredtail-http"
180.97.221.123 - - [09/Jun/2026:05:52:18 +0800] "GET /lib/phpunit/Util/PHP/eval-stdin.php HTTP/1.1" 404 27 "-" "libredtail-http"
180.97.221.123 - - [09/Jun/2026:05:52:18 +0800] "GET /lib/vendor/phpunit/phpunit/src/Util/PHP/eval-stdin.php HTTP/1.1" 404 27 "-" "libredtail-http"
180.97.221.123 - - [09/Jun/2026:05:52:18 +0800] "GET /laravel/vendor/phpunit/phpunit/src/Util/PHP/eval-stdin.php HTTP/1.1" 404 27 "-" "libredtail-http"
180.97.221.123 - - [09/Jun/2026:05:52:18 +0800] "GET /www/vendor/phpunit/phpunit/src/Util/PHP/eval-stdin.php HTTP/1.1" 404 27 "-" "libredtail-http"
180.97.221.123 - - [09/Jun/2026:05:52:18 +0800] "POST /hello.world?%ADd+allow_url_include%3d1+%ADd+auto_prepend_file%3dphp://input HTTP/1.1" 404 32979 "-" "libredtail-http"
180.97.221.123 - - [09/Jun/2026:05:52:18 +0800] "GET /ws/vendor/phpunit/phpunit/src/Util/PHP/eval-stdin.php HTTP/1.1" 404 27 "-" "libredtail-http"
180.97.221.123 - - [09/Jun/2026:05:52:18 +0800] "GET /yii/vendor/phpunit/phpunit/src/Util/PHP/eval-stdin.php HTTP/1.1" 404 27 "-" "libredtail-http"
180.97.221.123 - - [09/Jun/2026:05:52:18 +0800] "GET /zend/vendor/phpunit/phpunit/src/Util/PHP/eval-stdin.php HTTP/1.1" 404 27 "-" "libredtail-http"
180.97.221.123 - - [09/Jun/2026:05:52:18 +0800] "GET /ws/ec/vendor/phpunit/phpunit/src/Util/PHP/eval-stdin.php HTTP/1.1" 404 27 "-" "libredtail-http"
180.97.221.123 - - [09/Jun/2026:05:52:18 +0800] "GET /V2/vendor/phpunit/phpunit/src/Util/PHP/eval-stdin.php HTTP/1.1" 404 27 "-" "libredtail-http"
180.97.221.123 - - [09/Jun/2026:05:52:18 +0800] "GET /tests/vendor/phpunit/phpunit/src/Util/PHP/eval-stdin.php HTTP/1.1" 404 27 "-" "libredtail-http"
180.97.221.123 - - [09/Jun/2026:05:52:18 +0800] "GET /test/vendor/phpunit/phpunit/src/Util/PHP/eval-stdin.php HTTP/1.1" 404 27 "-" "libredtail-http"
180.97.221.123 - - [09/Jun/2026:05:52:19 +0800] "GET /testing/vendor/phpunit/phpunit/src/Util/PHP/eval-stdin.php HTTP/1.1" 404 27 "-" "libredtail-http"
180.97.221.123 - - [09/Jun/2026:05:52:19 +0800] "GET /api/vendor/phpunit/phpunit/src/Util/PHP/eval-stdin.php HTTP/1.1" 404 27 "-" "libredtail-http"
180.97.221.123 - - [09/Jun/2026:05:52:19 +0800] "GET /demo/vendor/phpunit/phpunit/src/Util/PHP/eval-stdin.php HTTP/1.1" 404 27 "-" "libredtail-http"
180.97.221.123 - - [09/Jun/2026:05:52:19 +0800] "GET /cms/vendor/phpunit/phpunit/src/Util/PHP/eval-stdin.php HTTP/1.1" 404 27 "-" "libredtail-http"
180.97.221.123 - - [09/Jun/2026:05:52:19 +0800] "GET /crm/vendor/phpunit/phpunit/src/Util/PHP/eval-stdin.php HTTP/1.1" 404 27 "-" "libredtail-http"
180.97.221.123 - - [09/Jun/2026:05:52:19 +0800] "GET /admin/vendor/phpunit/phpunit/src/Util/PHP/eval-stdin.php HTTP/1.1" 404 27 "-" "libredtail-http"
180.97.221.123 - - [09/Jun/2026:05:52:19 +0800] "GET /backup/vendor/phpunit/phpunit/src/Util/PHP/eval-stdin.php HTTP/1.1" 404 27 "-" "libredtail-http"
180.97.221.123 - - [09/Jun/2026:05:52:19 +0800] "GET /blog/vendor/phpunit/phpunit/src/Util/PHP/eval-stdin.php HTTP/1.1" 404 27 "-" "libredtail-http"
180.97.221.123 - - [09/Jun/2026:05:52:19 +0800] "GET /workspace/drupal/vendor/phpunit/phpunit/src/Util/PHP/eval-stdin.php HTTP/1.1" 404 27 "-" "libredtail-http"
180.97.221.123 - - [09/Jun/2026:05:52:19 +0800] "GET /panel/vendor/phpunit/phpunit/src/Util/PHP/eval-stdin.php HTTP/1.1" 404 27 "-" "libredtail-http"
180.97.221.123 - - [09/Jun/2026:05:52:19 +0800] "GET /public/vendor/phpunit/phpunit/src/Util/PHP/eval-stdin.php HTTP/1.1" 404 27 "-" "libredtail-http"
180.97.221.123 - - [09/Jun/2026:05:52:19 +0800] "GET /apps/vendor/phpunit/phpunit/src/Util/PHP/eval-stdin.php HTTP/1.1" 404 27 "-" "libredtail-http"
180.97.221.123 - - [09/Jun/2026:05:52:19 +0800] "GET /app/vendor/phpunit/phpunit/src/Util/PHP/eval-stdin.php HTTP/1.1" 404 27 "-" "libredtail-http"
180.97.221.123 - - [09/Jun/2026:05:52:19 +0800] "POST /?%ADd+allow_url_include%3d1+%ADd+auto_prepend_file%3dphp://input HTTP/1.1" 200 158680 "-" "libredtail-http"
180.97.221.123 - - [09/Jun/2026:05:52:20 +0800] "GET /vendor/phpunit/phpunit/src/Util/PHP/eval-stdin.php HTTP/1.1" 404 27 "-" "libredtail-http"
180.97.221.123 - - [09/Jun/2026:05:52:20 +0800] "GET /index.php?s=/index/\x5Cthink\x5Capp/invokefunction&function=call_user_func_array&vars[0]=md5&vars[1][]=Hello HTTP/1.1" 200 67770 "-" "libredtail-http"
180.97.221.123 - - [09/Jun/2026:05:52:20 +0800] "GET /public/index.php?s=/index/\x5Cthink\x5Capp/invokefunction&function=call_user_func_array&vars[0]=md5&vars[1][]=Hello HTTP/1.1" 404 27 "-" "libredtail-http"
180.97.221.123 - - [09/Jun/2026:05:52:21 +0800] "GET /vendor/phpunit/phpunit/Util/PHP/eval-stdin.php HTTP/1.1" 404 27 "-" "libredtail-http"
180.97.221.123 - - [09/Jun/2026:05:52:21 +0800] "GET /vendor/phpunit/src/Util/PHP/eval-stdin.php HTTP/1.1" 404 27 "-" "libredtail-http"
180.97.221.123 - - [09/Jun/2026:05:52:21 +0800] "GET /index.php?lang=../../../../../../../../usr/local/lib/php/pearcmd&+config-create+/&/<?echo(md5(\x22hi\x22));?>+/tmp/index1.php HTTP/1.1" 200 158680 "-" "libredtail-http"
180.97.221.123 - - [09/Jun/2026:05:52:22 +0800] "GET /vendor/phpunit/Util/PHP/eval-stdin.php HTTP/1.1" 404 27 "-" "libredtail-http"
180.97.221.123 - - [09/Jun/2026:05:52:22 +0800] "GET /vendor/phpunit/phpunit/LICENSE/eval-stdin.php HTTP/1.1" 404 27 "-" "libredtail-http"
180.97.221.123 - - [09/Jun/2026:05:52:23 +0800] "GET /index.php?lang=../../../../../../../../tmp/index1 HTTP/1.1" 200 158680 "-" "libredtail-http"
180.97.221.123 - - [09/Jun/2026:05:52:23 +0800] "GET /vendor/vendor/phpunit/phpunit/src/Util/PHP/eval-stdin.php HTTP/1.1" 404 27 "-" "libredtail-http"
180.97.221.123 - - [09/Jun/2026:05:52:23 +0800] "GET /containers/json HTTP/1.1" 301 5 "-" "libredtail-http"
180.97.221.123 - - [09/Jun/2026:05:52:24 +0800] "GET /phpunit/phpunit/src/Util/PHP/eval-stdin.php HTTP/1.1" 404 27 "-" "libredtail-http"
180.97.221.123 - - [09/Jun/2026:05:52:24 +0800] "GET /containers/json HTTP/1.1" 301 5 "-" "libredtail-http"
180.97.221.123 - - [09/Jun/2026:05:52:25 +0800] "GET /phpunit/phpunit/Util/PHP/eval-stdin.php HTTP/1.1" 404 27 "-" "libredtail-http"
180.97.221.123 - - [09/Jun/2026:05:52:25 +0800] "GET /phpunit/src/Util/PHP/eval-stdin.php HTTP/1.1" 404 27 "-" "libredtail-http"
180.97.221.123 - - [09/Jun/2026:05:52:26 +0800] "GET /phpunit/Util/PHP/eval-stdin.php HTTP/1.1" 404 27 "-" "libredtail-http"
180.97.221.123 - - [09/Jun/2026:05:52:26 +0800] "GET /lib/phpunit/phpunit/src/Util/PHP/eval-stdin.php HTTP/1.1" 404 27 "-" "libredtail-http"
180.97.221.123 - - [09/Jun/2026:05:52:27 +0800] "GET /lib/phpunit/phpunit/Util/PHP/eval-stdin.php HTTP/1.1" 404 27 "-" "libredtail-http"
180.97.221.123 - - [09/Jun/2026:05:52:28 +0800] "GET /lib/phpunit/src/Util/PHP/eval-stdin.php HTTP/1.1" 404 27 "-" "libredtail-http"
180.97.221.123 - - [09/Jun/2026:05:52:28 +0800] "GET /lib/phpunit/Util/PHP/eval-stdin.php HTTP/1.1" 404 27 "-" "libredtail-http"
180.97.221.123 - - [09/Jun/2026:05:52:29 +0800] "GET /lib/vendor/phpunit/phpunit/src/Util/PHP/eval-stdin.php HTTP/1.1" 404 27 "-" "libredtail-http"
180.97.221.123 - - [09/Jun/2026:05:52:30 +0800] "GET /laravel/vendor/phpunit/phpunit/src/Util/PHP/eval-stdin.php HTTP/1.1" 404 27 "-" "libredtail-http"
180.97.221.123 - - [09/Jun/2026:05:52:30 +0800] "GET /www/vendor/phpunit/phpunit/src/Util/PHP/eval-stdin.php HTTP/1.1" 404 27 "-" "libredtail-http"
180.97.221.123 - - [09/Jun/2026:05:52:31 +0800] "GET /ws/vendor/phpunit/phpunit/src/Util/PHP/eval-stdin.php HTTP/1.1" 404 27 "-" "libredtail-http"
180.97.221.123 - - [09/Jun/2026:05:52:31 +0800] "GET /yii/vendor/phpunit/phpunit/src/Util/PHP/eval-stdin.php HTTP/1.1" 404 27 "-" "libredtail-http"
180.97.221.123 - - [09/Jun/2026:05:52:32 +0800] "GET /zend/vendor/phpunit/phpunit/src/Util/PHP/eval-stdin.php HTTP/1.1" 404 27 "-" "libredtail-http"
180.97.221.123 - - [09/Jun/2026:05:52:33 +0800] "GET /ws/ec/vendor/phpunit/phpunit/src/Util/PHP/eval-stdin.php HTTP/1.1" 404 27 "-" "libredtail-http"
180.97.221.123 - - [09/Jun/2026:05:52:34 +0800] "GET /V2/vendor/phpunit/phpunit/src/Util/PHP/eval-stdin.php HTTP/1.1" 404 27 "-" "libredtail-http"
180.97.221.123 - - [09/Jun/2026:05:52:34 +0800] "GET /tests/vendor/phpunit/phpunit/src/Util/PHP/eval-stdin.php HTTP/1.1" 404 27 "-" "libredtail-http"
180.97.221.123 - - [09/Jun/2026:05:52:35 +0800] "GET /test/vendor/phpunit/phpunit/src/Util/PHP/eval-stdin.php HTTP/1.1" 404 27 "-" "libredtail-http"
180.97.221.123 - - [09/Jun/2026:05:52:36 +0800] "GET /testing/vendor/phpunit/phpunit/src/Util/PHP/eval-stdin.php HTTP/1.1" 404 27 "-" "libredtail-http"
180.97.221.123 - - [09/Jun/2026:05:52:36 +0800] "GET /api/vendor/phpunit/phpunit/src/Util/PHP/eval-stdin.php HTTP/1.1" 404 27 "-" "libredtail-http"
180.97.221.123 - - [09/Jun/2026:05:52:37 +0800] "GET /demo/vendor/phpunit/phpunit/src/Util/PHP/eval-stdin.php HTTP/1.1" 404 27 "-" "libredtail-http"
180.97.221.123 - - [09/Jun/2026:05:52:37 +0800] "GET /cms/vendor/phpunit/phpunit/src/Util/PHP/eval-stdin.php HTTP/1.1" 404 27 "-" "libredtail-http"
180.97.221.123 - - [09/Jun/2026:05:52:38 +0800] "GET /crm/vendor/phpunit/phpunit/src/Util/PHP/eval-stdin.php HTTP/1.1" 404 27 "-" "libredtail-http"
180.97.221.123 - - [09/Jun/2026:05:52:39 +0800] "GET /admin/vendor/phpunit/phpunit/src/Util/PHP/eval-stdin.php HTTP/1.1" 404 27 "-" "libredtail-http"
180.97.221.123 - - [09/Jun/2026:05:52:39 +0800] "GET /backup/vendor/phpunit/phpunit/src/Util/PHP/eval-stdin.php HTTP/1.1" 404 27 "-" "libredtail-http"
180.97.221.123 - - [09/Jun/2026:05:52:40 +0800] "GET /blog/vendor/phpunit/phpunit/src/Util/PHP/eval-stdin.php HTTP/1.1" 404 27 "-" "libredtail-http"
180.97.221.123 - - [09/Jun/2026:05:52:40 +0800] "GET /workspace/drupal/vendor/phpunit/phpunit/src/Util/PHP/eval-stdin.php HTTP/1.1" 404 27 "-" "libredtail-http"
180.97.221.123 - - [09/Jun/2026:05:52:41 +0800] "GET /panel/vendor/phpunit/phpunit/src/Util/PHP/eval-stdin.php HTTP/1.1" 404 27 "-" "libredtail-http"
180.97.221.123 - - [09/Jun/2026:05:52:42 +0800] "GET /public/vendor/phpunit/phpunit/src/Util/PHP/eval-stdin.php HTTP/1.1" 404 27 "-" "libredtail-http"
180.97.221.123 - - [09/Jun/2026:05:52:42 +0800] "GET /apps/vendor/phpunit/phpunit/src/Util/PHP/eval-stdin.php HTTP/1.1" 404 27 "-" "libredtail-http"
180.97.221.123 - - [09/Jun/2026:05:52:43 +0800] "GET /app/vendor/phpunit/phpunit/src/Util/PHP/eval-stdin.php HTTP/1.1" 404 27 "-" "libredtail-http"
180.97.221.123 - - [09/Jun/2026:05:52:44 +0800] "GET /index.php?s=/index/\x5Cthink\x5Capp/invokefunction&function=call_user_func_array&vars[0]=md5&vars[1][]=Hello HTTP/1.1" 200 67770 "-" "libredtail-http"
180.97.221.123 - - [09/Jun/2026:05:52:45 +0800] "GET /public/index.php?s=/index/\x5Cthink\x5Capp/invokefunction&function=call_user_func_array&vars[0]=md5&vars[1][]=Hello HTTP/1.1" 404 27 "-" "libredtail-http"
180.97.221.123 - - [09/Jun/2026:05:52:47 +0800] "GET /index.php?lang=../../../../../../../../usr/local/lib/php/pearcmd&+config-create+/&/<?echo(md5(\x22hi\x22));?>+/tmp/index1.php HTTP/1.1" 200 158680 "-" "libredtail-http"
180.97.221.123 - - [09/Jun/2026:05:52:49 +0800] "GET /index.php?lang=../../../../../../../../tmp/index1 HTTP/1.1" 200 158680 "-" "libredtail-http"
180.97.221.123 - - [09/Jun/2026:05:52:50 +0800] "GET /containers/json HTTP/1.1" 301 5 "-" "libredtail-http"
180.97.221.123 - - [09/Jun/2026:05:52:51 +0800] "GET /containers/json HTTP/1.1" 301 5 "-" "libredtail-http"
36.133.115.36 - - [09/Jun/2026:06:07:02 +0800] "POST /wp-cron.php?doing_wp_cron=1780956422.7619509696960449218750 HTTP/1.1" 200 31 "-" "WordPress/6.9; http://cqqizhou.com"
31.56.209.222 - - [09/Jun/2026:06:07:02 +0800] "GET / HTTP/1.1" 200 35195 "-" "Linux Gnu (cow)"
36.133.115.36 - - [09/Jun/2026:06:08:46 +0800] "POST /wp-cron.php?doing_wp_cron=1780956526.5941209793090820312500 HTTP/1.1" 200 31 "-" "WordPress/6.9; http://cqqizhou.com"
23.248.211.234 - - [09/Jun/2026:06:08:46 +0800] "GET / HTTP/1.1" 301 5 "-" "Go-http-client/1.1"
23.248.211.234 - - [09/Jun/2026:06:08:47 +0800] "GET / HTTP/1.1" 200 35637 "http://www.tu512.com/" "Go-http-client/1.1"
61.155.157.18 - - [09/Jun/2026:06:16:12 +0800] "GET / HTTP/1.1" 200 35637 "-" "Mozilla/5.0 (Windows NT 10.0; Win64; x64) AppleWebKit/537.36 (KHTML, like Gecko) Chrome/114.0.0.0 Safari/537.36"
36.133.115.36 - - [09/Jun/2026:06:16:27 +0800] "POST /wp-cron.php?doing_wp_cron=1780956987.0176129341125488281250 HTTP/1.1" 200 31 "-" "WordPress/6.9; http://cqqizhou.com"
156.245.205.34 - - [09/Jun/2026:06:16:27 +0800] "GET / HTTP/1.1" 301 5 "-" "Mozilla/5.0 (Windows NT 10.0; Win64; x64) AppleWebKit/537.36 (KHTML, like Gecko) Chrome/97.0.4280.67 Safari/537.36 Edg/97.0.664.52"
156.245.205.34 - - [09/Jun/2026:06:16:30 +0800] "GET / HTTP/1.1" 200 35637 "-" "Mozilla/5.0 (Windows NT 10.0; Win64; x64) AppleWebKit/537.36 (KHTML, like Gecko) Chrome/97.0.4280.67 Safari/537.36 Edg/97.0.664.52"
117.90.144.254 - - [09/Jun/2026:06:19:14 +0800] "GET /wp-content/uploads/2025/11/1762864370-QZ_Photo-1.webp HTTP/1.1" 200 162970 "-" "Mozilla/5.0 (Macintosh; Intel Mac OS X 10_15_7) AppleWebKit/537.36 (KHTML, like Gecko) Chrome/145.0.0.0 Safari/537.36"
114.231.233.132 - - [09/Jun/2026:06:19:16 +0800] "GET /wp-content/uploads/2025/07/1750649186-qizhou1920x1080_3.webp HTTP/1.1" 200 134070 "-" "Mozilla/5.0 (Macintosh; Intel Mac OS X 10_15_7) AppleWebKit/537.36 (KHTML, like Gecko) Chrome/147.0.0.0 Safari/537.36"
182.34.33.148 - - [09/Jun/2026:06:19:19 +0800] "GET /company-news HTTP/1.1" 200 26293 "-" "Mozilla/5.0 (Macintosh; Intel Mac OS X 10_15_7) AppleWebKit/537.36 (KHTML, like Gecko) Chrome/147.0.0.0 Safari/537.36"
36.133.115.36 - - [09/Jun/2026:06:56:55 +0800] "POST /wp-cron.php?doing_wp_cron=1780959415.8393619060516357421875 HTTP/1.1" 200 31 "-" "WordPress/6.9; http://cqqizhou.com"
31.59.160.12 - - [09/Jun/2026:06:56:55 +0800] "GET /SDK/webLanguage HTTP/1.1" 301 5 "-" "Mozilla/5.0"
23.81.34.242 - - [09/Jun/2026:07:04:45 +0800] "GET / HTTP/1.1" 200 35637 "-" "Mozilla/5.0 (Windows NT 11.0; Win64; x64) AppleWebKit/537.36 (KHTML, like Gecko) Chrome/134.0.6998.166 Safari/537.36"
36.133.115.36 - - [09/Jun/2026:07:18:50 +0800] "POST /wp-cron.php?doing_wp_cron=1780960730.6688210964202880859375 HTTP/1.1" 200 31 "-" "WordPress/6.9; http://cqqizhou.com"
5.61.209.96 - - [09/Jun/2026:07:18:50 +0800] "GET /SDK/webLanguage HTTP/1.1" 301 5 "-" "Mozilla/5.0 (Windows NT 10.0; Win64; x64) AppleWebKit/537.36 (KHTML, like Gecko) Chrome/90.0.4430.85 Safari/537.36 Edg/90.0.818.46"
116.132.255.214 - - [09/Jun/2026:08:08:04 +0800] "GET /news/2588 HTTP/1.1" 200 24977 "-" "YisouSpider"
36.133.115.36 - - [09/Jun/2026:08:08:54 +0800] "POST /wp-cron.php?doing_wp_cron=1780963734.8987560272216796875000 HTTP/1.1" 200 31 "-" "WordPress/6.9; http://cqqizhou.com"
123.182.48.66 - - [09/Jun/2026:08:08:54 +0800] "GET /news/2588 HTTP/1.1" 200 20939 "-" "Mozilla/5.0 (iPhone; CPU iPhone OS 16_3 like Mac OS X) AppleWebKit/605.1.15 (KHTML, like Gecko) Version/16.2 Mobile/15E148 YisouSpider/5.0 Safari/604.1"
36.133.115.36 - - [09/Jun/2026:08:19:24 +0800] "POST /wp-cron.php?doing_wp_cron=1780964364.8509750366210937500000 HTTP/1.1" 200 31 "-" "WordPress/6.9; http://cqqizhou.com"
110.249.201.103 - - [09/Jun/2026:08:19:24 +0800] "GET /robots.txt HTTP/1.1" 200 190 "-" "Mozilla/5.0 (Linux; Android 5.0) AppleWebKit/537.36 (KHTML, like Gecko) Mobile Safari/537.36 (compatible; Bytespider; https://zhanzhang.toutiao.com/)"
36.133.115.36 - - [09/Jun/2026:08:30:45 +0800] "POST /wp-cron.php?doing_wp_cron=1780965045.3915259838104248046875 HTTP/1.1" 200 31 "-" "WordPress/6.9; http://cqqizhou.com"
36.133.108.121 - - [09/Jun/2026:08:30:45 +0800] "HEAD /manager/html HTTP/1.1" 404 0 "-" "Opera/9.80 (Windows NT 6.1; U; zh-tw) Presto/2.7.62 Version/11.01"
142.111.95.205 - - [09/Jun/2026:09:06:44 +0800] "GET /wp-content/uploads/2025/07/1753454299-Article_images_W900px-768x432.webp HTTP/1.1" 200 53850 "-" "Mozilla/5.0 (compatible; crawler)"
36.133.115.36 - - [09/Jun/2026:09:32:39 +0800] "POST /wp-cron.php?doing_wp_cron=1780968759.3770170211791992187500 HTTP/1.1" 200 31 "-" "WordPress/6.9; http://cqqizhou.com"
106.52.49.148 - - [09/Jun/2026:09:32:39 +0800] "GET / HTTP/1.1" 301 5 "-" "Mozilla/5.0 (iPhone; CPU iPhone OS 13_2_3 like Mac OS X) AppleWebKit/605.1.15 (KHTML, like Gecko) Version/13.0.3 Mobile/15E148 Safari/604.1"
106.52.49.148 - - [09/Jun/2026:09:32:40 +0800] "GET / HTTP/1.1" 200 35195 "http://www.cqqizhou.com" "Mozilla/5.0 (iPhone; CPU iPhone OS 13_2_3 like Mac OS X) AppleWebKit/605.1.15 (KHTML, like Gecko) Version/13.0.3 Mobile/15E148 Safari/604.1"
36.133.115.36 - - [09/Jun/2026:09:33:48 +0800] "POST /wp-cron.php?doing_wp_cron=1780968828.8139851093292236328125 HTTP/1.1" 200 31 "-" "WordPress/6.9; http://cqqizhou.com"
119.84.246.117 - - [09/Jun/2026:09:33:48 +0800] "GET / HTTP/1.1" 301 5 "-" "-"
119.84.246.117 - - [09/Jun/2026:09:33:49 +0800] "GET / HTTP/1.1" 200 160339 "-" "-"
119.84.246.117 - - [09/Jun/2026:09:33:50 +0800] "GET / HTTP/1.1" 301 5 "-" "Mozilla/5.0 (Windows NT 6.1; WOW64; rv:13.0) Gecko/20100101 Firefox/13.0.1"
119.84.246.117 - - [09/Jun/2026:09:33:50 +0800] "GET / HTTP/1.1" 200 35637 "-" "Mozilla/5.0 (Windows NT 6.1; WOW64; rv:13.0) Gecko/20100101 Firefox/13.0.1"
119.84.246.117 - - [09/Jun/2026:09:33:51 +0800] "GET /wp-content/uploads/2025/07/1753453096-%E5%8F%8C%E7%9B%B8%E9%92%A2product_Single600%C3%97284.webp HTTP/1.1" 200 14562 "http://cqqizhou.com/" "Mozilla/5.0 (Windows NT 6.1; WOW64; rv:13.0) Gecko/20100101 Firefox/13.0.1"
119.84.246.117 - - [09/Jun/2026:09:33:51 +0800] "GET /wp-content/uploads/2025/07/1751425283-qizhou.kf_.qq_.com_.webp HTTP/1.1" 200 16864 "http://cqqizhou.com/" "Mozilla/5.0 (Windows NT 6.1; WOW64; rv:13.0) Gecko/20100101 Firefox/13.0.1"
119.84.246.117 - - [09/Jun/2026:09:33:51 +0800] "GET /wp-content/uploads/2025/07/1753456723-%E5%8F%8C%E7%9B%B8%E9%92%A2roduct_Single600.webp HTTP/1.1" 200 22790 "http://cqqizhou.com/" "Mozilla/5.0 (Windows NT 6.1; WOW64; rv:13.0) Gecko/20100101 Firefox/13.0.1"
119.84.246.117 - - [09/Jun/2026:09:33:51 +0800] "GET /wp-content/uploads/2025/07/1753456770-%E7%83%AD%E9%95%80%E9%94%8C%E5%8D%B7product_Single600.webp HTTP/1.1" 200 27502 "http://cqqizhou.com/" "Mozilla/5.0 (Windows NT 6.1; WOW64; rv:13.0) Gecko/20100101 Firefox/13.0.1"
119.84.246.117 - - [09/Jun/2026:09:33:51 +0800] "GET /wp-content/uploads/2025/07/1753453127-%E4%BD%99%E5%8D%B7product_Single600%C3%97284.webp HTTP/1.1" 200 18744 "http://cqqizhou.com/" "Mozilla/5.0 (Windows NT 6.1; WOW64; rv:13.0) Gecko/20100101 Firefox/13.0.1"
119.84.246.117 - - [09/Jun/2026:09:33:51 +0800] "GET /wp-content/uploads/2026/05/1779957408-1Article_images_W900px.webp HTTP/1.1" 200 36526 "http://cqqizhou.com/" "Mozilla/5.0 (Windows NT 6.1; WOW64; rv:13.0) Gecko/20100101 Firefox/13.0.1"
119.84.246.117 - - [09/Jun/2026:09:33:51 +0800] "GET /wp-content/uploads/2026/06/1780363378-1Article_images_W900px.webp HTTP/1.1" 200 62100 "http://cqqizhou.com/" "Mozilla/5.0 (Windows NT 6.1; WOW64; rv:13.0) Gecko/20100101 Firefox/13.0.1"
119.84.246.117 - - [09/Jun/2026:09:33:51 +0800] "GET /wp-content/uploads/2026/06/1780362799-1Article_images_W900px.webp HTTP/1.1" 200 61690 "http://cqqizhou.com/" "Mozilla/5.0 (Windows NT 6.1; WOW64; rv:13.0) Gecko/20100101 Firefox/13.0.1"
119.84.246.117 - - [09/Jun/2026:09:33:51 +0800] "GET /wp-content/uploads/2026/05/1779925245-Article_images_W900px.webp HTTP/1.1" 200 27996 "http://cqqizhou.com/" "Mozilla/5.0 (Windows NT 6.1; WOW64; rv:13.0) Gecko/20100101 Firefox/13.0.1"
119.84.246.117 - - [09/Jun/2026:09:33:51 +0800] "GET /wp-content/uploads/2026/05/1779328461-1Article_images_W900px.webp HTTP/1.1" 200 37908 "http://cqqizhou.com/" "Mozilla/5.0 (Windows NT 6.1; WOW64; rv:13.0) Gecko/20100101 Firefox/13.0.1"
36.133.115.36 - - [09/Jun/2026:09:36:27 +0800] "POST /wp-cron.php?doing_wp_cron=1780968987.6660580635070800781250 HTTP/1.1" 200 31 "-" "WordPress/6.9; http://cqqizhou.com"
114.119.153.91 - - [09/Jun/2026:09:36:27 +0800] "GET /wp-sitemap.xml HTTP/1.1" 501 253 "-" "Mozilla/5.0 (Linux; Android 7.0;) AppleWebKit/537.36 (KHTML, like Gecko) Mobile Safari/537.36 (compatible; PetalBot;+https://webmaster.petalsearch.com/site/petalbot)"
36.133.115.36 - - [09/Jun/2026:09:42:05 +0800] "POST /wp-cron.php?doing_wp_cron=1780969325.9111149311065673828125 HTTP/1.1" 200 31 "-" "WordPress/6.9; http://cqqizhou.com"
114.119.134.152 - - [09/Jun/2026:09:42:05 +0800] "GET /wp-sitemap.xml HTTP/1.1" 501 253 "-" "Mozilla/5.0 (Linux; Android 7.0;) AppleWebKit/537.36 (KHTML, like Gecko) Mobile Safari/537.36 (compatible; PetalBot;+https://webmaster.petalsearch.com/site/petalbot)"
36.133.115.36 - - [09/Jun/2026:09:51:35 +0800] "POST /wp-cron.php?doing_wp_cron=1780969895.7192010879516601562500 HTTP/1.1" 200 31 "-" "WordPress/6.9; http://cqqizhou.com"
220.181.108.145 - - [09/Jun/2026:09:51:35 +0800] "GET /2231/ HTTP/1.1" 301 5 "-" "Mozilla/5.0 (compatible; Baiduspider/2.0; +http://www.baidu.com/search/spider.html)"
220.181.108.82 - - [09/Jun/2026:09:51:36 +0800] "GET /news/2231 HTTP/1.1" 200 24131 "-" "Mozilla/5.0 (compatible; Baiduspider/2.0; +http://www.baidu.com/search/spider.html)"
106.51.24.30 - - [09/Jun/2026:10:03:35 +0800] "GET http://cqqizhou.com/news/2418 HTTP/1.1" 200 27927 "-" "Mozilla/5.0 (Windows NT 10.0; Win64; x64) AppleWebKit/537.36 (KHTML, like Gecko) Chrome/117.0.0.0 Safari/537.36"
39.98.37.113 - - [09/Jun/2026:10:13:42 +0800] "GET / HTTP/1.1" 499 0 "-" "curl/7.78.0"
36.133.115.36 - - [09/Jun/2026:10:13:42 +0800] "POST /wp-cron.php?doing_wp_cron=1780971222.8229789733886718750000 HTTP/1.1" 200 31 "-" "WordPress/6.9; http://cqqizhou.com"
36.133.115.36 - - [09/Jun/2026:10:17:51 +0800] "POST /wp-cron.php?doing_wp_cron=1780971471.5620589256286621093750 HTTP/1.1" 200 31 "-" "WordPress/6.9; http://cqqizhou.com"
157.245.142.175 - - [09/Jun/2026:10:17:51 +0800] "GET / HTTP/1.1" 301 5 "-" "Mozilla/5.0 zgrab/0.x"
36.133.115.36 - - [09/Jun/2026:10:21:00 +0800] "POST /wp-cron.php?doing_wp_cron=1780971660.9220840930938720703125 HTTP/1.1" 200 31 "-" "WordPress/6.9; http://cqqizhou.com"
61.155.157.8 - - [09/Jun/2026:10:21:00 +0800] "GET / HTTP/1.1" 301 5 "-" "Mozilla/5.0 (Windows NT 10.0; Win64; x64) AppleWebKit/537.36 (KHTML, like Gecko) Chrome/114.0.0.0 Safari/537.36"
36.133.115.36 - - [09/Jun/2026:10:33:37 +0800] "POST /wp-cron.php?doing_wp_cron=1780972417.3570270538330078125000 HTTP/1.1" 200 31 "-" "WordPress/6.9; http://cqqizhou.com"
116.132.236.204 - - [09/Jun/2026:10:33:37 +0800] "GET /news/2588 HTTP/1.1" 200 20939 "-" "Mozilla/5.0 (iPhone; CPU iPhone OS 16_3 like Mac OS X) AppleWebKit/605.1.15 (KHTML, like Gecko) Version/16.2 Mobile/15E148 YisouSpider/5.0 Safari/604.1"
34.79.28.188 - - [09/Jun/2026:10:33:52 +0800] "GET / HTTP/1.1" 200 35195 "-" "Mozilla/5.0 (Windows NT 10.0; Win64; x64) AppleWebKit/537.36 (KHTML, like Gecko) Chrome/127.0.0.0 Safari/537.36"
34.76.232.120 - - [09/Jun/2026:10:34:02 +0800] "OPTIONS / HTTP/1.1" 405 150 "-" "Mozilla/5.0 (compatible)"
34.76.232.120 - - [09/Jun/2026:10:34:03 +0800] "NDAH / HTTP/1.1" 405 150 "-" "Mozilla/5.0 (compatible)"
34.76.232.120 - - [09/Jun/2026:10:34:03 +0800] "GET / HTTP/1.1" 301 5 "-" "Mozilla/5.0 (compatible)"
34.76.232.120 - - [09/Jun/2026:10:34:04 +0800] "GET / HTTP/1.1" 301 5 "-" "Mozilla/5.0 (compatible)"
34.76.232.120 - - [09/Jun/2026:10:34:05 +0800] "HEAD / HTTP/1.1" 301 0 "-" "Mozilla/5.0 (compatible)"
34.76.232.120 - - [09/Jun/2026:10:34:07 +0800] "POST / HTTP/1.1" 200 158680 "-" "Mozilla/5.0 (compatible)"
34.76.232.120 - - [09/Jun/2026:10:34:08 +0800] "OPTIONS / HTTP/1.1" 405 150 "-" "Mozilla/5.0 (compatible)"
180.111.30.13 - - [09/Jun/2026:10:37:43 +0800] "GET /news/2588 HTTP/1.1" 200 24977 "-" "Mozilla/5.0 (Windows NT 10.0; WOW64) AppleWebKit/537.36 (KHTML, like Gecko) Chrome/131.0.0.0 Safari/537.36 QIHU 360SE"
36.133.115.36 - - [09/Jun/2026:10:56:15 +0800] "POST /wp-cron.php?doing_wp_cron=1780973775.9405360221862792968750 HTTP/1.1" 200 31 "-" "WordPress/6.9; http://cqqizhou.com"
114.119.145.102 - - [09/Jun/2026:10:56:15 +0800] "GET /wp-sitemap.xml HTTP/1.1" 501 253 "-" "Mozilla/5.0 (Linux; Android 7.0;) AppleWebKit/537.36 (KHTML, like Gecko) Mobile Safari/537.36 (compatible; PetalBot;+https://webmaster.petalsearch.com/site/petalbot)"
36.133.115.36 - - [09/Jun/2026:11:04:53 +0800] "POST /wp-cron.php?doing_wp_cron=1780974293.8426449298858642578125 HTTP/1.1" 200 31 "-" "WordPress/6.9; http://cqqizhou.com"
43.155.27.244 - - [09/Jun/2026:11:04:53 +0800] "GET / HTTP/1.1" 200 35195 "-" "Mozilla/5.0 (iPhone; CPU iPhone OS 13_2_3 like Mac OS X) AppleWebKit/605.1.15 (KHTML, like Gecko) Version/13.0.3 Mobile/15E148 Safari/604.1"
106.8.137.216 - - [09/Jun/2026:11:37:27 +0800] "GET /news/2588 HTTP/1.1" 200 24977 "-" "YisouSpider"
106.111.209.19 - - [09/Jun/2026:11:43:05 +0800] "GET /news/2588 HTTP/1.1" 200 24977 "-" "Mozilla/5.0 (Windows NT 10.0; Win64; x64) AppleWebKit/537.36 (KHTML, like Gecko) Chrome/111.0.0.0 Safari/537.36"
36.133.115.36 - - [09/Jun/2026:11:43:15 +0800] "POST /wp-cron.php?doing_wp_cron=1780976595.1704890727996826171875 HTTP/1.1" 200 31 "-" "WordPress/6.9; http://cqqizhou.com"
106.8.130.203 - - [09/Jun/2026:11:43:15 +0800] "GET / HTTP/1.1" 200 35195 "-" "Mozilla/5.0 (iPhone; CPU iPhone OS 16_3 like Mac OS X) AppleWebKit/605.1.15 (KHTML, like Gecko) Version/16.2 Mobile/15E148 YisouSpider/5.0 Safari/604.1"
116.132.254.247 - - [09/Jun/2026:11:43:29 +0800] "GET / HTTP/1.1" 200 35637 "-" "YisouSpider"
183.241.237.221 - - [09/Jun/2026:11:43:33 +0800] "GET /news/2588 HTTP/1.1" 200 24977 "-" "Mozilla/5.0 (Windows NT 10.0; Win64; x64) AppleWebKit/537.36 (KHTML, like Gecko) Chrome/142.0.0.0 Safari/537.36"
120.244.129.154 - - [09/Jun/2026:11:43:33 +0800] "GET /wp-content/uploads/2026/06/1780362799-1Article_images_W900px.webp HTTP/1.1" 200 61690 "http://cqqizhou.com/news/2588" "Mozilla/5.0 (Windows NT 10.0; Win64; x64) AppleWebKit/537.36 (KHTML, like Gecko) Chrome/142.0.0.0 Safari/537.36"
120.244.128.151 - - [09/Jun/2026:11:43:33 +0800] "GET /wp-content/uploads/2026/06/1780362797-2Article_images_W900px.webp HTTP/1.1" 200 40028 "http://cqqizhou.com/news/2588" "Mozilla/5.0 (Windows NT 10.0; Win64; x64) AppleWebKit/537.36 (KHTML, like Gecko) Chrome/142.0.0.0 Safari/537.36"
183.241.237.221 - - [09/Jun/2026:11:43:33 +0800] "GET /wp-content/uploads/2026/05/1779957408-1Article_images_W900px.webp HTTP/1.1" 200 36526 "http://cqqizhou.com/news/2588" "Mozilla/5.0 (Windows NT 10.0; Win64; x64) AppleWebKit/537.36 (KHTML, like Gecko) Chrome/142.0.0.0 Safari/537.36"
120.244.129.154 - - [09/Jun/2026:11:43:33 +0800] "GET /wp-content/uploads/2026/05/1779925245-Article_images_W900px.webp HTTP/1.1" 200 27996 "http://cqqizhou.com/news/2588" "Mozilla/5.0 (Windows NT 10.0; Win64; x64) AppleWebKit/537.36 (KHTML, like Gecko) Chrome/142.0.0.0 Safari/537.36"
120.244.129.154 - - [09/Jun/2026:11:43:33 +0800] "GET /wp-content/uploads/2025/07/1751425283-qizhou.kf_.qq_.com_.webp HTTP/1.1" 200 16864 "http://cqqizhou.com/news/2588" "Mozilla/5.0 (Windows NT 10.0; Win64; x64) AppleWebKit/537.36 (KHTML, like Gecko) Chrome/142.0.0.0 Safari/537.36"
120.244.128.148 - - [09/Jun/2026:11:43:34 +0800] "GET /wp-content/uploads/2025/07/1753410289-News2000%C3%97400_202571.webp HTTP/1.1" 200 17830 "http://cqqizhou.com/news/2588" "Mozilla/5.0 (Windows NT 10.0; Win64; x64) AppleWebKit/537.36 (KHTML, like Gecko) Chrome/142.0.0.0 Safari/537.36"
120.244.128.148 - - [09/Jun/2026:11:43:46 +0800] "POST /wp-admin/admin-ajax.php HTTP/1.1" 499 0 "http://cqqizhou.com/news/2588" "Mozilla/5.0 (Windows NT 10.0; Win64; x64) AppleWebKit/537.36 (KHTML, like Gecko) Chrome/142.0.0.0 Safari/537.36"
36.133.115.36 - - [09/Jun/2026:11:58:12 +0800] "POST /wp-cron.php?doing_wp_cron=1780977492.2541348934173583984375 HTTP/1.1" 200 31 "-" "WordPress/6.9; http://cqqizhou.com"
205.169.39.3 - - [09/Jun/2026:11:58:12 +0800] "GET / HTTP/1.1" 301 5 "-" "Mozilla/5.0 (Windows NT 10.0; Win64; x64) AppleWebKit/537.36 (KHTML, like Gecko) Chrome/117.0.5938.132 Safari/537.36"
205.169.39.3 - - [09/Jun/2026:11:58:13 +0800] "GET / HTTP/1.1" 200 35637 "-" "Mozilla/5.0 (Windows NT 10.0; Win64; x64) AppleWebKit/537.36 (KHTML, like Gecko) Chrome/117.0.5938.132 Safari/537.36"
205.169.39.3 - - [09/Jun/2026:11:58:15 +0800] "GET /wp-content/uploads/2025/07/1751425283-qizhou.kf_.qq_.com_.webp HTTP/1.1" 200 16864 "http://cqqizhou.com/" "Mozilla/5.0 (Windows NT 10.0; Win64; x64) AppleWebKit/537.36 (KHTML, like Gecko) Chrome/117.0.5938.132 Safari/537.36"
205.169.39.3 - - [09/Jun/2026:11:58:17 +0800] "GET /wp-content/uploads/2025/07/1750174127-Marketing1920x800_3.webp HTTP/1.1" 200 52790 "http://cqqizhou.com/wp-content/uploads/elementor/css/post-1666.css?ver=1778295900" "Mozilla/5.0 (Windows NT 10.0; Win64; x64) AppleWebKit/537.36 (KHTML, like Gecko) Chrome/117.0.5938.132 Safari/537.36"
205.169.39.3 - - [09/Jun/2026:11:58:19 +0800] "GET /wp-content/uploads/2026/05/1779957408-1Article_images_W900px.webp HTTP/1.1" 200 36526 "http://cqqizhou.com/" "Mozilla/5.0 (Windows NT 10.0; Win64; x64) AppleWebKit/537.36 (KHTML, like Gecko) Chrome/117.0.5938.132 Safari/537.36"
205.169.39.3 - - [09/Jun/2026:11:58:19 +0800] "GET /wp-content/uploads/2026/05/1779925245-Article_images_W900px.webp HTTP/1.1" 200 27996 "http://cqqizhou.com/" "Mozilla/5.0 (Windows NT 10.0; Win64; x64) AppleWebKit/537.36 (KHTML, like Gecko) Chrome/117.0.5938.132 Safari/537.36"
205.169.39.3 - - [09/Jun/2026:11:58:19 +0800] "GET /wp-content/uploads/2026/06/1780363378-1Article_images_W900px.webp HTTP/1.1" 200 62100 "http://cqqizhou.com/" "Mozilla/5.0 (Windows NT 10.0; Win64; x64) AppleWebKit/537.36 (KHTML, like Gecko) Chrome/117.0.5938.132 Safari/537.36"
205.169.39.3 - - [09/Jun/2026:11:58:19 +0800] "GET /wp-content/uploads/2026/06/1780362799-1Article_images_W900px.webp HTTP/1.1" 200 61690 "http://cqqizhou.com/" "Mozilla/5.0 (Windows NT 10.0; Win64; x64) AppleWebKit/537.36 (KHTML, like Gecko) Chrome/117.0.5938.132 Safari/537.36"
205.169.39.3 - - [09/Jun/2026:11:58:20 +0800] "GET /wp-content/uploads/2026/05/1779328461-1Article_images_W900px.webp HTTP/1.1" 200 37908 "http://cqqizhou.com/" "Mozilla/5.0 (Windows NT 10.0; Win64; x64) AppleWebKit/537.36 (KHTML, like Gecko) Chrome/117.0.5938.132 Safari/537.36"
205.169.39.3 - - [09/Jun/2026:11:58:20 +0800] "GET /wp-content/uploads/2025/12/1765268955-qizhou_Slider1_3840%C3%972160_20251210-scaled.webp HTTP/1.1" 200 152162 "http://cqqizhou.com/" "Mozilla/5.0 (Windows NT 10.0; Win64; x64) AppleWebKit/537.36 (KHTML, like Gecko) Chrome/117.0.5938.132 Safari/537.36"
205.169.39.3 - - [09/Jun/2026:11:58:21 +0800] "GET /wp-content/uploads/2025/07/1753453127-%E4%BD%99%E5%8D%B7product_Single600%C3%97284.webp HTTP/1.1" 200 18744 "http://cqqizhou.com/" "Mozilla/5.0 (Windows NT 10.0; Win64; x64) AppleWebKit/537.36 (KHTML, like Gecko) Chrome/117.0.5938.132 Safari/537.36"
205.169.39.3 - - [09/Jun/2026:11:58:21 +0800] "GET /wp-content/uploads/2025/07/1753453096-%E5%8F%8C%E7%9B%B8%E9%92%A2product_Single600%C3%97284.webp HTTP/1.1" 200 14562 "http://cqqizhou.com/" "Mozilla/5.0 (Windows NT 10.0; Win64; x64) AppleWebKit/537.36 (KHTML, like Gecko) Chrome/117.0.5938.132 Safari/537.36"
205.169.39.3 - - [09/Jun/2026:11:58:21 +0800] "GET /wp-content/uploads/revslider/slider-1/1750861156-logistics_Slider_3840%C3%972160_20250625191356-scaled-50x100.webp HTTP/1.1" 200 1416 "http://cqqizhou.com/" "Mozilla/5.0 (Windows NT 10.0; Win64; x64) AppleWebKit/537.36 (KHTML, like Gecko) Chrome/117.0.5938.132 Safari/537.36"
205.169.39.3 - - [09/Jun/2026:11:58:21 +0800] "GET /wp-content/uploads/2026/01/1768276119-qizhoujiagong_Slider_3840%C3%972160_20260113-scaled-50x100.webp HTTP/1.1" 200 976 "http://cqqizhou.com/" "Mozilla/5.0 (Windows NT 10.0; Win64; x64) AppleWebKit/537.36 (KHTML, like Gecko) Chrome/117.0.5938.132 Safari/537.36"
205.169.39.3 - - [09/Jun/2026:11:58:21 +0800] "GET /wp-content/uploads/revslider/slider-1/1750861156-logistics_Slider_3840%C3%972160_20250625191356-scaled-50x100.webp HTTP/1.1" 200 1416 "http://cqqizhou.com/" "Mozilla/5.0 (Windows NT 10.0; Win64; x64) AppleWebKit/537.36 (KHTML, like Gecko) Chrome/117.0.5938.132 Safari/537.36"
205.169.39.3 - - [09/Jun/2026:11:58:21 +0800] "GET /wp-content/uploads/2025/07/1753456770-%E7%83%AD%E9%95%80%E9%94%8C%E5%8D%B7product_Single600.webp HTTP/1.1" 200 27502 "http://cqqizhou.com/" "Mozilla/5.0 (Windows NT 10.0; Win64; x64) AppleWebKit/537.36 (KHTML, like Gecko) Chrome/117.0.5938.132 Safari/537.36"
205.169.39.3 - - [09/Jun/2026:11:58:21 +0800] "GET /wp-content/uploads/2025/07/1753456723-%E5%8F%8C%E7%9B%B8%E9%92%A2roduct_Single600.webp HTTP/1.1" 200 22790 "http://cqqizhou.com/" "Mozilla/5.0 (Windows NT 10.0; Win64; x64) AppleWebKit/537.36 (KHTML, like Gecko) Chrome/117.0.5938.132 Safari/537.36"
205.169.39.3 - - [09/Jun/2026:11:58:21 +0800] "GET /wp-content/uploads/2026/01/1768276119-qizhoujiagong_Slider_3840%C3%972160_20260113-scaled-50x100.webp HTTP/1.1" 200 976 "http://cqqizhou.com/" "Mozilla/5.0 (Windows NT 10.0; Win64; x64) AppleWebKit/537.36 (KHTML, like Gecko) Chrome/117.0.5938.132 Safari/537.36"
205.169.39.3 - - [09/Jun/2026:11:58:22 +0800] "GET /wp-json/sliderrevolution/sliders/1?srengine=7&slideid=4 HTTP/1.1" 200 2580 "http://cqqizhou.com/" "Mozilla/5.0 (Windows NT 10.0; Win64; x64) AppleWebKit/537.36 (KHTML, like Gecko) Chrome/117.0.5938.132 Safari/537.36"
205.169.39.3 - - [09/Jun/2026:11:58:22 +0800] "GET /wp-json/sliderrevolution/sliders/1?srengine=7&slideid=2 HTTP/1.1" 200 2000 "http://cqqizhou.com/" "Mozilla/5.0 (Windows NT 10.0; Win64; x64) AppleWebKit/537.36 (KHTML, like Gecko) Chrome/117.0.5938.132 Safari/537.36"
205.169.39.3 - - [09/Jun/2026:11:58:22 +0800] "GET /wp-content/uploads/2026/01/1768276119-qizhoujiagong_Slider_3840%C3%972160_20260113-scaled.webp HTTP/1.1" 200 131696 "http://cqqizhou.com/" "Mozilla/5.0 (Windows NT 10.0; Win64; x64) AppleWebKit/537.36 (KHTML, like Gecko) Chrome/117.0.5938.132 Safari/537.36"
205.169.39.3 - - [09/Jun/2026:11:58:25 +0800] "GET /wp-content/uploads/revslider/slider-1/1750861156-logistics_Slider_3840%C3%972160_20250625191356-scaled.webp HTTP/1.1" 200 197360 "http://cqqizhou.com/" "Mozilla/5.0 (Windows NT 10.0; Win64; x64) AppleWebKit/537.36 (KHTML, like Gecko) Chrome/117.0.5938.132 Safari/537.36"
205.169.39.3 - - [09/Jun/2026:11:58:30 +0800] "GET /wp-content/uploads/2025/12/1765268955-qizhou_Slider1_3840%C3%972160_20251210-scaled-50x100.webp HTTP/1.1" 200 1812 "http://cqqizhou.com/" "Mozilla/5.0 (X11; Linux x86_64) AppleWebKit/537.36 (KHTML, like Gecko) HeadlessChrome/127.0.6533.119 Safari/537.36"
111.72.197.47 - - [09/Jun/2026:12:02:10 +0800] "GET /company-news HTTP/1.1" 200 26293 "-" "Mozilla/5.0 (Windows NT 10.0; WOW64) AppleWebKit/537.36 (KHTML, like Gecko) Chrome/131.0.0.0 Safari/537.36 QIHU 360SE"
121.230.239.129 - - [09/Jun/2026:12:02:12 +0800] "GET /wp-content/uploads/2025/07/1750649186-qizhou1920x1080_3.webp HTTP/1.1" 200 134070 "-" "Mozilla/5.0 (Macintosh; Intel Mac OS X 10_15_7) AppleWebKit/537.36 (KHTML, like Gecko) Chrome/147.0.0.0 Safari/537.36"
114.96.166.154 - - [09/Jun/2026:12:02:15 +0800] "GET /wp-content/uploads/2025/11/1762864370-QZ_Photo-1.webp HTTP/1.1" 200 162970 "-" "Mozilla/5.0 (Windows NT 10.0; WOW64) AppleWebKit/537.36 (KHTML, like Gecko) Chrome/131.0.0.0 Safari/537.36 QIHU 360SE"
42.58.35.240 - - [09/Jun/2026:12:02:25 +0800] "GET /wp-content/uploads/2025/11/1762864370-QZ_Photo-1.webp HTTP/1.1" 200 162970 "-" "Mozilla/5.0 (Windows NT 10.0; WOW64) AppleWebKit/537.36 (KHTML, like Gecko) Chrome/131.0.0.0 Safari/537.36 QIHU 360SE"
36.133.115.36 - - [09/Jun/2026:12:02:28 +0800] "POST /wp-cron.php?doing_wp_cron=1780977748.5670030117034912109375 HTTP/1.1" 200 31 "-" "WordPress/6.9; http://cqqizhou.com"
8.148.85.58 - - [09/Jun/2026:12:02:28 +0800] "GET / HTTP/1.1" 301 5 "-" "Mozilla/5.0 (Windows NT 10.0; Win64; x64) AppleWebKit/537.36 (KHTML, like Gecko) Chrome/97.0.4280.67 Safari/537.36 Edg/97.0.664.52"
8.148.85.58 - - [09/Jun/2026:12:02:28 +0800] "GET / HTTP/1.1" 200 35637 "-" "Mozilla/5.0 (Windows NT 10.0; Win64; x64) AppleWebKit/537.36 (KHTML, like Gecko) Chrome/97.0.4280.67 Safari/537.36 Edg/97.0.664.52"
36.133.115.36 - - [09/Jun/2026:12:14:40 +0800] "POST /wp-cron.php?doing_wp_cron=1780978480.1742320060729980468750 HTTP/1.1" 200 31 "-" "WordPress/6.9; http://cqqizhou.com"
36.133.108.125 - - [09/Jun/2026:12:14:40 +0800] "HEAD /wsman HTTP/1.1" 404 0 "-" "Mozilla/5.0 (Macintosh; U; Intel Mac OS X 10_6_6; fr-ch) AppleWebKit/533.19.4 (KHTML, like Gecko) Version/5.0.3 Safari/533.19.4"
36.133.115.36 - - [09/Jun/2026:12:18:26 +0800] "POST /wp-cron.php?doing_wp_cron=1780978706.2269349098205566406250 HTTP/1.1" 200 31 "-" "WordPress/6.9; http://cqqizhou.com"
129.226.211.69 - - [09/Jun/2026:12:18:26 +0800] "GET / HTTP/1.1" 301 5 "-" "Mozilla/5.0 (iPhone; CPU iPhone OS 13_2_3 like Mac OS X) AppleWebKit/605.1.15 (KHTML, like Gecko) Version/13.0.3 Mobile/15E148 Safari/604.1"
129.226.211.69 - - [09/Jun/2026:12:18:28 +0800] "GET / HTTP/1.1" 200 35195 "http://36.133.115.36" "Mozilla/5.0 (iPhone; CPU iPhone OS 13_2_3 like Mac OS X) AppleWebKit/605.1.15 (KHTML, like Gecko) Version/13.0.3 Mobile/15E148 Safari/604.1"
36.133.115.36 - - [09/Jun/2026:12:41:20 +0800] "POST /wp-cron.php?doing_wp_cron=1780980080.7109289169311523437500 HTTP/1.1" 200 31 "-" "WordPress/6.9; http://cqqizhou.com"
20.237.220.29 - - [09/Jun/2026:12:41:20 +0800] "GET /mcp HTTP/1.1" 404 9407 "-" "Mozilla/5.0 zgrab/0.x"
116.132.136.184 - - [09/Jun/2026:12:50:10 +0800] "GET /wp-content/uploads/2025/11/1762864370-QZ_Photo-1.webp HTTP/1.1" 200 162970 "-" "YisouSpider"
106.8.139.21 - - [09/Jun/2026:12:50:11 +0800] "GET /company-news HTTP/1.1" 200 26293 "-" "YisouSpider"
124.239.12.8 - - [09/Jun/2026:12:50:11 +0800] "GET /wp-content/uploads/2025/07/1750649186-qizhou1920x1080_3.webp HTTP/1.1" 200 134070 "-" "YisouSpider"
36.133.115.36 - - [09/Jun/2026:12:51:43 +0800] "POST /wp-cron.php?doing_wp_cron=1780980703.4151320457458496093750 HTTP/1.1" 200 31 "-" "WordPress/6.9; http://cqqizhou.com"
45.148.10.67 - - [09/Jun/2026:12:51:43 +0800] "GET / HTTP/1.1" 200 35195 "-" "Mozilla/5.0 (Windows NT 10.0; Win64; x64) AppleWebKit/537.36 (KHTML, like Gecko) Chrome/131.0.0.0 Safari/537.36"
185.191.171.7 - - [09/Jun/2026:12:51:44 +0800] "GET /robots.txt HTTP/1.1" 200 190 "-" "Mozilla/5.0 (compatible; SemrushBot/7~bl; +http://www.semrush.com/bot.html)"
36.133.115.36 - - [09/Jun/2026:13:22:24 +0800] "POST /wp-cron.php?doing_wp_cron=1780982544.2225689888000488281250 HTTP/1.1" 200 31 "-" "WordPress/6.9; http://cqqizhou.com"
5.61.209.96 - - [09/Jun/2026:13:22:24 +0800] "GET /SDK/webLanguage HTTP/1.1" 301 5 "-" "Mozilla/5.0 (Windows NT 10.0; Win64; x64) AppleWebKit/537.36 (KHTML, like Gecko) Chrome/90.0.4430.85 Safari/537.36 Edg/90.0.818.46"
36.133.115.36 - - [09/Jun/2026:13:23:17 +0800] "POST /wp-cron.php?doing_wp_cron=1780982597.7388660907745361328125 HTTP/1.1" 200 31 "-" "WordPress/6.9; http://cqqizhou.com"
112.40.33.31 - - [09/Jun/2026:13:23:17 +0800] "GET / HTTP/1.1" 301 5 "-" "Mozilla/5.0 (Macintosh; Intel Mac OS X 10_15_7) AppleWebKit/537.36 (KHTML, like Gecko) Chrome/140.0.0.0 Safari/537.36"
117.11.220.47 - - [09/Jun/2026:13:23:18 +0800] "GET / HTTP/1.1" 200 35637 "http://www.cqqizhou.com" "Mozilla/5.0 (Macintosh; Intel Mac OS X 10_15_7) AppleWebKit/537.36 (KHTML, like Gecko) Chrome/140.0.0.0 Safari/537.36"
36.133.115.36 - - [09/Jun/2026:13:48:02 +0800] "POST /wp-cron.php?doing_wp_cron=1780984082.7147309780120849609375 HTTP/1.1" 200 31 "-" "WordPress/6.9; http://cqqizhou.com"
40.77.178.209 - - [09/Jun/2026:13:48:02 +0800] "GET /wp-json/contact-form-7/v1/contact-forms/1444/refill HTTP/1.1" 200 12 "http://cqqizhou.com/logistics" "Mozilla/5.0 AppleWebKit/537.36 (KHTML, like Gecko; compatible; bingbot/2.0; +http://www.bing.com/bingbot.htm) Chrome/136.0.0.0 Safari/537.36"
106.8.139.118 - - [09/Jun/2026:13:49:09 +0800] "GET /news/2588 HTTP/1.1" 200 24977 "-" "YisouSpider"
36.133.115.36 - - [09/Jun/2026:13:52:21 +0800] "POST /wp-cron.php?doing_wp_cron=1780984341.3071041107177734375000 HTTP/1.1" 200 31 "-" "WordPress/6.9; http://cqqizhou.com"
121.226.78.49 - - [09/Jun/2026:13:52:21 +0800] "GET /news/2588 HTTP/1.1" 200 20939 "-" "Mozilla/5.0 (Linux; Android 9; MHA-AL00 Build/HUAWEIMHA-AL00; wv) AppleWebKit/537.36 (KHTML, like Gecko) Version/4.0 Chrome/77.0.3865.120 MQQBrowser/6.2 TBS/045735 Mobile Safari/537.36"
36.133.115.36 - - [09/Jun/2026:14:00:14 +0800] "POST /wp-cron.php?doing_wp_cron=1780984814.8580470085144042968750 HTTP/1.1" 200 31 "-" "WordPress/6.9; http://cqqizhou.com"
43.130.57.46 - - [09/Jun/2026:14:00:14 +0800] "GET / HTTP/1.1" 200 35195 "-" "Mozilla/5.0 (iPhone; CPU iPhone OS 13_2_3 like Mac OS X) AppleWebKit/605.1.15 (KHTML, like Gecko) Version/13.0.3 Mobile/15E148 Safari/604.1"
