HEX
Server: nginx/1.16.1
System: Linux ecs-04358622 4.19.90-2107.6.0.0100.oe1.bclinux.x86_64 #1 SMP Wed Dec 1 19:59:44 CST 2021 x86_64
User: nginx (994)
PHP: 8.0.0
Disabled: NONE
Upload Files
File: //home/logs/cqqizhou_access_2026-06-09.log
36.133.115.36 - - [09/Jun/2026:00:19:38 +0800] "POST /wp-cron.php?doing_wp_cron=1780935578.5404140949249267578125 HTTP/1.1" 200 31 "-" "WordPress/6.9; http://cqqizhou.com"
43.165.7.132 - - [09/Jun/2026:00:19:38 +0800] "GET / HTTP/1.1" 301 5 "-" "Mozilla/5.0 (iPhone; CPU iPhone OS 13_2_3 like Mac OS X) AppleWebKit/605.1.15 (KHTML, like Gecko) Version/13.0.3 Mobile/15E148 Safari/604.1"
43.165.7.132 - - [09/Jun/2026:00:19:41 +0800] "GET / HTTP/1.1" 200 35195 "http://www.cqqizhou.com" "Mozilla/5.0 (iPhone; CPU iPhone OS 13_2_3 like Mac OS X) AppleWebKit/605.1.15 (KHTML, like Gecko) Version/13.0.3 Mobile/15E148 Safari/604.1"
36.133.115.36 - - [09/Jun/2026:00:20:51 +0800] "POST /wp-cron.php?doing_wp_cron=1780935651.6872520446777343750000 HTTP/1.1" 200 31 "-" "WordPress/6.9; http://cqqizhou.com"
5.61.209.126 - - [09/Jun/2026:00:20:51 +0800] "GET /SDK/webLanguage HTTP/1.1" 301 5 "-" "Mozilla/5.0 (Windows NT 10.0; Win64; x64) AppleWebKit/537.36 (KHTML, like Gecko) Chrome/90.0.4430.85 Safari/537.36 Edg/90.0.818.46"
36.133.115.36 - - [09/Jun/2026:00:35:00 +0800] "POST /wp-cron.php?doing_wp_cron=1780936500.6387538909912109375000 HTTP/1.1" 200 31 "-" "WordPress/6.9; http://cqqizhou.com"
223.74.126.156 - - [09/Jun/2026:00:35:00 +0800] "GET /Ly9jcXFpemhvdS5jb20vd3AtY29udGVudC91cGxvYWRzL3JldnNsaWRlci9zbGlkZXItMS8xNzUwODYxMTU2LWxvZ2lzdGljc19TbGlkZXJfMzg0MMOXMjE2MF8yMDI1MDYyNTE5MTM1Ni1zY2FsZWQud2VicA== HTTP/1.1" 404 9407 "-" "Mozilla/5.0 (Windows NT 6.1; Win64; x64) AppleWebKit/537.36 (KHTML, like Gecko) Chrome/71.0.3578.33"
36.133.115.36 - - [09/Jun/2026:00:35:25 +0800] "POST /wp-cron.php?doing_wp_cron=1780936524.9397120475769042968750 HTTP/1.1" 200 31 "-" "WordPress/6.9; http://cqqizhou.com"
43.161.233.190 - - [09/Jun/2026:00:35:25 +0800] "GET / HTTP/1.1" 200 35195 "-" "Mozilla/5.0 (iPhone; CPU iPhone OS 13_2_3 like Mac OS X) AppleWebKit/605.1.15 (KHTML, like Gecko) Version/13.0.3 Mobile/15E148 Safari/604.1"
36.133.115.36 - - [09/Jun/2026:00:44:08 +0800] "POST /wp-cron.php?doing_wp_cron=1780937048.0976669788360595703125 HTTP/1.1" 200 31 "-" "WordPress/6.9; http://cqqizhou.com"
112.49.227.250 - - [09/Jun/2026:00:44:08 +0800] "GET /Ly9jcXFpemhvdS5jb20vd3AtY29udGVudC91cGxvYWRzLzIwMjYvMDEvMTc2ODI4MDI3MC1hbnF1YW5fU2xpZGVyXzM4NDDDlzIxNjBfMjAyNjAxMTQtc2NhbGVkLndlYnA= HTTP/1.1" 404 9409 "-" "Mozilla/5.0 (Windows NT 10.0; WOW64) AppleWebKit/537.36 (KHTML, like Gecko) Chrome/77.0.3865.10"
180.153.236.250 - - [09/Jun/2026:00:45:22 +0800] "GET / HTTP/1.1" 200 35637 "http://cqqizhou.com" "User-Agent:Mozilla/5.0 (Windows NT 10.0; Win64; x64) AppleWebKit/537.36 (KHTML, like Gecko) Chrome/140.0.0.0 Safari/537.36 Edg/140.0.0.0; 360Spider"
183.207.45.108 - - [09/Jun/2026:00:54:08 +0800] "GET / HTTP/1.1" 200 160339 "-" "Mozilla/5.0 (Windows NT 10.0; Win64; x64) AppleWebKit/537.36 (KHTML, like Gecko) Chrome/59.0.3071.104 Safari/537.36"
36.133.115.36 - - [09/Jun/2026:01:01:39 +0800] "POST /wp-cron.php?doing_wp_cron=1780938099.9209148883819580078125 HTTP/1.1" 200 31 "-" "WordPress/6.9; http://cqqizhou.com"
43.159.143.139 - - [09/Jun/2026:01:01:39 +0800] "GET / HTTP/1.1" 301 5 "-" "Mozilla/5.0 (iPhone; CPU iPhone OS 13_2_3 like Mac OS X) AppleWebKit/605.1.15 (KHTML, like Gecko) Version/13.0.3 Mobile/15E148 Safari/604.1"
43.159.143.139 - - [09/Jun/2026:01:01:42 +0800] "GET / HTTP/1.1" 200 35195 "http://36.133.115.36" "Mozilla/5.0 (iPhone; CPU iPhone OS 13_2_3 like Mac OS X) AppleWebKit/605.1.15 (KHTML, like Gecko) Version/13.0.3 Mobile/15E148 Safari/604.1"
36.133.115.36 - - [09/Jun/2026:01:03:36 +0800] "POST /wp-cron.php?doing_wp_cron=1780938216.7025880813598632812500 HTTP/1.1" 200 31 "-" "WordPress/6.9; http://cqqizhou.com"
117.139.32.255 - - [09/Jun/2026:01:03:36 +0800] "GET /Ly9jcXFpemhvdS5jb20vd3AtY29udGVudC91cGxvYWRzLzIwMjUvMTIvMTc2NTI2ODk1NS1xaXpob3VfU2xpZGVyMV8zODQww5cyMTYwXzIwMjUxMjEwLXNjYWxlZC53ZWJw HTTP/1.1" 404 9408 "-" "Mozilla/5.0 (Windows NT 6.2) AppleWebKit/537.36 (KHTML, like Gecko) Chrome/75.0.3770.8"
36.133.115.36 - - [09/Jun/2026:01:20:42 +0800] "POST /wp-cron.php?doing_wp_cron=1780939242.8534278869628906250000 HTTP/1.1" 200 31 "-" "WordPress/6.9; http://cqqizhou.com"
142.44.233.209 - - [09/Jun/2026:01:20:42 +0800] "GET /robots.txt HTTP/1.1" 200 190 "-" "Mozilla/5.0 (compatible; AhrefsBot/7.0; +http://ahrefs.com/robot/)"
142.44.225.212 - - [09/Jun/2026:01:20:44 +0800] "GET /material.html HTTP/1.1" 304 0 "-" "Mozilla/5.0 (compatible; AhrefsBot/7.0; +http://ahrefs.com/robot/)"
36.133.115.36 - - [09/Jun/2026:01:25:17 +0800] "POST /wp-cron.php?doing_wp_cron=1780939517.0628089904785156250000 HTTP/1.1" 200 31 "-" "WordPress/6.9; http://cqqizhou.com"
175.21.81.167 - - [09/Jun/2026:01:25:17 +0800] "GET /Ly9jcXFpemhvdS5jb20vd3AtY29udGVudC91cGxvYWRzLzIwMjYvMDEvMTc2ODI3NjExOS1xaXpob3VqaWFnb25nX1NsaWRlcl8zODQww5cyMTYwXzIwMjYwMTEzLXNjYWxlZC53ZWJw HTTP/1.1" 404 9409 "-" "Mozilla/5.0 (Windows NT 10.0) AppleWebKit/537.36 (KHTML, like Gecko) Chrome/76.0.3809.25"
36.133.115.36 - - [09/Jun/2026:01:30:56 +0800] "POST /wp-cron.php?doing_wp_cron=1780939856.1923511028289794921875 HTTP/1.1" 200 31 "-" "WordPress/6.9; http://cqqizhou.com"
115.159.33.43 - - [09/Jun/2026:01:30:56 +0800] "GET / HTTP/1.1" 301 5 "-" "Mozilla/5.0 (Windows NT 10.0; Win64; x64) AppleWebKit/537.36 (KHTML, like Gecko) Chrome/79.0.3945.117 Safari/537.36"
116.132.219.103 - - [09/Jun/2026:01:46:16 +0800] "GET /wp-content/uploads/2025/07/1750649186-qizhou1920x1080_3.webp HTTP/1.1" 200 134070 "-" "Mozilla/5.0 (iPhone; CPU iPhone OS 10_3 like Mac OS X) AppleWebKit/602.1.50 (KHTML, like Gecko) CriOS/56.0.2924.75 Mobile/14E5239e YisouSpider/5.0 Safari/602.1"
36.133.115.36 - - [09/Jun/2026:01:46:16 +0800] "POST /wp-cron.php?doing_wp_cron=1780940776.6479129791259765625000 HTTP/1.1" 200 31 "-" "WordPress/6.9; http://cqqizhou.com"
106.8.136.14 - - [09/Jun/2026:01:46:16 +0800] "GET /company-news HTTP/1.1" 200 20391 "-" "Mozilla/5.0 (iPhone; CPU iPhone OS 10_3 like Mac OS X) AppleWebKit/602.1.50 (KHTML, like Gecko) CriOS/56.0.2924.75 Mobile/14E5239e YisouSpider/5.0 Safari/602.1"
116.132.252.173 - - [09/Jun/2026:01:46:17 +0800] "GET /wp-content/uploads/2025/11/1762864370-QZ_Photo-1.webp HTTP/1.1" 200 162970 "-" "Mozilla/5.0 (iPhone; CPU iPhone OS 10_3 like Mac OS X) AppleWebKit/602.1.50 (KHTML, like Gecko) CriOS/56.0.2924.75 Mobile/14E5239e YisouSpider/5.0 Safari/602.1"
49.79.178.246 - - [09/Jun/2026:01:50:11 +0800] "GET /company-news HTTP/1.1" 200 26293 "-" "Mozilla/5.0 (Macintosh; Intel Mac OS X 10_15_7) AppleWebKit/537.36 (KHTML, like Gecko) Chrome/147.0.0.0 Safari/537.36"
121.232.4.255 - - [09/Jun/2026:01:50:13 +0800] "GET /wp-content/uploads/2025/07/1750649186-qizhou1920x1080_3.webp HTTP/1.1" 200 134070 "-" "Mozilla/5.0 (Macintosh; Intel Mac OS X 10_15_7) AppleWebKit/537.36 (KHTML, like Gecko) Chrome/145.0.0.0 Safari/537.36"
111.224.74.218 - - [09/Jun/2026:01:50:22 +0800] "GET /wp-content/uploads/2025/11/1762864370-QZ_Photo-1.webp HTTP/1.1" 200 162970 "-" "Mozilla/5.0 (Windows NT 10.0; Win64; x64) AppleWebKit/537.36 (KHTML, like Gecko) Chrome/146.0.0.0 Safari/537.36"
110.89.121.176 - - [09/Jun/2026:01:50:27 +0800] "GET /wp-content/uploads/2025/11/1762864370-QZ_Photo-1.webp HTTP/1.1" 200 162970 "-" "Mozilla/5.0 (Windows NT 10.0; Win64; x64) AppleWebKit/537.36 (KHTML, like Gecko) Chrome/146.0.0.0 Safari/537.36"
36.133.115.36 - - [09/Jun/2026:01:57:22 +0800] "POST /wp-cron.php?doing_wp_cron=1780941442.0498950481414794921875 HTTP/1.1" 200 31 "-" "WordPress/6.9; http://cqqizhou.com"
45.148.10.67 - - [09/Jun/2026:01:57:22 +0800] "GET / HTTP/1.1" 200 35195 "-" "Mozilla/5.0 (Windows NT 10.0; Win64; x64) AppleWebKit/537.36 (KHTML, like Gecko) Chrome/131.0.0.0 Safari/537.36"
121.29.51.109 - - [09/Jun/2026:02:05:46 +0800] "GET / HTTP/1.1" 200 35637 "-" "Opera/9.51 (Windows NT 5.1; U; nn)"
36.133.115.36 - - [09/Jun/2026:02:08:10 +0800] "POST /wp-cron.php?doing_wp_cron=1780942090.8403689861297607421875 HTTP/1.1" 200 31 "-" "WordPress/6.9; http://cqqizhou.com"
121.29.51.109 - - [09/Jun/2026:02:08:10 +0800] "GET / HTTP/1.1" 200 35195 "-" "Dalvik/2.1.0 (Linux; U; Android 9.0; ZTE BA520 Build/MRA58K)"
121.29.51.109 - - [09/Jun/2026:02:08:26 +0800] "GET / HTTP/1.1" 200 35637 "-" "Mozilla/5.0 (Macintosh; Intel Mac OS X 10_11) AppleWebKit/601.1.27 (KHTML, like Gecko) Chrome/47.0.2526.106 Safari/601.1.27"
36.133.115.36 - - [09/Jun/2026:02:18:29 +0800] "POST /wp-cron.php?doing_wp_cron=1780942709.4404668807983398437500 HTTP/1.1" 200 31 "-" "WordPress/6.9; http://cqqizhou.com"
34.174.38.106 - - [09/Jun/2026:02:18:29 +0800] "HEAD /backup/ HTTP/1.1" 404 0 "-" "Mozilla/5.0 (Linux; U; Android 10; en-US; CPH2015) AppleWebKit/537.36 (KHTML, like Gecko) UCBrowser/13.5.8.1311 Mobile Safari/537.36"
34.174.38.106 - - [09/Jun/2026:02:18:30 +0800] "HEAD /wp/ HTTP/1.1" 404 0 "-" "Mozilla/5.0 (Windows NT 10.0; WOW64) AppleWebKit/537.36 (KHTML, like Gecko) Chrome/118.0.5993.90 Safari/537.36"
34.174.38.106 - - [09/Jun/2026:02:18:31 +0800] "HEAD / HTTP/1.1" 200 0 "-" "Mozilla/5.0 (Linux; Android 10; vivo 1904) AppleWebKit/537.36 (KHTML, like Gecko) Chrome/117.0.5938.60 Mobile Safari/537.36"
34.174.38.106 - - [09/Jun/2026:02:18:32 +0800] "HEAD /wordpress/ HTTP/1.1" 404 0 "-" "Mozilla/5.0 (Windows NT 10.0; Win64; x64) AppleWebKit/537.36 (KHTML, like Gecko) Chrome/127.0.6534.42 Safari/537.36"
34.174.38.106 - - [09/Jun/2026:02:18:32 +0800] "HEAD /blog/ HTTP/1.1" 404 0 "-" "Mozilla/5.0 (Linux; Android 10; vivo 1904) AppleWebKit/537.36 (KHTML, like Gecko) Chrome/117.0.5938.60 Mobile Safari/537.36"
34.174.38.106 - - [09/Jun/2026:02:18:33 +0800] "HEAD /new/ HTTP/1.1" 301 0 "-" "Mozilla/5.0 (iPad; CPU OS 17_4 like Mac OS X) AppleWebKit/605.1.15 (KHTML, like Gecko) Version/17.4 Mobile/15E148 Safari/604.1"
34.174.38.106 - - [09/Jun/2026:02:18:34 +0800] "HEAD /news HTTP/1.1" 200 0 "http://cqqizhou.com/new/" "Mozilla/5.0 (iPad; CPU OS 17_4 like Mac OS X) AppleWebKit/605.1.15 (KHTML, like Gecko) Version/17.4 Mobile/15E148 Safari/604.1"
34.174.38.106 - - [09/Jun/2026:02:18:34 +0800] "HEAD /old/ HTTP/1.1" 404 0 "-" "Mozilla/5.0 (Windows NT 11.0; Win64; x64) AppleWebKit/537.36 (KHTML, like Gecko) Edg/128.0.2790.25 Chrome/128.0.6540.22 Safari/537.36"
36.133.115.36 - - [09/Jun/2026:02:47:54 +0800] "POST /wp-cron.php?doing_wp_cron=1780944474.8244509696960449218750 HTTP/1.1" 200 31 "-" "WordPress/6.9; http://cqqizhou.com"
185.218.138.24 - - [09/Jun/2026:02:47:54 +0800] "GET /K3Cloud/ HTTP/1.1" 301 5 "-" "Mozilla/5.0 (Windows NT 10.0; Win64; x64)"
185.218.138.24 - - [09/Jun/2026:02:47:56 +0800] "GET /K3Cloud/ HTTP/1.1" 404 9409 "http://36.133.115.36:80/K3Cloud/" "Mozilla/5.0 (Windows NT 10.0; Win64; x64)"
185.218.138.24 - - [09/Jun/2026:02:47:57 +0800] "GET /k3cloud/ HTTP/1.1" 301 5 "-" "Mozilla/5.0 (Windows NT 10.0; Win64; x64)"
185.218.138.24 - - [09/Jun/2026:02:47:58 +0800] "GET /k3cloud/ HTTP/1.1" 404 9409 "http://36.133.115.36:80/k3cloud/" "Mozilla/5.0 (Windows NT 10.0; Win64; x64)"
185.218.138.24 - - [09/Jun/2026:02:48:00 +0800] "GET /easportal/ HTTP/1.1" 301 5 "-" "Mozilla/5.0 (Windows NT 10.0; Win64; x64)"
185.218.138.24 - - [09/Jun/2026:02:48:01 +0800] "GET /easportal/ HTTP/1.1" 404 9409 "http://36.133.115.36:80/easportal/" "Mozilla/5.0 (Windows NT 10.0; Win64; x64)"
185.218.138.24 - - [09/Jun/2026:02:48:02 +0800] "GET /eassso/ HTTP/1.1" 301 5 "-" "Mozilla/5.0 (Windows NT 10.0; Win64; x64)"
185.218.138.24 - - [09/Jun/2026:02:48:04 +0800] "GET /eassso/ HTTP/1.1" 404 9410 "http://36.133.115.36:80/eassso/" "Mozilla/5.0 (Windows NT 10.0; Win64; x64)"
185.218.138.24 - - [09/Jun/2026:02:48:05 +0800] "GET /easweb/ HTTP/1.1" 301 5 "-" "Mozilla/5.0 (Windows NT 10.0; Win64; x64)"
185.218.138.24 - - [09/Jun/2026:02:48:06 +0800] "GET /easweb/ HTTP/1.1" 404 9409 "http://36.133.115.36:80/easweb/" "Mozilla/5.0 (Windows NT 10.0; Win64; x64)"
36.133.115.36 - - [09/Jun/2026:02:48:08 +0800] "POST /wp-cron.php?doing_wp_cron=1780944488.1010100841522216796875 HTTP/1.1" 200 31 "-" "WordPress/6.9; http://cqqizhou.com"
185.218.138.24 - - [09/Jun/2026:02:48:08 +0800] "GET /nccloud/resources/ HTTP/1.1" 301 5 "-" "Mozilla/5.0 (Windows NT 10.0; Win64; x64)"
185.218.138.24 - - [09/Jun/2026:02:48:09 +0800] "GET /nccloud/resources/ HTTP/1.1" 404 9409 "http://36.133.115.36:80/nccloud/resources/" "Mozilla/5.0 (Windows NT 10.0; Win64; x64)"
185.218.138.24 - - [09/Jun/2026:02:48:10 +0800] "GET /NCCloud/ HTTP/1.1" 301 5 "-" "Mozilla/5.0 (Windows NT 10.0; Win64; x64)"
185.218.138.24 - - [09/Jun/2026:02:48:12 +0800] "GET /NCCloud/ HTTP/1.1" 404 9409 "http://36.133.115.36:80/NCCloud/" "Mozilla/5.0 (Windows NT 10.0; Win64; x64)"
185.218.138.24 - - [09/Jun/2026:02:48:13 +0800] "GET /platform/login/ HTTP/1.1" 301 5 "-" "Mozilla/5.0 (Windows NT 10.0; Win64; x64)"
185.218.138.24 - - [09/Jun/2026:02:48:14 +0800] "GET /platform/login/ HTTP/1.1" 404 9410 "http://36.133.115.36:80/platform/login/" "Mozilla/5.0 (Windows NT 10.0; Win64; x64)"
185.218.138.24 - - [09/Jun/2026:02:48:16 +0800] "GET /servlet/~ic/BshServlet HTTP/1.1" 301 5 "-" "Mozilla/5.0 (Windows NT 10.0; Win64; x64)"
185.218.138.24 - - [09/Jun/2026:02:48:17 +0800] "GET /servlet/~ic/BshServlet HTTP/1.1" 404 9409 "http://36.133.115.36:80/servlet/~ic/BshServlet" "Mozilla/5.0 (Windows NT 10.0; Win64; x64)"
185.218.138.24 - - [09/Jun/2026:02:48:18 +0800] "GET /servlet/~ic/MonitorServlet HTTP/1.1" 301 5 "-" "Mozilla/5.0 (Windows NT 10.0; Win64; x64)"
185.218.138.24 - - [09/Jun/2026:02:48:19 +0800] "GET /servlet/~ic/MonitorServlet HTTP/1.1" 404 9409 "http://36.133.115.36:80/servlet/~ic/MonitorServlet" "Mozilla/5.0 (Windows NT 10.0; Win64; x64)"
185.218.138.24 - - [09/Jun/2026:02:48:21 +0800] "GET / HTTP/1.1" 200 35195 "-" "Mozilla/5.0 (Windows NT 10.0; Win64; x64)"
36.133.115.36 - - [09/Jun/2026:03:08:21 +0800] "POST /wp-cron.php?doing_wp_cron=1780945701.6308999061584472656250 HTTP/1.1" 200 31 "-" "WordPress/6.9; http://cqqizhou.com"
43.135.134.127 - - [09/Jun/2026:03:08:21 +0800] "GET / HTTP/1.1" 200 35195 "-" "Mozilla/5.0 (iPhone; CPU iPhone OS 13_2_3 like Mac OS X) AppleWebKit/605.1.15 (KHTML, like Gecko) Version/13.0.3 Mobile/15E148 Safari/604.1"
20.226.119.201 - - [09/Jun/2026:03:13:56 +0800] "GET /wp-content/plugins/hellopress/wp_filemanager.php HTTP/1.1" 404 27 "-" "-"
20.226.119.201 - - [09/Jun/2026:03:13:56 +0800] "GET /this_is_a_new_hello_world.php HTTP/1.1" 404 27 "-" "-"
20.226.119.201 - - [09/Jun/2026:03:13:57 +0800] "GET /classgoto24.php HTTP/1.1" 404 27 "-" "-"
20.226.119.201 - - [09/Jun/2026:03:13:57 +0800] "GET /cu.php HTTP/1.1" 404 27 "-" "-"
20.226.119.201 - - [09/Jun/2026:03:13:57 +0800] "GET /4PJcpMFsD8B.php HTTP/1.1" 404 27 "-" "-"
20.226.119.201 - - [09/Jun/2026:03:13:58 +0800] "GET /206.php HTTP/1.1" 404 27 "-" "-"
20.226.119.201 - - [09/Jun/2026:03:13:58 +0800] "GET /flox.php HTTP/1.1" 404 27 "-" "-"
20.226.119.201 - - [09/Jun/2026:03:13:59 +0800] "GET /ng.php HTTP/1.1" 404 27 "-" "-"
20.226.119.201 - - [09/Jun/2026:03:13:59 +0800] "GET /100.php HTTP/1.1" 404 27 "-" "-"
20.226.119.201 - - [09/Jun/2026:03:13:59 +0800] "GET /error_log.php HTTP/1.1" 404 27 "-" "-"
20.226.119.201 - - [09/Jun/2026:03:14:00 +0800] "GET /ms-edit.php HTTP/1.1" 404 27 "-" "-"
20.226.119.201 - - [09/Jun/2026:03:14:00 +0800] "GET /xstelth.php HTTP/1.1" 404 27 "-" "-"
20.226.119.201 - - [09/Jun/2026:03:14:01 +0800] "GET /155.php HTTP/1.1" 404 27 "-" "-"
20.226.119.201 - - [09/Jun/2026:03:14:01 +0800] "GET /geforce.php HTTP/1.1" 404 27 "-" "-"
20.226.119.201 - - [09/Jun/2026:03:14:02 +0800] "GET /file6.php HTTP/1.1" 404 27 "-" "-"
20.226.119.201 - - [09/Jun/2026:03:14:02 +0800] "GET /av.php HTTP/1.1" 404 27 "-" "-"
20.226.119.201 - - [09/Jun/2026:03:14:02 +0800] "GET /simple.php HTTP/1.1" 404 27 "-" "-"
20.226.119.201 - - [09/Jun/2026:03:14:03 +0800] "GET /8.php HTTP/1.1" 404 27 "-" "-"
20.226.119.201 - - [09/Jun/2026:03:14:03 +0800] "GET /img.php HTTP/1.1" 404 27 "-" "-"
20.226.119.201 - - [09/Jun/2026:03:14:03 +0800] "GET /bob.php HTTP/1.1" 404 27 "-" "-"
20.226.119.201 - - [09/Jun/2026:03:14:04 +0800] "GET /drykl.php HTTP/1.1" 404 27 "-" "-"
20.226.119.201 - - [09/Jun/2026:03:14:04 +0800] "GET /w.php HTTP/1.1" 404 27 "-" "-"
20.226.119.201 - - [09/Jun/2026:03:14:05 +0800] "GET /aj11.php HTTP/1.1" 404 27 "-" "-"
20.226.119.201 - - [09/Jun/2026:03:14:05 +0800] "GET /gecko.php HTTP/1.1" 404 27 "-" "-"
20.226.119.201 - - [09/Jun/2026:03:14:06 +0800] "GET /wp-test.php HTTP/1.1" 404 27 "-" "-"
20.226.119.201 - - [09/Jun/2026:03:14:06 +0800] "GET /min.php HTTP/1.1" 404 27 "-" "-"
20.226.119.201 - - [09/Jun/2026:03:14:06 +0800] "GET /19.php HTTP/1.1" 404 27 "-" "-"
20.226.119.201 - - [09/Jun/2026:03:14:07 +0800] "GET /wps.php HTTP/1.1" 404 27 "-" "-"
20.226.119.201 - - [09/Jun/2026:03:14:07 +0800] "GET /BDKR28WP.php HTTP/1.1" 404 27 "-" "-"
20.226.119.201 - - [09/Jun/2026:03:14:07 +0800] "GET /adminfuns.php HTTP/1.1" 404 27 "-" "-"
20.226.119.201 - - [09/Jun/2026:03:14:08 +0800] "GET /f35.php HTTP/1.1" 404 27 "-" "-"
20.226.119.201 - - [09/Jun/2026:03:14:08 +0800] "GET /xxx.php HTTP/1.1" 404 27 "-" "-"
20.226.119.201 - - [09/Jun/2026:03:14:08 +0800] "GET /sx_pms.php HTTP/1.1" 404 27 "-" "-"
20.226.119.201 - - [09/Jun/2026:03:14:09 +0800] "GET /wp-info.php HTTP/1.1" 404 27 "-" "-"
20.226.119.201 - - [09/Jun/2026:03:14:10 +0800] "GET /like.php HTTP/1.1" 404 27 "-" "-"
20.226.119.201 - - [09/Jun/2026:03:14:10 +0800] "GET /we.php HTTP/1.1" 404 27 "-" "-"
20.226.119.201 - - [09/Jun/2026:03:14:10 +0800] "GET /wp.php HTTP/1.1" 404 27 "-" "-"
20.226.119.201 - - [09/Jun/2026:03:14:11 +0800] "GET /wp-indx.php HTTP/1.1" 404 27 "-" "-"
20.226.119.201 - - [09/Jun/2026:03:14:11 +0800] "GET /zoo.php HTTP/1.1" 404 27 "-" "-"
20.226.119.201 - - [09/Jun/2026:03:14:11 +0800] "GET /wp-link-spm.php HTTP/1.1" 404 27 "-" "-"
20.226.119.201 - - [09/Jun/2026:03:14:12 +0800] "GET /wp-link-snpm.php HTTP/1.1" 404 27 "-" "-"
20.226.119.201 - - [09/Jun/2026:03:14:12 +0800] "GET /xminie.php HTTP/1.1" 404 27 "-" "-"
20.226.119.201 - - [09/Jun/2026:03:14:12 +0800] "GET /bal.php HTTP/1.1" 404 27 "-" "-"
20.226.119.201 - - [09/Jun/2026:03:14:13 +0800] "GET /11.php HTTP/1.1" 404 27 "-" "-"
20.226.119.201 - - [09/Jun/2026:03:14:13 +0800] "GET /77.php HTTP/1.1" 404 27 "-" "-"
20.226.119.201 - - [09/Jun/2026:03:14:14 +0800] "GET /x402.php HTTP/1.1" 404 27 "-" "-"
20.226.119.201 - - [09/Jun/2026:03:14:14 +0800] "GET /themes.php HTTP/1.1" 404 27 "-" "-"
20.226.119.201 - - [09/Jun/2026:03:14:14 +0800] "GET /test1.php HTTP/1.1" 404 27 "-" "-"
20.226.119.201 - - [09/Jun/2026:03:14:15 +0800] "GET /tires.php HTTP/1.1" 404 27 "-" "-"
20.226.119.201 - - [09/Jun/2026:03:14:15 +0800] "GET /bthil.php HTTP/1.1" 404 27 "-" "-"
20.226.119.201 - - [09/Jun/2026:03:14:15 +0800] "GET /d.php HTTP/1.1" 404 27 "-" "-"
20.226.119.201 - - [09/Jun/2026:03:14:16 +0800] "GET /fone1.php HTTP/1.1" 404 27 "-" "-"
20.226.119.201 - - [09/Jun/2026:03:14:16 +0800] "GET /sallu.php HTTP/1.1" 404 27 "-" "-"
20.226.119.201 - - [09/Jun/2026:03:14:17 +0800] "GET /link.php HTTP/1.1" 404 27 "-" "-"
20.226.119.201 - - [09/Jun/2026:03:14:17 +0800] "GET /edit.php HTTP/1.1" 404 27 "-" "-"
20.226.119.201 - - [09/Jun/2026:03:14:17 +0800] "GET /pp.php HTTP/1.1" 404 27 "-" "-"
20.226.119.201 - - [09/Jun/2026:03:14:18 +0800] "GET /one.php HTTP/1.1" 404 27 "-" "-"
20.226.119.201 - - [09/Jun/2026:03:14:18 +0800] "GET /roksad1.php HTTP/1.1" 404 27 "-" "-"
20.226.119.201 - - [09/Jun/2026:03:14:18 +0800] "GET /axe.php HTTP/1.1" 404 27 "-" "-"
20.226.119.201 - - [09/Jun/2026:03:14:19 +0800] "GET /de.php HTTP/1.1" 404 27 "-" "-"
20.226.119.201 - - [09/Jun/2026:03:14:19 +0800] "GET /aa.php HTTP/1.1" 404 27 "-" "-"
20.226.119.201 - - [09/Jun/2026:03:14:20 +0800] "GET /f5.php HTTP/1.1" 404 27 "-" "-"
20.226.119.201 - - [09/Jun/2026:03:14:20 +0800] "GET /view.php HTTP/1.1" 404 27 "-" "-"
20.226.119.201 - - [09/Jun/2026:03:14:20 +0800] "GET /bc.php HTTP/1.1" 404 27 "-" "-"
20.226.119.201 - - [09/Jun/2026:03:14:21 +0800] "GET /tx79.php HTTP/1.1" 404 27 "-" "-"
20.226.119.201 - - [09/Jun/2026:03:14:21 +0800] "GET /moshou.php HTTP/1.1" 404 27 "-" "-"
20.226.119.201 - - [09/Jun/2026:03:14:21 +0800] "GET /lib.php HTTP/1.1" 404 27 "-" "-"
20.226.119.201 - - [09/Jun/2026:03:14:22 +0800] "GET /zoper1.php HTTP/1.1" 404 27 "-" "-"
20.226.119.201 - - [09/Jun/2026:03:14:22 +0800] "GET /dostshell.php HTTP/1.1" 404 27 "-" "-"
20.226.119.201 - - [09/Jun/2026:03:14:22 +0800] "GET /doc.php HTTP/1.1" 404 27 "-" "-"
20.226.119.201 - - [09/Jun/2026:03:14:23 +0800] "GET /mar.php HTTP/1.1" 404 27 "-" "-"
20.226.119.201 - - [09/Jun/2026:03:14:23 +0800] "GET /casp1.php HTTP/1.1" 404 27 "-" "-"
20.226.119.201 - - [09/Jun/2026:03:14:24 +0800] "GET /a1.php HTTP/1.1" 404 27 "-" "-"
20.226.119.201 - - [09/Jun/2026:03:14:24 +0800] "GET /xltt.php HTTP/1.1" 404 27 "-" "-"
20.226.119.201 - - [09/Jun/2026:03:14:24 +0800] "GET /cilus.php HTTP/1.1" 404 27 "-" "-"
20.226.119.201 - - [09/Jun/2026:03:14:25 +0800] "GET /press.php HTTP/1.1" 404 27 "-" "-"
20.226.119.201 - - [09/Jun/2026:03:14:25 +0800] "GET /ss.php HTTP/1.1" 404 27 "-" "-"
20.226.119.201 - - [09/Jun/2026:03:14:26 +0800] "GET /options.php HTTP/1.1" 404 27 "-" "-"
20.226.119.201 - - [09/Jun/2026:03:14:26 +0800] "GET /7.php HTTP/1.1" 404 27 "-" "-"
20.226.119.201 - - [09/Jun/2026:03:14:26 +0800] "GET /ggb.php HTTP/1.1" 404 27 "-" "-"
20.226.119.201 - - [09/Jun/2026:03:14:27 +0800] "GET /xxa.php HTTP/1.1" 404 27 "-" "-"
20.226.119.201 - - [09/Jun/2026:03:14:27 +0800] "GET /fs.php HTTP/1.1" 404 27 "-" "-"
20.226.119.201 - - [09/Jun/2026:03:14:27 +0800] "GET /2.php HTTP/1.1" 404 27 "-" "-"
20.226.119.201 - - [09/Jun/2026:03:14:28 +0800] "GET /man.php HTTP/1.1" 404 27 "-" "-"
20.226.119.201 - - [09/Jun/2026:03:14:28 +0800] "GET /12.php HTTP/1.1" 404 27 "-" "-"
20.226.119.201 - - [09/Jun/2026:03:14:29 +0800] "GET /acp.php HTTP/1.1" 404 27 "-" "-"
20.226.119.201 - - [09/Jun/2026:03:14:29 +0800] "GET /alpha.php HTTP/1.1" 404 27 "-" "-"
20.226.119.201 - - [09/Jun/2026:03:14:29 +0800] "GET /yuzuru1.php HTTP/1.1" 404 27 "-" "-"
20.226.119.201 - - [09/Jun/2026:03:14:30 +0800] "GET /insta.php HTTP/1.1" 404 27 "-" "-"
20.226.119.201 - - [09/Jun/2026:03:14:30 +0800] "GET /wp-kz.php HTTP/1.1" 404 27 "-" "-"
20.226.119.201 - - [09/Jun/2026:03:14:30 +0800] "GET /xs.php HTTP/1.1" 404 27 "-" "-"
20.226.119.201 - - [09/Jun/2026:03:14:31 +0800] "GET /xwx1.php HTTP/1.1" 404 27 "-" "-"
20.226.119.201 - - [09/Jun/2026:03:14:31 +0800] "GET /xmu.php HTTP/1.1" 404 27 "-" "-"
20.226.119.201 - - [09/Jun/2026:03:14:31 +0800] "GET /ayk.php HTTP/1.1" 404 27 "-" "-"
20.226.119.201 - - [09/Jun/2026:03:14:32 +0800] "GET /wpxml.php HTTP/1.1" 404 27 "-" "-"
20.226.119.201 - - [09/Jun/2026:03:14:32 +0800] "GET /zo.php HTTP/1.1" 404 27 "-" "-"
20.226.119.201 - - [09/Jun/2026:03:14:33 +0800] "GET /sky.php HTTP/1.1" 404 27 "-" "-"
20.226.119.201 - - [09/Jun/2026:03:14:33 +0800] "GET /rh.php HTTP/1.1" 404 27 "-" "-"
20.226.119.201 - - [09/Jun/2026:03:14:33 +0800] "GET /ortasekerli1.php HTTP/1.1" 404 27 "-" "-"
20.226.119.201 - - [09/Jun/2026:03:14:34 +0800] "GET /3369.php HTTP/1.1" 404 27 "-" "-"
36.133.115.36 - - [09/Jun/2026:03:14:35 +0800] "POST /wp-cron.php?doing_wp_cron=1780946075.8712110519409179687500 HTTP/1.1" 200 31 "-" "WordPress/6.9; http://cqqizhou.com"
20.226.119.201 - - [09/Jun/2026:03:14:35 +0800] "GET /300.php7 HTTP/1.1" 404 32979 "-" "-"
20.226.119.201 - - [09/Jun/2026:03:14:37 +0800] "GET /201.php7 HTTP/1.1" 404 32979 "-" "-"
20.226.119.201 - - [09/Jun/2026:03:14:38 +0800] "GET /goat.php HTTP/1.1" 404 27 "-" "-"
20.226.119.201 - - [09/Jun/2026:03:14:38 +0800] "GET /setup.php HTTP/1.1" 404 27 "-" "-"
20.226.119.201 - - [09/Jun/2026:03:14:39 +0800] "GET /aj12.php HTTP/1.1" 404 27 "-" "-"
20.226.119.201 - - [09/Jun/2026:03:14:39 +0800] "GET /rip.php HTTP/1.1" 404 27 "-" "-"
20.226.119.201 - - [09/Jun/2026:03:14:39 +0800] "GET /OVO7xf.php HTTP/1.1" 404 27 "-" "-"
20.226.119.201 - - [09/Jun/2026:03:14:40 +0800] "GET /zero.php HTTP/1.1" 404 27 "-" "-"
20.226.119.201 - - [09/Jun/2026:03:14:40 +0800] "GET /ey5.php HTTP/1.1" 404 27 "-" "-"
106.8.139.118 - - [09/Jun/2026:03:19:23 +0800] "GET /wp-content/uploads/2025/07/1751864664-Logistics800x500_1.webp HTTP/1.1" 200 76914 "http://cqqizhou.com/company-news" "YisouSpider"
36.133.115.36 - - [09/Jun/2026:03:22:28 +0800] "POST /wp-cron.php?doing_wp_cron=1780946548.5796101093292236328125 HTTP/1.1" 200 31 "-" "WordPress/6.9; http://cqqizhou.com"
183.229.214.158 - - [09/Jun/2026:03:22:28 +0800] "GET / HTTP/1.1" 200 35195 "https://m.baidu.com/" "Mozilla/5.0 (Linux; Android 16; 25080RABDC Build/BP2A.250605.031.A3; wv) AppleWebKit/537.36 (KHTML, like Gecko) Version/4.0 Chrome/97.0.4692.98 Mobile Safari/537.36 T7/15.61 SP-engine/3.57.0 bd_dvt/0 baiduboxapp/15.61.0.11 (Baidu; P1 16) NABar/1.0"
183.229.214.158 - - [09/Jun/2026:03:22:29 +0800] "GET /about/ HTTP/1.1" 301 5 "https://m.baidu.com/" "Mozilla/5.0 (Linux; Android 16; 25080RABDC Build/BP2A.250605.031.A3; wv) AppleWebKit/537.36 (KHTML, like Gecko) Version/4.0 Chrome/97.0.4692.98 Mobile Safari/537.36 T7/15.61 SP-engine/3.57.0 bd_dvt/0 baiduboxapp/15.61.0.11 (Baidu; P1 16) NABar/1.0"
183.229.214.158 - - [09/Jun/2026:03:22:30 +0800] "GET /about HTTP/1.1" 200 24644 "https://m.baidu.com/" "Mozilla/5.0 (Linux; Android 16; 25080RABDC Build/BP2A.250605.031.A3; wv) AppleWebKit/537.36 (KHTML, like Gecko) Version/4.0 Chrome/97.0.4692.98 Mobile Safari/537.36 T7/15.61 SP-engine/3.57.0 bd_dvt/0 baiduboxapp/15.61.0.11 (Baidu; P1 16) NABar/1.0"
183.229.214.158 - - [09/Jun/2026:03:22:53 +0800] "GET /wp-content/uploads/2025/07/1750649803-qizhou800x500_2.webp HTTP/1.1" 200 63616 "http://cqqizhou.com/about" "Mozilla/5.0 (Linux; Android 16; 25080RABDC Build/BP2A.250605.031.A3; wv) AppleWebKit/537.36 (KHTML, like Gecko) Version/4.0 Chrome/97.0.4692.98 Mobile Safari/537.36 T7/15.61 SP-engine/3.57.0 bd_dvt/0 baiduboxapp/15.61.0.11 (Baidu; P1 16) NABar/1.0"
183.229.214.158 - - [09/Jun/2026:03:22:53 +0800] "GET /wp-content/uploads/2025/07/1750945417-honor300%C3%97206_1.webp HTTP/1.1" 200 57666 "http://cqqizhou.com/about" "Mozilla/5.0 (Linux; Android 16; 25080RABDC Build/BP2A.250605.031.A3; wv) AppleWebKit/537.36 (KHTML, like Gecko) Version/4.0 Chrome/97.0.4692.98 Mobile Safari/537.36 T7/15.61 SP-engine/3.57.0 bd_dvt/0 baiduboxapp/15.61.0.11 (Baidu; P1 16) NABar/1.0"
183.229.214.158 - - [09/Jun/2026:03:22:53 +0800] "GET /wp-content/uploads/2025/06/1750755307-qizhoucangku2000x400_2025624.webp HTTP/1.1" 200 45470 "http://cqqizhou.com/about" "Mozilla/5.0 (Linux; Android 16; 25080RABDC Build/BP2A.250605.031.A3; wv) AppleWebKit/537.36 (KHTML, like Gecko) Version/4.0 Chrome/97.0.4692.98 Mobile Safari/537.36 T7/15.61 SP-engine/3.57.0 bd_dvt/0 baiduboxapp/15.61.0.11 (Baidu; P1 16) NABar/1.0"
183.229.214.158 - - [09/Jun/2026:03:22:54 +0800] "GET /wp-content/uploads/elementor/thumbs/1751209300-Hello-Qizhou3-r91b71mdtei8mab1rr8x739cnvi1mafuaga3vbed3o.webp HTTP/1.1" 200 39120 "http://cqqizhou.com/about" "Mozilla/5.0 (Linux; Android 16; 25080RABDC Build/BP2A.250605.031.A3; wv) AppleWebKit/537.36 (KHTML, like Gecko) Version/4.0 Chrome/97.0.4692.98 Mobile Safari/537.36 T7/15.61 SP-engine/3.57.0 bd_dvt/0 baiduboxapp/15.61.0.11 (Baidu; P1 16) NABar/1.0"
183.229.214.158 - - [09/Jun/2026:03:22:54 +0800] "GET /wp-content/uploads/elementor/thumbs/1751373145-About_Qizhoudalou_W800px-r91b70ok8huvvdr4ynxnf302e8ie3iydlh6ag9ew82.webp HTTP/1.1" 200 37938 "http://cqqizhou.com/about" "Mozilla/5.0 (Linux; Android 16; 25080RABDC Build/BP2A.250605.031.A3; wv) AppleWebKit/537.36 (KHTML, like Gecko) Version/4.0 Chrome/97.0.4692.98 Mobile Safari/537.36 T7/15.61 SP-engine/3.57.0 bd_dvt/0 baiduboxapp/15.61.0.11 (Baidu; P1 16) NABar/1.0"
183.229.214.158 - - [09/Jun/2026:03:22:54 +0800] "GET /wp-content/uploads/2025/07/1750945444-honor300%C3%97206_2.webp HTTP/1.1" 200 71296 "http://cqqizhou.com/about" "Mozilla/5.0 (Linux; Android 16; 25080RABDC Build/BP2A.250605.031.A3; wv) AppleWebKit/537.36 (KHTML, like Gecko) Version/4.0 Chrome/97.0.4692.98 Mobile Safari/537.36 T7/15.61 SP-engine/3.57.0 bd_dvt/0 baiduboxapp/15.61.0.11 (Baidu; P1 16) NABar/1.0"
183.229.214.158 - - [09/Jun/2026:03:22:54 +0800] "GET /wp-content/uploads/2025/07/1750671800-partner1_200x50.webp HTTP/1.1" 200 2244 "http://cqqizhou.com/about" "Mozilla/5.0 (Linux; Android 16; 25080RABDC Build/BP2A.250605.031.A3; wv) AppleWebKit/537.36 (KHTML, like Gecko) Version/4.0 Chrome/97.0.4692.98 Mobile Safari/537.36 T7/15.61 SP-engine/3.57.0 bd_dvt/0 baiduboxapp/15.61.0.11 (Baidu; P1 16) NABar/1.0"
183.229.214.158 - - [09/Jun/2026:03:22:54 +0800] "GET /wp-content/uploads/2025/07/1750671803-partner3_200x50.webp HTTP/1.1" 200 4414 "http://cqqizhou.com/about" "Mozilla/5.0 (Linux; Android 16; 25080RABDC Build/BP2A.250605.031.A3; wv) AppleWebKit/537.36 (KHTML, like Gecko) Version/4.0 Chrome/97.0.4692.98 Mobile Safari/537.36 T7/15.61 SP-engine/3.57.0 bd_dvt/0 baiduboxapp/15.61.0.11 (Baidu; P1 16) NABar/1.0"
183.229.214.158 - - [09/Jun/2026:03:22:54 +0800] "GET /wp-content/uploads/2025/07/1750671801-partner2_200x50.webp HTTP/1.1" 200 3946 "http://cqqizhou.com/about" "Mozilla/5.0 (Linux; Android 16; 25080RABDC Build/BP2A.250605.031.A3; wv) AppleWebKit/537.36 (KHTML, like Gecko) Version/4.0 Chrome/97.0.4692.98 Mobile Safari/537.36 T7/15.61 SP-engine/3.57.0 bd_dvt/0 baiduboxapp/15.61.0.11 (Baidu; P1 16) NABar/1.0"
183.229.214.158 - - [09/Jun/2026:03:22:54 +0800] "GET /wp-content/uploads/2025/07/1750671805-partner4_200x50.webp HTTP/1.1" 200 2390 "http://cqqizhou.com/about" "Mozilla/5.0 (Linux; Android 16; 25080RABDC Build/BP2A.250605.031.A3; wv) AppleWebKit/537.36 (KHTML, like Gecko) Version/4.0 Chrome/97.0.4692.98 Mobile Safari/537.36 T7/15.61 SP-engine/3.57.0 bd_dvt/0 baiduboxapp/15.61.0.11 (Baidu; P1 16) NABar/1.0"
183.229.214.158 - - [09/Jun/2026:03:22:55 +0800] "GET /wp-content/uploads/2025/07/1750671806-partner5_200x50.webp HTTP/1.1" 200 2840 "http://cqqizhou.com/about" "Mozilla/5.0 (Linux; Android 16; 25080RABDC Build/BP2A.250605.031.A3; wv) AppleWebKit/537.36 (KHTML, like Gecko) Version/4.0 Chrome/97.0.4692.98 Mobile Safari/537.36 T7/15.61 SP-engine/3.57.0 bd_dvt/0 baiduboxapp/15.61.0.11 (Baidu; P1 16) NABar/1.0"
183.229.214.158 - - [09/Jun/2026:03:22:55 +0800] "GET /wp-content/uploads/2025/07/1750671808-partner6_200x50.webp HTTP/1.1" 200 3004 "http://cqqizhou.com/about" "Mozilla/5.0 (Linux; Android 16; 25080RABDC Build/BP2A.250605.031.A3; wv) AppleWebKit/537.36 (KHTML, like Gecko) Version/4.0 Chrome/97.0.4692.98 Mobile Safari/537.36 T7/15.61 SP-engine/3.57.0 bd_dvt/0 baiduboxapp/15.61.0.11 (Baidu; P1 16) NABar/1.0"
183.229.214.158 - - [09/Jun/2026:03:22:55 +0800] "GET /wp-content/uploads/2025/07/1751425283-qizhou.kf_.qq_.com_.webp HTTP/1.1" 200 16864 "http://cqqizhou.com/about" "Mozilla/5.0 (Linux; Android 16; 25080RABDC Build/BP2A.250605.031.A3; wv) AppleWebKit/537.36 (KHTML, like Gecko) Version/4.0 Chrome/97.0.4692.98 Mobile Safari/537.36 T7/15.61 SP-engine/3.57.0 bd_dvt/0 baiduboxapp/15.61.0.11 (Baidu; P1 16) NABar/1.0"
183.229.214.158 - - [09/Jun/2026:03:22:55 +0800] "GET /wp-content/uploads/2025/07/1750945514-honor300%C3%97206_3.webp HTTP/1.1" 200 74124 "http://cqqizhou.com/about" "Mozilla/5.0 (Linux; Android 16; 25080RABDC Build/BP2A.250605.031.A3; wv) AppleWebKit/537.36 (KHTML, like Gecko) Version/4.0 Chrome/97.0.4692.98 Mobile Safari/537.36 T7/15.61 SP-engine/3.57.0 bd_dvt/0 baiduboxapp/15.61.0.11 (Baidu; P1 16) NABar/1.0"
183.229.214.158 - - [09/Jun/2026:03:22:55 +0800] "GET /wp-content/uploads/2025/07/1750945616-honor300%C3%97206_4.webp HTTP/1.1" 200 33814 "http://cqqizhou.com/about" "Mozilla/5.0 (Linux; Android 16; 25080RABDC Build/BP2A.250605.031.A3; wv) AppleWebKit/537.36 (KHTML, like Gecko) Version/4.0 Chrome/97.0.4692.98 Mobile Safari/537.36 T7/15.61 SP-engine/3.57.0 bd_dvt/0 baiduboxapp/15.61.0.11 (Baidu; P1 16) NABar/1.0"
183.229.214.158 - - [09/Jun/2026:03:23:06 +0800] "GET /wp-content/uploads/2025/07/1750945637-honor300%C3%97206_5.webp HTTP/1.1" 200 77368 "http://cqqizhou.com/about" "Mozilla/5.0 (Linux; Android 16; 25080RABDC Build/BP2A.250605.031.A3; wv) AppleWebKit/537.36 (KHTML, like Gecko) Version/4.0 Chrome/97.0.4692.98 Mobile Safari/537.36 T7/15.61 SP-engine/3.57.0 bd_dvt/0 baiduboxapp/15.61.0.11 (Baidu; P1 16) NABar/1.0"
183.229.214.158 - - [09/Jun/2026:03:23:06 +0800] "GET /wp-content/uploads/2025/07/1750945650-honor300%C3%97206_6.webp HTTP/1.1" 200 66306 "http://cqqizhou.com/about" "Mozilla/5.0 (Linux; Android 16; 25080RABDC Build/BP2A.250605.031.A3; wv) AppleWebKit/537.36 (KHTML, like Gecko) Version/4.0 Chrome/97.0.4692.98 Mobile Safari/537.36 T7/15.61 SP-engine/3.57.0 bd_dvt/0 baiduboxapp/15.61.0.11 (Baidu; P1 16) NABar/1.0"
183.229.214.158 - - [09/Jun/2026:03:23:10 +0800] "GET /wp-content/uploads/2025/07/1750656103-Visionr2000x800_20250623131702.webp HTTP/1.1" 200 57650 "http://cqqizhou.com/wp-content/uploads/elementor/css/post-1849.css?ver=1778359053" "Mozilla/5.0 (Linux; Android 16; 25080RABDC Build/BP2A.250605.031.A3; wv) AppleWebKit/537.36 (KHTML, like Gecko) Version/4.0 Chrome/97.0.4692.98 Mobile Safari/537.36 T7/15.61 SP-engine/3.57.0 bd_dvt/0 baiduboxapp/15.61.0.11 (Baidu; P1 16) NABar/1.0"
36.133.115.36 - - [09/Jun/2026:03:25:31 +0800] "POST /wp-cron.php?doing_wp_cron=1780946731.2899050712585449218750 HTTP/1.1" 200 31 "-" "WordPress/6.9; http://cqqizhou.com"
180.97.221.123 - - [09/Jun/2026:03:25:31 +0800] "POST /hello.world?%ADd+allow_url_include%3d1+%ADd+auto_prepend_file%3dphp://input HTTP/1.1" 404 32979 "-" "libredtail-http"
180.97.221.123 - - [09/Jun/2026:03:25:32 +0800] "POST /?%ADd+allow_url_include%3d1+%ADd+auto_prepend_file%3dphp://input HTTP/1.1" 200 158680 "-" "libredtail-http"
180.97.221.123 - - [09/Jun/2026:03:25:32 +0800] "GET /vendor/phpunit/phpunit/src/Util/PHP/eval-stdin.php HTTP/1.1" 404 27 "-" "libredtail-http"
180.97.221.123 - - [09/Jun/2026:03:25:32 +0800] "GET /vendor/phpunit/phpunit/Util/PHP/eval-stdin.php HTTP/1.1" 404 27 "-" "libredtail-http"
180.97.221.123 - - [09/Jun/2026:03:25:32 +0800] "GET /vendor/phpunit/src/Util/PHP/eval-stdin.php HTTP/1.1" 404 27 "-" "libredtail-http"
180.97.221.123 - - [09/Jun/2026:03:25:32 +0800] "GET /vendor/phpunit/Util/PHP/eval-stdin.php HTTP/1.1" 404 27 "-" "libredtail-http"
180.97.221.123 - - [09/Jun/2026:03:25:33 +0800] "GET /vendor/phpunit/phpunit/LICENSE/eval-stdin.php HTTP/1.1" 404 27 "-" "libredtail-http"
180.97.221.123 - - [09/Jun/2026:03:25:33 +0800] "GET /vendor/vendor/phpunit/phpunit/src/Util/PHP/eval-stdin.php HTTP/1.1" 404 27 "-" "libredtail-http"
180.97.221.123 - - [09/Jun/2026:03:25:33 +0800] "GET /phpunit/phpunit/src/Util/PHP/eval-stdin.php HTTP/1.1" 404 27 "-" "libredtail-http"
180.97.221.123 - - [09/Jun/2026:03:25:33 +0800] "GET /phpunit/phpunit/Util/PHP/eval-stdin.php HTTP/1.1" 404 27 "-" "libredtail-http"
180.97.221.123 - - [09/Jun/2026:03:25:33 +0800] "GET /phpunit/src/Util/PHP/eval-stdin.php HTTP/1.1" 404 27 "-" "libredtail-http"
180.97.221.123 - - [09/Jun/2026:03:25:33 +0800] "GET /phpunit/Util/PHP/eval-stdin.php HTTP/1.1" 404 27 "-" "libredtail-http"
180.97.221.123 - - [09/Jun/2026:03:25:33 +0800] "GET /lib/phpunit/phpunit/src/Util/PHP/eval-stdin.php HTTP/1.1" 404 27 "-" "libredtail-http"
180.97.221.123 - - [09/Jun/2026:03:25:33 +0800] "GET /lib/phpunit/phpunit/Util/PHP/eval-stdin.php HTTP/1.1" 404 27 "-" "libredtail-http"
180.97.221.123 - - [09/Jun/2026:03:25:33 +0800] "GET /lib/phpunit/src/Util/PHP/eval-stdin.php HTTP/1.1" 404 27 "-" "libredtail-http"
180.97.221.123 - - [09/Jun/2026:03:25:33 +0800] "GET /lib/phpunit/Util/PHP/eval-stdin.php HTTP/1.1" 404 27 "-" "libredtail-http"
180.97.221.123 - - [09/Jun/2026:03:25:33 +0800] "GET /lib/vendor/phpunit/phpunit/src/Util/PHP/eval-stdin.php HTTP/1.1" 404 27 "-" "libredtail-http"
180.97.221.123 - - [09/Jun/2026:03:25:33 +0800] "GET /laravel/vendor/phpunit/phpunit/src/Util/PHP/eval-stdin.php HTTP/1.1" 404 27 "-" "libredtail-http"
180.97.221.123 - - [09/Jun/2026:03:25:33 +0800] "GET /www/vendor/phpunit/phpunit/src/Util/PHP/eval-stdin.php HTTP/1.1" 404 27 "-" "libredtail-http"
180.97.221.123 - - [09/Jun/2026:03:25:34 +0800] "GET /ws/vendor/phpunit/phpunit/src/Util/PHP/eval-stdin.php HTTP/1.1" 404 27 "-" "libredtail-http"
180.97.221.123 - - [09/Jun/2026:03:25:34 +0800] "GET /yii/vendor/phpunit/phpunit/src/Util/PHP/eval-stdin.php HTTP/1.1" 404 27 "-" "libredtail-http"
180.97.221.123 - - [09/Jun/2026:03:25:34 +0800] "GET /zend/vendor/phpunit/phpunit/src/Util/PHP/eval-stdin.php HTTP/1.1" 404 27 "-" "libredtail-http"
180.97.221.123 - - [09/Jun/2026:03:25:34 +0800] "GET /ws/ec/vendor/phpunit/phpunit/src/Util/PHP/eval-stdin.php HTTP/1.1" 404 27 "-" "libredtail-http"
180.97.221.123 - - [09/Jun/2026:03:25:34 +0800] "GET /V2/vendor/phpunit/phpunit/src/Util/PHP/eval-stdin.php HTTP/1.1" 404 27 "-" "libredtail-http"
180.97.221.123 - - [09/Jun/2026:03:25:34 +0800] "GET /tests/vendor/phpunit/phpunit/src/Util/PHP/eval-stdin.php HTTP/1.1" 404 27 "-" "libredtail-http"
180.97.221.123 - - [09/Jun/2026:03:25:34 +0800] "GET /test/vendor/phpunit/phpunit/src/Util/PHP/eval-stdin.php HTTP/1.1" 404 27 "-" "libredtail-http"
180.97.221.123 - - [09/Jun/2026:03:25:34 +0800] "GET /testing/vendor/phpunit/phpunit/src/Util/PHP/eval-stdin.php HTTP/1.1" 404 27 "-" "libredtail-http"
180.97.221.123 - - [09/Jun/2026:03:25:34 +0800] "GET /api/vendor/phpunit/phpunit/src/Util/PHP/eval-stdin.php HTTP/1.1" 404 27 "-" "libredtail-http"
180.97.221.123 - - [09/Jun/2026:03:25:34 +0800] "GET /demo/vendor/phpunit/phpunit/src/Util/PHP/eval-stdin.php HTTP/1.1" 404 27 "-" "libredtail-http"
180.97.221.123 - - [09/Jun/2026:03:25:34 +0800] "GET /cms/vendor/phpunit/phpunit/src/Util/PHP/eval-stdin.php HTTP/1.1" 404 27 "-" "libredtail-http"
180.97.221.123 - - [09/Jun/2026:03:25:34 +0800] "GET /crm/vendor/phpunit/phpunit/src/Util/PHP/eval-stdin.php HTTP/1.1" 404 27 "-" "libredtail-http"
180.97.221.123 - - [09/Jun/2026:03:25:35 +0800] "GET /admin/vendor/phpunit/phpunit/src/Util/PHP/eval-stdin.php HTTP/1.1" 404 27 "-" "libredtail-http"
180.97.221.123 - - [09/Jun/2026:03:25:35 +0800] "GET /backup/vendor/phpunit/phpunit/src/Util/PHP/eval-stdin.php HTTP/1.1" 404 27 "-" "libredtail-http"
180.97.221.123 - - [09/Jun/2026:03:25:35 +0800] "GET /blog/vendor/phpunit/phpunit/src/Util/PHP/eval-stdin.php HTTP/1.1" 404 27 "-" "libredtail-http"
180.97.221.123 - - [09/Jun/2026:03:25:35 +0800] "GET /workspace/drupal/vendor/phpunit/phpunit/src/Util/PHP/eval-stdin.php HTTP/1.1" 404 27 "-" "libredtail-http"
180.97.221.123 - - [09/Jun/2026:03:25:35 +0800] "GET /panel/vendor/phpunit/phpunit/src/Util/PHP/eval-stdin.php HTTP/1.1" 404 27 "-" "libredtail-http"
180.97.221.123 - - [09/Jun/2026:03:25:35 +0800] "GET /public/vendor/phpunit/phpunit/src/Util/PHP/eval-stdin.php HTTP/1.1" 404 27 "-" "libredtail-http"
180.97.221.123 - - [09/Jun/2026:03:25:35 +0800] "GET /apps/vendor/phpunit/phpunit/src/Util/PHP/eval-stdin.php HTTP/1.1" 404 27 "-" "libredtail-http"
180.97.221.123 - - [09/Jun/2026:03:25:35 +0800] "GET /app/vendor/phpunit/phpunit/src/Util/PHP/eval-stdin.php HTTP/1.1" 404 27 "-" "libredtail-http"
180.97.221.123 - - [09/Jun/2026:03:25:36 +0800] "GET /index.php?s=/index/\x5Cthink\x5Capp/invokefunction&function=call_user_func_array&vars[0]=md5&vars[1][]=Hello HTTP/1.1" 200 67591 "-" "libredtail-http"
180.97.221.123 - - [09/Jun/2026:03:25:36 +0800] "GET /public/index.php?s=/index/\x5Cthink\x5Capp/invokefunction&function=call_user_func_array&vars[0]=md5&vars[1][]=Hello HTTP/1.1" 404 27 "-" "libredtail-http"
180.97.221.123 - - [09/Jun/2026:03:25:37 +0800] "GET /index.php?lang=../../../../../../../../usr/local/lib/php/pearcmd&+config-create+/&/<?echo(md5(\x22hi\x22));?>+/tmp/index1.php HTTP/1.1" 200 158680 "-" "libredtail-http"
180.97.221.123 - - [09/Jun/2026:03:25:38 +0800] "GET /index.php?lang=../../../../../../../../tmp/index1 HTTP/1.1" 200 158680 "-" "libredtail-http"
180.97.221.123 - - [09/Jun/2026:03:25:39 +0800] "GET /containers/json HTTP/1.1" 301 5 "-" "libredtail-http"
180.97.221.123 - - [09/Jun/2026:03:25:40 +0800] "GET /containers/json HTTP/1.1" 301 5 "-" "libredtail-http"
36.133.115.36 - - [09/Jun/2026:03:28:24 +0800] "POST /wp-cron.php?doing_wp_cron=1780946904.4173569679260253906250 HTTP/1.1" 200 31 "-" "WordPress/6.9; http://cqqizhou.com"
183.229.214.158 - - [09/Jun/2026:03:28:24 +0800] "GET /about HTTP/1.1" 200 24644 "https://m.baidu.com/" "Mozilla/5.0 (Linux; Android 16; 25080RABDC Build/BP2A.250605.031.A3; wv) AppleWebKit/537.36 (KHTML, like Gecko) Version/4.0 Chrome/97.0.4692.98 Mobile Safari/537.36 T7/15.61 SP-engine/3.57.0 bd_dvt/0 baiduboxapp/15.61.0.11 (Baidu; P1 16) NABar/1.0"
183.229.214.158 - - [09/Jun/2026:03:28:37 +0800] "GET /about HTTP/1.1" 200 24644 "https://m.baidu.com/" "Mozilla/5.0 (Linux; Android 16; 25080RABDC Build/BP2A.250605.031.A3; wv) AppleWebKit/537.36 (KHTML, like Gecko) Version/4.0 Chrome/97.0.4692.98 Mobile Safari/537.36 T7/15.61 SP-engine/3.57.0 bd_dvt/0 baiduboxapp/15.61.0.11 (Baidu; P1 16) NABar/1.0"
183.229.214.158 - - [09/Jun/2026:03:28:47 +0800] "GET /news/2588 HTTP/1.1" 200 20929 "https://m.baidu.com/" "Mozilla/5.0 (Linux; Android 16; 25080RABDC Build/BP2A.250605.031.A3; wv) AppleWebKit/537.36 (KHTML, like Gecko) Version/4.0 Chrome/97.0.4692.98 Mobile Safari/537.36 T7/15.61 SP-engine/3.57.0 bd_dvt/0 baiduboxapp/15.61.0.11 (Baidu; P1 16) NABar/1.0"
36.133.115.36 - - [09/Jun/2026:03:33:46 +0800] "POST /wp-cron.php?doing_wp_cron=1780947226.5602750778198242187500 HTTP/1.1" 200 31 "-" "WordPress/6.9; http://cqqizhou.com"
182.16.91.190 - - [09/Jun/2026:03:33:46 +0800] "GET /nacos/ HTTP/1.1" 404 9409 "-" "Mozilla/5.0 (Windows NT 10.0; WOW64; rv:48.0) Gecko/20100101 Firefox/48.0"
36.133.115.36 - - [09/Jun/2026:03:49:54 +0800] "POST /wp-cron.php?doing_wp_cron=1780948194.2068519592285156250000 HTTP/1.1" 200 31 "-" "WordPress/6.9; http://cqqizhou.com"
18.222.144.168 - - [09/Jun/2026:03:49:54 +0800] "GET / HTTP/1.1" 301 5 "-" "visionheight.com/scan Mozilla/5.0 (Macintosh; Intel Mac OS X 10_15_7) Chrome/126.0.0.0 Safari/537.36"
36.133.115.36 - - [09/Jun/2026:03:50:31 +0800] "POST /wp-cron.php?doing_wp_cron=1780948231.0061199665069580078125 HTTP/1.1" 200 31 "-" "WordPress/6.9; http://cqqizhou.com"
35.195.66.35 - - [09/Jun/2026:03:50:31 +0800] "GET / HTTP/1.1" 200 35195 "-" "Mozilla/5.0 (Windows NT 10.0; Win64; x64) AppleWebKit/537.36 (KHTML, like Gecko) Chrome/127.0.0.0 Safari/537.36"
36.133.115.36 - - [09/Jun/2026:03:53:12 +0800] "POST /wp-cron.php?doing_wp_cron=1780948392.5858631134033203125000 HTTP/1.1" 200 31 "-" "WordPress/6.9; http://cqqizhou.com"
18.222.144.168 - - [09/Jun/2026:03:53:12 +0800] "GET / HTTP/1.1" 301 5 "-" "visionheight.com/scan Mozilla/5.0 (Macintosh; Intel Mac OS X 10_15_7) Chrome/126.0.0.0 Safari/537.36"
18.222.144.168 - - [09/Jun/2026:03:53:13 +0800] "GET / HTTP/1.1" 200 35637 "http://36.133.115.36/" "visionheight.com/scan Mozilla/5.0 (Macintosh; Intel Mac OS X 10_15_7) Chrome/126.0.0.0 Safari/537.36"
36.133.115.36 - - [09/Jun/2026:03:55:14 +0800] "POST /wp-cron.php?doing_wp_cron=1780948513.9742350578308105468750 HTTP/1.1" 200 31 "-" "WordPress/6.9; http://cqqizhou.com"
144.76.32.239 - - [09/Jun/2026:03:55:14 +0800] "GET /robots.txt HTTP/1.1" 200 190 "-" "Mozilla/5.0 (compatible; SERankingBacklinksBot/1.0; +https://seranking.com/backlinks-crawler)"
144.76.32.239 - - [09/Jun/2026:03:55:15 +0800] "GET /2354/ HTTP/1.1" 301 5 "-" "Mozilla/5.0 (compatible; SERankingBacklinksBot/1.0; +https://seranking.com/backlinks-crawler)"
144.76.32.239 - - [09/Jun/2026:03:55:16 +0800] "GET /news/2354 HTTP/1.1" 200 24906 "-" "Mozilla/5.0 (compatible; SERankingBacklinksBot/1.0; +https://seranking.com/backlinks-crawler)"
144.76.32.239 - - [09/Jun/2026:03:55:21 +0800] "GET /2388/ HTTP/1.1" 301 5 "-" "Mozilla/5.0 (compatible; SERankingBacklinksBot/1.0; +https://seranking.com/backlinks-crawler)"
144.76.32.239 - - [09/Jun/2026:03:55:21 +0800] "GET /news/2388 HTTP/1.1" 200 25043 "-" "Mozilla/5.0 (compatible; SERankingBacklinksBot/1.0; +https://seranking.com/backlinks-crawler)"
144.76.32.239 - - [09/Jun/2026:03:55:26 +0800] "GET /media/2 HTTP/1.1" 200 26576 "-" "Mozilla/5.0 (compatible; SERankingBacklinksBot/1.0; +https://seranking.com/backlinks-crawler)"
144.76.32.239 - - [09/Jun/2026:03:55:30 +0800] "GET /media/3 HTTP/1.1" 200 26595 "-" "Mozilla/5.0 (compatible; SERankingBacklinksBot/1.0; +https://seranking.com/backlinks-crawler)"
144.76.32.239 - - [09/Jun/2026:03:55:36 +0800] "GET /media/4 HTTP/1.1" 200 26595 "-" "Mozilla/5.0 (compatible; SERankingBacklinksBot/1.0; +https://seranking.com/backlinks-crawler)"
144.76.32.239 - - [09/Jun/2026:03:55:41 +0800] "GET /media/5 HTTP/1.1" 200 26660 "-" "Mozilla/5.0 (compatible; SERankingBacklinksBot/1.0; +https://seranking.com/backlinks-crawler)"
144.76.32.239 - - [09/Jun/2026:03:55:45 +0800] "GET /industry HTTP/1.1" 200 20164 "-" "Mozilla/5.0 (compatible; SERankingBacklinksBot/1.0; +https://seranking.com/backlinks-crawler)"
36.133.115.36 - - [09/Jun/2026:04:03:05 +0800] "POST /wp-cron.php?doing_wp_cron=1780948984.9679899215698242187500 HTTP/1.1" 200 31 "-" "WordPress/6.9; http://cqqizhou.com"
47.95.201.70 - - [09/Jun/2026:04:03:05 +0800] "GET / HTTP/1.1" 301 5 "-" "Mozilla/5.0 (Windows NT 10.0; Win64; x64) AppleWebKit/537.36 (KHTML, like Gecko) Chrome/59.0.3071.115 Safari/537.36"
36.133.115.36 - - [09/Jun/2026:04:05:09 +0800] "POST /wp-cron.php?doing_wp_cron=1780949109.0068719387054443359375 HTTP/1.1" 200 31 "-" "WordPress/6.9; http://cqqizhou.com"
106.52.216.13 - - [09/Jun/2026:04:05:09 +0800] "GET / HTTP/1.1" 200 35195 "-" "Mozilla/5.0 (iPhone; CPU iPhone OS 13_2_3 like Mac OS X) AppleWebKit/605.1.15 (KHTML, like Gecko) Version/13.0.3 Mobile/15E148 Safari/604.1"
36.133.115.36 - - [09/Jun/2026:04:29:15 +0800] "POST /wp-cron.php?doing_wp_cron=1780950555.0425670146942138671875 HTTP/1.1" 200 31 "-" "WordPress/6.9; http://cqqizhou.com"
66.249.73.230 - - [09/Jun/2026:04:29:15 +0800] "GET /robots.txt HTTP/1.1" 200 190 "-" "Mozilla/5.0 (compatible; Googlebot/2.1; +http://www.google.com/bot.html)"
66.249.73.228 - - [09/Jun/2026:04:29:16 +0800] "GET /news/2231 HTTP/1.1" 200 20137 "-" "Mozilla/5.0 (Linux; Android 6.0.1; Nexus 5X Build/MMB29P) AppleWebKit/537.36 (KHTML, like Gecko) Chrome/148.0.7778.96 Mobile Safari/537.36 (compatible; Googlebot/2.1; +http://www.google.com/bot.html)"
36.133.115.36 - - [09/Jun/2026:04:30:16 +0800] "POST /wp-cron.php?doing_wp_cron=1780950616.2781300544738769531250 HTTP/1.1" 200 31 "-" "WordPress/6.9; http://cqqizhou.com"
119.84.246.117 - - [09/Jun/2026:04:30:16 +0800] "GET / HTTP/1.1" 301 5 "-" "Mozilla/5.0 (Windows NT 6.1; WOW64) AppleWebKit/537.1 (KHTML, like Gecko) Chrome/21.0.1180.89 Safari/537.1"
119.84.246.117 - - [09/Jun/2026:04:30:16 +0800] "GET / HTTP/1.1" 200 160339 "-" "Mozilla/5.0 (Windows NT 6.1; WOW64) AppleWebKit/537.1 (KHTML, like Gecko) Chrome/21.0.1180.89 Safari/537.1"
119.84.246.117 - - [09/Jun/2026:04:30:17 +0800] "GET / HTTP/1.1" 301 5 "-" "Mozilla/5.0 (Windows NT 6.1; WOW64) AppleWebKit/536.11 (KHTML, like Gecko) Chrome/20.0.1132.57 Safari/536.11"
119.84.246.117 - - [09/Jun/2026:04:30:17 +0800] "GET / HTTP/1.1" 200 160339 "-" "Mozilla/5.0 (Windows NT 6.1; WOW64) AppleWebKit/536.11 (KHTML, like Gecko) Chrome/20.0.1132.57 Safari/536.11"
119.84.246.117 - - [09/Jun/2026:04:30:18 +0800] "GET / HTTP/1.1" 301 5 "-" "Mozilla/5.0 (Windows NT 6.1; WOW64) AppleWebKit/537.1 (KHTML, like Gecko) Chrome/21.0.1180.89 Safari/537.1"
119.84.246.117 - - [09/Jun/2026:04:30:18 +0800] "GET / HTTP/1.1" 200 160339 "-" "Mozilla/5.0 (Windows NT 6.1; WOW64) AppleWebKit/537.1 (KHTML, like Gecko) Chrome/21.0.1180.89 Safari/537.1"
220.181.108.145 - - [09/Jun/2026:04:32:34 +0800] "GET /news/2588 HTTP/1.1" 200 24977 "-" "Mozilla/5.0 (compatible; Baiduspider/2.0; +http://www.baidu.com/search/spider.html)"
36.133.115.36 - - [09/Jun/2026:04:37:34 +0800] "POST /wp-cron.php?doing_wp_cron=1780951054.3067970275878906250000 HTTP/1.1" 200 31 "-" "WordPress/6.9; http://cqqizhou.com"
45.148.10.67 - - [09/Jun/2026:04:37:34 +0800] "GET / HTTP/1.1" 200 35195 "-" "Mozilla/5.0 (Windows NT 10.0; Win64; x64) AppleWebKit/537.36 (KHTML, like Gecko) Chrome/131.0.0.0 Safari/537.36"
36.133.115.36 - - [09/Jun/2026:04:40:31 +0800] "POST /wp-cron.php?doing_wp_cron=1780951231.6027679443359375000000 HTTP/1.1" 200 31 "-" "WordPress/6.9; http://cqqizhou.com"
112.90.14.91 - - [09/Jun/2026:04:40:31 +0800] "GET /2418/ HTTP/1.1" 301 5 "-" "Mozilla/5.0 (Windows NT 10.0; Win64; x64) AppleWebKit/537.36 (KHTML, like Gecko) Chrome/124.0.0.0 Safari/537.36"
112.90.2.138 - - [09/Jun/2026:04:40:31 +0800] "GET /news/2418 HTTP/1.1" 200 27927 "-" "Mozilla/5.0 (Windows NT 10.0; Win64; x64) AppleWebKit/537.36 (KHTML, like Gecko) Chrome/124.0.0.0 Safari/537.36"
36.133.115.36 - - [09/Jun/2026:04:57:28 +0800] "POST /wp-cron.php?doing_wp_cron=1780952248.0267200469970703125000 HTTP/1.1" 200 31 "-" "WordPress/6.9; http://cqqizhou.com"
144.76.32.239 - - [09/Jun/2026:04:57:28 +0800] "GET /robots.txt HTTP/1.1" 200 190 "-" "Mozilla/5.0 (compatible; SERankingBacklinksBot/1.0; +https://seranking.com/backlinks-crawler)"
144.76.32.239 - - [09/Jun/2026:04:57:29 +0800] "GET /news/2361 HTTP/1.1" 200 25527 "-" "Mozilla/5.0 (compatible; SERankingBacklinksBot/1.0; +https://seranking.com/backlinks-crawler)"
144.76.32.239 - - [09/Jun/2026:04:57:34 +0800] "GET /news/2373 HTTP/1.1" 200 26860 "-" "Mozilla/5.0 (compatible; SERankingBacklinksBot/1.0; +https://seranking.com/backlinks-crawler)"
144.76.32.239 - - [09/Jun/2026:04:57:38 +0800] "GET /news/2418 HTTP/1.1" 200 27927 "-" "Mozilla/5.0 (compatible; SERankingBacklinksBot/1.0; +https://seranking.com/backlinks-crawler)"
144.76.32.239 - - [09/Jun/2026:04:57:42 +0800] "GET /news/2420 HTTP/1.1" 200 24046 "-" "Mozilla/5.0 (compatible; SERankingBacklinksBot/1.0; +https://seranking.com/backlinks-crawler)"
144.76.32.239 - - [09/Jun/2026:04:57:47 +0800] "GET /news/2483 HTTP/1.1" 200 24815 "-" "Mozilla/5.0 (compatible; SERankingBacklinksBot/1.0; +https://seranking.com/backlinks-crawler)"
