49.232.68.172 - - [25/May/2026:11:43:26 +0800] "GET /wp-content/uploads/2025/07/1753456723-%E5%8F%8C%E7%9B%B8%E9%92%A2roduct_Single600.webp HTTP/1.1" 200 22790 "http://cqqizhou.com/" "Mozilla/5.0 (Windows NT 10.0; Win64; x64) AppleWebKit/537.36 (KHTML, like Gecko) Chrome/110.0.0.0 Safari/537.36"
43.143.121.219 - - [25/May/2026:11:43:26 +0800] "GET /wp-content/uploads/2026/05/1779059685-1Article_images_W900px.webp HTTP/1.1" 200 50738 "http://cqqizhou.com/" "Mozilla/5.0 (Windows NT 10.0; Win64; x64) AppleWebKit/537.36 (KHTML, like Gecko) Chrome/110.0.0.0 Safari/537.36"
43.143.121.219 - - [25/May/2026:11:43:27 +0800] "GET /wp-content/uploads/2026/05/1779328461-1Article_images_W900px.webp HTTP/1.1" 200 37908 "http://cqqizhou.com/" "Mozilla/5.0 (Windows NT 10.0; Win64; x64) AppleWebKit/537.36 (KHTML, like Gecko) Chrome/110.0.0.0 Safari/537.36"
162.14.196.45 - - [25/May/2026:11:43:27 +0800] "GET /wp-content/uploads/2026/04/1775698332-Article_images_W900px.webp HTTP/1.1" 200 49852 "http://cqqizhou.com/" "Mozilla/5.0 (Windows NT 10.0; Win64; x64) AppleWebKit/537.36 (KHTML, like Gecko) Chrome/110.0.0.0 Safari/537.36"
114.132.58.221 - - [25/May/2026:11:43:27 +0800] "GET /wp-content/uploads/2026/04/1775865780-1Article_images_W900px.webp HTTP/1.1" 200 41840 "http://cqqizhou.com/" "Mozilla/5.0 (Windows NT 10.0; Win64; x64) AppleWebKit/537.36 (KHTML, like Gecko) Chrome/110.0.0.0 Safari/537.36"
43.136.89.209 - - [25/May/2026:11:43:32 +0800] "GET /wp-content/uploads/2026/04/1777513410-1Article_images_W900px.webp HTTP/1.1" 200 30786 "http://cqqizhou.com/" "Mozilla/5.0 (Windows NT 10.0; Win64; x64) AppleWebKit/537.36 (KHTML, like Gecko) Chrome/110.0.0.0 Safari/537.36"
36.133.115.36 - - [25/May/2026:11:55:24 +0800] "POST /wp-cron.php?doing_wp_cron=1779681324.8867459297180175781250 HTTP/1.1" 200 31 "-" "WordPress/6.9; http://cqqizhou.com"
123.26.193.11 - - [25/May/2026:11:55:24 +0800] "GET /portfolio-category/pickled-coil/ HTTP/1.1" 301 5 "-" "Mozilla/5.0 (Macintosh; Intel Mac OS X 10.15; rv:{version}.0) Gecko/20100101 Firefox/135.0"
45.230.171.18 - - [25/May/2026:11:55:27 +0800] "GET /news/portfolio/pickled-coil HTTP/1.1" 200 22746 "-" "Mozilla/5.0 (Macintosh; Intel Mac OS X 10.15; rv:{version}.0) Gecko/20100101 Firefox/135.0"
36.133.115.36 - - [25/May/2026:11:56:12 +0800] "POST /wp-cron.php?doing_wp_cron=1779681372.3666009902954101562500 HTTP/1.1" 200 31 "-" "WordPress/6.9; http://cqqizhou.com"
193.123.254.202 - - [25/May/2026:11:56:12 +0800] "POST /api/v1/auth/authenticate HTTP/1.1" 404 32979 "-" "Mozilla/5.0"
36.133.115.36 - - [25/May/2026:12:25:43 +0800] "POST /wp-cron.php?doing_wp_cron=1779683143.0658779144287109375000 HTTP/1.1" 200 31 "-" "WordPress/6.9; http://cqqizhou.com"
119.84.246.117 - - [25/May/2026:12:25:43 +0800] "GET / HTTP/1.1" 301 5 "-" "Mozilla/5.0 (Windows NT 6.1; WOW64) AppleWebKit/536.11 (KHTML, like Gecko) Chrome/20.0.1132.57 Safari/536.11"
119.84.246.117 - - [25/May/2026:12:25:43 +0800] "GET / HTTP/1.1" 200 160201 "-" "Mozilla/5.0 (Windows NT 6.1; WOW64) AppleWebKit/536.11 (KHTML, like Gecko) Chrome/20.0.1132.57 Safari/536.11"
119.84.246.117 - - [25/May/2026:12:25:44 +0800] "GET / HTTP/1.1" 301 5 "-" "Mozilla/5.0 (Windows NT 6.1; WOW64) AppleWebKit/537.1 (KHTML, like Gecko) Chrome/21.0.1180.89 Safari/537.1"
119.84.246.117 - - [25/May/2026:12:25:44 +0800] "GET / HTTP/1.1" 200 160201 "-" "Mozilla/5.0 (Windows NT 6.1; WOW64) AppleWebKit/537.1 (KHTML, like Gecko) Chrome/21.0.1180.89 Safari/537.1"
119.84.246.117 - - [25/May/2026:12:25:45 +0800] "GET / HTTP/1.1" 301 5 "-" "Mozilla/5.0 (Windows NT 6.1) AppleWebKit/535.11 (KHTML, like Gecko) Chrome/17.0.963.84 Safari/535.11 LBBROWSER"
119.84.246.117 - - [25/May/2026:12:25:45 +0800] "GET / HTTP/1.1" 200 160201 "-" "Mozilla/5.0 (Windows NT 6.1) AppleWebKit/535.11 (KHTML, like Gecko) Chrome/17.0.963.84 Safari/535.11 LBBROWSER"
36.133.115.36 - - [25/May/2026:12:44:31 +0800] "POST /wp-cron.php?doing_wp_cron=1779684271.5530469417572021484375 HTTP/1.1" 200 31 "-" "WordPress/6.9; http://cqqizhou.com"
93.123.72.166 - - [25/May/2026:12:44:31 +0800] "GET /SDK/webLanguage HTTP/1.1" 301 5 "-" "Mozilla/5.0 (Windows NT 10.0; Win64; x64) AppleWebKit/537.36 (KHTML, like Gecko) Chrome/90.0.4430.85 Safari/537.36 Edg/90.0.818.46"
36.133.115.36 - - [25/May/2026:12:57:33 +0800] "POST /wp-cron.php?doing_wp_cron=1779685053.1027529239654541015625 HTTP/1.1" 200 31 "-" "WordPress/6.9; http://cqqizhou.com"
45.148.10.67 - - [25/May/2026:12:57:33 +0800] "GET / HTTP/1.1" 200 35086 "-" "Mozilla/5.0 (Windows NT 10.0; Win64; x64) AppleWebKit/537.36 (KHTML, like Gecko) Chrome/131.0.0.0 Safari/537.36"
120.92.38.77 - - [25/May/2026:13:03:32 +0800] "GET / HTTP/1.1" 200 35528 "-" "Mozilla/5.0 (Windows NT 10.0; Win64; x64) AppleWebKit/537.36 (KHTML, like Gecko) Chrome/130.0.0.0 Safari/537.36 Edg/130.0.0.0"
36.133.115.36 - - [25/May/2026:13:06:16 +0800] "POST /wp-cron.php?doing_wp_cron=1779685576.7164559364318847656250 HTTP/1.1" 200 31 "-" "WordPress/6.9; http://cqqizhou.com"
66.249.73.228 - - [25/May/2026:13:06:16 +0800] "GET /news/2165 HTTP/1.1" 200 23349 "-" "Mozilla/5.0 (Linux; Android 6.0.1; Nexus 5X Build/MMB29P) AppleWebKit/537.36 (KHTML, like Gecko) Chrome/148.0.7778.96 Mobile Safari/537.36 (compatible; Googlebot/2.1; +http://www.google.com/bot.html)"
36.133.115.36 - - [25/May/2026:13:14:33 +0800] "POST /wp-cron.php?doing_wp_cron=1779686073.1337029933929443359375 HTTP/1.1" 200 31 "-" "WordPress/6.9; http://cqqizhou.com"
54.39.203.228 - - [25/May/2026:13:14:33 +0800] "GET /news/2162 HTTP/1.1" 200 25723 "-" "Mozilla/5.0 (compatible; AhrefsBot/7.0; +http://ahrefs.com/robot/)"
36.133.115.36 - - [25/May/2026:13:15:15 +0800] "POST /wp-cron.php?doing_wp_cron=1779686115.5207591056823730468750 HTTP/1.1" 200 31 "-" "WordPress/6.9; http://cqqizhou.com"
36.133.108.125 - - [25/May/2026:13:15:15 +0800] "HEAD /Streaming/Channels/101 HTTP/1.1" 404 0 "-" "Mozilla/5.0 (compatible; MSIE 9.0; Windows NT 6.1; Trident/5.0; yie8)"
36.133.115.36 - - [25/May/2026:13:17:13 +0800] "POST /wp-cron.php?doing_wp_cron=1779686233.5355679988861083984375 HTTP/1.1" 200 31 "-" "WordPress/6.9; http://cqqizhou.com"
47.128.31.12 - - [25/May/2026:13:17:13 +0800] "GET /robots.txt HTTP/1.1" 200 190 "-" "Mozilla/5.0 (Linux; Android 5.0) AppleWebKit/537.36 (KHTML, like Gecko) Mobile Safari/537.36 (compatible; Bytespider; spider-feedback@bytedance.com)"
121.91.184.98 - - [25/May/2026:13:33:44 +0800] "GET /wp-content/uploads/2026/04/1775195054-1Article_images_W900px.webp HTTP/1.1" 200 25562 "-" "Mozilla/5.0 (Macintosh; Intel Mac OS X 10_15_7) AppleWebKit/537.36 (KHTML, like Gecko) Chrome/130.0.0.0 Safari/537.36"
36.133.115.36 - - [25/May/2026:13:48:18 +0800] "POST /wp-cron.php?doing_wp_cron=1779688098.5403010845184326171875 HTTP/1.1" 200 31 "-" "WordPress/6.9; http://cqqizhou.com"
103.167.61.162 - - [25/May/2026:13:48:18 +0800] "GET /wp-json/wp/v2/posts HTTP/1.1" 200 18381 "-" "Mozilla/5.0 (Windows NT 10.0; Win64; x64) AppleWebKit/537.36 (KHTML, like Gecko) Chrome/120.0.0.0 Safari/537.36"
36.133.115.36 - - [25/May/2026:13:49:53 +0800] "POST /wp-cron.php?doing_wp_cron=1779688192.9905889034271240234375 HTTP/1.1" 200 31 "-" "WordPress/6.9; http://cqqizhou.com"
172.110.223.155 - - [25/May/2026:13:49:53 +0800] "GET / HTTP/1.1" 301 5 "-" "-"
36.133.115.36 - - [25/May/2026:14:12:50 +0800] "POST /wp-cron.php?doing_wp_cron=1779689570.1927731037139892578125 HTTP/1.1" 200 31 "-" "WordPress/6.9; http://cqqizhou.com"
5.61.209.126 - - [25/May/2026:14:12:50 +0800] "GET /SDK/webLanguage HTTP/1.1" 301 5 "-" "Mozilla/5.0 (Windows NT 10.0; Win64; x64) AppleWebKit/537.36 (KHTML, like Gecko) Chrome/90.0.4430.85 Safari/537.36 Edg/90.0.818.46"
36.133.108.121 - - [25/May/2026:14:12:57 +0800] "HEAD /Streaming/Channels/1 HTTP/1.1" 404 0 "-" "Mozilla/5.0 (Macintosh; U; Intel Mac OS X 10_6_7; en-us) AppleWebKit/534.16+ (KHTML, like Gecko) Version/5.0.3 Safari/533.19.4"
36.133.115.36 - - [25/May/2026:14:25:54 +0800] "POST /wp-cron.php?doing_wp_cron=1779690354.1308848857879638671875 HTTP/1.1" 200 31 "-" "WordPress/6.9; http://cqqizhou.com"
52.128.231.114 - - [25/May/2026:14:25:54 +0800] "GET / HTTP/1.1" 301 5 "-" "Mozilla/5.0 (Windows NT 10.0; Win64; x64) AppleWebKit/537.36 (KHTML, like Gecko) Chrome/87.0.4280.66 Safari/537.36"
52.128.231.114 - - [25/May/2026:14:25:54 +0800] "GET / HTTP/1.1" 200 35528 "http://www.cqqizhou.com/" "Mozilla/5.0 (Windows NT 10.0; Win64; x64) AppleWebKit/537.36 (KHTML, like Gecko) Chrome/87.0.4280.66 Safari/537.36"
36.133.115.36 - - [25/May/2026:14:36:28 +0800] "POST /wp-cron.php?doing_wp_cron=1779690988.4625680446624755859375 HTTP/1.1" 200 31 "-" "WordPress/6.9; http://cqqizhou.com"
49.51.36.179 - - [25/May/2026:14:36:28 +0800] "GET / HTTP/1.1" 200 35086 "-" "Mozilla/5.0 (iPhone; CPU iPhone OS 13_2_3 like Mac OS X) AppleWebKit/605.1.15 (KHTML, like Gecko) Version/13.0.3 Mobile/15E148 Safari/604.1"
36.133.115.36 - - [25/May/2026:14:49:57 +0800] "POST /wp-cron.php?doing_wp_cron=1779691797.8898119926452636718750 HTTP/1.1" 200 31 "-" "WordPress/6.9; http://cqqizhou.com"
43.128.149.102 - - [25/May/2026:14:49:57 +0800] "GET /services HTTP/1.1" 301 5 "-" "Mozilla/5.0 (iPhone; CPU iPhone OS 13_2_3 like Mac OS X) AppleWebKit/605.1.15 (KHTML, like Gecko) Version/13.0.3 Mobile/15E148 Safari/604.1"
43.128.149.102 - - [25/May/2026:14:49:59 +0800] "GET /services HTTP/1.1" 200 26365 "http://36.133.115.36:80/services" "Mozilla/5.0 (iPhone; CPU iPhone OS 13_2_3 like Mac OS X) AppleWebKit/605.1.15 (KHTML, like Gecko) Version/13.0.3 Mobile/15E148 Safari/604.1"
111.6.102.18 - - [25/May/2026:14:50:48 +0800] "GET / HTTP/1.1" 200 35528 "-" ""
36.133.115.36 - - [25/May/2026:14:52:36 +0800] "POST /wp-cron.php?doing_wp_cron=1779691956.0754489898681640625000 HTTP/1.1" 200 31 "-" "WordPress/6.9; http://cqqizhou.com"
43.162.103.165 - - [25/May/2026:14:52:36 +0800] "GET / HTTP/1.1" 200 35086 "-" "Mozilla/5.0 (iPhone; CPU iPhone OS 13_2_3 like Mac OS X) AppleWebKit/605.1.15 (KHTML, like Gecko) Version/13.0.3 Mobile/15E148 Safari/604.1"
43.159.152.184 - - [25/May/2026:15:01:46 +0800] "GET /wp-content/uploads/2025/12/1764853157-ISO3-1096x1536.webp HTTP/1.1" 200 188976 "-" "Mozilla/5.0 (iPhone; CPU iPhone OS 13_2_3 like Mac OS X) AppleWebKit/605.1.15 (KHTML, like Gecko) Version/13.0.3 Mobile/15E148 Safari/604.1"
36.133.115.36 - - [25/May/2026:15:09:27 +0800] "POST /wp-cron.php?doing_wp_cron=1779692967.1796619892120361328125 HTTP/1.1" 200 31 "-" "WordPress/6.9; http://cqqizhou.com"
43.156.114.184 - - [25/May/2026:15:09:27 +0800] "GET /2388/ HTTP/1.1" 404 9411 "-" "Mozilla/5.0 (iPhone; CPU iPhone OS 13_2_3 like Mac OS X) AppleWebKit/605.1.15 (KHTML, like Gecko) Version/13.0.3 Mobile/15E148 Safari/604.1"
49.51.243.95 - - [25/May/2026:15:15:24 +0800] "GET /wp-content/uploads/2025/12/1764853152-ISO1-731x1024.webp HTTP/1.1" 200 83308 "-" "Mozilla/5.0 (iPhone; CPU iPhone OS 13_2_3 like Mac OS X) AppleWebKit/605.1.15 (KHTML, like Gecko) Version/13.0.3 Mobile/15E148 Safari/604.1"
36.133.115.36 - - [25/May/2026:15:22:42 +0800] "POST /wp-cron.php?doing_wp_cron=1779693762.6253631114959716796875 HTTP/1.1" 200 31 "-" "WordPress/6.9; http://cqqizhou.com"
54.39.203.69 - - [25/May/2026:15:22:42 +0800] "GET /news/page/2/ HTTP/1.1" 301 5 "-" "Mozilla/5.0 (compatible; AhrefsBot/7.0; +http://ahrefs.com/robot/)"
36.133.115.36 - - [25/May/2026:15:27:38 +0800] "POST /wp-cron.php?doing_wp_cron=1779694058.0157821178436279296875 HTTP/1.1" 200 31 "-" "WordPress/6.9; http://cqqizhou.com"
43.153.49.151 - - [25/May/2026:15:27:38 +0800] "GET /contacts/ HTTP/1.1" 301 5 "-" "Mozilla/5.0 (iPhone; CPU iPhone OS 13_2_3 like Mac OS X) AppleWebKit/605.1.15 (KHTML, like Gecko) Version/13.0.3 Mobile/15E148 Safari/604.1"
43.153.49.151 - - [25/May/2026:15:27:40 +0800] "GET /contacts HTTP/1.1" 200 19077 "http://36.133.115.36/contacts/" "Mozilla/5.0 (iPhone; CPU iPhone OS 13_2_3 like Mac OS X) AppleWebKit/605.1.15 (KHTML, like Gecko) Version/13.0.3 Mobile/15E148 Safari/604.1"
43.165.174.53 - - [25/May/2026:15:33:47 +0800] "GET /wp-content/uploads/2025/12/1764853157-ISO3-731x1024.webp HTTP/1.1" 200 105856 "-" "Mozilla/5.0 (iPhone; CPU iPhone OS 13_2_3 like Mac OS X) AppleWebKit/605.1.15 (KHTML, like Gecko) Version/13.0.3 Mobile/15E148 Safari/604.1"
36.133.115.36 - - [25/May/2026:15:35:28 +0800] "POST /wp-cron.php?doing_wp_cron=1779694528.6560480594635009765625 HTTP/1.1" 200 31 "-" "WordPress/6.9; http://cqqizhou.com"
83.229.8.197 - - [25/May/2026:15:35:28 +0800] "POST /hello.world?%ADd+allow_url_include%3d1+%ADd+auto_prepend_file%3dphp://input HTTP/1.1" 404 32979 "-" "libredtail-http"
83.229.8.197 - - [25/May/2026:15:35:31 +0800] "POST /?%ADd+allow_url_include%3d1+%ADd+auto_prepend_file%3dphp://input HTTP/1.1" 200 158542 "-" "libredtail-http"
83.229.8.197 - - [25/May/2026:15:35:32 +0800] "GET /vendor/phpunit/phpunit/src/Util/PHP/eval-stdin.php HTTP/1.1" 404 27 "-" "libredtail-http"
83.229.8.197 - - [25/May/2026:15:35:34 +0800] "GET /vendor/phpunit/phpunit/Util/PHP/eval-stdin.php HTTP/1.1" 404 27 "-" "libredtail-http"
83.229.8.197 - - [25/May/2026:15:35:35 +0800] "GET /vendor/phpunit/src/Util/PHP/eval-stdin.php HTTP/1.1" 404 27 "-" "libredtail-http"
83.229.8.197 - - [25/May/2026:15:35:36 +0800] "GET /vendor/phpunit/Util/PHP/eval-stdin.php HTTP/1.1" 404 27 "-" "libredtail-http"
83.229.8.197 - - [25/May/2026:15:35:37 +0800] "GET /vendor/phpunit/phpunit/LICENSE/eval-stdin.php HTTP/1.1" 404 27 "-" "libredtail-http"
83.229.8.197 - - [25/May/2026:15:35:38 +0800] "GET /vendor/vendor/phpunit/phpunit/src/Util/PHP/eval-stdin.php HTTP/1.1" 404 27 "-" "libredtail-http"
83.229.8.197 - - [25/May/2026:15:35:39 +0800] "GET /phpunit/phpunit/src/Util/PHP/eval-stdin.php HTTP/1.1" 404 27 "-" "libredtail-http"
83.229.8.197 - - [25/May/2026:15:35:40 +0800] "GET /phpunit/phpunit/Util/PHP/eval-stdin.php HTTP/1.1" 404 27 "-" "libredtail-http"
83.229.8.197 - - [25/May/2026:15:35:41 +0800] "GET /phpunit/src/Util/PHP/eval-stdin.php HTTP/1.1" 404 27 "-" "libredtail-http"
83.229.8.197 - - [25/May/2026:15:35:43 +0800] "GET /phpunit/Util/PHP/eval-stdin.php HTTP/1.1" 404 27 "-" "libredtail-http"
83.229.8.197 - - [25/May/2026:15:35:44 +0800] "GET /lib/phpunit/phpunit/src/Util/PHP/eval-stdin.php HTTP/1.1" 404 27 "-" "libredtail-http"
83.229.8.197 - - [25/May/2026:15:35:45 +0800] "GET /lib/phpunit/phpunit/Util/PHP/eval-stdin.php HTTP/1.1" 404 27 "-" "libredtail-http"
83.229.8.197 - - [25/May/2026:15:35:46 +0800] "GET /lib/phpunit/src/Util/PHP/eval-stdin.php HTTP/1.1" 404 27 "-" "libredtail-http"
83.229.8.197 - - [25/May/2026:15:35:47 +0800] "GET /lib/phpunit/Util/PHP/eval-stdin.php HTTP/1.1" 404 27 "-" "libredtail-http"
83.229.8.197 - - [25/May/2026:15:35:48 +0800] "GET /lib/vendor/phpunit/phpunit/src/Util/PHP/eval-stdin.php HTTP/1.1" 404 27 "-" "libredtail-http"
83.229.8.197 - - [25/May/2026:15:35:50 +0800] "GET /laravel/vendor/phpunit/phpunit/src/Util/PHP/eval-stdin.php HTTP/1.1" 404 27 "-" "libredtail-http"
83.229.8.197 - - [25/May/2026:15:35:51 +0800] "GET /www/vendor/phpunit/phpunit/src/Util/PHP/eval-stdin.php HTTP/1.1" 404 27 "-" "libredtail-http"
83.229.8.197 - - [25/May/2026:15:35:52 +0800] "GET /ws/vendor/phpunit/phpunit/src/Util/PHP/eval-stdin.php HTTP/1.1" 404 27 "-" "libredtail-http"
83.229.8.197 - - [25/May/2026:15:35:53 +0800] "GET /yii/vendor/phpunit/phpunit/src/Util/PHP/eval-stdin.php HTTP/1.1" 404 27 "-" "libredtail-http"
83.229.8.197 - - [25/May/2026:15:35:55 +0800] "GET /zend/vendor/phpunit/phpunit/src/Util/PHP/eval-stdin.php HTTP/1.1" 404 27 "-" "libredtail-http"
83.229.8.197 - - [25/May/2026:15:35:56 +0800] "GET /ws/ec/vendor/phpunit/phpunit/src/Util/PHP/eval-stdin.php HTTP/1.1" 404 27 "-" "libredtail-http"
83.229.8.197 - - [25/May/2026:15:35:58 +0800] "GET /V2/vendor/phpunit/phpunit/src/Util/PHP/eval-stdin.php HTTP/1.1" 404 27 "-" "libredtail-http"
83.229.8.197 - - [25/May/2026:15:35:59 +0800] "GET /tests/vendor/phpunit/phpunit/src/Util/PHP/eval-stdin.php HTTP/1.1" 404 27 "-" "libredtail-http"
83.229.8.197 - - [25/May/2026:15:36:00 +0800] "GET /test/vendor/phpunit/phpunit/src/Util/PHP/eval-stdin.php HTTP/1.1" 404 27 "-" "libredtail-http"
83.229.8.197 - - [25/May/2026:15:36:02 +0800] "GET /testing/vendor/phpunit/phpunit/src/Util/PHP/eval-stdin.php HTTP/1.1" 404 27 "-" "libredtail-http"
83.229.8.197 - - [25/May/2026:15:36:03 +0800] "GET /api/vendor/phpunit/phpunit/src/Util/PHP/eval-stdin.php HTTP/1.1" 404 27 "-" "libredtail-http"
83.229.8.197 - - [25/May/2026:15:36:04 +0800] "GET /demo/vendor/phpunit/phpunit/src/Util/PHP/eval-stdin.php HTTP/1.1" 404 27 "-" "libredtail-http"
83.229.8.197 - - [25/May/2026:15:36:05 +0800] "GET /cms/vendor/phpunit/phpunit/src/Util/PHP/eval-stdin.php HTTP/1.1" 404 27 "-" "libredtail-http"
83.229.8.197 - - [25/May/2026:15:36:07 +0800] "GET /crm/vendor/phpunit/phpunit/src/Util/PHP/eval-stdin.php HTTP/1.1" 404 27 "-" "libredtail-http"
83.229.8.197 - - [25/May/2026:15:36:08 +0800] "GET /admin/vendor/phpunit/phpunit/src/Util/PHP/eval-stdin.php HTTP/1.1" 404 27 "-" "libredtail-http"
83.229.8.197 - - [25/May/2026:15:36:10 +0800] "GET /backup/vendor/phpunit/phpunit/src/Util/PHP/eval-stdin.php HTTP/1.1" 404 27 "-" "libredtail-http"
83.229.8.197 - - [25/May/2026:15:36:11 +0800] "GET /blog/vendor/phpunit/phpunit/src/Util/PHP/eval-stdin.php HTTP/1.1" 404 27 "-" "libredtail-http"
83.229.8.197 - - [25/May/2026:15:36:12 +0800] "GET /workspace/drupal/vendor/phpunit/phpunit/src/Util/PHP/eval-stdin.php HTTP/1.1" 404 27 "-" "libredtail-http"
83.229.8.197 - - [25/May/2026:15:36:14 +0800] "GET /panel/vendor/phpunit/phpunit/src/Util/PHP/eval-stdin.php HTTP/1.1" 404 27 "-" "libredtail-http"
83.229.8.197 - - [25/May/2026:15:36:15 +0800] "GET /public/vendor/phpunit/phpunit/src/Util/PHP/eval-stdin.php HTTP/1.1" 404 27 "-" "libredtail-http"
83.229.8.197 - - [25/May/2026:15:36:16 +0800] "GET /apps/vendor/phpunit/phpunit/src/Util/PHP/eval-stdin.php HTTP/1.1" 404 27 "-" "libredtail-http"
83.229.8.197 - - [25/May/2026:15:36:18 +0800] "GET /app/vendor/phpunit/phpunit/src/Util/PHP/eval-stdin.php HTTP/1.1" 404 27 "-" "libredtail-http"
36.133.115.36 - - [25/May/2026:15:36:20 +0800] "POST /wp-cron.php?doing_wp_cron=1779694580.3690700531005859375000 HTTP/1.1" 200 31 "-" "WordPress/6.9; http://cqqizhou.com"
83.229.8.197 - - [25/May/2026:15:36:20 +0800] "GET /index.php?s=/index/\x5Cthink\x5Capp/invokefunction&function=call_user_func_array&vars[0]=md5&vars[1][]=Hello HTTP/1.1" 200 67127 "-" "libredtail-http"
83.229.8.197 - - [25/May/2026:15:36:21 +0800] "GET /public/index.php?s=/index/\x5Cthink\x5Capp/invokefunction&function=call_user_func_array&vars[0]=md5&vars[1][]=Hello HTTP/1.1" 404 27 "-" "libredtail-http"
83.229.8.197 - - [25/May/2026:15:36:24 +0800] "GET /index.php?lang=../../../../../../../../usr/local/lib/php/pearcmd&+config-create+/&/<?echo(md5(\x22hi\x22));?>+/tmp/index1.php HTTP/1.1" 200 158542 "-" "libredtail-http"
83.229.8.197 - - [25/May/2026:15:36:27 +0800] "GET /index.php?lang=../../../../../../../../tmp/index1 HTTP/1.1" 200 158542 "-" "libredtail-http"
83.229.8.197 - - [25/May/2026:15:36:30 +0800] "GET /containers/json HTTP/1.1" 301 5 "-" "libredtail-http"
83.229.8.197 - - [25/May/2026:15:36:33 +0800] "GET /containers/json HTTP/1.1" 301 5 "-" "libredtail-http"
36.133.115.36 - - [25/May/2026:15:40:31 +0800] "POST /wp-cron.php?doing_wp_cron=1779694831.4202079772949218750000 HTTP/1.1" 200 31 "-" "WordPress/6.9; http://cqqizhou.com"
43.161.251.162 - - [25/May/2026:15:40:31 +0800] "GET /process/processing HTTP/1.1" 404 9411 "-" "Mozilla/5.0 (iPhone; CPU iPhone OS 13_2_3 like Mac OS X) AppleWebKit/605.1.15 (KHTML, like Gecko) Version/13.0.3 Mobile/15E148 Safari/604.1"
36.133.115.36 - - [25/May/2026:15:42:18 +0800] "POST /wp-cron.php?doing_wp_cron=1779694938.5724439620971679687500 HTTP/1.1" 200 31 "-" "WordPress/6.9; http://cqqizhou.com"
34.77.89.186 - - [25/May/2026:15:42:18 +0800] "GET / HTTP/1.1" 200 35086 "-" "Mozilla/5.0 (Windows NT 10.0; Win64; x64) AppleWebKit/537.36 (KHTML, like Gecko) Chrome/127.0.0.0 Safari/537.36"
129.226.94.52 - - [25/May/2026:15:42:50 +0800] "GET /wp-content/uploads/2025/07/1751829454-Smart-warehousing800x500.webp HTTP/1.1" 200 79504 "-" "Mozilla/5.0 (iPhone; CPU iPhone OS 13_2_3 like Mac OS X) AppleWebKit/605.1.15 (KHTML, like Gecko) Version/13.0.3 Mobile/15E148 Safari/604.1"
36.133.115.36 - - [25/May/2026:16:03:15 +0800] "POST /wp-cron.php?doing_wp_cron=1779696195.7238800525665283203125 HTTP/1.1" 200 31 "-" "WordPress/6.9; http://cqqizhou.com"
45.148.10.67 - - [25/May/2026:16:03:15 +0800] "GET / HTTP/1.1" 200 35086 "-" "Mozilla/5.0 (Windows NT 10.0; Win64; x64) AppleWebKit/537.36 (KHTML, like Gecko) Chrome/131.0.0.0 Safari/537.36"
52.128.231.114 - - [25/May/2026:16:12:04 +0800] "GET /u/admin.php?m=user&a=login&iframe=&sid= HTTP/1.1" 404 47 "http://www.baidu.com/" "Mozilla/5.0 (Windows NT 10.0; Win64; x64) AppleWebKit/537.36 (KHTML, like Gecko) Chrome/85.0.4183.121 Safari/537.36"
52.128.231.114 - - [25/May/2026:16:12:04 +0800] "GET /center/admin.php?m=user&a=login&iframe=&sid= HTTP/1.1" 404 47 "http://www.baidu.com/" "Mozilla/5.0 (Windows NT 10.0; Win64; x64) AppleWebKit/537.36 (KHTML, like Gecko) Chrome/85.0.4183.121 Safari/537.36"
52.128.231.114 - - [25/May/2026:16:12:04 +0800] "GET /forum/uc_server/admin.php?m=user&a=login&iframe=&sid= HTTP/1.1" 404 47 "http://www.baidu.com/" "Mozilla/5.0 (Windows NT 10.0; Win64; x64) AppleWebKit/537.36 (KHTML, like Gecko) Chrome/85.0.4183.121 Safari/537.36"
52.128.231.114 - - [25/May/2026:16:12:04 +0800] "GET /uc_server/admin.php?m=user&a=login&iframe=&sid= HTTP/1.1" 404 47 "http://www.baidu.com/" "Mozilla/5.0 (Windows NT 10.0; Win64; x64) AppleWebKit/537.36 (KHTML, like Gecko) Chrome/85.0.4183.121 Safari/537.36"
52.128.231.114 - - [25/May/2026:16:12:04 +0800] "GET /upload/uc_server/admin.php?m=user&a=login&iframe=&sid= HTTP/1.1" 404 47 "http://www.baidu.com/" "Mozilla/5.0 (Windows NT 10.0; Win64; x64) AppleWebKit/537.36 (KHTML, like Gecko) Chrome/85.0.4183.121 Safari/537.36"
52.128.231.114 - - [25/May/2026:16:12:04 +0800] "GET /admin.php?m=user&a=login&iframe=&sid= HTTP/1.1" 404 47 "http://www.baidu.com/" "Mozilla/5.0 (Windows NT 10.0; Win64; x64) AppleWebKit/537.36 (KHTML, like Gecko) Chrome/85.0.4183.121 Safari/537.36"
52.128.231.114 - - [25/May/2026:16:12:04 +0800] "GET /uccenter/admin.php?m=user&a=login&iframe=&sid= HTTP/1.1" 404 47 "http://www.baidu.com/" "Mozilla/5.0 (Windows NT 10.0; Win64; x64) AppleWebKit/537.36 (KHTML, like Gecko) Chrome/85.0.4183.121 Safari/537.36"
52.128.231.114 - - [25/May/2026:16:12:04 +0800] "GET /club/uc_server/admin.php?m=user&a=login&iframe=&sid= HTTP/1.1" 404 47 "http://www.baidu.com/" "Mozilla/5.0 (Windows NT 10.0; Win64; x64) AppleWebKit/537.36 (KHTML, like Gecko) Chrome/85.0.4183.121 Safari/537.36"
52.128.231.114 - - [25/May/2026:16:12:04 +0800] "GET /ucserver/admin.php?m=user&a=login&iframe=&sid= HTTP/1.1" 404 47 "http://www.baidu.com/" "Mozilla/5.0 (Windows NT 10.0; Win64; x64) AppleWebKit/537.36 (KHTML, like Gecko) Chrome/85.0.4183.121 Safari/537.36"
52.128.231.114 - - [25/May/2026:16:12:04 +0800] "GET /uc/admin.php?m=user&a=login&iframe=&sid= HTTP/1.1" 404 47 "http://www.baidu.com/" "Mozilla/5.0 (Windows NT 10.0; Win64; x64) AppleWebKit/537.36 (KHTML, like Gecko) Chrome/85.0.4183.121 Safari/537.36"
52.128.231.114 - - [25/May/2026:16:12:04 +0800] "GET /ucenter/admin.php?m=user&a=login&iframe=&sid= HTTP/1.1" 404 47 "http://www.baidu.com/" "Mozilla/5.0 (Windows NT 10.0; Win64; x64) AppleWebKit/537.36 (KHTML, like Gecko) Chrome/85.0.4183.121 Safari/537.36"
52.128.231.114 - - [25/May/2026:16:12:04 +0800] "GET /bbs/uc_server/admin.php?m=user&a=login&iframe=&sid= HTTP/1.1" 404 47 "http://www.baidu.com/" "Mozilla/5.0 (Windows NT 10.0; Win64; x64) AppleWebKit/537.36 (KHTML, like Gecko) Chrome/85.0.4183.121 Safari/537.36"
36.133.115.36 - - [25/May/2026:16:12:50 +0800] "POST /wp-cron.php?doing_wp_cron=1779696770.5409080982208251953125 HTTP/1.1" 200 31 "-" "WordPress/6.9; http://cqqizhou.com"
43.163.107.243 - - [25/May/2026:16:12:50 +0800] "GET /wp-json/oembed/1.0/embed?url=http%3A%2F%2Fcqqizhou.com%2Fcontacts HTTP/1.1" 200 1144 "-" "Mozilla/5.0 (iPhone; CPU iPhone OS 13_2_3 like Mac OS X) AppleWebKit/605.1.15 (KHTML, like Gecko) Version/13.0.3 Mobile/15E148 Safari/604.1"
129.226.94.18 - - [25/May/2026:16:21:21 +0800] "GET /wp-content/uploads/2025/07/1750005875-qizhou_map2025616.webp HTTP/1.1" 200 348798 "-" "Mozilla/5.0 (iPhone; CPU iPhone OS 13_2_3 like Mac OS X) AppleWebKit/605.1.15 (KHTML, like Gecko) Version/13.0.3 Mobile/15E148 Safari/604.1"
116.179.32.139 - - [25/May/2026:16:25:28 +0800] "GET /news/2231 HTTP/1.1" 200 24052 "-" "Mozilla/5.0 (compatible; Baiduspider/2.0; +http://www.baidu.com/search/spider.html)"
36.133.115.36 - - [25/May/2026:16:25:30 +0800] "POST /wp-cron.php?doing_wp_cron=1779697530.6289520263671875000000 HTTP/1.1" 200 31 "-" "WordPress/6.9; http://cqqizhou.com"
220.181.108.94 - - [25/May/2026:16:25:30 +0800] "GET /portfolio/hot-dip-galvanized-coil/ HTTP/1.1" 301 5 "-" "Mozilla/5.0 (compatible; Baiduspider/2.0; +http://www.baidu.com/search/spider.html)"
220.181.108.94 - - [25/May/2026:16:25:31 +0800] "GET /news/portfolio/hot-dip-galvanized-coil HTTP/1.1" 200 22879 "-" "Mozilla/5.0 (compatible; Baiduspider/2.0; +http://www.baidu.com/search/spider.html)"
116.179.37.211 - - [25/May/2026:16:25:36 +0800] "GET /wp-content/uploads/2025/07/1753456770-%E7%83%AD%E9%95%80%E9%94%8C%E5%8D%B7product_Single600-300x300.webp HTTP/1.1" 200 15134 "http://cqqizhou.com/news/portfolio/hot-dip-galvanized-coil" "Mozilla/5.0 (compatible; Baiduspider-render/2.0; +http://www.baidu.com/search/spider.html)"
116.179.37.167 - - [25/May/2026:16:26:20 +0800] "GET /wp-content/uploads/2025/09/1756868614-20250903104654_74_5.webp HTTP/1.1" 200 47858 "http://cqqizhou.com/news/2231" "Mozilla/5.0 (compatible; Baiduspider-render/2.0; +http://www.baidu.com/search/spider.html)"
36.133.115.36 - - [25/May/2026:16:43:22 +0800] "POST /wp-cron.php?doing_wp_cron=1779698602.4911899566650390625000 HTTP/1.1" 200 31 "-" "WordPress/6.9; http://cqqizhou.com"
36.133.108.119 - - [25/May/2026:16:43:22 +0800] "HEAD / HTTP/1.1" 301 0 "-" "Mozilla/5.0 (iPad; CPU OS 6_0 like Mac OS X) AppleWebKit/536.26 (KHTML, like Gecko) Version/6.0 Mobile/10A5355d Safari/8536.25"
122.228.239.131 - - [25/May/2026:16:43:49 +0800] "GET /logistics HTTP/1.1" 200 26178 "-" "Mozilla/5.0 (Macintosh; Intel Mac OS X 10_12_6) AppleWebKit/537.36 (KHTML, like Gecko) Chrome/135.1.0 Safari/537.36 Edg/135.1.0"
221.193.246.128 - - [25/May/2026:16:43:50 +0800] "GET /logistics HTTP/1.1" 200 26178 "-" "Mozilla/5.0 (Windows NT 10.0; Win64; x64) AppleWebKit/537.36 (KHTML, like Gecko) Chrome/111.0.0.0 Safari/537.36 Edg/111.0.1661.44"
122.225.28.190 - - [25/May/2026:16:43:56 +0800] "GET /wp-json/contact-form-7/v1/contact-forms/1444/feedback/schema HTTP/1.1" 200 270 "http://cqqizhou.com/logistics" "Mozilla/5.0 (Windows NT 10.0; Win64; x64) AppleWebKit/537.36 (KHTML, like Gecko) Chrome/111.0.0.0 Safari/537.36 Edg/111.0.1661.44"
106.225.224.176 - - [25/May/2026:16:43:56 +0800] "GET /wp-json/contact-form-7/v1/contact-forms/1444/refill HTTP/1.1" 200 33 "http://cqqizhou.com/logistics" "Mozilla/5.0 (Windows NT 10.0; Win64; x64) AppleWebKit/537.36 (KHTML, like Gecko) Chrome/111.0.0.0 Safari/537.36 Edg/111.0.1661.44"
36.133.115.36 - - [25/May/2026:16:49:01 +0800] "POST /wp-cron.php?doing_wp_cron=1779698941.3285880088806152343750 HTTP/1.1" 200 31 "-" "WordPress/6.9; http://cqqizhou.com"
143.198.83.148 - - [25/May/2026:16:49:01 +0800] "GET / HTTP/1.1" 200 158542 "-" "-"
36.133.108.125 - - [25/May/2026:16:51:52 +0800] "HEAD /ISAPI/Streaming/channels/101 HTTP/1.1" 499 0 "-" "Mozilla/5.0 (compatible; MSIE 9.0; Windows NT 6.1; Trident/5.0; yie8)"
36.133.115.36 - - [25/May/2026:17:02:08 +0800] "POST /wp-cron.php?doing_wp_cron=1779699728.4736139774322509765625 HTTP/1.1" 200 31 "-" "WordPress/6.9; http://cqqizhou.com"
110.249.201.155 - - [25/May/2026:17:02:08 +0800] "GET /robots.txt HTTP/1.1" 200 190 "-" "Mozilla/5.0 (Linux; Android 5.0) AppleWebKit/537.36 (KHTML, like Gecko) Mobile Safari/537.36 (compatible; Bytespider; https://zhanzhang.toutiao.com/)"
36.133.115.36 - - [25/May/2026:17:14:39 +0800] "POST /wp-cron.php?doing_wp_cron=1779700479.5882771015167236328125 HTTP/1.1" 200 31 "-" "WordPress/6.9; http://cqqizhou.com"
146.56.229.214 - - [25/May/2026:17:14:39 +0800] "GET / HTTP/1.1" 200 35086 "-" "Mozilla/5.0 (iPhone; CPU iPhone OS 13_2_3 like Mac OS X) AppleWebKit/605.1.15 (KHTML, like Gecko) Version/13.0.3 Mobile/15E148 Safari/604.1"
93.123.72.166 - - [25/May/2026:17:14:41 +0800] "GET /SDK/webLanguage HTTP/1.1" 301 5 "-" "Mozilla/5.0 (Windows NT 10.0; Win64; x64) AppleWebKit/537.36 (KHTML, like Gecko) Chrome/90.0.4430.85 Safari/537.36 Edg/90.0.818.46"
36.133.115.36 - - [25/May/2026:17:22:53 +0800] "POST /wp-cron.php?doing_wp_cron=1779700972.9729769229888916015625 HTTP/1.1" 200 31 "-" "WordPress/6.9; http://cqqizhou.com"
119.84.246.117 - - [25/May/2026:17:22:53 +0800] "GET / HTTP/1.1" 301 5 "-" "-"
119.84.246.117 - - [25/May/2026:17:22:53 +0800] "GET / HTTP/1.1" 200 160201 "-" "-"
119.84.246.117 - - [25/May/2026:17:22:55 +0800] "GET / HTTP/1.1" 301 5 "-" "Mozilla/5.0 (Windows NT 6.1; WOW64) AppleWebKit/537.1 (KHTML, like Gecko) Chrome/21.0.1180.89 Safari/537.1"
119.84.246.117 - - [25/May/2026:17:22:55 +0800] "GET / HTTP/1.1" 200 35528 "-" "Mozilla/5.0 (Windows NT 6.1; WOW64) AppleWebKit/537.1 (KHTML, like Gecko) Chrome/21.0.1180.89 Safari/537.1"
119.84.246.117 - - [25/May/2026:17:22:55 +0800] "GET /wp-content/uploads/2025/07/1753453096-%E5%8F%8C%E7%9B%B8%E9%92%A2product_Single600%C3%97284.webp HTTP/1.1" 200 14562 "http://cqqizhou.com/" "Mozilla/5.0 (Windows NT 6.1; WOW64) AppleWebKit/537.1 (KHTML, like Gecko) Chrome/21.0.1180.89 Safari/537.1"
119.84.246.117 - - [25/May/2026:17:22:55 +0800] "GET /wp-content/uploads/2025/07/1753456723-%E5%8F%8C%E7%9B%B8%E9%92%A2roduct_Single600.webp HTTP/1.1" 200 22790 "http://cqqizhou.com/" "Mozilla/5.0 (Windows NT 6.1; WOW64) AppleWebKit/537.1 (KHTML, like Gecko) Chrome/21.0.1180.89 Safari/537.1"
119.84.246.117 - - [25/May/2026:17:22:55 +0800] "GET /wp-content/uploads/2025/07/1751425283-qizhou.kf_.qq_.com_.webp HTTP/1.1" 200 16864 "http://cqqizhou.com/" "Mozilla/5.0 (Windows NT 6.1; WOW64) AppleWebKit/537.1 (KHTML, like Gecko) Chrome/21.0.1180.89 Safari/537.1"
119.84.246.117 - - [25/May/2026:17:22:55 +0800] "GET /wp-content/uploads/2026/04/1775865780-1Article_images_W900px.webp HTTP/1.1" 200 41840 "http://cqqizhou.com/" "Mozilla/5.0 (Windows NT 6.1; WOW64) AppleWebKit/537.1 (KHTML, like Gecko) Chrome/21.0.1180.89 Safari/537.1"
119.84.246.117 - - [25/May/2026:17:22:55 +0800] "GET /wp-content/uploads/2025/07/1753456770-%E7%83%AD%E9%95%80%E9%94%8C%E5%8D%B7product_Single600.webp HTTP/1.1" 200 27502 "http://cqqizhou.com/" "Mozilla/5.0 (Windows NT 6.1; WOW64) AppleWebKit/537.1 (KHTML, like Gecko) Chrome/21.0.1180.89 Safari/537.1"
119.84.246.117 - - [25/May/2026:17:22:55 +0800] "GET /wp-content/uploads/2026/05/1779328461-1Article_images_W900px.webp HTTP/1.1" 200 37908 "http://cqqizhou.com/" "Mozilla/5.0 (Windows NT 6.1; WOW64) AppleWebKit/537.1 (KHTML, like Gecko) Chrome/21.0.1180.89 Safari/537.1"
119.84.246.117 - - [25/May/2026:17:22:55 +0800] "GET /wp-content/uploads/2025/07/1753453127-%E4%BD%99%E5%8D%B7product_Single600%C3%97284.webp HTTP/1.1" 200 18744 "http://cqqizhou.com/" "Mozilla/5.0 (Windows NT 6.1; WOW64) AppleWebKit/537.1 (KHTML, like Gecko) Chrome/21.0.1180.89 Safari/537.1"
119.84.246.117 - - [25/May/2026:17:22:55 +0800] "GET /wp-content/uploads/2026/04/1777513410-1Article_images_W900px.webp HTTP/1.1" 200 30786 "http://cqqizhou.com/" "Mozilla/5.0 (Windows NT 6.1; WOW64) AppleWebKit/537.1 (KHTML, like Gecko) Chrome/21.0.1180.89 Safari/537.1"
119.84.246.117 - - [25/May/2026:17:22:55 +0800] "GET /wp-content/uploads/2026/05/1779059685-1Article_images_W900px.webp HTTP/1.1" 200 50738 "http://cqqizhou.com/" "Mozilla/5.0 (Windows NT 6.1; WOW64) AppleWebKit/537.1 (KHTML, like Gecko) Chrome/21.0.1180.89 Safari/537.1"
119.84.246.117 - - [25/May/2026:17:22:55 +0800] "GET /wp-content/uploads/2026/04/1775698332-Article_images_W900px.webp HTTP/1.1" 200 49852 "http://cqqizhou.com/" "Mozilla/5.0 (Windows NT 6.1; WOW64) AppleWebKit/537.1 (KHTML, like Gecko) Chrome/21.0.1180.89 Safari/537.1"
36.133.115.36 - - [25/May/2026:17:33:41 +0800] "POST /wp-cron.php?doing_wp_cron=1779701621.3311550617218017578125 HTTP/1.1" 200 31 "-" "WordPress/6.9; http://cqqizhou.com"
112.121.183.178 - - [25/May/2026:17:33:41 +0800] "GET /nacos/ HTTP/1.1" 404 9411 "-" "Mozilla/5.0 (Windows NT 10.0; WOW64; rv:48.0) Gecko/20100101 Firefox/48.0"
36.133.115.36 - - [25/May/2026:17:35:25 +0800] "POST /wp-cron.php?doing_wp_cron=1779701725.6565051078796386718750 HTTP/1.1" 200 31 "-" "WordPress/6.9; http://cqqizhou.com"
45.148.10.67 - - [25/May/2026:17:35:25 +0800] "GET / HTTP/1.1" 200 35086 "-" "Mozilla/5.0 (Windows NT 10.0; Win64; x64) AppleWebKit/537.36 (KHTML, like Gecko) Chrome/131.0.0.0 Safari/537.36"
35.228.77.181 - - [25/May/2026:17:53:09 +0800] "OPTIONS / HTTP/1.0" 405 150 "-" "-"
36.133.115.36 - - [25/May/2026:17:53:16 +0800] "POST /wp-cron.php?doing_wp_cron=1779702796.3042349815368652343750 HTTP/1.1" 200 31 "-" "WordPress/6.9; http://cqqizhou.com"
117.162.224.254 - - [25/May/2026:17:53:16 +0800] "GET /contacts/ HTTP/1.1" 301 5 "-" "Mozilla/5.0 (Windows NT 10.0; Win64; x64) AppleWebKit/537.36 (KHTML, like Gecko) Chrome/136.0.0.0 Safari/537.36"
117.162.224.254 - - [25/May/2026:17:53:16 +0800] "GET http://cqqizhou.com/contacts HTTP/1.1" 200 22098 "-" "Mozilla/5.0 (Windows NT 10.0; Win64; x64) AppleWebKit/537.36 (KHTML, like Gecko) Chrome/136.0.0.0 Safari/537.36"
142.248.80.205 - - [25/May/2026:18:36:56 +0800] "GET / HTTP/1.1" 200 35528 "-" "Mozilla/5.0 (Macintosh; Intel Mac OS X 10_15_7) AppleWebKit/537.36 (KHTML, like Gecko) Chrome/147.0.0.0 Safari/537.36 Edg/147.0.0.0"
36.133.115.36 - - [25/May/2026:18:40:06 +0800] "POST /wp-cron.php?doing_wp_cron=1779705606.4318079948425292968750 HTTP/1.1" 200 31 "-" "WordPress/6.9; http://cqqizhou.com"
58.17.136.12 - - [25/May/2026:18:40:06 +0800] "HEAD / HTTP/1.1" 301 0 "-" "Mozilla/5.0 (Windows NT 10.0; Win64; x64) AppleWebKit/537.36 (KHTML, like Gecko) Chrome/145.0.0.0 Safari/537.36"
58.17.136.12 - - [25/May/2026:18:40:06 +0800] "HEAD / HTTP/1.1" 200 0 "http://www.cqqizhou.com:80" "Mozilla/5.0 (Windows NT 10.0; Win64; x64) AppleWebKit/537.36 (KHTML, like Gecko) Chrome/145.0.0.0 Safari/537.36"
58.17.136.12 - - [25/May/2026:18:40:07 +0800] "GET / HTTP/1.1" 301 5 "-" "Mozilla/5.0 (Windows NT 10.0; Win64; x64) AppleWebKit/537.36 (KHTML, like Gecko) Chrome/145.0.0.0 Safari/537.36"
58.17.136.12 - - [25/May/2026:18:40:07 +0800] "GET / HTTP/1.1" 200 35528 "http://www.cqqizhou.com:80" "Mozilla/5.0 (Windows NT 10.0; Win64; x64) AppleWebKit/537.36 (KHTML, like Gecko) Chrome/145.0.0.0 Safari/537.36"
36.133.115.36 - - [25/May/2026:18:41:05 +0800] "POST /wp-cron.php?doing_wp_cron=1779705665.1589190959930419921875 HTTP/1.1" 200 31 "-" "WordPress/6.9; http://cqqizhou.com"
45.148.10.67 - - [25/May/2026:18:41:05 +0800] "GET / HTTP/1.1" 200 35086 "-" "Mozilla/5.0 (Windows NT 10.0; Win64; x64) AppleWebKit/537.36 (KHTML, like Gecko) Chrome/131.0.0.0 Safari/537.36"
36.133.115.36 - - [25/May/2026:18:52:36 +0800] "POST /wp-cron.php?doing_wp_cron=1779706356.7282741069793701171875 HTTP/1.1" 200 31 "-" "WordPress/6.9; http://cqqizhou.com"
36.133.108.119 - - [25/May/2026:18:52:36 +0800] "HEAD /h264Preview_01_main HTTP/1.1" 404 0 "-" "Mozilla/5.0 (Windows; U; Windows NT 6.1; en-US) AppleWebKit/533.20.25 (KHTML, like Gecko) Version/5.0.4 Safari/533.20.27"
36.133.115.36 - - [25/May/2026:19:12:10 +0800] "POST /wp-cron.php?doing_wp_cron=1779707530.1663470268249511718750 HTTP/1.1" 200 31 "-" "WordPress/6.9; http://cqqizhou.com"
93.123.72.166 - - [25/May/2026:19:12:10 +0800] "GET /SDK/webLanguage HTTP/1.1" 301 5 "-" "Mozilla/5.0 (Windows NT 10.0; Win64; x64) AppleWebKit/537.36 (KHTML, like Gecko) Chrome/90.0.4430.85 Safari/537.36 Edg/90.0.818.46"
36.133.115.36 - - [25/May/2026:19:21:06 +0800] "POST /wp-cron.php?doing_wp_cron=1779708066.1324090957641601562500 HTTP/1.1" 200 31 "-" "WordPress/6.9; http://cqqizhou.com"
38.96.69.175 - - [25/May/2026:19:21:06 +0800] "GET http://azenv.net/ HTTP/1.1" 301 5 "-" "zmap-proxy-probe/1.0"
38.96.69.175 - - [25/May/2026:19:21:07 +0800] "GET http://cqqizhou.com/ HTTP/1.1" 200 35528 "http://azenv.net/" "zmap-proxy-probe/1.0"
36.133.115.36 - - [25/May/2026:19:24:20 +0800] "POST /wp-cron.php?doing_wp_cron=1779708260.3561439514160156250000 HTTP/1.1" 200 31 "-" "WordPress/6.9; http://cqqizhou.com"
176.65.139.254 - - [25/May/2026:19:24:20 +0800] "POST /boaform/admin/formLogin HTTP/1.1" 404 9409 "http://36.133.115.36:80/admin/login.asp" "Mozilla/5.0 (X11; Ubuntu; Linux x86_64; rv:71.0) Gecko/20100101 Firefox/71.0"
36.133.115.36 - - [25/May/2026:19:25:37 +0800] "POST /wp-cron.php?doing_wp_cron=1779708337.2870700359344482421875 HTTP/1.1" 200 31 "-" "WordPress/6.9; http://cqqizhou.com"
120.244.31.6 - - [25/May/2026:19:25:37 +0800] "GET /policy/ HTTP/1.1" 404 9410 "-" "Mozilla/5.0 (Macintosh; Intel Mac OS X 10_15_7) AppleWebKit/537.36 (KHTML, like Gecko) Chrome/146.0.0.0 Safari/537.36"
36.133.115.36 - - [25/May/2026:19:30:45 +0800] "POST /wp-cron.php?doing_wp_cron=1779708645.8462789058685302734375 HTTP/1.1" 200 31 "-" "WordPress/6.9; http://cqqizhou.com"
5.61.209.126 - - [25/May/2026:19:30:45 +0800] "GET /SDK/webLanguage HTTP/1.1" 301 5 "-" "Mozilla/5.0 (Windows NT 10.0; Win64; x64) AppleWebKit/537.36 (KHTML, like Gecko) Chrome/90.0.4430.85 Safari/537.36 Edg/90.0.818.46"
36.133.115.36 - - [25/May/2026:20:31:21 +0800] "POST /wp-cron.php?doing_wp_cron=1779712281.2114119529724121093750 HTTP/1.1" 200 31 "-" "WordPress/6.9; http://cqqizhou.com"
36.133.108.119 - - [25/May/2026:20:31:21 +0800] "HEAD /h264Preview_01_sub HTTP/1.1" 404 0 "-" "Mozilla/5.0 (Windows NT 6.2; WOW64) AppleWebKit/537.14 (KHTML, like Gecko) Chrome/24.0.1292.0 Safari/537.14"
36.133.115.36 - - [25/May/2026:20:36:18 +0800] "POST /wp-cron.php?doing_wp_cron=1779712578.3326261043548583984375 HTTP/1.1" 200 31 "-" "WordPress/6.9; http://cqqizhou.com"
106.88.247.243 - - [25/May/2026:20:36:18 +0800] "GET / HTTP/1.1" 200 35086 "https://m.baidu.com/?eqid=9774adb85dda7d94100000026a14415e" "Mozilla/5.0 (iPhone; CPU iPhone OS 18_7 like Mac OS X) AppleWebKit/605.1.15 (KHTML, like Gecko) Mobile/15E148 SP-engine/3.57.0 main/1.0 baiduboxapp/15.60.0.10 (Baidu; P2 26.5) NABar/1.0 themeUA=Theme/default"
36.133.115.36 - - [25/May/2026:20:38:06 +0800] "POST /wp-cron.php?doing_wp_cron=1779712686.5201799869537353515625 HTTP/1.1" 200 31 "-" "WordPress/6.9; http://cqqizhou.com"
5.61.209.126 - - [25/May/2026:20:38:06 +0800] "GET /SDK/webLanguage HTTP/1.1" 301 5 "-" "Mozilla/5.0 (Windows NT 10.0; Win64; x64) AppleWebKit/537.36 (KHTML, like Gecko) Chrome/90.0.4430.85 Safari/537.36 Edg/90.0.818.46"
36.133.115.36 - - [25/May/2026:20:55:19 +0800] "POST /wp-cron.php?doing_wp_cron=1779713719.0014979839324951171875 HTTP/1.1" 200 31 "-" "WordPress/6.9; http://cqqizhou.com"
43.130.3.122 - - [25/May/2026:20:55:19 +0800] "GET / HTTP/1.1" 200 35086 "-" "Mozilla/5.0 (iPhone; CPU iPhone OS 13_2_3 like Mac OS X) AppleWebKit/605.1.15 (KHTML, like Gecko) Version/13.0.3 Mobile/15E148 Safari/604.1"
36.133.115.36 - - [25/May/2026:21:08:43 +0800] "POST /wp-cron.php?doing_wp_cron=1779714523.2887520790100097656250 HTTP/1.1" 200 31 "-" "WordPress/6.9; http://cqqizhou.com"
45.148.10.67 - - [25/May/2026:21:08:43 +0800] "GET / HTTP/1.1" 200 35085 "-" "Mozilla/5.0 (Windows NT 10.0; Win64; x64) AppleWebKit/537.36 (KHTML, like Gecko) Chrome/131.0.0.0 Safari/537.36"
36.133.115.36 - - [25/May/2026:21:15:34 +0800] "POST /wp-cron.php?doing_wp_cron=1779714934.6461739540100097656250 HTTP/1.1" 200 31 "-" "WordPress/6.9; http://cqqizhou.com"
103.255.146.238 - - [25/May/2026:21:15:34 +0800] "GET /wp-json/wp/v2/posts HTTP/1.1" 200 90578 "-" "Mozilla/5.0 (Windows NT 10.0; Win64; x64) AppleWebKit/537.36 (KHTML, like Gecko) Chrome/120.0.0.0 Safari/537.36"
36.133.115.36 - - [25/May/2026:21:16:14 +0800] "POST /wp-cron.php?doing_wp_cron=1779714974.8289699554443359375000 HTTP/1.1" 200 31 "-" "WordPress/6.9; http://cqqizhou.com"
98.93.112.139 - - [25/May/2026:21:16:14 +0800] "GET /wp-json/wp/v2/posts HTTP/1.1" 200 18381 "-" "Mozilla/5.0 (Windows NT 10.0; Win64; x64) AppleWebKit/537.36 (KHTML, like Gecko) Chrome/120.0.0.0 Safari/537.36"
36.133.115.36 - - [25/May/2026:21:17:56 +0800] "POST /wp-cron.php?doing_wp_cron=1779715076.4048280715942382812500 HTTP/1.1" 200 31 "-" "WordPress/6.9; http://cqqizhou.com"
176.65.139.50 - - [25/May/2026:21:17:56 +0800] "GET / HTTP/1.0" 200 86702 "-" "Mozilla/5.0 (X11; Ubuntu; Linux x86_64; rv:71.0) Gecko/20100101 Firefox/71.0"
36.133.115.36 - - [25/May/2026:21:33:32 +0800] "POST /wp-cron.php?doing_wp_cron=1779716012.8187680244445800781250 HTTP/1.1" 200 31 "-" "WordPress/6.9; http://cqqizhou.com"
71.6.232.24 - - [25/May/2026:21:33:32 +0800] "GET / HTTP/1.1" 301 5 "-" "Mozilla/5.0 (Windows NT 10.0; Win64; x64) AppleWebKit/537.36 (KHTML, like Gecko) Chrome/134.0.0.0 Safari/537.36"
36.133.108.119 - - [25/May/2026:21:33:57 +0800] "HEAD /cam/realmonitor?channel=1&subtype=0 HTTP/1.1" 404 0 "-" "Mozilla/5.0 (Windows; U; Windows NT 6.1; en-US) AppleWebKit/533.20.25 (KHTML, like Gecko) Version/5.0.4 Safari/533.20.27"
223.73.16.194 - - [25/May/2026:21:34:20 +0800] "GET /news/2160 HTTP/1.1" 200 30025 "-" "Mozilla/5.0 (Macintosh; Intel Mac OS X 10.15; rv:133.0) Gecko/20100101 Firefox/133.0"
36.133.115.36 - - [25/May/2026:21:37:45 +0800] "POST /wp-cron.php?doing_wp_cron=1779716264.9968469142913818359375 HTTP/1.1" 200 31 "-" "WordPress/6.9; http://cqqizhou.com"
51.68.236.70 - - [25/May/2026:21:37:45 +0800] "GET /robots.txt HTTP/1.1" 200 190 "-" "Mozilla/5.0 (compatible; MJ12bot/v2.0.5; http://mj12bot.com/)"
51.68.236.70 - - [25/May/2026:21:37:45 +0800] "GET / HTTP/1.1" 200 35528 "-" "Mozilla/5.0 (compatible; MJ12bot/v2.0.5; http://mj12bot.com/)"
36.133.115.36 - - [25/May/2026:22:03:46 +0800] "POST /wp-cron.php?doing_wp_cron=1779717826.2156419754028320312500 HTTP/1.1" 200 31 "-" "WordPress/6.9; http://cqqizhou.com"
80.82.65.207 - - [25/May/2026:22:03:46 +0800] "GET / HTTP/1.1" 301 5 "-" "-"
36.133.115.36 - - [25/May/2026:22:16:18 +0800] "POST /wp-cron.php?doing_wp_cron=1779718578.2998220920562744140625 HTTP/1.1" 200 31 "-" "WordPress/6.9; http://cqqizhou.com"
103.106.228.27 - - [25/May/2026:22:16:18 +0800] "GET / HTTP/1.1" 301 5 "-" "Mozilla/5.0 (Windows NT 10.0; Win64; x64; rv:140.0) Gecko/20100101 Firefox/140.8"
36.133.115.36 - - [25/May/2026:22:20:36 +0800] "POST /wp-cron.php?doing_wp_cron=1779718836.4582040309906005859375 HTTP/1.1" 200 31 "-" "WordPress/6.9; http://cqqizhou.com"
183.56.147.142 - - [25/May/2026:22:20:36 +0800] "GET /2418/ HTTP/1.1" 301 5 "-" "Mozilla/5.0 (Windows NT 10.0; Win64; x64) AppleWebKit/537.36 (KHTML, like Gecko) Chrome/116.0.0.0 Safari/537.36"
183.56.147.142 - - [25/May/2026:22:20:36 +0800] "GET /news/2418 HTTP/1.1" 200 24055 "-" "Mozilla/5.0 (Windows NT 10.0; Win64; x64) AppleWebKit/537.36 (KHTML, like Gecko) Chrome/116.0.0.0 Safari/537.36"
36.133.115.36 - - [25/May/2026:22:40:46 +0800] "POST /wp-cron.php?doing_wp_cron=1779720046.2808160781860351562500 HTTP/1.1" 200 31 "-" "WordPress/6.9; http://cqqizhou.com"
51.195.183.60 - - [25/May/2026:22:40:46 +0800] "GET /robots.txt HTTP/1.1" 200 190 "-" "Mozilla/5.0 (compatible; AhrefsBot/7.0; +http://ahrefs.com/robot/)"
36.133.115.36 - - [25/May/2026:22:41:21 +0800] "POST /wp-cron.php?doing_wp_cron=1779720081.3212559223175048828125 HTTP/1.1" 200 31 "-" "WordPress/6.9; http://cqqizhou.com"
51.222.95.56 - - [25/May/2026:22:41:21 +0800] "GET /news/portfolio/%E5%86%B7%E8%BD%A7%E5%8D%B7 HTTP/1.1" 200 22665 "-" "Mozilla/5.0 (compatible; AhrefsBot/7.0; +http://ahrefs.com/robot/)"
36.133.115.36 - - [25/May/2026:22:43:29 +0800] "POST /wp-cron.php?doing_wp_cron=1779720209.4105300903320312500000 HTTP/1.1" 200 31 "-" "WordPress/6.9; http://cqqizhou.com"
72.205.102.94 - - [25/May/2026:22:43:29 +0800] "GET /wp-json/wp/v2/posts HTTP/1.1" 200 18381 "-" "Mozilla/5.0 (Windows NT 10.0; Win64; x64) AppleWebKit/537.36 (KHTML, like Gecko) Chrome/120.0.0.0 Safari/537.36"
36.133.115.36 - - [25/May/2026:22:51:44 +0800] "POST /wp-cron.php?doing_wp_cron=1779720704.0500340461730957031250 HTTP/1.1" 200 31 "-" "WordPress/6.9; http://cqqizhou.com"
152.32.131.10 - - [25/May/2026:22:51:44 +0800] "GET /version HTTP/1.1" 301 5 "-" "-"
152.32.131.10 - - [25/May/2026:22:51:45 +0800] "GET / HTTP/1.1" 200 158542 "-" "-"
152.32.131.10 - - [25/May/2026:22:51:46 +0800] "GET / HTTP/1.1" 200 158542 "-" "-"
152.32.131.10 - - [25/May/2026:22:51:47 +0800] "GET /v1 HTTP/1.1" 301 5 "-" "-"
152.32.131.10 - - [25/May/2026:22:51:48 +0800] "GET / HTTP/1.1" 200 158542 "-" "-"
152.32.131.10 - - [25/May/2026:22:52:07 +0800] "GET / HTTP/1.1" 200 158542 "-" "Mozilla/5.0 (Windows NT 6.1) AppleWebKit/537.36 (KHTML, like Gecko) Chrome/49.0.2623.112 Safari/537.36"
36.133.115.36 - - [25/May/2026:22:53:50 +0800] "POST /wp-cron.php?doing_wp_cron=1779720830.9294850826263427734375 HTTP/1.1" 200 31 "-" "WordPress/6.9; http://cqqizhou.com"
43.140.247.223 - - [25/May/2026:22:53:50 +0800] "GET / HTTP/1.1" 301 5 "-" "Mozilla/5.0 (iPhone; CPU iPhone OS 13_2_3 like Mac OS X) AppleWebKit/605.1.15 (KHTML, like Gecko) Version/13.0.3 Mobile/15E148 Safari/604.1"
43.140.247.223 - - [25/May/2026:22:53:52 +0800] "GET / HTTP/1.1" 200 35086 "http://www.cqqizhou.com" "Mozilla/5.0 (iPhone; CPU iPhone OS 13_2_3 like Mac OS X) AppleWebKit/605.1.15 (KHTML, like Gecko) Version/13.0.3 Mobile/15E148 Safari/604.1"
36.133.115.36 - - [25/May/2026:23:12:08 +0800] "POST /wp-cron.php?doing_wp_cron=1779721928.0131499767303466796875 HTTP/1.1" 200 31 "-" "WordPress/6.9; http://cqqizhou.com"
81.25.166.4 - - [25/May/2026:23:12:08 +0800] "GET /robots.txt HTTP/1.1" 200 390 "-" "Mozilla/5.0 (compatible; MJ12bot/v1.4.8; http://mj12bot.com/)"
81.25.166.4 - - [25/May/2026:23:12:12 +0800] "GET /news/2575 HTTP/1.1" 200 25389 "-" "Mozilla/5.0 (compatible; MJ12bot/v1.4.8; http://mj12bot.com/)"
36.133.115.36 - - [25/May/2026:23:26:08 +0800] "POST /wp-cron.php?doing_wp_cron=1779722768.3647348880767822265625 HTTP/1.1" 200 31 "-" "WordPress/6.9; http://cqqizhou.com"
108.27.223.72 - - [25/May/2026:23:26:08 +0800] "GET /wp-json/wp/v2/posts HTTP/1.1" 200 18381 "-" "Mozilla/5.0 (Windows NT 10.0; Win64; x64) AppleWebKit/537.36 (KHTML, like Gecko) Chrome/120.0.0.0 Safari/537.36"
36.133.115.36 - - [25/May/2026:23:46:59 +0800] "POST /wp-cron.php?doing_wp_cron=1779724019.8406600952148437500000 HTTP/1.1" 200 31 "-" "WordPress/6.9; http://cqqizhou.com"
93.123.72.166 - - [25/May/2026:23:46:59 +0800] "GET /SDK/webLanguage HTTP/1.1" 301 5 "-" "Mozilla/5.0 (Windows NT 10.0; Win64; x64) AppleWebKit/537.36 (KHTML, like Gecko) Chrome/90.0.4430.85 Safari/537.36 Edg/90.0.818.46"
36.133.115.36 - - [25/May/2026:23:50:38 +0800] "POST /wp-cron.php?doing_wp_cron=1779724238.9600400924682617187500 HTTP/1.1" 200 31 "-" "WordPress/6.9; http://cqqizhou.com"
8.216.86.179 - - [25/May/2026:23:50:39 +0800] "GET / HTTP/1.1" 301 5 "-" "curl/7.78.0"