File: //home/logs/cqqizhou_access_2026-05-25.log
36.133.115.36 - - [25/May/2026:01:05:14 +0800] "POST /wp-cron.php?doing_wp_cron=1779642314.6285359859466552734375 HTTP/1.1" 200 31 "-" "WordPress/6.9; http://cqqizhou.com"
35.206.194.5 - - [25/May/2026:01:05:14 +0800] "GET / HTTP/1.1" 301 5 "-" "Go-http-client/1.1"
35.206.194.5 - - [25/May/2026:01:05:14 +0800] "GET / HTTP/1.1" 200 35528 "http://36.133.115.36/" "Go-http-client/1.1"
78.29.51.27 - - [25/May/2026:01:21:52 +0800] "GET / HTTP/1.1" 200 160201 "http://78.29.51.27/antivirus/?s1=CU_cqqizhou.com" "IMPORTANT! FREE! NON-CRIMINAL INDEPENDENT BLOCKCHAIN ANTIVIRUS! BASE - 50 MLN SiGNATURES! WE WORK EVEN IN SWITZERLAND, POLAND, FINLAND! OWN BLOCKCHAIN PROCESSING GATEWAYS - 24! OWN CALENDAR AND SUB-CIVILIZATION, ONLY UNDER JEWS! OWN HOSTING AND ENCRYPTED DATABASE! LINK - http://78.29.51.27/antivirus/?s1=CU_cqqizhou.com"
27.99.129.162 - - [25/May/2026:01:41:18 +0800] "GET /news/2575 HTTP/1.1" 200 25389 "-" "Mozilla/5.0 (Windows NT 10.0; Win64; x64) AppleWebKit/537.36 (KHTML, like Gecko) Chrome/131.0.0.0 Safari/537.36 Edg/131.0.0.0"
36.133.115.36 - - [25/May/2026:01:41:50 +0800] "POST /wp-cron.php?doing_wp_cron=1779644510.3398020267486572265625 HTTP/1.1" 200 31 "-" "WordPress/6.9; http://cqqizhou.com"
111.225.148.11 - - [25/May/2026:01:41:50 +0800] "GET /robots.txt HTTP/1.1" 200 190 "-" "Mozilla/5.0 (Linux; Android 5.0) AppleWebKit/537.36 (KHTML, like Gecko) Mobile Safari/537.36 (compatible; Bytespider; https://zhanzhang.toutiao.com/)"
120.82.84.214 - - [25/May/2026:01:48:05 +0800] "GET / HTTP/1.1" 200 160201 "-" "Mozilla/5.0 (Macintosh; Intel Mac OS X 10_15_7) AppleWebKit/537.36 (KHTML, like Gecko) Chrome/120.0.0.0 Safari/537.36 Edg/120.0.0.0"
36.133.115.36 - - [25/May/2026:01:48:43 +0800] "POST /wp-cron.php?doing_wp_cron=1779644923.1835970878601074218750 HTTP/1.1" 200 31 "-" "WordPress/6.9; http://cqqizhou.com"
112.49.184.231 - - [25/May/2026:01:48:43 +0800] "GET /robots.txt HTTP/1.1" 200 190 "-" "Mozilla/5.0 (Macintosh; Intel Mac OS X 10_15_7) AppleWebKit/537.36 (KHTML, like Gecko) Chrome/120.0.0.0 Safari/537.36 Edg/120.0.0.0"
120.230.21.24 - - [25/May/2026:01:48:45 +0800] "GET /sitemap.xml HTTP/1.1" 200 604 "-" "Mozilla/5.0 (Macintosh; Intel Mac OS X 10_15_7) AppleWebKit/537.36 (KHTML, like Gecko) Chrome/120.0.0.0 Safari/537.36 Edg/120.0.0.0"
183.252.225.189 - - [25/May/2026:01:48:46 +0800] "GET /config.json HTTP/1.1" 404 9410 "-" "Mozilla/5.0 (Macintosh; Intel Mac OS X 10_7_0) AppleWebKit/535.11 (KHTML, like Gecko) Chrome/17.0.963.56 Safari/535.11"
120.230.127.85 - - [25/May/2026:01:50:24 +0800] "GET /wp-content/plugins/elementor-pro/readme.txt HTTP/1.1" 200 337 "-" "Mozilla/5.0 (compatible; MSIE 5.0; Windows NT 5.1; Trident/4.0)"
1.28.103.253 - - [25/May/2026:01:51:17 +0800] "GET /wp-content/plugins/revslider/readme.txt HTTP/1.1" 499 0 "-" "Mozilla/5.0 (compatible; MSIE 5.0; Windows NT 5.1; Trident/4.0)"
36.133.115.36 - - [25/May/2026:01:52:30 +0800] "POST /wp-cron.php?doing_wp_cron=1779645150.7154529094696044921875 HTTP/1.1" 200 31 "-" "WordPress/6.9; http://cqqizhou.com"
43.157.156.190 - - [25/May/2026:01:52:30 +0800] "GET / HTTP/1.1" 200 35084 "-" "Mozilla/5.0 (iPhone; CPU iPhone OS 13_2_3 like Mac OS X) AppleWebKit/605.1.15 (KHTML, like Gecko) Version/13.0.3 Mobile/15E148 Safari/604.1"
36.133.115.36 - - [25/May/2026:02:22:26 +0800] "POST /wp-cron.php?doing_wp_cron=1779646946.8990950584411621093750 HTTP/1.1" 200 31 "-" "WordPress/6.9; http://cqqizhou.com"
220.181.108.102 - - [25/May/2026:02:22:26 +0800] "GET /news/page/3 HTTP/1.1" 200 21060 "-" "Mozilla/5.0 (compatible; Baiduspider/2.0; +http://www.baidu.com/search/spider.html)"
116.179.37.184 - - [25/May/2026:02:22:30 +0800] "GET /wp-content/uploads/2025/12/1766064629-Article_images_20251218212623.webp HTTP/1.1" 200 20366 "http://cqqizhou.com/news/page/3" "Mozilla/5.0 (compatible; Baiduspider-render/2.0; +http://www.baidu.com/search/spider.html)"
116.179.37.53 - - [25/May/2026:02:22:30 +0800] "GET /wp-content/uploads/2025/07/1753455746-DSC01472.webp HTTP/1.1" 200 31854 "http://cqqizhou.com/news/page/3" "Mozilla/5.0 (compatible; Baiduspider-render/2.0; +http://www.baidu.com/search/spider.html)"
101.32.128.113 - - [25/May/2026:02:25:55 +0800] "GET /material.html HTTP/1.1" 200 6459 "-" "Mozilla/5.0 (iPhone; CPU iPhone OS 13_2_3 like Mac OS X) AppleWebKit/605.1.15 (KHTML, like Gecko) Version/13.0.3 Mobile/15E148 Safari/604.1"
36.133.115.36 - - [25/May/2026:02:41:47 +0800] "POST /wp-cron.php?doing_wp_cron=1779648107.5664019584655761718750 HTTP/1.1" 200 31 "-" "WordPress/6.9; http://cqqizhou.com"
122.8.45.147 - - [25/May/2026:02:41:47 +0800] "GET /logistics HTTP/1.1" 200 26160 "-" "Mozilla/5.0 (Windows NT 10.0; Win64; x64) AppleWebKit/537.36 (KHTML, like Gecko) Chrome/131.0.0.0 Safari/537.36 Edg/131.0.0.0"
36.133.115.36 - - [25/May/2026:02:42:38 +0800] "POST /wp-cron.php?doing_wp_cron=1779648158.7312350273132324218750 HTTP/1.1" 200 31 "-" "WordPress/6.9; http://cqqizhou.com"
143.20.185.242 - - [25/May/2026:02:42:38 +0800] "GET / HTTP/1.1" 200 108018 "-" "-"
115.239.249.6 - - [25/May/2026:02:45:08 +0800] "GET / HTTP/1.1" 200 35528 "-" "Mozilla/5.0 (Windows NT 10.0; Win64; x64) AppleWebKit/537.36 (KHTML, like Gecko) Chrome/142.0.0.0 Safari/537.36"
115.239.249.6 - - [25/May/2026:02:45:10 +0800] "GET /wp-json/sliderrevolution/sliders/1?srengine=7&slideid=4 HTTP/1.1" 499 0 "http://cqqizhou.com/" "Mozilla/5.0 (Windows NT 10.0; Win64; x64) AppleWebKit/537.36 (KHTML, like Gecko) Chrome/142.0.0.0 Safari/537.36"
115.239.249.6 - - [25/May/2026:02:45:10 +0800] "GET /wp-json/sliderrevolution/sliders/1?srengine=7&slideid=2 HTTP/1.1" 499 0 "http://cqqizhou.com/" "Mozilla/5.0 (Windows NT 10.0; Win64; x64) AppleWebKit/537.36 (KHTML, like Gecko) Chrome/142.0.0.0 Safari/537.36"
36.133.115.36 - - [25/May/2026:02:45:11 +0800] "POST /wp-cron.php?doing_wp_cron=1779648311.1129140853881835937500 HTTP/1.1" 200 31 "-" "WordPress/6.9; http://cqqizhou.com"
120.233.109.31 - - [25/May/2026:02:45:18 +0800] "GET / HTTP/1.1" 200 35528 "-" "Mozilla/5.0 (Windows NT 10.0; Win64; x64) AppleWebKit/537.36 (KHTML, like Gecko) Chrome/131.0.0.0 Safari/537.36"
36.133.115.36 - - [25/May/2026:03:05:46 +0800] "POST /wp-cron.php?doing_wp_cron=1779649546.1347720623016357421875 HTTP/1.1" 200 31 "-" "WordPress/6.9; http://cqqizhou.com"
206.42.12.58 - - [25/May/2026:03:05:46 +0800] "GET /wp-json/wp/v2/posts HTTP/1.1" 200 90578 "-" "Mozilla/5.0 (Windows NT 10.0; Win64; x64) AppleWebKit/537.36 (KHTML, like Gecko) Chrome/120.0.0.0 Safari/537.36"
171.245.240.144 - - [25/May/2026:03:18:39 +0800] "GET /material.html HTTP/1.1" 200 6459 "-" "Mozilla/5.0 (Macintosh; Intel Mac OS X 10.15; rv:135.0) Gecko/20100101 Firefox/135.0"
36.133.115.36 - - [25/May/2026:03:18:45 +0800] "POST /wp-cron.php?doing_wp_cron=1779650325.6632130146026611328125 HTTP/1.1" 200 31 "-" "WordPress/6.9; http://cqqizhou.com"
115.159.33.43 - - [25/May/2026:03:18:45 +0800] "GET / HTTP/1.1" 301 5 "-" "Mozilla/5.0 (Windows NT 10.0; Win64; x64) AppleWebKit/537.36 (KHTML, like Gecko) Chrome/79.0.3945.117 Safari/537.36"
36.133.115.36 - - [25/May/2026:03:27:06 +0800] "POST /wp-cron.php?doing_wp_cron=1779650826.7314279079437255859375 HTTP/1.1" 200 31 "-" "WordPress/6.9; http://cqqizhou.com"
59.58.212.215 - - [25/May/2026:03:27:06 +0800] "GET /Ly9jcXFpemhvdS5jb20vd3AtY29udGVudC91cGxvYWRzLzIwMjUvMTIvMTc2NTI2ODk1NS1xaXpob3VfU2xpZGVyMV8zODQww5cyMTYwXzIwMjUxMjEwLXNjYWxlZC53ZWJw HTTP/1.1" 404 9411 "-" "Mozilla/5.0 (Windows NT 6.1; Win64; x64) AppleWebKit/537.36 (KHTML, like Gecko) Chrome/76.0.3809.12"
36.133.115.36 - - [25/May/2026:03:28:30 +0800] "POST /wp-cron.php?doing_wp_cron=1779650910.9526510238647460937500 HTTP/1.1" 200 31 "-" "WordPress/6.9; http://cqqizhou.com"
45.198.224.7 - - [25/May/2026:03:28:31 +0800] "GET / HTTP/1.1" 200 158542 "-" "-"
36.133.115.36 - - [25/May/2026:03:31:42 +0800] "POST /wp-cron.php?doing_wp_cron=1779651102.3908519744873046875000 HTTP/1.1" 200 31 "-" "WordPress/6.9; http://cqqizhou.com"
93.123.72.166 - - [25/May/2026:03:31:42 +0800] "GET /SDK/webLanguage HTTP/1.1" 301 5 "-" "Mozilla/5.0 (Windows NT 10.0; Win64; x64) AppleWebKit/537.36 (KHTML, like Gecko) Chrome/90.0.4430.85 Safari/537.36 Edg/90.0.818.46"
36.133.115.36 - - [25/May/2026:03:33:32 +0800] "POST /wp-cron.php?doing_wp_cron=1779651211.9645960330963134765625 HTTP/1.1" 200 31 "-" "WordPress/6.9; http://cqqizhou.com"
5.61.209.126 - - [25/May/2026:03:33:32 +0800] "GET /SDK/webLanguage HTTP/1.1" 301 5 "-" "Mozilla/5.0 (Windows NT 10.0; Win64; x64) AppleWebKit/537.36 (KHTML, like Gecko) Chrome/90.0.4430.85 Safari/537.36 Edg/90.0.818.46"
36.133.115.36 - - [25/May/2026:03:38:56 +0800] "POST /wp-cron.php?doing_wp_cron=1779651536.2522358894348144531250 HTTP/1.1" 200 31 "-" "WordPress/6.9; http://cqqizhou.com"
112.111.208.171 - - [25/May/2026:03:38:56 +0800] "GET /Ly9jcXFpemhvdS5jb20vd3AtY29udGVudC91cGxvYWRzLzIwMjYvMDEvMTc2ODI3NjExOS1xaXpob3VqaWFnb25nX1NsaWRlcl8zODQww5cyMTYwXzIwMjYwMTEzLXNjYWxlZC53ZWJw HTTP/1.1" 404 9410 "-" "Mozilla/5.0 (Windows NT 10.0; Win64; x64) AppleWebKit/537.36 (KHTML, like Gecko) Chrome/71.0.3578.30"
36.133.115.36 - - [25/May/2026:03:40:36 +0800] "POST /wp-cron.php?doing_wp_cron=1779651636.5424311161041259765625 HTTP/1.1" 200 31 "-" "WordPress/6.9; http://cqqizhou.com"
70.34.218.96 - - [25/May/2026:03:40:36 +0800] "GET / HTTP/1.1" 301 5 "-" "Go-http-client/1.1"
183.225.111.114 - - [25/May/2026:03:41:04 +0800] "GET /Ly9jcXFpemhvdS5jb20vd3AtY29udGVudC91cGxvYWRzLzIwMjYvMDEvMTc2ODI4MDI3MC1hbnF1YW5fU2xpZGVyXzM4NDDDlzIxNjBfMjAyNjAxMTQtc2NhbGVkLndlYnA= HTTP/1.1" 404 9411 "-" "Mozilla/5.0 (Windows NT 10.0; WOW64) AppleWebKit/537.36 (KHTML, like Gecko) Chrome/83.0.4103.14"
194.102.37.22 - - [25/May/2026:03:56:12 +0800] "GET /contacts HTTP/1.1" 200 22098 "-" "Mozilla/5.0 (Windows NT 10.0; Win64; x64; rv:143.0) Gecko/20100101 Firefox/143.0"
36.133.115.36 - - [25/May/2026:03:56:14 +0800] "POST /wp-cron.php?doing_wp_cron=1779652574.4825389385223388671875 HTTP/1.1" 200 31 "-" "WordPress/6.9; http://cqqizhou.com"
194.102.37.22 - - [25/May/2026:03:56:14 +0800] "POST /wp-json/contact-form-7/v1/contact-forms/158/feedback HTTP/1.1" 200 219 "http://cqqizhou.com/contacts" "Mozilla/5.0 (Windows NT 10.0; Win64; x64; rv:143.0) Gecko/20100101 Firefox/143.0"
36.133.115.36 - - [25/May/2026:04:00:40 +0800] "POST /wp-cron.php?doing_wp_cron=1779652840.2065289020538330078125 HTTP/1.1" 200 31 "-" "WordPress/6.9; http://cqqizhou.com"
116.18.47.229 - - [25/May/2026:04:00:40 +0800] "GET /Ly9jcXFpemhvdS5jb20vd3AtY29udGVudC91cGxvYWRzL3JldnNsaWRlci9zbGlkZXItMS8xNzUwODYxMTU2LWxvZ2lzdGljc19TbGlkZXJfMzg0MMOXMjE2MF8yMDI1MDYyNTE5MTM1Ni1zY2FsZWQud2VicA== HTTP/1.1" 404 9408 "-" "Mozilla/5.0 (Windows NT 6.1) AppleWebKit/537.36 (KHTML, like Gecko) Chrome/87.0.4280.20"
36.133.115.36 - - [25/May/2026:04:06:51 +0800] "POST /wp-cron.php?doing_wp_cron=1779653211.5429100990295410156250 HTTP/1.1" 200 31 "-" "WordPress/6.9; http://cqqizhou.com"
183.136.238.105 - - [25/May/2026:04:06:51 +0800] "GET /ueditor/server/upload/net/fileup.ashx HTTP/1.1" 404 9409 "-" "Mozilla/5.0 (Windows NT 10.0; Win64; x64) AppleWebKit/537.36"
183.136.238.105 - - [25/May/2026:04:06:54 +0800] "GET /ueditor/server/upload/net/imageup.ashx HTTP/1.1" 404 9410 "-" "Mozilla/5.0 (Windows NT 10.0; Win64; x64) AppleWebKit/537.36"
183.136.238.105 - - [25/May/2026:04:06:55 +0800] "GET /script/ueditor/server/upload/net/fileup.ashx HTTP/1.1" 404 9409 "-" "Mozilla/5.0 (Windows NT 10.0; Win64; x64) AppleWebKit/537.36"
183.136.238.105 - - [25/May/2026:04:06:57 +0800] "GET /script/ueditor/server/upload/net/imageup.ashx HTTP/1.1" 404 9409 "-" "Mozilla/5.0 (Windows NT 10.0; Win64; x64) AppleWebKit/537.36"
183.136.238.105 - - [25/May/2026:04:06:58 +0800] "GET /baidueditor/net/fileup.ashx HTTP/1.1" 404 9409 "-" "Mozilla/5.0 (Windows NT 10.0; Win64; x64) AppleWebKit/537.36"
183.136.238.105 - - [25/May/2026:04:07:00 +0800] "GET /baidueditor/net/imageup.ashx HTTP/1.1" 404 9407 "-" "Mozilla/5.0 (Windows NT 10.0; Win64; x64) AppleWebKit/537.36"
183.136.238.105 - - [25/May/2026:04:07:01 +0800] "GET /upload/fileup.ashx HTTP/1.1" 404 9409 "-" "Mozilla/5.0 (Windows NT 10.0; Win64; x64) AppleWebKit/537.36"
183.136.238.105 - - [25/May/2026:04:07:02 +0800] "GET /upload/imageup.ashx HTTP/1.1" 404 9409 "-" "Mozilla/5.0 (Windows NT 10.0; Win64; x64) AppleWebKit/537.36"
183.136.238.105 - - [25/May/2026:04:07:03 +0800] "GET /upload/net/fileup.ashx HTTP/1.1" 404 9409 "-" "Mozilla/5.0 (Windows NT 10.0; Win64; x64) AppleWebKit/537.36"
183.136.238.105 - - [25/May/2026:04:07:04 +0800] "GET /upload/net/imageup.ashx HTTP/1.1" 404 9409 "-" "Mozilla/5.0 (Windows NT 10.0; Win64; x64) AppleWebKit/537.36"
183.136.238.105 - - [25/May/2026:04:07:06 +0800] "GET /admin/handler/fileup.ashx HTTP/1.1" 404 9410 "-" "Mozilla/5.0 (Windows NT 10.0; Win64; x64) AppleWebKit/537.36"
183.136.238.105 - - [25/May/2026:04:07:07 +0800] "GET /admin/handler/imageup.ashx HTTP/1.1" 404 9409 "-" "Mozilla/5.0 (Windows NT 10.0; Win64; x64) AppleWebKit/537.36"
36.133.115.36 - - [25/May/2026:04:07:08 +0800] "POST /wp-cron.php?doing_wp_cron=1779653228.8815479278564453125000 HTTP/1.1" 200 31 "-" "WordPress/6.9; http://cqqizhou.com"
183.136.238.105 - - [25/May/2026:04:07:08 +0800] "GET /manager/handler/fileup.ashx HTTP/1.1" 404 9409 "-" "Mozilla/5.0 (Windows NT 10.0; Win64; x64) AppleWebKit/537.36"
183.136.238.105 - - [25/May/2026:04:07:10 +0800] "GET /manager/handler/imageup.ashx HTTP/1.1" 404 9407 "-" "Mozilla/5.0 (Windows NT 10.0; Win64; x64) AppleWebKit/537.36"
183.136.238.105 - - [25/May/2026:04:07:11 +0800] "GET /managerdoc/handler/fileup.ashx HTTP/1.1" 404 9409 "-" "Mozilla/5.0 (Windows NT 10.0; Win64; x64) AppleWebKit/537.36"
183.136.238.105 - - [25/May/2026:04:07:12 +0800] "GET /managerdoc/handler/imageup.ashx HTTP/1.1" 404 9409 "-" "Mozilla/5.0 (Windows NT 10.0; Win64; x64) AppleWebKit/537.36"
183.136.238.105 - - [25/May/2026:04:07:13 +0800] "GET /admin/plugin/ueditor/net/fileup.ashx HTTP/1.1" 404 9409 "-" "Mozilla/5.0 (Windows NT 10.0; Win64; x64) AppleWebKit/537.36"
183.136.238.105 - - [25/May/2026:04:07:15 +0800] "GET /admin/plugin/ueditor/net/imageup.ashx HTTP/1.1" 404 9410 "-" "Mozilla/5.0 (Windows NT 10.0; Win64; x64) AppleWebKit/537.36"
183.136.238.105 - - [25/May/2026:04:07:16 +0800] "GET /admin/js/ueditor/net/fileup.ashx HTTP/1.1" 404 9410 "-" "Mozilla/5.0 (Windows NT 10.0; Win64; x64) AppleWebKit/537.36"
183.136.238.105 - - [25/May/2026:04:07:17 +0800] "GET /admin/js/ueditor/net/imageup.ashx HTTP/1.1" 404 9408 "-" "Mozilla/5.0 (Windows NT 10.0; Win64; x64) AppleWebKit/537.36"
183.136.238.105 - - [25/May/2026:04:07:19 +0800] "GET /admin/umeditor/net/imageup.ashx HTTP/1.1" 404 9409 "-" "Mozilla/5.0 (Windows NT 10.0; Win64; x64) AppleWebKit/537.36"
183.136.238.105 - - [25/May/2026:04:07:20 +0800] "GET /admin/scripts/editors/net/fileup.ashx HTTP/1.1" 404 9407 "-" "Mozilla/5.0 (Windows NT 10.0; Win64; x64) AppleWebKit/537.36"
183.136.238.105 - - [25/May/2026:04:07:21 +0800] "GET /admin/scripts/editors/net/imageup.ashx HTTP/1.1" 404 9409 "-" "Mozilla/5.0 (Windows NT 10.0; Win64; x64) AppleWebKit/537.36"
183.136.238.105 - - [25/May/2026:04:07:23 +0800] "GET /scripts/uedit/net/fileup.ashx HTTP/1.1" 404 9409 "-" "Mozilla/5.0 (Windows NT 10.0; Win64; x64) AppleWebKit/537.36"
183.136.238.105 - - [25/May/2026:04:07:24 +0800] "GET /scripts/uedit/net/imageup.ashx HTTP/1.1" 404 9410 "-" "Mozilla/5.0 (Windows NT 10.0; Win64; x64) AppleWebKit/537.36"
183.136.238.105 - - [25/May/2026:04:07:26 +0800] "GET /scripts/plugins/ueditor/net/imageup.ashx HTTP/1.1" 404 9410 "-" "Mozilla/5.0 (Windows NT 10.0; Win64; x64) AppleWebKit/537.36"
183.136.238.105 - - [25/May/2026:04:07:27 +0800] "GET /scripts/plugins/umeditor/net/imageup.ashx HTTP/1.1" 404 9409 "-" "Mozilla/5.0 (Windows NT 10.0; Win64; x64) AppleWebKit/537.36"
183.136.238.105 - - [25/May/2026:04:07:28 +0800] "GET /script/_plugins/umeditor/net/imageup.ashx HTTP/1.1" 404 9409 "-" "Mozilla/5.0 (Windows NT 10.0; Win64; x64) AppleWebKit/537.36"
183.136.238.105 - - [25/May/2026:04:07:30 +0800] "GET /js/ueditor1_3_6-utf8-net/net/fileup.ashx HTTP/1.1" 404 9408 "-" "Mozilla/5.0 (Windows NT 10.0; Win64; x64) AppleWebKit/537.36"
183.136.238.105 - - [25/May/2026:04:07:31 +0800] "GET /js/ueditor1_3_6-utf8-net/net/imageup.ashx HTTP/1.1" 404 9409 "-" "Mozilla/5.0 (Windows NT 10.0; Win64; x64) AppleWebKit/537.36"
183.136.238.105 - - [25/May/2026:04:07:33 +0800] "GET /js/ueditor1_2_6_1-utf8-net/net/fileup.ashx HTTP/1.1" 404 9409 "-" "Mozilla/5.0 (Windows NT 10.0; Win64; x64) AppleWebKit/537.36"
183.136.238.105 - - [25/May/2026:04:07:36 +0800] "GET /js/ueditor1_2_6_1-utf8-net/net/imageup.ashx HTTP/1.1" 404 9411 "-" "Mozilla/5.0 (Windows NT 10.0; Win64; x64) AppleWebKit/537.36"
183.136.238.105 - - [25/May/2026:04:07:39 +0800] "GET /scripts/ueditor1_2_6_0/net/fileup.ashx HTTP/1.1" 404 9409 "-" "Mozilla/5.0 (Windows NT 10.0; Win64; x64) AppleWebKit/537.36"
183.136.238.105 - - [25/May/2026:04:07:41 +0800] "GET /scripts/ueditor1_2_6_0/net/imageup.ashx HTTP/1.1" 404 9410 "-" "Mozilla/5.0 (Windows NT 10.0; Win64; x64) AppleWebKit/537.36"
183.136.238.105 - - [25/May/2026:04:07:42 +0800] "GET /content/umeditor/net/imageup.ashx HTTP/1.1" 404 9410 "-" "Mozilla/5.0 (Windows NT 10.0; Win64; x64) AppleWebKit/537.36"
183.136.238.105 - - [25/May/2026:04:07:44 +0800] "GET /content/umeditor_min/net/imageup.ashx HTTP/1.1" 404 9411 "-" "Mozilla/5.0 (Windows NT 10.0; Win64; x64) AppleWebKit/537.36"
183.136.238.105 - - [25/May/2026:04:07:45 +0800] "GET /content/js/umeditor/net/imageup.ashx HTTP/1.1" 404 9411 "-" "Mozilla/5.0 (Windows NT 10.0; Win64; x64) AppleWebKit/537.36"
183.136.238.105 - - [25/May/2026:04:07:47 +0800] "GET /common/editor/ueditor/net/fileup.ashx HTTP/1.1" 404 9411 "-" "Mozilla/5.0 (Windows NT 10.0; Win64; x64) AppleWebKit/537.36"
183.136.238.105 - - [25/May/2026:04:07:48 +0800] "GET /common/editor/ueditor/net/imageup.ashx HTTP/1.1" 404 9411 "-" "Mozilla/5.0 (Windows NT 10.0; Win64; x64) AppleWebKit/537.36"
183.136.238.105 - - [25/May/2026:04:07:50 +0800] "GET /common/umeditor/net/imageup.ashx HTTP/1.1" 404 9407 "-" "Mozilla/5.0 (Windows NT 10.0; Win64; x64) AppleWebKit/537.36"
183.136.238.105 - - [25/May/2026:04:07:52 +0800] "GET /plus/umeditor/net/imageup.ashx HTTP/1.1" 404 9409 "-" "Mozilla/5.0 (Windows NT 10.0; Win64; x64) AppleWebKit/537.36"
183.136.238.105 - - [25/May/2026:04:07:53 +0800] "GET /plus/umeditor1_2_2-utf8-net/net/imageup.ashx HTTP/1.1" 404 9409 "-" "Mozilla/5.0 (Windows NT 10.0; Win64; x64) AppleWebKit/537.36"
183.136.238.105 - - [25/May/2026:04:07:54 +0800] "GET /lib/umeditor/net/imageup.ashx HTTP/1.1" 404 9410 "-" "Mozilla/5.0 (Windows NT 10.0; Win64; x64) AppleWebKit/537.36"
183.136.238.105 - - [25/May/2026:04:07:55 +0800] "GET /inc/umeditor/net/imageup.ashx HTTP/1.1" 404 9409 "-" "Mozilla/5.0 (Windows NT 10.0; Win64; x64) AppleWebKit/537.36"
183.136.238.105 - - [25/May/2026:04:07:56 +0800] "GET /tool/umeditor/net/imageup.ashx HTTP/1.1" 404 9411 "-" "Mozilla/5.0 (Windows NT 10.0; Win64; x64) AppleWebKit/537.36"
183.136.238.105 - - [25/May/2026:04:07:57 +0800] "GET /websites/market/web/plugins/ueditor/net/fileup.ashx HTTP/1.1" 404 9409 "-" "Mozilla/5.0 (Windows NT 10.0; Win64; x64) AppleWebKit/537.36"
183.136.238.105 - - [25/May/2026:04:07:59 +0800] "GET /websites/market/web/plugins/ueditor/net/imageup.ashx HTTP/1.1" 404 9409 "-" "Mozilla/5.0 (Windows NT 10.0; Win64; x64) AppleWebKit/537.36"
183.136.238.105 - - [25/May/2026:04:08:00 +0800] "GET /plugin/ueditor/ueditor/net/fileup.ashx HTTP/1.1" 404 9408 "-" "Mozilla/5.0 (Windows NT 10.0; Win64; x64) AppleWebKit/537.36"
183.136.238.105 - - [25/May/2026:04:08:02 +0800] "GET /plugin/ueditor/ueditor/net/imageup.ashx HTTP/1.1" 404 9409 "-" "Mozilla/5.0 (Windows NT 10.0; Win64; x64) AppleWebKit/537.36"
183.136.238.105 - - [25/May/2026:04:08:03 +0800] "GET /app_editor/ueditor/net/fileup.ashx HTTP/1.1" 404 9409 "-" "Mozilla/5.0 (Windows NT 10.0; Win64; x64) AppleWebKit/537.36"
183.136.238.105 - - [25/May/2026:04:08:04 +0800] "GET /app_editor/ueditor/net/imageup.ashx HTTP/1.1" 404 9410 "-" "Mozilla/5.0 (Windows NT 10.0; Win64; x64) AppleWebKit/537.36"
183.136.238.105 - - [25/May/2026:04:08:05 +0800] "GET /sys/ajax/editor/fileup.ashx HTTP/1.1" 404 9409 "-" "Mozilla/5.0 (Windows NT 10.0; Win64; x64) AppleWebKit/537.36"
36.133.115.36 - - [25/May/2026:04:08:08 +0800] "POST /wp-cron.php?doing_wp_cron=1779653288.0158979892730712890625 HTTP/1.1" 200 31 "-" "WordPress/6.9; http://cqqizhou.com"
183.136.238.105 - - [25/May/2026:04:08:08 +0800] "GET /sys/ajax/editor/imageup.ashx HTTP/1.1" 404 9409 "-" "Mozilla/5.0 (Windows NT 10.0; Win64; x64) AppleWebKit/537.36"
183.136.238.105 - - [25/May/2026:04:08:09 +0800] "GET /resource/ueditor/net/fileup.ashx HTTP/1.1" 404 9409 "-" "Mozilla/5.0 (Windows NT 10.0; Win64; x64) AppleWebKit/537.36"
183.136.238.105 - - [25/May/2026:04:08:10 +0800] "GET /resource/ueditor/net/imageup.ashx HTTP/1.1" 404 9408 "-" "Mozilla/5.0 (Windows NT 10.0; Win64; x64) AppleWebKit/537.36"
183.136.238.105 - - [25/May/2026:04:08:11 +0800] "GET /thirdcontrol/ueditor1_2_3_0-utf8-net/net/fileup.ashx HTTP/1.1" 404 9409 "-" "Mozilla/5.0 (Windows NT 10.0; Win64; x64) AppleWebKit/537.36"
183.136.238.105 - - [25/May/2026:04:08:12 +0800] "GET /thirdcontrol/ueditor1_2_3_0-utf8-net/net/imageup.ashx HTTP/1.1" 404 9409 "-" "Mozilla/5.0 (Windows NT 10.0; Win64; x64) AppleWebKit/537.36"
66.249.73.228 - - [25/May/2026:04:08:13 +0800] "GET /robots.txt HTTP/1.1" 200 190 "-" "Mozilla/5.0 (compatible; Googlebot/2.1; +http://www.google.com/bot.html)"
183.136.238.105 - - [25/May/2026:04:08:13 +0800] "GET /analysis/thirdcontrol/ueditor1_2_3_0-utf8-net/net/fileup.ashx HTTP/1.1" 404 9409 "-" "Mozilla/5.0 (Windows NT 10.0; Win64; x64) AppleWebKit/537.36"
66.249.73.230 - - [25/May/2026:04:08:14 +0800] "GET /news/2464 HTTP/1.1" 200 19952 "-" "Mozilla/5.0 (Linux; Android 6.0.1; Nexus 5X Build/MMB29P) AppleWebKit/537.36 (KHTML, like Gecko) Chrome/148.0.7778.96 Mobile Safari/537.36 (compatible; Googlebot/2.1; +http://www.google.com/bot.html)"
183.136.238.105 - - [25/May/2026:04:08:15 +0800] "GET /analysis/thirdcontrol/ueditor1_2_3_0-utf8-net/net/imageup.ashx HTTP/1.1" 404 9409 "-" "Mozilla/5.0 (Windows NT 10.0; Win64; x64) AppleWebKit/537.36"
183.136.238.105 - - [25/May/2026:04:08:16 +0800] "GET /virtual/hntc/app.publish/admin/ueditor/net/fileup.ashx HTTP/1.1" 404 9411 "-" "Mozilla/5.0 (Windows NT 10.0; Win64; x64) AppleWebKit/537.36"
183.136.238.105 - - [25/May/2026:04:08:17 +0800] "GET /virtual/hntc/app.publish/admin/ueditor/net/imageup.ashx HTTP/1.1" 404 9409 "-" "Mozilla/5.0 (Windows NT 10.0; Win64; x64) AppleWebKit/537.36"
36.133.115.36 - - [25/May/2026:04:08:19 +0800] "POST /wp-cron.php?doing_wp_cron=1779653299.4954481124877929687500 HTTP/1.1" 200 31 "-" "WordPress/6.9; http://cqqizhou.com"
183.136.238.105 - - [25/May/2026:04:08:19 +0800] "GET /virtual/hngl/app.publish/admin/ueditor/net/fileup.ashx HTTP/1.1" 404 9409 "-" "Mozilla/5.0 (Windows NT 10.0; Win64; x64) AppleWebKit/537.36"
183.136.238.105 - - [25/May/2026:04:08:20 +0800] "GET /virtual/hngl/app.publish/admin/ueditor/net/imageup.ashx HTTP/1.1" 404 9407 "-" "Mozilla/5.0 (Windows NT 10.0; Win64; x64) AppleWebKit/537.36"
183.136.238.105 - - [25/May/2026:04:08:21 +0800] "GET /jins_oa/web/manager/usermodule/spring/fileupload/fileup.ashx HTTP/1.1" 404 9409 "-" "Mozilla/5.0 (Windows NT 10.0; Win64; x64) AppleWebKit/537.36"
183.136.238.105 - - [25/May/2026:04:08:23 +0800] "GET /jins_oa/web/jins/jins/web/manager/usermodule/spring/fileupload/fileup.ashx HTTP/1.1" 404 9409 "-" "Mozilla/5.0 (Windows NT 10.0; Win64; x64) AppleWebKit/537.36"
183.136.238.105 - - [25/May/2026:04:08:24 +0800] "GET /manager/usermodule/spring/fileupload/fileup.ashx HTTP/1.1" 404 9410 "-" "Mozilla/5.0 (Windows NT 10.0; Win64; x64) AppleWebKit/537.36"
183.136.238.105 - - [25/May/2026:04:08:26 +0800] "GET /wechat/manage/ueditor/wxedit/net/imageup.ashx HTTP/1.1" 404 9410 "-" "Mozilla/5.0 (Windows NT 10.0; Win64; x64) AppleWebKit/537.36"
183.136.238.105 - - [25/May/2026:04:08:28 +0800] "GET /apps/wechat/manage/ueditor/wxedit/net/imageup.ashx HTTP/1.1" 404 9409 "-" "Mozilla/5.0 (Windows NT 10.0; Win64; x64) AppleWebKit/537.36"
183.136.238.105 - - [25/May/2026:04:08:29 +0800] "GET /areas/plugins/retailshoppingmall/widget/umeditor/net/imageup.ashx HTTP/1.1" 404 9409 "-" "Mozilla/5.0 (Windows NT 10.0; Win64; x64) AppleWebKit/537.36"
183.136.238.105 - - [25/May/2026:04:08:31 +0800] "GET /areas/plugins/plugins/retailshoppingmall/widget/umeditor/net/imageup.ashx HTTP/1.1" 404 9409 "-" "Mozilla/5.0 (Windows NT 10.0; Win64; x64) AppleWebKit/537.36"
183.136.238.105 - - [25/May/2026:04:08:31 +0800] "GET /ylymanager/report/beditor/net/fileup.ashx HTTP/1.1" 404 9409 "-" "Mozilla/5.0 (Windows NT 10.0; Win64; x64) AppleWebKit/537.36"
183.136.238.105 - - [25/May/2026:04:08:33 +0800] "GET /ylymanager/report/beditor/net/imageup.ashx HTTP/1.1" 404 9409 "-" "Mozilla/5.0 (Windows NT 10.0; Win64; x64) AppleWebKit/537.36"
183.136.238.105 - - [25/May/2026:04:08:34 +0800] "GET /ylymanager/js/umeditor/net/imageup.ashx HTTP/1.1" 404 9410 "-" "Mozilla/5.0 (Windows NT 10.0; Win64; x64) AppleWebKit/537.36"
183.136.238.105 - - [25/May/2026:04:08:36 +0800] "GET /ylservicemanager/js/umeditor/net/imageup.ashx HTTP/1.1" 404 9409 "-" "Mozilla/5.0 (Windows NT 10.0; Win64; x64) AppleWebKit/537.36"
183.136.238.105 - - [25/May/2026:04:08:37 +0800] "GET /colast/login/baidueditor/net/fileup.ashx HTTP/1.1" 404 9409 "-" "Mozilla/5.0 (Windows NT 10.0; Win64; x64) AppleWebKit/537.36"
183.136.238.105 - - [25/May/2026:04:08:41 +0800] "GET /colast/login/baidueditor/net/imageup.ashx HTTP/1.1" 404 9409 "-" "Mozilla/5.0 (Windows NT 10.0; Win64; x64) AppleWebKit/537.36"
183.136.238.105 - - [25/May/2026:04:08:43 +0800] "GET /pilou/baiduueditor/net/fileup.ashx HTTP/1.1" 404 9409 "-" "Mozilla/5.0 (Windows NT 10.0; Win64; x64) AppleWebKit/537.36"
183.136.238.105 - - [25/May/2026:04:08:44 +0800] "GET /pilou/baiduueditor/net/imageup.ashx HTTP/1.1" 404 9408 "-" "Mozilla/5.0 (Windows NT 10.0; Win64; x64) AppleWebKit/537.36"
183.136.238.105 - - [25/May/2026:04:08:46 +0800] "GET /pgsystem/beditor/net/fileup.ashx HTTP/1.1" 404 9410 "-" "Mozilla/5.0 (Windows NT 10.0; Win64; x64) AppleWebKit/537.36"
183.136.238.105 - - [25/May/2026:04:08:47 +0800] "GET /pgsystem/beditor/net/imageup.ashx HTTP/1.1" 404 9409 "-" "Mozilla/5.0 (Windows NT 10.0; Win64; x64) AppleWebKit/537.36"
183.136.238.105 - - [25/May/2026:04:08:49 +0800] "GET /yanglaopg/beditor/net/fileup.ashx HTTP/1.1" 404 9409 "-" "Mozilla/5.0 (Windows NT 10.0; Win64; x64) AppleWebKit/537.36"
183.136.238.105 - - [25/May/2026:04:08:51 +0800] "GET /yanglaopg/beditor/net/imageup.ashx HTTP/1.1" 404 9409 "-" "Mozilla/5.0 (Windows NT 10.0; Win64; x64) AppleWebKit/537.36"
183.136.238.105 - - [25/May/2026:04:08:52 +0800] "GET /db/ueditor/net/fileup.ashx HTTP/1.1" 404 9409 "-" "Mozilla/5.0 (Windows NT 10.0; Win64; x64) AppleWebKit/537.36"
183.136.238.105 - - [25/May/2026:04:08:53 +0800] "GET /db/ueditor/net/imageup.ashx HTTP/1.1" 404 9408 "-" "Mozilla/5.0 (Windows NT 10.0; Win64; x64) AppleWebKit/537.36"
183.136.238.105 - - [25/May/2026:04:08:54 +0800] "GET /db/ueditor/ueditor/net/fileup.ashx HTTP/1.1" 404 9410 "-" "Mozilla/5.0 (Windows NT 10.0; Win64; x64) AppleWebKit/537.36"
183.136.238.105 - - [25/May/2026:04:08:55 +0800] "GET /db/ueditor/ueditor/net/imageup.ashx HTTP/1.1" 404 9409 "-" "Mozilla/5.0 (Windows NT 10.0; Win64; x64) AppleWebKit/537.36"
183.136.238.105 - - [25/May/2026:04:08:56 +0800] "GET /www_beifen/ueditor/net/fileup.ashx HTTP/1.1" 404 9410 "-" "Mozilla/5.0 (Windows NT 10.0; Win64; x64) AppleWebKit/537.36"
183.136.238.105 - - [25/May/2026:04:08:58 +0800] "GET /www_beifen/ueditor/net/imageup.ashx HTTP/1.1" 404 9409 "-" "Mozilla/5.0 (Windows NT 10.0; Win64; x64) AppleWebKit/537.36"
183.136.238.105 - - [25/May/2026:04:08:59 +0800] "GET /ytzlcms/ueditor/net/fileup.ashx HTTP/1.1" 404 9409 "-" "Mozilla/5.0 (Windows NT 10.0; Win64; x64) AppleWebKit/537.36"
183.136.238.105 - - [25/May/2026:04:09:00 +0800] "GET /ytzlcms/ueditor/net/imageup.ashx HTTP/1.1" 404 9407 "-" "Mozilla/5.0 (Windows NT 10.0; Win64; x64) AppleWebKit/537.36"
183.136.238.105 - - [25/May/2026:04:09:01 +0800] "GET /hnggt/web/syspages/resource/js/ueditor/net/fileup.ashx HTTP/1.1" 404 9409 "-" "Mozilla/5.0 (Windows NT 10.0; Win64; x64) AppleWebKit/537.36"
183.136.238.105 - - [25/May/2026:04:09:02 +0800] "GET /hnggt/web/syspages/resource/js/ueditor/net/imageup.ashx HTTP/1.1" 404 9409 "-" "Mozilla/5.0 (Windows NT 10.0; Win64; x64) AppleWebKit/537.36"
183.136.238.105 - - [25/May/2026:04:09:03 +0800] "GET /wap/app_plugin/ueditor/net/fileup.ashx HTTP/1.1" 404 9409 "-" "Mozilla/5.0 (Windows NT 10.0; Win64; x64) AppleWebKit/537.36"
183.136.238.105 - - [25/May/2026:04:09:04 +0800] "GET /wap/app_plugin/ueditor/net/imageup.ashx HTTP/1.1" 404 9410 "-" "Mozilla/5.0 (Windows NT 10.0; Win64; x64) AppleWebKit/537.36"
183.136.238.105 - - [25/May/2026:04:09:06 +0800] "GET /template/pc/main/default/umeditor/net/imageup.ashx HTTP/1.1" 404 9410 "-" "Mozilla/5.0 (Windows NT 10.0; Win64; x64) AppleWebKit/537.36"
36.133.115.36 - - [25/May/2026:04:09:08 +0800] "POST /wp-cron.php?doing_wp_cron=1779653348.0251700878143310546875 HTTP/1.1" 200 31 "-" "WordPress/6.9; http://cqqizhou.com"
183.136.238.105 - - [25/May/2026:04:09:08 +0800] "GET /template-yuan/pc/main/default/umeditor/net/imageup.ashx HTTP/1.1" 404 9409 "-" "Mozilla/5.0 (Windows NT 10.0; Win64; x64) AppleWebKit/537.36"
183.136.238.105 - - [25/May/2026:04:09:09 +0800] "GET /ajaxservice/databasebackup/fileup.ashx HTTP/1.1" 404 9409 "-" "Mozilla/5.0 (Windows NT 10.0; Win64; x64) AppleWebKit/537.36"
183.136.238.105 - - [25/May/2026:04:09:11 +0800] "GET /website/ajaxservice/databasebackup/fileup.ashx HTTP/1.1" 404 9409 "-" "Mozilla/5.0 (Windows NT 10.0; Win64; x64) AppleWebKit/537.36"
183.136.238.105 - - [25/May/2026:04:09:13 +0800] "GET /jrstatic/js/ueditor/net/fileup.ashx HTTP/1.1" 404 9409 "-" "Mozilla/5.0 (Windows NT 10.0; Win64; x64) AppleWebKit/537.36"
183.136.238.105 - - [25/May/2026:04:09:14 +0800] "GET /jrstatic/js/ueditor/net/imageup.ashx HTTP/1.1" 404 9410 "-" "Mozilla/5.0 (Windows NT 10.0; Win64; x64) AppleWebKit/537.36"
183.136.238.105 - - [25/May/2026:04:09:16 +0800] "GET /jrstatic/js/newueditor/net/imageup.ashx HTTP/1.1" 404 9411 "-" "Mozilla/5.0 (Windows NT 10.0; Win64; x64) AppleWebKit/537.36"
183.136.238.105 - - [25/May/2026:04:09:18 +0800] "GET /debug/gl/handler/fileup.ashx HTTP/1.1" 404 9409 "-" "Mozilla/5.0 (Windows NT 10.0; Win64; x64) AppleWebKit/537.36"
183.136.238.105 - - [25/May/2026:04:09:19 +0800] "GET /debug/gl/handler/imageup.ashx HTTP/1.1" 404 9409 "-" "Mozilla/5.0 (Windows NT 10.0; Win64; x64) AppleWebKit/537.36"
183.136.238.105 - - [25/May/2026:04:09:19 +0800] "GET /gl/handler/fileup.ashx HTTP/1.1" 404 9409 "-" "Mozilla/5.0 (Windows NT 10.0; Win64; x64) AppleWebKit/537.36"
183.136.238.105 - - [25/May/2026:04:09:21 +0800] "GET /handler/imageup.ashx HTTP/1.1" 404 9410 "-" "Mozilla/5.0 (Windows NT 10.0; Win64; x64) AppleWebKit/537.36"
183.136.238.105 - - [25/May/2026:04:09:22 +0800] "GET /cbeditor/net/fileup.ashx HTTP/1.1" 404 9410 "-" "Mozilla/5.0 (Windows NT 10.0; Win64; x64) AppleWebKit/537.36"
183.136.238.105 - - [25/May/2026:04:09:26 +0800] "GET /cbeditor/net/imageup.ashx HTTP/1.1" 404 9410 "-" "Mozilla/5.0 (Windows NT 10.0; Win64; x64) AppleWebKit/537.36"
183.136.238.105 - - [25/May/2026:04:09:27 +0800] "GET /dprxx/fileup.ashx HTTP/1.1" 404 9411 "-" "Mozilla/5.0 (Windows NT 10.0; Win64; x64) AppleWebKit/537.36"
183.136.238.105 - - [25/May/2026:04:09:28 +0800] "GET /xtstandardfile/inc/fileup.ashx HTTP/1.1" 404 9411 "-" "Mozilla/5.0 (Windows NT 10.0; Win64; x64) AppleWebKit/537.36"
183.136.238.105 - - [25/May/2026:04:09:31 +0800] "GET /ad8888/ueditor/net/fileup.ashx HTTP/1.1" 404 9409 "-" "Mozilla/5.0 (Windows NT 10.0; Win64; x64) AppleWebKit/537.36"
183.136.238.105 - - [25/May/2026:04:09:32 +0800] "GET /ad8888/ueditor/net/imageup.ashx HTTP/1.1" 404 9409 "-" "Mozilla/5.0 (Windows NT 10.0; Win64; x64) AppleWebKit/537.36"
183.136.238.105 - - [25/May/2026:04:09:33 +0800] "GET /ubian/net/fileup.ashx HTTP/1.1" 404 9409 "-" "Mozilla/5.0 (Windows NT 10.0; Win64; x64) AppleWebKit/537.36"
183.136.238.105 - - [25/May/2026:04:09:35 +0800] "GET /ubian/net/imageup.ashx HTTP/1.1" 404 9409 "-" "Mozilla/5.0 (Windows NT 10.0; Win64; x64) AppleWebKit/537.36"
183.136.238.105 - - [25/May/2026:04:09:37 +0800] "GET /www/ueditor/net/fileup.ashx HTTP/1.1" 404 9409 "-" "Mozilla/5.0 (Windows NT 10.0; Win64; x64) AppleWebKit/537.36"
183.136.238.105 - - [25/May/2026:04:09:39 +0800] "GET /content/static/ueditor/net/fileup.ashx HTTP/1.1" 404 9409 "-" "Mozilla/5.0 (Windows NT 10.0; Win64; x64) AppleWebKit/537.36"
183.136.238.105 - - [25/May/2026:04:09:40 +0800] "GET /content/static/ueditor/net/imageup.ashx HTTP/1.1" 404 9408 "-" "Mozilla/5.0 (Windows NT 10.0; Win64; x64) AppleWebKit/537.36"
183.136.238.105 - - [25/May/2026:04:09:42 +0800] "GET /content/static/ueditor/net/net/fileup.ashx HTTP/1.1" 404 9409 "-" "Mozilla/5.0 (Windows NT 10.0; Win64; x64) AppleWebKit/537.36"
183.136.238.105 - - [25/May/2026:04:09:43 +0800] "GET /content/static/ueditor/net/net/imageup.ashx HTTP/1.1" 404 9409 "-" "Mozilla/5.0 (Windows NT 10.0; Win64; x64) AppleWebKit/537.36"
183.136.238.105 - - [25/May/2026:04:09:44 +0800] "GET /b_edit/net/fileup.ashx HTTP/1.1" 404 9410 "-" "Mozilla/5.0 (Windows NT 10.0; Win64; x64) AppleWebKit/537.36"
183.136.238.105 - - [25/May/2026:04:09:45 +0800] "GET /b_edit/net/imageup.ashx HTTP/1.1" 404 9409 "-" "Mozilla/5.0 (Windows NT 10.0; Win64; x64) AppleWebKit/537.36"
183.136.238.105 - - [25/May/2026:04:09:47 +0800] "GET /root/server/upload/net/fileup.ashx HTTP/1.1" 404 9409 "-" "Mozilla/5.0 (Windows NT 10.0; Win64; x64) AppleWebKit/537.36"
183.136.238.105 - - [25/May/2026:04:09:48 +0800] "GET /root/server/upload/net/imageup.ashx HTTP/1.1" 404 9409 "-" "Mozilla/5.0 (Windows NT 10.0; Win64; x64) AppleWebKit/537.36"
183.136.238.105 - - [25/May/2026:04:09:49 +0800] "GET /include/ueditor1_3_5-utf8-net/net/fileup.ashx HTTP/1.1" 404 9409 "-" "Mozilla/5.0 (Windows NT 10.0; Win64; x64) AppleWebKit/537.36"
183.136.238.105 - - [25/May/2026:04:09:50 +0800] "GET /include/ueditor1_3_5-utf8-net/net/imageup.ashx HTTP/1.1" 404 9408 "-" "Mozilla/5.0 (Windows NT 10.0; Win64; x64) AppleWebKit/537.36"
183.136.238.105 - - [25/May/2026:04:09:52 +0800] "GET /frontfiles/umeditor/net/imageup.ashx HTTP/1.1" 404 9409 "-" "Mozilla/5.0 (Windows NT 10.0; Win64; x64) AppleWebKit/537.36"
183.136.238.105 - - [25/May/2026:04:09:53 +0800] "GET /statics/plus/umeditor/net/imageup.ashx HTTP/1.1" 404 9409 "-" "Mozilla/5.0 (Windows NT 10.0; Win64; x64) AppleWebKit/537.36"
183.136.238.105 - - [25/May/2026:04:09:55 +0800] "GET /api-mes/resources/ueditor/net/imageup.ashx HTTP/1.1" 404 9409 "-" "Mozilla/5.0 (Windows NT 10.0; Win64; x64) AppleWebKit/537.36"
183.136.238.105 - - [25/May/2026:04:09:56 +0800] "GET /third-party/res/umeditor/net/imageup.ashx HTTP/1.1" 404 9411 "-" "Mozilla/5.0 (Windows NT 10.0; Win64; x64) AppleWebKit/537.36"
183.136.238.105 - - [25/May/2026:04:09:57 +0800] "GET /2181/statics/plus/umeditor/net/imageup.ashx HTTP/1.1" 404 9409 "-" "Mozilla/5.0 (Windows NT 10.0; Win64; x64) AppleWebKit/537.36"
183.136.238.105 - - [25/May/2026:04:09:58 +0800] "GET /extendjs/umeditor/net/imageup.ashx HTTP/1.1" 404 9409 "-" "Mozilla/5.0 (Windows NT 10.0; Win64; x64) AppleWebKit/537.36"
183.136.238.105 - - [25/May/2026:04:10:00 +0800] "GET /xkue/net/imageup.ashx HTTP/1.1" 404 9407 "-" "Mozilla/5.0 (Windows NT 10.0; Win64; x64) AppleWebKit/537.36"
183.136.238.105 - - [25/May/2026:04:10:01 +0800] "GET /editor/net/imageup.ashx HTTP/1.1" 404 9409 "-" "Mozilla/5.0 (Windows NT 10.0; Win64; x64) AppleWebKit/537.36"
183.136.238.105 - - [25/May/2026:04:10:03 +0800] "GET /res/umeditor1_2_2-utf8-net/umeditor1_2_2-utf8-net/net/imageup.ashx HTTP/1.1" 404 9409 "-" "Mozilla/5.0 (Windows NT 10.0; Win64; x64) AppleWebKit/537.36"
183.136.238.105 - - [25/May/2026:04:10:04 +0800] "GET /assets/global/plugins/umeditor1_2_2-utf8-net/net/imageup.ashx HTTP/1.1" 404 9410 "-" "Mozilla/5.0 (Windows NT 10.0; Win64; x64) AppleWebKit/537.36"
183.136.238.105 - - [25/May/2026:04:10:05 +0800] "GET /scripts/umeditor1_2_2/net/imageup.ashx HTTP/1.1" 404 9409 "-" "Mozilla/5.0 (Windows NT 10.0; Win64; x64) AppleWebKit/537.36"
183.136.238.105 - - [25/May/2026:04:10:06 +0800] "GET /webapp/js/umeditor/net/imageup.ashx HTTP/1.1" 404 9410 "-" "Mozilla/5.0 (Windows NT 10.0; Win64; x64) AppleWebKit/537.36"
183.136.238.105 - - [25/May/2026:04:10:07 +0800] "GET /umeditor122/net/imageup.ashx HTTP/1.1" 404 9409 "-" "Mozilla/5.0 (Windows NT 10.0; Win64; x64) AppleWebKit/537.36"
36.133.115.36 - - [25/May/2026:04:10:08 +0800] "POST /wp-cron.php?doing_wp_cron=1779653408.7293601036071777343750 HTTP/1.1" 200 31 "-" "WordPress/6.9; http://cqqizhou.com"
183.136.238.105 - - [25/May/2026:04:10:08 +0800] "GET /magic/from/upload/imageup.ashx HTTP/1.1" 404 9409 "-" "Mozilla/5.0 (Windows NT 10.0; Win64; x64) AppleWebKit/537.36"
183.136.238.105 - - [25/May/2026:04:10:10 +0800] "GET /ff0000/magic/from/upload/imageup.ashx HTTP/1.1" 404 9405 "-" "Mozilla/5.0 (Windows NT 10.0; Win64; x64) AppleWebKit/537.36"
183.136.238.105 - - [25/May/2026:04:10:11 +0800] "GET /scripts/otherapi/editor/umeditor/net/imageup.ashx HTTP/1.1" 404 9408 "-" "Mozilla/5.0 (Windows NT 10.0; Win64; x64) AppleWebKit/537.36"
183.136.238.105 - - [25/May/2026:04:10:12 +0800] "GET /function/student/seniorexam--/umeditor1.2.3-src/net/imageup.ashx HTTP/1.1" 404 9408 "-" "Mozilla/5.0 (Windows NT 10.0; Win64; x64) AppleWebKit/537.36"
183.136.238.105 - - [25/May/2026:04:10:14 +0800] "GET /publish/syscore/thirds/ueditor/mini/net/imageup.ashx HTTP/1.1" 404 9409 "-" "Mozilla/5.0 (Windows NT 10.0; Win64; x64) AppleWebKit/537.36"
183.136.238.105 - - [25/May/2026:04:10:15 +0800] "GET /erpnew/umeditor/net/imageup.ashx HTTP/1.1" 404 9408 "-" "Mozilla/5.0 (Windows NT 10.0; Win64; x64) AppleWebKit/537.36"
183.136.238.105 - - [25/May/2026:04:10:16 +0800] "GET /fjm5mpge5sz6d6wusystem/htmleditor/_ueditor/net/imageup.ashx HTTP/1.1" 404 9408 "-" "Mozilla/5.0 (Windows NT 10.0; Win64; x64) AppleWebKit/537.36"
183.136.238.105 - - [25/May/2026:04:10:17 +0800] "GET /htdocs/manager/handler/fileup.ashx HTTP/1.1" 404 9408 "-" "Mozilla/5.0 (Windows NT 10.0; Win64; x64) AppleWebKit/537.36"
36.133.115.36 - - [25/May/2026:04:15:58 +0800] "POST /wp-cron.php?doing_wp_cron=1779653758.8300559520721435546875 HTTP/1.1" 200 31 "-" "WordPress/6.9; http://cqqizhou.com"
43.166.238.12 - - [25/May/2026:04:15:58 +0800] "GET / HTTP/1.1" 200 35085 "-" "Mozilla/5.0 (iPhone; CPU iPhone OS 13_2_3 like Mac OS X) AppleWebKit/605.1.15 (KHTML, like Gecko) Version/13.0.3 Mobile/15E148 Safari/604.1"
36.133.115.36 - - [25/May/2026:04:29:37 +0800] "POST /wp-cron.php?doing_wp_cron=1779654577.4823560714721679687500 HTTP/1.1" 200 31 "-" "WordPress/6.9; http://cqqizhou.com"
43.163.4.179 - - [25/May/2026:04:29:37 +0800] "GET /wp-content/uploads/2025/07/1753456723- HTTP/1.1" 404 9410 "-" "Mozilla/5.0 (iPhone; CPU iPhone OS 13_2_3 like Mac OS X) AppleWebKit/605.1.15 (KHTML, like Gecko) Version/13.0.3 Mobile/15E148 Safari/604.1"
36.133.115.36 - - [25/May/2026:04:38:47 +0800] "POST /wp-cron.php?doing_wp_cron=1779655127.8289489746093750000000 HTTP/1.1" 200 31 "-" "WordPress/6.9; http://cqqizhou.com"
183.207.45.108 - - [25/May/2026:04:38:47 +0800] "GET / HTTP/1.1" 301 5 "-" "Mozilla/5.0 (Windows NT 10.0; Win64; x64) AppleWebKit/537.36 (KHTML, like Gecko) Chrome/59.0.3071.104 Safari/537.36"
183.207.45.108 - - [25/May/2026:04:38:48 +0800] "GET / HTTP/1.1" 200 160201 "-" "Mozilla/5.0 (Windows NT 10.0; Win64; x64) AppleWebKit/537.36 (KHTML, like Gecko) Chrome/59.0.3071.104 Safari/537.36"
14.29.109.54 - - [25/May/2026:04:44:49 +0800] "GET /services HTTP/1.1" 200 32190 "-" "Mozilla/5.0 (Windows NT 10.0; Win64; x64) AppleWebKit/537.36 (KHTML, like Gecko) Chrome/106.0.5249.119 Safari/537.36"
36.133.115.36 - - [25/May/2026:04:46:47 +0800] "POST /wp-cron.php?doing_wp_cron=1779655607.9528720378875732421875 HTTP/1.1" 200 31 "-" "WordPress/6.9; http://cqqizhou.com"
3.138.190.115 - - [25/May/2026:04:46:47 +0800] "GET / HTTP/1.1" 301 5 "-" "visionheight.com/scan Mozilla/5.0 (Macintosh; Intel Mac OS X 10_15_7) Chrome/126.0.0.0 Safari/537.36"
36.133.115.36 - - [25/May/2026:04:48:28 +0800] "POST /wp-cron.php?doing_wp_cron=1779655708.0199849605560302734375 HTTP/1.1" 200 31 "-" "WordPress/6.9; http://cqqizhou.com"
3.138.190.115 - - [25/May/2026:04:48:28 +0800] "GET / HTTP/1.1" 301 5 "-" "visionheight.com/scan Mozilla/5.0 (Macintosh; Intel Mac OS X 10_15_7) Chrome/126.0.0.0 Safari/537.36"
3.138.190.115 - - [25/May/2026:04:48:28 +0800] "GET / HTTP/1.1" 200 35528 "http://36.133.115.36/" "visionheight.com/scan Mozilla/5.0 (Macintosh; Intel Mac OS X 10_15_7) Chrome/126.0.0.0 Safari/537.36"
43.134.121.208 - - [25/May/2026:04:48:32 +0800] "GET / HTTP/1.1" 200 35084 "-" "Mozilla/5.0 (iPhone; CPU iPhone OS 13_2_3 like Mac OS X) AppleWebKit/605.1.15 (KHTML, like Gecko) Version/13.0.3 Mobile/15E148 Safari/604.1"
36.133.115.36 - - [25/May/2026:04:56:54 +0800] "POST /wp-cron.php?doing_wp_cron=1779656214.5178420543670654296875 HTTP/1.1" 200 31 "-" "WordPress/6.9; http://cqqizhou.com"
47.95.206.68 - - [25/May/2026:04:56:54 +0800] "GET / HTTP/1.0" 301 0 "-" "-"
47.95.206.68 - - [25/May/2026:04:57:05 +0800] "GET / HTTP/1.0" 301 0 "-" "-"
47.95.206.68 - - [25/May/2026:04:57:05 +0800] "GET /nmaplowercheck1779656215 HTTP/1.1" 404 32979 "-" "Mozilla/5.0 (compatible; Nmap Scripting Engine; https://nmap.org/book/nse.html)"
47.95.206.68 - - [25/May/2026:04:57:05 +0800] "POST /sdk HTTP/1.1" 404 32979 "-" "Mozilla/5.0 (compatible; Nmap Scripting Engine; https://nmap.org/book/nse.html)"
47.95.206.68 - - [25/May/2026:04:57:06 +0800] "GET /evox/about HTTP/1.1" 404 32979 "-" "Mozilla/5.0 (compatible; Nmap Scripting Engine; https://nmap.org/book/nse.html)"
47.95.206.68 - - [25/May/2026:04:57:06 +0800] "GET /HNAP1 HTTP/1.1" 404 32979 "-" "Mozilla/5.0 (compatible; Nmap Scripting Engine; https://nmap.org/book/nse.html)"
36.133.115.36 - - [25/May/2026:04:57:22 +0800] "POST /wp-cron.php?doing_wp_cron=1779656242.1521100997924804687500 HTTP/1.1" 200 31 "-" "WordPress/6.9; http://cqqizhou.com"
180.97.39.155 - - [25/May/2026:04:57:22 +0800] "GET / HTTP/1.1" 301 5 "http://m.baidu.com/s?wd=matter3jo" "pc"
180.97.39.138 - - [25/May/2026:04:57:22 +0800] "GET / HTTP/1.1" 200 35528 "http://m.baidu.com/s?wd=matter3jo" "pc"
47.95.206.68 - - [25/May/2026:04:57:25 +0800] "GET / HTTP/1.0" 301 0 "-" "-"
47.95.206.68 - - [25/May/2026:04:57:26 +0800] "GET / HTTP/1.1" 301 5 "-" "-"
103.123.226.10 - - [25/May/2026:04:57:37 +0800] "GET / HTTP/1.0" 301 0 "-" "ivre-masscan/1.3 https://github.com/robertdavidgraham/"
36.133.115.36 - - [25/May/2026:05:11:46 +0800] "POST /wp-cron.php?doing_wp_cron=1779657106.4892730712890625000000 HTTP/1.1" 200 31 "-" "WordPress/6.9; http://cqqizhou.com"
183.197.173.213 - - [25/May/2026:05:11:46 +0800] "GET / HTTP/1.1" 301 5 "-" "Mozilla/5.0 (Macintosh; Intel Mac OS X 10_15_7) AppleWebKit/537.36 (KHTML, like Gecko) Chrome/120.0.0.0 Safari/537.36 Edg/120.0.0.0"
111.31.56.221 - - [25/May/2026:05:12:07 +0800] "GET /robots.txt HTTP/1.1" 200 190 "-" "Mozilla/5.0 (Macintosh; Intel Mac OS X 10_15_7) AppleWebKit/537.36 (KHTML, like Gecko) Chrome/120.0.0.0 Safari/537.36 Edg/120.0.0.0"
36.133.115.36 - - [25/May/2026:05:12:08 +0800] "POST /wp-cron.php?doing_wp_cron=1779657128.8270959854125976562500 HTTP/1.1" 200 31 "-" "WordPress/6.9; http://cqqizhou.com"
112.20.162.106 - - [25/May/2026:05:12:08 +0800] "GET /sitemap.xml HTTP/1.1" 200 604 "-" "Mozilla/5.0 (Macintosh; Intel Mac OS X 10_15_7) AppleWebKit/537.36 (KHTML, like Gecko) Chrome/120.0.0.0 Safari/537.36 Edg/120.0.0.0"
36.133.115.36 - - [25/May/2026:05:14:37 +0800] "POST /wp-cron.php?doing_wp_cron=1779657277.5124640464782714843750 HTTP/1.1" 200 31 "-" "WordPress/6.9; http://cqqizhou.com"
45.148.10.67 - - [25/May/2026:05:14:37 +0800] "GET / HTTP/1.1" 200 35085 "-" "Mozilla/5.0 (Windows NT 10.0; Win64; x64) AppleWebKit/537.36 (KHTML, like Gecko) Chrome/131.0.0.0 Safari/537.36"
36.133.115.36 - - [25/May/2026:05:16:22 +0800] "POST /wp-cron.php?doing_wp_cron=1779657382.0501720905303955078125 HTTP/1.1" 200 31 "-" "WordPress/6.9; http://cqqizhou.com"
45.86.19.214 - - [25/May/2026:05:16:22 +0800] "GET / HTTP/1.1" 301 5 "-" "Mozilla/5.0 (iPad; CPU OS 18_0 like Mac OS X) AppleWebKit/605.1.15 (KHTML, like Gecko) Version/18.0 Mobile/15E148 Safari/604.1"
45.86.19.214 - - [25/May/2026:05:16:23 +0800] "GET / HTTP/1.1" 200 35528 "-" "Mozilla/5.0 (iPad; CPU OS 18_0 like Mac OS X) AppleWebKit/605.1.15 (KHTML, like Gecko) Version/18.0 Mobile/15E148 Safari/604.1"
45.86.19.214 - - [25/May/2026:05:16:32 +0800] "GET http://cqqizhou.com/wp-content/uploads/2025/07/1751425283-qizhou.kf_.qq_.com_.webp HTTP/1.1" 200 16864 "http://cqqizhou.com/" "Mozilla/5.0 (iPad; CPU OS 18_0 like Mac OS X) AppleWebKit/605.1.15 (KHTML, like Gecko) Version/18.0 Mobile/15E148 Safari/604.1"
45.86.19.214 - - [25/May/2026:05:16:32 +0800] "GET http://cqqizhou.com/wp-content/uploads/2025/07/1753456723-%E5%8F%8C%E7%9B%B8%E9%92%A2roduct_Single600.webp HTTP/1.1" 200 22790 "http://cqqizhou.com/" "Mozilla/5.0 (iPad; CPU OS 18_0 like Mac OS X) AppleWebKit/605.1.15 (KHTML, like Gecko) Version/18.0 Mobile/15E148 Safari/604.1"
45.86.19.214 - - [25/May/2026:05:16:32 +0800] "GET http://cqqizhou.com/wp-content/uploads/2025/07/1753453096-%E5%8F%8C%E7%9B%B8%E9%92%A2product_Single600%C3%97284.webp HTTP/1.1" 200 14562 "http://cqqizhou.com/" "Mozilla/5.0 (iPad; CPU OS 18_0 like Mac OS X) AppleWebKit/605.1.15 (KHTML, like Gecko) Version/18.0 Mobile/15E148 Safari/604.1"
45.86.19.214 - - [25/May/2026:05:16:32 +0800] "GET http://cqqizhou.com/wp-content/uploads/2025/07/1753456770-%E7%83%AD%E9%95%80%E9%94%8C%E5%8D%B7product_Single600.webp HTTP/1.1" 200 27502 "http://cqqizhou.com/" "Mozilla/5.0 (iPad; CPU OS 18_0 like Mac OS X) AppleWebKit/605.1.15 (KHTML, like Gecko) Version/18.0 Mobile/15E148 Safari/604.1"
45.86.19.214 - - [25/May/2026:05:16:32 +0800] "GET http://cqqizhou.com/wp-content/uploads/2025/07/1753453127-%E4%BD%99%E5%8D%B7product_Single600%C3%97284.webp HTTP/1.1" 200 18744 "http://cqqizhou.com/" "Mozilla/5.0 (iPad; CPU OS 18_0 like Mac OS X) AppleWebKit/605.1.15 (KHTML, like Gecko) Version/18.0 Mobile/15E148 Safari/604.1"
45.86.19.214 - - [25/May/2026:05:16:32 +0800] "GET http://cqqizhou.com/wp-content/uploads/2026/05/1779328461-1Article_images_W900px.webp HTTP/1.1" 200 37908 "http://cqqizhou.com/" "Mozilla/5.0 (iPad; CPU OS 18_0 like Mac OS X) AppleWebKit/605.1.15 (KHTML, like Gecko) Version/18.0 Mobile/15E148 Safari/604.1"
45.86.19.214 - - [25/May/2026:05:16:32 +0800] "GET http://cqqizhou.com/wp-content/uploads/2026/05/1779059685-1Article_images_W900px.webp HTTP/1.1" 200 50738 "http://cqqizhou.com/" "Mozilla/5.0 (iPad; CPU OS 18_0 like Mac OS X) AppleWebKit/605.1.15 (KHTML, like Gecko) Version/18.0 Mobile/15E148 Safari/604.1"
45.86.19.214 - - [25/May/2026:05:16:32 +0800] "GET http://cqqizhou.com/wp-content/uploads/2026/04/1777513410-1Article_images_W900px.webp HTTP/1.1" 200 30786 "http://cqqizhou.com/" "Mozilla/5.0 (iPad; CPU OS 18_0 like Mac OS X) AppleWebKit/605.1.15 (KHTML, like Gecko) Version/18.0 Mobile/15E148 Safari/604.1"
45.86.19.214 - - [25/May/2026:05:16:32 +0800] "GET http://cqqizhou.com/wp-content/uploads/2026/04/1775865780-1Article_images_W900px.webp HTTP/1.1" 200 41840 "http://cqqizhou.com/" "Mozilla/5.0 (iPad; CPU OS 18_0 like Mac OS X) AppleWebKit/605.1.15 (KHTML, like Gecko) Version/18.0 Mobile/15E148 Safari/604.1"
45.86.19.214 - - [25/May/2026:05:16:32 +0800] "GET http://cqqizhou.com/wp-content/uploads/2026/04/1775698332-Article_images_W900px.webp HTTP/1.1" 200 49852 "http://cqqizhou.com/" "Mozilla/5.0 (iPad; CPU OS 18_0 like Mac OS X) AppleWebKit/605.1.15 (KHTML, like Gecko) Version/18.0 Mobile/15E148 Safari/604.1"
45.86.19.214 - - [25/May/2026:05:16:32 +0800] "GET http://cqqizhou.com/wp-content/uploads/2025/07/1753410289-News2000%C3%97400_202571.webp HTTP/1.1" 200 17830 "http://cqqizhou.com/" "Mozilla/5.0 (iPad; CPU OS 18_0 like Mac OS X) AppleWebKit/605.1.15 (KHTML, like Gecko) Version/18.0 Mobile/15E148 Safari/604.1"
36.133.115.36 - - [25/May/2026:05:22:40 +0800] "POST /wp-cron.php?doing_wp_cron=1779657760.6141119003295898437500 HTTP/1.1" 200 31 "-" "WordPress/6.9; http://cqqizhou.com"
157.148.59.62 - - [25/May/2026:05:22:40 +0800] "GET /industry/ HTTP/1.1" 301 5 "-" "Mozilla/5.0 (Windows NT 10.0; Win64; x64) AppleWebKit/537.36 (KHTML, like Gecko) Chrome/106.0.5249.119 Safari/537.36"
157.148.59.62 - - [25/May/2026:05:22:40 +0800] "GET /industry HTTP/1.1" 200 25210 "http://cqqizhou.com/industry/" "Mozilla/5.0 (Windows NT 10.0; Win64; x64) AppleWebKit/537.36 (KHTML, like Gecko) Chrome/106.0.5249.119 Safari/537.36"
36.133.115.36 - - [25/May/2026:05:23:13 +0800] "POST /wp-cron.php?doing_wp_cron=1779657793.7373468875885009765625 HTTP/1.1" 200 31 "-" "WordPress/6.9; http://cqqizhou.com"
66.249.73.228 - - [25/May/2026:05:23:13 +0800] "GET /news/portfolio/duplex-stainless-steel HTTP/1.1" 200 19258 "-" "Mozilla/5.0 (Linux; Android 6.0.1; Nexus 5X Build/MMB29P) AppleWebKit/537.36 (KHTML, like Gecko) Chrome/148.0.7778.96 Mobile Safari/537.36 (compatible; Googlebot/2.1; +http://www.google.com/bot.html)"
36.133.115.36 - - [25/May/2026:05:30:25 +0800] "POST /wp-cron.php?doing_wp_cron=1779658225.3180689811706542968750 HTTP/1.1" 200 31 "-" "WordPress/6.9; http://cqqizhou.com"
121.29.51.28 - - [25/May/2026:05:30:25 +0800] "GET / HTTP/1.1" 301 5 "-" "Mozilla/5.0 (Windows; U; Windows NT 5.1; en-US; rv:1.9.2.28) Gecko/20120306 Firefox/3.6.28 ( .NET CLR 3.5.30729; .NET4.0C)"
36.133.115.36 - - [25/May/2026:05:39:42 +0800] "POST /wp-cron.php?doing_wp_cron=1779658782.2595899105072021484375 HTTP/1.1" 200 31 "-" "WordPress/6.9; http://cqqizhou.com"
120.239.209.207 - - [25/May/2026:05:39:42 +0800] "GET / HTTP/1.1" 301 5 "-" "Mozilla/5.0 (Macintosh; Intel Mac OS X 10_15_7) AppleWebKit/537.36 (KHTML, like Gecko) Chrome/120.0.0.0 Safari/537.36 Edg/120.0.0.0"
