File: //home/logs/cqqizhou_access_2026-05-14.log
36.133.115.36 - - [14/May/2026:00:48:49 +0800] "POST /wp-cron.php?doing_wp_cron=1778690929.3721740245819091796875 HTTP/1.1" 200 31 "-" "WordPress/6.9; http://cqqizhou.com"
45.156.128.43 - - [14/May/2026:00:48:49 +0800] "GET / HTTP/1.1" 301 5 "-" "Mozilla/5.0 AppleWebKit/537.36 (KHTML, like Gecko) Chrome/123.0.6312.86 Safari/537.36"
36.133.115.36 - - [14/May/2026:01:06:07 +0800] "POST /wp-cron.php?doing_wp_cron=1778691967.1405589580535888671875 HTTP/1.1" 200 31 "-" "WordPress/6.9; http://cqqizhou.com"
47.95.197.173 - - [14/May/2026:01:06:07 +0800] "GET / HTTP/1.1" 301 5 "-" "Mozilla/5.0 (Windows NT 10.0; Win64; x64) AppleWebKit/537.36 (KHTML, like Gecko) Chrome/59.0.3071.115 Safari/537.36"
14.242.38.135 - - [14/May/2026:01:06:09 +0800] "GET /news/2163 HTTP/1.1" 200 24393 "-" "Mozilla/5.0 (Macintosh; Intel Mac OS X 10_15_7) AppleWebKit/537.36 (KHTML, like Gecko) Chrome/120.0.0.0 Safari/537.36"
36.133.115.36 - - [14/May/2026:01:13:37 +0800] "POST /wp-cron.php?doing_wp_cron=1778692417.5988130569458007812500 HTTP/1.1" 200 31 "-" "WordPress/6.9; http://cqqizhou.com"
43.159.149.56 - - [14/May/2026:01:13:37 +0800] "GET / HTTP/1.1" 301 5 "-" "Mozilla/5.0 (iPhone; CPU iPhone OS 13_2_3 like Mac OS X) AppleWebKit/605.1.15 (KHTML, like Gecko) Version/13.0.3 Mobile/15E148 Safari/604.1"
43.159.149.56 - - [14/May/2026:01:13:40 +0800] "GET / HTTP/1.1" 200 35139 "http://36.133.115.36" "Mozilla/5.0 (iPhone; CPU iPhone OS 13_2_3 like Mac OS X) AppleWebKit/605.1.15 (KHTML, like Gecko) Version/13.0.3 Mobile/15E148 Safari/604.1"
36.133.115.36 - - [14/May/2026:01:16:32 +0800] "POST /wp-cron.php?doing_wp_cron=1778692592.4438040256500244140625 HTTP/1.1" 200 31 "-" "WordPress/6.9; http://cqqizhou.com"
34.139.48.36 - - [14/May/2026:01:16:32 +0800] "HEAD /blog/ HTTP/1.1" 404 0 "-" "Mozilla/5.0 (Windows NT 10.0; Win64; x64) AppleWebKit/537.36 (KHTML, like Gecko) Chrome/125.0.6422.112 Safari/537.36 Brave/1.63.120"
34.139.48.36 - - [14/May/2026:01:16:33 +0800] "HEAD /wp/ HTTP/1.1" 404 0 "-" "Mozilla/5.0 (Linux; Android 11; RMX2195) AppleWebKit/537.36 (KHTML, like Gecko) Chrome/120.0.6099.210 Mobile Safari/537.36 OPR/75.2.3995.72468"
34.139.48.36 - - [14/May/2026:01:16:34 +0800] "HEAD /backup/ HTTP/1.1" 404 0 "-" "Mozilla/5.0 (Linux; Android 11; RMX2195) AppleWebKit/537.36 (KHTML, like Gecko) Chrome/120.0.6099.210 Mobile Safari/537.36 OPR/75.2.3995.72468"
34.139.48.36 - - [14/May/2026:01:16:34 +0800] "HEAD / HTTP/1.1" 200 0 "-" "Mozilla/5.0 (Windows NT 10.0; Win64; x64) AppleWebKit/537.36 (KHTML, like Gecko) Chrome/126.0.6478.70 Safari/537.36 Vivaldi/6.7.3200.25"
34.139.48.36 - - [14/May/2026:01:16:35 +0800] "HEAD /wordpress/ HTTP/1.1" 404 0 "-" "Mozilla/5.0 (Linux; Android 12; Redmi Note 11) AppleWebKit/537.36 (KHTML, like Gecko) Chrome/123.0.6312.112 Mobile Safari/537.36"
34.139.48.36 - - [14/May/2026:01:16:36 +0800] "HEAD /new/ HTTP/1.1" 301 0 "-" "Mozilla/5.0 (Linux; Android 13; Infinix X688B) AppleWebKit/537.36 (KHTML, like Gecko) Chrome/124.0.6367.48 Mobile Safari/537.36"
34.139.48.36 - - [14/May/2026:01:16:37 +0800] "HEAD /news HTTP/1.1" 200 0 "http://cqqizhou.com/new/" "Mozilla/5.0 (Linux; Android 13; Infinix X688B) AppleWebKit/537.36 (KHTML, like Gecko) Chrome/124.0.6367.48 Mobile Safari/537.36"
34.139.48.36 - - [14/May/2026:01:16:38 +0800] "HEAD /old/ HTTP/1.1" 404 0 "-" "Mozilla/5.0 (Macintosh; Intel Mac OS X 15_0) AppleWebKit/537.36 (KHTML, like Gecko) Chrome/125.0.6422.141 Safari/537.36"
85.209.217.24 - - [14/May/2026:01:16:38 +0800] "GET /logistics/ HTTP/1.1" 301 5 "-" "Mozilla/5.0 (Windows NT 10.0; Win64; x64) AppleWebKit/537.36 (KHTML, like Gecko) Chrome/131.0.0.0 Safari/537.36 Edg/131.0.0.0"
159.89.175.27 - - [14/May/2026:01:17:31 +0800] "GET / HTTP/1.1" 200 41024 "-" "Mozilla/5.0 (Windows NT 10.0; Win64; x64) AppleWebKit/537.36 (KHTML, like Gecko) Chrome/124.0.0.0 Safari/537.36"
159.89.175.27 - - [14/May/2026:01:17:31 +0800] "GET /wp-content/uploads/ HTTP/1.1" 403 548 "http://cqqizhou.com/" "Mozilla/5.0 (Linux; Android 14; SM-S928B) AppleWebKit/537.36 (KHTML, like Gecko) Chrome/125.0.0.0 Mobile Safari/537.36"
159.89.175.27 - - [14/May/2026:01:17:33 +0800] "GET /wp-content/uploads/ HTTP/1.1" 403 548 "http://cqqizhou.com/" "Mozilla/5.0 (Windows NT 10.0; Win64; x64) AppleWebKit/537.36 (KHTML, like Gecko) Chrome/122.0.0.0 Safari/537.36"
159.89.175.27 - - [14/May/2026:01:17:33 +0800] "GET /wp-content/plugins/ HTTP/1.1" 200 31 "http://cqqizhou.com/wp-content/uploads/" "Mozilla/5.0 (X11; Linux x86_64; rv:125.0) Gecko/20100101 Firefox/125.0"
159.89.175.27 - - [14/May/2026:01:17:34 +0800] "GET /wp-content/themes/ HTTP/1.1" 200 31 "http://cqqizhou.com/wp-content/plugins/" "Mozilla/5.0 (Macintosh; Intel Mac OS X 10_15_7) AppleWebKit/537.36 (KHTML, like Gecko) Chrome/124.0.0.0 Safari/537.36"
159.89.175.27 - - [14/May/2026:01:17:34 +0800] "GET /wp-includes/ HTTP/1.1" 403 146 "http://cqqizhou.com/wp-content/themes/" "Mozilla/5.0 (Windows NT 10.0; Win64; x64; rv:125.0) Gecko/20100101 Firefox/125.0"
159.89.175.27 - - [14/May/2026:01:17:36 +0800] "GET /wp-includes/ HTTP/1.1" 403 146 "http://cqqizhou.com/wp-content/themes/" "Mozilla/5.0 (Macintosh; Intel Mac OS X 10.15; rv:126.0) Gecko/20100101 Firefox/126.0"
36.133.115.36 - - [14/May/2026:01:17:37 +0800] "POST /wp-cron.php?doing_wp_cron=1778692657.2678580284118652343750 HTTP/1.1" 200 31 "-" "WordPress/6.9; http://cqqizhou.com"
159.89.175.27 - - [14/May/2026:01:17:37 +0800] "GET /wp-admin/ HTTP/1.1" 302 5 "http://cqqizhou.com/wp-includes/" "Mozilla/5.0 (X11; Linux x86_64; rv:125.0) Gecko/20100101 Firefox/125.0"
159.89.175.27 - - [14/May/2026:01:17:38 +0800] "GET /wp-login.php?redirect_to=http%3A%2F%2Fcqqizhou.com%2Fwp-admin%2F&reauth=1 HTTP/1.1" 200 2853 "http://cqqizhou.com/wp-includes/" "Mozilla/5.0 (X11; Linux x86_64; rv:125.0) Gecko/20100101 Firefox/125.0"
159.89.175.27 - - [14/May/2026:01:17:38 +0800] "GET /wp-content/plugins/elementor/ HTTP/1.1" 403 146 "http://cqqizhou.com/wp-admin/" "Mozilla/5.0 (X11; Ubuntu; Linux x86_64; rv:121.0) Gecko/20100101 Firefox/121.0"
159.89.175.27 - - [14/May/2026:01:17:40 +0800] "GET /wp-content/plugins/elementor/ HTTP/1.1" 403 146 "http://cqqizhou.com/wp-admin/" "Mozilla/5.0 (Windows NT 10.0; Win64; x64; rv:125.0) Gecko/20100101 Firefox/125.0"
159.89.175.27 - - [14/May/2026:01:17:40 +0800] "GET /wp-content/plugins/contact-form-7/ HTTP/1.1" 403 146 "http://cqqizhou.com/wp-content/plugins/elementor/" "Mozilla/5.0 (Macintosh; Intel Mac OS X 14_3_1) AppleWebKit/605.1.15 (KHTML, like Gecko) Version/17.3 Safari/605.1.15"
159.89.175.27 - - [14/May/2026:01:17:42 +0800] "GET /wp-content/plugins/contact-form-7/ HTTP/1.1" 403 548 "http://cqqizhou.com/wp-content/plugins/elementor/" "Mozilla/5.0 (Macintosh; Intel Mac OS X 10_15_7) AppleWebKit/537.36 (KHTML, like Gecko) Chrome/124.0.0.0 Safari/537.36"
159.89.175.27 - - [14/May/2026:01:17:43 +0800] "GET /wp-content/themes/twentytwentythree/ HTTP/1.1" 404 9410 "http://cqqizhou.com/wp-content/plugins/contact-form-7/" "Mozilla/5.0 (Macintosh; Intel Mac OS X 10_15_7) AppleWebKit/537.36 (KHTML, like Gecko) Chrome/125.0.0.0 Safari/537.36"
159.89.175.27 - - [14/May/2026:01:17:44 +0800] "GET /wp-content/themes/twentytwentytwo/ HTTP/1.1" 404 9411 "http://cqqizhou.com/wp-content/themes/twentytwentythree/" "Mozilla/5.0 (Windows NT 10.0; Win64; x64) AppleWebKit/537.36 (KHTML, like Gecko) Chrome/125.0.0.0 Safari/537.36"
36.133.115.36 - - [14/May/2026:01:20:18 +0800] "POST /wp-cron.php?doing_wp_cron=1778692818.3934950828552246093750 HTTP/1.1" 200 31 "-" "WordPress/6.9; http://cqqizhou.com"
93.123.72.166 - - [14/May/2026:01:20:18 +0800] "GET /SDK/webLanguage HTTP/1.1" 301 5 "-" "Mozilla/5.0 (Windows NT 10.0; Win64; x64) AppleWebKit/537.36 (KHTML, like Gecko) Chrome/90.0.4430.85 Safari/537.36 Edg/90.0.818.46"
113.132.243.120 - - [14/May/2026:01:21:48 +0800] "GET /news/2373 HTTP/1.1" 200 23087 "-" "Mozilla/5.0 (Macintosh; Intel Mac OS X 10.15; rv:135.0) Gecko/20100101 Firefox/135.0"
183.209.210.23 - - [14/May/2026:01:21:48 +0800] "GET /news/2373 HTTP/1.1" 200 23087 "-" "Mozilla/5.0 (Macintosh; Intel Mac OS X 10.15; rv:135.0) Gecko/20100101 Firefox/135.0"
180.153.236.144 - - [14/May/2026:01:52:55 +0800] "GET / HTTP/1.1" 200 41024 "http://cqqizhou.com" "Mozilla/5.0 (Windows NT 10.0; Win64; x64) AppleWebKit/537.36 (KHTML, like Gecko) Chrome/140.0.0.0 Safari/537.36 Edg/140.0.0.0; 360Spider"
36.133.115.36 - - [14/May/2026:01:56:19 +0800] "POST /wp-cron.php?doing_wp_cron=1778694979.3860371112823486328125 HTTP/1.1" 200 31 "-" "WordPress/6.9; http://cqqizhou.com"
66.249.73.230 - - [14/May/2026:01:56:19 +0800] "GET /robots.txt HTTP/1.1" 200 190 "-" "Mozilla/5.0 (compatible; Googlebot/2.1; +http://www.google.com/bot.html)"
66.249.73.230 - - [14/May/2026:01:56:20 +0800] "GET / HTTP/1.1" 200 35139 "-" "Mozilla/5.0 (Linux; Android 6.0.1; Nexus 5X Build/MMB29P) AppleWebKit/537.36 (KHTML, like Gecko) Chrome/99.0.4844.84 Mobile Safari/537.36 (compatible; Googlebot/2.1; +http://www.google.com/bot.html)"
36.133.115.36 - - [14/May/2026:03:36:33 +0800] "POST /wp-cron.php?doing_wp_cron=1778700993.3375029563903808593750 HTTP/1.1" 200 31 "-" "WordPress/6.9; http://cqqizhou.com"
115.159.33.43 - - [14/May/2026:03:36:33 +0800] "GET / HTTP/1.1" 301 5 "-" "Mozilla/5.0 (Windows NT 10.0; Win64; x64) AppleWebKit/537.36 (KHTML, like Gecko) Chrome/79.0.3945.117 Safari/537.36"
36.133.115.36 - - [14/May/2026:04:14:58 +0800] "POST /wp-cron.php?doing_wp_cron=1778703298.1409900188446044921875 HTTP/1.1" 200 31 "-" "WordPress/6.9; http://cqqizhou.com"
176.65.139.66 - - [14/May/2026:04:14:58 +0800] "GET / HTTP/1.0" 301 0 "-" "Shodan-Pull/1.0"
36.133.115.36 - - [14/May/2026:04:17:08 +0800] "POST /wp-cron.php?doing_wp_cron=1778703428.0058779716491699218750 HTTP/1.1" 200 31 "-" "WordPress/6.9; http://cqqizhou.com"
45.148.10.67 - - [14/May/2026:04:17:08 +0800] "GET / HTTP/1.1" 200 35140 "-" "Mozilla/5.0 (Windows NT 10.0; Win64; x64) AppleWebKit/537.36 (KHTML, like Gecko) Chrome/131.0.0.0 Safari/537.36"
112.86.225.64 - - [14/May/2026:04:54:14 +0800] "GET / HTTP/1.1" 200 41024 "-" "Sogou web spider/4.0(+http://www.sogou.com/docs/help/webmasters.htm#07)"
36.133.115.36 - - [14/May/2026:05:19:31 +0800] "POST /wp-cron.php?doing_wp_cron=1778707171.4365959167480468750000 HTTP/1.1" 200 31 "-" "WordPress/6.9; http://cqqizhou.com"
42.92.96.228 - - [14/May/2026:05:19:31 +0800] "GET /contacts/ HTTP/1.1" 301 5 "-" "Mozilla/5.0 (Windows NT 10.0; Win64; x64) AppleWebKit/537.36 (KHTML, like Gecko) Chrome/136.0.0.0 Safari/537.36"
42.92.96.228 - - [14/May/2026:05:19:31 +0800] "GET http://cqqizhou.com/contacts HTTP/1.1" 200 22232 "-" "Mozilla/5.0 (Windows NT 10.0; Win64; x64) AppleWebKit/537.36 (KHTML, like Gecko) Chrome/136.0.0.0 Safari/537.36"
36.133.115.36 - - [14/May/2026:05:30:26 +0800] "POST /wp-cron.php?doing_wp_cron=1778707826.2262680530548095703125 HTTP/1.1" 200 31 "-" "WordPress/6.9; http://cqqizhou.com"
92.253.232.34 - - [14/May/2026:05:30:26 +0800] "GET / HTTP/1.1" 301 5 "-" "Go-http-client/1.1"
92.253.232.34 - - [14/May/2026:05:30:27 +0800] "GET / HTTP/1.1" 200 41024 "http://36.133.115.36" "Go-http-client/1.1"
36.133.115.36 - - [14/May/2026:05:43:04 +0800] "POST /wp-cron.php?doing_wp_cron=1778708584.1848289966583251953125 HTTP/1.1" 200 31 "-" "WordPress/6.9; http://cqqizhou.com"
219.136.244.37 - - [14/May/2026:05:43:04 +0800] "GET /2418/ HTTP/1.1" 301 5 "-" "Mozilla/5.0 (Macintosh; Intel Mac OS X 10_15_7) AppleWebKit/537.36 (KHTML, like Gecko) Chrome/134.0.0.0 Safari/537.36"
219.136.244.37 - - [14/May/2026:05:43:04 +0800] "GET /news/2418 HTTP/1.1" 200 24048 "http://cqqizhou.com/2418/" "Mozilla/5.0 (Macintosh; Intel Mac OS X 10_15_7) AppleWebKit/537.36 (KHTML, like Gecko) Chrome/134.0.0.0 Safari/537.36"
183.194.208.185 - - [14/May/2026:05:43:04 +0800] "GET /2418/ HTTP/1.1" 301 5 "-" "Mozilla/5.0 (Macintosh; Intel Mac OS X 10_15_7) AppleWebKit/537.36 (KHTML, like Gecko) Chrome/134.0.0.0 Safari/537.36"
111.206.96.189 - - [14/May/2026:05:43:04 +0800] "GET /2418/ HTTP/1.1" 301 5 "-" "Mozilla/5.0 (Macintosh; Intel Mac OS X 10_15_7) AppleWebKit/537.36 (KHTML, like Gecko) Chrome/134.0.0.0 Safari/537.36"
183.194.208.185 - - [14/May/2026:05:43:04 +0800] "GET /news/2418 HTTP/1.1" 200 24048 "http://cqqizhou.com/2418/" "Mozilla/5.0 (Macintosh; Intel Mac OS X 10_15_7) AppleWebKit/537.36 (KHTML, like Gecko) Chrome/134.0.0.0 Safari/537.36"
111.206.96.189 - - [14/May/2026:05:43:04 +0800] "GET /news/2418 HTTP/1.1" 200 24048 "http://cqqizhou.com/2418/" "Mozilla/5.0 (Macintosh; Intel Mac OS X 10_15_7) AppleWebKit/537.36 (KHTML, like Gecko) Chrome/134.0.0.0 Safari/537.36"
43.173.187.226 - - [14/May/2026:05:43:04 +0800] "GET /2418/ HTTP/1.1" 301 5 "-" "Mozilla/5.0 (Macintosh; Intel Mac OS X 10_15_7) AppleWebKit/537.36 (KHTML, like Gecko) Chrome/134.0.0.0 Safari/537.36"
43.173.187.226 - - [14/May/2026:05:43:04 +0800] "GET /news/2418 HTTP/1.1" 200 24048 "http://cqqizhou.com/2418/" "Mozilla/5.0 (Macintosh; Intel Mac OS X 10_15_7) AppleWebKit/537.36 (KHTML, like Gecko) Chrome/134.0.0.0 Safari/537.36"
43.166.237.50 - - [14/May/2026:05:43:04 +0800] "GET /2418/ HTTP/1.1" 301 5 "-" "Mozilla/5.0 (Macintosh; Intel Mac OS X 10_15_7) AppleWebKit/537.36 (KHTML, like Gecko) Chrome/134.0.0.0 Safari/537.36"
43.166.237.50 - - [14/May/2026:05:43:05 +0800] "GET /news/2418 HTTP/1.1" 200 24048 "http://cqqizhou.com/2418/" "Mozilla/5.0 (Macintosh; Intel Mac OS X 10_15_7) AppleWebKit/537.36 (KHTML, like Gecko) Chrome/134.0.0.0 Safari/537.36"
36.133.115.36 - - [14/May/2026:05:45:14 +0800] "POST /wp-cron.php?doing_wp_cron=1778708714.8909909725189208984375 HTTP/1.1" 200 31 "-" "WordPress/6.9; http://cqqizhou.com"
49.233.45.47 - - [14/May/2026:05:45:14 +0800] "GET / HTTP/1.1" 301 5 "-" "Mozilla/5.0 (iPhone; CPU iPhone OS 13_2_3 like Mac OS X) AppleWebKit/605.1.15 (KHTML, like Gecko) Version/13.0.3 Mobile/15E148 Safari/604.1"
49.233.45.47 - - [14/May/2026:05:45:16 +0800] "GET / HTTP/1.1" 200 35140 "http://www.cqqizhou.com" "Mozilla/5.0 (iPhone; CPU iPhone OS 13_2_3 like Mac OS X) AppleWebKit/605.1.15 (KHTML, like Gecko) Version/13.0.3 Mobile/15E148 Safari/604.1"
36.133.115.36 - - [14/May/2026:05:47:53 +0800] "POST /wp-cron.php?doing_wp_cron=1778708873.5291190147399902343750 HTTP/1.1" 200 31 "-" "WordPress/6.9; http://cqqizhou.com"
93.123.72.166 - - [14/May/2026:05:47:53 +0800] "GET /SDK/webLanguage HTTP/1.1" 301 5 "-" "Mozilla/5.0 (Windows NT 10.0; Win64; x64) AppleWebKit/537.36 (KHTML, like Gecko) Chrome/90.0.4430.85 Safari/537.36 Edg/90.0.818.46"
66.23.39.32 - - [14/May/2026:06:04:27 +0800] "GET /services HTTP/1.1" 200 32192 "-" "Mozilla/5.0 (Windows NT 10.0; Win64; x64) AppleWebKit/537.36 (KHTML, like Gecko) Chrome/124.0.0.0 Safari/537.36"
36.133.115.36 - - [14/May/2026:06:48:55 +0800] "POST /wp-cron.php?doing_wp_cron=1778712535.4579379558563232421875 HTTP/1.1" 200 31 "-" "WordPress/6.9; http://cqqizhou.com"
5.61.209.102 - - [14/May/2026:06:48:55 +0800] "GET /SDK/webLanguage HTTP/1.1" 301 5 "-" "Mozilla/5.0 (Windows NT 10.0; Win64; x64) AppleWebKit/537.36 (KHTML, like Gecko) Chrome/90.0.4430.85 Safari/537.36 Edg/90.0.818.46"
36.133.115.36 - - [14/May/2026:07:07:47 +0800] "POST /wp-cron.php?doing_wp_cron=1778713667.6471180915832519531250 HTTP/1.1" 200 31 "-" "WordPress/6.9; http://cqqizhou.com"
45.148.10.67 - - [14/May/2026:07:07:47 +0800] "GET / HTTP/1.1" 200 35140 "-" "Mozilla/5.0 (Windows NT 10.0; Win64; x64) AppleWebKit/537.36 (KHTML, like Gecko) Chrome/131.0.0.0 Safari/537.36"
36.133.115.36 - - [14/May/2026:07:21:56 +0800] "POST /wp-cron.php?doing_wp_cron=1778714516.9307980537414550781250 HTTP/1.1" 200 31 "-" "WordPress/6.9; http://cqqizhou.com"
42.243.200.168 - - [14/May/2026:07:21:56 +0800] "GET /portfolio/ HTTP/1.1" 404 9408 "-" "Mozilla/5.0 (Macintosh; Intel Mac OS X 10_15_7) AppleWebKit/537.36 (KHTML, like Gecko) Chrome/140.0.0.0 Safari/537.36"
111.19.13.7 - - [14/May/2026:07:44:48 +0800] "GET / HTTP/1.1" 200 41024 "-" "Mozilla/5.0 (Macintosh; Intel Mac OS X 10_15_7) AppleWebKit/537.36 (KHTML, like Gecko) Chrome/140.0.0.0 Safari/537.36"
36.133.115.36 - - [14/May/2026:07:50:18 +0800] "POST /wp-cron.php?doing_wp_cron=1778716218.3343451023101806640625 HTTP/1.1" 200 31 "-" "WordPress/6.9; http://cqqizhou.com"
103.244.148.247 - - [14/May/2026:07:50:18 +0800] "GET / HTTP/1.1" 301 5 "-" "Mozilla/5.0 (iPhone; CPU iPhone OS 18_5 like Mac OS X) AppleWebKit/605.1.15 (KHTML, like Gecko) Version/18.5 Mobile/15E148 Safari/604.1"
36.133.115.36 - - [14/May/2026:07:57:22 +0800] "POST /wp-cron.php?doing_wp_cron=1778716642.2180669307708740234375 HTTP/1.1" 200 31 "-" "WordPress/6.9; http://cqqizhou.com"
45.207.34.222 - - [14/May/2026:07:57:22 +0800] "GET /login HTTP/1.1" 301 5 "-" "Go-http-client/1.1"
45.207.34.222 - - [14/May/2026:07:57:22 +0800] "GET /login HTTP/1.1" 302 5 "http://36.133.115.36:80/login" "Go-http-client/1.1"
45.207.34.222 - - [14/May/2026:07:57:24 +0800] "GET /wp-login.php HTTP/1.1" 200 2853 "http://36.133.115.36/login" "Go-http-client/1.1"
36.133.115.36 - - [14/May/2026:08:09:17 +0800] "POST /wp-cron.php?doing_wp_cron=1778717357.4864099025726318359375 HTTP/1.1" 200 31 "-" "WordPress/6.9; http://cqqizhou.com"
119.190.40.218 - - [14/May/2026:08:09:17 +0800] "GET /portfolio-category/dual-phase-steel/ HTTP/1.1" 404 9406 "-" "Mozilla/5.0 (Macintosh; Intel Mac OS X 10_15_7) AppleWebKit/537.36 (KHTML, like Gecko) Chrome/124.0.0.0 Safari/537.36"
113.166.78.45 - - [14/May/2026:08:11:25 +0800] "GET http://cqqizhou.com/news/portfolio/remaining-rolls HTTP/1.1" 200 22786 "-" "Mozilla/5.0 (Macintosh; Intel Mac OS X 10_15_7) AppleWebKit/537.36 (KHTML, like Gecko) Chrome/146.0.0.0 Safari/537.36"
36.133.115.36 - - [14/May/2026:08:11:57 +0800] "POST /wp-cron.php?doing_wp_cron=1778717517.4473319053649902343750 HTTP/1.1" 200 31 "-" "WordPress/6.9; http://cqqizhou.com"
183.210.81.183 - - [14/May/2026:08:11:57 +0800] "GET /contacts/ HTTP/1.1" 301 5 "-" "Mozilla/5.0 (Windows NT 10.0; Win64; x64) AppleWebKit/537.36 (KHTML, like Gecko) Chrome/136.0.0.0 Safari/537.36"
183.210.81.183 - - [14/May/2026:08:11:57 +0800] "GET http://cqqizhou.com/contacts HTTP/1.1" 200 22232 "-" "Mozilla/5.0 (Windows NT 10.0; Win64; x64) AppleWebKit/537.36 (KHTML, like Gecko) Chrome/136.0.0.0 Safari/537.36"
14.239.61.3 - - [14/May/2026:08:12:25 +0800] "GET /news/portfolio/remaining-rolls HTTP/1.1" 499 0 "-" "Mozilla/5.0 (Windows NT 10.0; Win64; x64) AppleWebKit/537.36 (KHTML, like Gecko) Chrome/131.0.0.0 Safari/537.36"
36.133.115.36 - - [14/May/2026:08:16:00 +0800] "POST /wp-cron.php?doing_wp_cron=1778717760.3029160499572753906250 HTTP/1.1" 200 31 "-" "WordPress/6.9; http://cqqizhou.com"
43.134.187.251 - - [14/May/2026:08:16:00 +0800] "GET / HTTP/1.1" 200 35137 "-" "Mozilla/5.0 (iPhone; CPU iPhone OS 13_2_3 like Mac OS X) AppleWebKit/605.1.15 (KHTML, like Gecko) Version/13.0.3 Mobile/15E148 Safari/604.1"
36.133.115.36 - - [14/May/2026:08:17:13 +0800] "POST /wp-cron.php?doing_wp_cron=1778717833.5421578884124755859375 HTTP/1.1" 200 31 "-" "WordPress/6.9; http://cqqizhou.com"
54.223.45.134 - - [14/May/2026:08:17:13 +0800] "GET /2418/ HTTP/1.1" 301 5 "-" "Mozilla/5.0 (Linux; Android 10; HD1900 Build/QKQ1.190716.003; wv) AppleWebKit/537.36 (KHTML, like Gecko) Version/4.0 Chrome/75.0.3770.156 Mobile Safari/537.36 aweme_230400 JsSdk/1.0 NetType/WIFI AppName/aweme app_version/23.4.0 ByteLocale/zh-CN Region/CN AppSkin/white AppTheme/light BytedanceWebview/d8a21c6 WebView/075113004008"
54.223.45.134 - - [14/May/2026:08:17:14 +0800] "GET /news/2418 HTTP/1.1" 200 23732 "-" "Mozilla/5.0 (Linux; Android 10; HD1900 Build/QKQ1.190716.003; wv) AppleWebKit/537.36 (KHTML, like Gecko) Version/4.0 Chrome/75.0.3770.156 Mobile Safari/537.36 aweme_230400 JsSdk/1.0 NetType/WIFI AppName/aweme app_version/23.4.0 ByteLocale/zh-CN Region/CN AppSkin/white AppTheme/light BytedanceWebview/d8a21c6 WebView/075113004008"
54.223.45.134 - - [14/May/2026:08:17:14 +0800] "GET /wp-content/uploads/revslider/slider-1/1750861156-logistics_Slider_3840%C3%972160_20250625191356-scaled-768x432.webp HTTP/1.1" 200 31912 "http://cqqizhou.com/news/2418" "Mozilla/5.0 (Linux; Android 10; HD1900 Build/QKQ1.190716.003; wv) AppleWebKit/537.36 (KHTML, like Gecko) Version/4.0 Chrome/75.0.3770.156 Mobile Safari/537.36 aweme_230400 JsSdk/1.0 NetType/WIFI AppName/aweme app_version/23.4.0 ByteLocale/zh-CN Region/CN AppSkin/white AppTheme/light BytedanceWebview/d8a21c6 WebView/075113004008"
54.223.45.134 - - [14/May/2026:08:17:14 +0800] "GET /wp-content/uploads/2026/04/1775195054-1Article_images_W900px-768x432.webp HTTP/1.1" 200 26908 "http://cqqizhou.com/news/2418" "Mozilla/5.0 (Linux; Android 10; HD1900 Build/QKQ1.190716.003; wv) AppleWebKit/537.36 (KHTML, like Gecko) Version/4.0 Chrome/75.0.3770.156 Mobile Safari/537.36 aweme_230400 JsSdk/1.0 NetType/WIFI AppName/aweme app_version/23.4.0 ByteLocale/zh-CN Region/CN AppSkin/white AppTheme/light BytedanceWebview/d8a21c6 WebView/075113004008"
54.223.45.134 - - [14/May/2026:08:17:14 +0800] "GET /wp-content/uploads/2026/04/1775698332-Article_images_W900px-768x432.webp HTTP/1.1" 200 50430 "http://cqqizhou.com/news/2418" "Mozilla/5.0 (Linux; Android 10; HD1900 Build/QKQ1.190716.003; wv) AppleWebKit/537.36 (KHTML, like Gecko) Version/4.0 Chrome/75.0.3770.156 Mobile Safari/537.36 aweme_230400 JsSdk/1.0 NetType/WIFI AppName/aweme app_version/23.4.0 ByteLocale/zh-CN Region/CN AppSkin/white AppTheme/light BytedanceWebview/d8a21c6 WebView/075113004008"
54.223.45.134 - - [14/May/2026:08:17:14 +0800] "GET /wp-content/uploads/2025/07/1751425283-qizhou.kf_.qq_.com_.webp HTTP/1.1" 200 16864 "http://cqqizhou.com/news/2418" "Mozilla/5.0 (Linux; Android 10; HD1900 Build/QKQ1.190716.003; wv) AppleWebKit/537.36 (KHTML, like Gecko) Version/4.0 Chrome/75.0.3770.156 Mobile Safari/537.36 aweme_230400 JsSdk/1.0 NetType/WIFI AppName/aweme app_version/23.4.0 ByteLocale/zh-CN Region/CN AppSkin/white AppTheme/light BytedanceWebview/d8a21c6 WebView/075113004008"
54.223.45.134 - - [14/May/2026:08:17:14 +0800] "GET /wp-content/uploads/2025/07/1753410289-News2000%C3%97400_202571.webp HTTP/1.1" 200 17830 "http://cqqizhou.com/news/2418" "Mozilla/5.0 (Linux; Android 10; HD1900 Build/QKQ1.190716.003; wv) AppleWebKit/537.36 (KHTML, like Gecko) Version/4.0 Chrome/75.0.3770.156 Mobile Safari/537.36 aweme_230400 JsSdk/1.0 NetType/WIFI AppName/aweme app_version/23.4.0 ByteLocale/zh-CN Region/CN AppSkin/white AppTheme/light BytedanceWebview/d8a21c6 WebView/075113004008"
113.173.61.163 - - [14/May/2026:08:21:49 +0800] "GET /news/2464 HTTP/1.1" 200 23996 "-" "Mozilla/5.0 (Windows NT 10.0; Win64; x64) AppleWebKit/537.36 (KHTML, like Gecko) Chrome/144.0.0.0 Safari/537.36"
139.189.115.17 - - [14/May/2026:08:27:58 +0800] "GET /wp-content/uploads/2026/02/1770341652-2026251Article_images_W900%C3%97500px.webp HTTP/1.1" 200 43300 "http://cqqizhou.com/" "Mozilla/5.0 (Windows NT 10.0; Win64; x64) AppleWebKit/537.36 (KHTML, like Gecko) Chrome/104.0.5112.81 Safari/537.36"
36.133.115.36 - - [14/May/2026:08:28:39 +0800] "POST /wp-cron.php?doing_wp_cron=1778718519.3117620944976806640625 HTTP/1.1" 200 31 "-" "WordPress/6.9; http://cqqizhou.com"
114.86.64.150 - - [14/May/2026:08:28:39 +0800] "GET / HTTP/1.1" 301 5 "-" "Mozilla/5.0 (Windows NT 6.1; WOW64) AppleWebKit/537.36 (KHTML, like Gecko) Chrome/73.0.3683.68"
114.86.64.150 - - [14/May/2026:08:28:39 +0800] "GET http://cqqizhou.com/ HTTP/1.1" 200 41024 "-" "Mozilla/5.0 (Windows NT 6.1; WOW64) AppleWebKit/537.36 (KHTML, like Gecko) Chrome/73.0.3683.68"
111.49.166.241 - - [14/May/2026:08:28:43 +0800] "GET / HTTP/1.1" 200 41024 "-" "Mozilla/5.0 (Windows NT 10.0; Win64; x64) AppleWebKit/537.36 (KHTML, like Gecko) Chrome/71.0.3578.33"
36.133.115.36 - - [14/May/2026:08:41:04 +0800] "POST /wp-cron.php?doing_wp_cron=1778719264.4090569019317626953125 HTTP/1.1" 200 31 "-" "WordPress/6.9; http://cqqizhou.com"
110.249.202.116 - - [14/May/2026:08:41:04 +0800] "GET /robots.txt HTTP/1.1" 200 190 "-" "Mozilla/5.0 (Linux; Android 5.0) AppleWebKit/537.36 (KHTML, like Gecko) Mobile Safari/537.36 (compatible; Bytespider; https://zhanzhang.toutiao.com/)"
36.133.115.36 - - [14/May/2026:08:42:37 +0800] "POST /wp-cron.php?doing_wp_cron=1778719357.8669559955596923828125 HTTP/1.1" 200 31 "-" "WordPress/6.9; http://cqqizhou.com"
114.119.130.91 - - [14/May/2026:08:42:37 +0800] "GET /wp-sitemap.xml HTTP/1.1" 501 253 "-" "Mozilla/5.0 (Linux; Android 7.0;) AppleWebKit/537.36 (KHTML, like Gecko) Mobile Safari/537.36 (compatible; PetalBot;+https://webmaster.petalsearch.com/site/petalbot)"
36.133.115.36 - - [14/May/2026:08:44:19 +0800] "POST /wp-cron.php?doing_wp_cron=1778719459.9585421085357666015625 HTTP/1.1" 200 31 "-" "WordPress/6.9; http://cqqizhou.com"
172.59.13.198 - - [14/May/2026:08:44:19 +0800] "GET /media/2 HTTP/1.1" 200 26574 "-" "Mozilla/5.0 (Windows NT 10.0; Win64; x64) AppleWebKit/537.36 (KHTML, like Gecko) Chrome/131.0.0.0 Safari/537.36"
27.21.31.199 - - [14/May/2026:08:44:48 +0800] "GET / HTTP/1.1" 301 5 "-" "Mozilla/5.0 (Windows NT 7.8; Win64; x64) AppleWebKit/537.36 (KHTML, like Gecko) Chrome/72.0.1663.88 Safari/537.36"
27.21.31.199 - - [14/May/2026:08:44:49 +0800] "GET / HTTP/1.1" 200 41024 "-" "Mozilla/5.0 (Windows NT 7.8; Win64; x64) AppleWebKit/537.36 (KHTML, like Gecko) Chrome/72.0.1663.88 Safari/537.36"
27.21.31.199 - - [14/May/2026:08:44:49 +0800] "GET /contacts/ HTTP/1.1" 301 5 "-" "Mozilla/5.0 (Windows NT 8.5; Win64; x64) AppleWebKit/537.36 (KHTML, like Gecko) Chrome/78.0.1356.88 Safari/537.36"
27.21.31.199 - - [14/May/2026:08:44:49 +0800] "GET /contacts HTTP/1.1" 200 22232 "-" "Mozilla/5.0 (Windows NT 8.5; Win64; x64) AppleWebKit/537.36 (KHTML, like Gecko) Chrome/78.0.1356.88 Safari/537.36"
27.21.31.199 - - [14/May/2026:08:44:49 +0800] "GET /contacts HTTP/1.1" 200 22232 "-" "Mozilla/5.0 (Windows NT 5.6; Win64; x64) AppleWebKit/537.36 (KHTML, like Gecko) Chrome/77.0.1816.88 Safari/537.36"
36.133.115.36 - - [14/May/2026:08:51:33 +0800] "POST /wp-cron.php?doing_wp_cron=1778719893.9108500480651855468750 HTTP/1.1" 200 31 "-" "WordPress/6.9; http://cqqizhou.com"
172.237.117.153 - - [14/May/2026:08:51:33 +0800] "GET / HTTP/1.1" 301 5 "-" "Mozilla/5.0 (Windows NT 6.1; WOW64; rv:8.0) Gecko/20100101 Firefox/8.0"
172.237.117.153 - - [14/May/2026:08:51:35 +0800] "GET / HTTP/1.1" 200 172543 "-" "Mozilla/5.0 (Windows NT 6.1; WOW64; rv:8.0) Gecko/20100101 Firefox/8.0"
36.133.115.36 - - [14/May/2026:08:53:11 +0800] "POST /wp-cron.php?doing_wp_cron=1778719991.6144011020660400390625 HTTP/1.1" 200 31 "-" "WordPress/6.9; http://cqqizhou.com"
176.65.139.165 - - [14/May/2026:08:53:11 +0800] "POST /boaform/admin/formLogin HTTP/1.1" 404 9406 "http://36.133.115.36:80/admin/login.asp" "Mozilla/5.0 (X11; Ubuntu; Linux x86_64; rv:71.0) Gecko/20100101 Firefox/71.0"
36.133.115.36 - - [14/May/2026:09:04:21 +0800] "POST /wp-cron.php?doing_wp_cron=1778720661.8641440868377685546875 HTTP/1.1" 200 31 "-" "WordPress/6.9; http://cqqizhou.com"
61.136.224.3 - - [14/May/2026:09:04:21 +0800] "GET / HTTP/1.1" 301 5 "-" "Mozilla/5.0 (Windows NT 10.0; Win64; x64) AppleWebKit/537.36 (KHTML, like Gecko) Chrome/122.0.0.0 Safari/537.36 Edg/122.0.0.0"
61.136.224.3 - - [14/May/2026:09:04:27 +0800] "GET / HTTP/1.1" 200 41024 "http://www.cqqizhou.com" "Mozilla/5.0 (Windows NT 10.0; Win64; x64) AppleWebKit/537.36 (KHTML, like Gecko) Chrome/122.0.0.0 Safari/537.36 Edg/122.0.0.0"
36.133.115.36 - - [14/May/2026:09:18:44 +0800] "POST /wp-cron.php?doing_wp_cron=1778721524.8952729701995849609375 HTTP/1.1" 200 31 "-" "WordPress/6.9; http://cqqizhou.com"
92.222.108.120 - - [14/May/2026:09:18:44 +0800] "GET /robots.txt HTTP/1.1" 200 190 "-" "Mozilla/5.0 (compatible; AhrefsBot/7.0; +http://ahrefs.com/robot/)"
198.244.183.24 - - [14/May/2026:09:18:46 +0800] "GET /news/2486 HTTP/1.1" 200 24506 "-" "Mozilla/5.0 (compatible; AhrefsBot/7.0; +http://ahrefs.com/robot/)"
36.133.115.36 - - [14/May/2026:09:24:40 +0800] "POST /wp-cron.php?doing_wp_cron=1778721880.1715149879455566406250 HTTP/1.1" 200 31 "-" "WordPress/6.9; http://cqqizhou.com"
97.246.102.23 - - [14/May/2026:09:24:40 +0800] "GET /news/2486 HTTP/1.1" 200 20494 "-" "Mozilla/5.0 (iPhone; CPU iPhone OS 26_0 like Mac OS X) AppleWebKit/605.1.15 (KHTML, like Gecko) Version/26.0 Mobile/15E148 Safari/604.1"
36.133.115.36 - - [14/May/2026:09:36:23 +0800] "POST /wp-cron.php?doing_wp_cron=1778722583.0521969795227050781250 HTTP/1.1" 200 31 "-" "WordPress/6.9; http://cqqizhou.com"
205.169.39.44 - - [14/May/2026:09:36:23 +0800] "GET / HTTP/1.1" 301 5 "-" "Mozilla/5.0 (Windows NT 10.0; Win64; x64) AppleWebKit/537.36 (KHTML, like Gecko) Chrome/117.0.5938.132 Safari/537.36"
205.169.39.44 - - [14/May/2026:09:36:23 +0800] "GET / HTTP/1.1" 200 41024 "-" "Mozilla/5.0 (Windows NT 10.0; Win64; x64) AppleWebKit/537.36 (KHTML, like Gecko) Chrome/117.0.5938.132 Safari/537.36"
205.169.39.44 - - [14/May/2026:09:36:26 +0800] "GET /wp-content/uploads/2025/07/1751425283-qizhou.kf_.qq_.com_.webp HTTP/1.1" 200 16864 "http://cqqizhou.com/" "Mozilla/5.0 (Windows NT 10.0; Win64; x64) AppleWebKit/537.36 (KHTML, like Gecko) Chrome/117.0.5938.132 Safari/537.36"
205.169.39.44 - - [14/May/2026:09:36:28 +0800] "GET /wp-content/uploads/2025/07/1750174127-Marketing1920x800_3.webp HTTP/1.1" 200 52790 "http://cqqizhou.com/wp-content/uploads/elementor/css/post-1666.css?ver=1778295900" "Mozilla/5.0 (Windows NT 10.0; Win64; x64) AppleWebKit/537.36 (KHTML, like Gecko) Chrome/117.0.5938.132 Safari/537.36"
205.169.39.44 - - [14/May/2026:09:36:28 +0800] "GET /wp-content/uploads/2025/07/1753456723-%E5%8F%8C%E7%9B%B8%E9%92%A2roduct_Single600.webp HTTP/1.1" 200 22790 "http://cqqizhou.com/" "Mozilla/5.0 (Windows NT 10.0; Win64; x64) AppleWebKit/537.36 (KHTML, like Gecko) Chrome/117.0.5938.132 Safari/537.36"
205.169.39.44 - - [14/May/2026:09:36:28 +0800] "GET /wp-content/uploads/2025/07/1753453096-%E5%8F%8C%E7%9B%B8%E9%92%A2product_Single600%C3%97284.webp HTTP/1.1" 200 14562 "http://cqqizhou.com/" "Mozilla/5.0 (Windows NT 10.0; Win64; x64) AppleWebKit/537.36 (KHTML, like Gecko) Chrome/117.0.5938.132 Safari/537.36"
205.169.39.44 - - [14/May/2026:09:36:28 +0800] "GET /wp-content/uploads/2025/07/1753456770-%E7%83%AD%E9%95%80%E9%94%8C%E5%8D%B7product_Single600.webp HTTP/1.1" 200 27502 "http://cqqizhou.com/" "Mozilla/5.0 (Windows NT 10.0; Win64; x64) AppleWebKit/537.36 (KHTML, like Gecko) Chrome/117.0.5938.132 Safari/537.36"
205.169.39.44 - - [14/May/2026:09:36:28 +0800] "GET /wp-content/uploads/2025/07/1753453127-%E4%BD%99%E5%8D%B7product_Single600%C3%97284.webp HTTP/1.1" 200 18744 "http://cqqizhou.com/" "Mozilla/5.0 (Windows NT 10.0; Win64; x64) AppleWebKit/537.36 (KHTML, like Gecko) Chrome/117.0.5938.132 Safari/537.36"
205.169.39.44 - - [14/May/2026:09:36:30 +0800] "GET /wp-content/uploads/2025/12/1765268955-qizhou_Slider1_3840%C3%972160_20251210-scaled.webp HTTP/1.1" 200 152162 "http://cqqizhou.com/" "Mozilla/5.0 (Windows NT 10.0; Win64; x64) AppleWebKit/537.36 (KHTML, like Gecko) Chrome/117.0.5938.132 Safari/537.36"
205.169.39.44 - - [14/May/2026:09:36:30 +0800] "POST /wp-admin/admin-ajax.php HTTP/1.1" 403 33 "http://cqqizhou.com/" "Mozilla/5.0 (Windows NT 10.0; Win64; x64) AppleWebKit/537.36 (KHTML, like Gecko) Chrome/117.0.5938.132 Safari/537.36"
205.169.39.44 - - [14/May/2026:09:36:30 +0800] "GET /wp-content/uploads/revslider/slider-1/1750861156-logistics_Slider_3840%C3%972160_20250625191356-scaled-50x100.webp HTTP/1.1" 200 1416 "http://cqqizhou.com/" "Mozilla/5.0 (Windows NT 10.0; Win64; x64) AppleWebKit/537.36 (KHTML, like Gecko) Chrome/117.0.5938.132 Safari/537.36"
205.169.39.44 - - [14/May/2026:09:36:30 +0800] "GET /wp-content/uploads/2026/01/1768276119-qizhoujiagong_Slider_3840%C3%972160_20260113-scaled-50x100.webp HTTP/1.1" 200 976 "http://cqqizhou.com/" "Mozilla/5.0 (Windows NT 10.0; Win64; x64) AppleWebKit/537.36 (KHTML, like Gecko) Chrome/117.0.5938.132 Safari/537.36"
205.169.39.44 - - [14/May/2026:09:36:31 +0800] "GET /wp-content/uploads/2026/01/1768276119-qizhoujiagong_Slider_3840%C3%972160_20260113-scaled-50x100.webp HTTP/1.1" 200 976 "http://cqqizhou.com/" "Mozilla/5.0 (Windows NT 10.0; Win64; x64) AppleWebKit/537.36 (KHTML, like Gecko) Chrome/117.0.5938.132 Safari/537.36"
205.169.39.44 - - [14/May/2026:09:36:31 +0800] "GET /wp-content/uploads/revslider/slider-1/1750861156-logistics_Slider_3840%C3%972160_20250625191356-scaled-50x100.webp HTTP/1.1" 200 1416 "http://cqqizhou.com/" "Mozilla/5.0 (Windows NT 10.0; Win64; x64) AppleWebKit/537.36 (KHTML, like Gecko) Chrome/117.0.5938.132 Safari/537.36"
205.169.39.44 - - [14/May/2026:09:36:31 +0800] "GET /wp-json/sliderrevolution/sliders/1?srengine=7&slideid=2 HTTP/1.1" 200 2000 "http://cqqizhou.com/" "Mozilla/5.0 (Windows NT 10.0; Win64; x64) AppleWebKit/537.36 (KHTML, like Gecko) Chrome/117.0.5938.132 Safari/537.36"
205.169.39.44 - - [14/May/2026:09:36:31 +0800] "GET /wp-json/sliderrevolution/sliders/1?srengine=7&slideid=4 HTTP/1.1" 200 2580 "http://cqqizhou.com/" "Mozilla/5.0 (Windows NT 10.0; Win64; x64) AppleWebKit/537.36 (KHTML, like Gecko) Chrome/117.0.5938.132 Safari/537.36"
205.169.39.44 - - [14/May/2026:09:36:31 +0800] "GET /wp-content/uploads/2026/01/1768276119-qizhoujiagong_Slider_3840%C3%972160_20260113-scaled.webp HTTP/1.1" 200 131696 "http://cqqizhou.com/" "Mozilla/5.0 (Windows NT 10.0; Win64; x64) AppleWebKit/537.36 (KHTML, like Gecko) Chrome/117.0.5938.132 Safari/537.36"
205.169.39.44 - - [14/May/2026:09:36:32 +0800] "GET /wp-content/uploads/revslider/slider-1/1750861156-logistics_Slider_3840%C3%972160_20250625191356-scaled.webp HTTP/1.1" 200 197360 "http://cqqizhou.com/" "Mozilla/5.0 (Windows NT 10.0; Win64; x64) AppleWebKit/537.36 (KHTML, like Gecko) Chrome/117.0.5938.132 Safari/537.36"
139.155.33.119 - - [14/May/2026:09:39:33 +0800] "GET /wp-content/uploads/2026/02/1770617948-Article_images_W900%C3%97500px-300x169.webp HTTP/1.1" 200 12198 "http://cqqizhou.com/" "Mozilla/5.0 (Windows NT 10.0; Win64; x64) AppleWebKit/537.36 (KHTML, like Gecko) Chrome/111.0.0.0 Safari/537.36"
36.133.115.36 - - [14/May/2026:09:40:56 +0800] "POST /wp-cron.php?doing_wp_cron=1778722856.3847899436950683593750 HTTP/1.1" 200 31 "-" "WordPress/6.9; http://cqqizhou.com"
39.98.43.174 - - [14/May/2026:09:40:56 +0800] "GET / HTTP/1.1" 301 5 "-" "Mozilla/5.0 (Windows NT 10.0; Win64; x64) AppleWebKit/537.36 (KHTML, like Gecko) Chrome/81.0.4044.122 Safari/537.36"
39.98.43.174 - - [14/May/2026:09:40:56 +0800] "GET / HTTP/1.1" 200 41024 "-" "Mozilla/5.0 (Windows NT 10.0; Win64; x64) AppleWebKit/537.36 (KHTML, like Gecko) Chrome/81.0.4044.122 Safari/537.36"
111.48.134.208 - - [14/May/2026:09:49:02 +0800] "GET /news/2543 HTTP/1.1" 200 22221 "-" "Mozilla/5.0 (Windows NT 10.0; Win64; x64) AppleWebKit/537.36 (KHTML, like Gecko) Chrome/77.0.3865.40"
125.92.115.38 - - [14/May/2026:09:51:37 +0800] "GET /news/2552 HTTP/1.1" 200 22042 "-" "Mozilla/5.0 (Windows NT 10.0) AppleWebKit/537.36 (KHTML, like Gecko) Chrome/76.0.3809.25"
36.133.115.36 - - [14/May/2026:09:53:52 +0800] "POST /wp-cron.php?doing_wp_cron=1778723632.6320140361785888671875 HTTP/1.1" 200 31 "-" "WordPress/6.9; http://cqqizhou.com"
182.125.30.236 - - [14/May/2026:09:53:52 +0800] "GET /Ly9jcXFpemhvdS5jb20vd3AtY29udGVudC91cGxvYWRzL3JldnNsaWRlci9zbGlkZXItMS8xNzUwODYxMTU2LWxvZ2lzdGljc19TbGlkZXJfMzg0MMOXMjE2MF8yMDI1MDYyNTE5MTM1Ni1zY2FsZWQud2VicA== HTTP/1.1" 404 9406 "-" "Mozilla/5.0 (Windows NT 6.2; WOW64) AppleWebKit/537.36 (KHTML, like Gecko) Chrome/85.0.4183.87"
36.133.115.36 - - [14/May/2026:09:56:48 +0800] "POST /wp-cron.php?doing_wp_cron=1778723808.5615398883819580078125 HTTP/1.1" 200 31 "-" "WordPress/6.9; http://cqqizhou.com"
2.102.127.169 - - [14/May/2026:09:56:48 +0800] "GET /2418 HTTP/1.1" 301 5 "-" "Mozilla/5.0 (Windows NT 10.0; Win64; x64) AppleWebKit/537.36 (KHTML, like Gecko) Chrome/124.0.0.0 Safari/537.36"
67.87.22.158 - - [14/May/2026:09:56:50 +0800] "GET /news/2418 HTTP/1.1" 200 24048 "-" "Mozilla/5.0 (Windows NT 10.0; Win64; x64) AppleWebKit/537.36 (KHTML, like Gecko) Chrome/124.0.0.0 Safari/537.36"
36.133.115.36 - - [14/May/2026:10:03:58 +0800] "POST /wp-cron.php?doing_wp_cron=1778724238.9333560466766357421875 HTTP/1.1" 200 31 "-" "WordPress/6.9; http://cqqizhou.com"
119.39.236.232 - - [14/May/2026:10:03:58 +0800] "GET /services/ HTTP/1.1" 301 5 "-" "Mozilla/5.0 (Windows NT 10.0; Win64; x64) AppleWebKit/537.36 (KHTML, like Gecko) Chrome/129.0.0.0 Safari/537.36"
119.39.236.232 - - [14/May/2026:10:03:59 +0800] "GET http://cqqizhou.com/services HTTP/1.1" 200 32192 "-" "Mozilla/5.0 (Windows NT 10.0; Win64; x64) AppleWebKit/537.36 (KHTML, like Gecko) Chrome/129.0.0.0 Safari/537.36"
49.70.183.129 - - [14/May/2026:10:05:08 +0800] "GET /news/2559 HTTP/1.1" 200 24609 "-" "Mozilla/5.0 (Windows NT 6.2; Win64; x64) AppleWebKit/537.36 (KHTML, like Gecko) Chrome/78.0.3904.105"
36.133.115.36 - - [14/May/2026:10:07:43 +0800] "POST /wp-cron.php?doing_wp_cron=1778724463.3470919132232666015625 HTTP/1.1" 200 31 "-" "WordPress/6.9; http://cqqizhou.com"
113.89.107.15 - - [14/May/2026:10:07:43 +0800] "GET /Ly9jcXFpemhvdS5jb20vd3AtY29udGVudC91cGxvYWRzLzIwMjYvMDEvMTc2ODI4MDI3MC1hbnF1YW5fU2xpZGVyXzM4NDDDlzIxNjBfMjAyNjAxMTQtc2NhbGVkLndlYnA= HTTP/1.1" 404 9406 "-" "Mozilla/5.0 (Windows NT 6.1) AppleWebKit/537.36 (KHTML, like Gecko) Chrome/79.0.3945.36"
36.133.115.36 - - [14/May/2026:10:08:27 +0800] "POST /wp-cron.php?doing_wp_cron=1778724507.0723280906677246093750 HTTP/1.1" 200 31 "-" "WordPress/6.9; http://cqqizhou.com"
93.123.72.166 - - [14/May/2026:10:08:27 +0800] "GET /SDK/webLanguage HTTP/1.1" 301 5 "-" "Mozilla/5.0 (Windows NT 10.0; Win64; x64) AppleWebKit/537.36 (KHTML, like Gecko) Chrome/90.0.4430.85 Safari/537.36 Edg/90.0.818.46"
204.217.207.250 - - [14/May/2026:10:09:09 +0800] "GET /news/2464 HTTP/1.1" 200 23996 "-" "Mozilla/5.0 (Windows NT 10.0; Win64; x64) AppleWebKit/537.36 (KHTML, like Gecko) Chrome/131.0.0.0 Safari/537.36 Edg/131.0.0.0"
61.55.49.103 - - [14/May/2026:10:11:24 +0800] "GET /news/2547 HTTP/1.1" 200 25182 "-" "Mozilla/5.0 (Windows NT 6.1; Win64; x64) AppleWebKit/537.36 (KHTML, like Gecko) Chrome/78.0.3904.105"
36.133.115.36 - - [14/May/2026:10:19:48 +0800] "POST /wp-cron.php?doing_wp_cron=1778725188.3286299705505371093750 HTTP/1.1" 200 31 "-" "WordPress/6.9; http://cqqizhou.com"
222.78.86.46 - - [14/May/2026:10:19:48 +0800] "GET /Ly9jcXFpemhvdS5jb20vd3AtY29udGVudC91cGxvYWRzLzIwMjYvMDEvMTc2ODI3NjExOS1xaXpob3VqaWFnb25nX1NsaWRlcl8zODQww5cyMTYwXzIwMjYwMTEzLXNjYWxlZC53ZWJw HTTP/1.1" 404 9406 "-" "Mozilla/5.0 (Windows NT 10.0; WOW64) AppleWebKit/537.36 (KHTML, like Gecko) Chrome/88.0.4324.27"
14.172.145.187 - - [14/May/2026:10:19:50 +0800] "GET http://cqqizhou.com/news/2464 HTTP/1.1" 200 23996 "-" "Mozilla/5.0 (Windows NT 10.0; Win64; x64) AppleWebKit/537.36 (KHTML, like Gecko) Chrome/145.0.0.0 Safari/537.36"
36.133.115.36 - - [14/May/2026:10:23:00 +0800] "POST /wp-cron.php?doing_wp_cron=1778725380.6423079967498779296875 HTTP/1.1" 200 31 "-" "WordPress/6.9; http://cqqizhou.com"
49.51.252.146 - - [14/May/2026:10:23:00 +0800] "GET / HTTP/1.1" 301 5 "-" "Mozilla/5.0 (iPhone; CPU iPhone OS 13_2_3 like Mac OS X) AppleWebKit/605.1.15 (KHTML, like Gecko) Version/13.0.3 Mobile/15E148 Safari/604.1"
49.51.252.146 - - [14/May/2026:10:23:03 +0800] "GET / HTTP/1.1" 200 35138 "http://36.133.115.36" "Mozilla/5.0 (iPhone; CPU iPhone OS 13_2_3 like Mac OS X) AppleWebKit/605.1.15 (KHTML, like Gecko) Version/13.0.3 Mobile/15E148 Safari/604.1"
36.133.115.36 - - [14/May/2026:10:39:39 +0800] "POST /wp-cron.php?doing_wp_cron=1778726379.4044480323791503906250 HTTP/1.1" 200 31 "-" "WordPress/6.9; http://cqqizhou.com"
150.241.244.72 - - [14/May/2026:10:39:39 +0800] "GET / HTTP/1.1" 301 5 "-" "Go-http-client/1.1"
36.133.115.36 - - [14/May/2026:10:45:14 +0800] "POST /wp-cron.php?doing_wp_cron=1778726714.4873280525207519531250 HTTP/1.1" 200 31 "-" "WordPress/6.9; http://cqqizhou.com"
45.148.10.67 - - [14/May/2026:10:45:14 +0800] "GET / HTTP/1.1" 200 35138 "-" "Mozilla/5.0 (Windows NT 10.0; Win64; x64) AppleWebKit/537.36 (KHTML, like Gecko) Chrome/131.0.0.0 Safari/537.36"
114.88.64.193 - - [14/May/2026:10:46:52 +0800] "GET /news/2535 HTTP/1.1" 200 24006 "-" "Mozilla/5.0 (Windows NT 6.2; Win64; x64) AppleWebKit/537.36 (KHTML, like Gecko) Chrome/79.0.3945.16"
187.17.228.218 - - [14/May/2026:10:53:12 +0800] "GET /admin/config.php HTTP/1.0" 404 16 "-" "Mozilla/5.0 (Windows NT 10.0; Win64; x64) AppleWebKit/537.36"
36.133.115.36 - - [14/May/2026:10:59:32 +0800] "POST /wp-cron.php?doing_wp_cron=1778727572.4301750659942626953125 HTTP/1.1" 200 31 "-" "WordPress/6.9; http://cqqizhou.com"
183.225.143.98 - - [14/May/2026:10:59:32 +0800] "GET /Ly9jcXFpemhvdS5jb20vd3AtY29udGVudC91cGxvYWRzLzIwMjUvMTIvMTc2NTI2ODk1NS1xaXpob3VfU2xpZGVyMV8zODQww5cyMTYwXzIwMjUxMjEwLXNjYWxlZC53ZWJw HTTP/1.1" 404 9406 "-" "Mozilla/5.0 (Windows NT 10.0; Win64; x64) AppleWebKit/537.36 (KHTML, like Gecko) Chrome/81.0.4044.20"
36.133.115.36 - - [14/May/2026:11:20:33 +0800] "POST /wp-cron.php?doing_wp_cron=1778728833.2259850502014160156250 HTTP/1.1" 200 31 "-" "WordPress/6.9; http://cqqizhou.com"
47.128.31.130 - - [14/May/2026:11:20:33 +0800] "GET /robots.txt HTTP/1.1" 200 190 "-" "Mozilla/5.0 (Linux; Android 5.0) AppleWebKit/537.36 (KHTML, like Gecko) Mobile Safari/537.36 (compatible; Bytespider; spider-feedback@bytedance.com)"
117.132.188.205 - - [14/May/2026:11:27:06 +0800] "GET / HTTP/1.1" 200 41024 "-" "Mozilla/5.0 (Windows NT 10.0; Win64; x64) AppleWebKit/537.36 (KHTML, like Gecko) Chrome/107.0.0.0 Safari/537.36"
36.133.115.36 - - [14/May/2026:11:27:09 +0800] "POST /wp-cron.php?doing_wp_cron=1778729229.3192191123962402343750 HTTP/1.1" 200 31 "-" "WordPress/6.9; http://cqqizhou.com"
117.132.188.205 - - [14/May/2026:11:27:09 +0800] "GET /wp-json/oembed/1.0/embed?url=http%3A%2F%2Fcqqizhou.com%2F HTTP/1.1" 200 1129 "-" "Mozilla/5.0 (Windows NT 10.0; Win64; x64) AppleWebKit/537.36 (KHTML, like Gecko) Chrome/107.0.0.0 Safari/537.36"
117.132.188.205 - - [14/May/2026:11:27:10 +0800] "GET /comments/feed HTTP/1.1" 200 703 "-" "Mozilla/5.0 (Windows NT 10.0; Win64; x64) AppleWebKit/537.36 (KHTML, like Gecko) Chrome/107.0.0.0 Safari/537.36"
117.132.188.205 - - [14/May/2026:11:27:10 +0800] "GET /feed HTTP/1.1" 200 46937 "-" "Mozilla/5.0 (Windows NT 10.0; Win64; x64) AppleWebKit/537.36 (KHTML, like Gecko) Chrome/107.0.0.0 Safari/537.36"
117.132.188.205 - - [14/May/2026:11:27:10 +0800] "GET /bug HTTP/1.1" 200 12304 "-" "Mozilla/5.0 (Windows NT 10.0; Win64; x64) AppleWebKit/537.36 (KHTML, like Gecko) Chrome/107.0.0.0 Safari/537.36"
117.132.188.205 - - [14/May/2026:11:27:11 +0800] "GET /club/ HTTP/1.1" 301 5 "-" "Mozilla/5.0 (Windows NT 10.0; Win64; x64) AppleWebKit/537.36 (KHTML, like Gecko) Chrome/107.0.0.0 Safari/537.36"
117.132.188.205 - - [14/May/2026:11:27:11 +0800] "GET /club HTTP/1.1" 200 13541 "-" "Mozilla/5.0 (Windows NT 10.0; Win64; x64) AppleWebKit/537.36 (KHTML, like Gecko) Chrome/107.0.0.0 Safari/537.36"
117.132.188.205 - - [14/May/2026:11:27:12 +0800] "GET /news/2535 HTTP/1.1" 200 24006 "-" "Mozilla/5.0 (Windows NT 10.0; Win64; x64) AppleWebKit/537.36 (KHTML, like Gecko) Chrome/107.0.0.0 Safari/537.36"
117.132.188.205 - - [14/May/2026:11:27:12 +0800] "GET /industry HTTP/1.1" 200 25156 "-" "Mozilla/5.0 (Windows NT 10.0; Win64; x64) AppleWebKit/537.36 (KHTML, like Gecko) Chrome/107.0.0.0 Safari/537.36"
117.132.188.205 - - [14/May/2026:11:27:12 +0800] "GET /news/2543 HTTP/1.1" 200 22221 "-" "Mozilla/5.0 (Windows NT 10.0; Win64; x64) AppleWebKit/537.36 (KHTML, like Gecko) Chrome/107.0.0.0 Safari/537.36"
117.132.188.205 - - [14/May/2026:11:27:12 +0800] "GET /work-safety HTTP/1.1" 200 24925 "-" "Mozilla/5.0 (Windows NT 10.0; Win64; x64) AppleWebKit/537.36 (KHTML, like Gecko) Chrome/107.0.0.0 Safari/537.36"
117.132.188.205 - - [14/May/2026:11:27:12 +0800] "GET /news/2547 HTTP/1.1" 200 25182 "-" "Mozilla/5.0 (Windows NT 10.0; Win64; x64) AppleWebKit/537.36 (KHTML, like Gecko) Chrome/107.0.0.0 Safari/537.36"
117.132.188.205 - - [14/May/2026:11:27:12 +0800] "GET /news/2552 HTTP/1.1" 200 22042 "-" "Mozilla/5.0 (Windows NT 10.0; Win64; x64) AppleWebKit/537.36 (KHTML, like Gecko) Chrome/107.0.0.0 Safari/537.36"
117.132.188.205 - - [14/May/2026:11:27:12 +0800] "GET /company-news HTTP/1.1" 200 26370 "-" "Mozilla/5.0 (Windows NT 10.0; Win64; x64) AppleWebKit/537.36 (KHTML, like Gecko) Chrome/107.0.0.0 Safari/537.36"
117.132.188.205 - - [14/May/2026:11:27:12 +0800] "GET /news/2559 HTTP/1.1" 200 24609 "-" "Mozilla/5.0 (Windows NT 10.0; Win64; x64) AppleWebKit/537.36 (KHTML, like Gecko) Chrome/107.0.0.0 Safari/537.36"
117.132.188.205 - - [14/May/2026:11:27:12 +0800] "GET /material.html HTTP/1.1" 200 6459 "-" "Mozilla/5.0 (Windows NT 10.0; Win64; x64) AppleWebKit/537.36 (KHTML, like Gecko) Chrome/107.0.0.0 Safari/537.36"
117.132.188.205 - - [14/May/2026:11:27:12 +0800] "GET / HTTP/1.1" 200 41024 "-" "Mozilla/5.0 (Windows NT 10.0; Win64; x64) AppleWebKit/537.36 (KHTML, like Gecko) Chrome/107.0.0.0 Safari/537.36"
117.132.188.205 - - [14/May/2026:11:27:13 +0800] "GET /news/portfolio-category/remaining-rolls HTTP/1.1" 200 21568 "-" "Mozilla/5.0 (Windows NT 10.0; Win64; x64) AppleWebKit/537.36 (KHTML, like Gecko) Chrome/107.0.0.0 Safari/537.36"
117.132.188.205 - - [14/May/2026:11:27:13 +0800] "GET /news/portfolio/remaining-rolls HTTP/1.1" 200 22786 "-" "Mozilla/5.0 (Windows NT 10.0; Win64; x64) AppleWebKit/537.36 (KHTML, like Gecko) Chrome/107.0.0.0 Safari/537.36"
117.132.188.205 - - [14/May/2026:11:27:13 +0800] "GET /news/portfolio-category/hot-dip-galvanized-coil HTTP/1.1" 200 21601 "-" "Mozilla/5.0 (Windows NT 10.0; Win64; x64) AppleWebKit/537.36 (KHTML, like Gecko) Chrome/107.0.0.0 Safari/537.36"
117.132.188.205 - - [14/May/2026:11:27:13 +0800] "GET /news/portfolio/hot-dip-galvanized-coil HTTP/1.1" 200 22928 "-" "Mozilla/5.0 (Windows NT 10.0; Win64; x64) AppleWebKit/537.36 (KHTML, like Gecko) Chrome/107.0.0.0 Safari/537.36"
117.132.188.205 - - [14/May/2026:11:27:13 +0800] "GET /news/portfolio-category/dual-phase-steel HTTP/1.1" 200 21590 "-" "Mozilla/5.0 (Windows NT 10.0; Win64; x64) AppleWebKit/537.36 (KHTML, like Gecko) Chrome/107.0.0.0 Safari/537.36"
117.132.188.205 - - [14/May/2026:11:27:13 +0800] "GET /news/portfolio/duplex-stainless-steel HTTP/1.1" 200 22767 "-" "Mozilla/5.0 (Windows NT 10.0; Win64; x64) AppleWebKit/537.36 (KHTML, like Gecko) Chrome/107.0.0.0 Safari/537.36"
117.132.188.205 - - [14/May/2026:11:27:13 +0800] "GET /news/portfolio-category/cold-rolled-coil HTTP/1.1" 200 21596 "-" "Mozilla/5.0 (Windows NT 10.0; Win64; x64) AppleWebKit/537.36 (KHTML, like Gecko) Chrome/107.0.0.0 Safari/537.36"
117.132.188.205 - - [14/May/2026:11:27:13 +0800] "GET /news/portfolio/%e5%86%b7%e8%bd%a7%e6%9d%bf HTTP/1.1" 200 22726 "-" "Mozilla/5.0 (Windows NT 10.0; Win64; x64) AppleWebKit/537.36 (KHTML, like Gecko) Chrome/107.0.0.0 Safari/537.36"
117.132.188.205 - - [14/May/2026:11:27:13 +0800] "GET / HTTP/1.1" 200 41024 "-" "Mozilla/5.0 (Windows NT 10.0; Win64; x64) AppleWebKit/537.36 (KHTML, like Gecko) Chrome/107.0.0.0 Safari/537.36"
117.132.188.205 - - [14/May/2026:11:27:13 +0800] "GET / HTTP/1.1" 200 41024 "-" "Mozilla/5.0 (Windows NT 10.0; Win64; x64) AppleWebKit/537.36 (KHTML, like Gecko) Chrome/107.0.0.0 Safari/537.36"
117.132.188.205 - - [14/May/2026:11:27:13 +0800] "GET / HTTP/1.1" 200 41024 "-" "Mozilla/5.0 (Windows NT 10.0; Win64; x64) AppleWebKit/537.36 (KHTML, like Gecko) Chrome/107.0.0.0 Safari/537.36"
117.132.188.205 - - [14/May/2026:11:27:14 +0800] "GET /logistics/ HTTP/1.1" 301 5 "-" "Mozilla/5.0 (Windows NT 10.0; Win64; x64) AppleWebKit/537.36 (KHTML, like Gecko) Chrome/107.0.0.0 Safari/537.36"
117.132.188.205 - - [14/May/2026:11:27:14 +0800] "GET /logistics HTTP/1.1" 200 31681 "-" "Mozilla/5.0 (Windows NT 10.0; Win64; x64) AppleWebKit/537.36 (KHTML, like Gecko) Chrome/107.0.0.0 Safari/537.36"
117.132.188.205 - - [14/May/2026:11:27:15 +0800] "GET /services/ HTTP/1.1" 301 5 "-" "Mozilla/5.0 (Windows NT 10.0; Win64; x64) AppleWebKit/537.36 (KHTML, like Gecko) Chrome/107.0.0.0 Safari/537.36"
117.132.188.205 - - [14/May/2026:11:27:15 +0800] "GET /services HTTP/1.1" 200 32192 "-" "Mozilla/5.0 (Windows NT 10.0; Win64; x64) AppleWebKit/537.36 (KHTML, like Gecko) Chrome/107.0.0.0 Safari/537.36"
117.132.188.205 - - [14/May/2026:11:27:15 +0800] "GET /contacts HTTP/1.1" 200 22232 "-" "Mozilla/5.0 (Windows NT 10.0; Win64; x64) AppleWebKit/537.36 (KHTML, like Gecko) Chrome/107.0.0.0 Safari/537.36"
117.132.188.205 - - [14/May/2026:11:27:15 +0800] "GET / HTTP/1.1" 200 41024 "-" "Mozilla/5.0 (Windows NT 10.0; Win64; x64) AppleWebKit/537.36 (KHTML, like Gecko) Chrome/107.0.0.0 Safari/537.36"
117.132.188.205 - - [14/May/2026:11:27:16 +0800] "GET /contacts/ HTTP/1.1" 301 5 "-" "Mozilla/5.0 (Windows NT 10.0; Win64; x64) AppleWebKit/537.36 (KHTML, like Gecko) Chrome/107.0.0.0 Safari/537.36"
117.132.188.205 - - [14/May/2026:11:27:16 +0800] "GET /contacts HTTP/1.1" 200 22232 "-" "Mozilla/5.0 (Windows NT 10.0; Win64; x64) AppleWebKit/537.36 (KHTML, like Gecko) Chrome/107.0.0.0 Safari/537.36"
117.132.188.205 - - [14/May/2026:11:27:16 +0800] "GET /news HTTP/1.1" 200 26127 "-" "Mozilla/5.0 (Windows NT 10.0; Win64; x64) AppleWebKit/537.36 (KHTML, like Gecko) Chrome/107.0.0.0 Safari/537.36"
117.132.188.205 - - [14/May/2026:11:27:16 +0800] "GET /media HTTP/1.1" 200 26783 "-" "Mozilla/5.0 (Windows NT 10.0; Win64; x64) AppleWebKit/537.36 (KHTML, like Gecko) Chrome/107.0.0.0 Safari/537.36"
117.132.188.205 - - [14/May/2026:11:27:16 +0800] "GET /logistics HTTP/1.1" 200 31681 "-" "Mozilla/5.0 (Windows NT 10.0; Win64; x64) AppleWebKit/537.36 (KHTML, like Gecko) Chrome/107.0.0.0 Safari/537.36"
117.132.188.205 - - [14/May/2026:11:27:16 +0800] "GET /services HTTP/1.1" 200 32192 "-" "Mozilla/5.0 (Windows NT 10.0; Win64; x64) AppleWebKit/537.36 (KHTML, like Gecko) Chrome/107.0.0.0 Safari/537.36"
117.132.188.205 - - [14/May/2026:11:27:16 +0800] "GET /about HTTP/1.1" 200 25001 "-" "Mozilla/5.0 (Windows NT 10.0; Win64; x64) AppleWebKit/537.36 (KHTML, like Gecko) Chrome/107.0.0.0 Safari/537.36"
117.132.188.205 - - [14/May/2026:11:27:16 +0800] "GET / HTTP/1.1" 200 41024 "-" "Mozilla/5.0 (Windows NT 10.0; Win64; x64) AppleWebKit/537.36 (KHTML, like Gecko) Chrome/107.0.0.0 Safari/537.36"
