117.132.188.205 - - [14/May/2026:11:27:16 +0800] "GET /wp-content/uploads/2026/04/1775195054-1Article_images_W900px.webp HTTP/1.1" 200 25562 "-" "Mozilla/5.0 (Windows NT 10.0; Win64; x64) AppleWebKit/537.36 (KHTML, like Gecko) Chrome/107.0.0.0 Safari/537.36"
117.132.188.205 - - [14/May/2026:11:27:16 +0800] "GET /wp-content/uploads/2026/02/1769999241-4.2%E7%B1%B3%E9%AB%98%E6%A0%8F%E8%B4%A7%E8%BD%A6.webp HTTP/1.1" 200 54794 "-" "Mozilla/5.0 (Windows NT 10.0; Win64; x64) AppleWebKit/537.36 (KHTML, like Gecko) Chrome/107.0.0.0 Safari/537.36"
117.132.188.205 - - [14/May/2026:11:27:16 +0800] "GET /wp-content/uploads/2026/04/1775698332-Article_images_W900px.webp HTTP/1.1" 200 49852 "-" "Mozilla/5.0 (Windows NT 10.0; Win64; x64) AppleWebKit/537.36 (KHTML, like Gecko) Chrome/107.0.0.0 Safari/537.36"
117.132.188.205 - - [14/May/2026:11:27:16 +0800] "GET /wp-content/uploads/2026/04/1775865780-1Article_images_W900px.webp HTTP/1.1" 200 41840 "-" "Mozilla/5.0 (Windows NT 10.0; Win64; x64) AppleWebKit/537.36 (KHTML, like Gecko) Chrome/107.0.0.0 Safari/537.36"
117.132.188.205 - - [14/May/2026:11:27:16 +0800] "GET /wp-content/uploads/2026/04/1777513410-1Article_images_W900px.webp HTTP/1.1" 200 30786 "-" "Mozilla/5.0 (Windows NT 10.0; Win64; x64) AppleWebKit/537.36 (KHTML, like Gecko) Chrome/107.0.0.0 Safari/537.36"
117.132.188.205 - - [14/May/2026:11:27:16 +0800] "GET /wp-content/uploads/2025/07/1753453127-%E4%BD%99%E5%8D%B7product_Single600%C3%97284.webp HTTP/1.1" 200 18744 "-" "Mozilla/5.0 (Windows NT 10.0; Win64; x64) AppleWebKit/537.36 (KHTML, like Gecko) Chrome/107.0.0.0 Safari/537.36"
117.132.188.205 - - [14/May/2026:11:27:17 +0800] "GET /wp-content/uploads/2025/07/1753456770-%E7%83%AD%E9%95%80%E9%94%8C%E5%8D%B7product_Single600.webp HTTP/1.1" 200 27502 "-" "Mozilla/5.0 (Windows NT 10.0; Win64; x64) AppleWebKit/537.36 (KHTML, like Gecko) Chrome/107.0.0.0 Safari/537.36"
117.132.188.205 - - [14/May/2026:11:27:17 +0800] "GET /wp-content/uploads/2025/07/1753453096-%E5%8F%8C%E7%9B%B8%E9%92%A2product_Single600%C3%97284.webp HTTP/1.1" 200 14562 "-" "Mozilla/5.0 (Windows NT 10.0; Win64; x64) AppleWebKit/537.36 (KHTML, like Gecko) Chrome/107.0.0.0 Safari/537.36"
117.132.188.205 - - [14/May/2026:11:27:17 +0800] "GET /wp-content/uploads/2025/07/1753456723-%E5%8F%8C%E7%9B%B8%E9%92%A2roduct_Single600.webp HTTP/1.1" 200 22790 "-" "Mozilla/5.0 (Windows NT 10.0; Win64; x64) AppleWebKit/537.36 (KHTML, like Gecko) Chrome/107.0.0.0 Safari/537.36"
117.132.188.205 - - [14/May/2026:11:27:17 +0800] "GET /wp-content/uploads/2025/07/1751425283-qizhou.kf_.qq_.com_.webp HTTP/1.1" 200 16864 "-" "Mozilla/5.0 (Windows NT 10.0; Win64; x64) AppleWebKit/537.36 (KHTML, like Gecko) Chrome/107.0.0.0 Safari/537.36"
117.132.188.205 - - [14/May/2026:11:27:17 +0800] "GET /wp-content/uploads/revslider/slider-1/1750861156-logistics_Slider_3840%C3%972160_20250625191356-scaled.webp HTTP/1.1" 200 197360 "-" "Mozilla/5.0 (Windows NT 10.0; Win64; x64) AppleWebKit/537.36 (KHTML, like Gecko) Chrome/107.0.0.0 Safari/537.36"
117.132.188.205 - - [14/May/2026:11:27:17 +0800] "GET /wp-content/uploads/2026/01/1768276119-qizhoujiagong_Slider_3840%C3%972160_20260113-scaled.webp HTTP/1.1" 200 131696 "-" "Mozilla/5.0 (Windows NT 10.0; Win64; x64) AppleWebKit/537.36 (KHTML, like Gecko) Chrome/107.0.0.0 Safari/537.36"
117.132.188.205 - - [14/May/2026:11:27:17 +0800] "GET /wp-content/uploads/2025/12/1765268955-qizhou_Slider1_3840%C3%972160_20251210-scaled.webp HTTP/1.1" 200 152162 "-" "Mozilla/5.0 (Windows NT 10.0; Win64; x64) AppleWebKit/537.36 (KHTML, like Gecko) Chrome/107.0.0.0 Safari/537.36"
36.133.115.36 - - [14/May/2026:11:31:47 +0800] "POST /wp-cron.php?doing_wp_cron=1778729507.8100779056549072265625 HTTP/1.1" 200 31 "-" "WordPress/6.9; http://cqqizhou.com"
14.215.185.59 - - [14/May/2026:11:31:47 +0800] "GET / HTTP/1.1" 200 35139 "https://m.baidu.com/" "Mozilla/5.0 (Linux; Android 14; FNE-AN00 Build/HONORFNE-AN00; wv) AppleWebKit/537.36 (KHTML, like Gecko) Version/4.0 Chrome/97.0.4692.98 Mobile Safari/537.36 T7/15.56 SP-engine/3.57.0 bd_dvt/0 baiduboxapp/15.57.1.10 (Baidu; P1 14) NABar/1.0"
208.84.101.154 - - [14/May/2026:11:34:34 +0800] "GET / HTTP/1.1" 200 41024 "-" "Mozilla/5.0 (X11; Linux x86_64) AppleWebKit/537.36 (KHTML, like Gecko) Chrome/146.0.0.0 Safari/537.36"
208.84.101.154 - - [14/May/2026:11:34:36 +0800] "GET /.aws/credentials HTTP/1.1" 404 9408 "-" "Mozilla/5.0 (Macintosh; Intel Mac OS X 10_15_7) AppleWebKit/537.36 (KHTML, like Gecko) Chrome/147.0.0.0 Safari/537.36 Edg/147.0.0.0"
36.133.115.36 - - [14/May/2026:11:34:36 +0800] "POST /wp-cron.php?doing_wp_cron=1778729676.6622040271759033203125 HTTP/1.1" 200 31 "-" "WordPress/6.9; http://cqqizhou.com"
208.84.101.154 - - [14/May/2026:11:34:36 +0800] "GET /.env HTTP/1.1" 404 9408 "-" "Mozilla/5.0 (Macintosh; Intel Mac OS X 10.15; rv:150.0) Gecko/20100101 Firefox/150.0"
208.84.101.154 - - [14/May/2026:11:34:36 +0800] "GET /.env.local HTTP/1.1" 404 9408 "-" "Mozilla/5.0 (Windows NT 10.0; Win64; x64) AppleWebKit/537.36 (KHTML, like Gecko) Chrome/146.0.0.0 Safari/537.36 Edg/146.0.0.0"
208.84.101.154 - - [14/May/2026:11:34:36 +0800] "GET /credentials.json HTTP/1.1" 404 9408 "-" "Mozilla/5.0 (Windows NT 10.0; Win64; x64; rv:149.0) Gecko/20100101 Firefox/149.0"
208.84.101.154 - - [14/May/2026:11:34:36 +0800] "GET /service-account.json HTTP/1.1" 404 9408 "-" "Mozilla/5.0 (Macintosh; Intel Mac OS X 10_15_7) AppleWebKit/605.1.15 (KHTML, like Gecko) Version/18.3 Safari/605.1.15"
208.84.101.154 - - [14/May/2026:11:34:36 +0800] "GET /backend/.env HTTP/1.1" 404 9408 "-" "Mozilla/5.0 (X11; Linux x86_64; rv:149.0) Gecko/20100101 Firefox/149.0"
208.84.101.154 - - [14/May/2026:11:34:36 +0800] "GET /.env.production HTTP/1.1" 404 9408 "-" "Mozilla/5.0 (iPhone; CPU iPhone OS 18_4 like Mac OS X) AppleWebKit/605.1.15 (KHTML, like Gecko) Version/18.4 Mobile/15E148 Safari/604.1"
208.84.101.154 - - [14/May/2026:11:34:36 +0800] "GET /app/.env HTTP/1.1" 404 9408 "-" "Mozilla/5.0 (Windows NT 10.0; Win64; x64; rv:150.0) Gecko/20100101 Firefox/150.0"
208.84.101.154 - - [14/May/2026:11:34:36 +0800] "GET /secrets.json HTTP/1.1" 404 9408 "-" "Mozilla/5.0 (Windows NT 10.0; Win64; x64) AppleWebKit/537.36 (KHTML, like Gecko) Chrome/145.0.0.0 Safari/537.36"
208.84.101.154 - - [14/May/2026:11:34:36 +0800] "GET /serviceAccountKey.json HTTP/1.1" 404 9408 "-" "Mozilla/5.0 (X11; Linux x86_64; rv:150.0) Gecko/20100101 Firefox/150.0"
208.84.101.154 - - [14/May/2026:11:34:36 +0800] "GET /api/.env HTTP/1.1" 404 9408 "-" "Mozilla/5.0 (Windows NT 10.0; Win64; x64) AppleWebKit/537.36 (KHTML, like Gecko) Chrome/147.0.0.0 Safari/537.36"
208.84.101.154 - - [14/May/2026:11:34:37 +0800] "GET /google-service-account.json HTTP/1.1" 404 9406 "-" "Mozilla/5.0 (Windows NT 10.0; Win64; x64) AppleWebKit/537.36 (KHTML, like Gecko) Chrome/147.0.0.0 Safari/537.36 Edg/147.0.0.0"
208.84.101.154 - - [14/May/2026:11:34:37 +0800] "GET /firebase-service-account.json HTTP/1.1" 404 9406 "-" "Mozilla/5.0 (Macintosh; Intel Mac OS X 10_15_7) AppleWebKit/605.1.15 (KHTML, like Gecko) Version/18.4 Safari/605.1.15"
208.84.101.154 - - [14/May/2026:11:34:37 +0800] "GET / HTTP/1.1" 200 41024 "-" "Mozilla/5.0 (Windows NT 10.0; Win64; x64) AppleWebKit/537.36 (KHTML, like Gecko) Chrome/147.0.0.0 Safari/537.36 Edg/147.0.0.0"
208.84.101.154 - - [14/May/2026:11:34:38 +0800] "GET /wp-config.php HTTP/1.1" 200 31 "-" "Mozilla/5.0 (Windows NT 10.0; Win64; x64) AppleWebKit/537.36 (KHTML, like Gecko) Chrome/145.0.0.0 Safari/537.36"
208.84.101.154 - - [14/May/2026:11:34:38 +0800] "GET /wp-config.php.bak HTTP/1.1" 404 9406 "-" "Mozilla/5.0 (Windows NT 10.0; Win64; x64; rv:150.0) Gecko/20100101 Firefox/150.0"
208.84.101.154 - - [14/May/2026:11:34:38 +0800] "GET /wp-config.php.old HTTP/1.1" 404 9406 "-" "Mozilla/5.0 (Macintosh; Intel Mac OS X 10.15; rv:150.0) Gecko/20100101 Firefox/150.0"
208.84.101.154 - - [14/May/2026:11:34:38 +0800] "GET /wp-content/debug.log HTTP/1.1" 404 9406 "-" "Mozilla/5.0 (X11; Linux x86_64) AppleWebKit/537.36 (KHTML, like Gecko) Chrome/146.0.0.0 Safari/537.36"
208.84.101.154 - - [14/May/2026:11:34:38 +0800] "GET /.wp-config.php.swp HTTP/1.1" 404 9406 "-" "Mozilla/5.0 (X11; Linux x86_64; rv:149.0) Gecko/20100101 Firefox/149.0"
208.84.101.154 - - [14/May/2026:11:34:38 +0800] "GET /wp-config.php.save HTTP/1.1" 404 9406 "-" "Mozilla/5.0 (Windows NT 10.0; Win64; x64; rv:149.0) Gecko/20100101 Firefox/149.0"
208.84.101.154 - - [14/May/2026:11:34:38 +0800] "GET /wp-config.php~ HTTP/1.1" 404 9406 "-" "Mozilla/5.0 (X11; Linux x86_64; rv:150.0) Gecko/20100101 Firefox/150.0"
208.84.101.154 - - [14/May/2026:11:34:39 +0800] "GET / HTTP/1.1" 200 41024 "-" "Mozilla/5.0 (Windows NT 10.0; Win64; x64; rv:149.0) Gecko/20100101 Firefox/149.0"
78.24.220.190 - - [14/May/2026:11:40:20 +0800] "GET / HTTP/1.1" 200 41024 "-" "Mozilla/5.0 (Windows NT 10.0; Win64; x64) AppleWebKit/537.36 (KHTML, like Gecko) Chrome/120.0.0.0 Safari/537.36"
36.133.115.36 - - [14/May/2026:11:51:18 +0800] "POST /wp-cron.php?doing_wp_cron=1778730678.4126849174499511718750 HTTP/1.1" 200 31 "-" "WordPress/6.9; http://cqqizhou.com"
124.239.12.165 - - [14/May/2026:11:51:18 +0800] "GET /robots.txt HTTP/1.1" 200 190 "-" "YisouSpider"
180.127.149.222 - - [14/May/2026:11:51:38 +0800] "GET /wp-content/uploads/2025/11/1762864379-QZ_Photo-6.webp HTTP/1.1" 200 84000 "-" "Mozilla/5.0 (Macintosh; Intel Mac OS X 10_15_7) AppleWebKit/537.36 (KHTML, like Gecko) Chrome/132.0.0.0 Safari/537.36"
52.139.38.158 - - [14/May/2026:12:03:38 +0800] "GET /wp-content/plugins/hellopress/wp_filemanager.php HTTP/1.1" 404 27 "-" "-"
52.139.38.158 - - [14/May/2026:12:03:38 +0800] "GET /file60.php HTTP/1.1" 404 27 "-" "-"
52.139.38.158 - - [14/May/2026:12:03:39 +0800] "GET /wp-k7djufwez2.php HTTP/1.1" 404 27 "-" "-"
52.139.38.158 - - [14/May/2026:12:03:39 +0800] "GET /bc.php HTTP/1.1" 404 27 "-" "-"
52.139.38.158 - - [14/May/2026:12:03:39 +0800] "GET /100.php HTTP/1.1" 404 27 "-" "-"
52.139.38.158 - - [14/May/2026:12:03:39 +0800] "GET /xmu.php HTTP/1.1" 404 27 "-" "-"
52.139.38.158 - - [14/May/2026:12:03:40 +0800] "GET /bob.php HTTP/1.1" 404 27 "-" "-"
52.139.38.158 - - [14/May/2026:12:03:40 +0800] "GET /av.php HTTP/1.1" 404 27 "-" "-"
52.139.38.158 - - [14/May/2026:12:03:40 +0800] "GET /casp1.php HTTP/1.1" 404 27 "-" "-"
52.139.38.158 - - [14/May/2026:12:03:40 +0800] "GET //file6.php HTTP/1.1" 404 27 "-" "-"
52.139.38.158 - - [14/May/2026:12:03:41 +0800] "GET /xs.php HTTP/1.1" 404 27 "-" "-"
52.139.38.158 - - [14/May/2026:12:03:41 +0800] "GET /xxa.php HTTP/1.1" 404 27 "-" "-"
52.139.38.158 - - [14/May/2026:12:03:41 +0800] "GET /3369.php HTTP/1.1" 404 27 "-" "-"
52.139.38.158 - - [14/May/2026:12:03:42 +0800] "GET /dostshell.php HTTP/1.1" 404 27 "-" "-"
52.139.38.158 - - [14/May/2026:12:03:42 +0800] "GET /zoper1.php HTTP/1.1" 404 27 "-" "-"
52.139.38.158 - - [14/May/2026:12:03:42 +0800] "GET /77.php HTTP/1.1" 404 27 "-" "-"
52.139.38.158 - - [14/May/2026:12:03:43 +0800] "GET /wp-kz.php HTTP/1.1" 404 27 "-" "-"
52.139.38.158 - - [14/May/2026:12:03:43 +0800] "GET /file6.php HTTP/1.1" 404 27 "-" "-"
52.139.38.158 - - [14/May/2026:12:03:43 +0800] "GET /zogy1.php HTTP/1.1" 404 27 "-" "-"
52.139.38.158 - - [14/May/2026:12:03:44 +0800] "GET /19.php HTTP/1.1" 404 27 "-" "-"
52.139.38.158 - - [14/May/2026:12:03:44 +0800] "GET /11.php HTTP/1.1" 404 27 "-" "-"
52.139.38.158 - - [14/May/2026:12:03:44 +0800] "GET /w.php HTTP/1.1" 404 27 "-" "-"
52.139.38.158 - - [14/May/2026:12:03:44 +0800] "GET /7.php HTTP/1.1" 404 27 "-" "-"
52.139.38.158 - - [14/May/2026:12:03:45 +0800] "GET /ortasekerli1.php HTTP/1.1" 404 27 "-" "-"
52.139.38.158 - - [14/May/2026:12:03:45 +0800] "GET /xxx.php HTTP/1.1" 404 27 "-" "-"
52.139.38.158 - - [14/May/2026:12:03:45 +0800] "GET /cdxadmin.php HTTP/1.1" 404 27 "-" "-"
52.139.38.158 - - [14/May/2026:12:03:45 +0800] "GET /gecko.php HTTP/1.1" 404 27 "-" "-"
52.139.38.158 - - [14/May/2026:12:03:46 +0800] "GET /fone1.php HTTP/1.1" 404 27 "-" "-"
52.139.38.158 - - [14/May/2026:12:03:46 +0800] "GET /cilus.php HTTP/1.1" 404 27 "-" "-"
52.139.38.158 - - [14/May/2026:12:03:46 +0800] "GET //adminfuns.php HTTP/1.1" 404 27 "-" "-"
52.139.38.158 - - [14/May/2026:12:03:47 +0800] "GET /tires.php HTTP/1.1" 404 27 "-" "-"
52.139.38.158 - - [14/May/2026:12:03:47 +0800] "GET /wp-tiroto.php HTTP/1.1" 404 27 "-" "-"
52.139.38.158 - - [14/May/2026:12:03:47 +0800] "GET /a7.php HTTP/1.1" 404 27 "-" "-"
52.139.38.158 - - [14/May/2026:12:03:48 +0800] "GET /1.php HTTP/1.1" 404 27 "-" "-"
52.139.38.158 - - [14/May/2026:12:03:48 +0800] "GET /drykl.php HTTP/1.1" 404 27 "-" "-"
52.139.38.158 - - [14/May/2026:12:03:48 +0800] "GET /BDKR28WP.php HTTP/1.1" 404 27 "-" "-"
52.139.38.158 - - [14/May/2026:12:03:49 +0800] "GET /mifta.php HTTP/1.1" 404 27 "-" "-"
52.139.38.158 - - [14/May/2026:12:03:49 +0800] "GET /xwx1.php HTTP/1.1" 404 27 "-" "-"
52.139.38.158 - - [14/May/2026:12:03:49 +0800] "GET /a1.php HTTP/1.1" 404 27 "-" "-"
52.139.38.158 - - [14/May/2026:12:03:50 +0800] "GET /d.php HTTP/1.1" 404 27 "-" "-"
52.139.38.158 - - [14/May/2026:12:03:50 +0800] "GET /edit.php HTTP/1.1" 404 27 "-" "-"
52.139.38.158 - - [14/May/2026:12:03:50 +0800] "GET /xff.php HTTP/1.1" 404 27 "-" "-"
52.139.38.158 - - [14/May/2026:12:03:51 +0800] "GET /bal.php HTTP/1.1" 404 27 "-" "-"
52.139.38.158 - - [14/May/2026:12:03:51 +0800] "GET /xltt.php HTTP/1.1" 404 27 "-" "-"
52.139.38.158 - - [14/May/2026:12:03:51 +0800] "GET /son.php HTTP/1.1" 404 27 "-" "-"
52.139.38.158 - - [14/May/2026:12:03:52 +0800] "GET /doc.php HTTP/1.1" 404 27 "-" "-"
52.139.38.158 - - [14/May/2026:12:03:52 +0800] "GET /zo.php HTTP/1.1" 404 27 "-" "-"
52.139.38.158 - - [14/May/2026:12:03:52 +0800] "GET /xper1.php HTTP/1.1" 404 27 "-" "-"
52.139.38.158 - - [14/May/2026:12:03:53 +0800] "GET /tiny.php HTTP/1.1" 404 27 "-" "-"
52.139.38.158 - - [14/May/2026:12:03:53 +0800] "GET /bthil.php HTTP/1.1" 404 27 "-" "-"
52.139.38.158 - - [14/May/2026:12:03:53 +0800] "GET /s1.php HTTP/1.1" 404 27 "-" "-"
52.139.38.158 - - [14/May/2026:12:03:53 +0800] "GET /de.php HTTP/1.1" 404 27 "-" "-"
52.139.38.158 - - [14/May/2026:12:03:54 +0800] "GET /axe.php HTTP/1.1" 404 27 "-" "-"
52.139.38.158 - - [14/May/2026:12:03:54 +0800] "GET /roksad1.php HTTP/1.1" 404 27 "-" "-"
52.139.38.158 - - [14/May/2026:12:03:54 +0800] "GET /aj11.php HTTP/1.1" 404 27 "-" "-"
52.139.38.158 - - [14/May/2026:12:03:55 +0800] "GET /yuzuru1.php HTTP/1.1" 404 27 "-" "-"
52.139.38.158 - - [14/May/2026:12:03:55 +0800] "GET /1a.php HTTP/1.1" 404 27 "-" "-"
52.139.38.158 - - [14/May/2026:12:03:55 +0800] "GET /gelio1.php HTTP/1.1" 404 27 "-" "-"
52.139.38.158 - - [14/May/2026:12:03:56 +0800] "GET /2.php HTTP/1.1" 404 27 "-" "-"
52.139.38.158 - - [14/May/2026:12:03:56 +0800] "GET /sky.php HTTP/1.1" 404 27 "-" "-"
52.139.38.158 - - [14/May/2026:12:03:56 +0800] "GET /wp-includes/theme-compat/wp-login.php HTTP/1.1" 404 27 "-" "-"
52.139.38.158 - - [14/May/2026:12:03:56 +0800] "GET /man.php HTTP/1.1" 404 27 "-" "-"
52.139.38.158 - - [14/May/2026:12:03:57 +0800] "GET /ws85.php HTTP/1.1" 404 27 "-" "-"
52.139.38.158 - - [14/May/2026:12:03:57 +0800] "GET /Sanskrit.php HTTP/1.1" 404 27 "-" "-"
52.139.38.158 - - [14/May/2026:12:03:58 +0800] "GET /ms-edit.php HTTP/1.1" 404 27 "-" "-"
52.139.38.158 - - [14/May/2026:12:03:58 +0800] "GET /dass.php HTTP/1.1" 404 27 "-" "-"
52.139.38.158 - - [14/May/2026:12:03:58 +0800] "GET /7.php HTTP/1.1" 404 27 "-" "-"
52.139.38.158 - - [14/May/2026:12:03:58 +0800] "GET /cu.php HTTP/1.1" 404 27 "-" "-"
52.139.38.158 - - [14/May/2026:12:03:59 +0800] "GET /ganja.php HTTP/1.1" 404 27 "-" "-"
52.139.38.158 - - [14/May/2026:12:03:59 +0800] "GET /pp.php HTTP/1.1" 404 27 "-" "-"
52.139.38.158 - - [14/May/2026:12:04:00 +0800] "GET /card.php HTTP/1.1" 404 27 "-" "-"
52.139.38.158 - - [14/May/2026:12:04:00 +0800] "GET /packsin1.php HTTP/1.1" 404 27 "-" "-"
52.139.38.158 - - [14/May/2026:12:04:00 +0800] "GET /wps.php HTTP/1.1" 404 27 "-" "-"
52.139.38.158 - - [14/May/2026:12:04:00 +0800] "GET /wgift1.php HTTP/1.1" 404 27 "-" "-"
52.139.38.158 - - [14/May/2026:12:04:01 +0800] "GET /mar.php HTTP/1.1" 404 27 "-" "-"
52.139.38.158 - - [14/May/2026:12:04:01 +0800] "GET /img.php HTTP/1.1" 404 27 "-" "-"
52.139.38.158 - - [14/May/2026:12:04:01 +0800] "GET /themes.php HTTP/1.1" 404 27 "-" "-"
52.139.38.158 - - [14/May/2026:12:04:02 +0800] "GET /acp.php HTTP/1.1" 404 27 "-" "-"
52.139.38.158 - - [14/May/2026:12:04:02 +0800] "GET /error_log.php HTTP/1.1" 404 27 "-" "-"
52.139.38.158 - - [14/May/2026:12:04:03 +0800] "GET /zdd.php HTTP/1.1" 404 27 "-" "-"
52.139.38.158 - - [14/May/2026:12:04:03 +0800] "GET /link.php HTTP/1.1" 404 27 "-" "-"
52.139.38.158 - - [14/May/2026:12:04:03 +0800] "GET /sallu.php HTTP/1.1" 404 27 "-" "-"
52.139.38.158 - - [14/May/2026:12:04:04 +0800] "GET /aboute.php HTTP/1.1" 404 27 "-" "-"
52.139.38.158 - - [14/May/2026:12:04:04 +0800] "GET /ayk.php HTTP/1.1" 404 27 "-" "-"
52.139.38.158 - - [14/May/2026:12:04:04 +0800] "GET /one.php HTTP/1.1" 404 27 "-" "-"
52.139.38.158 - - [14/May/2026:12:04:05 +0800] "GET /press.php HTTP/1.1" 404 27 "-" "-"
52.139.38.158 - - [14/May/2026:12:04:05 +0800] "GET /ng.php HTTP/1.1" 404 27 "-" "-"
52.139.38.158 - - [14/May/2026:12:04:05 +0800] "GET /tx79.php HTTP/1.1" 404 27 "-" "-"
52.139.38.158 - - [14/May/2026:12:04:06 +0800] "GET /wp-block.php HTTP/1.1" 404 27 "-" "-"
52.139.38.158 - - [14/May/2026:12:04:06 +0800] "GET /8.php HTTP/1.1" 404 27 "-" "-"
52.139.38.158 - - [14/May/2026:12:04:06 +0800] "GET /options.php HTTP/1.1" 404 27 "-" "-"
52.139.38.158 - - [14/May/2026:12:04:06 +0800] "GET /admlo.php HTTP/1.1" 404 27 "-" "-"
52.139.38.158 - - [14/May/2026:12:04:07 +0800] "GET /x=34.php HTTP/1.1" 404 27 "-" "-"
52.139.38.158 - - [14/May/2026:12:04:07 +0800] "GET /tramuibs.php HTTP/1.1" 404 27 "-" "-"
52.139.38.158 - - [14/May/2026:12:04:07 +0800] "GET /view.php HTTP/1.1" 404 27 "-" "-"
52.139.38.158 - - [14/May/2026:12:04:08 +0800] "GET /aa.php HTTP/1.1" 404 27 "-" "-"
52.139.38.158 - - [14/May/2026:12:04:08 +0800] "GET /x402.php HTTP/1.1" 404 27 "-" "-"
52.139.38.158 - - [14/May/2026:12:04:08 +0800] "GET /lib.php HTTP/1.1" 404 27 "-" "-"
52.139.38.158 - - [14/May/2026:12:04:08 +0800] "GET /ws78.php HTTP/1.1" 404 27 "-" "-"
52.139.38.158 - - [14/May/2026:12:04:09 +0800] "GET /f5.php HTTP/1.1" 404 27 "-" "-"
52.139.38.158 - - [14/May/2026:12:04:10 +0800] "GET /alpha.php HTTP/1.1" 404 27 "-" "-"
52.139.38.158 - - [14/May/2026:12:04:11 +0800] "GET /son1.php HTTP/1.1" 404 27 "-" "-"
52.139.38.158 - - [14/May/2026:12:04:11 +0800] "GET /ggb.php HTTP/1.1" 404 27 "-" "-"
52.139.38.158 - - [14/May/2026:12:04:11 +0800] "GET /amxloxxr.php HTTP/1.1" 404 27 "-" "-"
52.139.38.158 - - [14/May/2026:12:04:12 +0800] "GET /ss.php HTTP/1.1" 404 27 "-" "-"
52.139.38.158 - - [14/May/2026:12:04:12 +0800] "GET /sadcut1.php HTTP/1.1" 404 27 "-" "-"
52.139.38.158 - - [14/May/2026:12:04:12 +0800] "GET /rh.php HTTP/1.1" 404 27 "-" "-"
52.139.38.158 - - [14/May/2026:12:04:12 +0800] "GET /99.php HTTP/1.1" 404 27 "-" "-"
52.139.38.158 - - [14/May/2026:12:04:13 +0800] "GET /layout.php HTTP/1.1" 404 27 "-" "-"
52.139.38.158 - - [14/May/2026:12:04:13 +0800] "GET /12.php HTTP/1.1" 404 27 "-" "-"
52.139.38.158 - - [14/May/2026:12:04:13 +0800] "GET /fs.php HTTP/1.1" 404 27 "-" "-"
52.139.38.158 - - [14/May/2026:12:04:14 +0800] "GET /insta.php HTTP/1.1" 404 27 "-" "-"
52.139.38.158 - - [14/May/2026:12:04:14 +0800] "GET /simple.php HTTP/1.1" 404 27 "-" "-"
52.139.38.158 - - [14/May/2026:12:04:14 +0800] "GET /ws81.php HTTP/1.1" 404 27 "-" "-"
52.139.38.158 - - [14/May/2026:12:04:15 +0800] "GET //av.php HTTP/1.1" 404 27 "-" "-"
52.139.38.158 - - [14/May/2026:12:04:15 +0800] "GET //xfile25.php HTTP/1.1" 404 27 "-" "-"
52.139.38.158 - - [14/May/2026:12:04:15 +0800] "GET /wpxml.php HTTP/1.1" 404 27 "-" "-"
52.139.38.158 - - [14/May/2026:12:04:16 +0800] "GET /xstelth.php HTTP/1.1" 404 27 "-" "-"
52.139.38.158 - - [14/May/2026:12:04:16 +0800] "GET /min.php HTTP/1.1" 404 27 "-" "-"
52.139.38.158 - - [14/May/2026:12:04:16 +0800] "GET /geforce.php HTTP/1.1" 404 27 "-" "-"
52.139.38.158 - - [14/May/2026:12:04:16 +0800] "GET /moshou.php HTTP/1.1" 404 27 "-" "-"
36.133.115.36 - - [14/May/2026:12:20:26 +0800] "POST /wp-cron.php?doing_wp_cron=1778732426.9458661079406738281250 HTTP/1.1" 200 31 "-" "WordPress/6.9; http://cqqizhou.com"
185.191.171.12 - - [14/May/2026:12:20:26 +0800] "GET /robots.txt HTTP/1.1" 200 190 "-" "Mozilla/5.0 (compatible; SemrushBot/7~bl; +http://www.semrush.com/bot.html)"
36.133.115.36 - - [14/May/2026:12:22:53 +0800] "POST /wp-cron.php?doing_wp_cron=1778732573.3002800941467285156250 HTTP/1.1" 200 31 "-" "WordPress/6.9; http://cqqizhou.com"
119.84.246.117 - - [14/May/2026:12:22:53 +0800] "GET / HTTP/1.1" 301 5 "-" "Mozilla/5.0 (Windows NT 6.1; WOW64; rv:13.0) Gecko/20100101 Firefox/13.0.1"
119.84.246.117 - - [14/May/2026:12:22:53 +0800] "GET / HTTP/1.1" 200 172543 "-" "Mozilla/5.0 (Windows NT 6.1; WOW64; rv:13.0) Gecko/20100101 Firefox/13.0.1"
119.84.246.117 - - [14/May/2026:12:22:54 +0800] "GET / HTTP/1.1" 301 5 "-" "Mozilla/5.0 (Windows NT 6.1; WOW64; rv:14.0) Gecko/20100101 Firefox/14.0.1"
119.84.246.117 - - [14/May/2026:12:22:54 +0800] "GET / HTTP/1.1" 200 172543 "-" "Mozilla/5.0 (Windows NT 6.1; WOW64; rv:14.0) Gecko/20100101 Firefox/14.0.1"
119.84.246.117 - - [14/May/2026:12:22:55 +0800] "GET / HTTP/1.1" 301 5 "-" "Mozilla/5.0 (Windows NT 6.1) AppleWebKit/535.12 (KHTML, like Gecko) Maxthon/3.4.2.3000 Chrome/18.0.966.0 Safari/535.12"
119.84.246.117 - - [14/May/2026:12:22:55 +0800] "GET / HTTP/1.1" 200 172543 "-" "Mozilla/5.0 (Windows NT 6.1) AppleWebKit/535.12 (KHTML, like Gecko) Maxthon/3.4.2.3000 Chrome/18.0.966.0 Safari/535.12"
36.133.115.36 - - [14/May/2026:12:30:39 +0800] "POST /wp-cron.php?doing_wp_cron=1778733039.8172039985656738281250 HTTP/1.1" 200 31 "-" "WordPress/6.9; http://cqqizhou.com"
43.153.151.165 - - [14/May/2026:12:30:39 +0800] "GET / HTTP/1.1" 301 5 "-" "Go-http-client/1.1"
36.133.115.36 - - [14/May/2026:12:33:46 +0800] "POST /wp-cron.php?doing_wp_cron=1778733226.2707650661468505859375 HTTP/1.1" 200 31 "-" "WordPress/6.9; http://cqqizhou.com"
43.159.61.24 - - [14/May/2026:12:33:46 +0800] "GET / HTTP/1.1" 200 35138 "-" "Mozilla/5.0 (iPhone; CPU iPhone OS 13_2_3 like Mac OS X) AppleWebKit/605.1.15 (KHTML, like Gecko) Version/13.0.3 Mobile/15E148 Safari/604.1"
36.133.115.36 - - [14/May/2026:12:36:39 +0800] "POST /wp-cron.php?doing_wp_cron=1778733399.2268090248107910156250 HTTP/1.1" 200 31 "-" "WordPress/6.9; http://cqqizhou.com"
74.176.227.122 - - [14/May/2026:12:36:39 +0800] "GET /media/4 HTTP/1.1" 200 26635 "-" "Mozilla/5.0 (Windows NT 10.0; Win64; x64) AppleWebKit/537.36 (KHTML, like Gecko) Chrome/131.0.0.0 Safari/537.36 Edg/131.0.0.0"
36.133.115.36 - - [14/May/2026:12:50:24 +0800] "POST /wp-cron.php?doing_wp_cron=1778734224.9375860691070556640625 HTTP/1.1" 200 31 "-" "WordPress/6.9; http://cqqizhou.com"
49.51.203.164 - - [14/May/2026:12:50:24 +0800] "GET / HTTP/1.1" 200 35138 "-" "Mozilla/5.0 (iPhone; CPU iPhone OS 13_2_3 like Mac OS X) AppleWebKit/605.1.15 (KHTML, like Gecko) Version/13.0.3 Mobile/15E148 Safari/604.1"
36.133.115.36 - - [14/May/2026:12:59:03 +0800] "POST /wp-cron.php?doing_wp_cron=1778734743.4181339740753173828125 HTTP/1.1" 200 31 "-" "WordPress/6.9; http://cqqizhou.com"
110.249.202.21 - - [14/May/2026:12:59:03 +0800] "GET /news/2420 HTTP/1.1" 200 19856 "-" "Mozilla/5.0 (Linux; Android 5.0) AppleWebKit/537.36 (KHTML, like Gecko) Mobile Safari/537.36 (compatible; Bytespider; https://zhanzhang.toutiao.com/)"
110.249.202.21 - - [14/May/2026:12:59:03 +0800] "GET /wp-content/uploads/2026/01/1767691466-Article_images_W900%C3%97500px202601061-768x427.webp HTTP/1.1" 206 500 "http://cqqizhou.com/news/2420" "Mozilla/5.0 (Linux; Android 5.0) AppleWebKit/537.36 (KHTML, like Gecko) Mobile Safari/537.36 (compatible; Bytespider; https://zhanzhang.toutiao.com/)"
110.249.202.134 - - [14/May/2026:12:59:03 +0800] "GET /wp-content/uploads/2026/01/1767691467-Article_images_W900%C3%97500px202601062-768x427.webp HTTP/1.1" 206 500 "http://cqqizhou.com/news/2420" "Mozilla/5.0 (Linux; Android 5.0) AppleWebKit/537.36 (KHTML, like Gecko) Mobile Safari/537.36 (compatible; Bytespider; https://zhanzhang.toutiao.com/)"
110.249.202.154 - - [14/May/2026:12:59:03 +0800] "GET /wp-content/uploads/2025/07/1751425283-qizhou.kf_.qq_.com_.webp HTTP/1.1" 206 500 "http://cqqizhou.com/news/2420" "Mozilla/5.0 (Linux; Android 5.0) AppleWebKit/537.36 (KHTML, like Gecko) Mobile Safari/537.36 (compatible; Bytespider; https://zhanzhang.toutiao.com/)"
110.249.202.98 - - [14/May/2026:12:59:03 +0800] "GET /wp-content/uploads/2026/04/1775195054-1Article_images_W900px-768x432.webp HTTP/1.1" 206 500 "http://cqqizhou.com/news/2420" "Mozilla/5.0 (Linux; Android 5.0) AppleWebKit/537.36 (KHTML, like Gecko) Mobile Safari/537.36 (compatible; Bytespider; https://zhanzhang.toutiao.com/)"
110.249.202.152 - - [14/May/2026:12:59:03 +0800] "GET /wp-content/uploads/2026/04/1775698332-Article_images_W900px-768x432.webp HTTP/1.1" 206 500 "http://cqqizhou.com/news/2420" "Mozilla/5.0 (Linux; Android 5.0) AppleWebKit/537.36 (KHTML, like Gecko) Mobile Safari/537.36 (compatible; Bytespider; https://zhanzhang.toutiao.com/)"
110.249.202.134 - - [14/May/2026:12:59:04 +0800] "GET /wp-content/uploads/2025/07/1753410289-News2000%C3%97400_202571.webp HTTP/1.1" 206 500 "http://cqqizhou.com/news/2420" "Mozilla/5.0 (Linux; Android 5.0) AppleWebKit/537.36 (KHTML, like Gecko) Mobile Safari/537.36 (compatible; Bytespider; https://zhanzhang.toutiao.com/)"
103.157.48.83 - - [14/May/2026:13:02:44 +0800] "GET /news/portfolio/remaining-rolls HTTP/1.1" 200 22786 "-" "Mozilla/5.0 (Windows NT 10.0; Win64; x64; rv:147.0) Gecko/20100101 Firefox/147.0"
88.151.32.80 - - [14/May/2026:13:09:46 +0800] "GET / HTTP/1.1" 200 41024 "-" "Mozilla/5.0 (Macintosh; Intel Mac OS X 14.7; rv:133.0) Gecko/20100101 Firefox/133.0"
36.133.115.36 - - [14/May/2026:13:20:13 +0800] "POST /wp-cron.php?doing_wp_cron=1778736013.5817260742187500000000 HTTP/1.1" 200 31 "-" "WordPress/6.9; http://cqqizhou.com"
93.152.221.38 - - [14/May/2026:13:20:13 +0800] "GET / HTTP/1.1" 301 5 "-" "Go-http-client/1.1"
36.133.115.36 - - [14/May/2026:13:27:34 +0800] "POST /wp-cron.php?doing_wp_cron=1778736454.9184610843658447265625 HTTP/1.1" 200 31 "-" "WordPress/6.9; http://cqqizhou.com"
5.61.209.102 - - [14/May/2026:13:27:34 +0800] "GET /SDK/webLanguage HTTP/1.1" 301 5 "-" "Mozilla/5.0 (Windows NT 10.0; Win64; x64) AppleWebKit/537.36 (KHTML, like Gecko) Chrome/90.0.4430.85 Safari/537.36 Edg/90.0.818.46"
36.133.115.36 - - [14/May/2026:13:42:38 +0800] "POST /wp-cron.php?doing_wp_cron=1778737358.9254729747772216796875 HTTP/1.1" 200 31 "-" "WordPress/6.9; http://cqqizhou.com"
123.206.101.181 - - [14/May/2026:13:42:38 +0800] "GET / HTTP/1.1" 301 5 "-" "Mozilla/5.0 (Windows NT 10.0; Win64; x64) AppleWebKit/537.36 (KHTML, like Gecko) Chrome/91.0.4472.124 Safari/537.36"
123.206.101.181 - - [14/May/2026:13:42:39 +0800] "GET / HTTP/1.1" 200 41024 "-" "Mozilla/5.0 (Windows NT 10.0; Win64; x64) AppleWebKit/537.36 (KHTML, like Gecko) Chrome/91.0.4472.124 Safari/537.36"
123.206.101.181 - - [14/May/2026:13:42:50 +0800] "GET / HTTP/1.1" 304 0 "-" "Mozilla/5.0 (Windows NT 10.0; Win64; x64) AppleWebKit/537.36 (KHTML, like Gecko) Chrome/91.0.4472.124 Safari/537.36"
123.206.101.181 - - [14/May/2026:13:43:29 +0800] "GET /about HTTP/1.1" 200 25001 "-" "Mozilla/5.0 (Windows NT 10.0; Win64; x64) AppleWebKit/537.36 (KHTML, like Gecko) Chrome/91.0.4472.124 Safari/537.36"
36.133.115.36 - - [14/May/2026:13:43:56 +0800] "POST /wp-cron.php?doing_wp_cron=1778737436.3448920249938964843750 HTTP/1.1" 200 31 "-" "WordPress/6.9; http://cqqizhou.com"
123.206.101.181 - - [14/May/2026:13:43:56 +0800] "GET /contacts/ HTTP/1.1" 301 5 "-" "Mozilla/5.0 (Windows NT 10.0; Win64; x64) AppleWebKit/537.36 (KHTML, like Gecko) Chrome/91.0.4472.124 Safari/537.36"
123.206.101.181 - - [14/May/2026:13:43:56 +0800] "GET /contacts HTTP/1.1" 200 22232 "-" "Mozilla/5.0 (Windows NT 10.0; Win64; x64) AppleWebKit/537.36 (KHTML, like Gecko) Chrome/91.0.4472.124 Safari/537.36"
123.206.101.181 - - [14/May/2026:13:43:57 +0800] "GET /wp-json/contact-form-7/v1/contact-forms/158/refill HTTP/1.1" 200 33 "http://cqqizhou.com/contacts" "Mozilla/5.0 (Windows NT 10.0; Win64; x64) AppleWebKit/537.36 (KHTML, like Gecko) Chrome/91.0.4472.124 Safari/537.36"
123.206.101.181 - - [14/May/2026:13:43:57 +0800] "GET /wp-json/contact-form-7/v1/contact-forms/158/feedback/schema HTTP/1.1" 200 358 "http://cqqizhou.com/contacts" "Mozilla/5.0 (Windows NT 10.0; Win64; x64) AppleWebKit/537.36 (KHTML, like Gecko) Chrome/91.0.4472.124 Safari/537.36"
172.56.66.109 - - [14/May/2026:13:47:54 +0800] "GET /news/2486 HTTP/1.1" 200 24506 "-" "Mozilla/5.0 (Windows NT 10.0; Win64; x64) AppleWebKit/537.36 (KHTML, like Gecko) Chrome/131.0.0.0 Safari/537.36"
36.133.115.36 - - [14/May/2026:13:48:00 +0800] "POST /wp-cron.php?doing_wp_cron=1778737680.9007029533386230468750 HTTP/1.1" 200 31 "-" "WordPress/6.9; http://cqqizhou.com"
14.226.120.118 - - [14/May/2026:13:48:00 +0800] "GET /news/2486 HTTP/1.1" 200 20506 "-" "Mozilla/5.0 (iPhone; CPU iPhone OS 18_0 like Mac OS X) AppleWebKit/605.1.15 (KHTML, like Gecko) Version/18.0 Mobile/15E148 Safari/604.1"
36.133.115.36 - - [14/May/2026:13:52:58 +0800] "POST /wp-cron.php?doing_wp_cron=1778737978.4923129081726074218750 HTTP/1.1" 200 31 "-" "WordPress/6.9; http://cqqizhou.com"
104.199.0.91 - - [14/May/2026:13:52:58 +0800] "GET / HTTP/1.1" 200 35139 "-" "Mozilla/5.0 (Windows NT 10.0; Win64; x64) AppleWebKit/537.36 (KHTML, like Gecko) Chrome/127.0.0.0 Safari/537.36"
34.52.161.76 - - [14/May/2026:13:53:10 +0800] "OPTIONS / HTTP/1.1" 405 150 "-" "Mozilla/5.0 (compatible)"
34.52.161.76 - - [14/May/2026:13:53:10 +0800] "KLDH / HTTP/1.1" 405 150 "-" "Mozilla/5.0 (compatible)"
36.133.115.36 - - [14/May/2026:13:53:10 +0800] "POST /wp-cron.php?doing_wp_cron=1778737990.9438560009002685546875 HTTP/1.1" 200 31 "-" "WordPress/6.9; http://cqqizhou.com"
34.52.161.76 - - [14/May/2026:13:53:10 +0800] "GET / HTTP/1.1" 301 5 "-" "Mozilla/5.0 (compatible)"
34.52.161.76 - - [14/May/2026:13:53:11 +0800] "GET / HTTP/1.1" 301 5 "-" "Mozilla/5.0 (compatible)"
34.52.161.76 - - [14/May/2026:13:53:13 +0800] "HEAD / HTTP/1.1" 301 0 "-" "Mozilla/5.0 (compatible)"
34.52.161.76 - - [14/May/2026:13:53:15 +0800] "POST / HTTP/1.1" 200 158617 "-" "Mozilla/5.0 (compatible)"
34.52.161.76 - - [14/May/2026:13:53:16 +0800] "OPTIONS / HTTP/1.1" 405 150 "-" "Mozilla/5.0 (compatible)"
216.180.246.65 - - [14/May/2026:13:53:28 +0800] "GET / HTTP/1.0" 301 0 "-" "Mozilla/5.0 (compatible; GenomeCrawlerd/1.0; +https://www.nokia.com/genomecrawler)"
216.180.246.65 - - [14/May/2026:13:54:04 +0800] "GET / HTTP/1.0" 301 0 "-" "Mozilla/5.0 (compatible; GenomeCrawlerd/1.0; +https://www.nokia.com/genomecrawler)"
36.133.115.36 - - [14/May/2026:13:54:51 +0800] "POST /wp-cron.php?doing_wp_cron=1778738091.7844650745391845703125 HTTP/1.1" 200 31 "-" "WordPress/6.9; http://cqqizhou.com"
216.180.246.65 - - [14/May/2026:13:54:51 +0800] "GET / HTTP/1.1" 301 5 "-" "Mozilla/5.0 (compatible; GenomeCrawlerd/1.0; +https://www.nokia.com/genomecrawler)"
216.180.246.65 - - [14/May/2026:13:54:53 +0800] "GET / HTTP/1.1" 200 35138 "http://36.133.115.36/" "Mozilla/5.0 (compatible; GenomeCrawlerd/1.0; +https://www.nokia.com/genomecrawler)"
180.153.236.36 - - [14/May/2026:14:03:38 +0800] "GET / HTTP/1.1" 200 41024 "http://cqqizhou.com/" "User-Agent:Mozilla/5.0 (Windows NT 10.0; Win64; x64) AppleWebKit/537.36 (KHTML, like Gecko) Chrome/140.0.0.0 Safari/537.36 Edg/140.0.0.0; 360Spider"
180.153.236.159 - - [14/May/2026:14:03:50 +0800] "GET / HTTP/1.1" 200 41024 "http://cqqizhou.com/" "User-Agent:Mozilla/5.0 (Windows NT 10.0; Win64; x64) AppleWebKit/537.36 (KHTML, like Gecko) Chrome/140.0.0.0 Safari/537.36 Edg/140.0.0.0; 360Spider"
36.133.115.36 - - [14/May/2026:14:11:59 +0800] "POST /wp-cron.php?doing_wp_cron=1778739119.8942799568176269531250 HTTP/1.1" 200 31 "-" "WordPress/6.9; http://cqqizhou.com"
43.134.121.208 - - [14/May/2026:14:11:59 +0800] "GET / HTTP/1.1" 301 5 "-" "Mozilla/5.0 (iPhone; CPU iPhone OS 13_2_3 like Mac OS X) AppleWebKit/605.1.15 (KHTML, like Gecko) Version/13.0.3 Mobile/15E148 Safari/604.1"
43.134.121.208 - - [14/May/2026:14:12:01 +0800] "GET / HTTP/1.1" 200 35138 "http://36.133.115.36" "Mozilla/5.0 (iPhone; CPU iPhone OS 13_2_3 like Mac OS X) AppleWebKit/605.1.15 (KHTML, like Gecko) Version/13.0.3 Mobile/15E148 Safari/604.1"
84.54.72.4 - - [14/May/2026:14:18:58 +0800] "GET http://cqqizhou.com/news/2464 HTTP/1.1" 200 23996 "-" "Mozilla/5.0 (Windows NT 10.0; Win64; x64) AppleWebKit/537.36 (KHTML, like Gecko) Chrome/131.0.0.0 Safari/537.36"
113.188.123.130 - - [14/May/2026:14:19:22 +0800] "GET /news/2464 HTTP/1.1" 499 0 "-" "Mozilla/5.0 (iPhone; CPU iPhone OS 18_0 like Mac OS X) AppleWebKit/605.1.15 (KHTML, like Gecko) Version/18.0 Mobile/15E148 Safari/604.1"
36.133.115.36 - - [14/May/2026:14:24:04 +0800] "POST /wp-cron.php?doing_wp_cron=1778739844.6533389091491699218750 HTTP/1.1" 200 31 "-" "WordPress/6.9; http://cqqizhou.com"
99.39.56.235 - - [14/May/2026:14:24:04 +0800] "GET /media/2 HTTP/1.1" 200 26586 "-" "Mozilla/5.0 (Macintosh; Intel Mac OS X 10_15_7) AppleWebKit/605.1.15 (KHTML, like Gecko) Version/26.3 Safari/605.1.15"
36.133.115.36 - - [14/May/2026:14:29:33 +0800] "POST /wp-cron.php?doing_wp_cron=1778740173.3212029933929443359375 HTTP/1.1" 200 31 "-" "WordPress/6.9; http://cqqizhou.com"
123.5.98.21 - - [14/May/2026:14:29:33 +0800] "GET /portfolio-tag/ansteel-thyssen/ HTTP/1.1" 404 9406 "-" "Mozilla/5.0 (Macintosh; Intel Mac OS X 10_15_7) AppleWebKit/537.36 (KHTML, like Gecko) Chrome/140.0.0.0 Safari/537.36"
36.133.115.36 - - [14/May/2026:14:42:43 +0800] "POST /wp-cron.php?doing_wp_cron=1778740963.9468500614166259765625 HTTP/1.1" 200 31 "-" "WordPress/6.9; http://cqqizhou.com"
117.152.97.127 - - [14/May/2026:14:42:43 +0800] "GET /contacts/ HTTP/1.1" 301 5 "-" "Mozilla/5.0 (Windows NT 10.0; Win64; x64) AppleWebKit/537.36 (KHTML, like Gecko) Chrome/136.0.0.0 Safari/537.36"
117.152.97.127 - - [14/May/2026:14:42:44 +0800] "GET http://cqqizhou.com/contacts HTTP/1.1" 200 22232 "-" "Mozilla/5.0 (Windows NT 10.0; Win64; x64) AppleWebKit/537.36 (KHTML, like Gecko) Chrome/136.0.0.0 Safari/537.36"
36.133.115.36 - - [14/May/2026:14:50:10 +0800] "POST /wp-cron.php?doing_wp_cron=1778741410.1932590007781982421875 HTTP/1.1" 200 31 "-" "WordPress/6.9; http://cqqizhou.com"
93.123.72.166 - - [14/May/2026:14:50:10 +0800] "GET /SDK/webLanguage HTTP/1.1" 301 5 "-" "Mozilla/5.0 (Windows NT 10.0; Win64; x64) AppleWebKit/537.36 (KHTML, like Gecko) Chrome/90.0.4430.85 Safari/537.36 Edg/90.0.818.46"
36.133.115.36 - - [14/May/2026:15:17:31 +0800] "POST /wp-cron.php?doing_wp_cron=1778743051.1283059120178222656250 HTTP/1.1" 200 31 "-" "WordPress/6.9; http://cqqizhou.com"
47.95.198.175 - - [14/May/2026:15:17:31 +0800] "GET / HTTP/1.0" 301 0 "-" "-"
47.95.198.175 - - [14/May/2026:15:17:41 +0800] "GET / HTTP/1.0" 301 0 "-" "-"
47.95.198.175 - - [14/May/2026:15:17:42 +0800] "GET /nmaplowercheck1778743053 HTTP/1.1" 404 32979 "-" "Mozilla/5.0 (compatible; Nmap Scripting Engine; https://nmap.org/book/nse.html)"
47.95.198.175 - - [14/May/2026:15:17:42 +0800] "POST /sdk HTTP/1.1" 404 32979 "-" "Mozilla/5.0 (compatible; Nmap Scripting Engine; https://nmap.org/book/nse.html)"
47.95.198.175 - - [14/May/2026:15:17:43 +0800] "GET /evox/about HTTP/1.1" 404 32979 "-" "Mozilla/5.0 (compatible; Nmap Scripting Engine; https://nmap.org/book/nse.html)"
47.95.198.175 - - [14/May/2026:15:17:43 +0800] "GET /HNAP1 HTTP/1.1" 404 32979 "-" "Mozilla/5.0 (compatible; Nmap Scripting Engine; https://nmap.org/book/nse.html)"
47.95.198.175 - - [14/May/2026:15:18:02 +0800] "GET / HTTP/1.0" 301 0 "-" "-"
47.95.198.175 - - [14/May/2026:15:18:02 +0800] "GET / HTTP/1.1" 301 5 "-" "-"
36.133.115.36 - - [14/May/2026:15:23:11 +0800] "POST /wp-cron.php?doing_wp_cron=1778743391.4127850532531738281250 HTTP/1.1" 200 31 "-" "WordPress/6.9; http://cqqizhou.com"
69.5.169.182 - - [14/May/2026:15:23:11 +0800] "GET / HTTP/1.1" 301 5 "-" "Mozilla/5.0 (compatible; Infrawatch/1.0; +https://infrawat.ch/)"
69.5.169.193 - - [14/May/2026:15:23:12 +0800] "GET / HTTP/1.1" 200 41024 "-" "Mozilla/5.0 (compatible; Infrawatch/1.0; +https://infrawat.ch/)"
36.133.115.36 - - [14/May/2026:15:31:02 +0800] "POST /wp-cron.php?doing_wp_cron=1778743862.8477311134338378906250 HTTP/1.1" 200 31 "-" "WordPress/6.9; http://cqqizhou.com"
39.100.77.193 - - [14/May/2026:15:31:02 +0800] "GET / HTTP/1.1" 301 5 "-" "Mozilla/5.0 (Windows NT 10.0; Win64; x64) AppleWebKit/537.36 (KHTML, like Gecko) Chrome/59.0.3071.115 Safari/537.36"
36.133.115.36 - - [14/May/2026:15:38:49 +0800] "POST /wp-cron.php?doing_wp_cron=1778744328.9726810455322265625000 HTTP/1.1" 200 31 "-" "WordPress/6.9; http://cqqizhou.com"
162.243.166.180 - - [14/May/2026:15:38:49 +0800] "GET / HTTP/1.1" 301 5 "-" "Mozilla/5.0 (X11; Linux x86_64) AppleWebKit/537.36 (KHTML, like Gecko) Chrome/142.0.0.0 Safari/537.36"
36.133.115.36 - - [14/May/2026:15:46:17 +0800] "POST /wp-cron.php?doing_wp_cron=1778744777.0815649032592773437500 HTTP/1.1" 200 31 "-" "WordPress/6.9; http://cqqizhou.com"
45.148.10.67 - - [14/May/2026:15:46:17 +0800] "GET / HTTP/1.1" 200 35138 "-" "Mozilla/5.0 (Windows NT 10.0; Win64; x64) AppleWebKit/537.36 (KHTML, like Gecko) Chrome/131.0.0.0 Safari/537.36"
36.133.115.36 - - [14/May/2026:16:24:48 +0800] "POST /wp-cron.php?doing_wp_cron=1778747088.2573359012603759765625 HTTP/1.1" 200 31 "-" "WordPress/6.9; http://cqqizhou.com"
59.82.84.54 - - [14/May/2026:16:24:48 +0800] "GET / HTTP/1.1" 301 5 "-" "Mozilla/5.0 (Windows NT 10.0; Win64; x64) AppleWebKit/537.36 (KHTML, like Gecko) Chrome/91.0.1591.92 Safari/537.36"
59.82.84.9 - - [14/May/2026:16:24:48 +0800] "GET / HTTP/1.1" 200 41024 "-" "Mozilla/5.0 (Windows NT 10.0; Win64; x64) AppleWebKit/537.36 (KHTML, like Gecko) Chrome/91.0.1591.92 Safari/537.36"
59.82.84.9 - - [14/May/2026:16:24:48 +0800] "GET / HTTP/1.1" 200 41024 "-" "Mozilla/5.0 (Windows NT 10.0; Win64; x64) AppleWebKit/537.36 (KHTML, like Gecko) Chrome/113.0.5554.26 Safari/537.36"
36.133.115.36 - - [14/May/2026:16:28:16 +0800] "POST /wp-cron.php?doing_wp_cron=1778747296.7984879016876220703125 HTTP/1.1" 200 31 "-" "WordPress/6.9; http://cqqizhou.com"
43.156.228.27 - - [14/May/2026:16:28:16 +0800] "GET / HTTP/1.1" 200 35138 "-" "Mozilla/5.0 (iPhone; CPU iPhone OS 13_2_3 like Mac OS X) AppleWebKit/605.1.15 (KHTML, like Gecko) Version/13.0.3 Mobile/15E148 Safari/604.1"
36.133.115.36 - - [14/May/2026:16:30:32 +0800] "POST /wp-cron.php?doing_wp_cron=1778747432.9030990600585937500000 HTTP/1.1" 200 31 "-" "WordPress/6.9; http://cqqizhou.com"
13.86.117.6 - - [14/May/2026:16:30:32 +0800] "GET /portal/redlion HTTP/1.1" 404 9406 "-" "Mozilla/5.0 zgrab/0.x"
36.133.115.36 - - [14/May/2026:16:42:53 +0800] "POST /wp-cron.php?doing_wp_cron=1778748173.1100189685821533203125 HTTP/1.1" 200 31 "-" "WordPress/6.9; http://cqqizhou.com"
204.76.203.206 - - [14/May/2026:16:42:53 +0800] "GET / HTTP/1.1" 200 158617 "-" "Mozilla/5.0"
36.133.115.36 - - [14/May/2026:17:08:09 +0800] "POST /wp-cron.php?doing_wp_cron=1778749689.3587529659271240234375 HTTP/1.1" 200 31 "-" "WordPress/6.9; http://cqqizhou.com"
117.174.138.123 - - [14/May/2026:17:08:09 +0800] "GET /2160/ HTTP/1.1" 301 5 "-" "Mozilla/5.0 (Macintosh; Intel Mac OS X 10_15_7) AppleWebKit/537.36 (KHTML, like Gecko) Chrome/119.0.0.0 Safari/537.36"
111.41.239.234 - - [14/May/2026:17:08:09 +0800] "GET /news/2160 HTTP/1.1" 200 29987 "-" "Mozilla/5.0 (Macintosh; Intel Mac OS X 10_15_7) AppleWebKit/537.36 (KHTML, like Gecko) Chrome/119.0.0.0 Safari/537.36"
36.133.115.36 - - [14/May/2026:17:15:26 +0800] "POST /wp-cron.php?doing_wp_cron=1778750126.6374859809875488281250 HTTP/1.1" 200 31 "-" "WordPress/6.9; http://cqqizhou.com"
119.84.246.117 - - [14/May/2026:17:15:26 +0800] "GET / HTTP/1.1" 301 5 "-" "-"
119.84.246.117 - - [14/May/2026:17:15:28 +0800] "GET / HTTP/1.1" 200 172543 "-" "-"
119.84.246.117 - - [14/May/2026:17:15:30 +0800] "GET / HTTP/1.1" 301 5 "-" "Mozilla/5.0 (Windows; U; Windows NT 5.2) AppleWebKit/525.13 (KHTML, like Gecko) Version/3.1 Safari/525.13"
119.84.246.117 - - [14/May/2026:17:15:30 +0800] "GET / HTTP/1.1" 200 41024 "-" "Mozilla/5.0 (Windows; U; Windows NT 5.2) AppleWebKit/525.13 (KHTML, like Gecko) Version/3.1 Safari/525.13"
119.84.246.117 - - [14/May/2026:17:15:30 +0800] "GET /wp-content/uploads/2025/07/1753456723-%E5%8F%8C%E7%9B%B8%E9%92%A2roduct_Single600.webp HTTP/1.1" 200 22790 "http://cqqizhou.com/" "Mozilla/5.0 (Windows; U; Windows NT 5.2) AppleWebKit/525.13 (KHTML, like Gecko) Version/3.1 Safari/525.13"
119.84.246.117 - - [14/May/2026:17:15:30 +0800] "GET /wp-content/uploads/2025/07/1751425283-qizhou.kf_.qq_.com_.webp HTTP/1.1" 200 16864 "http://cqqizhou.com/" "Mozilla/5.0 (Windows; U; Windows NT 5.2) AppleWebKit/525.13 (KHTML, like Gecko) Version/3.1 Safari/525.13"
119.84.246.117 - - [14/May/2026:17:15:30 +0800] "GET /wp-content/uploads/2025/07/1753453096-%E5%8F%8C%E7%9B%B8%E9%92%A2product_Single600%C3%97284.webp HTTP/1.1" 200 14562 "http://cqqizhou.com/" "Mozilla/5.0 (Windows; U; Windows NT 5.2) AppleWebKit/525.13 (KHTML, like Gecko) Version/3.1 Safari/525.13"
119.84.246.117 - - [14/May/2026:17:15:30 +0800] "GET /wp-content/uploads/2025/07/1753456770-%E7%83%AD%E9%95%80%E9%94%8C%E5%8D%B7product_Single600.webp HTTP/1.1" 200 27502 "http://cqqizhou.com/" "Mozilla/5.0 (Windows; U; Windows NT 5.2) AppleWebKit/525.13 (KHTML, like Gecko) Version/3.1 Safari/525.13"
119.84.246.117 - - [14/May/2026:17:15:30 +0800] "GET /wp-content/uploads/2026/04/1777513410-1Article_images_W900px.webp HTTP/1.1" 200 30786 "http://cqqizhou.com/" "Mozilla/5.0 (Windows; U; Windows NT 5.2) AppleWebKit/525.13 (KHTML, like Gecko) Version/3.1 Safari/525.13"
119.84.246.117 - - [14/May/2026:17:15:30 +0800] "GET /wp-content/uploads/2025/07/1753453127-%E4%BD%99%E5%8D%B7product_Single600%C3%97284.webp HTTP/1.1" 200 18744 "http://cqqizhou.com/" "Mozilla/5.0 (Windows; U; Windows NT 5.2) AppleWebKit/525.13 (KHTML, like Gecko) Version/3.1 Safari/525.13"
119.84.246.117 - - [14/May/2026:17:15:30 +0800] "GET /wp-content/uploads/2026/04/1775865780-1Article_images_W900px.webp HTTP/1.1" 200 41840 "http://cqqizhou.com/" "Mozilla/5.0 (Windows; U; Windows NT 5.2) AppleWebKit/525.13 (KHTML, like Gecko) Version/3.1 Safari/525.13"
119.84.246.117 - - [14/May/2026:17:15:30 +0800] "GET /wp-content/uploads/2026/04/1775698332-Article_images_W900px.webp HTTP/1.1" 200 49852 "http://cqqizhou.com/" "Mozilla/5.0 (Windows; U; Windows NT 5.2) AppleWebKit/525.13 (KHTML, like Gecko) Version/3.1 Safari/525.13"
119.84.246.117 - - [14/May/2026:17:15:30 +0800] "GET /wp-content/uploads/2026/02/1769999241-4.2%E7%B1%B3%E9%AB%98%E6%A0%8F%E8%B4%A7%E8%BD%A6.webp HTTP/1.1" 200 54794 "http://cqqizhou.com/" "Mozilla/5.0 (Windows; U; Windows NT 5.2) AppleWebKit/525.13 (KHTML, like Gecko) Version/3.1 Safari/525.13"
119.84.246.117 - - [14/May/2026:17:15:30 +0800] "GET /wp-content/uploads/2026/04/1775195054-1Article_images_W900px.webp HTTP/1.1" 200 25562 "http://cqqizhou.com/" "Mozilla/5.0 (Windows; U; Windows NT 5.2) AppleWebKit/525.13 (KHTML, like Gecko) Version/3.1 Safari/525.13"
36.133.115.36 - - [14/May/2026:17:21:10 +0800] "POST /wp-cron.php?doing_wp_cron=1778750470.9209439754486083984375 HTTP/1.1" 200 31 "-" "WordPress/6.9; http://cqqizhou.com"
110.43.64.134 - - [14/May/2026:17:21:10 +0800] "GET /2418/ HTTP/1.1" 301 5 "-" "Mozilla/5.0 (Macintosh; Intel Mac OS X 10_15_7) AppleWebKit/537.36 (KHTML, like Gecko) Chrome/138.0.0.0 Safari/537.36"
110.43.64.134 - - [14/May/2026:17:21:11 +0800] "GET /news/2418 HTTP/1.1" 200 24048 "-" "Mozilla/5.0 (Macintosh; Intel Mac OS X 10_15_7) AppleWebKit/537.36 (KHTML, like Gecko) Chrome/138.0.0.0 Safari/537.36"
110.43.64.134 - - [14/May/2026:17:21:11 +0800] "GET /wp-content/uploads/2025/07/1753410289-News2000%C3%97400_202571.webp HTTP/1.1" 200 17830 "http://cqqizhou.com/news/2418" "Mozilla/5.0 (Macintosh; Intel Mac OS X 10_15_7) AppleWebKit/537.36 (KHTML, like Gecko) Chrome/138.0.0.0 Safari/537.36"
110.43.64.134 - - [14/May/2026:17:21:11 +0800] "GET /wp-content/uploads/2026/04/1775698332-Article_images_W900px.webp HTTP/1.1" 200 49852 "http://cqqizhou.com/news/2418" "Mozilla/5.0 (Macintosh; Intel Mac OS X 10_15_7) AppleWebKit/537.36 (KHTML, like Gecko) Chrome/138.0.0.0 Safari/537.36"
110.43.64.134 - - [14/May/2026:17:21:11 +0800] "GET /wp-content/uploads/2026/04/1775195054-1Article_images_W900px.webp HTTP/1.1" 200 25562 "http://cqqizhou.com/news/2418" "Mozilla/5.0 (Macintosh; Intel Mac OS X 10_15_7) AppleWebKit/537.36 (KHTML, like Gecko) Chrome/138.0.0.0 Safari/537.36"
110.43.64.134 - - [14/May/2026:17:21:11 +0800] "GET /wp-content/uploads/revslider/slider-1/1750861156-logistics_Slider_3840%C3%972160_20250625191356-scaled-1536x864.webp HTTP/1.1" 200 86546 "http://cqqizhou.com/news/2418" "Mozilla/5.0 (Macintosh; Intel Mac OS X 10_15_7) AppleWebKit/537.36 (KHTML, like Gecko) Chrome/138.0.0.0 Safari/537.36"
110.43.64.134 - - [14/May/2026:17:21:11 +0800] "GET /wp-content/uploads/2025/07/1751425283-qizhou.kf_.qq_.com_.webp HTTP/1.1" 200 16864 "http://cqqizhou.com/news/2418" "Mozilla/5.0 (Macintosh; Intel Mac OS X 10_15_7) AppleWebKit/537.36 (KHTML, like Gecko) Chrome/138.0.0.0 Safari/537.36"
36.133.115.36 - - [14/May/2026:17:31:51 +0800] "POST /wp-cron.php?doing_wp_cron=1778751111.6979990005493164062500 HTTP/1.1" 200 31 "-" "WordPress/6.9; http://cqqizhou.com"
170.106.110.146 - - [14/May/2026:17:31:51 +0800] "GET / HTTP/1.1" 200 35138 "-" "Mozilla/5.0 (iPhone; CPU iPhone OS 13_2_3 like Mac OS X) AppleWebKit/605.1.15 (KHTML, like Gecko) Version/13.0.3 Mobile/15E148 Safari/604.1"
36.133.115.36 - - [14/May/2026:17:34:58 +0800] "POST /wp-cron.php?doing_wp_cron=1778751298.0165429115295410156250 HTTP/1.1" 200 31 "-" "WordPress/6.9; http://cqqizhou.com"
120.221.100.207 - - [14/May/2026:17:34:58 +0800] "GET /contacts/ HTTP/1.1" 301 5 "-" "Mozilla/5.0 (Windows NT 10.0; Win64; x64) AppleWebKit/537.36 (KHTML, like Gecko) Chrome/136.0.0.0 Safari/537.36"
120.221.100.207 - - [14/May/2026:17:34:58 +0800] "GET http://cqqizhou.com/contacts HTTP/1.1" 200 22232 "-" "Mozilla/5.0 (Windows NT 10.0; Win64; x64) AppleWebKit/537.36 (KHTML, like Gecko) Chrome/136.0.0.0 Safari/537.36"
36.133.115.36 - - [14/May/2026:17:42:17 +0800] "POST /wp-cron.php?doing_wp_cron=1778751737.6586070060729980468750 HTTP/1.1" 200 31 "-" "WordPress/6.9; http://cqqizhou.com"
111.225.149.194 - - [14/May/2026:17:42:17 +0800] "GET /robots.txt HTTP/1.1" 200 190 "-" "Mozilla/5.0 (Linux; Android 5.0) AppleWebKit/537.36 (KHTML, like Gecko) Mobile Safari/537.36 (compatible; Bytespider; https://zhanzhang.toutiao.com/)"
36.133.115.36 - - [14/May/2026:17:47:57 +0800] "POST /wp-cron.php?doing_wp_cron=1778752077.0311799049377441406250 HTTP/1.1" 200 31 "-" "WordPress/6.9; http://cqqizhou.com"
5.61.209.102 - - [14/May/2026:17:47:57 +0800] "GET /SDK/webLanguage HTTP/1.1" 301 5 "-" "Mozilla/5.0 (Windows NT 10.0; Win64; x64) AppleWebKit/537.36 (KHTML, like Gecko) Chrome/90.0.4430.85 Safari/537.36 Edg/90.0.818.46"
36.133.115.36 - - [14/May/2026:18:01:04 +0800] "POST /wp-cron.php?doing_wp_cron=1778752864.3166120052337646484375 HTTP/1.1" 200 31 "-" "WordPress/6.9; http://cqqizhou.com"
43.159.152.4 - - [14/May/2026:18:01:04 +0800] "GET / HTTP/1.1" 301 5 "-" "Mozilla/5.0 (iPhone; CPU iPhone OS 13_2_3 like Mac OS X) AppleWebKit/605.1.15 (KHTML, like Gecko) Version/13.0.3 Mobile/15E148 Safari/604.1"
43.159.152.4 - - [14/May/2026:18:01:06 +0800] "GET / HTTP/1.1" 200 35138 "http://36.133.115.36" "Mozilla/5.0 (iPhone; CPU iPhone OS 13_2_3 like Mac OS X) AppleWebKit/605.1.15 (KHTML, like Gecko) Version/13.0.3 Mobile/15E148 Safari/604.1"
91.201.115.174 - - [14/May/2026:18:13:11 +0800] "GET / HTTP/1.1" 200 41024 "-" "Mozilla/5.0 (Windows NT 10.0; Win64; x64) AppleWebKit/537.36 (KHTML, like Gecko) Chrome/120.0.0.0 Safari/537.36"
220.181.108.80 - - [14/May/2026:18:22:44 +0800] "GET / HTTP/1.1" 200 41024 "-" "Mozilla/5.0 (compatible; Baiduspider/2.0; +http://www.baidu.com/search/spider.html)"
36.133.115.36 - - [14/May/2026:18:22:48 +0800] "POST /wp-cron.php?doing_wp_cron=1778754168.1844429969787597656250 HTTP/1.1" 200 31 "-" "WordPress/6.9; http://cqqizhou.com"
116.179.32.45 - - [14/May/2026:18:22:48 +0800] "GET / HTTP/1.1" 200 35138 "-" "Mozilla/5.0 (Linux;u;Android 4.2.2;zh-cn;) AppleWebKit/534.46 (KHTML,like Gecko) Version/5.1 Mobile Safari/10600.6.3 (compatible; Baiduspider/2.0; +http://www.baidu.com/search/spider.html)"
36.133.115.36 - - [14/May/2026:18:47:55 +0800] "POST /wp-cron.php?doing_wp_cron=1778755675.8358778953552246093750 HTTP/1.1" 200 31 "-" "WordPress/6.9; http://cqqizhou.com"
175.178.110.121 - - [14/May/2026:18:47:55 +0800] "GET / HTTP/1.1" 200 35138 "-" "Mozilla/5.0 (iPhone; CPU iPhone OS 13_2_3 like Mac OS X) AppleWebKit/605.1.15 (KHTML, like Gecko) Version/13.0.3 Mobile/15E148 Safari/604.1"
36.133.115.36 - - [14/May/2026:18:54:49 +0800] "POST /wp-cron.php?doing_wp_cron=1778756089.4518918991088867187500 HTTP/1.1" 200 31 "-" "WordPress/6.9; http://cqqizhou.com"
36.133.108.125 - - [14/May/2026:18:54:49 +0800] "HEAD /logistics HTTP/1.1" 200 0 "-" "Mozilla/5.0 (Macintosh; U; Intel Mac OS X 10_6_6; en-gb) AppleWebKit/533.20.25 (KHTML, like Gecko) Version/5.0.4 Safari/533.20.27"
43.142.186.188 - - [14/May/2026:19:04:44 +0800] "GET /wp-content/uploads/2025/07/1750945616-honor300%C3%97206_4.webp HTTP/1.1" 200 33814 "http://cqqizhou.com/" "Mozilla/5.0 (Windows NT 10.0; Win64; x64) AppleWebKit/537.36 (KHTML, like Gecko) Chrome/120.0.0.0 Safari/537.36"
36.133.115.36 - - [14/May/2026:19:06:32 +0800] "POST /wp-cron.php?doing_wp_cron=1778756792.4614500999450683593750 HTTP/1.1" 200 31 "-" "WordPress/6.9; http://cqqizhou.com"
180.153.236.2 - - [14/May/2026:19:06:32 +0800] "GET / HTTP/1.1" 301 5 "http://www.cqqizhou.com/" "Mozilla/5.0 (Windows NT 10.0; Win64; x64) AppleWebKit/537.36 (KHTML, like Gecko) Chrome/140.0.0.0 Safari/537.36 Edg/140.0.0.0; 360Spider"
