HEX
Server: nginx/1.16.1
System: Linux ecs-04358622 4.19.90-2107.6.0.0100.oe1.bclinux.x86_64 #1 SMP Wed Dec 1 19:59:44 CST 2021 x86_64
User: nginx (994)
PHP: 8.0.0
Disabled: NONE
Upload Files
File: //home/logs/cqqizhou_access_2026-04-09.log
107.189.30.132 - - [09/Apr/2026:00:07:18 +0800] "GET http://azenv.net:80/ HTTP/1.0" 499 0 "-" "-"
36.133.115.36 - - [09/Apr/2026:00:07:19 +0800] "POST /wp-cron.php?doing_wp_cron=1775664439.5162720680236816406250 HTTP/1.1" 200 31 "-" "WordPress/6.9; http://cqqizhou.com"
36.133.115.36 - - [09/Apr/2026:00:23:25 +0800] "POST /wp-cron.php?doing_wp_cron=1775665405.1857500076293945312500 HTTP/1.1" 200 31 "-" "WordPress/6.9; http://cqqizhou.com"
114.119.128.20 - - [09/Apr/2026:00:23:25 +0800] "GET /wp-sitemap.xml HTTP/1.1" 501 253 "-" "Mozilla/5.0 (Linux; Android 7.0;) AppleWebKit/537.36 (KHTML, like Gecko) Mobile Safari/537.36 (compatible; PetalBot;+https://webmaster.petalsearch.com/site/petalbot)"
36.133.115.36 - - [09/Apr/2026:00:32:00 +0800] "POST /wp-cron.php?doing_wp_cron=1775665920.7222359180450439453125 HTTP/1.1" 200 31 "-" "WordPress/6.9; http://cqqizhou.com"
74.7.227.159 - - [09/Apr/2026:00:32:00 +0800] "GET /wp-sitemap.xml HTTP/1.1" 501 253 "-" "Mozilla/5.0 AppleWebKit/537.36 (KHTML, like Gecko; compatible; GPTBot/1.3; +https://openai.com/gptbot)"
36.133.115.36 - - [09/Apr/2026:01:00:56 +0800] "POST /wp-cron.php?doing_wp_cron=1775667656.4200549125671386718750 HTTP/1.1" 200 31 "-" "WordPress/6.9; http://cqqizhou.com"
5.61.209.107 - - [09/Apr/2026:01:00:56 +0800] "GET /SDK/webLanguage HTTP/1.1" 301 5 "-" "Mozilla/5.0 (Windows NT 10.0; Win64; x64) AppleWebKit/537.36 (KHTML, like Gecko) Chrome/90.0.4430.85 Safari/537.36 Edg/90.0.818.46"
36.133.115.36 - - [09/Apr/2026:01:08:23 +0800] "POST /wp-cron.php?doing_wp_cron=1775668103.7999329566955566406250 HTTP/1.1" 200 31 "-" "WordPress/6.9; http://cqqizhou.com"
60.223.201.14 - - [09/Apr/2026:01:08:23 +0800] "GET /contacts/ HTTP/1.1" 301 5 "-" "Mozilla/5.0 (Windows NT 10.0; Win64; x64) AppleWebKit/537.36 (KHTML, like Gecko) Chrome/136.0.0.0 Safari/537.36"
60.223.201.14 - - [09/Apr/2026:01:08:24 +0800] "GET http://cqqizhou.com/contacts HTTP/1.1" 200 21638 "-" "Mozilla/5.0 (Windows NT 10.0; Win64; x64) AppleWebKit/537.36 (KHTML, like Gecko) Chrome/136.0.0.0 Safari/537.36"
36.133.115.36 - - [09/Apr/2026:01:09:22 +0800] "POST /wp-cron.php?doing_wp_cron=1775668162.4538519382476806640625 HTTP/1.1" 200 31 "-" "WordPress/6.9; http://cqqizhou.com"
116.8.37.127 - - [09/Apr/2026:01:09:22 +0800] "GET /contacts/ HTTP/1.1" 301 5 "http://cqqizhou.com/contacts/" "Mozilla/5.0 (Windows NT 10.0; Win64; x64) AppleWebKit/537.36 (KHTML, like Gecko) Chrome/136.0.0.0 Safari/537.36"
116.8.37.127 - - [09/Apr/2026:01:09:22 +0800] "GET http://cqqizhou.com/contacts HTTP/1.1" 200 21638 "http://cqqizhou.com/contacts/" "Mozilla/5.0 (Windows NT 10.0; Win64; x64) AppleWebKit/537.36 (KHTML, like Gecko) Chrome/136.0.0.0 Safari/537.36"
36.133.115.36 - - [09/Apr/2026:01:13:42 +0800] "POST /wp-cron.php?doing_wp_cron=1775668422.7863330841064453125000 HTTP/1.1" 200 31 "-" "WordPress/6.9; http://cqqizhou.com"
43.153.87.54 - - [09/Apr/2026:01:13:42 +0800] "GET / HTTP/1.1" 301 5 "-" "Mozilla/5.0 (iPhone; CPU iPhone OS 13_2_3 like Mac OS X) AppleWebKit/605.1.15 (KHTML, like Gecko) Version/13.0.3 Mobile/15E148 Safari/604.1"
43.153.87.54 - - [09/Apr/2026:01:13:45 +0800] "GET / HTTP/1.1" 200 34825 "http://www.cqqizhou.com" "Mozilla/5.0 (iPhone; CPU iPhone OS 13_2_3 like Mac OS X) AppleWebKit/605.1.15 (KHTML, like Gecko) Version/13.0.3 Mobile/15E148 Safari/604.1"
36.133.115.36 - - [09/Apr/2026:01:15:39 +0800] "POST /wp-cron.php?doing_wp_cron=1775668539.1782228946685791015625 HTTP/1.1" 200 31 "-" "WordPress/6.9; http://cqqizhou.com"
111.172.249.49 - - [09/Apr/2026:01:15:39 +0800] "GET / HTTP/1.1" 301 5 "-" "Mozilla/5.0 (iPhone; CPU iPhone OS 13_2_3 like Mac OS X) AppleWebKit/605.1.15 (KHTML, like Gecko) Version/13.0.3 Mobile/15E148 Safari/604.1"
111.172.249.49 - - [09/Apr/2026:01:15:40 +0800] "GET / HTTP/1.1" 200 34825 "http://www.cqqizhou.com" "Mozilla/5.0 (iPhone; CPU iPhone OS 13_2_3 like Mac OS X) AppleWebKit/605.1.15 (KHTML, like Gecko) Version/13.0.3 Mobile/15E148 Safari/604.1"
36.133.115.36 - - [09/Apr/2026:01:19:17 +0800] "POST /wp-cron.php?doing_wp_cron=1775668757.4510939121246337890625 HTTP/1.1" 200 31 "-" "WordPress/6.9; http://cqqizhou.com"
114.231.189.42 - - [09/Apr/2026:01:19:17 +0800] "GET /2164/ HTTP/1.1" 301 5 "-" "Mozilla/5.0 (Macintosh; Intel Mac OS X 10_15_7) AppleWebKit/537.36 (KHTML, like Gecko) Chrome/140.0.0.0 Safari/537.36"
218.74.53.216 - - [09/Apr/2026:01:19:18 +0800] "GET /news/2164 HTTP/1.1" 200 23717 "http://cqqizhou.com/2164/" "Mozilla/5.0 (Macintosh; Intel Mac OS X 10_15_7) AppleWebKit/537.36 (KHTML, like Gecko) Chrome/140.0.0.0 Safari/537.36"
15.235.96.195 - - [09/Apr/2026:01:24:23 +0800] "GET /news/2535 HTTP/1.1" 304 0 "-" "Mozilla/5.0 (compatible; AhrefsBot/7.0; +http://ahrefs.com/robot/)"
36.133.115.36 - - [09/Apr/2026:01:28:30 +0800] "POST /wp-cron.php?doing_wp_cron=1775669310.2941958904266357421875 HTTP/1.1" 200 31 "-" "WordPress/6.9; http://cqqizhou.com"
115.159.33.43 - - [09/Apr/2026:01:28:30 +0800] "GET / HTTP/1.1" 301 5 "-" "Mozilla/5.0 (Windows NT 10.0; Win64; x64) AppleWebKit/537.36 (KHTML, like Gecko) Chrome/79.0.3945.117 Safari/537.36"
36.133.115.36 - - [09/Apr/2026:01:55:31 +0800] "POST /wp-cron.php?doing_wp_cron=1775670931.7860820293426513671875 HTTP/1.1" 200 31 "-" "WordPress/6.9; http://cqqizhou.com"
34.248.95.126 - - [09/Apr/2026:01:55:31 +0800] "GET /robots.txt HTTP/1.1" 200 190 "-" "Pandalytics/2.0 (https://domainsbot.com/pandalytics/)"
34.248.95.126 - - [09/Apr/2026:01:55:32 +0800] "GET / HTTP/1.1" 200 35274 "-" "Pandalytics/2.0 (https://domainsbot.com/pandalytics/)"
27.158.126.31 - - [09/Apr/2026:01:59:32 +0800] "GET /news/2475 HTTP/1.1" 200 26783 "-" "Mozilla/5.0 (Macintosh; Intel Mac OS X 10_15_7) AppleWebKit/537.36 (KHTML, like Gecko) Chrome/140.0.0.0 Safari/537.36"
36.133.115.36 - - [09/Apr/2026:02:00:35 +0800] "POST /wp-cron.php?doing_wp_cron=1775671235.5998010635375976562500 HTTP/1.1" 200 31 "-" "WordPress/6.9; http://cqqizhou.com"
115.220.216.14 - - [09/Apr/2026:02:00:35 +0800] "GET /contacts/ HTTP/1.1" 301 5 "-" "Mozilla/5.0 (Macintosh; Intel Mac OS X 10_15_7) AppleWebKit/537.36 (KHTML, like Gecko) Chrome/140.0.0.0 Safari/537.36"
182.34.32.133 - - [09/Apr/2026:02:00:36 +0800] "GET /contacts HTTP/1.1" 200 21638 "http://cqqizhou.com/contacts/" "Mozilla/5.0 (Macintosh; Intel Mac OS X 10_15_7) AppleWebKit/537.36 (KHTML, like Gecko) Chrome/140.0.0.0 Safari/537.36"
36.133.115.36 - - [09/Apr/2026:02:03:18 +0800] "POST /wp-cron.php?doing_wp_cron=1775671398.8049180507659912109375 HTTP/1.1" 200 31 "-" "WordPress/6.9; http://cqqizhou.com"
120.8.216.122 - - [09/Apr/2026:02:03:18 +0800] "GET /services/ HTTP/1.1" 301 5 "-" "Mozilla/5.0 (Macintosh; Intel Mac OS X 10_15_7) AppleWebKit/537.36 (KHTML, like Gecko) Chrome/139.0.0.0 Safari/537.36"
120.8.216.122 - - [09/Apr/2026:02:03:19 +0800] "GET http://cqqizhou.com/services HTTP/1.1" 200 31707 "-" "Mozilla/5.0 (Macintosh; Intel Mac OS X 10_15_7) AppleWebKit/537.36 (KHTML, like Gecko) Chrome/139.0.0.0 Safari/537.36"
36.133.115.36 - - [09/Apr/2026:02:04:18 +0800] "POST /wp-cron.php?doing_wp_cron=1775671458.2466719150543212890625 HTTP/1.1" 200 31 "-" "WordPress/6.9; http://cqqizhou.com"
61.136.101.123 - - [09/Apr/2026:02:04:18 +0800] "GET / HTTP/1.1" 301 5 "-" "Python-urllib/2.7"
61.136.101.123 - - [09/Apr/2026:02:04:18 +0800] "GET / HTTP/1.1" 200 158675 "-" "Python-urllib/2.7"
20.203.183.116 - - [09/Apr/2026:02:30:12 +0800] "GET /wp-content/plugins/hellopress/wp_filemanager.php HTTP/1.1" 404 27 "-" "-"
20.203.183.116 - - [09/Apr/2026:02:30:12 +0800] "GET /aj.php HTTP/1.1" 404 27 "-" "-"
20.203.183.116 - - [09/Apr/2026:02:30:12 +0800] "GET /h2.php HTTP/1.1" 404 27 "-" "-"
20.203.183.116 - - [09/Apr/2026:02:30:12 +0800] "GET /wp1.php HTTP/1.1" 404 27 "-" "-"
20.203.183.116 - - [09/Apr/2026:02:30:12 +0800] "GET /wp-mails.php HTTP/1.1" 404 27 "-" "-"
20.203.183.116 - - [09/Apr/2026:02:30:13 +0800] "GET /baixy.php HTTP/1.1" 404 27 "-" "-"
20.203.183.116 - - [09/Apr/2026:02:30:13 +0800] "GET /xltt.php HTTP/1.1" 404 27 "-" "-"
20.203.183.116 - - [09/Apr/2026:02:30:13 +0800] "GET /NdANa5.php HTTP/1.1" 404 27 "-" "-"
20.203.183.116 - - [09/Apr/2026:02:30:14 +0800] "GET /bak.php HTTP/1.1" 404 27 "-" "-"
20.203.183.116 - - [09/Apr/2026:02:30:14 +0800] "GET /karma_296b.php HTTP/1.1" 404 27 "-" "-"
20.203.183.116 - - [09/Apr/2026:02:30:14 +0800] "GET /zc-718.php HTTP/1.1" 404 27 "-" "-"
20.203.183.116 - - [09/Apr/2026:02:30:14 +0800] "GET /zz8.php HTTP/1.1" 404 27 "-" "-"
20.203.183.116 - - [09/Apr/2026:02:30:15 +0800] "GET /aq.php HTTP/1.1" 404 27 "-" "-"
20.203.183.116 - - [09/Apr/2026:02:30:15 +0800] "GET /bmi.php HTTP/1.1" 404 27 "-" "-"
20.203.183.116 - - [09/Apr/2026:02:30:15 +0800] "GET /dx.php HTTP/1.1" 404 27 "-" "-"
20.203.183.116 - - [09/Apr/2026:02:30:15 +0800] "GET /brad.php HTTP/1.1" 404 27 "-" "-"
20.203.183.116 - - [09/Apr/2026:02:30:16 +0800] "GET /000.php HTTP/1.1" 404 27 "-" "-"
20.203.183.116 - - [09/Apr/2026:02:30:16 +0800] "GET /wpxl.php HTTP/1.1" 404 27 "-" "-"
20.203.183.116 - - [09/Apr/2026:02:30:17 +0800] "GET //shellsur.php HTTP/1.1" 404 27 "-" "-"
20.203.183.116 - - [09/Apr/2026:02:30:17 +0800] "GET //ksvbdsyi.php HTTP/1.1" 404 27 "-" "-"
20.203.183.116 - - [09/Apr/2026:02:30:17 +0800] "GET //bom30txv.php HTTP/1.1" 404 27 "-" "-"
20.203.183.116 - - [09/Apr/2026:02:30:17 +0800] "GET //eufajvpq.php HTTP/1.1" 404 27 "-" "-"
20.203.183.116 - - [09/Apr/2026:02:30:18 +0800] "GET //isp.php HTTP/1.1" 404 27 "-" "-"
20.203.183.116 - - [09/Apr/2026:02:30:18 +0800] "GET //mmk.php HTTP/1.1" 404 27 "-" "-"
20.203.183.116 - - [09/Apr/2026:02:30:18 +0800] "GET //tor.php HTTP/1.1" 404 27 "-" "-"
20.203.183.116 - - [09/Apr/2026:02:30:19 +0800] "GET //wolv2.php HTTP/1.1" 404 27 "-" "-"
20.203.183.116 - - [09/Apr/2026:02:30:19 +0800] "GET /xslclbn.php HTTP/1.1" 404 27 "-" "-"
20.203.183.116 - - [09/Apr/2026:02:30:19 +0800] "GET /ups.php HTTP/1.1" 404 27 "-" "-"
20.203.183.116 - - [09/Apr/2026:02:30:19 +0800] "GET /dhjufaqo.php HTTP/1.1" 404 27 "-" "-"
20.203.183.116 - - [09/Apr/2026:02:30:20 +0800] "GET /p-4sd6kt.php HTTP/1.1" 404 27 "-" "-"
20.203.183.116 - - [09/Apr/2026:02:30:20 +0800] "GET /wp-0fsdhv.php HTTP/1.1" 404 27 "-" "-"
20.203.183.116 - - [09/Apr/2026:02:30:20 +0800] "GET /20025Tn.php HTTP/1.1" 404 27 "-" "-"
20.203.183.116 - - [09/Apr/2026:02:30:20 +0800] "GET /f35_S.php HTTP/1.1" 404 27 "-" "-"
20.203.183.116 - - [09/Apr/2026:02:30:21 +0800] "GET /yawa.php HTTP/1.1" 404 27 "-" "-"
20.203.183.116 - - [09/Apr/2026:02:30:21 +0800] "GET /first.php HTTP/1.1" 404 27 "-" "-"
20.203.183.116 - - [09/Apr/2026:02:30:21 +0800] "GET /wp1.php HTTP/1.1" 404 27 "-" "-"
20.203.183.116 - - [09/Apr/2026:02:30:21 +0800] "GET /irpyzwaf.php HTTP/1.1" 404 27 "-" "-"
20.203.183.116 - - [09/Apr/2026:02:30:22 +0800] "GET /pdkebrby.php HTTP/1.1" 404 27 "-" "-"
20.203.183.116 - - [09/Apr/2026:02:30:22 +0800] "GET /dass.php HTTP/1.1" 404 27 "-" "-"
20.203.183.116 - - [09/Apr/2026:02:30:23 +0800] "GET /xex%20.php HTTP/1.1" 404 27 "-" "-"
20.203.183.116 - - [09/Apr/2026:02:30:23 +0800] "GET /blox.php HTTP/1.1" 404 27 "-" "-"
20.203.183.116 - - [09/Apr/2026:02:30:24 +0800] "GET /bkxzo.php HTTP/1.1" 404 27 "-" "-"
20.203.183.116 - - [09/Apr/2026:02:30:24 +0800] "GET /iko.php HTTP/1.1" 404 27 "-" "-"
20.203.183.116 - - [09/Apr/2026:02:30:24 +0800] "GET /miso.php HTTP/1.1" 404 27 "-" "-"
20.203.183.116 - - [09/Apr/2026:02:30:24 +0800] "GET /rzki.php HTTP/1.1" 404 27 "-" "-"
20.203.183.116 - - [09/Apr/2026:02:30:25 +0800] "GET /sad821.php HTTP/1.1" 404 27 "-" "-"
20.203.183.116 - - [09/Apr/2026:02:30:25 +0800] "GET /sad8210.php HTTP/1.1" 404 27 "-" "-"
20.203.183.116 - - [09/Apr/2026:02:30:25 +0800] "GET /sad8rd1.php HTTP/1.1" 404 27 "-" "-"
20.203.183.116 - - [09/Apr/2026:02:30:25 +0800] "GET /sder5252u.php HTTP/1.1" 404 27 "-" "-"
20.203.183.116 - - [09/Apr/2026:02:30:26 +0800] "GET /sko.php HTTP/1.1" 404 27 "-" "-"
20.203.183.116 - - [09/Apr/2026:02:30:26 +0800] "GET /gcqoa.php HTTP/1.1" 404 27 "-" "-"
20.203.183.116 - - [09/Apr/2026:02:30:26 +0800] "GET /bnm.php HTTP/1.1" 404 27 "-" "-"
20.203.183.116 - - [09/Apr/2026:02:30:26 +0800] "GET /wwx.php HTTP/1.1" 404 27 "-" "-"
20.203.183.116 - - [09/Apr/2026:02:30:27 +0800] "GET /0xD.php HTTP/1.1" 404 27 "-" "-"
20.203.183.116 - - [09/Apr/2026:02:30:27 +0800] "GET /166.php HTTP/1.1" 404 27 "-" "-"
20.203.183.116 - - [09/Apr/2026:02:30:28 +0800] "GET /wp-content/languages/index.php HTTP/1.1" 404 27 "-" "-"
20.203.183.116 - - [09/Apr/2026:02:30:28 +0800] "GET /ws86.php HTTP/1.1" 404 27 "-" "-"
20.203.183.116 - - [09/Apr/2026:02:30:29 +0800] "GET /403.php HTTP/1.1" 404 27 "-" "-"
20.203.183.116 - - [09/Apr/2026:02:30:29 +0800] "GET /app.php HTTP/1.1" 404 27 "-" "-"
20.203.183.116 - - [09/Apr/2026:02:30:29 +0800] "GET /ckk.php HTTP/1.1" 404 27 "-" "-"
20.203.183.116 - - [09/Apr/2026:02:30:29 +0800] "GET /1100.php HTTP/1.1" 404 27 "-" "-"
20.203.183.116 - - [09/Apr/2026:02:30:30 +0800] "GET /content.php HTTP/1.1" 404 27 "-" "-"
20.203.183.116 - - [09/Apr/2026:02:30:30 +0800] "GET /aaa.php HTTP/1.1" 404 27 "-" "-"
20.203.183.116 - - [09/Apr/2026:02:30:30 +0800] "GET /s.php HTTP/1.1" 404 27 "-" "-"
20.203.183.116 - - [09/Apr/2026:02:30:30 +0800] "GET /atomlib.php HTTP/1.1" 404 27 "-" "-"
20.203.183.116 - - [09/Apr/2026:02:30:31 +0800] "GET /404.php HTTP/1.1" 404 27 "-" "-"
20.203.183.116 - - [09/Apr/2026:02:30:31 +0800] "GET /a5.php HTTP/1.1" 404 27 "-" "-"
20.203.183.116 - - [09/Apr/2026:02:30:31 +0800] "GET /class-wp-l10n-cache.php HTTP/1.1" 404 27 "-" "-"
20.203.183.116 - - [09/Apr/2026:02:30:31 +0800] "GET /2ksm17n.php HTTP/1.1" 404 27 "-" "-"
20.203.183.116 - - [09/Apr/2026:02:30:32 +0800] "GET //content.php HTTP/1.1" 404 27 "-" "-"
20.203.183.116 - - [09/Apr/2026:02:30:32 +0800] "GET /nc4.php HTTP/1.1" 404 27 "-" "-"
20.203.183.116 - - [09/Apr/2026:02:30:32 +0800] "GET /file.php HTTP/1.1" 404 27 "-" "-"
20.203.183.116 - - [09/Apr/2026:02:30:33 +0800] "GET /x7.php HTTP/1.1" 404 27 "-" "-"
20.203.183.116 - - [09/Apr/2026:02:30:33 +0800] "GET /css.php HTTP/1.1" 404 27 "-" "-"
20.203.183.116 - - [09/Apr/2026:02:30:33 +0800] "GET /albin.php HTTP/1.1" 404 27 "-" "-"
20.203.183.116 - - [09/Apr/2026:02:30:33 +0800] "GET /t00l.php HTTP/1.1" 404 27 "-" "-"
20.203.183.116 - - [09/Apr/2026:02:30:33 +0800] "GET /wbbw.php HTTP/1.1" 404 27 "-" "-"
20.203.183.116 - - [09/Apr/2026:02:30:34 +0800] "GET /wp-sign.php HTTP/1.1" 404 27 "-" "-"
20.203.183.116 - - [09/Apr/2026:02:30:34 +0800] "GET /bnm.php HTTP/1.1" 404 27 "-" "-"
20.203.183.116 - - [09/Apr/2026:02:30:34 +0800] "GET /admin/function.php HTTP/1.1" 404 27 "-" "-"
20.203.183.116 - - [09/Apr/2026:02:30:35 +0800] "GET /admin-footer.php HTTP/1.1" 404 27 "-" "-"
20.203.183.116 - - [09/Apr/2026:02:30:35 +0800] "GET /wp-includes/fonts/index.php HTTP/1.1" 404 27 "-" "-"
20.203.183.116 - - [09/Apr/2026:02:30:35 +0800] "GET /666.php HTTP/1.1" 404 27 "-" "-"
20.203.183.116 - - [09/Apr/2026:02:30:36 +0800] "GET /tool.php HTTP/1.1" 404 27 "-" "-"
20.203.183.116 - - [09/Apr/2026:02:30:36 +0800] "GET /rithin.php HTTP/1.1" 404 27 "-" "-"
20.203.183.116 - - [09/Apr/2026:02:30:36 +0800] "GET /congeree.php HTTP/1.1" 404 27 "-" "-"
20.203.183.116 - - [09/Apr/2026:02:30:36 +0800] "GET /img.php HTTP/1.1" 404 27 "-" "-"
20.203.183.116 - - [09/Apr/2026:02:30:37 +0800] "GET /enum.php HTTP/1.1" 404 27 "-" "-"
20.203.183.116 - - [09/Apr/2026:02:30:37 +0800] "GET /term.php HTTP/1.1" 404 27 "-" "-"
20.203.183.116 - - [09/Apr/2026:02:30:37 +0800] "GET /admin/index.php HTTP/1.1" 404 27 "-" "-"
20.203.183.116 - - [09/Apr/2026:02:30:37 +0800] "GET /domains.php HTTP/1.1" 404 27 "-" "-"
20.203.183.116 - - [09/Apr/2026:02:30:38 +0800] "GET //wp.php HTTP/1.1" 404 27 "-" "-"
20.203.183.116 - - [09/Apr/2026:02:30:38 +0800] "GET /b.php HTTP/1.1" 404 27 "-" "-"
20.203.183.116 - - [09/Apr/2026:02:30:38 +0800] "GET /v1.php HTTP/1.1" 404 27 "-" "-"
20.203.183.116 - - [09/Apr/2026:02:30:38 +0800] "GET /index/function.php HTTP/1.1" 404 27 "-" "-"
20.203.183.116 - - [09/Apr/2026:02:30:39 +0800] "GET /wp-good.php HTTP/1.1" 404 27 "-" "-"
20.203.183.116 - - [09/Apr/2026:02:30:39 +0800] "GET /amax.php HTTP/1.1" 404 27 "-" "-"
20.203.183.116 - - [09/Apr/2026:02:30:39 +0800] "GET /wp-x7.php HTTP/1.1" 404 27 "-" "-"
20.203.183.116 - - [09/Apr/2026:02:30:39 +0800] "GET /x.php HTTP/1.1" 404 27 "-" "-"
20.203.183.116 - - [09/Apr/2026:02:30:40 +0800] "GET /xx.php HTTP/1.1" 404 27 "-" "-"
20.203.183.116 - - [09/Apr/2026:02:30:41 +0800] "GET /gptsh.php HTTP/1.1" 404 27 "-" "-"
20.203.183.116 - - [09/Apr/2026:02:30:41 +0800] "GET /233.php HTTP/1.1" 404 27 "-" "-"
20.203.183.116 - - [09/Apr/2026:02:30:41 +0800] "GET /ay.php HTTP/1.1" 404 27 "-" "-"
20.203.183.116 - - [09/Apr/2026:02:30:42 +0800] "GET /sql.php HTTP/1.1" 404 27 "-" "-"
20.203.183.116 - - [09/Apr/2026:02:30:42 +0800] "GET /lib.php HTTP/1.1" 404 27 "-" "-"
20.203.183.116 - - [09/Apr/2026:02:30:42 +0800] "GET /health.php HTTP/1.1" 404 27 "-" "-"
20.203.183.116 - - [09/Apr/2026:02:30:43 +0800] "GET /av.php HTTP/1.1" 404 27 "-" "-"
20.203.183.116 - - [09/Apr/2026:02:30:43 +0800] "GET /bgymj.php HTTP/1.1" 404 27 "-" "-"
20.203.183.116 - - [09/Apr/2026:02:30:43 +0800] "GET /worksec.php HTTP/1.1" 404 27 "-" "-"
20.203.183.116 - - [09/Apr/2026:02:30:43 +0800] "GET /tfm.php HTTP/1.1" 404 27 "-" "-"
20.203.183.116 - - [09/Apr/2026:02:30:44 +0800] "GET /unloathness.php HTTP/1.1" 404 27 "-" "-"
20.203.183.116 - - [09/Apr/2026:02:30:44 +0800] "GET /ar.php HTTP/1.1" 404 27 "-" "-"
20.203.183.116 - - [09/Apr/2026:02:30:44 +0800] "GET /1index.php HTTP/1.1" 404 27 "-" "-"
20.203.183.116 - - [09/Apr/2026:02:30:45 +0800] "GET /multirole.php HTTP/1.1" 404 27 "-" "-"
20.203.183.116 - - [09/Apr/2026:02:30:45 +0800] "GET /bal.php HTTP/1.1" 404 27 "-" "-"
20.203.183.116 - - [09/Apr/2026:02:30:45 +0800] "GET /wp-content/about.php HTTP/1.1" 404 27 "-" "-"
20.203.183.116 - - [09/Apr/2026:02:30:46 +0800] "GET /ccs.php HTTP/1.1" 404 27 "-" "-"
20.203.183.116 - - [09/Apr/2026:02:30:46 +0800] "GET /wp-access.php HTTP/1.1" 404 27 "-" "-"
20.203.183.116 - - [09/Apr/2026:02:30:46 +0800] "GET /files.php HTTP/1.1" 404 27 "-" "-"
20.203.183.116 - - [09/Apr/2026:02:30:47 +0800] "GET /log.php HTTP/1.1" 404 27 "-" "-"
20.203.183.116 - - [09/Apr/2026:02:30:47 +0800] "GET /t.php HTTP/1.1" 404 27 "-" "-"
20.203.183.116 - - [09/Apr/2026:02:30:47 +0800] "GET /ex.php HTTP/1.1" 404 27 "-" "-"
36.133.115.36 - - [09/Apr/2026:02:30:48 +0800] "POST /wp-cron.php?doing_wp_cron=1775673048.8500111103057861328125 HTTP/1.1" 200 31 "-" "WordPress/6.9; http://cqqizhou.com"
20.203.183.116 - - [09/Apr/2026:02:30:48 +0800] "GET /wp-blog-header.php HTTP/1.1" 404 5 "-" "-"
20.203.183.116 - - [09/Apr/2026:02:30:49 +0800] "GET /Cap.php HTTP/1.1" 404 27 "-" "-"
20.203.183.116 - - [09/Apr/2026:02:30:49 +0800] "GET /jp.php HTTP/1.1" 404 27 "-" "-"
20.203.183.116 - - [09/Apr/2026:02:30:50 +0800] "GET /gg.php HTTP/1.1" 404 27 "-" "-"
20.203.183.116 - - [09/Apr/2026:02:30:50 +0800] "GET /bless.php HTTP/1.1" 404 27 "-" "-"
20.203.183.116 - - [09/Apr/2026:02:30:50 +0800] "GET /wp-content/themes/about.php HTTP/1.1" 404 27 "-" "-"
20.203.183.116 - - [09/Apr/2026:02:30:51 +0800] "GET /144.php HTTP/1.1" 404 27 "-" "-"
20.203.183.116 - - [09/Apr/2026:02:30:51 +0800] "GET /ioxi-o.php HTTP/1.1" 404 27 "-" "-"
20.203.183.116 - - [09/Apr/2026:02:30:51 +0800] "GET /a4.php HTTP/1.1" 404 27 "-" "-"
20.203.183.116 - - [09/Apr/2026:02:30:52 +0800] "GET /help/crnpwfiu.php HTTP/1.1" 404 27 "-" "-"
20.203.183.116 - - [09/Apr/2026:02:30:53 +0800] "GET /wp-admin/network/ HTTP/1.1" 302 5 "-" "-"
20.203.183.116 - - [09/Apr/2026:02:30:53 +0800] "GET /wp-login.php?redirect_to=http%3A%2F%2Fcqqizhou.com%2Fwp-admin%2Fnetwork%2F&reauth=1 HTTP/1.1" 200 9061 "-" "-"
20.203.183.116 - - [09/Apr/2026:02:30:54 +0800] "GET /8573.php HTTP/1.1" 404 27 "-" "-"
20.203.183.116 - - [09/Apr/2026:02:30:54 +0800] "GET /system_log.php HTTP/1.1" 404 27 "-" "-"
20.203.183.116 - - [09/Apr/2026:02:30:55 +0800] "GET /yas.php HTTP/1.1" 404 27 "-" "-"
20.203.183.116 - - [09/Apr/2026:02:30:55 +0800] "GET /bolt.php HTTP/1.1" 404 27 "-" "-"
20.203.183.116 - - [09/Apr/2026:02:30:55 +0800] "GET /public/ws38.php HTTP/1.1" 404 27 "-" "-"
20.203.183.116 - - [09/Apr/2026:02:30:55 +0800] "GET /ws84.php HTTP/1.1" 404 27 "-" "-"
20.203.183.116 - - [09/Apr/2026:02:30:56 +0800] "GET /mh.php HTTP/1.1" 404 27 "-" "-"
20.203.183.116 - - [09/Apr/2026:02:30:56 +0800] "GET /yawa.php HTTP/1.1" 404 27 "-" "-"
20.203.183.116 - - [09/Apr/2026:02:30:56 +0800] "GET /vaza.php HTTP/1.1" 404 27 "-" "-"
20.203.183.116 - - [09/Apr/2026:02:30:57 +0800] "GET /sa.php7 HTTP/1.1" 404 31365 "-" "-"
20.203.183.116 - - [09/Apr/2026:02:30:58 +0800] "GET /oo.php HTTP/1.1" 404 27 "-" "-"
20.203.183.116 - - [09/Apr/2026:02:30:58 +0800] "GET /wssw.php HTTP/1.1" 404 27 "-" "-"
20.203.183.116 - - [09/Apr/2026:02:30:58 +0800] "GET /ws73.php HTTP/1.1" 404 27 "-" "-"
20.203.183.116 - - [09/Apr/2026:02:30:59 +0800] "GET /wp.php HTTP/1.1" 404 27 "-" "-"
20.203.183.116 - - [09/Apr/2026:02:30:59 +0800] "GET /wp-conflg.php HTTP/1.1" 404 27 "-" "-"
20.203.183.116 - - [09/Apr/2026:02:30:59 +0800] "GET /byp8.php HTTP/1.1" 404 27 "-" "-"
20.203.183.116 - - [09/Apr/2026:02:31:00 +0800] "GET /dass.php HTTP/1.1" 404 27 "-" "-"
20.203.183.116 - - [09/Apr/2026:02:31:00 +0800] "GET /alfa.php HTTP/1.1" 404 27 "-" "-"
20.203.183.116 - - [09/Apr/2026:02:31:01 +0800] "GET /155.php HTTP/1.1" 404 27 "-" "-"
20.203.183.116 - - [09/Apr/2026:02:31:01 +0800] "GET /bhm.php HTTP/1.1" 404 27 "-" "-"
20.203.183.116 - - [09/Apr/2026:02:31:01 +0800] "GET /wp-blog.php HTTP/1.1" 404 27 "-" "-"
20.203.183.116 - - [09/Apr/2026:02:31:01 +0800] "GET /wp-act.php HTTP/1.1" 404 27 "-" "-"
20.203.183.116 - - [09/Apr/2026:02:31:02 +0800] "GET /inputs.php HTTP/1.1" 404 27 "-" "-"
20.203.183.116 - - [09/Apr/2026:02:31:02 +0800] "GET /xwpg.php HTTP/1.1" 404 27 "-" "-"
20.203.183.116 - - [09/Apr/2026:02:31:02 +0800] "GET /edit.php HTTP/1.1" 404 27 "-" "-"
20.203.183.116 - - [09/Apr/2026:02:31:03 +0800] "GET /kj.php HTTP/1.1" 404 27 "-" "-"
20.203.183.116 - - [09/Apr/2026:02:31:03 +0800] "GET /lwvwpmg.php HTTP/1.1" 404 27 "-" "-"
20.203.183.116 - - [09/Apr/2026:02:31:03 +0800] "GET /install.php HTTP/1.1" 404 27 "-" "-"
20.203.183.116 - - [09/Apr/2026:02:31:04 +0800] "GET /wb.php HTTP/1.1" 404 27 "-" "-"
20.203.183.116 - - [09/Apr/2026:02:31:04 +0800] "GET /public/vx.php HTTP/1.1" 404 27 "-" "-"
36.133.115.36 - - [09/Apr/2026:02:37:20 +0800] "POST /wp-cron.php?doing_wp_cron=1775673439.9887399673461914062500 HTTP/1.1" 200 31 "-" "WordPress/6.9; http://cqqizhou.com"
36.151.9.23 - - [09/Apr/2026:02:37:20 +0800] "GET /Ly9jcXFpemhvdS5jb20vd3AtY29udGVudC91cGxvYWRzLzIwMjYvMDEvMTc2ODI3NjExOS1xaXpob3VqaWFnb25nX1NsaWRlcl8zODQww5cyMTYwXzIwMjYwMTEzLXNjYWxlZC53ZWJw HTTP/1.1" 404 8949 "-" "Mozilla/5.0 (Windows NT 10.0) AppleWebKit/537.36 (KHTML, like Gecko) Chrome/72.0.3626.69"
36.133.115.36 - - [09/Apr/2026:02:38:13 +0800] "POST /wp-cron.php?doing_wp_cron=1775673493.2499299049377441406250 HTTP/1.1" 200 31 "-" "WordPress/6.9; http://cqqizhou.com"
121.41.166.190 - - [09/Apr/2026:02:38:13 +0800] "GET / HTTP/1.0" 301 0 "-" "-"
36.133.115.36 - - [09/Apr/2026:02:38:24 +0800] "POST /wp-cron.php?doing_wp_cron=1775673504.0150680541992187500000 HTTP/1.1" 200 31 "-" "WordPress/6.9; http://cqqizhou.com"
121.41.166.190 - - [09/Apr/2026:02:38:24 +0800] "GET / HTTP/1.0" 301 0 "-" "-"
121.41.166.190 - - [09/Apr/2026:02:38:24 +0800] "GET /nmaplowercheck1775673496 HTTP/1.1" 404 31365 "-" "Mozilla/5.0 (compatible; Nmap Scripting Engine; https://nmap.org/book/nse.html)"
121.41.166.190 - - [09/Apr/2026:02:38:24 +0800] "POST /sdk HTTP/1.1" 404 31365 "-" "Mozilla/5.0 (compatible; Nmap Scripting Engine; https://nmap.org/book/nse.html)"
121.41.166.190 - - [09/Apr/2026:02:38:25 +0800] "GET /HNAP1 HTTP/1.1" 404 31365 "-" "Mozilla/5.0 (compatible; Nmap Scripting Engine; https://nmap.org/book/nse.html)"
121.41.166.190 - - [09/Apr/2026:02:38:25 +0800] "GET /evox/about HTTP/1.1" 404 31365 "-" "Mozilla/5.0 (compatible; Nmap Scripting Engine; https://nmap.org/book/nse.html)"
36.133.115.36 - - [09/Apr/2026:02:38:44 +0800] "POST /wp-cron.php?doing_wp_cron=1775673524.3027639389038085937500 HTTP/1.1" 200 31 "-" "WordPress/6.9; http://cqqizhou.com"
121.41.166.190 - - [09/Apr/2026:02:38:44 +0800] "GET / HTTP/1.0" 301 0 "-" "-"
121.41.166.190 - - [09/Apr/2026:02:38:45 +0800] "GET / HTTP/1.1" 301 5 "-" "-"
180.153.236.200 - - [09/Apr/2026:03:02:07 +0800] "GET / HTTP/1.1" 200 35274 "http://cqqizhou.com/" "User-Agent:Mozilla/5.0 (Windows NT 10.0; Win64; x64) AppleWebKit/537.36 (KHTML, like Gecko) Chrome/140.0.0.0 Safari/537.36 Edg/140.0.0.0; 360Spider"
36.133.115.36 - - [09/Apr/2026:03:43:16 +0800] "POST /wp-cron.php?doing_wp_cron=1775677396.3693199157714843750000 HTTP/1.1" 200 31 "-" "WordPress/6.9; http://cqqizhou.com"
66.132.195.74 - - [09/Apr/2026:03:43:16 +0800] "GET / HTTP/1.1" 301 5 "-" "Mozilla/5.0 (compatible; CensysInspect/1.1; +https://about.censys.io/)"
66.132.195.74 - - [09/Apr/2026:03:43:26 +0800] "GET /wiki HTTP/1.1" 404 8949 "-" "Mozilla/5.0 (compatible; CensysInspect/1.1; +https://about.censys.io/)"
36.133.115.36 - - [09/Apr/2026:03:45:25 +0800] "POST /wp-cron.php?doing_wp_cron=1775677525.5446469783782958984375 HTTP/1.1" 200 31 "-" "WordPress/6.9; http://cqqizhou.com"
222.136.180.17 - - [09/Apr/2026:03:45:25 +0800] "GET /Ly9jcXFpemhvdS5jb20vd3AtY29udGVudC91cGxvYWRzL3JldnNsaWRlci9zbGlkZXItMS8xNzUwODYxMTU2LWxvZ2lzdGljc19TbGlkZXJfMzg0MMOXMjE2MF8yMDI1MDYyNTE5MTM1Ni1zY2FsZWQud2VicA== HTTP/1.1" 404 8948 "-" "Mozilla/5.0 (Windows NT 6.1; Win64; x64) AppleWebKit/537.36 (KHTML, like Gecko) Chrome/76.0.3809.68"
36.133.115.36 - - [09/Apr/2026:03:49:53 +0800] "POST /wp-cron.php?doing_wp_cron=1775677793.6071019172668457031250 HTTP/1.1" 200 31 "-" "WordPress/6.9; http://cqqizhou.com"
119.129.238.41 - - [09/Apr/2026:03:49:53 +0800] "GET /2215/ HTTP/1.1" 301 5 "-" "Mozilla/5.0 (Macintosh; Intel Mac OS X 10_15_7) AppleWebKit/537.36 (KHTML, like Gecko) Chrome/147.0.0.0 Safari/537.36"
140.250.145.211 - - [09/Apr/2026:03:49:58 +0800] "GET /news/2215 HTTP/1.1" 200 24046 "-" "Mozilla/5.0 (Macintosh; Intel Mac OS X 10_15_7) AppleWebKit/537.36 (KHTML, like Gecko) Chrome/147.0.0.0 Safari/537.36"
121.237.36.30 - - [09/Apr/2026:03:53:10 +0800] "GET / HTTP/1.1" 200 35274 "-" "Mozilla/5.0 (Macintosh; Intel Mac OS X 10_11) AppleWebKit/601.1.27 (KHTML, like Gecko) Chrome/47.0.2526.106 Safari/601.1.27"
36.133.115.36 - - [09/Apr/2026:04:15:20 +0800] "POST /wp-cron.php?doing_wp_cron=1775679320.4257469177246093750000 HTTP/1.1" 200 31 "-" "WordPress/6.9; http://cqqizhou.com"
170.106.65.93 - - [09/Apr/2026:04:15:20 +0800] "GET / HTTP/1.1" 200 34825 "-" "Mozilla/5.0 (iPhone; CPU iPhone OS 13_2_3 like Mac OS X) AppleWebKit/605.1.15 (KHTML, like Gecko) Version/13.0.3 Mobile/15E148 Safari/604.1"
36.133.115.36 - - [09/Apr/2026:04:19:40 +0800] "POST /wp-cron.php?doing_wp_cron=1775679580.4693160057067871093750 HTTP/1.1" 200 31 "-" "WordPress/6.9; http://cqqizhou.com"
116.163.52.246 - - [09/Apr/2026:04:19:40 +0800] "GET /Ly9jcXFpemhvdS5jb20vd3AtY29udGVudC91cGxvYWRzLzIwMjYvMDEvMTc2ODI4MDI3MC1hbnF1YW5fU2xpZGVyXzM4NDDDlzIxNjBfMjAyNjAxMTQtc2NhbGVkLndlYnA= HTTP/1.1" 404 8948 "-" "Mozilla/5.0 (Windows NT 6.1; WOW64) AppleWebKit/537.36 (KHTML, like Gecko) Chrome/78.0.3904.11"
221.193.246.186 - - [09/Apr/2026:04:32:20 +0800] "GET /news/portfolio/pickled-coil HTTP/1.1" 200 22267 "-" "Mozilla/5.0 (Macintosh; Intel Mac OS X 13_0_0) AppleWebKit/537.36 (KHTML, like Gecko) Chrome/134.0.1 Safari/537.36 Edg/134.0.1"
183.215.51.141 - - [09/Apr/2026:04:32:22 +0800] "GET /news/portfolio/pickled-coil HTTP/1.1" 200 22267 "-" "Mozilla/5.0 (Windows NT 10.0; Win64; x64) AppleWebKit/537.36 (KHTML, like Gecko) Chrome/122.0.0.0 Safari/537.36 MicroMessenger/7.0.20.1781(0x6700143B) NetType/WIFI MiniProgramEnv/Windows WindowsWechat/WMPF WindowsWechat(0x63090b11)XWEB/11275"
171.213.188.83 - - [09/Apr/2026:04:32:27 +0800] "GET /news/portfolio/pickled-coil HTTP/1.1" 200 22267 "-" "Mozilla/5.0 (Macintosh; Intel Mac OS X 10_15_7) AppleWebKit/537.36 (KHTML, like Gecko) Chrome/131.0.0 Safari/537.36 Edg/131.0.0"
36.133.115.36 - - [09/Apr/2026:04:47:27 +0800] "POST /wp-cron.php?doing_wp_cron=1775681247.2063200473785400390625 HTTP/1.1" 200 31 "-" "WordPress/6.9; http://cqqizhou.com"
121.40.40.208 - - [09/Apr/2026:04:47:27 +0800] "GET / HTTP/1.1" 301 5 "-" "Mozilla/5.0 (Windows NT 10.0; Win64; x64) AppleWebKit/537.36 (KHTML, like Gecko) Chrome/59.0.3071.115 Safari/537.36"
222.211.59.206 - - [09/Apr/2026:04:54:25 +0800] "GET /news/2418 HTTP/1.1" 200 27480 "-" "Mozilla/5.0 (Macintosh; Intel Mac OS X 10_15_7) AppleWebKit/537.36 (KHTML, like Gecko) Chrome/140.0.0.0 Safari/537.36"
39.128.227.184 - - [09/Apr/2026:04:55:26 +0800] "GET / HTTP/1.1" 200 158675 "-" "Mozilla/5.0 (Macintosh; Intel Mac OS X 10_15_7) AppleWebKit/537.36 (KHTML, like Gecko) Chrome/120.0.0.0 Safari/537.36 Edg/120.0.0.0"
36.133.115.36 - - [09/Apr/2026:04:56:00 +0800] "POST /wp-cron.php?doing_wp_cron=1775681760.3899619579315185546875 HTTP/1.1" 200 31 "-" "WordPress/6.9; http://cqqizhou.com"
117.147.108.49 - - [09/Apr/2026:04:56:00 +0800] "GET /robots.txt HTTP/1.1" 200 190 "-" "Mozilla/5.0 (Macintosh; Intel Mac OS X 10_15_7) AppleWebKit/537.36 (KHTML, like Gecko) Chrome/120.0.0.0 Safari/537.36 Edg/120.0.0.0"
39.149.162.192 - - [09/Apr/2026:04:56:02 +0800] "GET /sitemap.xml HTTP/1.1" 200 535 "-" "Mozilla/5.0 (Macintosh; Intel Mac OS X 10_15_7) AppleWebKit/537.36 (KHTML, like Gecko) Chrome/120.0.0.0 Safari/537.36 Edg/120.0.0.0"
117.9.16.244 - - [09/Apr/2026:04:56:04 +0800] "GET /config.json HTTP/1.1" 404 8950 "-" "Mozilla/5.0 (Macintosh; Intel Mac OS X 10_7_0) AppleWebKit/535.11 (KHTML, like Gecko) Chrome/17.0.963.56 Safari/535.11"
58.42.34.7 - - [09/Apr/2026:05:00:59 +0800] "GET /news/2464 HTTP/1.1" 200 23567 "-" "Mozilla/5.0 (Macintosh; Intel Mac OS X 10_15_7) AppleWebKit/537.36 (KHTML, like Gecko) Chrome/140.0.0.0 Safari/537.36"
36.133.115.36 - - [09/Apr/2026:05:01:18 +0800] "POST /wp-cron.php?doing_wp_cron=1775682078.0369369983673095703125 HTTP/1.1" 200 31 "-" "WordPress/6.9; http://cqqizhou.com"
183.198.232.168 - - [09/Apr/2026:05:01:18 +0800] "GET /wp-content/plugins/revslider/readme.txt HTTP/1.1" 404 8949 "-" "Mozilla/5.0 (Macintosh; U; PPC Mac OS X 10_8_3 rv:3.0; tr-TR) AppleWebKit/532.26.6 (KHTML, like Gecko) Version/4.0.2 Safari/532.26.6"
223.91.40.144 - - [09/Apr/2026:05:01:32 +0800] "GET /wp-content/plugins/*\x22,\x22/readme.txt HTTP/1.1" 404 8949 "-" "Mozilla/5.0 (Macintosh; U; PPC Mac OS X 10_8_3 rv:3.0; tr-TR) AppleWebKit/532.26.6 (KHTML, like Gecko) Version/4.0.2 Safari/532.26.6"
120.242.142.35 - - [09/Apr/2026:05:01:44 +0800] "GET /wp-content/plugins/elementor/readme.txt HTTP/1.1" 200 10514 "-" "Mozilla/5.0 (Macintosh; U; PPC Mac OS X 10_8_3 rv:3.0; tr-TR) AppleWebKit/532.26.6 (KHTML, like Gecko) Version/4.0.2 Safari/532.26.6"
142.44.225.38 - - [09/Apr/2026:05:07:28 +0800] "GET /news/2361 HTTP/1.1" 304 0 "-" "Mozilla/5.0 (compatible; AhrefsBot/7.0; +http://ahrefs.com/robot/)"
36.133.115.36 - - [09/Apr/2026:05:22:00 +0800] "POST /wp-cron.php?doing_wp_cron=1775683320.0498280525207519531250 HTTP/1.1" 200 31 "-" "WordPress/6.9; http://cqqizhou.com"
34.162.112.31 - - [09/Apr/2026:05:22:00 +0800] "HEAD /new/ HTTP/1.1" 301 0 "-" "Mozilla/5.0 (Linux; Android 14; RMX3842) AppleWebKit/537.36 (KHTML, like Gecko) Chrome/126.0.6478.44 Mobile Safari/537.36"
34.162.112.31 - - [09/Apr/2026:05:22:01 +0800] "HEAD /news HTTP/1.1" 200 0 "http://cqqizhou.com/new/" "Mozilla/5.0 (Linux; Android 14; RMX3842) AppleWebKit/537.36 (KHTML, like Gecko) Chrome/126.0.6478.44 Mobile Safari/537.36"
34.162.112.31 - - [09/Apr/2026:05:22:01 +0800] "HEAD /old/ HTTP/1.1" 404 0 "-" "Mozilla/5.0 (Macintosh; Intel Mac OS X 15_0) AppleWebKit/537.36 (KHTML, like Gecko) Chrome/125.0.6422.141 Safari/537.36"
34.162.112.31 - - [09/Apr/2026:05:22:02 +0800] "HEAD /wordpress/ HTTP/1.1" 404 0 "-" "Mozilla/5.0 (Windows NT 10.0; Win64; x64) AppleWebKit/537.36 (KHTML, like Gecko) Chrome/125.0.6422.112 Safari/537.36 Brave/1.63.120"
34.162.112.31 - - [09/Apr/2026:05:22:03 +0800] "HEAD / HTTP/1.1" 200 0 "-" "Mozilla/5.0 (Windows NT 10.0; Win64; x64; rv:127.0) Gecko/20100101 Firefox/127.0"
34.162.112.31 - - [09/Apr/2026:05:22:03 +0800] "HEAD /backup/ HTTP/1.1" 404 0 "-" "Mozilla/5.0 (Linux; U; Android 10; en-US; CPH2015) AppleWebKit/537.36 (KHTML, like Gecko) UCBrowser/13.5.8.1311 Mobile Safari/537.36"
34.162.112.31 - - [09/Apr/2026:05:22:04 +0800] "HEAD /blog/ HTTP/1.1" 404 0 "-" "Mozilla/5.0 (Linux; Android 12; Redmi Note 11) AppleWebKit/537.36 (KHTML, like Gecko) Chrome/123.0.6312.112 Mobile Safari/537.36"
34.162.112.31 - - [09/Apr/2026:05:22:05 +0800] "HEAD /wp/ HTTP/1.1" 404 0 "-" "Mozilla/5.0 (Linux; Android 12; TECNO CK6n) AppleWebKit/537.36 (KHTML, like Gecko) Chrome/125.0.6422.50 Mobile Safari/537.36"
36.133.115.36 - - [09/Apr/2026:05:35:51 +0800] "POST /wp-cron.php?doing_wp_cron=1775684151.1184000968933105468750 HTTP/1.1" 200 31 "-" "WordPress/6.9; http://cqqizhou.com"
111.225.148.156 - - [09/Apr/2026:05:35:51 +0800] "GET /robots.txt HTTP/1.1" 200 190 "-" "Mozilla/5.0 (Linux; Android 5.0) AppleWebKit/537.36 (KHTML, like Gecko) Mobile Safari/537.36 (compatible; Bytespider; https://zhanzhang.toutiao.com/)"
36.133.115.36 - - [09/Apr/2026:05:46:39 +0800] "POST /wp-cron.php?doing_wp_cron=1775684799.7146759033203125000000 HTTP/1.1" 200 31 "-" "WordPress/6.9; http://cqqizhou.com"
104.236.92.7 - - [09/Apr/2026:05:46:39 +0800] "GET /.git/config HTTP/1.1" 404 8949 "-" "Mozilla/5.0 (X11; Linux x86_64) AppleWebKit/537.36 (KHTML, like Gecko) Chrome/81.0.4044.129 Safari/537.36"
36.133.115.36 - - [09/Apr/2026:05:55:56 +0800] "POST /wp-cron.php?doing_wp_cron=1775685356.6168899536132812500000 HTTP/1.1" 200 31 "-" "WordPress/6.9; http://cqqizhou.com"
101.74.57.111 - - [09/Apr/2026:05:55:56 +0800] "GET http://cqqizhou.com/portfolio-category/cold-rolled-coil/ HTTP/1.1" 404 8949 "-" "Mozilla/5.0 (Macintosh; Intel Mac OS X 10_15_7) AppleWebKit/537.36 (KHTML, like Gecko) Chrome/131.0.0.0 Safari/537.36"
36.133.115.36 - - [09/Apr/2026:05:57:29 +0800] "POST /wp-cron.php?doing_wp_cron=1775685449.5038371086120605468750 HTTP/1.1" 200 31 "-" "WordPress/6.9; http://cqqizhou.com"
219.156.104.190 - - [09/Apr/2026:05:57:34 +0800] "GET /boaform/admin/formLogin?username=adminisp&psd=adminisp HTTP/1.0" 404 31352 "-" "-"
49.75.37.97 - - [09/Apr/2026:06:06:09 +0800] "GET /news/2162 HTTP/1.1" 200 25293 "-" "Mozilla/5.0 (Macintosh; Intel Mac OS X 10_15_7) AppleWebKit/537.36 (KHTML, like Gecko) Chrome/136.0.0.0 Safari/537.36"
36.133.115.36 - - [09/Apr/2026:06:08:55 +0800] "POST /wp-cron.php?doing_wp_cron=1775686134.9984641075134277343750 HTTP/1.1" 200 31 "-" "WordPress/6.9; http://cqqizhou.com"
104.236.92.7 - - [09/Apr/2026:06:08:55 +0800] "GET /.git/config HTTP/1.1" 404 8950 "-" "Mozilla/5.0 (X11; Linux x86_64) AppleWebKit/537.36 (KHTML, like Gecko) Chrome/81.0.4044.129 Safari/537.36"
36.133.115.36 - - [09/Apr/2026:06:31:00 +0800] "POST /wp-cron.php?doing_wp_cron=1775687460.7124509811401367187500 HTTP/1.1" 200 31 "-" "WordPress/6.9; http://cqqizhou.com"
110.38.250.7 - - [09/Apr/2026:06:31:00 +0800] "POST /GponForm/diag_Form?images/ HTTP/1.1" 404 8948 "-" "Hello, World"
36.133.115.36 - - [09/Apr/2026:06:38:54 +0800] "POST /wp-cron.php?doing_wp_cron=1775687934.3840711116790771484375 HTTP/1.1" 200 31 "-" "WordPress/6.9; http://cqqizhou.com"
43.134.73.5 - - [09/Apr/2026:06:38:54 +0800] "GET / HTTP/1.1" 301 5 "-" "Mozilla/5.0 (iPhone; CPU iPhone OS 13_2_3 like Mac OS X) AppleWebKit/605.1.15 (KHTML, like Gecko) Version/13.0.3 Mobile/15E148 Safari/604.1"
43.134.73.5 - - [09/Apr/2026:06:38:56 +0800] "GET / HTTP/1.1" 200 34825 "http://36.133.115.36" "Mozilla/5.0 (iPhone; CPU iPhone OS 13_2_3 like Mac OS X) AppleWebKit/605.1.15 (KHTML, like Gecko) Version/13.0.3 Mobile/15E148 Safari/604.1"
36.133.115.36 - - [09/Apr/2026:06:57:26 +0800] "POST /wp-cron.php?doing_wp_cron=1775689046.0502591133117675781250 HTTP/1.1" 200 31 "-" "WordPress/6.9; http://cqqizhou.com"
185.191.127.205 - - [09/Apr/2026:06:57:26 +0800] "GET / HTTP/1.1" 200 34825 "-" "Mozilla/5.0 (Linux; Android 14; OnePlus 12) AppleWebKit/537.36 (KHTML, like Gecko) Chrome/120.0.6099.144 Mobile Safari/537.36"
167.250.224.25 - - [09/Apr/2026:07:27:46 +0800] "GET /admin/config.php HTTP/1.0" 404 16 "-" "xfa1"
36.133.115.36 - - [09/Apr/2026:07:32:25 +0800] "POST /wp-cron.php?doing_wp_cron=1775691145.6280150413513183593750 HTTP/1.1" 200 31 "-" "WordPress/6.9; http://cqqizhou.com"
59.174.111.147 - - [09/Apr/2026:07:32:25 +0800] "GET /policy/ HTTP/1.1" 404 8949 "-" "Mozilla/5.0 (Macintosh; Intel Mac OS X 10_15_7) AppleWebKit/537.36 (KHTML, like Gecko) Chrome/133.0.0.0 Safari/537.36"
36.133.115.36 - - [09/Apr/2026:07:33:15 +0800] "POST /wp-cron.php?doing_wp_cron=1775691195.4574370384216308593750 HTTP/1.1" 200 31 "-" "WordPress/6.9; http://cqqizhou.com"
182.44.10.67 - - [09/Apr/2026:07:33:15 +0800] "GET / HTTP/1.1" 200 34825 "-" "Mozilla/5.0 (iPhone; CPU iPhone OS 13_2_3 like Mac OS X) AppleWebKit/605.1.15 (KHTML, like Gecko) Version/13.0.3 Mobile/15E148 Safari/604.1"
36.133.115.36 - - [09/Apr/2026:07:34:27 +0800] "POST /wp-cron.php?doing_wp_cron=1775691267.0099160671234130859375 HTTP/1.1" 200 31 "-" "WordPress/6.9; http://cqqizhou.com"
51.89.129.50 - - [09/Apr/2026:07:34:27 +0800] "GET /robots.txt HTTP/1.1" 200 190 "-" "Mozilla/5.0 (compatible; AhrefsBot/7.0; +http://ahrefs.com/robot/)"
36.133.115.36 - - [09/Apr/2026:07:37:17 +0800] "POST /wp-cron.php?doing_wp_cron=1775691437.0256409645080566406250 HTTP/1.1" 200 31 "-" "WordPress/6.9; http://cqqizhou.com"
182.127.197.236 - - [09/Apr/2026:07:37:17 +0800] "GET / HTTP/1.1" 301 5 "-" "Mozilla/5.0 (Macintosh; Intel Mac OS X 10_15_7) AppleWebKit/537.36 (KHTML, like Gecko) Chrome/120.0.0.0 Safari/537.36 Edg/120.0.0.0"
112.226.218.189 - - [09/Apr/2026:07:37:38 +0800] "GET /robots.txt HTTP/1.1" 200 190 "-" "Mozilla/5.0 (Macintosh; Intel Mac OS X 10_15_7) AppleWebKit/537.36 (KHTML, like Gecko) Chrome/120.0.0.0 Safari/537.36 Edg/120.0.0.0"
42.236.211.184 - - [09/Apr/2026:07:37:40 +0800] "GET /sitemap.xml HTTP/1.1" 200 535 "-" "Mozilla/5.0 (Macintosh; Intel Mac OS X 10_15_7) AppleWebKit/537.36 (KHTML, like Gecko) Chrome/120.0.0.0 Safari/537.36 Edg/120.0.0.0"
36.133.115.36 - - [09/Apr/2026:07:42:24 +0800] "POST /wp-cron.php?doing_wp_cron=1775691744.3216578960418701171875 HTTP/1.1" 200 31 "-" "WordPress/6.9; http://cqqizhou.com"
104.236.92.7 - - [09/Apr/2026:07:42:24 +0800] "GET /.git/config HTTP/1.1" 404 8950 "-" "Mozilla/5.0 (X11; Linux x86_64) AppleWebKit/537.36 (KHTML, like Gecko) Chrome/81.0.4044.129 Safari/537.36"
36.133.115.36 - - [09/Apr/2026:07:47:00 +0800] "POST /wp-cron.php?doing_wp_cron=1775692020.6376850605010986328125 HTTP/1.1" 200 31 "-" "WordPress/6.9; http://cqqizhou.com"
40.124.175.39 - - [09/Apr/2026:07:47:00 +0800] "GET /portal/redlion HTTP/1.1" 404 8947 "-" "Mozilla/5.0 zgrab/0.x"
36.133.115.36 - - [09/Apr/2026:07:56:46 +0800] "POST /wp-cron.php?doing_wp_cron=1775692606.2149391174316406250000 HTTP/1.1" 200 31 "-" "WordPress/6.9; http://cqqizhou.com"
216.180.246.1 - - [09/Apr/2026:07:56:46 +0800] "GET / HTTP/1.0" 301 0 "-" "Mozilla/5.0 (compatible; GenomeCrawlerd/1.0; +https://www.nokia.com/genomecrawler)"
36.133.115.36 - - [09/Apr/2026:07:57:21 +0800] "POST /wp-cron.php?doing_wp_cron=1775692641.7057650089263916015625 HTTP/1.1" 200 31 "-" "WordPress/6.9; http://cqqizhou.com"
216.180.246.1 - - [09/Apr/2026:07:57:21 +0800] "GET / HTTP/1.0" 301 0 "-" "Mozilla/5.0 (compatible; GenomeCrawlerd/1.0; +https://www.nokia.com/genomecrawler)"
216.180.246.1 - - [09/Apr/2026:07:57:55 +0800] "GET / HTTP/1.0" 301 0 "-" "Mozilla/5.0 (compatible; GenomeCrawlerd/1.0; +https://www.nokia.com/genomecrawler)"
36.133.115.36 - - [09/Apr/2026:07:58:37 +0800] "POST /wp-cron.php?doing_wp_cron=1775692717.1532750129699707031250 HTTP/1.1" 200 31 "-" "WordPress/6.9; http://cqqizhou.com"
216.180.246.1 - - [09/Apr/2026:07:58:37 +0800] "GET / HTTP/1.1" 301 5 "-" "Mozilla/5.0 (compatible; GenomeCrawlerd/1.0; +https://www.nokia.com/genomecrawler)"
216.180.246.1 - - [09/Apr/2026:07:58:42 +0800] "GET / HTTP/1.1" 200 34825 "http://36.133.115.36/" "Mozilla/5.0 (compatible; GenomeCrawlerd/1.0; +https://www.nokia.com/genomecrawler)"
36.133.115.36 - - [09/Apr/2026:08:07:18 +0800] "POST /wp-cron.php?doing_wp_cron=1775693238.5387690067291259765625 HTTP/1.1" 200 31 "-" "WordPress/6.9; http://cqqizhou.com"
159.89.52.213 - - [09/Apr/2026:08:07:19 +0800] "GET / HTTP/1.1" 200 157016 "-" "Mozilla/5.0 (Windows NT 10.0; Win64; x64) AppleWebKit/537.36 (KHTML, like Gecko) Chrome/125.0.0.0 Safari/537.36"
123.147.244.187 - - [09/Apr/2026:08:07:58 +0800] "GET /news/2527 HTTP/1.1" 200 20970 "-" "Mozilla/5.0 (iPhone; CPU iPhone OS 26_2_1 like Mac OS X) AppleWebKit/605.1.15 (KHTML, like Gecko) Mobile/15E148 MicroMessenger/8.0.70(0x18004632) NetType/4G Language/zh_CN"
123.147.244.187 - - [09/Apr/2026:08:07:59 +0800] "GET /wp-content/uploads/2026/03/1773722869-1Article_images_W900px.webp HTTP/1.1" 200 28566 "http://cqqizhou.com/news/2527" "Mozilla/5.0 (iPhone; CPU iPhone OS 26_2_1 like Mac OS X) AppleWebKit/605.1.15 (KHTML, like Gecko) Mobile/15E148 MicroMessenger/8.0.70(0x18004632) NetType/4G Language/zh_CN"
123.147.244.187 - - [09/Apr/2026:08:07:59 +0800] "GET /wp-content/uploads/2025/07/1753410289-News2000%C3%97400_202571.webp HTTP/1.1" 200 17830 "http://cqqizhou.com/news/2527" "Mozilla/5.0 (iPhone; CPU iPhone OS 26_2_1 like Mac OS X) AppleWebKit/605.1.15 (KHTML, like Gecko) Mobile/15E148 MicroMessenger/8.0.70(0x18004632) NetType/4G Language/zh_CN"
123.147.244.187 - - [09/Apr/2026:08:07:59 +0800] "GET /wp-content/uploads/2026/03/1773722870-2Article_images_W900px.webp HTTP/1.1" 200 56124 "http://cqqizhou.com/news/2527" "Mozilla/5.0 (iPhone; CPU iPhone OS 26_2_1 like Mac OS X) AppleWebKit/605.1.15 (KHTML, like Gecko) Mobile/15E148 MicroMessenger/8.0.70(0x18004632) NetType/4G Language/zh_CN"
123.147.244.187 - - [09/Apr/2026:08:07:59 +0800] "GET /wp-content/uploads/2026/03/1773722871-3Article_images_W900px.webp HTTP/1.1" 200 51678 "http://cqqizhou.com/news/2527" "Mozilla/5.0 (iPhone; CPU iPhone OS 26_2_1 like Mac OS X) AppleWebKit/605.1.15 (KHTML, like Gecko) Mobile/15E148 MicroMessenger/8.0.70(0x18004632) NetType/4G Language/zh_CN"
123.147.244.187 - - [09/Apr/2026:08:07:59 +0800] "GET /wp-content/uploads/2025/07/1751864664-Logistics800x500_1.webp HTTP/1.1" 200 76914 "http://cqqizhou.com/news/2527" "Mozilla/5.0 (iPhone; CPU iPhone OS 26_2_1 like Mac OS X) AppleWebKit/605.1.15 (KHTML, like Gecko) Mobile/15E148 MicroMessenger/8.0.70(0x18004632) NetType/4G Language/zh_CN"
123.147.244.187 - - [09/Apr/2026:08:07:59 +0800] "GET /wp-content/uploads/2026/03/1772790791-%E5%B0%81%E9%9D%A2%E5%A4%B4%E5%9B%BEArticle_images_W900%C3%97500px2026.webp HTTP/1.1" 200 52968 "http://cqqizhou.com/news/2527" "Mozilla/5.0 (iPhone; CPU iPhone OS 26_2_1 like Mac OS X) AppleWebKit/605.1.15 (KHTML, like Gecko) Mobile/15E148 MicroMessenger/8.0.70(0x18004632) NetType/4G Language/zh_CN"
123.147.244.187 - - [09/Apr/2026:08:07:59 +0800] "GET /wp-content/uploads/2025/07/1751425283-qizhou.kf_.qq_.com_.webp HTTP/1.1" 200 16864 "http://cqqizhou.com/news/2527" "Mozilla/5.0 (iPhone; CPU iPhone OS 26_2_1 like Mac OS X) AppleWebKit/605.1.15 (KHTML, like Gecko) Mobile/15E148 MicroMessenger/8.0.70(0x18004632) NetType/4G Language/zh_CN"
123.147.244.187 - - [09/Apr/2026:08:07:59 +0800] "GET /wp-content/uploads/2025/07/1773723158-Article_images_W900px.webp HTTP/1.1" 404 8950 "http://cqqizhou.com/news/2527" "Mozilla/5.0 (iPhone; CPU iPhone OS 26_2_1 like Mac OS X) AppleWebKit/605.1.15 (KHTML, like Gecko) Mobile/15E148 MicroMessenger/8.0.70(0x18004632) NetType/4G Language/zh_CN"
36.133.115.36 - - [09/Apr/2026:08:11:41 +0800] "POST /wp-cron.php?doing_wp_cron=1775693501.2624640464782714843750 HTTP/1.1" 200 31 "-" "WordPress/6.9; http://cqqizhou.com"
223.107.26.120 - - [09/Apr/2026:08:11:41 +0800] "GET /news/2165 HTTP/1.1" 200 26946 "-" "Mozilla/5.0 (Windows NT 10.0; Win64; x64) AppleWebKit/537.36 (KHTML, like Gecko) Chrome/104.0.0.0 Safari/537.36"
183.198.200.131 - - [09/Apr/2026:08:25:35 +0800] "GET /news/2418 HTTP/1.1" 200 27480 "-" "Mozilla/5.0 (Macintosh; Intel Mac OS X 10_15_7) AppleWebKit/537.36 (KHTML, like Gecko) Chrome/120.0.0.0 Safari/537.36"
60.174.1.23 - - [09/Apr/2026:08:30:39 +0800] "GET http://cqqizhou.com/news/2159 HTTP/1.1" 200 28776 "-" "Mozilla/5.0 (Windows NT 10.0; Win64; x64) AppleWebKit/537.36 (KHTML, like Gecko) Chrome/101.0.4951.67 Safari/537.36"
36.133.115.36 - - [09/Apr/2026:08:30:39 +0800] "POST /wp-cron.php?doing_wp_cron=1775694639.6738619804382324218750 HTTP/1.1" 200 31 "-" "WordPress/6.9; http://cqqizhou.com"
223.73.206.253 - - [09/Apr/2026:08:30:39 +0800] "GET /wp-admin/ HTTP/1.1" 302 5 "-" "Mozilla/5.0 (Windows NT 10.0; Win64; x64) AppleWebKit/537.36 (KHTML, like Gecko) Chrome/145.0.0.0 Safari/537.36 Edg/145.0.0.0"
223.73.206.253 - - [09/Apr/2026:08:30:40 +0800] "GET /wp-login.php?redirect_to=http%3A%2F%2Fcqqizhou.com%2Fwp-admin%2F&reauth=1 HTTP/1.1" 200 2854 "-" "Mozilla/5.0 (Windows NT 10.0; Win64; x64) AppleWebKit/537.36 (KHTML, like Gecko) Chrome/145.0.0.0 Safari/537.36 Edg/145.0.0.0"
223.89.226.193 - - [09/Apr/2026:08:30:44 +0800] "GET /2155/ HTTP/1.1" 301 5 "-" "Mozilla/5.0 (Macintosh; Intel Mac OS X 10_15_7) AppleWebKit/537.36 (KHTML, like Gecko) Chrome/136.0.0.0 Safari/537.36"
114.236.103.87 - - [09/Apr/2026:08:30:51 +0800] "GET http://cqqizhou.com/2155/ HTTP/1.1" 301 5 "-" "Mozilla/5.0 (Macintosh; Intel Mac OS X 10_15_7) AppleWebKit/537.36 (KHTML, like Gecko) Chrome/136.0.0.0 Safari/537.36"
114.236.103.87 - - [09/Apr/2026:08:30:51 +0800] "GET http://cqqizhou.com/news/2155 HTTP/1.1" 200 29021 "-" "Mozilla/5.0 (Macintosh; Intel Mac OS X 10_15_7) AppleWebKit/537.36 (KHTML, like Gecko) Chrome/136.0.0.0 Safari/537.36"
223.89.226.193 - - [09/Apr/2026:08:31:14 +0800] "GET /news/2155 HTTP/1.1" 200 23241 "-" "Mozilla/5.0 (Macintosh; Intel Mac OS X 10_15_7) AppleWebKit/537.36 (KHTML, like Gecko) Chrome/136.0.0.0 Safari/537.36"
223.73.206.253 - - [09/Apr/2026:08:36:27 +0800] "GET / HTTP/1.1" 200 35274 "-" "Mozilla/5.0 (Windows NT 10.0; Win64; x64) AppleWebKit/537.36 (KHTML, like Gecko) Chrome/145.0.0.0 Safari/537.36 Edg/145.0.0.0"
223.73.206.253 - - [09/Apr/2026:08:37:47 +0800] "GET /wp-content/uploads/2025/07/1753456723-%E5%8F%8C%E7%9B%B8%E9%92%A2roduct_Single600.webp HTTP/1.1" 200 22790 "http://cqqizhou.com/" "Mozilla/5.0 (Windows NT 10.0; Win64; x64) AppleWebKit/537.36 (KHTML, like Gecko) Chrome/145.0.0.0 Safari/537.36 Edg/145.0.0.0"
223.73.206.253 - - [09/Apr/2026:08:37:47 +0800] "GET /wp-content/uploads/2025/07/1753453096-%E5%8F%8C%E7%9B%B8%E9%92%A2product_Single600%C3%97284.webp HTTP/1.1" 200 14562 "http://cqqizhou.com/" "Mozilla/5.0 (Windows NT 10.0; Win64; x64) AppleWebKit/537.36 (KHTML, like Gecko) Chrome/145.0.0.0 Safari/537.36 Edg/145.0.0.0"
223.73.206.253 - - [09/Apr/2026:08:37:49 +0800] "GET /wp-content/uploads/2025/07/1753456770-%E7%83%AD%E9%95%80%E9%94%8C%E5%8D%B7product_Single600.webp HTTP/1.1" 200 27502 "http://cqqizhou.com/" "Mozilla/5.0 (Windows NT 10.0; Win64; x64) AppleWebKit/537.36 (KHTML, like Gecko) Chrome/145.0.0.0 Safari/537.36 Edg/145.0.0.0"
223.73.206.253 - - [09/Apr/2026:08:37:49 +0800] "GET /wp-content/uploads/2025/07/1753453127-%E4%BD%99%E5%8D%B7product_Single600%C3%97284.webp HTTP/1.1" 200 18744 "http://cqqizhou.com/" "Mozilla/5.0 (Windows NT 10.0; Win64; x64) AppleWebKit/537.36 (KHTML, like Gecko) Chrome/145.0.0.0 Safari/537.36 Edg/145.0.0.0"
223.73.206.253 - - [09/Apr/2026:08:37:49 +0800] "GET /wp-content/uploads/2026/02/1769999241-4.2%E7%B1%B3%E9%AB%98%E6%A0%8F%E8%B4%A7%E8%BD%A6.webp HTTP/1.1" 200 54794 "http://cqqizhou.com/" "Mozilla/5.0 (Windows NT 10.0; Win64; x64) AppleWebKit/537.36 (KHTML, like Gecko) Chrome/145.0.0.0 Safari/537.36 Edg/145.0.0.0"
223.73.206.253 - - [09/Apr/2026:08:37:49 +0800] "GET /wp-content/uploads/2026/04/1775195054-1Article_images_W900px.webp HTTP/1.1" 200 25562 "http://cqqizhou.com/" "Mozilla/5.0 (Windows NT 10.0; Win64; x64) AppleWebKit/537.36 (KHTML, like Gecko) Chrome/145.0.0.0 Safari/537.36 Edg/145.0.0.0"
223.73.206.253 - - [09/Apr/2026:08:37:50 +0800] "GET /wp-content/uploads/2025/07/1751864664-Logistics800x500_1.webp HTTP/1.1" 200 76914 "http://cqqizhou.com/" "Mozilla/5.0 (Windows NT 10.0; Win64; x64) AppleWebKit/537.36 (KHTML, like Gecko) Chrome/145.0.0.0 Safari/537.36 Edg/145.0.0.0"
223.73.206.253 - - [09/Apr/2026:08:37:50 +0800] "GET /wp-content/uploads/2026/03/1773722869-1Article_images_W900px.webp HTTP/1.1" 200 28566 "http://cqqizhou.com/" "Mozilla/5.0 (Windows NT 10.0; Win64; x64) AppleWebKit/537.36 (KHTML, like Gecko) Chrome/145.0.0.0 Safari/537.36 Edg/145.0.0.0"
223.73.206.253 - - [09/Apr/2026:08:37:50 +0800] "GET /wp-content/uploads/2026/03/1772790791-%E5%B0%81%E9%9D%A2%E5%A4%B4%E5%9B%BEArticle_images_W900%C3%97500px2026.webp HTTP/1.1" 200 52968 "http://cqqizhou.com/" "Mozilla/5.0 (Windows NT 10.0; Win64; x64) AppleWebKit/537.36 (KHTML, like Gecko) Chrome/145.0.0.0 Safari/537.36 Edg/145.0.0.0"
36.133.115.36 - - [09/Apr/2026:08:39:11 +0800] "POST /wp-cron.php?doing_wp_cron=1775695151.6073620319366455078125 HTTP/1.1" 200 31 "-" "WordPress/6.9; http://cqqizhou.com"
111.225.149.184 - - [09/Apr/2026:08:39:11 +0800] "GET /robots.txt HTTP/1.1" 200 190 "-" "Mozilla/5.0 (Linux; Android 5.0) AppleWebKit/537.36 (KHTML, like Gecko) Mobile Safari/537.36 (compatible; Bytespider; https://zhanzhang.toutiao.com/)"
223.73.206.253 - - [09/Apr/2026:08:39:33 +0800] "GET /wp-content/uploads/2025/12/1765268955-qizhou_Slider1_3840%C3%972160_20251210-scaled.webp HTTP/1.1" 200 152162 "http://cqqizhou.com/" "Mozilla/5.0 (Windows NT 10.0; Win64; x64) AppleWebKit/537.36 (KHTML, like Gecko) Chrome/145.0.0.0 Safari/537.36 Edg/145.0.0.0"
