36.133.115.36 - - [09/Apr/2026:10:49:15 +0800] "POST /wp-cron.php?doing_wp_cron=1775702955.5947821140289306640625 HTTP/1.1" 200 31 "-" "WordPress/6.9; http://cqqizhou.com"
112.90.14.92 - - [09/Apr/2026:10:49:15 +0800] "GET /wp-json/oembed/1.0/embed?url=http%3A%2F%2Fcqqizhou.com%2Fnews%2F2162 HTTP/1.1" 200 1298 "-" "Mozilla/5.0 (Windows NT 10.0; Win64; x64) AppleWebKit/537.36 (KHTML, like Gecko) Chrome/104.0.5112.81 Safari/537.36"
36.133.115.36 - - [09/Apr/2026:10:53:47 +0800] "POST /wp-cron.php?doing_wp_cron=1775703227.7355868816375732421875 HTTP/1.1" 200 31 "-" "WordPress/6.9; http://cqqizhou.com"
59.82.61.2 - - [09/Apr/2026:10:53:47 +0800] "GET / HTTP/1.1" 301 5 "-" "Mozilla/5.0 (Windows NT 10.0; Win64; x64) AppleWebKit/537.36 (KHTML, like Gecko) Chrome/111.0.5696.93 Safari/537.36"
59.82.61.47 - - [09/Apr/2026:10:53:47 +0800] "GET / HTTP/1.1" 200 35155 "-" "Mozilla/5.0 (Windows NT 10.0; Win64; x64) AppleWebKit/537.36 (KHTML, like Gecko) Chrome/111.0.5696.93 Safari/537.36"
59.82.61.47 - - [09/Apr/2026:10:53:48 +0800] "GET / HTTP/1.1" 200 35155 "-" "Mozilla/5.0 (Windows NT 10.0; Win64; x64) AppleWebKit/537.36 (KHTML, like Gecko) Chrome/92.0.9811.139 Safari/537.36"
77.36.113.2 - - [09/Apr/2026:10:53:58 +0800] "GET /contacts/ HTTP/1.1" 301 5 "-" "Mozilla/5.0 (X11; Linux x86_64) AppleWebKit/537.36 (KHTML, like Gecko) Chrome/114.0.0.0 Safari/537.36"
77.36.113.4 - - [09/Apr/2026:10:53:59 +0800] "GET /contacts HTTP/1.1" 200 21638 "http://cqqizhou.com/contacts/" "Mozilla/5.0 (X11; Linux x86_64) AppleWebKit/537.36 (KHTML, like Gecko) Chrome/114.0.0.0 Safari/537.36"
77.36.113.9 - - [09/Apr/2026:10:54:02 +0800] "POST /wp-json/contact-form-7/v1/contact-forms/158/feedback HTTP/1.1" 200 218 "http://cqqizhou.com/contacts" "Mozilla/5.0 (X11; Linux x86_64) AppleWebKit/537.36 (KHTML, like Gecko) Chrome/114.0.0.0 Safari/537.36"
36.133.115.36 - - [09/Apr/2026:10:56:01 +0800] "POST /wp-cron.php?doing_wp_cron=1775703361.5272519588470458984375 HTTP/1.1" 200 31 "-" "WordPress/6.9; http://cqqizhou.com"
66.249.74.8 - - [09/Apr/2026:10:56:01 +0800] "GET /news/2373 HTTP/1.1" 200 22207 "-" "Mozilla/5.0 (Linux; Android 6.0.1; Nexus 5X Build/MMB29P) AppleWebKit/537.36 (KHTML, like Gecko) Chrome/146.0.7680.177 Mobile Safari/537.36 (compatible; Googlebot/2.1; +http://www.google.com/bot.html)"
36.133.115.36 - - [09/Apr/2026:10:56:36 +0800] "POST /wp-cron.php?doing_wp_cron=1775703396.8407850265502929687500 HTTP/1.1" 200 31 "-" "WordPress/6.9; http://cqqizhou.com"
120.221.13.13 - - [09/Apr/2026:10:56:36 +0800] "GET /contacts/ HTTP/1.1" 301 5 "-" "Mozilla/5.0 (Windows NT 10.0; Win64; x64) AppleWebKit/537.36 (KHTML, like Gecko) Chrome/136.0.0.0 Safari/537.36"
120.221.13.13 - - [09/Apr/2026:10:56:37 +0800] "GET http://cqqizhou.com/contacts HTTP/1.1" 200 21638 "-" "Mozilla/5.0 (Windows NT 10.0; Win64; x64) AppleWebKit/537.36 (KHTML, like Gecko) Chrome/136.0.0.0 Safari/537.36"
36.133.115.36 - - [09/Apr/2026:11:01:11 +0800] "POST /wp-cron.php?doing_wp_cron=1775703671.5627748966217041015625 HTTP/1.1" 200 31 "-" "WordPress/6.9; http://cqqizhou.com"
95.214.53.42 - - [09/Apr/2026:11:01:11 +0800] "GET /cgi-bin/luci/;stok=/locale HTTP/1.1" 301 5 "-" "Mozilla/5.0 (Windows NT 10.0; Win64; x64) AppleWebKit/537.36 (KHTML, like Gecko) Chrome/141.0.0.0 Safari/537.36"
40.77.179.112 - - [09/Apr/2026:11:07:47 +0800] "GET /media HTTP/1.1" 200 26453 "-" "Mozilla/5.0 AppleWebKit/537.36 (KHTML, like Gecko; compatible; bingbot/2.0; +http://www.bing.com/bingbot.htm) Chrome/136.0.0.0 Safari/537.36"
36.133.115.36 - - [09/Apr/2026:11:33:07 +0800] "POST /wp-cron.php?doing_wp_cron=1775705587.2899239063262939453125 HTTP/1.1" 200 31 "-" "WordPress/6.9; http://cqqizhou.com"
14.108.234.140 - - [09/Apr/2026:11:33:07 +0800] "GET /about/ HTTP/1.1" 301 5 "https://www.baidu.com/link?url=Y_rBMv5wiMKOWg1nMuHFwcdBFNPdn7SASRiS11bBXaC25iM4YM6iHs7O2ZFKmM_W&wd=&eqid=ba253b0200d05b900000000669d71de7" "Mozilla/5.0 (Windows NT 10.0; Win64; x64) AppleWebKit/537.36 (KHTML, like Gecko) Chrome/130.0.0.0 Safari/537.36 QuarkPC/6.6.5.788"
14.108.234.140 - - [09/Apr/2026:11:33:07 +0800] "GET /about HTTP/1.1" 200 24508 "https://www.baidu.com/link?url=Y_rBMv5wiMKOWg1nMuHFwcdBFNPdn7SASRiS11bBXaC25iM4YM6iHs7O2ZFKmM_W&wd=&eqid=ba253b0200d05b900000000669d71de7" "Mozilla/5.0 (Windows NT 10.0; Win64; x64) AppleWebKit/537.36 (KHTML, like Gecko) Chrome/130.0.0.0 Safari/537.36 QuarkPC/6.6.5.788"
14.108.234.140 - - [09/Apr/2026:11:33:07 +0800] "GET /wp-content/uploads/2025/07/1750649803-qizhou800x500_2.webp HTTP/1.1" 200 63616 "http://cqqizhou.com/about" "Mozilla/5.0 (Windows NT 10.0; Win64; x64) AppleWebKit/537.36 (KHTML, like Gecko) Chrome/130.0.0.0 Safari/537.36 QuarkPC/6.6.5.788"
14.108.234.140 - - [09/Apr/2026:11:33:07 +0800] "GET /wp-content/uploads/2025/07/1750945417-honor300%C3%97206_1.webp HTTP/1.1" 200 57666 "http://cqqizhou.com/about" "Mozilla/5.0 (Windows NT 10.0; Win64; x64) AppleWebKit/537.36 (KHTML, like Gecko) Chrome/130.0.0.0 Safari/537.36 QuarkPC/6.6.5.788"
14.108.234.140 - - [09/Apr/2026:11:33:07 +0800] "GET /wp-content/uploads/2025/07/1750945444-honor300%C3%97206_2.webp HTTP/1.1" 200 71296 "http://cqqizhou.com/about" "Mozilla/5.0 (Windows NT 10.0; Win64; x64) AppleWebKit/537.36 (KHTML, like Gecko) Chrome/130.0.0.0 Safari/537.36 QuarkPC/6.6.5.788"
14.108.234.140 - - [09/Apr/2026:11:33:07 +0800] "GET /wp-content/uploads/2025/07/1750671800-partner1_200x50.webp HTTP/1.1" 200 2244 "http://cqqizhou.com/about" "Mozilla/5.0 (Windows NT 10.0; Win64; x64) AppleWebKit/537.36 (KHTML, like Gecko) Chrome/130.0.0.0 Safari/537.36 QuarkPC/6.6.5.788"
14.108.234.140 - - [09/Apr/2026:11:33:07 +0800] "GET /wp-content/uploads/2025/07/1750671801-partner2_200x50.webp HTTP/1.1" 200 3946 "http://cqqizhou.com/about" "Mozilla/5.0 (Windows NT 10.0; Win64; x64) AppleWebKit/537.36 (KHTML, like Gecko) Chrome/130.0.0.0 Safari/537.36 QuarkPC/6.6.5.788"
14.108.234.140 - - [09/Apr/2026:11:33:07 +0800] "GET /wp-content/uploads/2025/07/1750671803-partner3_200x50.webp HTTP/1.1" 200 4414 "http://cqqizhou.com/about" "Mozilla/5.0 (Windows NT 10.0; Win64; x64) AppleWebKit/537.36 (KHTML, like Gecko) Chrome/130.0.0.0 Safari/537.36 QuarkPC/6.6.5.788"
14.108.234.140 - - [09/Apr/2026:11:33:07 +0800] "GET /wp-content/uploads/2025/07/1750671805-partner4_200x50.webp HTTP/1.1" 200 2390 "http://cqqizhou.com/about" "Mozilla/5.0 (Windows NT 10.0; Win64; x64) AppleWebKit/537.36 (KHTML, like Gecko) Chrome/130.0.0.0 Safari/537.36 QuarkPC/6.6.5.788"
14.108.234.140 - - [09/Apr/2026:11:33:07 +0800] "GET /wp-content/uploads/2025/07/1750671806-partner5_200x50.webp HTTP/1.1" 200 2840 "http://cqqizhou.com/about" "Mozilla/5.0 (Windows NT 10.0; Win64; x64) AppleWebKit/537.36 (KHTML, like Gecko) Chrome/130.0.0.0 Safari/537.36 QuarkPC/6.6.5.788"
14.108.234.140 - - [09/Apr/2026:11:33:07 +0800] "GET /wp-content/uploads/2025/07/1750671808-partner6_200x50.webp HTTP/1.1" 200 3004 "http://cqqizhou.com/about" "Mozilla/5.0 (Windows NT 10.0; Win64; x64) AppleWebKit/537.36 (KHTML, like Gecko) Chrome/130.0.0.0 Safari/537.36 QuarkPC/6.6.5.788"
14.108.234.140 - - [09/Apr/2026:11:33:07 +0800] "GET /wp-content/uploads/2025/07/1751425283-qizhou.kf_.qq_.com_.webp HTTP/1.1" 200 16864 "http://cqqizhou.com/about" "Mozilla/5.0 (Windows NT 10.0; Win64; x64) AppleWebKit/537.36 (KHTML, like Gecko) Chrome/130.0.0.0 Safari/537.36 QuarkPC/6.6.5.788"
14.108.234.140 - - [09/Apr/2026:11:33:07 +0800] "GET /wp-content/uploads/2025/06/1750755307-qizhoucangku2000x400_2025624.webp HTTP/1.1" 200 45470 "http://cqqizhou.com/about" "Mozilla/5.0 (Windows NT 10.0; Win64; x64) AppleWebKit/537.36 (KHTML, like Gecko) Chrome/130.0.0.0 Safari/537.36 QuarkPC/6.6.5.788"
14.108.234.140 - - [09/Apr/2026:11:33:07 +0800] "GET /wp-content/uploads/elementor/thumbs/1751209300-Hello-Qizhou3-r91b71mdtei8mab1rr8x739cnvi1mafuaga3vbed3o.webp HTTP/1.1" 200 39120 "http://cqqizhou.com/about" "Mozilla/5.0 (Windows NT 10.0; Win64; x64) AppleWebKit/537.36 (KHTML, like Gecko) Chrome/130.0.0.0 Safari/537.36 QuarkPC/6.6.5.788"
14.108.234.140 - - [09/Apr/2026:11:33:07 +0800] "GET /wp-content/uploads/elementor/thumbs/1751373145-About_Qizhoudalou_W800px-r91b70ok8huvvdr4ynxnf302e8ie3iydlh6ag9ew82.webp HTTP/1.1" 200 37938 "http://cqqizhou.com/about" "Mozilla/5.0 (Windows NT 10.0; Win64; x64) AppleWebKit/537.36 (KHTML, like Gecko) Chrome/130.0.0.0 Safari/537.36 QuarkPC/6.6.5.788"
14.108.234.140 - - [09/Apr/2026:11:33:07 +0800] "GET /wp-content/uploads/2025/07/1750649179-qizhou1920x1080_1.webp HTTP/1.1" 200 172154 "http://cqqizhou.com/about" "Mozilla/5.0 (Windows NT 10.0; Win64; x64) AppleWebKit/537.36 (KHTML, like Gecko) Chrome/130.0.0.0 Safari/537.36 QuarkPC/6.6.5.788"
14.108.234.140 - - [09/Apr/2026:11:33:07 +0800] "GET /wp-content/uploads/2025/07/1750649186-qizhou1920x1080_3.webp HTTP/1.1" 200 134070 "http://cqqizhou.com/about" "Mozilla/5.0 (Windows NT 10.0; Win64; x64) AppleWebKit/537.36 (KHTML, like Gecko) Chrome/130.0.0.0 Safari/537.36 QuarkPC/6.6.5.788"
14.108.234.140 - - [09/Apr/2026:11:33:07 +0800] "GET /wp-content/uploads/2025/07/1750649183-qizhou1920x1080_2.webp HTTP/1.1" 200 267936 "http://cqqizhou.com/about" "Mozilla/5.0 (Windows NT 10.0; Win64; x64) AppleWebKit/537.36 (KHTML, like Gecko) Chrome/130.0.0.0 Safari/537.36 QuarkPC/6.6.5.788"
14.108.234.140 - - [09/Apr/2026:11:33:07 +0800] "GET /wp-content/uploads/2025/07/1750649197-qizhou1920x1080_6.webp HTTP/1.1" 200 150354 "http://cqqizhou.com/about" "Mozilla/5.0 (Windows NT 10.0; Win64; x64) AppleWebKit/537.36 (KHTML, like Gecko) Chrome/130.0.0.0 Safari/537.36 QuarkPC/6.6.5.788"
14.108.234.140 - - [09/Apr/2026:11:33:07 +0800] "GET /wp-content/uploads/2025/07/1750649193-qizhou1920x1080_5.webp HTTP/1.1" 200 110214 "http://cqqizhou.com/about" "Mozilla/5.0 (Windows NT 10.0; Win64; x64) AppleWebKit/537.36 (KHTML, like Gecko) Chrome/130.0.0.0 Safari/537.36 QuarkPC/6.6.5.788"
14.108.234.140 - - [09/Apr/2026:11:33:07 +0800] "GET /wp-content/uploads/2025/07/1750649189-qizhou1920x1080_4.webp HTTP/1.1" 200 174962 "http://cqqizhou.com/about" "Mozilla/5.0 (Windows NT 10.0; Win64; x64) AppleWebKit/537.36 (KHTML, like Gecko) Chrome/130.0.0.0 Safari/537.36 QuarkPC/6.6.5.788"
14.108.234.140 - - [09/Apr/2026:11:33:07 +0800] "GET /wp-content/uploads/2025/07/1750649200-qizhou1920x1080_7.webp HTTP/1.1" 200 238866 "http://cqqizhou.com/about" "Mozilla/5.0 (Windows NT 10.0; Win64; x64) AppleWebKit/537.36 (KHTML, like Gecko) Chrome/130.0.0.0 Safari/537.36 QuarkPC/6.6.5.788"
14.108.234.140 - - [09/Apr/2026:11:33:07 +0800] "GET /wp-content/uploads/2025/07/1750649203-qizhou1920x1080_8.webp HTTP/1.1" 200 256782 "http://cqqizhou.com/about" "Mozilla/5.0 (Windows NT 10.0; Win64; x64) AppleWebKit/537.36 (KHTML, like Gecko) Chrome/130.0.0.0 Safari/537.36 QuarkPC/6.6.5.788"
14.108.234.140 - - [09/Apr/2026:11:33:07 +0800] "GET /wp-content/uploads/2025/07/1750649212-qizhou1920x1080_10.webp HTTP/1.1" 200 143362 "http://cqqizhou.com/about" "Mozilla/5.0 (Windows NT 10.0; Win64; x64) AppleWebKit/537.36 (KHTML, like Gecko) Chrome/130.0.0.0 Safari/537.36 QuarkPC/6.6.5.788"
14.108.234.140 - - [09/Apr/2026:11:33:09 +0800] "GET /wp-content/uploads/2025/07/1750945650-honor300%C3%97206_6.webp HTTP/1.1" 200 66306 "http://cqqizhou.com/about" "Mozilla/5.0 (Windows NT 10.0; Win64; x64) AppleWebKit/537.36 (KHTML, like Gecko) Chrome/130.0.0.0 Safari/537.36 QuarkPC/6.6.5.788"
14.108.234.140 - - [09/Apr/2026:11:33:09 +0800] "GET /wp-content/uploads/2025/07/1750945514-honor300%C3%97206_3.webp HTTP/1.1" 200 74124 "http://cqqizhou.com/about" "Mozilla/5.0 (Windows NT 10.0; Win64; x64) AppleWebKit/537.36 (KHTML, like Gecko) Chrome/130.0.0.0 Safari/537.36 QuarkPC/6.6.5.788"
14.108.234.140 - - [09/Apr/2026:11:33:09 +0800] "GET /wp-content/uploads/2025/07/1750945637-honor300%C3%97206_5.webp HTTP/1.1" 200 77368 "http://cqqizhou.com/about" "Mozilla/5.0 (Windows NT 10.0; Win64; x64) AppleWebKit/537.36 (KHTML, like Gecko) Chrome/130.0.0.0 Safari/537.36 QuarkPC/6.6.5.788"
14.108.234.140 - - [09/Apr/2026:11:33:09 +0800] "GET /wp-content/uploads/2025/07/1750945616-honor300%C3%97206_4.webp HTTP/1.1" 200 33814 "http://cqqizhou.com/about" "Mozilla/5.0 (Windows NT 10.0; Win64; x64) AppleWebKit/537.36 (KHTML, like Gecko) Chrome/130.0.0.0 Safari/537.36 QuarkPC/6.6.5.788"
14.108.234.140 - - [09/Apr/2026:11:33:09 +0800] "GET /wp-content/uploads/2025/07/1750656103-Visionr2000x800_20250623131702.webp HTTP/1.1" 200 57650 "http://cqqizhou.com/wp-content/uploads/elementor/css/post-1849.css?ver=1773749912" "Mozilla/5.0 (Windows NT 10.0; Win64; x64) AppleWebKit/537.36 (KHTML, like Gecko) Chrome/130.0.0.0 Safari/537.36 QuarkPC/6.6.5.788"
14.108.234.140 - - [09/Apr/2026:11:33:31 +0800] "GET / HTTP/1.1" 200 35155 "http://cqqizhou.com/about" "Mozilla/5.0 (Windows NT 10.0; Win64; x64) AppleWebKit/537.36 (KHTML, like Gecko) Chrome/130.0.0.0 Safari/537.36 QuarkPC/6.6.5.788"
14.108.234.140 - - [09/Apr/2026:11:33:32 +0800] "GET /wp-content/uploads/2025/07/1753456723-%E5%8F%8C%E7%9B%B8%E9%92%A2roduct_Single600.webp HTTP/1.1" 200 22790 "http://cqqizhou.com/" "Mozilla/5.0 (Windows NT 10.0; Win64; x64) AppleWebKit/537.36 (KHTML, like Gecko) Chrome/130.0.0.0 Safari/537.36 QuarkPC/6.6.5.788"
14.108.234.140 - - [09/Apr/2026:11:33:32 +0800] "GET /wp-content/uploads/2025/07/1753456770-%E7%83%AD%E9%95%80%E9%94%8C%E5%8D%B7product_Single600.webp HTTP/1.1" 200 27502 "http://cqqizhou.com/" "Mozilla/5.0 (Windows NT 10.0; Win64; x64) AppleWebKit/537.36 (KHTML, like Gecko) Chrome/130.0.0.0 Safari/537.36 QuarkPC/6.6.5.788"
14.108.234.140 - - [09/Apr/2026:11:33:32 +0800] "GET /wp-content/uploads/2025/07/1753453096-%E5%8F%8C%E7%9B%B8%E9%92%A2product_Single600%C3%97284.webp HTTP/1.1" 200 14562 "http://cqqizhou.com/" "Mozilla/5.0 (Windows NT 10.0; Win64; x64) AppleWebKit/537.36 (KHTML, like Gecko) Chrome/130.0.0.0 Safari/537.36 QuarkPC/6.6.5.788"
14.108.234.140 - - [09/Apr/2026:11:33:32 +0800] "GET /wp-content/uploads/2025/07/1753453127-%E4%BD%99%E5%8D%B7product_Single600%C3%97284.webp HTTP/1.1" 200 18744 "http://cqqizhou.com/" "Mozilla/5.0 (Windows NT 10.0; Win64; x64) AppleWebKit/537.36 (KHTML, like Gecko) Chrome/130.0.0.0 Safari/537.36 QuarkPC/6.6.5.788"
14.108.234.140 - - [09/Apr/2026:11:33:32 +0800] "GET /wp-content/uploads/2025/12/1765268955-qizhou_Slider1_3840%C3%972160_20251210-scaled.webp HTTP/1.1" 200 152162 "http://cqqizhou.com/" "Mozilla/5.0 (Windows NT 10.0; Win64; x64) AppleWebKit/537.36 (KHTML, like Gecko) Chrome/130.0.0.0 Safari/537.36 QuarkPC/6.6.5.788"
14.108.234.140 - - [09/Apr/2026:11:33:32 +0800] "GET /wp-content/uploads/revslider/slider-1/1750861156-logistics_Slider_3840%C3%972160_20250625191356-scaled-50x100.webp HTTP/1.1" 200 1416 "http://cqqizhou.com/" "Mozilla/5.0 (Windows NT 10.0; Win64; x64) AppleWebKit/537.36 (KHTML, like Gecko) Chrome/130.0.0.0 Safari/537.36 QuarkPC/6.6.5.788"
14.108.234.140 - - [09/Apr/2026:11:33:32 +0800] "GET /wp-content/uploads/2026/01/1768276119-qizhoujiagong_Slider_3840%C3%972160_20260113-scaled-50x100.webp HTTP/1.1" 200 976 "http://cqqizhou.com/" "Mozilla/5.0 (Windows NT 10.0; Win64; x64) AppleWebKit/537.36 (KHTML, like Gecko) Chrome/130.0.0.0 Safari/537.36 QuarkPC/6.6.5.788"
36.133.115.36 - - [09/Apr/2026:11:33:33 +0800] "POST /wp-cron.php?doing_wp_cron=1775705613.5930840969085693359375 HTTP/1.1" 200 31 "-" "WordPress/6.9; http://cqqizhou.com"
14.108.234.140 - - [09/Apr/2026:11:33:33 +0800] "GET /wp-json/sliderrevolution/sliders/1?srengine=7&slideid=2 HTTP/1.1" 200 2000 "http://cqqizhou.com/" "Mozilla/5.0 (Windows NT 10.0; Win64; x64) AppleWebKit/537.36 (KHTML, like Gecko) Chrome/130.0.0.0 Safari/537.36 QuarkPC/6.6.5.788"
36.133.115.36 - - [09/Apr/2026:11:33:33 +0800] "POST /wp-cron.php?doing_wp_cron=1775705613.5932559967041015625000 HTTP/1.1" 200 31 "-" "WordPress/6.9; http://cqqizhou.com"
14.108.234.140 - - [09/Apr/2026:11:33:33 +0800] "GET /wp-json/sliderrevolution/sliders/1?srengine=7&slideid=4 HTTP/1.1" 200 2580 "http://cqqizhou.com/" "Mozilla/5.0 (Windows NT 10.0; Win64; x64) AppleWebKit/537.36 (KHTML, like Gecko) Chrome/130.0.0.0 Safari/537.36 QuarkPC/6.6.5.788"
14.108.234.140 - - [09/Apr/2026:11:33:33 +0800] "GET /wp-content/uploads/revslider/slider-1/1750861156-logistics_Slider_3840%C3%972160_20250625191356-scaled.webp HTTP/1.1" 200 197360 "http://cqqizhou.com/" "Mozilla/5.0 (Windows NT 10.0; Win64; x64) AppleWebKit/537.36 (KHTML, like Gecko) Chrome/130.0.0.0 Safari/537.36 QuarkPC/6.6.5.788"
14.108.234.140 - - [09/Apr/2026:11:33:33 +0800] "GET /wp-content/uploads/2026/01/1768276119-qizhoujiagong_Slider_3840%C3%972160_20260113-scaled.webp HTTP/1.1" 200 131696 "http://cqqizhou.com/" "Mozilla/5.0 (Windows NT 10.0; Win64; x64) AppleWebKit/537.36 (KHTML, like Gecko) Chrome/130.0.0.0 Safari/537.36 QuarkPC/6.6.5.788"
14.108.234.140 - - [09/Apr/2026:11:33:34 +0800] "GET /wp-content/uploads/2025/07/1750174127-Marketing1920x800_3.webp HTTP/1.1" 200 52790 "http://cqqizhou.com/wp-content/uploads/elementor/css/post-1666.css?ver=1773725585" "Mozilla/5.0 (Windows NT 10.0; Win64; x64) AppleWebKit/537.36 (KHTML, like Gecko) Chrome/130.0.0.0 Safari/537.36 QuarkPC/6.6.5.788"
14.108.234.140 - - [09/Apr/2026:11:33:48 +0800] "GET /services HTTP/1.1" 200 31707 "http://cqqizhou.com/about" "Mozilla/5.0 (Windows NT 10.0; Win64; x64) AppleWebKit/537.36 (KHTML, like Gecko) Chrome/130.0.0.0 Safari/537.36 QuarkPC/6.6.5.788"
14.108.234.140 - - [09/Apr/2026:11:33:48 +0800] "GET /wp-content/uploads/2025/07/1751829518-Precision-processing-services800x500.webp HTTP/1.1" 200 28964 "http://cqqizhou.com/services" "Mozilla/5.0 (Windows NT 10.0; Win64; x64) AppleWebKit/537.36 (KHTML, like Gecko) Chrome/130.0.0.0 Safari/537.36 QuarkPC/6.6.5.788"
14.108.234.140 - - [09/Apr/2026:11:33:48 +0800] "GET /wp-content/uploads/2025/12/1764853155-ISO2-214x300.webp HTTP/1.1" 200 12682 "http://cqqizhou.com/services" "Mozilla/5.0 (Windows NT 10.0; Win64; x64) AppleWebKit/537.36 (KHTML, like Gecko) Chrome/130.0.0.0 Safari/537.36 QuarkPC/6.6.5.788"
14.108.234.140 - - [09/Apr/2026:11:33:48 +0800] "GET /wp-content/uploads/2025/12/1764853157-ISO3-214x300.webp HTTP/1.1" 200 13896 "http://cqqizhou.com/services" "Mozilla/5.0 (Windows NT 10.0; Win64; x64) AppleWebKit/537.36 (KHTML, like Gecko) Chrome/130.0.0.0 Safari/537.36 QuarkPC/6.6.5.788"
14.108.234.140 - - [09/Apr/2026:11:33:49 +0800] "POST /wp-admin/admin-ajax.php HTTP/1.1" 403 33 "http://cqqizhou.com/services" "Mozilla/5.0 (Windows NT 10.0; Win64; x64) AppleWebKit/537.36 (KHTML, like Gecko) Chrome/130.0.0.0 Safari/537.36 QuarkPC/6.6.5.788"
14.108.234.140 - - [09/Apr/2026:11:33:52 +0800] "GET /logistics HTTP/1.1" 200 25702 "http://cqqizhou.com/services" "Mozilla/5.0 (Windows NT 10.0; Win64; x64) AppleWebKit/537.36 (KHTML, like Gecko) Chrome/130.0.0.0 Safari/537.36 QuarkPC/6.6.5.788"
14.108.234.140 - - [09/Apr/2026:11:33:52 +0800] "GET /wp-content/uploads/2026/01/1767696142-aojiaqiao20260104.webp HTTP/1.1" 200 184988 "http://cqqizhou.com/logistics" "Mozilla/5.0 (Windows NT 10.0; Win64; x64) AppleWebKit/537.36 (KHTML, like Gecko) Chrome/130.0.0.0 Safari/537.36 QuarkPC/6.6.5.788"
14.108.234.140 - - [09/Apr/2026:11:33:52 +0800] "GET /wp-content/uploads/2026/01/1767696162-qizhoutruck3.webp HTTP/1.1" 200 19026 "http://cqqizhou.com/logistics" "Mozilla/5.0 (Windows NT 10.0; Win64; x64) AppleWebKit/537.36 (KHTML, like Gecko) Chrome/130.0.0.0 Safari/537.36 QuarkPC/6.6.5.788"
14.108.234.140 - - [09/Apr/2026:11:33:52 +0800] "GET /wp-content/uploads/2025/11/1762864381-QZ_Photo-7.webp HTTP/1.1" 200 129922 "http://cqqizhou.com/logistics" "Mozilla/5.0 (Windows NT 10.0; Win64; x64) AppleWebKit/537.36 (KHTML, like Gecko) Chrome/130.0.0.0 Safari/537.36 QuarkPC/6.6.5.788"
14.108.234.140 - - [09/Apr/2026:11:33:52 +0800] "GET /wp-content/uploads/2025/12/1765862012-DSC20251216131140.webp HTTP/1.1" 200 78744 "http://cqqizhou.com/logistics" "Mozilla/5.0 (Windows NT 10.0; Win64; x64) AppleWebKit/537.36 (KHTML, like Gecko) Chrome/130.0.0.0 Safari/537.36 QuarkPC/6.6.5.788"
14.108.234.140 - - [09/Apr/2026:11:33:52 +0800] "GET /wp-content/uploads/logistics/Conatiner-5.webp HTTP/1.1" 200 63396 "http://cqqizhou.com/logistics" "Mozilla/5.0 (Windows NT 10.0; Win64; x64) AppleWebKit/537.36 (KHTML, like Gecko) Chrome/130.0.0.0 Safari/537.36 QuarkPC/6.6.5.788"
14.108.234.140 - - [09/Apr/2026:11:33:53 +0800] "GET /wp-json/contact-form-7/v1/contact-forms/1444/feedback/schema HTTP/1.1" 200 270 "http://cqqizhou.com/logistics" "Mozilla/5.0 (Windows NT 10.0; Win64; x64) AppleWebKit/537.36 (KHTML, like Gecko) Chrome/130.0.0.0 Safari/537.36 QuarkPC/6.6.5.788"
14.108.234.140 - - [09/Apr/2026:11:33:54 +0800] "GET /wp-json/contact-form-7/v1/contact-forms/1444/refill HTTP/1.1" 200 33 "http://cqqizhou.com/logistics" "Mozilla/5.0 (Windows NT 10.0; Win64; x64) AppleWebKit/537.36 (KHTML, like Gecko) Chrome/130.0.0.0 Safari/537.36 QuarkPC/6.6.5.788"
14.108.234.140 - - [09/Apr/2026:11:33:54 +0800] "GET /media HTTP/1.1" 200 26453 "http://cqqizhou.com/logistics" "Mozilla/5.0 (Windows NT 10.0; Win64; x64) AppleWebKit/537.36 (KHTML, like Gecko) Chrome/130.0.0.0 Safari/537.36 QuarkPC/6.6.5.788"
14.108.234.140 - - [09/Apr/2026:11:33:54 +0800] "GET /wp-content/uploads/2026/02/1772086672-%E5%BC%80%E5%B7%A5%E5%A4%A7%E5%90%89%E5%B0%81%E9%9D%A2%E5%A4%B4%E5%9B%BEArticle_images_W900%C3%97500px-300x167.webp HTTP/1.1" 200 21246 "http://cqqizhou.com/media" "Mozilla/5.0 (Windows NT 10.0; Win64; x64) AppleWebKit/537.36 (KHTML, like Gecko) Chrome/130.0.0.0 Safari/537.36 QuarkPC/6.6.5.788"
14.108.234.140 - - [09/Apr/2026:11:33:54 +0800] "GET /wp-content/uploads/2025/07/1751864664-Logistics800x500_1-300x188.webp HTTP/1.1" 200 18996 "http://cqqizhou.com/media" "Mozilla/5.0 (Windows NT 10.0; Win64; x64) AppleWebKit/537.36 (KHTML, like Gecko) Chrome/130.0.0.0 Safari/537.36 QuarkPC/6.6.5.788"
14.108.234.140 - - [09/Apr/2026:11:33:54 +0800] "GET /wp-content/uploads/2026/03/1773722869-1Article_images_W900px-300x169.webp HTTP/1.1" 200 8634 "http://cqqizhou.com/media" "Mozilla/5.0 (Windows NT 10.0; Win64; x64) AppleWebKit/537.36 (KHTML, like Gecko) Chrome/130.0.0.0 Safari/537.36 QuarkPC/6.6.5.788"
14.108.234.140 - - [09/Apr/2026:11:33:54 +0800] "GET /wp-content/uploads/2026/03/1772790791-%E5%B0%81%E9%9D%A2%E5%A4%B4%E5%9B%BEArticle_images_W900%C3%97500px2026-300x167.webp HTTP/1.1" 200 14144 "http://cqqizhou.com/media" "Mozilla/5.0 (Windows NT 10.0; Win64; x64) AppleWebKit/537.36 (KHTML, like Gecko) Chrome/130.0.0.0 Safari/537.36 QuarkPC/6.6.5.788"
14.108.234.140 - - [09/Apr/2026:11:33:54 +0800] "GET /wp-content/uploads/media/qizhou_Brochure.webp HTTP/1.1" 200 26142 "http://cqqizhou.com/media" "Mozilla/5.0 (Windows NT 10.0; Win64; x64) AppleWebKit/537.36 (KHTML, like Gecko) Chrome/130.0.0.0 Safari/537.36 QuarkPC/6.6.5.788"
14.108.234.140 - - [09/Apr/2026:11:33:59 +0800] "GET /wp-content/uploads/2025/12/1764853152-ISO1-214x300.webp HTTP/1.1" 200 13812 "http://cqqizhou.com/services" "Mozilla/5.0 (Windows NT 10.0; Win64; x64) AppleWebKit/537.36 (KHTML, like Gecko) Chrome/130.0.0.0 Safari/537.36 QuarkPC/6.6.5.788"
14.108.234.140 - - [09/Apr/2026:11:34:00 +0800] "POST /wp-admin/admin-ajax.php HTTP/1.1" 403 33 "http://cqqizhou.com/services" "Mozilla/5.0 (Windows NT 10.0; Win64; x64) AppleWebKit/537.36 (KHTML, like Gecko) Chrome/130.0.0.0 Safari/537.36 QuarkPC/6.6.5.788"
36.133.115.36 - - [09/Apr/2026:11:36:27 +0800] "POST /wp-cron.php?doing_wp_cron=1775705787.8447530269622802734375 HTTP/1.1" 200 31 "-" "WordPress/6.9; http://cqqizhou.com"
5.61.209.107 - - [09/Apr/2026:11:36:27 +0800] "GET /SDK/webLanguage HTTP/1.1" 301 5 "-" "Mozilla/5.0 (Windows NT 10.0; Win64; x64) AppleWebKit/537.36 (KHTML, like Gecko) Chrome/90.0.4430.85 Safari/537.36 Edg/90.0.818.46"
36.133.115.36 - - [09/Apr/2026:11:37:33 +0800] "POST /wp-cron.php?doing_wp_cron=1775705853.2142419815063476562500 HTTP/1.1" 200 31 "-" "WordPress/6.9; http://cqqizhou.com"
58.222.46.45 - - [09/Apr/2026:11:37:33 +0800] "GET /news/2535 HTTP/1.1" 200 19755 "-" "Mozilla/5.0 (Windows NT 10.0; Win64; x64) AppleWebKit/537.36 (KHTML, like Gecko) Chrome/142.0.0.0 Safari/537.36"
36.133.115.36 - - [09/Apr/2026:12:06:01 +0800] "POST /wp-cron.php?doing_wp_cron=1775707561.8106238842010498046875 HTTP/1.1" 200 31 "-" "WordPress/6.9; http://cqqizhou.com"
39.146.95.132 - - [09/Apr/2026:12:06:01 +0800] "GET / HTTP/1.1" 301 5 "-" "Mozilla/5.0 (Windows NT 10.0) AppleWebKit/537.36 (KHTML, like Gecko) Chrome/74.0.3729.6"
39.146.95.132 - - [09/Apr/2026:12:06:01 +0800] "GET http://cqqizhou.com/ HTTP/1.1" 200 35155 "-" "Mozilla/5.0 (Windows NT 10.0) AppleWebKit/537.36 (KHTML, like Gecko) Chrome/74.0.3729.6"
106.116.98.44 - - [09/Apr/2026:12:06:02 +0800] "GET / HTTP/1.1" 200 35155 "-" "Mozilla/5.0 (Windows NT 6.2; Win64; x64) AppleWebKit/537.36 (KHTML, like Gecko) Chrome/85.0.4183.83"
183.223.125.14 - - [09/Apr/2026:12:09:24 +0800] "GET /news/2547 HTTP/1.1" 200 24684 "-" "Mozilla/5.0 (Windows NT 6.2) AppleWebKit/537.36 (KHTML, like Gecko) Chrome/71.0.3578.137"
36.133.115.36 - - [09/Apr/2026:12:19:05 +0800] "POST /wp-cron.php?doing_wp_cron=1775708345.7637081146240234375000 HTTP/1.1" 200 31 "-" "WordPress/6.9; http://cqqizhou.com"
43.155.157.239 - - [09/Apr/2026:12:19:05 +0800] "GET / HTTP/1.1" 200 34718 "-" "Mozilla/5.0 (iPhone; CPU iPhone OS 13_2_3 like Mac OS X) AppleWebKit/605.1.15 (KHTML, like Gecko) Version/13.0.3 Mobile/15E148 Safari/604.1"
36.133.115.36 - - [09/Apr/2026:12:26:59 +0800] "POST /wp-cron.php?doing_wp_cron=1775708819.2285170555114746093750 HTTP/1.1" 200 31 "-" "WordPress/6.9; http://cqqizhou.com"
47.128.31.115 - - [09/Apr/2026:12:26:59 +0800] "GET /robots.txt HTTP/1.1" 200 190 "-" "Mozilla/5.0 (Linux; Android 5.0) AppleWebKit/537.36 (KHTML, like Gecko) Mobile Safari/537.36 (compatible; Bytespider; spider-feedback@bytedance.com)"
36.133.115.36 - - [09/Apr/2026:12:29:15 +0800] "POST /wp-cron.php?doing_wp_cron=1775708955.1378619670867919921875 HTTP/1.1" 200 31 "-" "WordPress/6.9; http://cqqizhou.com"
43.135.138.128 - - [09/Apr/2026:12:29:15 +0800] "GET / HTTP/1.1" 301 5 "-" "Mozilla/5.0 (iPhone; CPU iPhone OS 13_2_3 like Mac OS X) AppleWebKit/605.1.15 (KHTML, like Gecko) Version/13.0.3 Mobile/15E148 Safari/604.1"
43.135.138.128 - - [09/Apr/2026:12:29:17 +0800] "GET / HTTP/1.1" 200 34718 "http://36.133.115.36" "Mozilla/5.0 (iPhone; CPU iPhone OS 13_2_3 like Mac OS X) AppleWebKit/605.1.15 (KHTML, like Gecko) Version/13.0.3 Mobile/15E148 Safari/604.1"
36.133.115.36 - - [09/Apr/2026:12:50:00 +0800] "POST /wp-cron.php?doing_wp_cron=1775710200.7319180965423583984375 HTTP/1.1" 200 31 "-" "WordPress/6.9; http://cqqizhou.com"
66.249.74.8 - - [09/Apr/2026:12:50:00 +0800] "GET /media/2 HTTP/1.1" 200 26052 "-" "Mozilla/5.0 (Linux; Android 6.0.1; Nexus 5X Build/MMB29P) AppleWebKit/537.36 (KHTML, like Gecko) Chrome/146.0.7680.177 Mobile Safari/537.36 (compatible; Googlebot/2.1; +http://www.google.com/bot.html)"
36.133.115.36 - - [09/Apr/2026:12:57:14 +0800] "POST /wp-cron.php?doing_wp_cron=1775710634.7143509387969970703125 HTTP/1.1" 200 31 "-" "WordPress/6.9; http://cqqizhou.com"
157.148.59.93 - - [09/Apr/2026:12:57:14 +0800] "GET /news/2159 HTTP/1.1" 200 28686 "-" "Mozilla/5.0 (Windows NT 10.0; Win64; x64) AppleWebKit/537.36 (KHTML, like Gecko) Chrome/132.0.0.0 Safari/537.36"
36.133.115.36 - - [09/Apr/2026:13:04:55 +0800] "POST /wp-cron.php?doing_wp_cron=1775711095.0668199062347412109375 HTTP/1.1" 200 31 "-" "WordPress/6.9; http://cqqizhou.com"
160.25.72.34 - - [09/Apr/2026:13:04:55 +0800] "GET / HTTP/1.1" 301 5 "-" "Mozilla/5.0 (Windows NT 10.0; Win64; x64; rv:109.0) Gecko/20100101 Firefox/111.0"
160.25.72.34 - - [09/Apr/2026:13:04:55 +0800] "GET / HTTP/1.1" 200 35155 "-" "Mozilla/5.0 (Windows NT 10.0; Win64; x64; rv:109.0) Gecko/20100101 Firefox/111.0"
36.133.115.36 - - [09/Apr/2026:13:07:06 +0800] "POST /wp-cron.php?doing_wp_cron=1775711226.6589040756225585937500 HTTP/1.1" 200 31 "-" "WordPress/6.9; http://cqqizhou.com"
116.179.32.34 - - [09/Apr/2026:13:07:06 +0800] "GET /news/2052 HTTP/1.1" 200 25632 "-" "Mozilla/5.0 (compatible; Baiduspider/2.0; +http://www.baidu.com/search/spider.html)"
116.179.37.109 - - [09/Apr/2026:13:07:32 +0800] "GET /wp-content/uploads/2025/07/1753453719-Article_images1_W900px.webp HTTP/1.1" 200 78234 "http://cqqizhou.com/news/2052" "Mozilla/5.0 (compatible; Baiduspider-render/2.0; +http://www.baidu.com/search/spider.html)"
36.133.115.36 - - [09/Apr/2026:13:09:56 +0800] "POST /wp-cron.php?doing_wp_cron=1775711396.1402120590209960937500 HTTP/1.1" 200 31 "-" "WordPress/6.9; http://cqqizhou.com"
183.246.188.244 - - [09/Apr/2026:13:09:56 +0800] "GET /news/2418 HTTP/1.1" 200 27273 "-" "Mozilla/5.0 (Windows NT 11.0; Win64; x64) AppleWebKit/537.36 (KHTML, like Gecko) Chrome/129.1.0 Safari/537.36 Edg/129.1.0"
183.215.51.176 - - [09/Apr/2026:13:09:59 +0800] "GET /news/2418 HTTP/1.1" 200 27292 "-" "Mozilla/5.0 (Windows NT 10.0; Win64; x64) AppleWebKit/537.36 (KHTML, like Gecko) Chrome/124.0.0.0 Safari/537.36 SLBrowser/9.0.5.12181 SLBChan/6 SLBVPV/64-bit"
116.178.56.35 - - [09/Apr/2026:13:10:04 +0800] "GET /news/2418 HTTP/1.1" 200 27292 "-" "Mozilla/5.0 (Macintosh; Intel Mac OS X 12_0_0) AppleWebKit/537.36 (KHTML, like Gecko) Chrome/133.0.0 Safari/537.36 Edg/133.0.0"
36.133.115.36 - - [09/Apr/2026:13:21:07 +0800] "POST /wp-cron.php?doing_wp_cron=1775712067.3759880065917968750000 HTTP/1.1" 200 31 "-" "WordPress/6.9; http://cqqizhou.com"
144.52.197.172 - - [09/Apr/2026:13:21:07 +0800] "GET / HTTP/1.1" 301 5 "-" "Go-http-client/1.1"
144.52.197.172 - - [09/Apr/2026:13:21:07 +0800] "GET / HTTP/1.1" 200 35155 "http://xa5.shaanxi.cn.antiddos.cspt.fullcone.cn" "Go-http-client/1.1"
36.133.115.36 - - [09/Apr/2026:13:25:28 +0800] "POST /wp-cron.php?doing_wp_cron=1775712328.4678599834442138671875 HTTP/1.1" 200 31 "-" "WordPress/6.9; http://cqqizhou.com"
122.228.17.118 - - [09/Apr/2026:13:25:28 +0800] "GET /news/portfolio/%E5%86%B7%E8%BD%A7%E6%9D%BF HTTP/1.1" 200 22169 "-" "Mozilla/5.0 (Macintosh; Intel Mac OS X 11_0_0) AppleWebKit/537.36 (KHTML, like Gecko) Chrome/132.1.0 Safari/537.36 Edg/132.1.0"
218.91.221.107 - - [09/Apr/2026:13:25:29 +0800] "GET /news/portfolio/%E5%86%B7%E8%BD%A7%E6%9D%BF HTTP/1.1" 200 22188 "-" "Mozilla/5.0 (Windows NT 10.0; Win64; x64) AppleWebKit/537.36 (KHTML, like Gecko) Chrome/126.0.0.0 Safari/537.36 Edg/128.0.1370.42"
66.249.74.9 - - [09/Apr/2026:13:26:04 +0800] "GET /news/2547 HTTP/1.1" 200 20628 "-" "Mozilla/5.0 (Linux; Android 6.0.1; Nexus 5X Build/MMB29P) AppleWebKit/537.36 (KHTML, like Gecko) Chrome/146.0.7680.177 Mobile Safari/537.36 (compatible; GoogleOther)"
198.244.240.108 - - [09/Apr/2026:13:39:31 +0800] "GET / HTTP/1.1" 200 35155 "-" "Mozilla/5.0 (compatible; AhrefsBot/7.0; +http://ahrefs.com/robot/)"
198.244.168.71 - - [09/Apr/2026:13:43:55 +0800] "GET /wp-content/uploads/2026/04/1775698332-Article_images_W900px.webp HTTP/1.1" 200 49852 "-" "Mozilla/5.0 (compatible; AhrefsBot/7.0; +http://ahrefs.com/robot/)"
36.133.115.36 - - [09/Apr/2026:13:51:26 +0800] "POST /wp-cron.php?doing_wp_cron=1775713886.7361340522766113281250 HTTP/1.1" 200 31 "-" "WordPress/6.9; http://cqqizhou.com"
223.15.245.170 - - [09/Apr/2026:13:51:26 +0800] "GET / HTTP/1.1" 301 5 "-" "Mozilla/5.0 (iPhone; CPU iPhone OS 13_2_3 like Mac OS X) AppleWebKit/605.1.15 (KHTML, like Gecko) Version/13.0.3 Mobile/15E148 Safari/604.1"
45.3.37.8 - - [09/Apr/2026:13:51:27 +0800] "GET /contacts HTTP/1.1" 200 21638 "-" "Mozilla/5.0 (X11; Linux x86_64) AppleWebKit/537.36 (KHTML, like Gecko) Chrome/114.0.0.0 Safari/537.36 OPR/89.0.4447.51"
45.3.37.8 - - [09/Apr/2026:13:51:30 +0800] "POST /wp-json/contact-form-7/v1/contact-forms/158/feedback HTTP/1.1" 200 218 "http://cqqizhou.com/contacts" "Mozilla/5.0 (X11; Linux x86_64) AppleWebKit/537.36 (KHTML, like Gecko) Chrome/114.0.0.0 Safari/537.36 OPR/89.0.4447.51"
223.15.245.170 - - [09/Apr/2026:13:51:32 +0800] "GET / HTTP/1.1" 200 34718 "http://www.cqqizhou.com" "Mozilla/5.0 (iPhone; CPU iPhone OS 13_2_3 like Mac OS X) AppleWebKit/605.1.15 (KHTML, like Gecko) Version/13.0.3 Mobile/15E148 Safari/604.1"
36.133.115.36 - - [09/Apr/2026:13:54:35 +0800] "POST /wp-cron.php?doing_wp_cron=1775714075.9390261173248291015625 HTTP/1.1" 200 31 "-" "WordPress/6.9; http://cqqizhou.com"
117.80.229.47 - - [09/Apr/2026:13:54:35 +0800] "POST /hello.world?%ADd+allow_url_include%3d1+%ADd+auto_prepend_file%3dphp://input HTTP/1.1" 404 31365 "-" "libredtail-http"
117.80.229.47 - - [09/Apr/2026:13:54:37 +0800] "POST /?%ADd+allow_url_include%3d1+%ADd+auto_prepend_file%3dphp://input HTTP/1.1" 200 156884 "-" "libredtail-http"
117.80.229.47 - - [09/Apr/2026:13:54:37 +0800] "GET /vendor/phpunit/phpunit/src/Util/PHP/eval-stdin.php HTTP/1.1" 404 27 "-" "libredtail-http"
117.80.229.47 - - [09/Apr/2026:13:54:37 +0800] "GET /vendor/phpunit/phpunit/Util/PHP/eval-stdin.php HTTP/1.1" 404 27 "-" "libredtail-http"
117.80.229.47 - - [09/Apr/2026:13:54:37 +0800] "GET /vendor/phpunit/src/Util/PHP/eval-stdin.php HTTP/1.1" 404 27 "-" "libredtail-http"
117.80.229.47 - - [09/Apr/2026:13:54:37 +0800] "GET /vendor/phpunit/Util/PHP/eval-stdin.php HTTP/1.1" 404 27 "-" "libredtail-http"
117.80.229.47 - - [09/Apr/2026:13:54:37 +0800] "GET /vendor/phpunit/phpunit/LICENSE/eval-stdin.php HTTP/1.1" 404 27 "-" "libredtail-http"
117.80.229.47 - - [09/Apr/2026:13:54:37 +0800] "GET /vendor/vendor/phpunit/phpunit/src/Util/PHP/eval-stdin.php HTTP/1.1" 404 27 "-" "libredtail-http"
117.80.229.47 - - [09/Apr/2026:13:54:37 +0800] "GET /phpunit/phpunit/src/Util/PHP/eval-stdin.php HTTP/1.1" 404 27 "-" "libredtail-http"
117.80.229.47 - - [09/Apr/2026:13:54:37 +0800] "GET /phpunit/phpunit/Util/PHP/eval-stdin.php HTTP/1.1" 404 27 "-" "libredtail-http"
117.80.229.47 - - [09/Apr/2026:13:54:37 +0800] "GET /phpunit/src/Util/PHP/eval-stdin.php HTTP/1.1" 404 27 "-" "libredtail-http"
117.80.229.47 - - [09/Apr/2026:13:54:37 +0800] "GET /phpunit/Util/PHP/eval-stdin.php HTTP/1.1" 404 27 "-" "libredtail-http"
117.80.229.47 - - [09/Apr/2026:13:54:37 +0800] "GET /lib/phpunit/phpunit/src/Util/PHP/eval-stdin.php HTTP/1.1" 404 27 "-" "libredtail-http"
117.80.229.47 - - [09/Apr/2026:13:54:37 +0800] "GET /lib/phpunit/phpunit/Util/PHP/eval-stdin.php HTTP/1.1" 404 27 "-" "libredtail-http"
117.80.229.47 - - [09/Apr/2026:13:54:37 +0800] "GET /lib/phpunit/src/Util/PHP/eval-stdin.php HTTP/1.1" 404 27 "-" "libredtail-http"
117.80.229.47 - - [09/Apr/2026:13:54:37 +0800] "GET /lib/phpunit/Util/PHP/eval-stdin.php HTTP/1.1" 404 27 "-" "libredtail-http"
117.80.229.47 - - [09/Apr/2026:13:54:37 +0800] "GET /lib/vendor/phpunit/phpunit/src/Util/PHP/eval-stdin.php HTTP/1.1" 404 27 "-" "libredtail-http"
117.80.229.47 - - [09/Apr/2026:13:54:37 +0800] "GET /laravel/vendor/phpunit/phpunit/src/Util/PHP/eval-stdin.php HTTP/1.1" 404 27 "-" "libredtail-http"
117.80.229.47 - - [09/Apr/2026:13:54:37 +0800] "GET /www/vendor/phpunit/phpunit/src/Util/PHP/eval-stdin.php HTTP/1.1" 404 27 "-" "libredtail-http"
117.80.229.47 - - [09/Apr/2026:13:54:37 +0800] "GET /ws/vendor/phpunit/phpunit/src/Util/PHP/eval-stdin.php HTTP/1.1" 404 27 "-" "libredtail-http"
117.80.229.47 - - [09/Apr/2026:13:54:37 +0800] "GET /yii/vendor/phpunit/phpunit/src/Util/PHP/eval-stdin.php HTTP/1.1" 404 27 "-" "libredtail-http"
117.80.229.47 - - [09/Apr/2026:13:54:37 +0800] "GET /zend/vendor/phpunit/phpunit/src/Util/PHP/eval-stdin.php HTTP/1.1" 404 27 "-" "libredtail-http"
117.80.229.47 - - [09/Apr/2026:13:54:37 +0800] "GET /ws/ec/vendor/phpunit/phpunit/src/Util/PHP/eval-stdin.php HTTP/1.1" 404 27 "-" "libredtail-http"
117.80.229.47 - - [09/Apr/2026:13:54:37 +0800] "GET /V2/vendor/phpunit/phpunit/src/Util/PHP/eval-stdin.php HTTP/1.1" 404 27 "-" "libredtail-http"
117.80.229.47 - - [09/Apr/2026:13:54:37 +0800] "GET /tests/vendor/phpunit/phpunit/src/Util/PHP/eval-stdin.php HTTP/1.1" 404 27 "-" "libredtail-http"
117.80.229.47 - - [09/Apr/2026:13:54:37 +0800] "GET /test/vendor/phpunit/phpunit/src/Util/PHP/eval-stdin.php HTTP/1.1" 404 27 "-" "libredtail-http"
117.80.229.47 - - [09/Apr/2026:13:54:37 +0800] "GET /testing/vendor/phpunit/phpunit/src/Util/PHP/eval-stdin.php HTTP/1.1" 404 27 "-" "libredtail-http"
117.80.229.47 - - [09/Apr/2026:13:54:37 +0800] "GET /api/vendor/phpunit/phpunit/src/Util/PHP/eval-stdin.php HTTP/1.1" 404 27 "-" "libredtail-http"
117.80.229.47 - - [09/Apr/2026:13:54:37 +0800] "GET /demo/vendor/phpunit/phpunit/src/Util/PHP/eval-stdin.php HTTP/1.1" 404 27 "-" "libredtail-http"
117.80.229.47 - - [09/Apr/2026:13:54:38 +0800] "GET /cms/vendor/phpunit/phpunit/src/Util/PHP/eval-stdin.php HTTP/1.1" 404 27 "-" "libredtail-http"
117.80.229.47 - - [09/Apr/2026:13:54:38 +0800] "GET /crm/vendor/phpunit/phpunit/src/Util/PHP/eval-stdin.php HTTP/1.1" 404 27 "-" "libredtail-http"
117.80.229.47 - - [09/Apr/2026:13:54:38 +0800] "GET /admin/vendor/phpunit/phpunit/src/Util/PHP/eval-stdin.php HTTP/1.1" 404 27 "-" "libredtail-http"
117.80.229.47 - - [09/Apr/2026:13:54:38 +0800] "GET /backup/vendor/phpunit/phpunit/src/Util/PHP/eval-stdin.php HTTP/1.1" 404 27 "-" "libredtail-http"
117.80.229.47 - - [09/Apr/2026:13:54:38 +0800] "GET /blog/vendor/phpunit/phpunit/src/Util/PHP/eval-stdin.php HTTP/1.1" 404 27 "-" "libredtail-http"
117.80.229.47 - - [09/Apr/2026:13:54:38 +0800] "GET /workspace/drupal/vendor/phpunit/phpunit/src/Util/PHP/eval-stdin.php HTTP/1.1" 404 27 "-" "libredtail-http"
117.80.229.47 - - [09/Apr/2026:13:54:38 +0800] "GET /panel/vendor/phpunit/phpunit/src/Util/PHP/eval-stdin.php HTTP/1.1" 404 27 "-" "libredtail-http"
117.80.229.47 - - [09/Apr/2026:13:54:38 +0800] "GET /public/vendor/phpunit/phpunit/src/Util/PHP/eval-stdin.php HTTP/1.1" 404 27 "-" "libredtail-http"
117.80.229.47 - - [09/Apr/2026:13:54:38 +0800] "GET /apps/vendor/phpunit/phpunit/src/Util/PHP/eval-stdin.php HTTP/1.1" 404 27 "-" "libredtail-http"
117.80.229.47 - - [09/Apr/2026:13:54:38 +0800] "GET /app/vendor/phpunit/phpunit/src/Util/PHP/eval-stdin.php HTTP/1.1" 404 27 "-" "libredtail-http"
117.80.229.47 - - [09/Apr/2026:13:54:39 +0800] "GET /index.php?s=/index/\x5Cthink\x5Capp/invokefunction&function=call_user_func_array&vars[0]=md5&vars[1][]=Hello HTTP/1.1" 200 65918 "-" "libredtail-http"
117.80.229.47 - - [09/Apr/2026:13:54:39 +0800] "GET /public/index.php?s=/index/\x5Cthink\x5Capp/invokefunction&function=call_user_func_array&vars[0]=md5&vars[1][]=Hello HTTP/1.1" 404 27 "-" "libredtail-http"
117.80.229.47 - - [09/Apr/2026:13:54:40 +0800] "GET /index.php?lang=../../../../../../../../usr/local/lib/php/pearcmd&+config-create+/&/<?echo(md5(\x22hi\x22));?>+/tmp/index1.php HTTP/1.1" 200 156884 "-" "libredtail-http"
117.80.229.47 - - [09/Apr/2026:13:54:41 +0800] "GET /index.php?lang=../../../../../../../../tmp/index1 HTTP/1.1" 200 156884 "-" "libredtail-http"
117.80.229.47 - - [09/Apr/2026:13:54:42 +0800] "GET /containers/json HTTP/1.1" 301 5 "-" "libredtail-http"
36.133.115.36 - - [09/Apr/2026:14:13:20 +0800] "POST /wp-cron.php?doing_wp_cron=1775715200.7783689498901367187500 HTTP/1.1" 200 31 "-" "WordPress/6.9; http://cqqizhou.com"
104.236.92.7 - - [09/Apr/2026:14:13:20 +0800] "GET /.git/config HTTP/1.1" 404 8948 "-" "Mozilla/5.0 (X11; Linux x86_64) AppleWebKit/537.36 (KHTML, like Gecko) Chrome/81.0.4044.129 Safari/537.36"
13.223.99.204 - - [09/Apr/2026:14:22:15 +0800] "GET / HTTP/1.1" 200 35155 "-" "Mozilla/5.0 (Windows NT 10.0; Win64; x64) AppleWebKit/537.36 (KHTML, like Gecko) Chrome/125.0.0.0 Safari/537.36"
36.133.115.36 - - [09/Apr/2026:14:35:55 +0800] "POST /wp-cron.php?doing_wp_cron=1775716555.5436251163482666015625 HTTP/1.1" 200 31 "-" "WordPress/6.9; http://cqqizhou.com"
113.248.98.33 - - [09/Apr/2026:14:35:55 +0800] "GET /?id=1 HTTP/1.1" 301 5 "-" "Mozilla/5.0 (Windows NT 10.0; Win64; x64) AppleWebKit/537.36 (KHTML, like Gecko) Chrome/135.0.0.0 Safari/537.36"
113.248.98.33 - - [09/Apr/2026:14:35:56 +0800] "GET /?id=1 HTTP/1.1" 499 0 "-" "Mozilla/5.0 (Windows NT 10.0; Win64; x64) AppleWebKit/537.36 (KHTML, like Gecko) Chrome/135.0.0.0 Safari/537.36"
113.248.98.33 - - [09/Apr/2026:14:35:56 +0800] "GET /?id=1 HTTP/1.1" 499 0 "http://36.133.115.36/?id=1" "Mozilla/5.0 (Windows NT 10.0; Win64; x64) AppleWebKit/537.36 (KHTML, like Gecko) Chrome/135.0.0.0 Safari/537.36"
113.248.98.33 - - [09/Apr/2026:14:35:58 +0800] "GET /?id=1 HTTP/1.1" 301 5 "-" "Mozilla/5.0 (Windows NT 10.0; Win64; x64) AppleWebKit/537.36 (KHTML, like Gecko) Chrome/135.0.0.0 Safari/537.36"
113.248.98.33 - - [09/Apr/2026:14:35:58 +0800] "GET /?id=1 HTTP/1.1" 200 34718 "-" "Mozilla/5.0 (Windows NT 10.0; Win64; x64) AppleWebKit/537.36 (KHTML, like Gecko) Chrome/135.0.0.0 Safari/537.36"
113.248.98.33 - - [09/Apr/2026:14:35:59 +0800] "GET /?id=1 HTTP/1.1" 200 34718 "http://36.133.115.36/?id=1" "Mozilla/5.0 (Windows NT 10.0; Win64; x64) AppleWebKit/537.36 (KHTML, like Gecko) Chrome/135.0.0.0 Safari/537.36"
113.248.98.33 - - [09/Apr/2026:14:35:59 +0800] "GET /?id=1%27%2Band%2B%27a%27%3D%27a HTTP/1.1" 200 34718 "-" "Mozilla/5.0 (Windows NT 10.0; Win64; x64) AppleWebKit/537.36 (KHTML, like Gecko) Chrome/135.0.0.0 Safari/537.36"
113.248.98.33 - - [09/Apr/2026:14:35:59 +0800] "GET /?id=1%27%2Band%2B%27a%27%3D%27a HTTP/1.1" 301 5 "-" "Mozilla/5.0 (Windows NT 10.0; Win64; x64) AppleWebKit/537.36 (KHTML, like Gecko) Chrome/135.0.0.0 Safari/537.36"
113.248.98.33 - - [09/Apr/2026:14:36:00 +0800] "GET /?id=1%27%2Band%2B%27b%27%3D%27b HTTP/1.1" 200 34718 "-" "Mozilla/5.0 (Windows NT 10.0; Win64; x64) AppleWebKit/537.36 (KHTML, like Gecko) Chrome/135.0.0.0 Safari/537.36"
113.248.98.33 - - [09/Apr/2026:14:36:00 +0800] "GET /?id=1%27%2Band%2B%27a%27%3D%27a HTTP/1.1" 200 34718 "http://36.133.115.36/?id=1%27%2Band%2B%27a%27%3D%27a" "Mozilla/5.0 (Windows NT 10.0; Win64; x64) AppleWebKit/537.36 (KHTML, like Gecko) Chrome/135.0.0.0 Safari/537.36"
113.248.98.33 - - [09/Apr/2026:14:36:01 +0800] "GET /?id=1%27%2Band%2B%27b%27%3D%27b HTTP/1.1" 301 5 "-" "Mozilla/5.0 (Windows NT 10.0; Win64; x64) AppleWebKit/537.36 (KHTML, like Gecko) Chrome/135.0.0.0 Safari/537.36"
113.248.98.33 - - [09/Apr/2026:14:36:02 +0800] "GET /?id=1%27%2Band%2B%27b%27%3D%27b HTTP/1.1" 200 34718 "http://36.133.115.36/?id=1%27%2Band%2B%27b%27%3D%27b" "Mozilla/5.0 (Windows NT 10.0; Win64; x64) AppleWebKit/537.36 (KHTML, like Gecko) Chrome/135.0.0.0 Safari/537.36"
182.119.231.188 - - [09/Apr/2026:14:36:02 +0800] "GET / HTTP/1.1" 200 156884 "-" "-"
36.133.115.36 - - [09/Apr/2026:14:36:41 +0800] "POST /wp-cron.php?doing_wp_cron=1775716601.1809670925140380859375 HTTP/1.1" 200 31 "-" "WordPress/6.9; http://cqqizhou.com"
221.207.35.139 - - [09/Apr/2026:14:36:41 +0800] "GET / HTTP/1.1" 301 5 "-" "Mozilla/5.0 (Windows NT 6.1) AppleWebKit/537.36 (KHTML, like Gecko) Chrome/49.0.2623.112 Safari/537.36"
36.133.115.36 - - [09/Apr/2026:14:41:20 +0800] "POST /wp-cron.php?doing_wp_cron=1775716880.8133869171142578125000 HTTP/1.1" 200 31 "-" "WordPress/6.9; http://cqqizhou.com"
111.225.149.184 - - [09/Apr/2026:14:41:20 +0800] "GET /robots.txt HTTP/1.1" 200 190 "-" "Mozilla/5.0 (Linux; Android 5.0) AppleWebKit/537.36 (KHTML, like Gecko) Mobile Safari/537.36 (compatible; Bytespider; https://zhanzhang.toutiao.com/)"
36.133.115.36 - - [09/Apr/2026:14:47:03 +0800] "POST /wp-cron.php?doing_wp_cron=1775717223.5686290264129638671875 HTTP/1.1" 200 31 "-" "WordPress/6.9; http://cqqizhou.com"
113.170.191.200 - - [09/Apr/2026:14:47:03 +0800] "GET http://cqqizhou.com/portfolio/duplex-stainless-steel HTTP/1.1" 301 5 "-" "Mozilla/5.0 (Windows NT 10.0; Win64; x64) AppleWebKit/537.36 (KHTML, like Gecko) Chrome/121.0.0.0 Safari/537.36 Edg/121.0.0.0"
14.191.240.197 - - [09/Apr/2026:14:47:06 +0800] "GET http://cqqizhou.com/news/portfolio/duplex-stainless-steel HTTP/1.1" 200 22233 "-" "Mozilla/5.0 (Windows NT 10.0; Win64; x64) AppleWebKit/537.36 (KHTML, like Gecko) Chrome/121.0.0.0 Safari/537.36 Edg/121.0.0.0"
36.133.115.36 - - [09/Apr/2026:14:52:01 +0800] "POST /wp-cron.php?doing_wp_cron=1775717521.7491540908813476562500 HTTP/1.1" 200 31 "-" "WordPress/6.9; http://cqqizhou.com"
112.90.14.60 - - [09/Apr/2026:14:52:01 +0800] "GET /news/portfolio-category/cold-rolled-coil HTTP/1.1" 200 17936 "-" "Mozilla/5.0 (Windows NT 10.0; Win64; x64) AppleWebKit/537.36 (KHTML, like Gecko) Chrome/104.0.5112.81 Safari/537.36"
48.192.92.20 - - [09/Apr/2026:15:13:07 +0800] "GET /media HTTP/1.1" 200 26453 "-" "Mozilla/5.0 (Windows NT 10.0; Win64; x64) AppleWebKit/537.36 (KHTML, like Gecko) Chrome/131.0.0.0 Safari/537.36 Edg/131.0.0.0"
36.133.115.36 - - [09/Apr/2026:15:16:34 +0800] "POST /wp-cron.php?doing_wp_cron=1775718993.9673399925231933593750 HTTP/1.1" 200 31 "-" "WordPress/6.9; http://cqqizhou.com"
43.163.118.136 - - [09/Apr/2026:15:16:34 +0800] "GET / HTTP/1.1" 301 5 "-" "Mozilla/5.0 (iPhone; CPU iPhone OS 13_2_3 like Mac OS X) AppleWebKit/605.1.15 (KHTML, like Gecko) Version/13.0.3 Mobile/15E148 Safari/604.1"
43.163.118.136 - - [09/Apr/2026:15:16:35 +0800] "GET / HTTP/1.1" 200 34718 "http://www.cqqizhou.com" "Mozilla/5.0 (iPhone; CPU iPhone OS 13_2_3 like Mac OS X) AppleWebKit/605.1.15 (KHTML, like Gecko) Version/13.0.3 Mobile/15E148 Safari/604.1"
14.243.246.205 - - [09/Apr/2026:15:23:01 +0800] "GET http://cqqizhou.com HTTP/1.1" 200 35155 "-" "Mozilla/5.0 (Windows NT 10.0; Win64; x64) AppleWebKit/537.36 (KHTML, like Gecko) Chrome/122.0.0.0 Safari/537.36"
36.133.115.36 - - [09/Apr/2026:15:32:50 +0800] "POST /wp-cron.php?doing_wp_cron=1775719970.7530040740966796875000 HTTP/1.1" 200 31 "-" "WordPress/6.9; http://cqqizhou.com"
43.133.66.51 - - [09/Apr/2026:15:32:50 +0800] "GET / HTTP/1.1" 200 34718 "-" "Mozilla/5.0 (iPhone; CPU iPhone OS 13_2_3 like Mac OS X) AppleWebKit/605.1.15 (KHTML, like Gecko) Version/13.0.3 Mobile/15E148 Safari/604.1"
36.133.115.36 - - [09/Apr/2026:15:47:18 +0800] "POST /wp-cron.php?doing_wp_cron=1775720838.5944879055023193359375 HTTP/1.1" 200 31 "-" "WordPress/6.9; http://cqqizhou.com"
204.76.203.46 - - [09/Apr/2026:15:47:18 +0800] "GET /v1/api/countries HTTP/1.1" 404 31365 "-" "Mozilla/5.0 (Windows NT 10.0; Win64; x64) AppleWebKit/537.36"
36.133.115.36 - - [09/Apr/2026:16:12:38 +0800] "POST /wp-cron.php?doing_wp_cron=1775722358.7937810420989990234375 HTTP/1.1" 200 31 "-" "WordPress/6.9; http://cqqizhou.com"
119.84.246.117 - - [09/Apr/2026:16:12:38 +0800] "GET / HTTP/1.1" 301 5 "-" "Mozilla/5.0 (Windows NT 6.1; WOW64; rv:14.0) Gecko/20100101 Firefox/14.0.1"
119.84.246.117 - - [09/Apr/2026:16:12:38 +0800] "GET / HTTP/1.1" 200 158543 "-" "Mozilla/5.0 (Windows NT 6.1; WOW64; rv:14.0) Gecko/20100101 Firefox/14.0.1"
119.84.246.117 - - [09/Apr/2026:16:12:44 +0800] "GET / HTTP/1.1" 301 5 "-" "Mozilla/5.0 (Windows NT 6.1; WOW64) AppleWebKit/537.1 (KHTML, like Gecko) Chrome/21.0.1180.89 Safari/537.1"
119.84.246.117 - - [09/Apr/2026:16:12:44 +0800] "GET / HTTP/1.1" 200 158543 "-" "Mozilla/5.0 (Windows NT 6.1; WOW64) AppleWebKit/537.1 (KHTML, like Gecko) Chrome/21.0.1180.89 Safari/537.1"
119.84.246.117 - - [09/Apr/2026:16:12:45 +0800] "GET / HTTP/1.1" 301 5 "-" "Mozilla/5.0 (Windows NT 6.1) AppleWebKit/535.12 (KHTML, like Gecko) Maxthon/3.4.2.3000 Chrome/18.0.966.0 Safari/535.12"
119.84.246.117 - - [09/Apr/2026:16:12:45 +0800] "GET / HTTP/1.1" 200 158543 "-" "Mozilla/5.0 (Windows NT 6.1) AppleWebKit/535.12 (KHTML, like Gecko) Maxthon/3.4.2.3000 Chrome/18.0.966.0 Safari/535.12"
36.133.115.36 - - [09/Apr/2026:16:16:57 +0800] "POST /wp-cron.php?doing_wp_cron=1775722617.0874009132385253906250 HTTP/1.1" 200 31 "-" "WordPress/6.9; http://cqqizhou.com"
36.113.38.161 - - [09/Apr/2026:16:16:57 +0800] "GET /news/2527 HTTP/1.1" 200 21257 "-" "Mozilla/5.0 (Macintosh; Intel Mac OS X 10_15_7) AppleWebKit/537.36 (KHTML, like Gecko) Chrome/140.0.0.0 Safari/537.36"
220.181.108.177 - - [09/Apr/2026:16:32:50 +0800] "GET /news/2547 HTTP/1.1" 200 24684 "-" "Mozilla/5.0 (compatible; Baiduspider/2.0; +http://www.baidu.com/search/spider.html)"
116.179.37.188 - - [09/Apr/2026:16:32:53 +0800] "GET /wp-content/uploads/2026/04/1775698329-2Article_images_W900px.webp HTTP/1.1" 200 43844 "http://cqqizhou.com/news/2547" "Mozilla/5.0 (compatible; Baiduspider-render/2.0; +http://www.baidu.com/search/spider.html)"
116.179.37.233 - - [09/Apr/2026:16:32:53 +0800] "GET /wp-content/uploads/2026/04/1775698332-Article_images_W900px.webp HTTP/1.1" 200 49852 "http://cqqizhou.com/news/2547" "Mozilla/5.0 (compatible; Baiduspider-render/2.0; +http://www.baidu.com/search/spider.html)"
116.179.37.203 - - [09/Apr/2026:16:32:54 +0800] "GET /wp-content/uploads/2026/04/1775698330-3Article_images_W900px.webp HTTP/1.1" 200 38520 "http://cqqizhou.com/news/2547" "Mozilla/5.0 (compatible; Baiduspider-render/2.0; +http://www.baidu.com/search/spider.html)"
174.182.255.102 - - [09/Apr/2026:16:52:54 +0800] "GET http://cqqizhou.com/wp-content/uploads/2025/12/1766388804-Article_images_202507241.webp HTTP/1.1" 200 48206 "http://cqqizhou.com" "Mozilla/5.0 (Macintosh; Intel Mac OS X 10_15_7) AppleWebKit/537.36 (KHTML, like Gecko) Chrome/127.0.0.0 Safari/537.36 Edg/127.0.0.0"
171.34.243.236 - - [09/Apr/2026:17:30:18 +0800] "GET /core/basic/fun.php HTTP/1.1" 404 47 "http://www.cqqizhou.com/core/basic/fun.php" "Mozilla/5.0 (Windows NT 6.1; WOW64) AppleWebKit/537.11 (KHTML, like Gecko) Chrome/23.0.1271.97 Safari/537.11"
36.133.115.36 - - [09/Apr/2026:17:50:00 +0800] "POST /wp-cron.php?doing_wp_cron=1775728200.6362829208374023437500 HTTP/1.1" 200 31 "-" "WordPress/6.9; http://cqqizhou.com"
66.249.74.8 - - [09/Apr/2026:17:50:00 +0800] "GET /media/3 HTTP/1.1" 200 26102 "-" "Mozilla/5.0 (Linux; Android 6.0.1; Nexus 5X Build/MMB29P) AppleWebKit/537.36 (KHTML, like Gecko) Chrome/146.0.7680.177 Mobile Safari/537.36 (compatible; Googlebot/2.1; +http://www.google.com/bot.html)"
36.133.115.36 - - [09/Apr/2026:18:12:45 +0800] "POST /wp-cron.php?doing_wp_cron=1775729565.6100189685821533203125 HTTP/1.1" 200 31 "-" "WordPress/6.9; http://cqqizhou.com"
69.30.241.114 - - [09/Apr/2026:18:12:45 +0800] "GET /v1/api/countries HTTP/1.1" 404 31365 "-" "Mozilla/5.0 (Windows NT 10.0; Win64; x64) AppleWebKit/537.36"
36.133.115.36 - - [09/Apr/2026:18:13:31 +0800] "POST /wp-cron.php?doing_wp_cron=1775729611.0682458877563476562500 HTTP/1.1" 200 31 "-" "WordPress/6.9; http://cqqizhou.com"
218.93.68.62 - - [09/Apr/2026:18:13:31 +0800] "GET /contacts/ HTTP/1.1" 301 5 "-" "Mozilla/5.0 (Windows NT 10.0; Win64; x64) AppleWebKit/537.36 (KHTML, like Gecko) Chrome/136.0.0.0 Safari/537.36"
