36.133.115.36 - - [09/Apr/2026:09:31:10 +0800] "POST /wp-cron.php?doing_wp_cron=1775698270.2370069026947021484375 HTTP/1.1" 200 31 "-" "WordPress/6.9; http://cqqizhou.com"
223.73.206.253 - - [09/Apr/2026:09:31:10 +0800] "POST /wp-admin/admin-ajax.php HTTP/1.1" 200 112 "http://cqqizhou.com/wp-admin/post.php?post=2547&action=edit" "Mozilla/5.0 (Windows NT 10.0; Win64; x64) AppleWebKit/537.36 (KHTML, like Gecko) Chrome/145.0.0.0 Safari/537.36 Edg/145.0.0.0"
223.73.206.253 - - [09/Apr/2026:09:31:53 +0800] "POST /wp-admin/admin-ajax.php HTTP/1.1" 200 112 "http://cqqizhou.com/wp-admin/post.php?post=2547&action=edit" "Mozilla/5.0 (Windows NT 10.0; Win64; x64) AppleWebKit/537.36 (KHTML, like Gecko) Chrome/145.0.0.0 Safari/537.36 Edg/145.0.0.0"
223.73.206.253 - - [09/Apr/2026:09:31:55 +0800] "POST /wp-admin/admin-ajax.php HTTP/1.1" 200 11128 "http://cqqizhou.com/wp-admin/post.php?post=2547&action=edit" "Mozilla/5.0 (Windows NT 10.0; Win64; x64) AppleWebKit/537.36 (KHTML, like Gecko) Chrome/145.0.0.0 Safari/537.36 Edg/145.0.0.0"
223.73.206.253 - - [09/Apr/2026:09:31:58 +0800] "GET /wp-content/uploads/2026/04/1775195056-2Article_images_W900px-300x221.webp HTTP/1.1" 200 9872 "http://cqqizhou.com/wp-admin/post.php?post=2547&action=edit" "Mozilla/5.0 (Windows NT 10.0; Win64; x64) AppleWebKit/537.36 (KHTML, like Gecko) Chrome/145.0.0.0 Safari/537.36 Edg/145.0.0.0"
223.73.206.253 - - [09/Apr/2026:09:31:59 +0800] "GET /wp-content/uploads/2026/03/1772790943-5Article_images_W900px-300x243.webp HTTP/1.1" 200 18044 "http://cqqizhou.com/wp-admin/post.php?post=2547&action=edit" "Mozilla/5.0 (Windows NT 10.0; Win64; x64) AppleWebKit/537.36 (KHTML, like Gecko) Chrome/145.0.0.0 Safari/537.36 Edg/145.0.0.0"
223.73.206.253 - - [09/Apr/2026:09:31:59 +0800] "GET /wp-content/uploads/2026/03/1773722871-3Article_images_W900px-300x169.webp HTTP/1.1" 200 14072 "http://cqqizhou.com/wp-admin/post.php?post=2547&action=edit" "Mozilla/5.0 (Windows NT 10.0; Win64; x64) AppleWebKit/537.36 (KHTML, like Gecko) Chrome/145.0.0.0 Safari/537.36 Edg/145.0.0.0"
223.73.206.253 - - [09/Apr/2026:09:32:00 +0800] "GET /wp-content/uploads/2026/03/1772790943-2Article_images_W900px-300x169.webp HTTP/1.1" 200 12116 "http://cqqizhou.com/wp-admin/post.php?post=2547&action=edit" "Mozilla/5.0 (Windows NT 10.0; Win64; x64) AppleWebKit/537.36 (KHTML, like Gecko) Chrome/145.0.0.0 Safari/537.36 Edg/145.0.0.0"
223.73.206.253 - - [09/Apr/2026:09:32:00 +0800] "GET /wp-content/uploads/2026/03/1772790943-3Article_images_W900px-300x169.webp HTTP/1.1" 200 10216 "http://cqqizhou.com/wp-admin/post.php?post=2547&action=edit" "Mozilla/5.0 (Windows NT 10.0; Win64; x64) AppleWebKit/537.36 (KHTML, like Gecko) Chrome/145.0.0.0 Safari/537.36 Edg/145.0.0.0"
223.73.206.253 - - [09/Apr/2026:09:32:01 +0800] "GET /wp-content/uploads/2026/04/1775195054-1Article_images_W900px-300x169.webp HTTP/1.1" 200 8472 "http://cqqizhou.com/wp-admin/post.php?post=2547&action=edit" "Mozilla/5.0 (Windows NT 10.0; Win64; x64) AppleWebKit/537.36 (KHTML, like Gecko) Chrome/145.0.0.0 Safari/537.36 Edg/145.0.0.0"
223.73.206.253 - - [09/Apr/2026:09:32:01 +0800] "GET /wp-content/uploads/2026/03/1772790943-1Article_images_W900px-300x169.webp HTTP/1.1" 200 8720 "http://cqqizhou.com/wp-admin/post.php?post=2547&action=edit" "Mozilla/5.0 (Windows NT 10.0; Win64; x64) AppleWebKit/537.36 (KHTML, like Gecko) Chrome/145.0.0.0 Safari/537.36 Edg/145.0.0.0"
223.73.206.253 - - [09/Apr/2026:09:32:01 +0800] "GET /wp-content/uploads/2026/03/1772790791-%E5%B0%81%E9%9D%A2%E5%A4%B4%E5%9B%BEArticle_images_W900%C3%97500px2026-300x167.webp HTTP/1.1" 200 14144 "http://cqqizhou.com/wp-admin/post.php?post=2547&action=edit" "Mozilla/5.0 (Windows NT 10.0; Win64; x64) AppleWebKit/537.36 (KHTML, like Gecko) Chrome/145.0.0.0 Safari/537.36 Edg/145.0.0.0"
223.73.206.253 - - [09/Apr/2026:09:32:01 +0800] "GET /wp-content/uploads/2026/03/1772713922-Article_images_W900px-300x167.webp HTTP/1.1" 200 10326 "http://cqqizhou.com/wp-admin/post.php?post=2547&action=edit" "Mozilla/5.0 (Windows NT 10.0; Win64; x64) AppleWebKit/537.36 (KHTML, like Gecko) Chrome/145.0.0.0 Safari/537.36 Edg/145.0.0.0"
223.73.206.253 - - [09/Apr/2026:09:32:02 +0800] "GET /wp-content/uploads/2026/02/1772086673-20262262Article_images_W900px-300x138.webp HTTP/1.1" 200 11820 "http://cqqizhou.com/wp-admin/post.php?post=2547&action=edit" "Mozilla/5.0 (Windows NT 10.0; Win64; x64) AppleWebKit/537.36 (KHTML, like Gecko) Chrome/145.0.0.0 Safari/537.36 Edg/145.0.0.0"
223.73.206.253 - - [09/Apr/2026:09:32:02 +0800] "GET /wp-content/uploads/2026/02/1772086673-20262261Article_images_W900px-300x138.webp HTTP/1.1" 200 12474 "http://cqqizhou.com/wp-admin/post.php?post=2547&action=edit" "Mozilla/5.0 (Windows NT 10.0; Win64; x64) AppleWebKit/537.36 (KHTML, like Gecko) Chrome/145.0.0.0 Safari/537.36 Edg/145.0.0.0"
223.73.206.253 - - [09/Apr/2026:09:32:02 +0800] "GET /wp-content/uploads/2026/02/1772086671-20262263Article_images_W900px-300x126.webp HTTP/1.1" 200 12820 "http://cqqizhou.com/wp-admin/post.php?post=2547&action=edit" "Mozilla/5.0 (Windows NT 10.0; Win64; x64) AppleWebKit/537.36 (KHTML, like Gecko) Chrome/145.0.0.0 Safari/537.36 Edg/145.0.0.0"
223.73.206.253 - - [09/Apr/2026:09:32:02 +0800] "GET /wp-content/uploads/2026/02/1770617977-Article_images_W900px-300x225.webp HTTP/1.1" 200 13296 "http://cqqizhou.com/wp-admin/post.php?post=2547&action=edit" "Mozilla/5.0 (Windows NT 10.0; Win64; x64) AppleWebKit/537.36 (KHTML, like Gecko) Chrome/145.0.0.0 Safari/537.36 Edg/145.0.0.0"
223.73.206.253 - - [09/Apr/2026:09:32:02 +0800] "GET /wp-content/uploads/2026/03/1772790943-6Article_images_W900px-300x234.webp HTTP/1.1" 200 16786 "http://cqqizhou.com/wp-admin/post.php?post=2547&action=edit" "Mozilla/5.0 (Windows NT 10.0; Win64; x64) AppleWebKit/537.36 (KHTML, like Gecko) Chrome/145.0.0.0 Safari/537.36 Edg/145.0.0.0"
223.73.206.253 - - [09/Apr/2026:09:32:02 +0800] "GET /wp-content/uploads/2026/02/1770617948-Article_images_W900%C3%97500px-300x169.webp HTTP/1.1" 200 12198 "http://cqqizhou.com/wp-admin/post.php?post=2547&action=edit" "Mozilla/5.0 (Windows NT 10.0; Win64; x64) AppleWebKit/537.36 (KHTML, like Gecko) Chrome/145.0.0.0 Safari/537.36 Edg/145.0.0.0"
223.73.206.253 - - [09/Apr/2026:09:32:02 +0800] "GET /wp-content/uploads/2026/02/1770617354-Article_images_W900px-300x187.webp HTTP/1.1" 200 5306 "http://cqqizhou.com/wp-admin/post.php?post=2547&action=edit" "Mozilla/5.0 (Windows NT 10.0; Win64; x64) AppleWebKit/537.36 (KHTML, like Gecko) Chrome/145.0.0.0 Safari/537.36 Edg/145.0.0.0"
223.73.206.253 - - [09/Apr/2026:09:32:02 +0800] "GET /wp-content/uploads/2026/01/1770349139-202624Article_images_W900%C3%97500px20260--300x167.webp HTTP/1.1" 200 14928 "http://cqqizhou.com/wp-admin/post.php?post=2547&action=edit" "Mozilla/5.0 (Windows NT 10.0; Win64; x64) AppleWebKit/537.36 (KHTML, like Gecko) Chrome/145.0.0.0 Safari/537.36 Edg/145.0.0.0"
223.73.206.253 - - [09/Apr/2026:09:32:02 +0800] "GET /wp-content/uploads/2026/02/1770341654-2026253Article_images_W900px-300x169.webp HTTP/1.1" 200 17160 "http://cqqizhou.com/wp-admin/post.php?post=2547&action=edit" "Mozilla/5.0 (Windows NT 10.0; Win64; x64) AppleWebKit/537.36 (KHTML, like Gecko) Chrome/145.0.0.0 Safari/537.36 Edg/145.0.0.0"
223.73.206.253 - - [09/Apr/2026:09:32:03 +0800] "GET /wp-content/uploads/2026/02/1770341653-2026252Article_images_W900px-300x169.webp HTTP/1.1" 200 19370 "http://cqqizhou.com/wp-admin/post.php?post=2547&action=edit" "Mozilla/5.0 (Windows NT 10.0; Win64; x64) AppleWebKit/537.36 (KHTML, like Gecko) Chrome/145.0.0.0 Safari/537.36 Edg/145.0.0.0"
223.73.206.253 - - [09/Apr/2026:09:32:03 +0800] "GET /wp-content/uploads/2026/02/1770341652-2026251Article_images_W900%C3%97500px-300x167.webp HTTP/1.1" 200 11374 "http://cqqizhou.com/wp-admin/post.php?post=2547&action=edit" "Mozilla/5.0 (Windows NT 10.0; Win64; x64) AppleWebKit/537.36 (KHTML, like Gecko) Chrome/145.0.0.0 Safari/537.36 Edg/145.0.0.0"
223.73.206.253 - - [09/Apr/2026:09:32:03 +0800] "GET /wp-content/uploads/2026/02/1770341655-Article_images_W900px-300x225.webp HTTP/1.1" 200 18232 "http://cqqizhou.com/wp-admin/post.php?post=2547&action=edit" "Mozilla/5.0 (Windows NT 10.0; Win64; x64) AppleWebKit/537.36 (KHTML, like Gecko) Chrome/145.0.0.0 Safari/537.36 Edg/145.0.0.0"
223.73.206.253 - - [09/Apr/2026:09:32:03 +0800] "POST /wp-admin/admin-ajax.php HTTP/1.1" 200 112 "http://cqqizhou.com/wp-admin/post.php?post=2547&action=edit" "Mozilla/5.0 (Windows NT 10.0; Win64; x64) AppleWebKit/537.36 (KHTML, like Gecko) Chrome/145.0.0.0 Safari/537.36 Edg/145.0.0.0"
223.73.206.253 - - [09/Apr/2026:09:32:04 +0800] "GET /wp-content/uploads/2026/02/1770009968-9.6%E7%B1%B3%E4%BD%8E%E6%A0%8F%E5%B9%B3%E6%9D%BF%E8%B4%A7%E8%BD%A6-300x200.webp HTTP/1.1" 200 15558 "http://cqqizhou.com/wp-admin/post.php?post=2547&action=edit" "Mozilla/5.0 (Windows NT 10.0; Win64; x64) AppleWebKit/537.36 (KHTML, like Gecko) Chrome/145.0.0.0 Safari/537.36 Edg/145.0.0.0"
223.73.206.253 - - [09/Apr/2026:09:32:04 +0800] "GET /wp-content/uploads/2026/02/1769999335-17.5%E7%B1%B3%E5%B9%B3%E6%9D%BF%E8%B4%A7%E8%BD%A6-300x200.webp HTTP/1.1" 200 14410 "http://cqqizhou.com/wp-admin/post.php?post=2547&action=edit" "Mozilla/5.0 (Windows NT 10.0; Win64; x64) AppleWebKit/537.36 (KHTML, like Gecko) Chrome/145.0.0.0 Safari/537.36 Edg/145.0.0.0"
223.73.206.253 - - [09/Apr/2026:09:32:04 +0800] "GET /wp-content/uploads/2026/01/1769513871-Article_images_W900%C3%97500px202601273-300x225.webp HTTP/1.1" 200 18570 "http://cqqizhou.com/wp-admin/post.php?post=2547&action=edit" "Mozilla/5.0 (Windows NT 10.0; Win64; x64) AppleWebKit/537.36 (KHTML, like Gecko) Chrome/145.0.0.0 Safari/537.36 Edg/145.0.0.0"
223.73.206.253 - - [09/Apr/2026:09:32:04 +0800] "GET /wp-content/uploads/2026/02/1769999241-4.2%E7%B1%B3%E9%AB%98%E6%A0%8F%E8%B4%A7%E8%BD%A6-300x169.webp HTTP/1.1" 200 12930 "http://cqqizhou.com/wp-admin/post.php?post=2547&action=edit" "Mozilla/5.0 (Windows NT 10.0; Win64; x64) AppleWebKit/537.36 (KHTML, like Gecko) Chrome/145.0.0.0 Safari/537.36 Edg/145.0.0.0"
223.73.206.253 - - [09/Apr/2026:09:32:04 +0800] "GET /wp-content/uploads/2026/01/1769511379-Article_images_W900%C3%97500px202601271-300x225.webp HTTP/1.1" 200 17756 "http://cqqizhou.com/wp-admin/post.php?post=2547&action=edit" "Mozilla/5.0 (Windows NT 10.0; Win64; x64) AppleWebKit/537.36 (KHTML, like Gecko) Chrome/145.0.0.0 Safari/537.36 Edg/145.0.0.0"
223.73.206.253 - - [09/Apr/2026:09:32:04 +0800] "GET /wp-content/uploads/2026/01/1768527486-Article_images_W900%C3%97500px202601165-300x167.webp HTTP/1.1" 200 7480 "http://cqqizhou.com/wp-admin/post.php?post=2547&action=edit" "Mozilla/5.0 (Windows NT 10.0; Win64; x64) AppleWebKit/537.36 (KHTML, like Gecko) Chrome/145.0.0.0 Safari/537.36 Edg/145.0.0.0"
223.73.206.253 - - [09/Apr/2026:09:32:05 +0800] "GET /wp-content/uploads/2026/01/1768527485-Article_images_W900%C3%97500px202601164-300x167.webp HTTP/1.1" 200 12032 "http://cqqizhou.com/wp-admin/post.php?post=2547&action=edit" "Mozilla/5.0 (Windows NT 10.0; Win64; x64) AppleWebKit/537.36 (KHTML, like Gecko) Chrome/145.0.0.0 Safari/537.36 Edg/145.0.0.0"
223.73.206.253 - - [09/Apr/2026:09:32:05 +0800] "GET /wp-content/uploads/2026/02/1772086672-%E5%BC%80%E5%B7%A5%E5%A4%A7%E5%90%89%E5%B0%81%E9%9D%A2%E5%A4%B4%E5%9B%BEArticle_images_W900%C3%97500px-300x167.webp HTTP/1.1" 200 21246 "http://cqqizhou.com/wp-admin/post.php?post=2547&action=edit" "Mozilla/5.0 (Windows NT 10.0; Win64; x64) AppleWebKit/537.36 (KHTML, like Gecko) Chrome/145.0.0.0 Safari/537.36 Edg/145.0.0.0"
223.73.206.253 - - [09/Apr/2026:09:32:05 +0800] "GET /wp-content/uploads/2026/01/1768527484-Article_images_W900%C3%97500px202601163-300x167.webp HTTP/1.1" 200 17578 "http://cqqizhou.com/wp-admin/post.php?post=2547&action=edit" "Mozilla/5.0 (Windows NT 10.0; Win64; x64) AppleWebKit/537.36 (KHTML, like Gecko) Chrome/145.0.0.0 Safari/537.36 Edg/145.0.0.0"
223.73.206.253 - - [09/Apr/2026:09:32:05 +0800] "GET /wp-content/uploads/2026/01/1768527484-Article_images_W900%C3%97500px202601162-300x167.webp HTTP/1.1" 200 5900 "http://cqqizhou.com/wp-admin/post.php?post=2547&action=edit" "Mozilla/5.0 (Windows NT 10.0; Win64; x64) AppleWebKit/537.36 (KHTML, like Gecko) Chrome/145.0.0.0 Safari/537.36 Edg/145.0.0.0"
223.73.206.253 - - [09/Apr/2026:09:32:05 +0800] "GET /wp-content/uploads/2026/01/1768527483-Article_images_W900%C3%97500px202601161-300x167.webp HTTP/1.1" 200 9276 "http://cqqizhou.com/wp-admin/post.php?post=2547&action=edit" "Mozilla/5.0 (Windows NT 10.0; Win64; x64) AppleWebKit/537.36 (KHTML, like Gecko) Chrome/145.0.0.0 Safari/537.36 Edg/145.0.0.0"
223.73.206.253 - - [09/Apr/2026:09:32:05 +0800] "GET /wp-content/uploads/2026/01/1768526063-Services800x500_3-300x188.webp HTTP/1.1" 200 12730 "http://cqqizhou.com/wp-admin/post.php?post=2547&action=edit" "Mozilla/5.0 (Windows NT 10.0; Win64; x64) AppleWebKit/537.36 (KHTML, like Gecko) Chrome/145.0.0.0 Safari/537.36 Edg/145.0.0.0"
223.73.206.253 - - [09/Apr/2026:09:32:05 +0800] "GET /wp-content/uploads/2026/01/1768280270-anquan_Slider_3840%C3%972160_20260114-300x169.webp HTTP/1.1" 200 10992 "http://cqqizhou.com/wp-admin/post.php?post=2547&action=edit" "Mozilla/5.0 (Windows NT 10.0; Win64; x64) AppleWebKit/537.36 (KHTML, like Gecko) Chrome/145.0.0.0 Safari/537.36 Edg/145.0.0.0"
223.73.206.253 - - [09/Apr/2026:09:32:05 +0800] "GET /wp-content/uploads/2026/01/1768276119-qizhoujiagong_Slider_3840%C3%972160_20260113-300x169.webp HTTP/1.1" 200 7072 "http://cqqizhou.com/wp-admin/post.php?post=2547&action=edit" "Mozilla/5.0 (Windows NT 10.0; Win64; x64) AppleWebKit/537.36 (KHTML, like Gecko) Chrome/145.0.0.0 Safari/537.36 Edg/145.0.0.0"
223.73.206.253 - - [09/Apr/2026:09:32:05 +0800] "GET /wp-content/uploads/2026/01/1767696162-qizhoutruck3-300x67.webp HTTP/1.1" 200 7208 "http://cqqizhou.com/wp-admin/post.php?post=2547&action=edit" "Mozilla/5.0 (Windows NT 10.0; Win64; x64) AppleWebKit/537.36 (KHTML, like Gecko) Chrome/145.0.0.0 Safari/537.36 Edg/145.0.0.0"
223.73.206.253 - - [09/Apr/2026:09:32:05 +0800] "GET /wp-content/uploads/2026/01/1767696142-aojiaqiao20260104-300x188.webp HTTP/1.1" 200 11340 "http://cqqizhou.com/wp-admin/post.php?post=2547&action=edit" "Mozilla/5.0 (Windows NT 10.0; Win64; x64) AppleWebKit/537.36 (KHTML, like Gecko) Chrome/145.0.0.0 Safari/537.36 Edg/145.0.0.0"
223.73.206.253 - - [09/Apr/2026:09:32:05 +0800] "GET /wp-content/uploads/2026/01/1767691467-Article_images_W900%C3%97500px202601062-300x167.webp HTTP/1.1" 200 12914 "http://cqqizhou.com/wp-admin/post.php?post=2547&action=edit" "Mozilla/5.0 (Windows NT 10.0; Win64; x64) AppleWebKit/537.36 (KHTML, like Gecko) Chrome/145.0.0.0 Safari/537.36 Edg/145.0.0.0"
223.73.206.253 - - [09/Apr/2026:09:32:06 +0800] "GET /wp-content/uploads/2026/01/1767691466-Article_images_W900%C3%97500px202601061-300x167.webp HTTP/1.1" 200 13164 "http://cqqizhou.com/wp-admin/post.php?post=2547&action=edit" "Mozilla/5.0 (Windows NT 10.0; Win64; x64) AppleWebKit/537.36 (KHTML, like Gecko) Chrome/145.0.0.0 Safari/537.36 Edg/145.0.0.0"
223.73.206.253 - - [09/Apr/2026:09:32:06 +0800] "GET /wp-content/uploads/2026/01/1767618076-Logistics_BG2508-300x200.webp HTTP/1.1" 200 8510 "http://cqqizhou.com/wp-admin/post.php?post=2547&action=edit" "Mozilla/5.0 (Windows NT 10.0; Win64; x64) AppleWebKit/537.36 (KHTML, like Gecko) Chrome/145.0.0.0 Safari/537.36 Edg/145.0.0.0"
223.73.206.253 - - [09/Apr/2026:09:32:06 +0800] "GET /wp-content/uploads/2026/01/1767618072-Logistics_BG1920_3-300x200.webp HTTP/1.1" 200 7334 "http://cqqizhou.com/wp-admin/post.php?post=2547&action=edit" "Mozilla/5.0 (Windows NT 10.0; Win64; x64) AppleWebKit/537.36 (KHTML, like Gecko) Chrome/145.0.0.0 Safari/537.36 Edg/145.0.0.0"
223.73.206.253 - - [09/Apr/2026:09:32:06 +0800] "GET /wp-content/uploads/2026/01/1767530151-qizhoutruck2-300x77.webp HTTP/1.1" 200 8890 "http://cqqizhou.com/wp-admin/post.php?post=2547&action=edit" "Mozilla/5.0 (Windows NT 10.0; Win64; x64) AppleWebKit/537.36 (KHTML, like Gecko) Chrome/145.0.0.0 Safari/537.36 Edg/145.0.0.0"
223.73.206.253 - - [09/Apr/2026:09:32:06 +0800] "GET /wp-content/uploads/2026/01/1767530133-aojiaqiao20260102-300x187.webp HTTP/1.1" 200 8126 "http://cqqizhou.com/wp-admin/post.php?post=2547&action=edit" "Mozilla/5.0 (Windows NT 10.0; Win64; x64) AppleWebKit/537.36 (KHTML, like Gecko) Chrome/145.0.0.0 Safari/537.36 Edg/145.0.0.0"
223.73.206.253 - - [09/Apr/2026:09:32:06 +0800] "GET /wp-content/uploads/2025/12/1766647832-Article_images_W900%C3%97500px20251225-300x167.webp HTTP/1.1" 200 14578 "http://cqqizhou.com/wp-admin/post.php?post=2547&action=edit" "Mozilla/5.0 (Windows NT 10.0; Win64; x64) AppleWebKit/537.36 (KHTML, like Gecko) Chrome/145.0.0.0 Safari/537.36 Edg/145.0.0.0"
223.73.206.253 - - [09/Apr/2026:09:32:06 +0800] "GET /wp-content/uploads/2025/12/1766647831-Article_images_202512254-300x169.webp HTTP/1.1" 200 14354 "http://cqqizhou.com/wp-admin/post.php?post=2547&action=edit" "Mozilla/5.0 (Windows NT 10.0; Win64; x64) AppleWebKit/537.36 (KHTML, like Gecko) Chrome/145.0.0.0 Safari/537.36 Edg/145.0.0.0"
223.73.206.253 - - [09/Apr/2026:09:32:06 +0800] "GET /wp-content/uploads/2025/12/1766647831-Article_images_202512253-300x169.webp HTTP/1.1" 200 23540 "http://cqqizhou.com/wp-admin/post.php?post=2547&action=edit" "Mozilla/5.0 (Windows NT 10.0; Win64; x64) AppleWebKit/537.36 (KHTML, like Gecko) Chrome/145.0.0.0 Safari/537.36 Edg/145.0.0.0"
223.73.206.253 - - [09/Apr/2026:09:32:06 +0800] "GET /wp-content/uploads/2025/12/1766647830-Article_images_202512252-300x169.webp HTTP/1.1" 200 19054 "http://cqqizhou.com/wp-admin/post.php?post=2547&action=edit" "Mozilla/5.0 (Windows NT 10.0; Win64; x64) AppleWebKit/537.36 (KHTML, like Gecko) Chrome/145.0.0.0 Safari/537.36 Edg/145.0.0.0"
223.73.206.253 - - [09/Apr/2026:09:32:06 +0800] "GET /wp-content/uploads/2025/12/1766647829-Article_images_202512251-300x109.webp HTTP/1.1" 200 12016 "http://cqqizhou.com/wp-admin/post.php?post=2547&action=edit" "Mozilla/5.0 (Windows NT 10.0; Win64; x64) AppleWebKit/537.36 (KHTML, like Gecko) Chrome/145.0.0.0 Safari/537.36 Edg/145.0.0.0"
223.73.206.253 - - [09/Apr/2026:09:32:07 +0800] "GET /wp-content/uploads/2025/12/1766388813-Article_images_2025072411-300x135.webp HTTP/1.1" 200 11006 "http://cqqizhou.com/wp-admin/post.php?post=2547&action=edit" "Mozilla/5.0 (Windows NT 10.0; Win64; x64) AppleWebKit/537.36 (KHTML, like Gecko) Chrome/145.0.0.0 Safari/537.36 Edg/145.0.0.0"
223.73.206.253 - - [09/Apr/2026:09:32:07 +0800] "GET /wp-content/uploads/2025/12/1766388812-Article_images_2025072410-300x135.webp HTTP/1.1" 200 12784 "http://cqqizhou.com/wp-admin/post.php?post=2547&action=edit" "Mozilla/5.0 (Windows NT 10.0; Win64; x64) AppleWebKit/537.36 (KHTML, like Gecko) Chrome/145.0.0.0 Safari/537.36 Edg/145.0.0.0"
223.73.206.253 - - [09/Apr/2026:09:32:08 +0800] "GET /wp-content/uploads/2025/12/1766388811-Article_images_202507249-300x135.webp HTTP/1.1" 200 12426 "http://cqqizhou.com/wp-admin/post.php?post=2547&action=edit" "Mozilla/5.0 (Windows NT 10.0; Win64; x64) AppleWebKit/537.36 (KHTML, like Gecko) Chrome/145.0.0.0 Safari/537.36 Edg/145.0.0.0"
223.73.206.253 - - [09/Apr/2026:09:32:08 +0800] "GET /wp-content/uploads/2025/12/1766388810-Article_images_202507248-300x169.webp HTTP/1.1" 200 15020 "http://cqqizhou.com/wp-admin/post.php?post=2547&action=edit" "Mozilla/5.0 (Windows NT 10.0; Win64; x64) AppleWebKit/537.36 (KHTML, like Gecko) Chrome/145.0.0.0 Safari/537.36 Edg/145.0.0.0"
223.73.206.253 - - [09/Apr/2026:09:32:08 +0800] "GET /wp-content/uploads/2025/12/1766388809-Article_images_202507247-300x169.webp HTTP/1.1" 200 15036 "http://cqqizhou.com/wp-admin/post.php?post=2547&action=edit" "Mozilla/5.0 (Windows NT 10.0; Win64; x64) AppleWebKit/537.36 (KHTML, like Gecko) Chrome/145.0.0.0 Safari/537.36 Edg/145.0.0.0"
223.73.206.253 - - [09/Apr/2026:09:32:08 +0800] "GET /wp-content/uploads/2025/12/1766388808-Article_images_202507246-300x169.webp HTTP/1.1" 200 19970 "http://cqqizhou.com/wp-admin/post.php?post=2547&action=edit" "Mozilla/5.0 (Windows NT 10.0; Win64; x64) AppleWebKit/537.36 (KHTML, like Gecko) Chrome/145.0.0.0 Safari/537.36 Edg/145.0.0.0"
223.73.206.253 - - [09/Apr/2026:09:32:09 +0800] "GET /wp-content/uploads/2025/12/1766388806-Article_images_202507243-300x169.webp HTTP/1.1" 200 9924 "http://cqqizhou.com/wp-admin/post.php?post=2547&action=edit" "Mozilla/5.0 (Windows NT 10.0; Win64; x64) AppleWebKit/537.36 (KHTML, like Gecko) Chrome/145.0.0.0 Safari/537.36 Edg/145.0.0.0"
36.133.115.36 - - [09/Apr/2026:09:32:09 +0800] "POST /wp-cron.php?doing_wp_cron=1775698329.4821588993072509765625 HTTP/1.1" 200 31 "-" "WordPress/6.9; http://cqqizhou.com"
223.73.206.253 - - [09/Apr/2026:09:32:09 +0800] "POST /wp-admin/async-upload.php HTTP/1.1" 200 688 "http://cqqizhou.com/wp-admin/post.php?post=2547&action=edit" "Mozilla/5.0 (Windows NT 10.0; Win64; x64) AppleWebKit/537.36 (KHTML, like Gecko) Chrome/145.0.0.0 Safari/537.36 Edg/145.0.0.0"
223.73.206.253 - - [09/Apr/2026:09:32:09 +0800] "GET /wp-content/uploads/2025/12/1766375846-Article20251216211545-300x225.webp HTTP/1.1" 200 20580 "http://cqqizhou.com/wp-admin/post.php?post=2547&action=edit" "Mozilla/5.0 (Windows NT 10.0; Win64; x64) AppleWebKit/537.36 (KHTML, like Gecko) Chrome/145.0.0.0 Safari/537.36 Edg/145.0.0.0"
223.73.206.253 - - [09/Apr/2026:09:32:09 +0800] "GET /wp-content/uploads/2025/12/1766388805-Article_images_202507242-300x169.webp HTTP/1.1" 200 11216 "http://cqqizhou.com/wp-admin/post.php?post=2547&action=edit" "Mozilla/5.0 (Windows NT 10.0; Win64; x64) AppleWebKit/537.36 (KHTML, like Gecko) Chrome/145.0.0.0 Safari/537.36 Edg/145.0.0.0"
223.73.206.253 - - [09/Apr/2026:09:32:09 +0800] "GET /wp-content/uploads/2026/04/1775698329-2Article_images_W900px-300x205.webp HTTP/1.1" 200 11266 "http://cqqizhou.com/wp-admin/post.php?post=2547&action=edit" "Mozilla/5.0 (Windows NT 10.0; Win64; x64) AppleWebKit/537.36 (KHTML, like Gecko) Chrome/145.0.0.0 Safari/537.36 Edg/145.0.0.0"
223.73.206.253 - - [09/Apr/2026:09:32:09 +0800] "GET /wp-content/uploads/2025/12/1766388804-Article_images_202507241-300x169.webp HTTP/1.1" 200 11704 "http://cqqizhou.com/wp-admin/post.php?post=2547&action=edit" "Mozilla/5.0 (Windows NT 10.0; Win64; x64) AppleWebKit/537.36 (KHTML, like Gecko) Chrome/145.0.0.0 Safari/537.36 Edg/145.0.0.0"
223.73.206.253 - - [09/Apr/2026:09:32:09 +0800] "GET /wp-content/uploads/2025/12/1766373840-Article_images_20251220-300x225.webp HTTP/1.1" 200 13608 "http://cqqizhou.com/wp-admin/post.php?post=2547&action=edit" "Mozilla/5.0 (Windows NT 10.0; Win64; x64) AppleWebKit/537.36 (KHTML, like Gecko) Chrome/145.0.0.0 Safari/537.36 Edg/145.0.0.0"
223.73.206.253 - - [09/Apr/2026:09:32:09 +0800] "GET /wp-content/uploads/2025/12/1766388807-Article_images_202507245-300x169.webp HTTP/1.1" 200 15034 "http://cqqizhou.com/wp-admin/post.php?post=2547&action=edit" "Mozilla/5.0 (Windows NT 10.0; Win64; x64) AppleWebKit/537.36 (KHTML, like Gecko) Chrome/145.0.0.0 Safari/537.36 Edg/145.0.0.0"
223.73.206.253 - - [09/Apr/2026:09:32:09 +0800] "GET /wp-content/uploads/2025/12/1766373833-Article_images_20251219-300x225.webp HTTP/1.1" 200 20930 "http://cqqizhou.com/wp-admin/post.php?post=2547&action=edit" "Mozilla/5.0 (Windows NT 10.0; Win64; x64) AppleWebKit/537.36 (KHTML, like Gecko) Chrome/145.0.0.0 Safari/537.36 Edg/145.0.0.0"
223.73.206.253 - - [09/Apr/2026:09:32:09 +0800] "GET /wp-content/uploads/2025/12/1766064723-Article_images_20251218212625-300x225.webp HTTP/1.1" 200 12598 "http://cqqizhou.com/wp-admin/post.php?post=2547&action=edit" "Mozilla/5.0 (Windows NT 10.0; Win64; x64) AppleWebKit/537.36 (KHTML, like Gecko) Chrome/145.0.0.0 Safari/537.36 Edg/145.0.0.0"
223.73.206.253 - - [09/Apr/2026:09:32:10 +0800] "GET /wp-content/uploads/2025/12/1766064671-Article_images_20251218212624-300x225.webp HTTP/1.1" 200 12522 "http://cqqizhou.com/wp-admin/post.php?post=2547&action=edit" "Mozilla/5.0 (Windows NT 10.0; Win64; x64) AppleWebKit/537.36 (KHTML, like Gecko) Chrome/145.0.0.0 Safari/537.36 Edg/145.0.0.0"
223.73.206.253 - - [09/Apr/2026:09:32:10 +0800] "GET /wp-content/uploads/2025/12/1766064629-Article_images_20251218212623-300x167.webp HTTP/1.1" 200 8852 "http://cqqizhou.com/wp-admin/post.php?post=2547&action=edit" "Mozilla/5.0 (Windows NT 10.0; Win64; x64) AppleWebKit/537.36 (KHTML, like Gecko) Chrome/145.0.0.0 Safari/537.36 Edg/145.0.0.0"
223.73.206.253 - - [09/Apr/2026:09:32:10 +0800] "GET /wp-content/uploads/2025/12/1765894221-Article20251216211544-300x225.webp HTTP/1.1" 200 16032 "http://cqqizhou.com/wp-admin/post.php?post=2547&action=edit" "Mozilla/5.0 (Windows NT 10.0; Win64; x64) AppleWebKit/537.36 (KHTML, like Gecko) Chrome/145.0.0.0 Safari/537.36 Edg/145.0.0.0"
223.73.206.253 - - [09/Apr/2026:09:32:10 +0800] "GET /wp-content/uploads/2025/12/1765891413-20251209103501-300x167.webp HTTP/1.1" 200 9350 "http://cqqizhou.com/wp-admin/post.php?post=2547&action=edit" "Mozilla/5.0 (Windows NT 10.0; Win64; x64) AppleWebKit/537.36 (KHTML, like Gecko) Chrome/145.0.0.0 Safari/537.36 Edg/145.0.0.0"
223.73.206.253 - - [09/Apr/2026:09:32:10 +0800] "GET /wp-content/uploads/2025/12/1765862012-DSC20251216131140-300x169.webp HTTP/1.1" 200 16938 "http://cqqizhou.com/wp-admin/post.php?post=2547&action=edit" "Mozilla/5.0 (Windows NT 10.0; Win64; x64) AppleWebKit/537.36 (KHTML, like Gecko) Chrome/145.0.0.0 Safari/537.36 Edg/145.0.0.0"
223.73.206.253 - - [09/Apr/2026:09:32:10 +0800] "GET /wp-content/uploads/2025/12/1765268955-qizhou_Slider1_3840%C3%972160_20251210-300x169.webp HTTP/1.1" 200 8924 "http://cqqizhou.com/wp-admin/post.php?post=2547&action=edit" "Mozilla/5.0 (Windows NT 10.0; Win64; x64) AppleWebKit/537.36 (KHTML, like Gecko) Chrome/145.0.0.0 Safari/537.36 Edg/145.0.0.0"
223.73.206.253 - - [09/Apr/2026:09:32:10 +0800] "POST /wp-admin/async-upload.php HTTP/1.1" 200 687 "http://cqqizhou.com/wp-admin/post.php?post=2547&action=edit" "Mozilla/5.0 (Windows NT 10.0; Win64; x64) AppleWebKit/537.36 (KHTML, like Gecko) Chrome/145.0.0.0 Safari/537.36 Edg/145.0.0.0"
223.73.206.253 - - [09/Apr/2026:09:32:10 +0800] "GET /wp-content/uploads/2025/12/1765248770-20251209104226_107_60-300x225.webp HTTP/1.1" 200 17706 "http://cqqizhou.com/wp-admin/post.php?post=2547&action=edit" "Mozilla/5.0 (Windows NT 10.0; Win64; x64) AppleWebKit/537.36 (KHTML, like Gecko) Chrome/145.0.0.0 Safari/537.36 Edg/145.0.0.0"
223.73.206.253 - - [09/Apr/2026:09:32:10 +0800] "GET /wp-content/uploads/2025/12/1765249046-20251209104228_110_60-300x225.webp HTTP/1.1" 200 15678 "http://cqqizhou.com/wp-admin/post.php?post=2547&action=edit" "Mozilla/5.0 (Windows NT 10.0; Win64; x64) AppleWebKit/537.36 (KHTML, like Gecko) Chrome/145.0.0.0 Safari/537.36 Edg/145.0.0.0"
223.73.206.253 - - [09/Apr/2026:09:32:10 +0800] "GET /wp-content/uploads/2025/12/1765891153-Article20251216211543-300x167.webp HTTP/1.1" 200 13290 "http://cqqizhou.com/wp-admin/post.php?post=2547&action=edit" "Mozilla/5.0 (Windows NT 10.0; Win64; x64) AppleWebKit/537.36 (KHTML, like Gecko) Chrome/145.0.0.0 Safari/537.36 Edg/145.0.0.0"
223.73.206.253 - - [09/Apr/2026:09:32:11 +0800] "GET /wp-content/uploads/2025/12/1765265398-qizhou_Slider_3840%C3%972160_20251209-300x169.webp HTTP/1.1" 200 12652 "http://cqqizhou.com/wp-admin/post.php?post=2547&action=edit" "Mozilla/5.0 (Windows NT 10.0; Win64; x64) AppleWebKit/537.36 (KHTML, like Gecko) Chrome/145.0.0.0 Safari/537.36 Edg/145.0.0.0"
223.73.206.253 - - [09/Apr/2026:09:32:11 +0800] "GET /wp-content/uploads/2025/12/1765248735-20251209104226_108_60-300x225.webp HTTP/1.1" 200 14478 "http://cqqizhou.com/wp-admin/post.php?post=2547&action=edit" "Mozilla/5.0 (Windows NT 10.0; Win64; x64) AppleWebKit/537.36 (KHTML, like Gecko) Chrome/145.0.0.0 Safari/537.36 Edg/145.0.0.0"
223.73.206.253 - - [09/Apr/2026:09:32:11 +0800] "GET /wp-content/uploads/2025/12/1765248683-20251209103502_98_60-300x225.webp HTTP/1.1" 200 15426 "http://cqqizhou.com/wp-admin/post.php?post=2547&action=edit" "Mozilla/5.0 (Windows NT 10.0; Win64; x64) AppleWebKit/537.36 (KHTML, like Gecko) Chrome/145.0.0.0 Safari/537.36 Edg/145.0.0.0"
223.73.206.253 - - [09/Apr/2026:09:32:11 +0800] "GET /wp-content/uploads/2025/12/1764853157-ISO3-214x300.webp HTTP/1.1" 200 13896 "http://cqqizhou.com/wp-admin/post.php?post=2547&action=edit" "Mozilla/5.0 (Windows NT 10.0; Win64; x64) AppleWebKit/537.36 (KHTML, like Gecko) Chrome/145.0.0.0 Safari/537.36 Edg/145.0.0.0"
223.73.206.253 - - [09/Apr/2026:09:32:11 +0800] "GET /wp-content/uploads/2025/12/1764853155-ISO2-214x300.webp HTTP/1.1" 200 12682 "http://cqqizhou.com/wp-admin/post.php?post=2547&action=edit" "Mozilla/5.0 (Windows NT 10.0; Win64; x64) AppleWebKit/537.36 (KHTML, like Gecko) Chrome/145.0.0.0 Safari/537.36 Edg/145.0.0.0"
223.73.206.253 - - [09/Apr/2026:09:32:11 +0800] "GET /wp-content/uploads/2025/12/1764853152-ISO1-214x300.webp HTTP/1.1" 200 13812 "http://cqqizhou.com/wp-admin/post.php?post=2547&action=edit" "Mozilla/5.0 (Windows NT 10.0; Win64; x64) AppleWebKit/537.36 (KHTML, like Gecko) Chrome/145.0.0.0 Safari/537.36 Edg/145.0.0.0"
223.73.206.253 - - [09/Apr/2026:09:32:11 +0800] "GET /wp-content/uploads/2026/04/1775698330-3Article_images_W900px-300x225.webp HTTP/1.1" 200 11440 "http://cqqizhou.com/wp-admin/post.php?post=2547&action=edit" "Mozilla/5.0 (Windows NT 10.0; Win64; x64) AppleWebKit/537.36 (KHTML, like Gecko) Chrome/145.0.0.0 Safari/537.36 Edg/145.0.0.0"
223.73.206.253 - - [09/Apr/2026:09:32:12 +0800] "POST /wp-admin/async-upload.php HTTP/1.1" 200 688 "http://cqqizhou.com/wp-admin/post.php?post=2547&action=edit" "Mozilla/5.0 (Windows NT 10.0; Win64; x64) AppleWebKit/537.36 (KHTML, like Gecko) Chrome/145.0.0.0 Safari/537.36 Edg/145.0.0.0"
223.73.206.253 - - [09/Apr/2026:09:32:12 +0800] "GET /wp-content/uploads/2026/04/1775698332-Article_images_W900px-300x169.webp HTTP/1.1" 200 12710 "http://cqqizhou.com/wp-admin/post.php?post=2547&action=edit" "Mozilla/5.0 (Windows NT 10.0; Win64; x64) AppleWebKit/537.36 (KHTML, like Gecko) Chrome/145.0.0.0 Safari/537.36 Edg/145.0.0.0"
223.73.206.253 - - [09/Apr/2026:09:32:12 +0800] "GET /wp-content/uploads/2026/03/1773722870-2Article_images_W900px-300x169.webp HTTP/1.1" 200 14682 "http://cqqizhou.com/wp-admin/post.php?post=2547&action=edit" "Mozilla/5.0 (Windows NT 10.0; Win64; x64) AppleWebKit/537.36 (KHTML, like Gecko) Chrome/145.0.0.0 Safari/537.36 Edg/145.0.0.0"
223.73.206.253 - - [09/Apr/2026:09:32:12 +0800] "GET /wp-content/uploads/2026/03/1773722869-1Article_images_W900px-300x169.webp HTTP/1.1" 200 8634 "http://cqqizhou.com/wp-admin/post.php?post=2547&action=edit" "Mozilla/5.0 (Windows NT 10.0; Win64; x64) AppleWebKit/537.36 (KHTML, like Gecko) Chrome/145.0.0.0 Safari/537.36 Edg/145.0.0.0"
223.73.206.253 - - [09/Apr/2026:09:32:13 +0800] "POST /wp-admin/admin-ajax.php HTTP/1.1" 200 112 "http://cqqizhou.com/wp-admin/post.php?post=2547&action=edit" "Mozilla/5.0 (Windows NT 10.0; Win64; x64) AppleWebKit/537.36 (KHTML, like Gecko) Chrome/145.0.0.0 Safari/537.36 Edg/145.0.0.0"
223.73.206.253 - - [09/Apr/2026:09:32:23 +0800] "POST /wp-admin/admin-ajax.php HTTP/1.1" 200 112 "http://cqqizhou.com/wp-admin/post.php?post=2547&action=edit" "Mozilla/5.0 (Windows NT 10.0; Win64; x64) AppleWebKit/537.36 (KHTML, like Gecko) Chrome/145.0.0.0 Safari/537.36 Edg/145.0.0.0"
223.73.206.253 - - [09/Apr/2026:09:32:24 +0800] "GET /wp-json/wp/v2/media/2550?context=view&_locale=user HTTP/1.1" 200 1058 "http://cqqizhou.com/wp-admin/post.php?post=2547&action=edit" "Mozilla/5.0 (Windows NT 10.0; Win64; x64) AppleWebKit/537.36 (KHTML, like Gecko) Chrome/145.0.0.0 Safari/537.36 Edg/145.0.0.0"
223.73.206.253 - - [09/Apr/2026:09:32:24 +0800] "GET /wp-content/uploads/2026/04/1775698332-Article_images_W900px-150x150.webp HTTP/1.1" 200 6518 "http://cqqizhou.com/wp-admin/post.php?post=2547&action=edit" "Mozilla/5.0 (Windows NT 10.0; Win64; x64) AppleWebKit/537.36 (KHTML, like Gecko) Chrome/145.0.0.0 Safari/537.36 Edg/145.0.0.0"
223.73.206.253 - - [09/Apr/2026:09:32:32 +0800] "POST /wp-admin/admin-ajax.php HTTP/1.1" 200 11109 "http://cqqizhou.com/wp-admin/post.php?post=2547&action=edit" "Mozilla/5.0 (Windows NT 10.0; Win64; x64) AppleWebKit/537.36 (KHTML, like Gecko) Chrome/145.0.0.0 Safari/537.36 Edg/145.0.0.0"
223.73.206.253 - - [09/Apr/2026:09:32:33 +0800] "POST /wp-admin/admin-ajax.php HTTP/1.1" 200 112 "http://cqqizhou.com/wp-admin/post.php?post=2547&action=edit" "Mozilla/5.0 (Windows NT 10.0; Win64; x64) AppleWebKit/537.36 (KHTML, like Gecko) Chrome/145.0.0.0 Safari/537.36 Edg/145.0.0.0"
125.112.79.105 - - [09/Apr/2026:09:32:35 +0800] "GET /services HTTP/1.1" 200 31707 "-" "Mozilla/5.0 (Macintosh; Intel Mac OS X 10_15_7) AppleWebKit/537.36 (KHTML, like Gecko) Chrome/140.0.0.0 Safari/537.36"
223.73.206.253 - - [09/Apr/2026:09:32:36 +0800] "GET /wp-content/uploads/2026/04/1775698330-3Article_images_W900px.webp HTTP/1.1" 200 38520 "http://cqqizhou.com/wp-admin/post.php?post=2547&action=edit" "Mozilla/5.0 (Windows NT 10.0; Win64; x64) AppleWebKit/537.36 (KHTML, like Gecko) Chrome/145.0.0.0 Safari/537.36 Edg/145.0.0.0"
223.73.206.253 - - [09/Apr/2026:09:32:36 +0800] "GET /wp-json/wp/v2/media/2549?context=view&_locale=user HTTP/1.1" 200 1056 "http://cqqizhou.com/wp-admin/post.php?post=2547&action=edit" "Mozilla/5.0 (Windows NT 10.0; Win64; x64) AppleWebKit/537.36 (KHTML, like Gecko) Chrome/145.0.0.0 Safari/537.36 Edg/145.0.0.0"
223.73.206.253 - - [09/Apr/2026:09:32:43 +0800] "POST /wp-admin/admin-ajax.php HTTP/1.1" 200 112 "http://cqqizhou.com/wp-admin/post.php?post=2547&action=edit" "Mozilla/5.0 (Windows NT 10.0; Win64; x64) AppleWebKit/537.36 (KHTML, like Gecko) Chrome/145.0.0.0 Safari/537.36 Edg/145.0.0.0"
223.73.206.253 - - [09/Apr/2026:09:32:53 +0800] "POST /wp-admin/admin-ajax.php HTTP/1.1" 200 112 "http://cqqizhou.com/wp-admin/post.php?post=2547&action=edit" "Mozilla/5.0 (Windows NT 10.0; Win64; x64) AppleWebKit/537.36 (KHTML, like Gecko) Chrome/145.0.0.0 Safari/537.36 Edg/145.0.0.0"
223.73.206.253 - - [09/Apr/2026:09:32:55 +0800] "POST /wp-json/wp/v2/posts/2547/autosaves?_locale=user HTTP/1.1" 200 2878 "http://cqqizhou.com/wp-admin/post.php?post=2547&action=edit" "Mozilla/5.0 (Windows NT 10.0; Win64; x64) AppleWebKit/537.36 (KHTML, like Gecko) Chrome/145.0.0.0 Safari/537.36 Edg/145.0.0.0"
223.73.206.253 - - [09/Apr/2026:09:32:59 +0800] "POST /wp-admin/admin-ajax.php HTTP/1.1" 200 11109 "http://cqqizhou.com/wp-admin/post.php?post=2547&action=edit" "Mozilla/5.0 (Windows NT 10.0; Win64; x64) AppleWebKit/537.36 (KHTML, like Gecko) Chrome/145.0.0.0 Safari/537.36 Edg/145.0.0.0"
223.73.206.253 - - [09/Apr/2026:09:33:02 +0800] "GET /wp-content/uploads/2026/04/1775698329-2Article_images_W900px.webp HTTP/1.1" 200 43844 "http://cqqizhou.com/wp-admin/post.php?post=2547&action=edit" "Mozilla/5.0 (Windows NT 10.0; Win64; x64) AppleWebKit/537.36 (KHTML, like Gecko) Chrome/145.0.0.0 Safari/537.36 Edg/145.0.0.0"
223.73.206.253 - - [09/Apr/2026:09:33:02 +0800] "GET /wp-json/wp/v2/media/2548?context=view&_locale=user HTTP/1.1" 200 1058 "http://cqqizhou.com/wp-admin/post.php?post=2547&action=edit" "Mozilla/5.0 (Windows NT 10.0; Win64; x64) AppleWebKit/537.36 (KHTML, like Gecko) Chrome/145.0.0.0 Safari/537.36 Edg/145.0.0.0"
223.73.206.253 - - [09/Apr/2026:09:33:03 +0800] "POST /wp-admin/admin-ajax.php HTTP/1.1" 200 112 "http://cqqizhou.com/wp-admin/post.php?post=2547&action=edit" "Mozilla/5.0 (Windows NT 10.0; Win64; x64) AppleWebKit/537.36 (KHTML, like Gecko) Chrome/145.0.0.0 Safari/537.36 Edg/145.0.0.0"
223.73.206.253 - - [09/Apr/2026:09:33:07 +0800] "GET /wp-json/wp/v2/tags?context=edit&per_page=1&_locale=user HTTP/1.1" 200 320 "http://cqqizhou.com/wp-admin/post.php?post=2547&action=edit" "Mozilla/5.0 (Windows NT 10.0; Win64; x64) AppleWebKit/537.36 (KHTML, like Gecko) Chrome/145.0.0.0 Safari/537.36 Edg/145.0.0.0"
223.73.206.253 - - [09/Apr/2026:09:33:07 +0800] "GET /wp-json/wp/v2/categories?context=edit&exclude%5B0%5D=1&per_page=1&_locale=user HTTP/1.1" 200 348 "http://cqqizhou.com/wp-admin/post.php?post=2547&action=edit" "Mozilla/5.0 (Windows NT 10.0; Win64; x64) AppleWebKit/537.36 (KHTML, like Gecko) Chrome/145.0.0.0 Safari/537.36 Edg/145.0.0.0"
223.73.206.253 - - [09/Apr/2026:09:33:07 +0800] "GET /wp-json/wp/v2/categories/1?context=edit&_locale=user HTTP/1.1" 200 331 "http://cqqizhou.com/wp-admin/post.php?post=2547&action=edit" "Mozilla/5.0 (Windows NT 10.0; Win64; x64) AppleWebKit/537.36 (KHTML, like Gecko) Chrome/145.0.0.0 Safari/537.36 Edg/145.0.0.0"
36.133.115.36 - - [09/Apr/2026:09:33:08 +0800] "POST /wp-cron.php?doing_wp_cron=1775698388.4925000667572021484375 HTTP/1.1" 200 31 "-" "WordPress/6.9; http://cqqizhou.com"
223.73.206.253 - - [09/Apr/2026:09:33:08 +0800] "POST /wp-json/wp/v2/posts/2547?_locale=user HTTP/1.1" 200 3555 "http://cqqizhou.com/wp-admin/post.php?post=2547&action=edit" "Mozilla/5.0 (Windows NT 10.0; Win64; x64) AppleWebKit/537.36 (KHTML, like Gecko) Chrome/145.0.0.0 Safari/537.36 Edg/145.0.0.0"
223.73.206.253 - - [09/Apr/2026:09:33:09 +0800] "POST /wp-admin/post.php?post=2547&action=edit&meta-box-loader=1&meta-box-loader-nonce=f977a35f15&_locale=user HTTP/1.1" 302 5 "http://cqqizhou.com/wp-admin/post.php?post=2547&action=edit" "Mozilla/5.0 (Windows NT 10.0; Win64; x64) AppleWebKit/537.36 (KHTML, like Gecko) Chrome/145.0.0.0 Safari/537.36 Edg/145.0.0.0"
223.73.206.253 - - [09/Apr/2026:09:33:14 +0800] "POST /wp-admin/admin-ajax.php HTTP/1.1" 200 112 "http://cqqizhou.com/wp-admin/post.php?post=2547&action=edit" "Mozilla/5.0 (Windows NT 10.0; Win64; x64) AppleWebKit/537.36 (KHTML, like Gecko) Chrome/145.0.0.0 Safari/537.36 Edg/145.0.0.0"
223.73.206.253 - - [09/Apr/2026:09:33:15 +0800] "GET /wp-admin/post.php?post=2547&action=edit&message=4 HTTP/1.1" 200 206086 "http://cqqizhou.com/wp-admin/post.php?post=2547&action=edit" "Mozilla/5.0 (Windows NT 10.0; Win64; x64) AppleWebKit/537.36 (KHTML, like Gecko) Chrome/145.0.0.0 Safari/537.36 Edg/145.0.0.0"
223.73.206.253 - - [09/Apr/2026:09:33:16 +0800] "GET /news/2547 HTTP/1.1" 200 29057 "http://cqqizhou.com/wp-admin/post.php?post=2547&action=edit" "Mozilla/5.0 (Windows NT 10.0; Win64; x64) AppleWebKit/537.36 (KHTML, like Gecko) Chrome/145.0.0.0 Safari/537.36 Edg/145.0.0.0"
223.73.206.253 - - [09/Apr/2026:09:33:24 +0800] "POST /wp-admin/admin-ajax.php HTTP/1.1" 200 112 "http://cqqizhou.com/wp-admin/post.php?post=2547&action=edit" "Mozilla/5.0 (Windows NT 10.0; Win64; x64) AppleWebKit/537.36 (KHTML, like Gecko) Chrome/145.0.0.0 Safari/537.36 Edg/145.0.0.0"
223.73.206.253 - - [09/Apr/2026:09:33:32 +0800] "GET /wp-content/uploads/2026/04/1775195054-1Article_images_W900px.webp HTTP/1.1" 200 25562 "http://cqqizhou.com/news/2547" "Mozilla/5.0 (Windows NT 10.0; Win64; x64) AppleWebKit/537.36 (KHTML, like Gecko) Chrome/145.0.0.0 Safari/537.36 Edg/145.0.0.0"
223.73.206.253 - - [09/Apr/2026:09:33:32 +0800] "GET /wp-content/uploads/2026/04/1775698332-Article_images_W900px.webp HTTP/1.1" 200 49852 "http://cqqizhou.com/news/2547" "Mozilla/5.0 (Windows NT 10.0; Win64; x64) AppleWebKit/537.36 (KHTML, like Gecko) Chrome/145.0.0.0 Safari/537.36 Edg/145.0.0.0"
223.73.206.253 - - [09/Apr/2026:09:33:32 +0800] "GET /wp-content/uploads/2026/02/1770617354-Article_images_W900px.webp HTTP/1.1" 200 13634 "http://cqqizhou.com/news/2547" "Mozilla/5.0 (Windows NT 10.0; Win64; x64) AppleWebKit/537.36 (KHTML, like Gecko) Chrome/145.0.0.0 Safari/537.36 Edg/145.0.0.0"
223.73.206.253 - - [09/Apr/2026:09:33:32 +0800] "GET /wp-content/uploads/2026/04/1775698329-2Article_images_W900px.webp HTTP/1.1" 304 0 "http://cqqizhou.com/news/2547" "Mozilla/5.0 (Windows NT 10.0; Win64; x64) AppleWebKit/537.36 (KHTML, like Gecko) Chrome/145.0.0.0 Safari/537.36 Edg/145.0.0.0"
223.73.206.253 - - [09/Apr/2026:09:33:51 +0800] "GET /wp-content/uploads/2026/04/1775698330-3Article_images_W900px.webp HTTP/1.1" 304 0 "http://cqqizhou.com/news/2547" "Mozilla/5.0 (Windows NT 10.0; Win64; x64) AppleWebKit/537.36 (KHTML, like Gecko) Chrome/145.0.0.0 Safari/537.36 Edg/145.0.0.0"
36.133.115.36 - - [09/Apr/2026:09:35:25 +0800] "POST /wp-cron.php?doing_wp_cron=1775698525.2077410221099853515625 HTTP/1.1" 200 31 "-" "WordPress/6.9; http://cqqizhou.com"
223.73.206.253 - - [09/Apr/2026:09:35:25 +0800] "POST /wp-admin/admin-ajax.php HTTP/1.1" 200 112 "http://cqqizhou.com/wp-admin/post.php?post=2547&action=edit" "Mozilla/5.0 (Windows NT 10.0; Win64; x64) AppleWebKit/537.36 (KHTML, like Gecko) Chrome/145.0.0.0 Safari/537.36 Edg/145.0.0.0"
36.133.115.36 - - [09/Apr/2026:09:36:49 +0800] "POST /wp-cron.php?doing_wp_cron=1775698609.0313999652862548828125 HTTP/1.1" 200 31 "-" "WordPress/6.9; http://cqqizhou.com"
223.73.206.253 - - [09/Apr/2026:09:36:49 +0800] "GET /news/2547 HTTP/1.1" 200 24669 "-" "Mozilla/5.0 (Windows NT 10.0; Win64; x64) AppleWebKit/537.36 (KHTML, like Gecko) Chrome/132.0.0.0 Safari/537.36 NetType/WIFI MicroMessenger/7.0.20.1781(0x6700143B) WindowsWechat(0x63090a13) UnifiedPCWindowsWechat(0xf254181d) XWEB/19201 Flue"
223.73.206.253 - - [09/Apr/2026:09:36:49 +0800] "GET /wp-content/uploads/2026/04/1775698330-3Article_images_W900px.webp HTTP/1.1" 200 38520 "http://cqqizhou.com/news/2547" "Mozilla/5.0 (Windows NT 10.0; Win64; x64) AppleWebKit/537.36 (KHTML, like Gecko) Chrome/132.0.0.0 Safari/537.36 NetType/WIFI MicroMessenger/7.0.20.1781(0x6700143B) WindowsWechat(0x63090a13) UnifiedPCWindowsWechat(0xf254181d) XWEB/19201 Flue"
223.73.206.253 - - [09/Apr/2026:09:36:49 +0800] "GET /wp-content/uploads/2026/04/1775698329-2Article_images_W900px.webp HTTP/1.1" 200 43844 "http://cqqizhou.com/news/2547" "Mozilla/5.0 (Windows NT 10.0; Win64; x64) AppleWebKit/537.36 (KHTML, like Gecko) Chrome/132.0.0.0 Safari/537.36 NetType/WIFI MicroMessenger/7.0.20.1781(0x6700143B) WindowsWechat(0x63090a13) UnifiedPCWindowsWechat(0xf254181d) XWEB/19201 Flue"
223.73.206.253 - - [09/Apr/2026:09:36:49 +0800] "GET /wp-content/uploads/2026/04/1775698332-Article_images_W900px.webp HTTP/1.1" 200 49852 "http://cqqizhou.com/news/2547" "Mozilla/5.0 (Windows NT 10.0; Win64; x64) AppleWebKit/537.36 (KHTML, like Gecko) Chrome/132.0.0.0 Safari/537.36 NetType/WIFI MicroMessenger/7.0.20.1781(0x6700143B) WindowsWechat(0x63090a13) UnifiedPCWindowsWechat(0xf254181d) XWEB/19201 Flue"
14.108.233.220 - - [09/Apr/2026:09:37:02 +0800] "GET /news/2547 HTTP/1.1" 200 24684 "-" "Mozilla/5.0 (Windows NT 10.0; Win64; x64) AppleWebKit/537.36 (KHTML, like Gecko) Chrome/132.0.0.0 Safari/537.36"
14.108.233.220 - - [09/Apr/2026:09:37:02 +0800] "GET /wp-content/uploads/2026/04/1775698332-Article_images_W900px.webp HTTP/1.1" 200 49852 "http://cqqizhou.com/news/2547" "Mozilla/5.0 (Windows NT 10.0; Win64; x64) AppleWebKit/537.36 (KHTML, like Gecko) Chrome/132.0.0.0 Safari/537.36"
14.108.233.220 - - [09/Apr/2026:09:37:02 +0800] "GET /wp-content/uploads/2026/04/1775698330-3Article_images_W900px.webp HTTP/1.1" 200 38520 "http://cqqizhou.com/news/2547" "Mozilla/5.0 (Windows NT 10.0; Win64; x64) AppleWebKit/537.36 (KHTML, like Gecko) Chrome/132.0.0.0 Safari/537.36"
14.108.233.220 - - [09/Apr/2026:09:37:02 +0800] "GET /wp-content/uploads/2026/04/1775698329-2Article_images_W900px.webp HTTP/1.1" 200 43844 "http://cqqizhou.com/news/2547" "Mozilla/5.0 (Windows NT 10.0; Win64; x64) AppleWebKit/537.36 (KHTML, like Gecko) Chrome/132.0.0.0 Safari/537.36"
14.108.233.220 - - [09/Apr/2026:09:37:04 +0800] "POST /wp-admin/admin-ajax.php HTTP/1.1" 200 100 "http://cqqizhou.com/news/2547" "Mozilla/5.0 (Windows NT 10.0; Win64; x64) AppleWebKit/537.36 (KHTML, like Gecko) Chrome/132.0.0.0 Safari/537.36"
14.108.233.220 - - [09/Apr/2026:09:37:05 +0800] "POST /wp-admin/admin-ajax.php HTTP/1.1" 200 542 "http://cqqizhou.com/news/2547" "Mozilla/5.0 (Windows NT 10.0; Win64; x64) AppleWebKit/537.36 (KHTML, like Gecko) Chrome/132.0.0.0 Safari/537.36"
36.133.115.36 - - [09/Apr/2026:09:37:32 +0800] "POST /wp-cron.php?doing_wp_cron=1775698652.2785019874572753906250 HTTP/1.1" 200 31 "-" "WordPress/6.9; http://cqqizhou.com"
223.73.206.253 - - [09/Apr/2026:09:37:32 +0800] "POST /wp-admin/admin-ajax.php HTTP/1.1" 200 112 "http://cqqizhou.com/wp-admin/post.php?post=2547&action=edit" "Mozilla/5.0 (Windows NT 10.0; Win64; x64) AppleWebKit/537.36 (KHTML, like Gecko) Chrome/145.0.0.0 Safari/537.36 Edg/145.0.0.0"
14.108.233.220 - - [09/Apr/2026:09:37:36 +0800] "GET /wp-content/uploads/2026/04/1775698330-3Article_images_W900px.webp HTTP/1.1" 304 0 "http://cqqizhou.com/news/2547" "Mozilla/5.0 (Windows NT 10.0; Win64; x64) AppleWebKit/537.36 (KHTML, like Gecko) Chrome/132.0.0.0 Safari/537.36"
36.133.115.36 - - [09/Apr/2026:09:38:44 +0800] "POST /wp-cron.php?doing_wp_cron=1775698724.5801420211791992187500 HTTP/1.1" 200 31 "-" "WordPress/6.9; http://cqqizhou.com"
223.111.117.9 - - [09/Apr/2026:09:38:44 +0800] "GET /news/2534 HTTP/1.1" 200 20534 "-" "Mozilla/5.0 (Windows NT 10.0; Win64; x64) AppleWebKit/537.36 (KHTML, like Gecko) Chrome/142.0.0.0 Safari/537.36"
36.133.115.36 - - [09/Apr/2026:09:40:19 +0800] "POST /wp-cron.php?doing_wp_cron=1775698819.7396669387817382812500 HTTP/1.1" 200 31 "-" "WordPress/6.9; http://cqqizhou.com"
223.73.206.253 - - [09/Apr/2026:09:40:19 +0800] "POST /wp-admin/admin-ajax.php HTTP/1.1" 200 32 "http://cqqizhou.com/wp-admin/post.php?post=2547&action=edit" "Mozilla/5.0 (Windows NT 10.0; Win64; x64) AppleWebKit/537.36 (KHTML, like Gecko) Chrome/145.0.0.0 Safari/537.36 Edg/145.0.0.0"
223.73.206.253 - - [09/Apr/2026:09:40:21 +0800] "POST /wp-admin/admin-ajax.php HTTP/1.1" 499 0 "http://cqqizhou.com/wp-admin/post.php?post=2547&action=edit" "Mozilla/5.0 (Windows NT 10.0; Win64; x64) AppleWebKit/537.36 (KHTML, like Gecko) Chrome/145.0.0.0 Safari/537.36 Edg/145.0.0.0"
36.133.115.36 - - [09/Apr/2026:09:43:51 +0800] "POST /wp-cron.php?doing_wp_cron=1775699031.0057129859924316406250 HTTP/1.1" 200 31 "-" "WordPress/6.9; http://cqqizhou.com"
172.239.117.207 - - [09/Apr/2026:09:43:51 +0800] "GET / HTTP/1.1" 301 5 "-" "Mozilla/5.0 (Windows NT 6.1; WOW64; rv:8.0) Gecko/20100101 Firefox/8.0"
172.239.117.207 - - [09/Apr/2026:09:43:53 +0800] "GET / HTTP/1.1" 200 158516 "-" "Mozilla/5.0 (Windows NT 6.1; WOW64; rv:8.0) Gecko/20100101 Firefox/8.0"
36.133.115.36 - - [09/Apr/2026:09:51:54 +0800] "POST /wp-cron.php?doing_wp_cron=1775699513.9970340728759765625000 HTTP/1.1" 200 31 "-" "WordPress/6.9; http://cqqizhou.com"
180.127.92.27 - - [09/Apr/2026:09:51:54 +0800] "GET /news/2543 HTTP/1.1" 200 25457 "https://www.baidu.com/link?url=r3aTCziDOlrGG__PMEhnKpb7qf4j0-bzfTI3QfsLDeyzlgM0rDqit9j_HfKaJwPN&wd=&eqid=a782a3b4003adbec0000000469d70594" "Mozilla/5.0 (Windows NT 10.0; Win64; x64) AppleWebKit/537.36 (KHTML, like Gecko) Chrome/146.0.0.0 Safari/537.36 Edg/146.0.0.0"
180.127.92.27 - - [09/Apr/2026:09:51:54 +0800] "GET /wp-content/uploads/2026/02/1769999241-4.2%E7%B1%B3%E9%AB%98%E6%A0%8F%E8%B4%A7%E8%BD%A6.webp HTTP/1.1" 200 54794 "http://cqqizhou.com/news/2543" "Mozilla/5.0 (Windows NT 10.0; Win64; x64) AppleWebKit/537.36 (KHTML, like Gecko) Chrome/146.0.0.0 Safari/537.36 Edg/146.0.0.0"
180.127.92.27 - - [09/Apr/2026:09:51:54 +0800] "GET /wp-content/uploads/2026/01/1770349139-202624Article_images_W900%C3%97500px20260-.webp HTTP/1.1" 200 58006 "http://cqqizhou.com/news/2543" "Mozilla/5.0 (Windows NT 10.0; Win64; x64) AppleWebKit/537.36 (KHTML, like Gecko) Chrome/146.0.0.0 Safari/537.36 Edg/146.0.0.0"
180.127.92.27 - - [09/Apr/2026:09:51:54 +0800] "GET /wp-content/uploads/2025/07/1753454089-Article_images_W900px.webp HTTP/1.1" 200 27552 "http://cqqizhou.com/news/2543" "Mozilla/5.0 (Windows NT 10.0; Win64; x64) AppleWebKit/537.36 (KHTML, like Gecko) Chrome/146.0.0.0 Safari/537.36 Edg/146.0.0.0"
180.127.92.27 - - [09/Apr/2026:09:51:54 +0800] "GET /wp-content/uploads/2025/07/1751425283-qizhou.kf_.qq_.com_.webp HTTP/1.1" 200 16864 "http://cqqizhou.com/news/2543" "Mozilla/5.0 (Windows NT 10.0; Win64; x64) AppleWebKit/537.36 (KHTML, like Gecko) Chrome/146.0.0.0 Safari/537.36 Edg/146.0.0.0"
180.127.92.27 - - [09/Apr/2026:09:51:54 +0800] "GET /wp-content/uploads/2025/07/1753410289-News2000%C3%97400_202571.webp HTTP/1.1" 200 17830 "http://cqqizhou.com/news/2543" "Mozilla/5.0 (Windows NT 10.0; Win64; x64) AppleWebKit/537.36 (KHTML, like Gecko) Chrome/146.0.0.0 Safari/537.36 Edg/146.0.0.0"
36.133.115.36 - - [09/Apr/2026:10:04:58 +0800] "POST /wp-cron.php?doing_wp_cron=1775700298.6913459300994873046875 HTTP/1.1" 200 31 "-" "WordPress/6.9; http://cqqizhou.com"
167.99.152.181 - - [09/Apr/2026:10:04:58 +0800] "GET / HTTP/1.1" 301 5 "-" "Mozilla/5.0 (X11; Linux x86_64; rv:142.0) Gecko/20100101 Firefox/142.0"
36.133.115.36 - - [09/Apr/2026:10:22:26 +0800] "POST /wp-cron.php?doing_wp_cron=1775701346.9306490421295166015625 HTTP/1.1" 200 31 "-" "WordPress/6.9; http://cqqizhou.com"
182.96.161.167 - - [09/Apr/2026:10:22:26 +0800] "GET /wp-content/plugins/woocommerce-products-filter/readme.txt HTTP/1.1" 301 5 "http://www.cqqizhou.com/wp-content/plugins/woocommerce-products-filter/readme.txt" "Mozilla/5.0 (Windows NT 6.1; WOW64) AppleWebKit/537.11 (KHTML, like Gecko) Chrome/23.0.1271.97 Safari/537.11"
106.228.43.66 - - [09/Apr/2026:10:22:27 +0800] "GET /wp-content/plugins/woocommerce-products-filter/readme.txt HTTP/1.1" 404 8949 "http://www.cqqizhou.com/wp-content/plugins/woocommerce-products-filter/readme.txt" "Mozilla/5.0 (Windows NT 6.1; WOW64) AppleWebKit/537.11 (KHTML, like Gecko) Chrome/23.0.1271.97 Safari/537.11"
36.133.115.36 - - [09/Apr/2026:10:29:40 +0800] "POST /wp-cron.php?doing_wp_cron=1775701780.5830650329589843750000 HTTP/1.1" 200 31 "-" "WordPress/6.9; http://cqqizhou.com"
36.34.165.65 - - [09/Apr/2026:10:29:40 +0800] "GET /contacts/ HTTP/1.1" 301 5 "http://cqqizhou.com/contacts/" "Mozilla/5.0 (Windows NT 10.0; Win64; x64) AppleWebKit/537.36 (KHTML, like Gecko) Chrome/136.0.0.0 Safari/537.36"
36.34.165.65 - - [09/Apr/2026:10:29:40 +0800] "GET http://cqqizhou.com/contacts HTTP/1.1" 200 21638 "http://cqqizhou.com/contacts/" "Mozilla/5.0 (Windows NT 10.0; Win64; x64) AppleWebKit/537.36 (KHTML, like Gecko) Chrome/136.0.0.0 Safari/537.36"
51.183.52.86 - - [09/Apr/2026:10:29:51 +0800] "GET /robots.txt HTTP/1.1" 499 0 "-" "Mozilla/5.0"
86.45.163.104 - - [09/Apr/2026:10:29:52 +0800] "GET /company-news HTTP/1.1" 200 25865 "-" "Mozilla/5.0 (Windows NT 10.0; Win64; x64) AppleWebKit/537.36 (KHTML, like Gecko) Chrome/138.0.0.0 Safari/537.36"
