167.172.65.58 - - [26/Mar/2026:08:46:15 +0800] "POST /xmlrpc.php HTTP/1.1" 200 415 "-" "Mozilla/5.0 (Windows NT 10.0; Win64; x64) AppleWebKit/537.36 (KHTML, like Gecko) Chrome/95.0.4638.69 Safari/537.36"
167.172.65.58 - - [26/Mar/2026:08:46:16 +0800] "POST /xmlrpc.php HTTP/1.1" 200 415 "-" "Mozilla/5.0 (Windows NT 10.0; Win64; x64) AppleWebKit/537.36 (KHTML, like Gecko) Chrome/95.0.4638.69 Safari/537.36"
167.172.65.58 - - [26/Mar/2026:08:46:17 +0800] "POST /xmlrpc.php HTTP/1.1" 200 415 "-" "Mozilla/5.0 (Windows NT 10.0; Win64; x64) AppleWebKit/537.36 (KHTML, like Gecko) Chrome/95.0.4638.69 Safari/537.36"
167.172.65.58 - - [26/Mar/2026:08:46:18 +0800] "POST /xmlrpc.php HTTP/1.1" 200 415 "-" "Mozilla/5.0 (Windows NT 10.0; Win64; x64) AppleWebKit/537.36 (KHTML, like Gecko) Chrome/95.0.4638.69 Safari/537.36"
167.172.65.58 - - [26/Mar/2026:08:46:19 +0800] "POST /xmlrpc.php HTTP/1.1" 200 415 "-" "Mozilla/5.0 (Windows NT 10.0; Win64; x64) AppleWebKit/537.36 (KHTML, like Gecko) Chrome/95.0.4638.69 Safari/537.36"
167.172.65.58 - - [26/Mar/2026:08:46:23 +0800] "POST /xmlrpc.php HTTP/1.1" 200 415 "-" "Mozilla/5.0 (Windows NT 10.0; Win64; x64) AppleWebKit/537.36 (KHTML, like Gecko) Chrome/95.0.4638.69 Safari/537.36"
167.172.65.58 - - [26/Mar/2026:08:46:24 +0800] "POST /xmlrpc.php HTTP/1.1" 200 415 "-" "Mozilla/5.0 (Windows NT 10.0; Win64; x64) AppleWebKit/537.36 (KHTML, like Gecko) Chrome/95.0.4638.69 Safari/537.36"
167.172.65.58 - - [26/Mar/2026:08:46:25 +0800] "POST /xmlrpc.php HTTP/1.1" 200 415 "-" "Mozilla/5.0 (Windows NT 10.0; Win64; x64) AppleWebKit/537.36 (KHTML, like Gecko) Chrome/95.0.4638.69 Safari/537.36"
167.172.65.58 - - [26/Mar/2026:08:46:26 +0800] "POST /xmlrpc.php HTTP/1.1" 200 415 "-" "Mozilla/5.0 (Windows NT 10.0; Win64; x64) AppleWebKit/537.36 (KHTML, like Gecko) Chrome/95.0.4638.69 Safari/537.36"
167.172.65.58 - - [26/Mar/2026:08:46:30 +0800] "POST /xmlrpc.php HTTP/1.1" 200 415 "-" "Mozilla/5.0 (Windows NT 10.0; Win64; x64) AppleWebKit/537.36 (KHTML, like Gecko) Chrome/95.0.4638.69 Safari/537.36"
167.172.65.58 - - [26/Mar/2026:08:46:32 +0800] "POST /xmlrpc.php HTTP/1.1" 200 415 "-" "Mozilla/5.0 (Windows NT 10.0; Win64; x64) AppleWebKit/537.36 (KHTML, like Gecko) Chrome/95.0.4638.69 Safari/537.36"
167.172.65.58 - - [26/Mar/2026:08:46:33 +0800] "POST /xmlrpc.php HTTP/1.1" 200 415 "-" "Mozilla/5.0 (Windows NT 10.0; Win64; x64) AppleWebKit/537.36 (KHTML, like Gecko) Chrome/95.0.4638.69 Safari/537.36"
167.172.65.58 - - [26/Mar/2026:08:46:34 +0800] "POST /xmlrpc.php HTTP/1.1" 200 415 "-" "Mozilla/5.0 (Windows NT 10.0; Win64; x64) AppleWebKit/537.36 (KHTML, like Gecko) Chrome/95.0.4638.69 Safari/537.36"
167.172.65.58 - - [26/Mar/2026:08:46:35 +0800] "POST /xmlrpc.php HTTP/1.1" 200 415 "-" "Mozilla/5.0 (Windows NT 10.0; Win64; x64) AppleWebKit/537.36 (KHTML, like Gecko) Chrome/95.0.4638.69 Safari/537.36"
167.172.65.58 - - [26/Mar/2026:08:46:37 +0800] "POST /xmlrpc.php HTTP/1.1" 200 415 "-" "Mozilla/5.0 (Windows NT 10.0; Win64; x64) AppleWebKit/537.36 (KHTML, like Gecko) Chrome/95.0.4638.69 Safari/537.36"
167.172.65.58 - - [26/Mar/2026:08:46:38 +0800] "POST /xmlrpc.php HTTP/1.1" 200 415 "-" "Mozilla/5.0 (Windows NT 10.0; Win64; x64) AppleWebKit/537.36 (KHTML, like Gecko) Chrome/95.0.4638.69 Safari/537.36"
167.172.65.58 - - [26/Mar/2026:08:46:39 +0800] "POST /xmlrpc.php HTTP/1.1" 200 415 "-" "Mozilla/5.0 (Windows NT 10.0; Win64; x64) AppleWebKit/537.36 (KHTML, like Gecko) Chrome/95.0.4638.69 Safari/537.36"
167.172.65.58 - - [26/Mar/2026:08:46:40 +0800] "POST /xmlrpc.php HTTP/1.1" 200 415 "-" "Mozilla/5.0 (Windows NT 10.0; Win64; x64) AppleWebKit/537.36 (KHTML, like Gecko) Chrome/95.0.4638.69 Safari/537.36"
167.172.65.58 - - [26/Mar/2026:08:46:41 +0800] "POST /xmlrpc.php HTTP/1.1" 200 415 "-" "Mozilla/5.0 (Windows NT 10.0; Win64; x64) AppleWebKit/537.36 (KHTML, like Gecko) Chrome/95.0.4638.69 Safari/537.36"
167.172.65.58 - - [26/Mar/2026:08:46:44 +0800] "POST /xmlrpc.php HTTP/1.1" 200 415 "-" "Mozilla/5.0 (Windows NT 10.0; Win64; x64) AppleWebKit/537.36 (KHTML, like Gecko) Chrome/95.0.4638.69 Safari/537.36"
167.172.65.58 - - [26/Mar/2026:08:46:47 +0800] "POST /xmlrpc.php HTTP/1.1" 200 415 "-" "Mozilla/5.0 (Windows NT 10.0; Win64; x64) AppleWebKit/537.36 (KHTML, like Gecko) Chrome/95.0.4638.69 Safari/537.36"
167.172.65.58 - - [26/Mar/2026:08:46:48 +0800] "POST /xmlrpc.php HTTP/1.1" 200 415 "-" "Mozilla/5.0 (Windows NT 10.0; Win64; x64) AppleWebKit/537.36 (KHTML, like Gecko) Chrome/95.0.4638.69 Safari/537.36"
167.172.65.58 - - [26/Mar/2026:08:46:50 +0800] "POST /xmlrpc.php HTTP/1.1" 200 415 "-" "Mozilla/5.0 (Windows NT 10.0; Win64; x64) AppleWebKit/537.36 (KHTML, like Gecko) Chrome/95.0.4638.69 Safari/537.36"
167.172.65.58 - - [26/Mar/2026:08:46:52 +0800] "POST /xmlrpc.php HTTP/1.1" 200 415 "-" "Mozilla/5.0 (Windows NT 10.0; Win64; x64) AppleWebKit/537.36 (KHTML, like Gecko) Chrome/95.0.4638.69 Safari/537.36"
167.172.65.58 - - [26/Mar/2026:08:46:53 +0800] "POST /xmlrpc.php HTTP/1.1" 200 415 "-" "Mozilla/5.0 (Windows NT 10.0; Win64; x64) AppleWebKit/537.36 (KHTML, like Gecko) Chrome/95.0.4638.69 Safari/537.36"
167.172.65.58 - - [26/Mar/2026:08:46:54 +0800] "POST /xmlrpc.php HTTP/1.1" 200 415 "-" "Mozilla/5.0 (Windows NT 10.0; Win64; x64) AppleWebKit/537.36 (KHTML, like Gecko) Chrome/95.0.4638.69 Safari/537.36"
167.172.65.58 - - [26/Mar/2026:08:46:56 +0800] "POST /xmlrpc.php HTTP/1.1" 200 415 "-" "Mozilla/5.0 (Windows NT 10.0; Win64; x64) AppleWebKit/537.36 (KHTML, like Gecko) Chrome/95.0.4638.69 Safari/537.36"
167.172.65.58 - - [26/Mar/2026:08:46:58 +0800] "POST /xmlrpc.php HTTP/1.1" 200 415 "-" "Mozilla/5.0 (Windows NT 10.0; Win64; x64) AppleWebKit/537.36 (KHTML, like Gecko) Chrome/95.0.4638.69 Safari/537.36"
167.172.65.58 - - [26/Mar/2026:08:46:59 +0800] "POST /xmlrpc.php HTTP/1.1" 200 415 "-" "Mozilla/5.0 (Windows NT 10.0; Win64; x64) AppleWebKit/537.36 (KHTML, like Gecko) Chrome/95.0.4638.69 Safari/537.36"
167.172.65.58 - - [26/Mar/2026:08:47:01 +0800] "POST /xmlrpc.php HTTP/1.1" 200 415 "-" "Mozilla/5.0 (Windows NT 10.0; Win64; x64) AppleWebKit/537.36 (KHTML, like Gecko) Chrome/95.0.4638.69 Safari/537.36"
167.172.65.58 - - [26/Mar/2026:08:47:02 +0800] "POST /xmlrpc.php HTTP/1.1" 200 415 "-" "Mozilla/5.0 (Windows NT 10.0; Win64; x64) AppleWebKit/537.36 (KHTML, like Gecko) Chrome/95.0.4638.69 Safari/537.36"
167.172.65.58 - - [26/Mar/2026:08:47:03 +0800] "POST /xmlrpc.php HTTP/1.1" 200 415 "-" "Mozilla/5.0 (Windows NT 10.0; Win64; x64) AppleWebKit/537.36 (KHTML, like Gecko) Chrome/95.0.4638.69 Safari/537.36"
167.172.65.58 - - [26/Mar/2026:08:47:05 +0800] "POST /xmlrpc.php HTTP/1.1" 200 415 "-" "Mozilla/5.0 (Windows NT 10.0; Win64; x64) AppleWebKit/537.36 (KHTML, like Gecko) Chrome/95.0.4638.69 Safari/537.36"
167.172.65.58 - - [26/Mar/2026:08:47:07 +0800] "POST /xmlrpc.php HTTP/1.1" 200 415 "-" "Mozilla/5.0 (Windows NT 10.0; Win64; x64) AppleWebKit/537.36 (KHTML, like Gecko) Chrome/95.0.4638.69 Safari/537.36"
36.133.115.36 - - [26/Mar/2026:08:47:08 +0800] "POST /wp-cron.php?doing_wp_cron=1774486028.7381289005279541015625 HTTP/1.1" 200 31 "-" "WordPress/6.9; http://cqqizhou.com"
167.172.65.58 - - [26/Mar/2026:08:47:08 +0800] "POST /xmlrpc.php HTTP/1.1" 200 415 "-" "Mozilla/5.0 (Windows NT 10.0; Win64; x64) AppleWebKit/537.36 (KHTML, like Gecko) Chrome/95.0.4638.69 Safari/537.36"
36.133.115.36 - - [26/Mar/2026:08:49:09 +0800] "POST /wp-cron.php?doing_wp_cron=1774486149.2416601181030273437500 HTTP/1.1" 200 31 "-" "WordPress/6.9; http://cqqizhou.com"
216.244.66.245 - - [26/Mar/2026:08:49:09 +0800] "GET /robots.txt HTTP/1.1" 200 390 "-" "Mozilla/5.0 (compatible; DotBot/1.2; +https://opensiteexplorer.org/dotbot; help@moz.com)"
36.133.115.36 - - [26/Mar/2026:08:56:51 +0800] "POST /wp-cron.php?doing_wp_cron=1774486611.8779509067535400390625 HTTP/1.1" 200 31 "-" "WordPress/6.9; http://cqqizhou.com"
216.244.66.245 - - [26/Mar/2026:08:56:51 +0800] "GET /2361/ HTTP/1.1" 301 5 "-" "Mozilla/5.0 (compatible; DotBot/1.2; +https://opensiteexplorer.org/dotbot; help@moz.com)"
36.133.115.36 - - [26/Mar/2026:09:01:11 +0800] "POST /wp-cron.php?doing_wp_cron=1774486871.1675989627838134765625 HTTP/1.1" 200 31 "-" "WordPress/6.9; http://cqqizhou.com"
149.86.227.60 - - [26/Mar/2026:09:01:12 +0800] "GET / HTTP/1.1" 200 157185 "-" "Mozilla/5.0"
36.133.115.36 - - [26/Mar/2026:09:14:52 +0800] "POST /wp-cron.php?doing_wp_cron=1774487692.9204568862915039062500 HTTP/1.1" 200 31 "-" "WordPress/6.9; http://cqqizhou.com"
43.156.204.134 - - [26/Mar/2026:09:14:52 +0800] "GET / HTTP/1.1" 200 34812 "-" "Mozilla/5.0 (iPhone; CPU iPhone OS 13_2_3 like Mac OS X) AppleWebKit/605.1.15 (KHTML, like Gecko) Version/13.0.3 Mobile/15E148 Safari/604.1"
36.133.115.36 - - [26/Mar/2026:09:17:26 +0800] "POST /wp-cron.php?doing_wp_cron=1774487846.2637250423431396484375 HTTP/1.1" 200 31 "-" "WordPress/6.9; http://cqqizhou.com"
36.133.108.119 - - [26/Mar/2026:09:17:26 +0800] "HEAD / HTTP/1.1" 301 0 "-" "Mozilla/5.0 (Windows; U; Windows NT 6.1; en-US) AppleWebKit/533.20.25 (KHTML, like Gecko) Version/5.0.4 Safari/533.20.27"
36.133.108.119 - - [26/Mar/2026:09:17:28 +0800] "GET / HTTP/1.1" 301 5 "-" "Scrapy/2.8.0 (+https://scrapy.org)"
36.133.115.36 - - [26/Mar/2026:09:44:29 +0800] "POST /wp-cron.php?doing_wp_cron=1774489469.2391030788421630859375 HTTP/1.1" 200 31 "-" "WordPress/6.9; http://cqqizhou.com"
206.189.84.29 - - [26/Mar/2026:09:44:29 +0800] "GET / HTTP/1.1" 200 157185 "-" "-"
36.133.115.36 - - [26/Mar/2026:09:48:56 +0800] "POST /wp-cron.php?doing_wp_cron=1774489736.8949899673461914062500 HTTP/1.1" 200 31 "-" "WordPress/6.9; http://cqqizhou.com"
15.235.98.160 - - [26/Mar/2026:09:48:56 +0800] "GET /robots.txt HTTP/1.1" 200 190 "-" "Mozilla/5.0 (compatible; AhrefsBot/7.0; +http://ahrefs.com/robot/)"
54.39.6.63 - - [26/Mar/2026:09:48:59 +0800] "GET /media/5 HTTP/1.1" 200 26224 "-" "Mozilla/5.0 (compatible; AhrefsBot/7.0; +http://ahrefs.com/robot/)"
177.190.67.44 - - [26/Mar/2026:10:02:33 +0800] "GET /admin/config.php HTTP/1.0" 404 16 "-" "xfa1"
36.133.115.36 - - [26/Mar/2026:10:18:01 +0800] "POST /wp-cron.php?doing_wp_cron=1774491481.7292530536651611328125 HTTP/1.1" 200 31 "-" "WordPress/6.9; http://cqqizhou.com"
178.128.124.37 - - [26/Mar/2026:10:18:01 +0800] "GET / HTTP/1.1" 200 157185 "-" "-"
14.108.233.17 - - [26/Mar/2026:10:28:45 +0800] "GET /news/2505 HTTP/1.1" 200 24364 "-" "Mozilla/5.0 (Windows NT 10.0; Win64; x64) AppleWebKit/537.36 (KHTML, like Gecko) Chrome/132.0.0.0 Safari/537.36 NetType/WIFI MicroMessenger/7.0.20.1781(0x6700143B) WindowsWechat(0x63090a13) UnifiedPCWindowsWechat(0xf254171e) XWEB/19027 Flue"
14.108.233.17 - - [26/Mar/2026:10:28:45 +0800] "GET /wp-content/uploads/2026/02/1772086672-%E5%BC%80%E5%B7%A5%E5%A4%A7%E5%90%89%E5%B0%81%E9%9D%A2%E5%A4%B4%E5%9B%BEArticle_images_W900%C3%97500px.webp HTTP/1.1" 200 99110 "http://cqqizhou.com/news/2505" "Mozilla/5.0 (Windows NT 10.0; Win64; x64) AppleWebKit/537.36 (KHTML, like Gecko) Chrome/132.0.0.0 Safari/537.36 NetType/WIFI MicroMessenger/7.0.20.1781(0x6700143B) WindowsWechat(0x63090a13) UnifiedPCWindowsWechat(0xf254171e) XWEB/19027 Flue"
14.108.233.17 - - [26/Mar/2026:10:28:45 +0800] "GET /wp-content/uploads/2026/02/1772086671-20262263Article_images_W900px.webp HTTP/1.1" 200 63422 "http://cqqizhou.com/news/2505" "Mozilla/5.0 (Windows NT 10.0; Win64; x64) AppleWebKit/537.36 (KHTML, like Gecko) Chrome/132.0.0.0 Safari/537.36 NetType/WIFI MicroMessenger/7.0.20.1781(0x6700143B) WindowsWechat(0x63090a13) UnifiedPCWindowsWechat(0xf254171e) XWEB/19027 Flue"
14.108.233.17 - - [26/Mar/2026:10:28:45 +0800] "GET /wp-content/uploads/2026/02/1772086673-20262261Article_images_W900px.webp HTTP/1.1" 200 53642 "http://cqqizhou.com/news/2505" "Mozilla/5.0 (Windows NT 10.0; Win64; x64) AppleWebKit/537.36 (KHTML, like Gecko) Chrome/132.0.0.0 Safari/537.36 NetType/WIFI MicroMessenger/7.0.20.1781(0x6700143B) WindowsWechat(0x63090a13) UnifiedPCWindowsWechat(0xf254171e) XWEB/19027 Flue"
14.108.233.17 - - [26/Mar/2026:10:28:45 +0800] "GET /wp-content/uploads/2026/03/1773722869-1Article_images_W900px.webp HTTP/1.1" 200 28566 "http://cqqizhou.com/news/2505" "Mozilla/5.0 (Windows NT 10.0; Win64; x64) AppleWebKit/537.36 (KHTML, like Gecko) Chrome/132.0.0.0 Safari/537.36 NetType/WIFI MicroMessenger/7.0.20.1781(0x6700143B) WindowsWechat(0x63090a13) UnifiedPCWindowsWechat(0xf254171e) XWEB/19027 Flue"
14.108.233.17 - - [26/Mar/2026:10:28:45 +0800] "GET /wp-content/uploads/2026/03/1772790791-%E5%B0%81%E9%9D%A2%E5%A4%B4%E5%9B%BEArticle_images_W900%C3%97500px2026.webp HTTP/1.1" 200 52968 "http://cqqizhou.com/news/2505" "Mozilla/5.0 (Windows NT 10.0; Win64; x64) AppleWebKit/537.36 (KHTML, like Gecko) Chrome/132.0.0.0 Safari/537.36 NetType/WIFI MicroMessenger/7.0.20.1781(0x6700143B) WindowsWechat(0x63090a13) UnifiedPCWindowsWechat(0xf254171e) XWEB/19027 Flue"
14.108.233.17 - - [26/Mar/2026:10:28:45 +0800] "GET /wp-content/uploads/2025/07/1751425283-qizhou.kf_.qq_.com_.webp HTTP/1.1" 200 16864 "http://cqqizhou.com/news/2505" "Mozilla/5.0 (Windows NT 10.0; Win64; x64) AppleWebKit/537.36 (KHTML, like Gecko) Chrome/132.0.0.0 Safari/537.36 NetType/WIFI MicroMessenger/7.0.20.1781(0x6700143B) WindowsWechat(0x63090a13) UnifiedPCWindowsWechat(0xf254171e) XWEB/19027 Flue"
14.108.233.17 - - [26/Mar/2026:10:28:45 +0800] "GET /wp-content/uploads/2025/07/1753410289-News2000%C3%97400_202571.webp HTTP/1.1" 200 17830 "http://cqqizhou.com/news/2505" "Mozilla/5.0 (Windows NT 10.0; Win64; x64) AppleWebKit/537.36 (KHTML, like Gecko) Chrome/132.0.0.0 Safari/537.36 NetType/WIFI MicroMessenger/7.0.20.1781(0x6700143B) WindowsWechat(0x63090a13) UnifiedPCWindowsWechat(0xf254171e) XWEB/19027 Flue"
36.133.115.36 - - [26/Mar/2026:10:28:47 +0800] "POST /wp-cron.php?doing_wp_cron=1774492127.0440070629119873046875 HTTP/1.1" 200 31 "-" "WordPress/6.9; http://cqqizhou.com"
14.108.233.17 - - [26/Mar/2026:10:28:47 +0800] "POST /wp-admin/admin-ajax.php HTTP/1.1" 403 33 "http://cqqizhou.com/news/2505" "Mozilla/5.0 (Windows NT 10.0; Win64; x64) AppleWebKit/537.36 (KHTML, like Gecko) Chrome/132.0.0.0 Safari/537.36 NetType/WIFI MicroMessenger/7.0.20.1781(0x6700143B) WindowsWechat(0x63090a13) UnifiedPCWindowsWechat(0xf254171e) XWEB/19027 Flue"
14.108.233.17 - - [26/Mar/2026:10:28:47 +0800] "GET /wp-content/uploads/2026/02/1772086673-20262262Article_images_W900px.webp HTTP/1.1" 200 56740 "http://cqqizhou.com/news/2505" "Mozilla/5.0 (Windows NT 10.0; Win64; x64) AppleWebKit/537.36 (KHTML, like Gecko) Chrome/132.0.0.0 Safari/537.36 NetType/WIFI MicroMessenger/7.0.20.1781(0x6700143B) WindowsWechat(0x63090a13) UnifiedPCWindowsWechat(0xf254171e) XWEB/19027 Flue"
14.108.233.17 - - [26/Mar/2026:10:28:57 +0800] "POST /wp-admin/admin-ajax.php HTTP/1.1" 403 33 "http://cqqizhou.com/news/2505" "Mozilla/5.0 (Windows NT 10.0; Win64; x64) AppleWebKit/537.36 (KHTML, like Gecko) Chrome/132.0.0.0 Safari/537.36 NetType/WIFI MicroMessenger/7.0.20.1781(0x6700143B) WindowsWechat(0x63090a13) UnifiedPCWindowsWechat(0xf254171e) XWEB/19027 Flue"
14.108.233.17 - - [26/Mar/2026:10:29:06 +0800] "GET /news/2518 HTTP/1.1" 200 20382 "http://cqqizhou.com/news/2505" "Mozilla/5.0 (Windows NT 10.0; Win64; x64) AppleWebKit/537.36 (KHTML, like Gecko) Chrome/132.0.0.0 Safari/537.36 NetType/WIFI MicroMessenger/7.0.20.1781(0x6700143B) WindowsWechat(0x63090a13) UnifiedPCWindowsWechat(0xf254171e) XWEB/19027 Flue"
14.108.233.17 - - [26/Mar/2026:10:29:06 +0800] "GET /wp-content/uploads/2026/03/1772790943-1Article_images_W900px.webp HTTP/1.1" 200 35332 "http://cqqizhou.com/news/2518" "Mozilla/5.0 (Windows NT 10.0; Win64; x64) AppleWebKit/537.36 (KHTML, like Gecko) Chrome/132.0.0.0 Safari/537.36 NetType/WIFI MicroMessenger/7.0.20.1781(0x6700143B) WindowsWechat(0x63090a13) UnifiedPCWindowsWechat(0xf254171e) XWEB/19027 Flue"
14.108.233.17 - - [26/Mar/2026:10:29:06 +0800] "GET /wp-content/uploads/2026/03/1772790943-2Article_images_W900px.webp HTTP/1.1" 200 45662 "http://cqqizhou.com/news/2518" "Mozilla/5.0 (Windows NT 10.0; Win64; x64) AppleWebKit/537.36 (KHTML, like Gecko) Chrome/132.0.0.0 Safari/537.36 NetType/WIFI MicroMessenger/7.0.20.1781(0x6700143B) WindowsWechat(0x63090a13) UnifiedPCWindowsWechat(0xf254171e) XWEB/19027 Flue"
14.108.233.17 - - [26/Mar/2026:10:29:06 +0800] "GET /wp-content/uploads/2026/03/1772713922-Article_images_W900px.webp HTTP/1.1" 200 41304 "http://cqqizhou.com/news/2518" "Mozilla/5.0 (Windows NT 10.0; Win64; x64) AppleWebKit/537.36 (KHTML, like Gecko) Chrome/132.0.0.0 Safari/537.36 NetType/WIFI MicroMessenger/7.0.20.1781(0x6700143B) WindowsWechat(0x63090a13) UnifiedPCWindowsWechat(0xf254171e) XWEB/19027 Flue"
14.108.233.17 - - [26/Mar/2026:10:29:06 +0800] "GET /wp-content/uploads/2026/03/1772790943-3Article_images_W900px.webp HTTP/1.1" 200 37622 "http://cqqizhou.com/news/2518" "Mozilla/5.0 (Windows NT 10.0; Win64; x64) AppleWebKit/537.36 (KHTML, like Gecko) Chrome/132.0.0.0 Safari/537.36 NetType/WIFI MicroMessenger/7.0.20.1781(0x6700143B) WindowsWechat(0x63090a13) UnifiedPCWindowsWechat(0xf254171e) XWEB/19027 Flue"
14.108.233.17 - - [26/Mar/2026:10:29:06 +0800] "GET /wp-content/uploads/2026/03/1772790943-6Article_images_W900px.webp HTTP/1.1" 200 57278 "http://cqqizhou.com/news/2518" "Mozilla/5.0 (Windows NT 10.0; Win64; x64) AppleWebKit/537.36 (KHTML, like Gecko) Chrome/132.0.0.0 Safari/537.36 NetType/WIFI MicroMessenger/7.0.20.1781(0x6700143B) WindowsWechat(0x63090a13) UnifiedPCWindowsWechat(0xf254171e) XWEB/19027 Flue"
14.108.233.17 - - [26/Mar/2026:10:29:06 +0800] "GET /wp-content/uploads/2026/03/1772790943-5Article_images_W900px.webp HTTP/1.1" 200 57476 "http://cqqizhou.com/news/2518" "Mozilla/5.0 (Windows NT 10.0; Win64; x64) AppleWebKit/537.36 (KHTML, like Gecko) Chrome/132.0.0.0 Safari/537.36 NetType/WIFI MicroMessenger/7.0.20.1781(0x6700143B) WindowsWechat(0x63090a13) UnifiedPCWindowsWechat(0xf254171e) XWEB/19027 Flue"
36.133.115.36 - - [26/Mar/2026:10:29:45 +0800] "POST /wp-cron.php?doing_wp_cron=1774492185.2056570053100585937500 HTTP/1.1" 200 31 "-" "WordPress/6.9; http://cqqizhou.com"
182.100.204.148 - - [26/Mar/2026:10:29:45 +0800] "GET http://cqqizhou.com/2165/ HTTP/1.1" 301 5 "-" "Mozilla/5.0 (Macintosh; Intel Mac OS X 10_15_7) AppleWebKit/537.36 (KHTML, like Gecko) Chrome/120.0.0.0 Safari/537.36"
182.100.204.148 - - [26/Mar/2026:10:29:45 +0800] "GET http://cqqizhou.com/news/2165 HTTP/1.1" 200 27039 "-" "Mozilla/5.0 (Macintosh; Intel Mac OS X 10_15_7) AppleWebKit/537.36 (KHTML, like Gecko) Chrome/120.0.0.0 Safari/537.36"
36.133.115.36 - - [26/Mar/2026:10:46:36 +0800] "POST /wp-cron.php?doing_wp_cron=1774493196.3312358856201171875000 HTTP/1.1" 200 31 "-" "WordPress/6.9; http://cqqizhou.com"
220.181.108.105 - - [26/Mar/2026:10:46:36 +0800] "GET /2361/ HTTP/1.1" 301 5 "-" "Mozilla/5.0 (compatible; Baiduspider/2.0; +http://www.baidu.com/search/spider.html)"
220.181.108.169 - - [26/Mar/2026:10:46:36 +0800] "GET /news/2361 HTTP/1.1" 200 25130 "-" "Mozilla/5.0 (compatible; Baiduspider/2.0; +http://www.baidu.com/search/spider.html)"
43.131.39.179 - - [26/Mar/2026:10:46:52 +0800] "GET / HTTP/1.1" 301 5 "-" "Mozilla/5.0 (iPhone; CPU iPhone OS 13_2_3 like Mac OS X) AppleWebKit/605.1.15 (KHTML, like Gecko) Version/13.0.3 Mobile/15E148 Safari/604.1"
43.131.39.179 - - [26/Mar/2026:10:46:55 +0800] "GET / HTTP/1.1" 200 34812 "http://36.133.115.36" "Mozilla/5.0 (iPhone; CPU iPhone OS 13_2_3 like Mac OS X) AppleWebKit/605.1.15 (KHTML, like Gecko) Version/13.0.3 Mobile/15E148 Safari/604.1"
116.179.37.67 - - [26/Mar/2026:10:47:20 +0800] "GET /wp-content/uploads/2025/12/1766064671-Article_images_20251218212624.webp HTTP/1.1" 200 40874 "http://cqqizhou.com/news/2361" "Mozilla/5.0 (compatible; Baiduspider-render/2.0; +http://www.baidu.com/search/spider.html)"
116.179.37.172 - - [26/Mar/2026:10:47:20 +0800] "GET /wp-content/uploads/2025/12/1766373840-Article_images_20251220.webp HTTP/1.1" 200 40034 "http://cqqizhou.com/news/2361" "Mozilla/5.0 (compatible; Baiduspider-render/2.0; +http://www.baidu.com/search/spider.html)"
36.133.115.36 - - [26/Mar/2026:10:55:19 +0800] "POST /wp-cron.php?doing_wp_cron=1774493719.1165230274200439453125 HTTP/1.1" 200 31 "-" "WordPress/6.9; http://cqqizhou.com"
124.94.40.110 - - [26/Mar/2026:10:55:19 +0800] "GET /2163/ HTTP/1.1" 301 5 "-" "Mozilla/5.0 (Macintosh; Intel Mac OS X 10_15_3) AppleWebKit/537.36 (KHTML, like Gecko) Chrome/99.0.4844.84 Safari/537.36"
124.94.40.110 - - [26/Mar/2026:10:55:19 +0800] "GET /news/2163 HTTP/1.1" 200 23987 "-" "Mozilla/5.0 (Macintosh; Intel Mac OS X 10_15_3) AppleWebKit/537.36 (KHTML, like Gecko) Chrome/99.0.4844.84 Safari/537.36"
42.92.185.177 - - [26/Mar/2026:10:55:37 +0800] "GET / HTTP/1.1" 200 35249 "-" "Mozilla/5.0 (Windows NT 10.0) AppleWebKit/537.36 (KHTML, like Gecko) Chrome/71.0.3578.137"
39.187.194.198 - - [26/Mar/2026:10:55:38 +0800] "GET / HTTP/1.1" 301 5 "-" "Mozilla/5.0 (Windows NT 10.0) AppleWebKit/537.36 (KHTML, like Gecko) Chrome/81.0.4044.20"
39.187.194.198 - - [26/Mar/2026:10:55:38 +0800] "GET http://cqqizhou.com/ HTTP/1.1" 200 35249 "-" "Mozilla/5.0 (Windows NT 10.0) AppleWebKit/537.36 (KHTML, like Gecko) Chrome/81.0.4044.20"
36.133.115.36 - - [26/Mar/2026:10:59:07 +0800] "POST /wp-cron.php?doing_wp_cron=1774493947.2968230247497558593750 HTTP/1.1" 200 31 "-" "WordPress/6.9; http://cqqizhou.com"
39.81.8.110 - - [26/Mar/2026:10:59:07 +0800] "GET http://cqqizhou.com/2153/ HTTP/1.1" 301 5 "-" "Mozilla/5.0 (Windows NT 10.0; Win64; x64) AppleWebKit/537.36 (KHTML, like Gecko) Chrome/99.0.4844.51 Safari/537.36"
39.81.8.110 - - [26/Mar/2026:10:59:07 +0800] "GET http://cqqizhou.com/news/2153 HTTP/1.1" 200 24529 "-" "Mozilla/5.0 (Windows NT 10.0; Win64; x64) AppleWebKit/537.36 (KHTML, like Gecko) Chrome/99.0.4844.51 Safari/537.36"
36.133.115.36 - - [26/Mar/2026:11:00:22 +0800] "POST /wp-cron.php?doing_wp_cron=1774494022.7844340801239013671875 HTTP/1.1" 200 31 "-" "WordPress/6.9; http://cqqizhou.com"
176.65.132.19 - - [26/Mar/2026:11:00:22 +0800] "GET /wp-login.php HTTP/1.1" 200 2853 "https://t.co/" "Mozilla/5.0 (Windows NT 10.0; Win64; x64) AppleWebKit/537.36 (KHTML, like Gecko) Chrome/121.0.0.0 Safari/537.36"
176.65.132.19 - - [26/Mar/2026:11:00:30 +0800] "POST /wp-login.php HTTP/1.1" 200 3074 "http://CQQIZHOU.COM/wp-login.php" "Mozilla/5.0 (Macintosh; Intel Mac OS X 10_15_7) AppleWebKit/537.36 (KHTML, like Gecko) Chrome/120.0.0.0 Safari/537.36"
176.65.132.19 - - [26/Mar/2026:11:00:34 +0800] "POST /wp-login.php HTTP/1.1" 200 3072 "http://CQQIZHOU.COM/wp-login.php" "Mozilla/5.0 (Windows NT 11.0; Win64; x64; rv:120.0) Gecko/20100101 Firefox/120.0"
176.65.132.19 - - [26/Mar/2026:11:00:37 +0800] "POST /wp-login.php HTTP/1.1" 200 3018 "http://CQQIZHOU.COM/wp-login.php" "Mozilla/5.0 (Macintosh; Intel Mac OS X 10_15_7; rv:120.0) Gecko/20100101 Firefox/120.0"
176.65.132.19 - - [26/Mar/2026:11:00:41 +0800] "POST /wp-login.php HTTP/1.1" 200 3072 "http://CQQIZHOU.COM/wp-login.php" "Mozilla/5.0 (Windows NT 10.0; Win64; x64) AppleWebKit/537.36 (KHTML, like Gecko) Chrome/118.0.0.0 Safari/537.36"
176.65.132.19 - - [26/Mar/2026:11:00:44 +0800] "POST /wp-login.php HTTP/1.1" 200 3078 "http://CQQIZHOU.COM/wp-login.php" "Mozilla/5.0 (Macintosh; Intel Mac OS X 13_6_1; rv:119.0) Gecko/20100101 Firefox/119.0"
176.65.132.19 - - [26/Mar/2026:11:00:49 +0800] "POST /wp-login.php HTTP/1.1" 200 3018 "http://CQQIZHOU.COM/wp-login.php" "Mozilla/5.0 (X11; Ubuntu; Linux x86_64) AppleWebKit/537.36 (KHTML, like Gecko) Chrome/118.0.0.0 Safari/537.36"
176.65.132.19 - - [26/Mar/2026:11:00:53 +0800] "POST /wp-login.php HTTP/1.1" 200 3018 "http://CQQIZHOU.COM/wp-login.php" "Mozilla/5.0 (Windows NT 11.0; Win64; x64; rv:120.0) Gecko/20100101 Firefox/120.0"
176.65.132.19 - - [26/Mar/2026:11:00:57 +0800] "POST /wp-login.php HTTP/1.1" 200 3018 "http://CQQIZHOU.COM/wp-login.php" "Mozilla/5.0 (X11; Ubuntu; Linux x86_64) AppleWebKit/537.36 (KHTML, like Gecko) Chrome/120.0.0.0 Safari/537.36"
176.65.132.19 - - [26/Mar/2026:11:01:02 +0800] "POST /wp-login.php HTTP/1.1" 200 3018 "http://CQQIZHOU.COM/wp-login.php" "Mozilla/5.0 (X11; Ubuntu; Linux x86_64) AppleWebKit/537.36 (KHTML, like Gecko) Chrome/118.0.0.0 Safari/537.36"
176.65.132.19 - - [26/Mar/2026:11:01:07 +0800] "POST /wp-login.php HTTP/1.1" 200 3018 "http://CQQIZHOU.COM/wp-login.php" "Mozilla/5.0 (Windows NT 11.0; Win64; x64; rv:119.0) Gecko/20100101 Firefox/119.0"
36.133.115.36 - - [26/Mar/2026:11:01:12 +0800] "POST /wp-cron.php?doing_wp_cron=1774494072.2008700370788574218750 HTTP/1.1" 200 31 "-" "WordPress/6.9; http://cqqizhou.com"
176.65.132.19 - - [26/Mar/2026:11:01:12 +0800] "POST /wp-login.php HTTP/1.1" 200 3018 "http://CQQIZHOU.COM/wp-login.php" "Mozilla/5.0 (Macintosh; Intel Mac OS X 13_6_1) AppleWebKit/537.36 (KHTML, like Gecko) Chrome/120.0.0.0 Safari/537.36"
176.65.132.19 - - [26/Mar/2026:11:01:15 +0800] "POST /wp-login.php HTTP/1.1" 200 3071 "http://CQQIZHOU.COM/wp-login.php" "Mozilla/5.0 (Windows NT 10.0; Win64; x64) AppleWebKit/537.36 (KHTML, like Gecko) Chrome/119.0.0.0 Safari/537.36"
176.65.132.19 - - [26/Mar/2026:11:01:19 +0800] "POST /wp-login.php HTTP/1.1" 200 3018 "http://CQQIZHOU.COM/wp-login.php" "Mozilla/5.0 (Windows NT 10.0; Win64; x64) AppleWebKit/537.36 (KHTML, like Gecko) Chrome/119.0.0.0 Safari/537.36"
176.65.132.19 - - [26/Mar/2026:11:01:23 +0800] "POST /wp-login.php HTTP/1.1" 200 3018 "http://CQQIZHOU.COM/wp-login.php" "Mozilla/5.0 (Windows NT 10.0; Win64; x64; rv:118.0) Gecko/20100101 Firefox/118.0"
176.65.132.19 - - [26/Mar/2026:11:01:27 +0800] "POST /wp-login.php HTTP/1.1" 200 3071 "http://CQQIZHOU.COM/wp-login.php" "Mozilla/5.0 (Macintosh; Intel Mac OS X 10_15_7) AppleWebKit/605.1.15 (KHTML, like Gecko) Version/17.2 Safari/605.1.15"
176.65.132.19 - - [26/Mar/2026:11:01:31 +0800] "POST /wp-login.php HTTP/1.1" 200 3018 "http://CQQIZHOU.COM/wp-login.php" "Mozilla/5.0 (Macintosh; Intel Mac OS X 10_15_7) AppleWebKit/537.36 (KHTML, like Gecko) Chrome/118.0.0.0 Safari/537.36"
176.65.132.19 - - [26/Mar/2026:11:01:34 +0800] "POST /wp-login.php HTTP/1.1" 200 3018 "http://CQQIZHOU.COM/wp-login.php" "Mozilla/5.0 (X11; Linux x86_64) AppleWebKit/537.36 (KHTML, like Gecko) Chrome/119.0.0.0 Safari/537.36"
176.65.132.19 - - [26/Mar/2026:11:01:37 +0800] "POST /wp-login.php HTTP/1.1" 200 3076 "http://CQQIZHOU.COM/wp-login.php" "Mozilla/5.0 (Macintosh; Intel Mac OS X 10_15_7) AppleWebKit/537.36 (KHTML, like Gecko) Chrome/120.0.0.0 Safari/537.36"
176.65.132.19 - - [26/Mar/2026:11:01:41 +0800] "POST /wp-login.php HTTP/1.1" 200 3076 "http://CQQIZHOU.COM/wp-login.php" "Mozilla/5.0 (Macintosh; Intel Mac OS X 13_6_1; rv:119.0) Gecko/20100101 Firefox/119.0"
176.65.132.19 - - [26/Mar/2026:11:01:46 +0800] "POST /wp-login.php HTTP/1.1" 200 3071 "http://CQQIZHOU.COM/wp-login.php" "Mozilla/5.0 (X11; Linux x86_64) AppleWebKit/537.36 (KHTML, like Gecko) Chrome/121.0.0.0 Safari/537.36"
176.65.132.19 - - [26/Mar/2026:11:01:51 +0800] "POST /wp-login.php HTTP/1.1" 200 3080 "http://CQQIZHOU.COM/wp-login.php" "Mozilla/5.0 (Windows NT 10.0; Win64; x64) AppleWebKit/537.36 (KHTML, like Gecko) Chrome/119.0.0.0 Safari/537.36"
176.65.132.19 - - [26/Mar/2026:11:01:54 +0800] "POST /wp-login.php HTTP/1.1" 200 3077 "http://CQQIZHOU.COM/wp-login.php" "Mozilla/5.0 (Macintosh; Intel Mac OS X 10_15_7) AppleWebKit/537.36 (KHTML, like Gecko) Chrome/119.0.0.0 Safari/537.36"
176.65.132.19 - - [26/Mar/2026:11:01:57 +0800] "POST /wp-login.php HTTP/1.1" 200 3018 "http://CQQIZHOU.COM/wp-login.php" "Mozilla/5.0 (X11; Linux x86_64) AppleWebKit/537.36 (KHTML, like Gecko) Chrome/120.0.0.0 Safari/537.36"
176.65.132.19 - - [26/Mar/2026:11:02:00 +0800] "POST /wp-login.php HTTP/1.1" 200 3077 "http://CQQIZHOU.COM/wp-login.php" "Mozilla/5.0 (Macintosh; Intel Mac OS X 10_15_7) AppleWebKit/537.36 (KHTML, like Gecko) Chrome/118.0.0.0 Safari/537.36"
176.65.132.19 - - [26/Mar/2026:11:02:07 +0800] "POST /wp-login.php HTTP/1.1" 200 3073 "http://CQQIZHOU.COM/wp-login.php" "Mozilla/5.0 (Macintosh; Intel Mac OS X 10_15_7) AppleWebKit/605.1.15 (KHTML, like Gecko) Version/16.6 Safari/605.1.15"
36.133.115.36 - - [26/Mar/2026:11:02:11 +0800] "POST /wp-cron.php?doing_wp_cron=1774494131.1090879440307617187500 HTTP/1.1" 200 31 "-" "WordPress/6.9; http://cqqizhou.com"
176.65.132.19 - - [26/Mar/2026:11:02:11 +0800] "POST /wp-login.php HTTP/1.1" 200 3018 "http://CQQIZHOU.COM/wp-login.php" "Mozilla/5.0 (Windows NT 11.0; Win64; x64) AppleWebKit/537.36 (KHTML, like Gecko) Chrome/121.0.0.0 Safari/537.36"
176.65.132.19 - - [26/Mar/2026:11:02:14 +0800] "POST /wp-login.php HTTP/1.1" 200 3018 "http://CQQIZHOU.COM/wp-login.php" "Mozilla/5.0 (Macintosh; Intel Mac OS X 10_15_7) AppleWebKit/605.1.15 (KHTML, like Gecko) Version/17.0 Safari/605.1.15"
176.65.132.19 - - [26/Mar/2026:11:02:16 +0800] "POST /wp-login.php HTTP/1.1" 200 3078 "http://CQQIZHOU.COM/wp-login.php" "Mozilla/5.0 (Windows NT 10.0; Win64; x64; rv:119.0) Gecko/20100101 Firefox/119.0"
176.65.132.19 - - [26/Mar/2026:11:02:20 +0800] "POST /wp-login.php HTTP/1.1" 200 3069 "http://CQQIZHOU.COM/wp-login.php" "Mozilla/5.0 (Macintosh; Intel Mac OS X 13_6_1; rv:118.0) Gecko/20100101 Firefox/118.0"
176.65.132.19 - - [26/Mar/2026:11:02:23 +0800] "POST /wp-login.php HTTP/1.1" 200 3081 "http://CQQIZHOU.COM/wp-login.php" "Mozilla/5.0 (Macintosh; Intel Mac OS X 13_6_1) AppleWebKit/605.1.15 (KHTML, like Gecko) Version/17.1 Safari/605.1.15"
176.65.132.19 - - [26/Mar/2026:11:02:27 +0800] "POST /wp-login.php HTTP/1.1" 200 3069 "http://CQQIZHOU.COM/wp-login.php" "Mozilla/5.0 (Macintosh; Intel Mac OS X 10_15_7) AppleWebKit/537.36 (KHTML, like Gecko) Chrome/121.0.0.0 Safari/537.36"
176.65.132.19 - - [26/Mar/2026:11:02:29 +0800] "POST /wp-login.php HTTP/1.1" 200 3068 "http://CQQIZHOU.COM/wp-login.php" "Mozilla/5.0 (Macintosh; Intel Mac OS X 10_15_7; rv:121.0) Gecko/20100101 Firefox/121.0"
176.65.132.19 - - [26/Mar/2026:11:02:33 +0800] "POST /wp-login.php HTTP/1.1" 200 3074 "http://CQQIZHOU.COM/wp-login.php" "Mozilla/5.0 (Windows NT 10.0; Win64; x64) AppleWebKit/537.36 (KHTML, like Gecko) Chrome/120.0.0.0 Safari/537.36"
176.65.132.19 - - [26/Mar/2026:11:02:36 +0800] "POST /wp-login.php HTTP/1.1" 200 3075 "http://CQQIZHOU.COM/wp-login.php" "Mozilla/5.0 (X11; Linux x86_64) AppleWebKit/537.36 (KHTML, like Gecko) Chrome/118.0.0.0 Safari/537.36"
176.65.132.19 - - [26/Mar/2026:11:02:40 +0800] "POST /wp-login.php HTTP/1.1" 200 3074 "http://CQQIZHOU.COM/wp-login.php" "Mozilla/5.0 (Macintosh; Intel Mac OS X 13_6_1; rv:121.0) Gecko/20100101 Firefox/121.0"
176.65.132.19 - - [26/Mar/2026:11:02:43 +0800] "POST /wp-login.php HTTP/1.1" 200 3070 "http://CQQIZHOU.COM/wp-login.php" "Mozilla/5.0 (X11; Linux x86_64) AppleWebKit/537.36 (KHTML, like Gecko) Chrome/120.0.0.0 Safari/537.36"
176.65.132.19 - - [26/Mar/2026:11:02:47 +0800] "POST /wp-login.php HTTP/1.1" 200 3070 "http://CQQIZHOU.COM/wp-login.php" "Mozilla/5.0 (Macintosh; Intel Mac OS X 10_15_7) AppleWebKit/605.1.15 (KHTML, like Gecko) Version/16.6 Safari/605.1.15"
176.65.132.19 - - [26/Mar/2026:11:02:49 +0800] "POST /wp-login.php HTTP/1.1" 200 3075 "http://CQQIZHOU.COM/wp-login.php" "Mozilla/5.0 (Windows NT 10.0; Win64; x64) AppleWebKit/537.36 (KHTML, like Gecko) Chrome/121.0.0.0 Safari/537.36"
176.65.132.19 - - [26/Mar/2026:11:02:53 +0800] "POST /wp-login.php HTTP/1.1" 200 3069 "http://CQQIZHOU.COM/wp-login.php" "Mozilla/5.0 (Macintosh; Intel Mac OS X 10_15_7) AppleWebKit/605.1.15 (KHTML, like Gecko) Version/17.2 Safari/605.1.15"
176.65.132.19 - - [26/Mar/2026:11:02:56 +0800] "POST /wp-login.php HTTP/1.1" 200 3069 "http://CQQIZHOU.COM/wp-login.php" "Mozilla/5.0 (Windows NT 11.0; Win64; x64) AppleWebKit/537.36 (KHTML, like Gecko) Chrome/119.0.0.0 Safari/537.36"
176.65.132.19 - - [26/Mar/2026:11:03:00 +0800] "POST /wp-login.php HTTP/1.1" 200 3071 "http://CQQIZHOU.COM/wp-login.php" "Mozilla/5.0 (Macintosh; Intel Mac OS X 13_6_1; rv:119.0) Gecko/20100101 Firefox/119.0"
176.65.132.19 - - [26/Mar/2026:11:03:03 +0800] "POST /wp-login.php HTTP/1.1" 200 3081 "http://CQQIZHOU.COM/wp-login.php" "Mozilla/5.0 (Windows NT 10.0; Win64; x64) AppleWebKit/537.36 (KHTML, like Gecko) Chrome/119.0.0.0 Safari/537.36"
176.65.132.19 - - [26/Mar/2026:11:03:06 +0800] "POST /wp-login.php HTTP/1.1" 200 3072 "http://CQQIZHOU.COM/wp-login.php" "Mozilla/5.0 (Windows NT 10.0; Win64; x64) AppleWebKit/537.36 (KHTML, like Gecko) Chrome/118.0.0.0 Safari/537.36"
36.133.115.36 - - [26/Mar/2026:11:03:09 +0800] "POST /wp-cron.php?doing_wp_cron=1774494189.3573648929595947265625 HTTP/1.1" 200 31 "-" "WordPress/6.9; http://cqqizhou.com"
176.65.132.19 - - [26/Mar/2026:11:03:09 +0800] "POST /wp-login.php HTTP/1.1" 200 3075 "http://CQQIZHOU.COM/wp-login.php" "Mozilla/5.0 (Windows NT 10.0; Win64; x64; rv:120.0) Gecko/20100101 Firefox/120.0"
176.65.132.19 - - [26/Mar/2026:11:03:12 +0800] "POST /wp-login.php HTTP/1.1" 200 2984 "http://CQQIZHOU.COM/wp-login.php" "Mozilla/5.0 (X11; Linux x86_64) AppleWebKit/537.36 (KHTML, like Gecko) Chrome/121.0.0.0 Safari/537.36"
176.65.132.19 - - [26/Mar/2026:11:03:15 +0800] "POST /wp-login.php HTTP/1.1" 200 3071 "http://CQQIZHOU.COM/wp-login.php" "Mozilla/5.0 (Macintosh; Intel Mac OS X 10_15_7) AppleWebKit/605.1.15 (KHTML, like Gecko) Version/17.0 Safari/605.1.15"
176.65.132.19 - - [26/Mar/2026:11:03:18 +0800] "POST /wp-login.php HTTP/1.1" 200 3073 "http://CQQIZHOU.COM/wp-login.php" "Mozilla/5.0 (Macintosh; Intel Mac OS X 13_6_1; rv:120.0) Gecko/20100101 Firefox/120.0"
176.65.132.19 - - [26/Mar/2026:11:03:21 +0800] "POST /wp-login.php HTTP/1.1" 200 3077 "http://CQQIZHOU.COM/wp-login.php" "Mozilla/5.0 (Macintosh; Intel Mac OS X 13_6_1; rv:120.0) Gecko/20100101 Firefox/120.0"
176.65.132.19 - - [26/Mar/2026:11:03:24 +0800] "POST /wp-login.php HTTP/1.1" 200 3072 "http://CQQIZHOU.COM/wp-login.php" "Mozilla/5.0 (Windows NT 10.0; Win64; x64; rv:121.0) Gecko/20100101 Firefox/121.0"
176.65.132.19 - - [26/Mar/2026:11:03:28 +0800] "POST /wp-login.php HTTP/1.1" 200 2984 "http://CQQIZHOU.COM/wp-login.php" "Mozilla/5.0 (Windows NT 11.0; Win64; x64) AppleWebKit/537.36 (KHTML, like Gecko) Chrome/121.0.0.0 Safari/537.36"
176.65.132.19 - - [26/Mar/2026:11:03:31 +0800] "POST /wp-login.php HTTP/1.1" 200 3072 "http://CQQIZHOU.COM/wp-login.php" "Mozilla/5.0 (Windows NT 11.0; Win64; x64; rv:119.0) Gecko/20100101 Firefox/119.0"
176.65.132.19 - - [26/Mar/2026:11:03:34 +0800] "POST /wp-login.php HTTP/1.1" 200 3070 "http://CQQIZHOU.COM/wp-login.php" "Mozilla/5.0 (Macintosh; Intel Mac OS X 13_6_1) AppleWebKit/605.1.15 (KHTML, like Gecko) Version/17.1 Safari/605.1.15"
176.65.132.19 - - [26/Mar/2026:11:03:37 +0800] "POST /wp-login.php HTTP/1.1" 200 3075 "http://CQQIZHOU.COM/wp-login.php" "Mozilla/5.0 (Macintosh; Intel Mac OS X 13_6_1) AppleWebKit/605.1.15 (KHTML, like Gecko) Version/17.0 Safari/605.1.15"
176.65.132.19 - - [26/Mar/2026:11:03:39 +0800] "POST /wp-login.php HTTP/1.1" 200 3071 "http://CQQIZHOU.COM/wp-login.php" "Mozilla/5.0 (Macintosh; Intel Mac OS X 13_6_1) AppleWebKit/605.1.15 (KHTML, like Gecko) Version/17.1 Safari/605.1.15"
176.65.132.19 - - [26/Mar/2026:11:03:42 +0800] "POST /wp-login.php HTTP/1.1" 200 3018 "http://CQQIZHOU.COM/wp-login.php" "Mozilla/5.0 (X11; Linux x86_64) AppleWebKit/537.36 (KHTML, like Gecko) Chrome/119.0.0.0 Safari/537.36"
176.65.132.19 - - [26/Mar/2026:11:03:45 +0800] "POST /wp-login.php HTTP/1.1" 200 3070 "http://CQQIZHOU.COM/wp-login.php" "Mozilla/5.0 (Macintosh; Intel Mac OS X 13_6_1) AppleWebKit/605.1.15 (KHTML, like Gecko) Version/16.6 Safari/605.1.15"
176.65.132.19 - - [26/Mar/2026:11:03:48 +0800] "POST /wp-login.php HTTP/1.1" 200 3070 "http://CQQIZHOU.COM/wp-login.php" "Mozilla/5.0 (Macintosh; Intel Mac OS X 10_15_7) AppleWebKit/605.1.15 (KHTML, like Gecko) Version/17.1 Safari/605.1.15"
176.65.132.19 - - [26/Mar/2026:11:03:51 +0800] "POST /wp-login.php HTTP/1.1" 200 3074 "http://CQQIZHOU.COM/wp-login.php" "Mozilla/5.0 (Macintosh; Intel Mac OS X 10_15_7) AppleWebKit/537.36 (KHTML, like Gecko) Chrome/118.0.0.0 Safari/537.36"
176.65.132.19 - - [26/Mar/2026:11:03:54 +0800] "POST /wp-login.php HTTP/1.1" 200 3075 "http://CQQIZHOU.COM/wp-login.php" "Mozilla/5.0 (Windows NT 11.0; Win64; x64) AppleWebKit/537.36 (KHTML, like Gecko) Chrome/118.0.0.0 Safari/537.36"
176.65.132.19 - - [26/Mar/2026:11:03:56 +0800] "POST /wp-login.php HTTP/1.1" 200 3072 "http://CQQIZHOU.COM/wp-login.php" "Mozilla/5.0 (Windows NT 10.0; Win64; x64; rv:121.0) Gecko/20100101 Firefox/121.0"
176.65.132.19 - - [26/Mar/2026:11:03:59 +0800] "POST /wp-login.php HTTP/1.1" 200 3069 "http://CQQIZHOU.COM/wp-login.php" "Mozilla/5.0 (Macintosh; Intel Mac OS X 13_6_1) AppleWebKit/537.36 (KHTML, like Gecko) Chrome/118.0.0.0 Safari/537.36"
176.65.132.19 - - [26/Mar/2026:11:04:02 +0800] "POST /wp-login.php HTTP/1.1" 200 3072 "http://CQQIZHOU.COM/wp-login.php" "Mozilla/5.0 (Windows NT 11.0; Win64; x64) AppleWebKit/537.36 (KHTML, like Gecko) Chrome/121.0.0.0 Safari/537.36"
176.65.132.19 - - [26/Mar/2026:11:04:05 +0800] "POST /wp-login.php HTTP/1.1" 200 3072 "http://CQQIZHOU.COM/wp-login.php" "Mozilla/5.0 (Windows NT 10.0; Win64; x64) AppleWebKit/537.36 (KHTML, like Gecko) Chrome/121.0.0.0 Safari/537.36"
176.65.132.19 - - [26/Mar/2026:11:04:07 +0800] "POST /wp-login.php HTTP/1.1" 200 3078 "http://CQQIZHOU.COM/wp-login.php" "Mozilla/5.0 (Macintosh; Intel Mac OS X 13_6_1) AppleWebKit/537.36 (KHTML, like Gecko) Chrome/119.0.0.0 Safari/537.36"
36.133.115.36 - - [26/Mar/2026:11:04:10 +0800] "POST /wp-cron.php?doing_wp_cron=1774494250.7133700847625732421875 HTTP/1.1" 200 31 "-" "WordPress/6.9; http://cqqizhou.com"
176.65.132.19 - - [26/Mar/2026:11:04:10 +0800] "POST /wp-login.php HTTP/1.1" 200 3073 "http://CQQIZHOU.COM/wp-login.php" "Mozilla/5.0 (Windows NT 10.0; Win64; x64) AppleWebKit/537.36 (KHTML, like Gecko) Chrome/119.0.0.0 Safari/537.36"
176.65.132.19 - - [26/Mar/2026:11:04:13 +0800] "POST /wp-login.php HTTP/1.1" 200 3071 "http://CQQIZHOU.COM/wp-login.php" "Mozilla/5.0 (Macintosh; Intel Mac OS X 13_6_1; rv:121.0) Gecko/20100101 Firefox/121.0"
176.65.132.19 - - [26/Mar/2026:11:04:18 +0800] "POST /wp-login.php HTTP/1.1" 200 3070 "http://CQQIZHOU.COM/wp-login.php" "Mozilla/5.0 (Macintosh; Intel Mac OS X 13_6_1) AppleWebKit/605.1.15 (KHTML, like Gecko) Version/17.0 Safari/605.1.15"
176.65.132.19 - - [26/Mar/2026:11:04:20 +0800] "POST /wp-login.php HTTP/1.1" 200 3072 "http://CQQIZHOU.COM/wp-login.php" "Mozilla/5.0 (Macintosh; Intel Mac OS X 10_15_7) AppleWebKit/537.36 (KHTML, like Gecko) Chrome/120.0.0.0 Safari/537.36"
176.65.132.19 - - [26/Mar/2026:11:04:24 +0800] "POST /wp-login.php HTTP/1.1" 200 3018 "http://CQQIZHOU.COM/wp-login.php" "Mozilla/5.0 (Windows NT 11.0; Win64; x64) AppleWebKit/537.36 (KHTML, like Gecko) Chrome/119.0.0.0 Safari/537.36"
176.65.132.19 - - [26/Mar/2026:11:04:27 +0800] "POST /wp-login.php HTTP/1.1" 200 3018 "http://CQQIZHOU.COM/wp-login.php" "Mozilla/5.0 (Macintosh; Intel Mac OS X 10_15_7) AppleWebKit/605.1.15 (KHTML, like Gecko) Version/17.2 Safari/605.1.15"
176.65.132.19 - - [26/Mar/2026:11:04:29 +0800] "POST /wp-login.php HTTP/1.1" 200 3073 "http://CQQIZHOU.COM/wp-login.php" "Mozilla/5.0 (X11; Ubuntu; Linux x86_64) AppleWebKit/537.36 (KHTML, like Gecko) Chrome/119.0.0.0 Safari/537.36"
176.65.132.19 - - [26/Mar/2026:11:04:31 +0800] "POST /wp-login.php HTTP/1.1" 200 3080 "http://CQQIZHOU.COM/wp-login.php" "Mozilla/5.0 (Macintosh; Intel Mac OS X 13_6_1; rv:118.0) Gecko/20100101 Firefox/118.0"
176.65.132.19 - - [26/Mar/2026:11:04:34 +0800] "POST /wp-login.php HTTP/1.1" 200 3070 "http://CQQIZHOU.COM/wp-login.php" "Mozilla/5.0 (Macintosh; Intel Mac OS X 10_15_7) AppleWebKit/605.1.15 (KHTML, like Gecko) Version/17.1 Safari/605.1.15"
176.65.132.19 - - [26/Mar/2026:11:04:37 +0800] "POST /wp-login.php HTTP/1.1" 200 2984 "http://CQQIZHOU.COM/wp-login.php" "Mozilla/5.0 (Macintosh; Intel Mac OS X 10_15_7; rv:120.0) Gecko/20100101 Firefox/120.0"
176.65.132.19 - - [26/Mar/2026:11:04:41 +0800] "POST /wp-login.php HTTP/1.1" 200 3071 "http://CQQIZHOU.COM/wp-login.php" "Mozilla/5.0 (Macintosh; Intel Mac OS X 13_6_1) AppleWebKit/537.36 (KHTML, like Gecko) Chrome/120.0.0.0 Safari/537.36"
176.65.132.19 - - [26/Mar/2026:11:04:43 +0800] "POST /wp-login.php HTTP/1.1" 200 3070 "http://CQQIZHOU.COM/wp-login.php" "Mozilla/5.0 (Macintosh; Intel Mac OS X 13_6_1; rv:121.0) Gecko/20100101 Firefox/121.0"
176.65.132.19 - - [26/Mar/2026:11:04:47 +0800] "POST /wp-login.php HTTP/1.1" 200 3075 "http://CQQIZHOU.COM/wp-login.php" "Mozilla/5.0 (Macintosh; Intel Mac OS X 10_15_7) AppleWebKit/605.1.15 (KHTML, like Gecko) Version/17.1 Safari/605.1.15"
176.65.132.19 - - [26/Mar/2026:11:04:51 +0800] "POST /wp-login.php HTTP/1.1" 200 3074 "http://CQQIZHOU.COM/wp-login.php" "Mozilla/5.0 (Windows NT 11.0; Win64; x64) AppleWebKit/537.36 (KHTML, like Gecko) Chrome/121.0.0.0 Safari/537.36"
176.65.132.19 - - [26/Mar/2026:11:04:54 +0800] "POST /wp-login.php HTTP/1.1" 200 3074 "http://CQQIZHOU.COM/wp-login.php" "Mozilla/5.0 (Windows NT 11.0; Win64; x64; rv:121.0) Gecko/20100101 Firefox/121.0"
176.65.132.19 - - [26/Mar/2026:11:04:58 +0800] "POST /wp-login.php HTTP/1.1" 200 3078 "http://CQQIZHOU.COM/wp-login.php" "Mozilla/5.0 (X11; Linux x86_64) AppleWebKit/537.36 (KHTML, like Gecko) Chrome/118.0.0.0 Safari/537.36"
176.65.132.19 - - [26/Mar/2026:11:05:01 +0800] "POST /wp-login.php HTTP/1.1" 200 3077 "http://CQQIZHOU.COM/wp-login.php" "Mozilla/5.0 (Macintosh; Intel Mac OS X 13_6_1) AppleWebKit/605.1.15 (KHTML, like Gecko) Version/17.1 Safari/605.1.15"
176.65.132.19 - - [26/Mar/2026:11:05:04 +0800] "POST /wp-login.php HTTP/1.1" 200 3075 "http://CQQIZHOU.COM/wp-login.php" "Mozilla/5.0 (Macintosh; Intel Mac OS X 10_15_7) AppleWebKit/537.36 (KHTML, like Gecko) Chrome/119.0.0.0 Safari/537.36"
176.65.132.19 - - [26/Mar/2026:11:05:07 +0800] "POST /wp-login.php HTTP/1.1" 200 3068 "http://CQQIZHOU.COM/wp-login.php" "Mozilla/5.0 (Macintosh; Intel Mac OS X 13_6_1) AppleWebKit/537.36 (KHTML, like Gecko) Chrome/120.0.0.0 Safari/537.36"
36.133.115.36 - - [26/Mar/2026:11:05:10 +0800] "POST /wp-cron.php?doing_wp_cron=1774494310.7575249671936035156250 HTTP/1.1" 200 31 "-" "WordPress/6.9; http://cqqizhou.com"
176.65.132.19 - - [26/Mar/2026:11:05:10 +0800] "POST /wp-login.php HTTP/1.1" 200 3070 "http://CQQIZHOU.COM/wp-login.php" "Mozilla/5.0 (Macintosh; Intel Mac OS X 10_15_7) AppleWebKit/605.1.15 (KHTML, like Gecko) Version/17.1 Safari/605.1.15"
176.65.132.19 - - [26/Mar/2026:11:05:14 +0800] "POST /wp-login.php HTTP/1.1" 200 3018 "http://CQQIZHOU.COM/wp-login.php" "Mozilla/5.0 (Windows NT 10.0; Win64; x64; rv:121.0) Gecko/20100101 Firefox/121.0"
176.65.132.19 - - [26/Mar/2026:11:05:17 +0800] "POST /wp-login.php HTTP/1.1" 200 3071 "http://CQQIZHOU.COM/wp-login.php" "Mozilla/5.0 (Windows NT 10.0; Win64; x64) AppleWebKit/537.36 (KHTML, like Gecko) Chrome/120.0.0.0 Safari/537.36"
176.65.132.19 - - [26/Mar/2026:11:05:20 +0800] "POST /wp-login.php HTTP/1.1" 200 3073 "http://CQQIZHOU.COM/wp-login.php" "Mozilla/5.0 (Macintosh; Intel Mac OS X 13_6_1; rv:121.0) Gecko/20100101 Firefox/121.0"
176.65.132.19 - - [26/Mar/2026:11:05:23 +0800] "POST /wp-login.php HTTP/1.1" 200 3073 "http://CQQIZHOU.COM/wp-login.php" "Mozilla/5.0 (Macintosh; Intel Mac OS X 10_15_7) AppleWebKit/605.1.15 (KHTML, like Gecko) Version/17.0 Safari/605.1.15"
176.65.132.19 - - [26/Mar/2026:11:05:27 +0800] "POST /wp-login.php HTTP/1.1" 200 3068 "http://CQQIZHOU.COM/wp-login.php" "Mozilla/5.0 (Macintosh; Intel Mac OS X 10_15_7) AppleWebKit/605.1.15 (KHTML, like Gecko) Version/17.0 Safari/605.1.15"
176.65.132.19 - - [26/Mar/2026:11:05:30 +0800] "POST /wp-login.php HTTP/1.1" 200 3073 "http://CQQIZHOU.COM/wp-login.php" "Mozilla/5.0 (Macintosh; Intel Mac OS X 13_6_1) AppleWebKit/605.1.15 (KHTML, like Gecko) Version/17.1 Safari/605.1.15"
176.65.132.19 - - [26/Mar/2026:11:05:32 +0800] "POST /wp-login.php HTTP/1.1" 200 3074 "http://CQQIZHOU.COM/wp-login.php" "Mozilla/5.0 (Macintosh; Intel Mac OS X 10_15_7) AppleWebKit/605.1.15 (KHTML, like Gecko) Version/17.2 Safari/605.1.15"
176.65.132.19 - - [26/Mar/2026:11:05:35 +0800] "POST /wp-login.php HTTP/1.1" 200 3078 "http://CQQIZHOU.COM/wp-login.php" "Mozilla/5.0 (Macintosh; Intel Mac OS X 13_6_1; rv:120.0) Gecko/20100101 Firefox/120.0"
176.65.132.19 - - [26/Mar/2026:11:05:37 +0800] "POST /wp-login.php HTTP/1.1" 200 3072 "http://CQQIZHOU.COM/wp-login.php" "Mozilla/5.0 (Windows NT 11.0; Win64; x64) AppleWebKit/537.36 (KHTML, like Gecko) Chrome/121.0.0.0 Safari/537.36"
176.65.132.19 - - [26/Mar/2026:11:05:40 +0800] "POST /wp-login.php HTTP/1.1" 200 3018 "http://CQQIZHOU.COM/wp-login.php" "Mozilla/5.0 (Macintosh; Intel Mac OS X 10_15_7) AppleWebKit/537.36 (KHTML, like Gecko) Chrome/120.0.0.0 Safari/537.36"
176.65.132.19 - - [26/Mar/2026:11:05:43 +0800] "POST /wp-login.php HTTP/1.1" 200 3071 "http://CQQIZHOU.COM/wp-login.php" "Mozilla/5.0 (X11; Ubuntu; Linux x86_64) AppleWebKit/537.36 (KHTML, like Gecko) Chrome/120.0.0.0 Safari/537.36"
176.65.132.19 - - [26/Mar/2026:11:05:46 +0800] "POST /wp-login.php HTTP/1.1" 200 3080 "http://CQQIZHOU.COM/wp-login.php" "Mozilla/5.0 (X11; Linux x86_64) AppleWebKit/537.36 (KHTML, like Gecko) Chrome/119.0.0.0 Safari/537.36"
176.65.132.19 - - [26/Mar/2026:11:05:49 +0800] "POST /wp-login.php HTTP/1.1" 200 3070 "http://CQQIZHOU.COM/wp-login.php" "Mozilla/5.0 (Windows NT 10.0; Win64; x64; rv:121.0) Gecko/20100101 Firefox/121.0"
176.65.132.19 - - [26/Mar/2026:11:05:53 +0800] "POST /wp-login.php HTTP/1.1" 200 3072 "http://CQQIZHOU.COM/wp-login.php" "Mozilla/5.0 (Macintosh; Intel Mac OS X 13_6_1; rv:120.0) Gecko/20100101 Firefox/120.0"
176.65.132.19 - - [26/Mar/2026:11:05:56 +0800] "POST /wp-login.php HTTP/1.1" 200 3071 "http://CQQIZHOU.COM/wp-login.php" "Mozilla/5.0 (X11; Ubuntu; Linux x86_64) AppleWebKit/537.36 (KHTML, like Gecko) Chrome/120.0.0.0 Safari/537.36"
176.65.132.19 - - [26/Mar/2026:11:06:01 +0800] "POST /wp-login.php HTTP/1.1" 200 3018 "http://CQQIZHOU.COM/wp-login.php" "Mozilla/5.0 (X11; Ubuntu; Linux x86_64) AppleWebKit/537.36 (KHTML, like Gecko) Chrome/121.0.0.0 Safari/537.36"
176.65.132.19 - - [26/Mar/2026:11:06:03 +0800] "POST /wp-login.php HTTP/1.1" 200 3069 "http://CQQIZHOU.COM/wp-login.php" "Mozilla/5.0 (Windows NT 10.0; Win64; x64) AppleWebKit/537.36 (KHTML, like Gecko) Chrome/120.0.0.0 Safari/537.36"
176.65.132.19 - - [26/Mar/2026:11:06:06 +0800] "POST /wp-login.php HTTP/1.1" 200 3074 "http://CQQIZHOU.COM/wp-login.php" "Mozilla/5.0 (Macintosh; Intel Mac OS X 10_15_7) AppleWebKit/605.1.15 (KHTML, like Gecko) Version/17.2 Safari/605.1.15"
36.133.115.36 - - [26/Mar/2026:11:06:08 +0800] "POST /wp-cron.php?doing_wp_cron=1774494368.8102109432220458984375 HTTP/1.1" 200 31 "-" "WordPress/6.9; http://cqqizhou.com"
176.65.132.19 - - [26/Mar/2026:11:06:08 +0800] "POST /wp-login.php HTTP/1.1" 200 3076 "http://CQQIZHOU.COM/wp-login.php" "Mozilla/5.0 (Macintosh; Intel Mac OS X 10_15_7) AppleWebKit/537.36 (KHTML, like Gecko) Chrome/121.0.0.0 Safari/537.36"
176.65.132.19 - - [26/Mar/2026:11:06:11 +0800] "POST /wp-login.php HTTP/1.1" 200 3075 "http://CQQIZHOU.COM/wp-login.php" "Mozilla/5.0 (Macintosh; Intel Mac OS X 10_15_7) AppleWebKit/537.36 (KHTML, like Gecko) Chrome/120.0.0.0 Safari/537.36"
176.65.132.19 - - [26/Mar/2026:11:06:14 +0800] "POST /wp-login.php HTTP/1.1" 200 3018 "http://CQQIZHOU.COM/wp-login.php" "Mozilla/5.0 (X11; Linux x86_64) AppleWebKit/537.36 (KHTML, like Gecko) Chrome/118.0.0.0 Safari/537.36"
176.65.132.19 - - [26/Mar/2026:11:06:17 +0800] "POST /wp-login.php HTTP/1.1" 200 3073 "http://CQQIZHOU.COM/wp-login.php" "Mozilla/5.0 (Macintosh; Intel Mac OS X 13_6_1) AppleWebKit/605.1.15 (KHTML, like Gecko) Version/17.2 Safari/605.1.15"
176.65.132.19 - - [26/Mar/2026:11:06:20 +0800] "POST /wp-login.php HTTP/1.1" 200 3075 "http://CQQIZHOU.COM/wp-login.php" "Mozilla/5.0 (Macintosh; Intel Mac OS X 10_15_7) AppleWebKit/537.36 (KHTML, like Gecko) Chrome/120.0.0.0 Safari/537.36"
176.65.132.19 - - [26/Mar/2026:11:06:24 +0800] "POST /wp-login.php HTTP/1.1" 200 3022 "http://CQQIZHOU.COM/wp-login.php" "Mozilla/5.0 (Windows NT 10.0; Win64; x64) AppleWebKit/537.36 (KHTML, like Gecko) Chrome/118.0.0.0 Safari/537.36"
176.65.132.19 - - [26/Mar/2026:11:06:26 +0800] "POST /wp-login.php HTTP/1.1" 200 3071 "http://CQQIZHOU.COM/wp-login.php" "Mozilla/5.0 (Macintosh; Intel Mac OS X 13_6_1) AppleWebKit/537.36 (KHTML, like Gecko) Chrome/120.0.0.0 Safari/537.36"
176.65.132.19 - - [26/Mar/2026:11:06:29 +0800] "POST /wp-login.php HTTP/1.1" 200 3073 "http://CQQIZHOU.COM/wp-login.php" "Mozilla/5.0 (Windows NT 10.0; Win64; x64) AppleWebKit/537.36 (KHTML, like Gecko) Chrome/120.0.0.0 Safari/537.36"
176.65.132.19 - - [26/Mar/2026:11:06:31 +0800] "POST /wp-login.php HTTP/1.1" 200 3071 "http://CQQIZHOU.COM/wp-login.php" "Mozilla/5.0 (Macintosh; Intel Mac OS X 10_15_7) AppleWebKit/537.36 (KHTML, like Gecko) Chrome/118.0.0.0 Safari/537.36"
176.65.132.19 - - [26/Mar/2026:11:06:35 +0800] "POST /wp-login.php HTTP/1.1" 200 3068 "http://CQQIZHOU.COM/wp-login.php" "Mozilla/5.0 (X11; Linux x86_64) AppleWebKit/537.36 (KHTML, like Gecko) Chrome/119.0.0.0 Safari/537.36"
176.65.132.19 - - [26/Mar/2026:11:06:38 +0800] "POST /wp-login.php HTTP/1.1" 200 3070 "http://CQQIZHOU.COM/wp-login.php" "Mozilla/5.0 (Macintosh; Intel Mac OS X 10_15_7) AppleWebKit/537.36 (KHTML, like Gecko) Chrome/120.0.0.0 Safari/537.36"
176.65.132.19 - - [26/Mar/2026:11:06:41 +0800] "POST /wp-login.php HTTP/1.1" 200 2984 "http://CQQIZHOU.COM/wp-login.php" "Mozilla/5.0 (X11; Linux x86_64) AppleWebKit/537.36 (KHTML, like Gecko) Chrome/119.0.0.0 Safari/537.36"
176.65.132.19 - - [26/Mar/2026:11:06:45 +0800] "POST /wp-login.php HTTP/1.1" 200 3018 "http://CQQIZHOU.COM/wp-login.php" "Mozilla/5.0 (Macintosh; Intel Mac OS X 13_6_1; rv:119.0) Gecko/20100101 Firefox/119.0"
36.63.125.219 - - [26/Mar/2026:11:25:39 +0800] "GET http://cqqizhou.com/material.html HTTP/1.1" 200 6459 "-" "Mozilla/5.0 (Macintosh; Intel Mac OS X 10_15_7) AppleWebKit/537.36 (KHTML, like Gecko) Chrome/123.0.0.0 Safari/537.36"
36.133.115.36 - - [26/Mar/2026:11:43:20 +0800] "POST /wp-cron.php?doing_wp_cron=1774496600.0395359992980957031250 HTTP/1.1" 200 31 "-" "WordPress/6.9; http://cqqizhou.com"
221.229.106.25 - - [26/Mar/2026:11:43:20 +0800] "GET / HTTP/1.1" 200 34812 "-" "Mozilla/5.0 (iPhone; CPU iPhone OS 13_2_3 like Mac OS X) AppleWebKit/605.1.15 (KHTML, like Gecko) Version/13.0.3 Mobile/15E148 Safari/604.1"
