36.133.115.36 - - [26/Mar/2026:11:49:35 +0800] "POST /wp-cron.php?doing_wp_cron=1774496975.7452299594879150390625 HTTP/1.1" 200 31 "-" "WordPress/6.9; http://cqqizhou.com"
67.102.7.208 - - [26/Mar/2026:11:49:40 +0800] "GET /boaform/admin/formLogin?username=user&psd=user HTTP/1.0" 404 31352 "-" "-"
36.133.115.36 - - [26/Mar/2026:11:51:18 +0800] "POST /wp-cron.php?doing_wp_cron=1774497078.5513510704040527343750 HTTP/1.1" 200 31 "-" "WordPress/6.9; http://cqqizhou.com"
223.66.120.186 - - [26/Mar/2026:11:51:18 +0800] "GET http://cqqizhou.com/2159/ HTTP/1.1" 301 5 "-" "Mozilla/5.0 (Macintosh; Intel Mac OS X 10_15_7) AppleWebKit/537.36 (KHTML, like Gecko) Chrome/120.0.0.0 Safari/537.36"
223.66.120.186 - - [26/Mar/2026:11:51:18 +0800] "GET http://cqqizhou.com/news/2159 HTTP/1.1" 200 28841 "-" "Mozilla/5.0 (Macintosh; Intel Mac OS X 10_15_7) AppleWebKit/537.36 (KHTML, like Gecko) Chrome/120.0.0.0 Safari/537.36"
36.133.115.36 - - [26/Mar/2026:12:02:40 +0800] "POST /wp-cron.php?doing_wp_cron=1774497760.5593950748443603515625 HTTP/1.1" 200 31 "-" "WordPress/6.9; http://cqqizhou.com"
36.213.196.168 - - [26/Mar/2026:12:02:40 +0800] "GET /2162/ HTTP/1.1" 301 5 "-" "Mozilla/5.0 (Windows NT 10.0; Win64; x64) AppleWebKit/537.36 (KHTML, like Gecko) Chrome/142.0.0.0 Safari/537.36"
36.213.196.168 - - [26/Mar/2026:12:02:40 +0800] "GET /news/2162 HTTP/1.1" 200 21625 "-" "Mozilla/5.0 (Windows NT 10.0; Win64; x64) AppleWebKit/537.36 (KHTML, like Gecko) Chrome/142.0.0.0 Safari/537.36"
36.133.115.36 - - [26/Mar/2026:12:04:06 +0800] "POST /wp-cron.php?doing_wp_cron=1774497846.1590309143066406250000 HTTP/1.1" 200 31 "-" "WordPress/6.9; http://cqqizhou.com"
42.56.39.180 - - [26/Mar/2026:12:04:06 +0800] "GET http://cqqizhou.com/2164/ HTTP/1.1" 301 5 "-" "Mozilla/5.0 (Windows NT 10.0; Win64; x64) AppleWebKit/537.36 (KHTML, like Gecko) Chrome/99.0.4844.51 Safari/537.36"
42.56.39.180 - - [26/Mar/2026:12:04:06 +0800] "GET http://cqqizhou.com/news/2164 HTTP/1.1" 200 23725 "-" "Mozilla/5.0 (Windows NT 10.0; Win64; x64) AppleWebKit/537.36 (KHTML, like Gecko) Chrome/99.0.4844.51 Safari/537.36"
36.133.115.36 - - [26/Mar/2026:12:04:11 +0800] "POST /wp-cron.php?doing_wp_cron=1774497851.9186220169067382812500 HTTP/1.1" 200 31 "-" "WordPress/6.9; http://cqqizhou.com"
223.91.66.218 - - [26/Mar/2026:12:04:11 +0800] "GET /2164/ HTTP/1.1" 301 5 "-" "Mozilla/5.0 (Windows NT 10.0; Win64; x64) AppleWebKit/537.36 (KHTML, like Gecko) Chrome/99.0.4844.51 Safari/537.36"
36.133.115.36 - - [26/Mar/2026:12:06:10 +0800] "POST /wp-cron.php?doing_wp_cron=1774497970.7251150608062744140625 HTTP/1.1" 200 31 "-" "WordPress/6.9; http://cqqizhou.com"
183.225.205.10 - - [26/Mar/2026:12:06:10 +0800] "GET http://cqqizhou.com/2214/ HTTP/1.1" 301 5 "-" "Mozilla/5.0 (Windows NT 10.0; Win64; x64) AppleWebKit/537.36 (KHTML, like Gecko) Chrome/104.0.0.0 Safari/537.36"
183.225.205.10 - - [26/Mar/2026:12:06:12 +0800] "GET http://cqqizhou.com/news/2214 HTTP/1.1" 200 25968 "-" "Mozilla/5.0 (Windows NT 10.0; Win64; x64) AppleWebKit/537.36 (KHTML, like Gecko) Chrome/104.0.0.0 Safari/537.36"
142.44.233.46 - - [26/Mar/2026:12:13:30 +0800] "GET /news/2440 HTTP/1.1" 304 0 "-" "Mozilla/5.0 (compatible; AhrefsBot/7.0; +http://ahrefs.com/robot/)"
36.133.115.36 - - [26/Mar/2026:12:47:33 +0800] "POST /wp-cron.php?doing_wp_cron=1774500453.4079799652099609375000 HTTP/1.1" 200 31 "-" "WordPress/6.9; http://cqqizhou.com"
149.86.227.60 - - [26/Mar/2026:12:47:34 +0800] "GET / HTTP/1.1" 200 157185 "-" "Mozilla/5.0"
61.155.157.14 - - [26/Mar/2026:12:50:35 +0800] "GET / HTTP/1.1" 200 35249 "-" "Mozilla/5.0 (Windows NT 10.0; Win64; x64) AppleWebKit/537.36 (KHTML, like Gecko) Chrome/100.0.4896.127 Safari/537.36"
36.133.115.36 - - [26/Mar/2026:12:50:45 +0800] "POST /wp-cron.php?doing_wp_cron=1774500645.6030819416046142578125 HTTP/1.1" 200 31 "-" "WordPress/6.9; http://cqqizhou.com"
61.155.157.14 - - [26/Mar/2026:12:50:45 +0800] "GET /wp-json/sliderrevolution/sliders/1?srengine=7&slideid=4 HTTP/1.1" 200 2580 "http://cqqizhou.com/" "Mozilla/5.0 (Windows NT 10.0; Win64; x64) AppleWebKit/537.36 (KHTML, like Gecko) Chrome/100.0.4896.127 Safari/537.36"
61.155.157.14 - - [26/Mar/2026:12:50:45 +0800] "GET /wp-json/sliderrevolution/sliders/1?srengine=7&slideid=2 HTTP/1.1" 200 2000 "http://cqqizhou.com/" "Mozilla/5.0 (Windows NT 10.0; Win64; x64) AppleWebKit/537.36 (KHTML, like Gecko) Chrome/100.0.4896.127 Safari/537.36"
61.155.157.14 - - [26/Mar/2026:12:50:56 +0800] "GET /contacts/ HTTP/1.1" 301 5 "http://cqqizhou.com/" "Mozilla/5.0 (Windows NT 10.0; Win64; x64) AppleWebKit/537.36 (KHTML, like Gecko) Chrome/100.0.4896.127 Safari/537.36"
61.155.157.14 - - [26/Mar/2026:12:50:56 +0800] "GET /contacts HTTP/1.1" 200 21638 "http://cqqizhou.com/" "Mozilla/5.0 (Windows NT 10.0; Win64; x64) AppleWebKit/537.36 (KHTML, like Gecko) Chrome/100.0.4896.127 Safari/537.36"
61.155.157.14 - - [26/Mar/2026:12:51:00 +0800] "GET /wp-json/contact-form-7/v1/contact-forms/158/feedback/schema HTTP/1.1" 200 358 "http://cqqizhou.com/contacts" "Mozilla/5.0 (Windows NT 10.0; Win64; x64) AppleWebKit/537.36 (KHTML, like Gecko) Chrome/100.0.4896.127 Safari/537.36"
61.155.157.14 - - [26/Mar/2026:12:51:02 +0800] "GET /wp-json/contact-form-7/v1/contact-forms/158/refill HTTP/1.1" 200 33 "http://cqqizhou.com/contacts" "Mozilla/5.0 (Windows NT 10.0; Win64; x64) AppleWebKit/537.36 (KHTML, like Gecko) Chrome/100.0.4896.127 Safari/537.36"
172.236.228.198 - - [26/Mar/2026:12:51:03 +0800] "GET / HTTP/1.1" 301 5 "-" "Mozilla/5.0 (Macintosh; Intel Mac OS X 13_1) AppleWebKit/537.36 (KHTML, like Gecko) Chrome/108.0.0.0 Safari/537.36"
172.236.228.198 - - [26/Mar/2026:12:51:04 +0800] "GET / HTTP/1.1" 200 35249 "http://36.133.115.36/" "Mozilla/5.0 (Macintosh; Intel Mac OS X 13_1) AppleWebKit/537.36 (KHTML, like Gecko) Chrome/108.0.0.0 Safari/537.36"
61.155.157.14 - - [26/Mar/2026:12:52:02 +0800] "GET /about HTTP/1.1" 200 24508 "http://cqqizhou.com/" "Mozilla/5.0 (Windows NT 10.0; Win64; x64) AppleWebKit/537.36 (KHTML, like Gecko) Chrome/100.0.4896.127 Safari/537.36"
61.155.157.14 - - [26/Mar/2026:12:52:45 +0800] "GET /about HTTP/1.1" 200 24508 "http://cqqizhou.com/" "Mozilla/5.0 (Windows NT 10.0; Win64; x64) AppleWebKit/537.36 (KHTML, like Gecko) Chrome/100.0.4896.127 Safari/537.36"
36.133.115.36 - - [26/Mar/2026:12:54:07 +0800] "POST /wp-cron.php?doing_wp_cron=1774500847.2285730838775634765625 HTTP/1.1" 200 31 "-" "WordPress/6.9; http://cqqizhou.com"
43.129.233.104 - - [26/Mar/2026:12:54:07 +0800] "GET / HTTP/1.1" 301 5 "-" "Mozilla/5.0 (compatible; AssetScanner/1.0)"
36.133.115.36 - - [26/Mar/2026:13:24:31 +0800] "POST /wp-cron.php?doing_wp_cron=1774502671.3471469879150390625000 HTTP/1.1" 200 31 "-" "WordPress/6.9; http://cqqizhou.com"
117.173.224.203 - - [26/Mar/2026:13:24:31 +0800] "GET /2215/ HTTP/1.1" 301 5 "-" "Mozilla/5.0 (Windows NT 10.0; Win64; x64) AppleWebKit/537.36 (KHTML, like Gecko) Chrome/99.0.4844.51 Safari/537.36"
117.173.224.203 - - [26/Mar/2026:13:24:31 +0800] "GET /news/2215 HTTP/1.1" 200 24129 "-" "Mozilla/5.0 (Windows NT 10.0; Win64; x64) AppleWebKit/537.36 (KHTML, like Gecko) Chrome/99.0.4844.51 Safari/537.36"
36.133.115.36 - - [26/Mar/2026:13:26:53 +0800] "POST /wp-cron.php?doing_wp_cron=1774502813.0028369426727294921875 HTTP/1.1" 200 31 "-" "WordPress/6.9; http://cqqizhou.com"
47.128.30.6 - - [26/Mar/2026:13:26:53 +0800] "GET /robots.txt HTTP/1.1" 200 190 "-" "Mozilla/5.0 (Linux; Android 5.0) AppleWebKit/537.36 (KHTML, like Gecko) Mobile Safari/537.36 (compatible; Bytespider; spider-feedback@bytedance.com)"
36.133.115.36 - - [26/Mar/2026:13:44:36 +0800] "POST /wp-cron.php?doing_wp_cron=1774503876.3820810317993164062500 HTTP/1.1" 200 31 "-" "WordPress/6.9; http://cqqizhou.com"
113.120.144.52 - - [26/Mar/2026:13:44:36 +0800] "GET / HTTP/1.1" 301 5 "-" "Go-http-client/1.1"
113.120.144.52 - - [26/Mar/2026:13:44:36 +0800] "GET / HTTP/1.1" 200 35249 "http://xa5.shaanxi.cn.antiddos.cspt.fullcone.cn" "Go-http-client/1.1"
36.133.115.36 - - [26/Mar/2026:13:46:55 +0800] "POST /wp-cron.php?doing_wp_cron=1774504015.3915150165557861328125 HTTP/1.1" 200 31 "-" "WordPress/6.9; http://cqqizhou.com"
43.153.113.127 - - [26/Mar/2026:13:46:55 +0800] "GET / HTTP/1.1" 200 34812 "-" "Mozilla/5.0 (iPhone; CPU iPhone OS 13_2_3 like Mac OS X) AppleWebKit/605.1.15 (KHTML, like Gecko) Version/13.0.3 Mobile/15E148 Safari/604.1"
36.133.115.36 - - [26/Mar/2026:13:59:18 +0800] "POST /wp-cron.php?doing_wp_cron=1774504758.3187599182128906250000 HTTP/1.1" 200 31 "-" "WordPress/6.9; http://cqqizhou.com"
121.40.42.49 - - [26/Mar/2026:13:59:18 +0800] "GET / HTTP/1.0" 301 0 "-" "-"
121.40.42.49 - - [26/Mar/2026:13:59:29 +0800] "GET / HTTP/1.0" 301 0 "-" "-"
121.40.42.49 - - [26/Mar/2026:13:59:29 +0800] "GET /nmaplowercheck1774504760 HTTP/1.1" 404 31365 "-" "Mozilla/5.0 (compatible; Nmap Scripting Engine; https://nmap.org/book/nse.html)"
121.40.42.49 - - [26/Mar/2026:13:59:29 +0800] "POST /sdk HTTP/1.1" 404 31365 "-" "Mozilla/5.0 (compatible; Nmap Scripting Engine; https://nmap.org/book/nse.html)"
121.40.42.49 - - [26/Mar/2026:13:59:30 +0800] "GET /evox/about HTTP/1.1" 404 31365 "-" "Mozilla/5.0 (compatible; Nmap Scripting Engine; https://nmap.org/book/nse.html)"
121.40.42.49 - - [26/Mar/2026:13:59:30 +0800] "GET /HNAP1 HTTP/1.1" 404 31365 "-" "Mozilla/5.0 (compatible; Nmap Scripting Engine; https://nmap.org/book/nse.html)"
121.40.42.49 - - [26/Mar/2026:13:59:49 +0800] "GET / HTTP/1.0" 301 0 "-" "-"
121.40.42.49 - - [26/Mar/2026:13:59:50 +0800] "GET / HTTP/1.1" 301 5 "-" "-"
36.133.115.36 - - [26/Mar/2026:14:32:58 +0800] "POST /wp-cron.php?doing_wp_cron=1774506778.0540289878845214843750 HTTP/1.1" 200 31 "-" "WordPress/6.9; http://cqqizhou.com"
148.113.130.6 - - [26/Mar/2026:14:32:58 +0800] "GET /portfolio/ HTTP/1.1" 404 8949 "-" "Mozilla/5.0 (compatible; AhrefsBot/7.0; +http://ahrefs.com/robot/)"
36.133.115.36 - - [26/Mar/2026:14:41:49 +0800] "POST /wp-cron.php?doing_wp_cron=1774507309.8031330108642578125000 HTTP/1.1" 200 31 "-" "WordPress/6.9; http://cqqizhou.com"
178.128.115.151 - - [26/Mar/2026:14:41:50 +0800] "GET / HTTP/1.1" 200 157185 "-" "-"
36.133.115.36 - - [26/Mar/2026:14:43:24 +0800] "POST /wp-cron.php?doing_wp_cron=1774507404.4694080352783203125000 HTTP/1.1" 200 31 "-" "WordPress/6.9; http://cqqizhou.com"
220.181.108.80 - - [26/Mar/2026:14:43:24 +0800] "GET /news/page/2/ HTTP/1.1" 301 5 "-" "Mozilla/5.0 (compatible; Baiduspider/2.0; +http://www.baidu.com/search/spider.html)"
220.181.108.83 - - [26/Mar/2026:14:43:25 +0800] "GET /news/page/2 HTTP/1.1" 200 26235 "-" "Mozilla/5.0 (compatible; Baiduspider/2.0; +http://www.baidu.com/search/spider.html)"
116.179.37.56 - - [26/Mar/2026:14:43:26 +0800] "GET /wp-content/uploads/2025/12/1766647832-Article_images_W900%C3%97500px20251225.webp HTTP/1.1" 200 44582 "http://cqqizhou.com/news/page/2" "Mozilla/5.0 (compatible; Baiduspider-render/2.0; +http://www.baidu.com/search/spider.html)"
36.133.115.36 - - [26/Mar/2026:14:57:51 +0800] "POST /wp-cron.php?doing_wp_cron=1774508271.2726769447326660156250 HTTP/1.1" 200 31 "-" "WordPress/6.9; http://cqqizhou.com"
91.224.92.125 - - [26/Mar/2026:14:57:51 +0800] "GET /SDK/webLanguage HTTP/1.1" 301 5 "-" "Mozilla/5.0 (Windows NT 10.0; Win64; x64) AppleWebKit/537.36 (KHTML, like Gecko) Chrome/90.0.4430.85 Safari/537.36 Edg/90.0.818.46"
114.55.125.202 - - [26/Mar/2026:15:21:18 +0800] "HEAD / HTTP/1.1" 200 0 "-" "axios/0.24.0"
61.242.227.129 - - [26/Mar/2026:15:21:19 +0800] "GET / HTTP/1.1" 200 35249 "-" "Mozilla/5.0 (Windows NT 10.0; Win64; x64) AppleWebKit/537.36 (KHTML, like Gecko) Chrome/132.0.0.0 Safari/537.36"
61.242.227.129 - - [26/Mar/2026:15:21:20 +0800] "GET /wp-content/uploads/2025/07/1751425283-qizhou.kf_.qq_.com_.webp HTTP/1.1" 200 16864 "http://cqqizhou.com/" "Mozilla/5.0 (Windows NT 10.0; Win64; x64) AppleWebKit/537.36 (KHTML, like Gecko) Chrome/132.0.0.0 Safari/537.36"
61.242.227.129 - - [26/Mar/2026:15:21:23 +0800] "GET /wp-content/uploads/2025/12/1765268955-qizhou_Slider1_3840%C3%972160_20251210-scaled.webp HTTP/1.1" 200 152162 "http://cqqizhou.com/" "Mozilla/5.0 (Windows NT 10.0; Win64; x64) AppleWebKit/537.36 (KHTML, like Gecko) Chrome/132.0.0.0 Safari/537.36"
61.242.227.129 - - [26/Mar/2026:15:21:23 +0800] "GET /wp-content/uploads/2025/07/1753456723-%E5%8F%8C%E7%9B%B8%E9%92%A2roduct_Single600.webp HTTP/1.1" 200 22790 "http://cqqizhou.com/" "Mozilla/5.0 (Windows NT 10.0; Win64; x64) AppleWebKit/537.36 (KHTML, like Gecko) Chrome/132.0.0.0 Safari/537.36"
61.242.227.129 - - [26/Mar/2026:15:21:23 +0800] "GET /wp-content/uploads/2025/07/1753453096-%E5%8F%8C%E7%9B%B8%E9%92%A2product_Single600%C3%97284.webp HTTP/1.1" 200 14562 "http://cqqizhou.com/" "Mozilla/5.0 (Windows NT 10.0; Win64; x64) AppleWebKit/537.36 (KHTML, like Gecko) Chrome/132.0.0.0 Safari/537.36"
61.242.227.129 - - [26/Mar/2026:15:21:23 +0800] "GET /wp-content/uploads/2025/07/1753456770-%E7%83%AD%E9%95%80%E9%94%8C%E5%8D%B7product_Single600.webp HTTP/1.1" 200 27502 "http://cqqizhou.com/" "Mozilla/5.0 (Windows NT 10.0; Win64; x64) AppleWebKit/537.36 (KHTML, like Gecko) Chrome/132.0.0.0 Safari/537.36"
61.242.227.129 - - [26/Mar/2026:15:21:23 +0800] "GET /wp-content/uploads/2025/07/1753453127-%E4%BD%99%E5%8D%B7product_Single600%C3%97284.webp HTTP/1.1" 200 18744 "http://cqqizhou.com/" "Mozilla/5.0 (Windows NT 10.0; Win64; x64) AppleWebKit/537.36 (KHTML, like Gecko) Chrome/132.0.0.0 Safari/537.36"
61.242.227.129 - - [26/Mar/2026:15:21:23 +0800] "GET /wp-content/uploads/2026/01/1768276119-qizhoujiagong_Slider_3840%C3%972160_20260113-scaled-50x100.webp HTTP/1.1" 200 976 "http://cqqizhou.com/" "Mozilla/5.0 (Windows NT 10.0; Win64; x64) AppleWebKit/537.36 (KHTML, like Gecko) Chrome/132.0.0.0 Safari/537.36"
61.242.227.129 - - [26/Mar/2026:15:21:23 +0800] "GET /wp-content/uploads/revslider/slider-1/1750861156-logistics_Slider_3840%C3%972160_20250625191356-scaled-50x100.webp HTTP/1.1" 200 1416 "http://cqqizhou.com/" "Mozilla/5.0 (Windows NT 10.0; Win64; x64) AppleWebKit/537.36 (KHTML, like Gecko) Chrome/132.0.0.0 Safari/537.36"
61.242.227.129 - - [26/Mar/2026:15:21:24 +0800] "GET /wp-json/sliderrevolution/sliders/1?srengine=7&slideid=2 HTTP/1.1" 200 2000 "http://cqqizhou.com/" "Mozilla/5.0 (Windows NT 10.0; Win64; x64) AppleWebKit/537.36 (KHTML, like Gecko) Chrome/132.0.0.0 Safari/537.36"
61.242.227.129 - - [26/Mar/2026:15:21:24 +0800] "GET /wp-content/uploads/revslider/slider-1/1750861156-logistics_Slider_3840%C3%972160_20250625191356-scaled.webp HTTP/1.1" 200 197360 "http://cqqizhou.com/" "Mozilla/5.0 (Windows NT 10.0; Win64; x64) AppleWebKit/537.36 (KHTML, like Gecko) Chrome/132.0.0.0 Safari/537.36"
36.133.115.36 - - [26/Mar/2026:15:21:24 +0800] "POST /wp-cron.php?doing_wp_cron=1774509684.3371090888977050781250 HTTP/1.1" 200 31 "-" "WordPress/6.9; http://cqqizhou.com"
61.242.227.129 - - [26/Mar/2026:15:21:24 +0800] "GET /wp-json/sliderrevolution/sliders/1?srengine=7&slideid=4 HTTP/1.1" 200 2580 "http://cqqizhou.com/" "Mozilla/5.0 (Windows NT 10.0; Win64; x64) AppleWebKit/537.36 (KHTML, like Gecko) Chrome/132.0.0.0 Safari/537.36"
61.242.227.129 - - [26/Mar/2026:15:21:24 +0800] "GET /wp-content/uploads/2026/01/1768276119-qizhoujiagong_Slider_3840%C3%972160_20260113-scaled.webp HTTP/1.1" 200 131696 "http://cqqizhou.com/" "Mozilla/5.0 (Windows NT 10.0; Win64; x64) AppleWebKit/537.36 (KHTML, like Gecko) Chrome/132.0.0.0 Safari/537.36"
61.242.227.129 - - [26/Mar/2026:15:21:25 +0800] "GET /wp-content/uploads/2025/07/1750174127-Marketing1920x800_3.webp HTTP/1.1" 200 52790 "http://cqqizhou.com/wp-content/uploads/elementor/css/post-1666.css?ver=1773725585" "Mozilla/5.0 (Windows NT 10.0; Win64; x64) AppleWebKit/537.36 (KHTML, like Gecko) Chrome/132.0.0.0 Safari/537.36"
36.133.115.36 - - [26/Mar/2026:15:27:31 +0800] "POST /wp-cron.php?doing_wp_cron=1774510051.9403851032257080078125 HTTP/1.1" 200 31 "-" "WordPress/6.9; http://cqqizhou.com"
111.225.149.174 - - [26/Mar/2026:15:27:31 +0800] "GET /robots.txt HTTP/1.1" 200 190 "-" "Mozilla/5.0 (Linux; Android 5.0) AppleWebKit/537.36 (KHTML, like Gecko) Mobile Safari/537.36 (compatible; Bytespider; https://zhanzhang.toutiao.com/)"
116.179.32.171 - - [26/Mar/2026:16:14:18 +0800] "GET /wp-content/uploads/2026/01/1768527485-Article_images_W900%C3%97500px202601164.webp HTTP/1.1" 200 52448 "-" "Mozilla/5.0 (compatible; Baiduspider/2.0; +http://www.baidu.com/search/spider.html)"
87.121.84.97 - - [26/Mar/2026:16:15:07 +0800] "GET /admin/assets/plugins/jQuery-File-Upload/server/php/index.php?file=tf2rghf.jpg HTTP/1.1" 404 27 "-" "ALittle Client"
36.133.115.36 - - [26/Mar/2026:16:18:41 +0800] "POST /wp-cron.php?doing_wp_cron=1774513121.3098280429840087890625 HTTP/1.1" 200 31 "-" "WordPress/6.9; http://cqqizhou.com"
121.199.174.234 - - [26/Mar/2026:16:18:41 +0800] "GET / HTTP/1.1" 301 5 "-" "Mozilla/5.0 (Windows NT 10.0; Win64; x64) AppleWebKit/537.36 (KHTML, like Gecko) Chrome/59.0.3071.115 Safari/537.36"
36.133.115.36 - - [26/Mar/2026:16:46:23 +0800] "POST /wp-cron.php?doing_wp_cron=1774514783.6881420612335205078125 HTTP/1.1" 200 31 "-" "WordPress/6.9; http://cqqizhou.com"
5.61.209.107 - - [26/Mar/2026:16:46:23 +0800] "GET /SDK/webLanguage HTTP/1.1" 301 5 "-" "Mozilla/5.0 (Windows NT 10.0; Win64; x64) AppleWebKit/537.36 (KHTML, like Gecko) Chrome/90.0.4430.85 Safari/537.36 Edg/90.0.818.46"
36.133.115.36 - - [26/Mar/2026:16:47:21 +0800] "POST /wp-cron.php?doing_wp_cron=1774514841.4497280120849609375000 HTTP/1.1" 200 31 "-" "WordPress/6.9; http://cqqizhou.com"
91.224.92.125 - - [26/Mar/2026:16:47:21 +0800] "GET /SDK/webLanguage HTTP/1.1" 301 5 "-" "Mozilla/5.0 (Windows NT 10.0; Win64; x64) AppleWebKit/537.36 (KHTML, like Gecko) Chrome/90.0.4430.85 Safari/537.36 Edg/90.0.818.46"
36.133.115.36 - - [26/Mar/2026:16:51:53 +0800] "POST /wp-cron.php?doing_wp_cron=1774515113.5765559673309326171875 HTTP/1.1" 200 31 "-" "WordPress/6.9; http://cqqizhou.com"
66.132.172.130 - - [26/Mar/2026:16:51:53 +0800] "GET /sitemap.xml HTTP/1.1" 200 536 "-" "Mozilla/5.0 (compatible; CensysInspect/1.1; +https://about.censys.io/)"
66.132.172.130 - - [26/Mar/2026:16:52:04 +0800] "GET /1v7o1y6af0p9lza6w HTTP/1.1" 404 8949 "-" "Mozilla/5.0 (compatible; CensysInspect/1.1; +https://about.censys.io/)"
36.133.115.36 - - [26/Mar/2026:16:54:17 +0800] "POST /wp-cron.php?doing_wp_cron=1774515257.9504899978637695312500 HTTP/1.1" 200 31 "-" "WordPress/6.9; http://cqqizhou.com"
36.133.108.119 - - [26/Mar/2026:16:54:17 +0800] "HEAD /zdgfrhaknohgr1z4b HTTP/1.1" 404 0 "-" "Mozilla/5.0 (iPad; CPU OS 6_0 like Mac OS X) AppleWebKit/536.26 (KHTML, like Gecko) Version/6.0 Mobile/10A5355d Safari/8536.25"
14.108.233.17 - - [26/Mar/2026:17:22:31 +0800] "GET /news/2505 HTTP/1.1" 200 24364 "-" "Mozilla/5.0 (Windows NT 10.0; Win64; x64) AppleWebKit/537.36 (KHTML, like Gecko) Chrome/132.0.0.0 Safari/537.36"
14.108.233.17 - - [26/Mar/2026:17:22:31 +0800] "GET /wp-content/uploads/2026/02/1772086672-%E5%BC%80%E5%B7%A5%E5%A4%A7%E5%90%89%E5%B0%81%E9%9D%A2%E5%A4%B4%E5%9B%BEArticle_images_W900%C3%97500px.webp HTTP/1.1" 200 99110 "http://cqqizhou.com/news/2505" "Mozilla/5.0 (Windows NT 10.0; Win64; x64) AppleWebKit/537.36 (KHTML, like Gecko) Chrome/132.0.0.0 Safari/537.36"
14.108.233.17 - - [26/Mar/2026:17:22:31 +0800] "GET /wp-content/uploads/2026/02/1772086671-20262263Article_images_W900px.webp HTTP/1.1" 200 63422 "http://cqqizhou.com/news/2505" "Mozilla/5.0 (Windows NT 10.0; Win64; x64) AppleWebKit/537.36 (KHTML, like Gecko) Chrome/132.0.0.0 Safari/537.36"
14.108.233.17 - - [26/Mar/2026:17:22:31 +0800] "GET /wp-content/uploads/2026/02/1772086673-20262261Article_images_W900px.webp HTTP/1.1" 200 53642 "http://cqqizhou.com/news/2505" "Mozilla/5.0 (Windows NT 10.0; Win64; x64) AppleWebKit/537.36 (KHTML, like Gecko) Chrome/132.0.0.0 Safari/537.36"
14.108.233.17 - - [26/Mar/2026:17:22:31 +0800] "GET /wp-content/uploads/2026/03/1773722869-1Article_images_W900px.webp HTTP/1.1" 200 28566 "http://cqqizhou.com/news/2505" "Mozilla/5.0 (Windows NT 10.0; Win64; x64) AppleWebKit/537.36 (KHTML, like Gecko) Chrome/132.0.0.0 Safari/537.36"
14.108.233.17 - - [26/Mar/2026:17:22:31 +0800] "GET /wp-content/uploads/2026/03/1772790791-%E5%B0%81%E9%9D%A2%E5%A4%B4%E5%9B%BEArticle_images_W900%C3%97500px2026.webp HTTP/1.1" 200 52968 "http://cqqizhou.com/news/2505" "Mozilla/5.0 (Windows NT 10.0; Win64; x64) AppleWebKit/537.36 (KHTML, like Gecko) Chrome/132.0.0.0 Safari/537.36"
14.108.233.17 - - [26/Mar/2026:17:22:31 +0800] "GET /wp-content/uploads/2025/07/1751425283-qizhou.kf_.qq_.com_.webp HTTP/1.1" 200 16864 "http://cqqizhou.com/news/2505" "Mozilla/5.0 (Windows NT 10.0; Win64; x64) AppleWebKit/537.36 (KHTML, like Gecko) Chrome/132.0.0.0 Safari/537.36"
14.108.233.17 - - [26/Mar/2026:17:22:31 +0800] "GET /wp-content/uploads/2025/07/1753410289-News2000%C3%97400_202571.webp HTTP/1.1" 200 17830 "http://cqqizhou.com/news/2505" "Mozilla/5.0 (Windows NT 10.0; Win64; x64) AppleWebKit/537.36 (KHTML, like Gecko) Chrome/132.0.0.0 Safari/537.36"
14.108.233.17 - - [26/Mar/2026:17:22:33 +0800] "GET /wp-content/uploads/2026/02/1772086673-20262262Article_images_W900px.webp HTTP/1.1" 200 56740 "http://cqqizhou.com/news/2505" "Mozilla/5.0 (Windows NT 10.0; Win64; x64) AppleWebKit/537.36 (KHTML, like Gecko) Chrome/132.0.0.0 Safari/537.36"
36.133.115.36 - - [26/Mar/2026:17:22:37 +0800] "POST /wp-cron.php?doing_wp_cron=1774516956.8833210468292236328125 HTTP/1.1" 200 31 "-" "WordPress/6.9; http://cqqizhou.com"
14.108.233.17 - - [26/Mar/2026:17:22:37 +0800] "POST /wp-admin/admin-ajax.php HTTP/1.1" 403 33 "http://cqqizhou.com/news/2505" "Mozilla/5.0 (Windows NT 10.0; Win64; x64) AppleWebKit/537.36 (KHTML, like Gecko) Chrome/132.0.0.0 Safari/537.36"
14.108.233.17 - - [26/Mar/2026:17:22:43 +0800] "POST /wp-admin/admin-ajax.php HTTP/1.1" 403 33 "http://cqqizhou.com/news/2505" "Mozilla/5.0 (Windows NT 10.0; Win64; x64) AppleWebKit/537.36 (KHTML, like Gecko) Chrome/132.0.0.0 Safari/537.36"
14.108.233.17 - - [26/Mar/2026:17:23:21 +0800] "GET /services HTTP/1.1" 200 26231 "http://cqqizhou.com/news/2505" "Mozilla/5.0 (Windows NT 10.0; Win64; x64) AppleWebKit/537.36 (KHTML, like Gecko) Chrome/132.0.0.0 Safari/537.36"
14.108.233.17 - - [26/Mar/2026:17:23:21 +0800] "GET /wp-content/uploads/2025/07/1750174127-Marketing1920x800_3.webp HTTP/1.1" 200 52790 "http://cqqizhou.com/services" "Mozilla/5.0 (Windows NT 10.0; Win64; x64) AppleWebKit/537.36 (KHTML, like Gecko) Chrome/132.0.0.0 Safari/537.36"
14.108.233.17 - - [26/Mar/2026:17:23:21 +0800] "GET /wp-content/uploads/2025/12/1764853157-ISO3-214x300.webp HTTP/1.1" 200 13896 "http://cqqizhou.com/services" "Mozilla/5.0 (Windows NT 10.0; Win64; x64) AppleWebKit/537.36 (KHTML, like Gecko) Chrome/132.0.0.0 Safari/537.36"
14.108.233.17 - - [26/Mar/2026:17:23:21 +0800] "GET /wp-content/uploads/2025/12/1764853155-ISO2-214x300.webp HTTP/1.1" 200 12682 "http://cqqizhou.com/services" "Mozilla/5.0 (Windows NT 10.0; Win64; x64) AppleWebKit/537.36 (KHTML, like Gecko) Chrome/132.0.0.0 Safari/537.36"
14.108.233.17 - - [26/Mar/2026:17:23:21 +0800] "GET /wp-content/uploads/2025/07/1751829518-Precision-processing-services800x500.webp HTTP/1.1" 200 28964 "http://cqqizhou.com/services" "Mozilla/5.0 (Windows NT 10.0; Win64; x64) AppleWebKit/537.36 (KHTML, like Gecko) Chrome/132.0.0.0 Safari/537.36"
14.108.233.17 - - [26/Mar/2026:17:23:22 +0800] "GET /wp-content/uploads/2025/12/1764853152-ISO1-214x300.webp HTTP/1.1" 200 13812 "http://cqqizhou.com/services" "Mozilla/5.0 (Windows NT 10.0; Win64; x64) AppleWebKit/537.36 (KHTML, like Gecko) Chrome/132.0.0.0 Safari/537.36"
14.108.233.17 - - [26/Mar/2026:17:23:22 +0800] "GET /wp-content/uploads/2025/07/1751829454-Smart-warehousing800x500.webp HTTP/1.1" 200 79504 "http://cqqizhou.com/services" "Mozilla/5.0 (Windows NT 10.0; Win64; x64) AppleWebKit/537.36 (KHTML, like Gecko) Chrome/132.0.0.0 Safari/537.36"
14.108.233.17 - - [26/Mar/2026:17:23:22 +0800] "GET /wp-content/uploads/2025/07/1753405252-Services_Banner2000%C3%97400px2.webp HTTP/1.1" 200 23730 "http://cqqizhou.com/wp-content/uploads/elementor/css/post-1659.css?ver=1773749947" "Mozilla/5.0 (Windows NT 10.0; Win64; x64) AppleWebKit/537.36 (KHTML, like Gecko) Chrome/132.0.0.0 Safari/537.36"
14.108.233.17 - - [26/Mar/2026:17:23:24 +0800] "GET /wp-content/uploads/2025/12/1765265398-qizhou_Slider_3840%C3%972160_20251209-scaled.webp HTTP/1.1" 200 175208 "http://cqqizhou.com/wp-content/uploads/elementor/css/post-1659.css?ver=1773749947" "Mozilla/5.0 (Windows NT 10.0; Win64; x64) AppleWebKit/537.36 (KHTML, like Gecko) Chrome/132.0.0.0 Safari/537.36"
14.108.233.17 - - [26/Mar/2026:17:30:49 +0800] "GET /news HTTP/1.1" 200 25843 "http://cqqizhou.com/services" "Mozilla/5.0 (Windows NT 10.0; Win64; x64) AppleWebKit/537.36 (KHTML, like Gecko) Chrome/132.0.0.0 Safari/537.36"
14.108.233.17 - - [26/Mar/2026:17:30:49 +0800] "GET /wp-content/uploads/2026/03/1772713922-Article_images_W900px.webp HTTP/1.1" 200 41304 "http://cqqizhou.com/news" "Mozilla/5.0 (Windows NT 10.0; Win64; x64) AppleWebKit/537.36 (KHTML, like Gecko) Chrome/132.0.0.0 Safari/537.36"
14.108.233.17 - - [26/Mar/2026:17:30:49 +0800] "GET /wp-content/uploads/2025/07/1753454299-Article_images_W900px.webp HTTP/1.1" 200 52418 "http://cqqizhou.com/news" "Mozilla/5.0 (Windows NT 10.0; Win64; x64) AppleWebKit/537.36 (KHTML, like Gecko) Chrome/132.0.0.0 Safari/537.36"
14.108.233.17 - - [26/Mar/2026:17:30:49 +0800] "GET /wp-content/uploads/2026/02/1770341652-2026251Article_images_W900%C3%97500px.webp HTTP/1.1" 200 43300 "http://cqqizhou.com/news" "Mozilla/5.0 (Windows NT 10.0; Win64; x64) AppleWebKit/537.36 (KHTML, like Gecko) Chrome/132.0.0.0 Safari/537.36"
14.108.233.17 - - [26/Mar/2026:17:30:49 +0800] "GET /wp-content/uploads/2026/02/1770617354-Article_images_W900px.webp HTTP/1.1" 200 13634 "http://cqqizhou.com/news" "Mozilla/5.0 (Windows NT 10.0; Win64; x64) AppleWebKit/537.36 (KHTML, like Gecko) Chrome/132.0.0.0 Safari/537.36"
14.108.233.17 - - [26/Mar/2026:17:30:49 +0800] "GET /wp-content/uploads/2026/02/1770617948-Article_images_W900%C3%97500px.webp HTTP/1.1" 200 38890 "http://cqqizhou.com/news" "Mozilla/5.0 (Windows NT 10.0; Win64; x64) AppleWebKit/537.36 (KHTML, like Gecko) Chrome/132.0.0.0 Safari/537.36"
14.108.233.17 - - [26/Mar/2026:17:30:49 +0800] "GET /wp-content/uploads/2026/01/1770349139-202624Article_images_W900%C3%97500px20260-.webp HTTP/1.1" 200 58006 "http://cqqizhou.com/news" "Mozilla/5.0 (Windows NT 10.0; Win64; x64) AppleWebKit/537.36 (KHTML, like Gecko) Chrome/132.0.0.0 Safari/537.36"
14.108.233.17 - - [26/Mar/2026:17:30:49 +0800] "GET /wp-content/uploads/2026/01/1769511379-Article_images_W900%C3%97500px202601271.webp HTTP/1.1" 200 67912 "http://cqqizhou.com/news" "Mozilla/5.0 (Windows NT 10.0; Win64; x64) AppleWebKit/537.36 (KHTML, like Gecko) Chrome/132.0.0.0 Safari/537.36"
14.108.233.17 - - [26/Mar/2026:17:31:30 +0800] "GET /news/2502 HTTP/1.1" 200 24679 "http://cqqizhou.com/news" "Mozilla/5.0 (Windows NT 10.0; Win64; x64) AppleWebKit/537.36 (KHTML, like Gecko) Chrome/132.0.0.0 Safari/537.36"
14.108.233.17 - - [26/Mar/2026:17:31:30 +0800] "GET /wp-content/uploads/2025/07/1750656103-Visionr2000x800_20250623131702.webp HTTP/1.1" 200 57650 "http://cqqizhou.com/news/2502" "Mozilla/5.0 (Windows NT 10.0; Win64; x64) AppleWebKit/537.36 (KHTML, like Gecko) Chrome/132.0.0.0 Safari/537.36"
36.133.115.36 - - [26/Mar/2026:17:48:02 +0800] "POST /wp-cron.php?doing_wp_cron=1774518481.9647219181060791015625 HTTP/1.1" 200 31 "-" "WordPress/6.9; http://cqqizhou.com"
43.130.9.111 - - [26/Mar/2026:17:48:02 +0800] "GET / HTTP/1.1" 301 5 "-" "Mozilla/5.0 (iPhone; CPU iPhone OS 13_2_3 like Mac OS X) AppleWebKit/605.1.15 (KHTML, like Gecko) Version/13.0.3 Mobile/15E148 Safari/604.1"
43.130.9.111 - - [26/Mar/2026:17:48:05 +0800] "GET / HTTP/1.1" 200 34811 "http://www.cqqizhou.com" "Mozilla/5.0 (iPhone; CPU iPhone OS 13_2_3 like Mac OS X) AppleWebKit/605.1.15 (KHTML, like Gecko) Version/13.0.3 Mobile/15E148 Safari/604.1"
36.133.115.36 - - [26/Mar/2026:17:48:17 +0800] "POST /wp-cron.php?doing_wp_cron=1774518497.7111690044403076171875 HTTP/1.1" 200 31 "-" "WordPress/6.9; http://cqqizhou.com"
46.101.82.104 - - [26/Mar/2026:17:48:18 +0800] "GET / HTTP/1.1" 200 157185 "-" "-"
36.133.115.36 - - [26/Mar/2026:18:05:05 +0800] "POST /wp-cron.php?doing_wp_cron=1774519505.9411740303039550781250 HTTP/1.1" 200 31 "-" "WordPress/6.9; http://cqqizhou.com"
66.249.73.230 - - [26/Mar/2026:18:05:05 +0800] "GET /news/portfolio/%E5%86%B7%E8%BD%A7%E5%8D%B7 HTTP/1.1" 200 18828 "-" "Mozilla/5.0 (Linux; Android 6.0.1; Nexus 5X Build/MMB29P) AppleWebKit/537.36 (KHTML, like Gecko) Chrome/146.0.7680.153 Mobile Safari/537.36 (compatible; Googlebot/2.1; +http://www.google.com/bot.html)"
36.133.115.36 - - [26/Mar/2026:18:18:42 +0800] "POST /wp-cron.php?doing_wp_cron=1774520322.2838580608367919921875 HTTP/1.1" 200 31 "-" "WordPress/6.9; http://cqqizhou.com"
43.156.202.34 - - [26/Mar/2026:18:18:42 +0800] "GET / HTTP/1.1" 200 34812 "-" "Mozilla/5.0 (iPhone; CPU iPhone OS 13_2_3 like Mac OS X) AppleWebKit/605.1.15 (KHTML, like Gecko) Version/13.0.3 Mobile/15E148 Safari/604.1"
36.133.115.36 - - [26/Mar/2026:18:24:24 +0800] "POST /wp-cron.php?doing_wp_cron=1774520664.2656579017639160156250 HTTP/1.1" 200 31 "-" "WordPress/6.9; http://cqqizhou.com"
176.65.149.234 - - [26/Mar/2026:18:24:24 +0800] "GET / HTTP/1.1" 200 157185 "-" "Mozilla/1.0"
36.133.115.36 - - [26/Mar/2026:18:35:54 +0800] "POST /wp-cron.php?doing_wp_cron=1774521354.4797511100769042968750 HTTP/1.1" 200 31 "-" "WordPress/6.9; http://cqqizhou.com"
221.200.146.37 - - [26/Mar/2026:18:35:54 +0800] "GET /contacts/ HTTP/1.1" 301 5 "-" "Mozilla/5.0 (Windows NT 10.0; Win64; x64) AppleWebKit/537.36 (KHTML, like Gecko) Chrome/136.0.0.0 Safari/537.36"
221.200.146.37 - - [26/Mar/2026:18:35:54 +0800] "GET http://cqqizhou.com/contacts HTTP/1.1" 200 21638 "-" "Mozilla/5.0 (Windows NT 10.0; Win64; x64) AppleWebKit/537.36 (KHTML, like Gecko) Chrome/136.0.0.0 Safari/537.36"
36.133.115.36 - - [26/Mar/2026:18:55:19 +0800] "POST /wp-cron.php?doing_wp_cron=1774522519.5442368984222412109375 HTTP/1.1" 200 31 "-" "WordPress/6.9; http://cqqizhou.com"
142.44.225.251 - - [26/Mar/2026:18:55:19 +0800] "GET /work-safety HTTP/1.1" 200 23803 "-" "Mozilla/5.0 (compatible; AhrefsBot/7.0; +http://ahrefs.com/robot/)"
36.133.108.121 - - [26/Mar/2026:18:55:35 +0800] "HEAD /druid/index.html HTTP/1.1" 404 0 "-" "Mozilla/5.0 (iPad; U; CPU OS 3_2 like Mac OS X; en-us) AppleWebKit/531.21.10 (KHTML, like Gecko) Version/4.0.4 Mobile/7B334b Safari/531.21.10"
36.133.115.36 - - [26/Mar/2026:19:00:48 +0800] "POST /wp-cron.php?doing_wp_cron=1774522848.4141530990600585937500 HTTP/1.1" 200 31 "-" "WordPress/6.9; http://cqqizhou.com"
149.86.227.60 - - [26/Mar/2026:19:00:49 +0800] "GET / HTTP/1.1" 200 157185 "-" "Mozilla/5.0"
167.250.224.25 - - [26/Mar/2026:19:07:54 +0800] "GET /admin/config.php HTTP/1.0" 404 16 "-" "xfa1"
36.133.115.36 - - [26/Mar/2026:19:35:35 +0800] "POST /wp-cron.php?doing_wp_cron=1774524935.4205338954925537109375 HTTP/1.1" 200 31 "-" "WordPress/6.9; http://cqqizhou.com"
178.250.191.201 - - [26/Mar/2026:19:35:35 +0800] "GET / HTTP/1.1" 301 5 "-" "Go-http-client/1.1"
178.250.191.201 - - [26/Mar/2026:19:35:37 +0800] "GET / HTTP/1.1" 200 35249 "http://36.133.115.36" "Go-http-client/1.1"
36.133.115.36 - - [26/Mar/2026:19:37:55 +0800] "POST /wp-cron.php?doing_wp_cron=1774525075.4128429889678955078125 HTTP/1.1" 200 31 "-" "WordPress/6.9; http://cqqizhou.com"
182.135.137.107 - - [26/Mar/2026:19:37:55 +0800] "GET /contacts/ HTTP/1.1" 301 5 "-" "Mozilla/5.0 (Windows NT 10.0; Win64; x64) AppleWebKit/537.36 (KHTML, like Gecko) Chrome/136.0.0.0 Safari/537.36"
182.135.137.107 - - [26/Mar/2026:19:37:55 +0800] "GET http://cqqizhou.com/contacts HTTP/1.1" 200 21638 "-" "Mozilla/5.0 (Windows NT 10.0; Win64; x64) AppleWebKit/537.36 (KHTML, like Gecko) Chrome/136.0.0.0 Safari/537.36"
36.133.115.36 - - [26/Mar/2026:20:08:13 +0800] "POST /wp-cron.php?doing_wp_cron=1774526893.4565849304199218750000 HTTP/1.1" 200 31 "-" "WordPress/6.9; http://cqqizhou.com"
43.166.128.187 - - [26/Mar/2026:20:08:13 +0800] "GET / HTTP/1.1" 301 5 "-" "Mozilla/5.0 (iPhone; CPU iPhone OS 13_2_3 like Mac OS X) AppleWebKit/605.1.15 (KHTML, like Gecko) Version/13.0.3 Mobile/15E148 Safari/604.1"
43.166.128.187 - - [26/Mar/2026:20:08:18 +0800] "GET / HTTP/1.1" 200 34806 "http://36.133.115.36" "Mozilla/5.0 (iPhone; CPU iPhone OS 13_2_3 like Mac OS X) AppleWebKit/605.1.15 (KHTML, like Gecko) Version/13.0.3 Mobile/15E148 Safari/604.1"
36.133.115.36 - - [26/Mar/2026:20:28:16 +0800] "POST /wp-cron.php?doing_wp_cron=1774528095.9837310314178466796875 HTTP/1.1" 200 31 "-" "WordPress/6.9; http://cqqizhou.com"
170.106.180.139 - - [26/Mar/2026:20:28:16 +0800] "GET / HTTP/1.1" 200 34808 "-" "Mozilla/5.0 (iPhone; CPU iPhone OS 13_2_3 like Mac OS X) AppleWebKit/605.1.15 (KHTML, like Gecko) Version/13.0.3 Mobile/15E148 Safari/604.1"
36.133.115.36 - - [26/Mar/2026:21:10:32 +0800] "POST /wp-cron.php?doing_wp_cron=1774530631.9668910503387451171875 HTTP/1.1" 200 31 "-" "WordPress/6.9; http://cqqizhou.com"
168.144.43.51 - - [26/Mar/2026:21:10:32 +0800] "GET / HTTP/1.1" 301 5 "-" "Mozilla/5.0 (Windows NT 10.0; Win64; x64) AppleWebKit/537.36 (KHTML, like Gecko) Chrome/140.0.0.0 Safari/537.36"
168.144.43.51 - - [26/Mar/2026:21:10:37 +0800] "GET /.well-known/robots.txt HTTP/1.1" 404 8949 "-" "Mozilla/5.0 (Windows NT 10.0; Win64; x64) AppleWebKit/537.36 (KHTML, like Gecko) Chrome/140.0.0.0 Safari/537.36"
168.144.43.51 - - [26/Mar/2026:21:10:37 +0800] "GET /security.txt HTTP/1.1" 200 19855 "-" "Mozilla/5.0 (Windows NT 10.0; Win64; x64) AppleWebKit/537.36 (KHTML, like Gecko) Chrome/140.0.0.0 Safari/537.36"
218.60.35.236 - - [26/Mar/2026:21:14:21 +0800] "GET /news/2162 HTTP/1.1" 200 21625 "-" "Mozilla/5.0 (Windows NT 10.0; Win64; x64) AppleWebKit/537.36 (KHTML, like Gecko) Chrome/142.0.0.0 Safari/537.36"
36.133.115.36 - - [26/Mar/2026:21:28:27 +0800] "POST /wp-cron.php?doing_wp_cron=1774531707.7766149044036865234375 HTTP/1.1" 200 31 "-" "WordPress/6.9; http://cqqizhou.com"
110.249.201.175 - - [26/Mar/2026:21:28:27 +0800] "GET /robots.txt HTTP/1.1" 200 190 "-" "Mozilla/5.0 (Linux; Android 5.0) AppleWebKit/537.36 (KHTML, like Gecko) Mobile Safari/537.36 (compatible; Bytespider; https://zhanzhang.toutiao.com/)"
36.133.115.36 - - [26/Mar/2026:21:41:16 +0800] "POST /wp-cron.php?doing_wp_cron=1774532476.0924139022827148437500 HTTP/1.1" 200 31 "-" "WordPress/6.9; http://cqqizhou.com"
149.86.227.60 - - [26/Mar/2026:21:41:17 +0800] "GET / HTTP/1.1" 200 157185 "-" "Mozilla/5.0"
36.133.115.36 - - [26/Mar/2026:21:46:47 +0800] "POST /wp-cron.php?doing_wp_cron=1774532807.6608850955963134765625 HTTP/1.1" 200 31 "-" "WordPress/6.9; http://cqqizhou.com"
91.224.92.125 - - [26/Mar/2026:21:46:47 +0800] "GET /SDK/webLanguage HTTP/1.1" 301 5 "-" "Mozilla/5.0 (Windows NT 10.0; Win64; x64) AppleWebKit/537.36 (KHTML, like Gecko) Chrome/90.0.4430.85 Safari/537.36 Edg/90.0.818.46"
36.133.115.36 - - [26/Mar/2026:22:05:50 +0800] "POST /wp-cron.php?doing_wp_cron=1774533950.7428998947143554687500 HTTP/1.1" 200 31 "-" "WordPress/6.9; http://cqqizhou.com"
119.84.246.117 - - [26/Mar/2026:22:05:50 +0800] "GET / HTTP/1.1" 301 5 "-" "Mozilla/5.0 (Windows NT 6.1; WOW64) AppleWebKit/536.11 (KHTML, like Gecko) Chrome/20.0.1132.57 Safari/536.11"
119.84.246.117 - - [26/Mar/2026:22:05:50 +0800] "GET / HTTP/1.1" 200 158844 "-" "Mozilla/5.0 (Windows NT 6.1; WOW64) AppleWebKit/536.11 (KHTML, like Gecko) Chrome/20.0.1132.57 Safari/536.11"
119.84.246.117 - - [26/Mar/2026:22:05:51 +0800] "GET / HTTP/1.1" 301 5 "-" "Mozilla/5.0 (Windows; U; Windows NT 5.2) AppleWebKit/525.13 (KHTML, like Gecko) Version/3.1 Safari/525.13"
119.84.246.117 - - [26/Mar/2026:22:05:52 +0800] "GET / HTTP/1.1" 200 158844 "-" "Mozilla/5.0 (Windows; U; Windows NT 5.2) AppleWebKit/525.13 (KHTML, like Gecko) Version/3.1 Safari/525.13"
119.84.246.117 - - [26/Mar/2026:22:05:52 +0800] "GET / HTTP/1.1" 301 5 "-" "Mozilla/5.0 (Windows NT 6.1) AppleWebKit/535.11 (KHTML, like Gecko) Chrome/17.0.963.84 Safari/535.11 LBBROWSER"
119.84.246.117 - - [26/Mar/2026:22:05:52 +0800] "GET / HTTP/1.1" 200 158844 "-" "Mozilla/5.0 (Windows NT 6.1) AppleWebKit/535.11 (KHTML, like Gecko) Chrome/17.0.963.84 Safari/535.11 LBBROWSER"
36.133.115.36 - - [26/Mar/2026:22:07:21 +0800] "POST /wp-cron.php?doing_wp_cron=1774534040.9874019622802734375000 HTTP/1.1" 200 31 "-" "WordPress/6.9; http://cqqizhou.com"
36.133.25.124 - - [26/Mar/2026:22:07:21 +0800] "GET / HTTP/1.0" 200 157163 "-" "-"
36.133.25.124 - - [26/Mar/2026:22:07:22 +0800] "GET / HTTP/1.1" 301 5 "-" "Mozilla/5.0 (Windows NT 6.1) AppleWebKit/537.36 (KHTML, like Gecko) Chrome/49.0.2623.112 Safari/537.36"
192.241.141.15 - - [26/Mar/2026:22:39:42 +0800] "GET /wp-content/uploads/2025/07/1753451773-%E5%86%B7%E8%BD%A7%E5%8D%B7roduct_Single600-150x150.webp HTTP/1.1" 200 4820 "http://cqqizhou.com/" "Mozilla/5.0 (Windows NT 10.0; Win64; x64) AppleWebKit/537.36 (KHTML, like Gecko) Chrome/108.0.0.0 Safari/537.36"
27.37.196.103 - - [26/Mar/2026:22:47:30 +0800] "GET / HTTP/1.1" 200 35249 "-" "Mozilla/5.0 (Macintosh; Intel Mac OS X 10_15_7) AppleWebKit/537.36 (KHTML, like Gecko) Chrome/106.0.0.0 Safari/537.36"
51.222.95.98 - - [26/Mar/2026:22:49:48 +0800] "GET /news/portfolio/%E5%86%B7%E8%BD%A7%E5%8D%B7 HTTP/1.1" 304 0 "-" "Mozilla/5.0 (compatible; AhrefsBot/7.0; +http://ahrefs.com/robot/)"
36.133.115.36 - - [26/Mar/2026:22:53:18 +0800] "POST /wp-cron.php?doing_wp_cron=1774536798.2207190990447998046875 HTTP/1.1" 200 31 "-" "WordPress/6.9; http://cqqizhou.com"
66.249.66.5 - - [26/Mar/2026:22:53:18 +0800] "GET /robots.txt HTTP/1.1" 301 5 "-" "Mozilla/5.0 (compatible; Googlebot/2.1; +http://www.google.com/bot.html)"
66.249.73.228 - - [26/Mar/2026:22:53:19 +0800] "GET /robots.txt HTTP/1.1" 200 190 "-" "Mozilla/5.0 (compatible; Googlebot/2.1; +http://www.google.com/bot.html)"
36.133.115.36 - - [26/Mar/2026:23:08:55 +0800] "POST /wp-cron.php?doing_wp_cron=1774537735.6629309654235839843750 HTTP/1.1" 200 31 "-" "WordPress/6.9; http://cqqizhou.com"
23.180.120.132 - - [26/Mar/2026:23:08:55 +0800] "GET / HTTP/1.1" 200 34809 "-" "Mozilla/5.0"
36.133.115.36 - - [26/Mar/2026:23:10:02 +0800] "POST /wp-cron.php?doing_wp_cron=1774537802.5223960876464843750000 HTTP/1.1" 200 31 "-" "WordPress/6.9; http://cqqizhou.com"
43.155.140.157 - - [26/Mar/2026:23:10:02 +0800] "GET / HTTP/1.1" 301 5 "-" "Mozilla/5.0 (iPhone; CPU iPhone OS 13_2_3 like Mac OS X) AppleWebKit/605.1.15 (KHTML, like Gecko) Version/13.0.3 Mobile/15E148 Safari/604.1"
43.155.140.157 - - [26/Mar/2026:23:10:04 +0800] "GET / HTTP/1.1" 200 34808 "http://www.cqqizhou.com" "Mozilla/5.0 (iPhone; CPU iPhone OS 13_2_3 like Mac OS X) AppleWebKit/605.1.15 (KHTML, like Gecko) Version/13.0.3 Mobile/15E148 Safari/604.1"
36.133.115.36 - - [26/Mar/2026:23:12:10 +0800] "POST /wp-cron.php?doing_wp_cron=1774537930.7573699951171875000000 HTTP/1.1" 200 31 "-" "WordPress/6.9; http://cqqizhou.com"
74.7.227.0 - - [26/Mar/2026:23:12:10 +0800] "GET /wp-sitemap.xml HTTP/1.1" 501 253 "-" "Mozilla/5.0 AppleWebKit/537.36 (KHTML, like Gecko; compatible; GPTBot/1.3; +https://openai.com/gptbot)"
36.133.108.125 - - [26/Mar/2026:23:12:49 +0800] "HEAD /.git/config HTTP/1.1" 404 0 "-" "Mozilla/5.0 (Macintosh; U; Intel Mac OS X 10_6_6; fr-ch) AppleWebKit/533.19.4 (KHTML, like Gecko) Version/5.0.3 Safari/533.19.4"
36.133.115.36 - - [26/Mar/2026:23:23:41 +0800] "POST /wp-cron.php?doing_wp_cron=1774538621.3021030426025390625000 HTTP/1.1" 200 31 "-" "WordPress/6.9; http://cqqizhou.com"
176.65.149.235 - - [26/Mar/2026:23:23:41 +0800] "GET / HTTP/1.1" 200 157185 "-" "-"
36.133.115.36 - - [26/Mar/2026:23:29:14 +0800] "POST /wp-cron.php?doing_wp_cron=1774538954.4467771053314208984375 HTTP/1.1" 200 31 "-" "WordPress/6.9; http://cqqizhou.com"
47.103.139.221 - - [26/Mar/2026:23:29:14 +0800] "GET /index.php/user/register/doregister.html HTTP/1.1" 301 5 "-" "Mozilla/5.0 (Windows NT 10.0; Win64; x64)"
47.103.139.221 - - [26/Mar/2026:23:29:15 +0800] "GET /user/register/doregister.html HTTP/1.1" 404 8950 "-" "Mozilla/5.0 (Windows NT 10.0; Win64; x64)"
36.133.115.36 - - [26/Mar/2026:23:42:16 +0800] "POST /wp-cron.php?doing_wp_cron=1774539736.0095400810241699218750 HTTP/1.1" 200 31 "-" "WordPress/6.9; http://cqqizhou.com"
216.180.246.88 - - [26/Mar/2026:23:42:16 +0800] "GET / HTTP/1.0" 301 0 "-" "Mozilla/5.0 (compatible; GenomeCrawlerd/1.0; +https://www.nokia.com/genomecrawler)"
216.180.246.88 - - [26/Mar/2026:23:42:53 +0800] "GET / HTTP/1.0" 301 0 "-" "Mozilla/5.0 (compatible; GenomeCrawlerd/1.0; +https://www.nokia.com/genomecrawler)"
36.133.115.36 - - [26/Mar/2026:23:43:39 +0800] "POST /wp-cron.php?doing_wp_cron=1774539819.2549500465393066406250 HTTP/1.1" 200 31 "-" "WordPress/6.9; http://cqqizhou.com"
216.180.246.88 - - [26/Mar/2026:23:43:39 +0800] "GET / HTTP/1.1" 301 5 "-" "Mozilla/5.0 (compatible; GenomeCrawlerd/1.0; +https://www.nokia.com/genomecrawler)"
216.180.246.88 - - [26/Mar/2026:23:43:42 +0800] "GET / HTTP/1.1" 200 34808 "http://36.133.115.36/" "Mozilla/5.0 (compatible; GenomeCrawlerd/1.0; +https://www.nokia.com/genomecrawler)"