39.148.48.35 - - [27/Feb/2026:06:51:40 +0800] "GET /sitemap.xml HTTP/1.1" 200 538 "-" "Mozilla/5.0 (Macintosh; Intel Mac OS X 10_7_0) AppleWebKit/535.11 (KHTML, like Gecko) Chrome/17.0.963.56 Safari/535.11"
123.6.49.44 - - [27/Feb/2026:06:52:02 +0800] "GET / HTTP/1.1" 200 34766 "-" "Mozilla/5.0 (Linux; U; Android 8.1.0; zh-cn; MI 8 Build/OPM1.171019.011) AppleWebKit/537.36 (KHTML, like Gecko) Version/4.0 Chrome/57.0.2987.108 Mobile Safari/537.36"
123.6.49.50 - - [27/Feb/2026:06:52:03 +0800] "GET /wp-content/uploads/2025/07/1751425283-qizhou.kf_.qq_.com_.webp HTTP/1.1" 200 16864 "http://cqqizhou.com/" "Mozilla/5.0 (Linux; U; Android 8.1.0; zh-cn; MI 8 Build/OPM1.171019.011) AppleWebKit/537.36 (KHTML, like Gecko) Version/4.0 Chrome/57.0.2987.108 Mobile Safari/537.36"
123.6.49.50 - - [27/Feb/2026:06:52:03 +0800] "GET /wp-content/uploads/2025/07/1753456723-%E5%8F%8C%E7%9B%B8%E9%92%A2roduct_Single600.webp HTTP/1.1" 200 22790 "http://cqqizhou.com/" "Mozilla/5.0 (Linux; U; Android 8.1.0; zh-cn; MI 8 Build/OPM1.171019.011) AppleWebKit/537.36 (KHTML, like Gecko) Version/4.0 Chrome/57.0.2987.108 Mobile Safari/537.36"
123.6.49.50 - - [27/Feb/2026:06:52:03 +0800] "GET /wp-content/uploads/2025/07/1753453096-%E5%8F%8C%E7%9B%B8%E9%92%A2product_Single600%C3%97284.webp HTTP/1.1" 200 14562 "http://cqqizhou.com/" "Mozilla/5.0 (Linux; U; Android 8.1.0; zh-cn; MI 8 Build/OPM1.171019.011) AppleWebKit/537.36 (KHTML, like Gecko) Version/4.0 Chrome/57.0.2987.108 Mobile Safari/537.36"
123.6.49.50 - - [27/Feb/2026:06:52:03 +0800] "GET /wp-content/uploads/2025/07/1753456770-%E7%83%AD%E9%95%80%E9%94%8C%E5%8D%B7product_Single600.webp HTTP/1.1" 200 27502 "http://cqqizhou.com/" "Mozilla/5.0 (Linux; U; Android 8.1.0; zh-cn; MI 8 Build/OPM1.171019.011) AppleWebKit/537.36 (KHTML, like Gecko) Version/4.0 Chrome/57.0.2987.108 Mobile Safari/537.36"
123.6.49.50 - - [27/Feb/2026:06:52:03 +0800] "GET /wp-content/uploads/2025/07/1753453127-%E4%BD%99%E5%8D%B7product_Single600%C3%97284.webp HTTP/1.1" 200 18744 "http://cqqizhou.com/" "Mozilla/5.0 (Linux; U; Android 8.1.0; zh-cn; MI 8 Build/OPM1.171019.011) AppleWebKit/537.36 (KHTML, like Gecko) Version/4.0 Chrome/57.0.2987.108 Mobile Safari/537.36"
123.6.49.50 - - [27/Feb/2026:06:52:03 +0800] "GET /wp-content/uploads/2026/02/1772086672-%E5%BC%80%E5%B7%A5%E5%A4%A7%E5%90%89%E5%B0%81%E9%9D%A2%E5%A4%B4%E5%9B%BEArticle_images_W900%C3%97500px-768x427.webp HTTP/1.1" 200 93810 "http://cqqizhou.com/" "Mozilla/5.0 (Linux; U; Android 8.1.0; zh-cn; MI 8 Build/OPM1.171019.011) AppleWebKit/537.36 (KHTML, like Gecko) Version/4.0 Chrome/57.0.2987.108 Mobile Safari/537.36"
123.6.49.50 - - [27/Feb/2026:06:52:11 +0800] "GET /wp-content/uploads/2025/07/1753454299-Article_images_W900px-768x432.webp HTTP/1.1" 200 53850 "http://cqqizhou.com/" "Mozilla/5.0 (Linux; U; Android 8.1.0; zh-cn; MI 8 Build/OPM1.171019.011) AppleWebKit/537.36 (KHTML, like Gecko) Version/4.0 Chrome/57.0.2987.108 Mobile Safari/537.36"
123.6.49.50 - - [27/Feb/2026:06:52:11 +0800] "GET /wp-content/uploads/2026/02/1770617354-Article_images_W900px-768x479.webp HTTP/1.1" 200 14746 "http://cqqizhou.com/" "Mozilla/5.0 (Linux; U; Android 8.1.0; zh-cn; MI 8 Build/OPM1.171019.011) AppleWebKit/537.36 (KHTML, like Gecko) Version/4.0 Chrome/57.0.2987.108 Mobile Safari/537.36"
123.6.49.50 - - [27/Feb/2026:06:52:11 +0800] "GET /wp-content/uploads/2026/02/1770341652-2026251Article_images_W900%C3%97500px-768x427.webp HTTP/1.1" 200 42638 "http://cqqizhou.com/" "Mozilla/5.0 (Linux; U; Android 8.1.0; zh-cn; MI 8 Build/OPM1.171019.011) AppleWebKit/537.36 (KHTML, like Gecko) Version/4.0 Chrome/57.0.2987.108 Mobile Safari/537.36"
123.6.49.50 - - [27/Feb/2026:06:52:11 +0800] "GET /wp-content/uploads/2026/02/1770617948-Article_images_W900%C3%97500px-768x432.webp HTTP/1.1" 200 41870 "http://cqqizhou.com/" "Mozilla/5.0 (Linux; U; Android 8.1.0; zh-cn; MI 8 Build/OPM1.171019.011) AppleWebKit/537.36 (KHTML, like Gecko) Version/4.0 Chrome/57.0.2987.108 Mobile Safari/537.36"
36.133.115.36 - - [27/Feb/2026:06:55:05 +0800] "POST /wp-cron.php?doing_wp_cron=1772146505.2538249492645263671875 HTTP/1.1" 200 31 "-" "WordPress/6.9; http://cqqizhou.com"
43.163.206.70 - - [27/Feb/2026:06:55:05 +0800] "GET /wp-json/oembed/1.0/embed?url=http%3A%2F%2Fcqqizhou.com%2Fnews%2Fportfolio%2Fhot-dip-galvanized-coil HTTP/1.1" 200 1236 "-" "Mozilla/5.0 (iPhone; CPU iPhone OS 13_2_3 like Mac OS X) AppleWebKit/605.1.15 (KHTML, like Gecko) Version/13.0.3 Mobile/15E148 Safari/604.1"
36.133.115.36 - - [27/Feb/2026:07:06:11 +0800] "POST /wp-cron.php?doing_wp_cron=1772147171.2485179901123046875000 HTTP/1.1" 200 31 "-" "WordPress/6.9; http://cqqizhou.com"
147.185.133.27 - - [27/Feb/2026:07:06:11 +0800] "GET / HTTP/1.1" 200 34767 "-" "Hello from Palo Alto Networks, find out more about our scans in https://docs-cortex.paloaltonetworks.com/r/1/Cortex-Xpanse/Scanning-activity"
36.133.115.36 - - [27/Feb/2026:07:26:44 +0800] "POST /wp-cron.php?doing_wp_cron=1772148404.8289909362792968750000 HTTP/1.1" 200 31 "-" "WordPress/6.9; http://cqqizhou.com"
121.199.174.168 - - [27/Feb/2026:07:26:44 +0800] "GET / HTTP/1.0" 301 0 "-" "-"
121.199.174.168 - - [27/Feb/2026:07:26:55 +0800] "GET / HTTP/1.0" 301 0 "-" "-"
121.199.174.168 - - [27/Feb/2026:07:26:55 +0800] "GET /nmaplowercheck1772148406 HTTP/1.1" 404 31365 "-" "Mozilla/5.0 (compatible; Nmap Scripting Engine; https://nmap.org/book/nse.html)"
121.199.174.168 - - [27/Feb/2026:07:26:55 +0800] "POST /sdk HTTP/1.1" 404 31365 "-" "Mozilla/5.0 (compatible; Nmap Scripting Engine; https://nmap.org/book/nse.html)"
121.199.174.168 - - [27/Feb/2026:07:26:56 +0800] "GET /HNAP1 HTTP/1.1" 404 31365 "-" "Mozilla/5.0 (compatible; Nmap Scripting Engine; https://nmap.org/book/nse.html)"
121.199.174.168 - - [27/Feb/2026:07:26:56 +0800] "GET /evox/about HTTP/1.1" 404 31365 "-" "Mozilla/5.0 (compatible; Nmap Scripting Engine; https://nmap.org/book/nse.html)"
36.133.115.36 - - [27/Feb/2026:07:27:15 +0800] "POST /wp-cron.php?doing_wp_cron=1772148435.8234589099884033203125 HTTP/1.1" 200 31 "-" "WordPress/6.9; http://cqqizhou.com"
121.199.174.168 - - [27/Feb/2026:07:27:15 +0800] "GET / HTTP/1.0" 301 0 "-" "-"
121.199.174.168 - - [27/Feb/2026:07:27:16 +0800] "GET / HTTP/1.1" 301 5 "-" "-"
36.133.115.36 - - [27/Feb/2026:07:31:38 +0800] "POST /wp-cron.php?doing_wp_cron=1772148698.2452108860015869140625 HTTP/1.1" 200 31 "-" "WordPress/6.9; http://cqqizhou.com"
89.42.231.241 - - [27/Feb/2026:07:31:38 +0800] "GET /SDK/webLanguage HTTP/1.1" 301 5 "-" "Mozilla/5.0 (Windows NT 10.0; Win64; x64) AppleWebKit/537.36 (KHTML, like Gecko) Chrome/90.0.4430.85 Safari/537.36 Edg/90.0.818.46"
36.133.115.36 - - [27/Feb/2026:07:32:43 +0800] "POST /wp-cron.php?doing_wp_cron=1772148762.9705109596252441406250 HTTP/1.1" 200 31 "-" "WordPress/6.9; http://cqqizhou.com"
52.167.144.175 - - [27/Feb/2026:07:32:43 +0800] "GET /news HTTP/1.1" 200 25810 "-" "Mozilla/5.0 AppleWebKit/537.36 (KHTML, like Gecko; compatible; bingbot/2.0; +http://www.bing.com/bingbot.htm) Chrome/116.0.1938.76 Safari/537.36"
36.133.115.36 - - [27/Feb/2026:07:36:07 +0800] "POST /wp-cron.php?doing_wp_cron=1772148967.1093869209289550781250 HTTP/1.1" 200 31 "-" "WordPress/6.9; http://cqqizhou.com"
45.153.34.187 - - [27/Feb/2026:07:36:07 +0800] "GET / HTTP/1.1" 200 157103 "-" "Mozilla/5.0"
52.167.144.211 - - [27/Feb/2026:07:49:45 +0800] "GET /wp-content/uploads/2026/02/1772086672-%E5%BC%80%E5%B7%A5%E5%A4%A7%E5%90%89%E5%B0%81%E9%9D%A2%E5%A4%B4%E5%9B%BEArticle_images_W900%C3%97500px.webp HTTP/1.1" 200 99110 "-" "Mozilla/5.0 AppleWebKit/537.36 (KHTML, like Gecko; compatible; bingbot/2.0; +http://www.bing.com/bingbot.htm) Chrome/116.0.1938.76 Safari/537.36"
36.133.115.36 - - [27/Feb/2026:08:02:50 +0800] "POST /wp-cron.php?doing_wp_cron=1772150570.8439779281616210937500 HTTP/1.1" 200 31 "-" "WordPress/6.9; http://cqqizhou.com"
65.49.1.80 - - [27/Feb/2026:08:02:50 +0800] "GET / HTTP/1.1" 301 5 "-" "Mozilla/5.0 (Macintosh; Intel Mac OS X 10_15_7) AppleWebKit/605.1.15 (KHTML, like Gecko) Version/18.6 Safari/605.1.15"
36.133.115.36 - - [27/Feb/2026:08:03:27 +0800] "POST /wp-cron.php?doing_wp_cron=1772150607.3093318939208984375000 HTTP/1.1" 200 31 "-" "WordPress/6.9; http://cqqizhou.com"
65.49.1.80 - - [27/Feb/2026:08:03:27 +0800] "GET /webui/ HTTP/1.1" 404 8949 "-" "Mozilla/5.0 (Windows NT 10.0; Win64; x64) AppleWebKit/537.36 (KHTML, like Gecko) Chrome/140.0.0.0 Safari/537.36"
65.49.1.83 - - [27/Feb/2026:08:03:53 +0800] "GET / HTTP/1.1" 301 5 "-" "Mozilla/5.0 (Windows NT 10.0; Win64; x64) AppleWebKit/537.36 (KHTML, like Gecko) Chrome/140.0.0.0 Safari/537.36"
65.49.1.80 - - [27/Feb/2026:08:03:55 +0800] "GET / HTTP/1.1" 200 40654 "http://36.133.115.36/" "Mozilla/5.0 (Windows NT 10.0; Win64; x64) AppleWebKit/537.36 (KHTML, like Gecko) Chrome/140.0.0.0 Safari/537.36"
36.133.115.36 - - [27/Feb/2026:08:05:50 +0800] "POST /wp-cron.php?doing_wp_cron=1772150750.2965910434722900390625 HTTP/1.1" 200 31 "-" "WordPress/6.9; http://cqqizhou.com"
65.49.1.80 - - [27/Feb/2026:08:05:50 +0800] "GET /geoserver/web/ HTTP/1.1" 404 8948 "-" "Mozilla/5.0 (Macintosh; Intel Mac OS X 10_15_7) AppleWebKit/605.1.15 (KHTML, like Gecko) Version/18.6 Safari/605.1.15"
36.133.115.36 - - [27/Feb/2026:08:15:41 +0800] "POST /wp-cron.php?doing_wp_cron=1772151341.7222139835357666015625 HTTP/1.1" 200 31 "-" "WordPress/6.9; http://cqqizhou.com"
51.195.244.107 - - [27/Feb/2026:08:15:41 +0800] "GET /industry HTTP/1.1" 200 24314 "-" "Mozilla/5.0 (compatible; AhrefsBot/7.0; +http://ahrefs.com/robot/)"
36.133.115.36 - - [27/Feb/2026:08:17:56 +0800] "POST /wp-cron.php?doing_wp_cron=1772151476.2375850677490234375000 HTTP/1.1" 200 31 "-" "WordPress/6.9; http://cqqizhou.com"
193.142.146.230 - - [27/Feb/2026:08:17:56 +0800] "GET /login HTTP/1.1" 301 5 "-" "Go-http-client/1.1"
193.142.146.230 - - [27/Feb/2026:08:17:57 +0800] "GET /login HTTP/1.1" 302 5 "http://36.133.115.36:80/login" "Go-http-client/1.1"
193.142.146.230 - - [27/Feb/2026:08:17:58 +0800] "GET /wp-login.php HTTP/1.1" 200 2853 "http://36.133.115.36/login" "Go-http-client/1.1"
36.133.115.36 - - [27/Feb/2026:08:21:09 +0800] "POST /wp-cron.php?doing_wp_cron=1772151669.4658920764923095703125 HTTP/1.1" 200 31 "-" "WordPress/6.9; http://cqqizhou.com"
207.46.13.92 - - [27/Feb/2026:08:21:09 +0800] "GET /2464/ HTTP/1.1" 301 5 "-" "Mozilla/5.0 AppleWebKit/537.36 (KHTML, like Gecko; compatible; bingbot/2.0; +http://www.bing.com/bingbot.htm) Chrome/116.0.1938.76 Safari/537.36"
36.133.115.36 - - [27/Feb/2026:08:25:51 +0800] "POST /wp-cron.php?doing_wp_cron=1772151951.1070129871368408203125 HTTP/1.1" 200 31 "-" "WordPress/6.9; http://cqqizhou.com"
45.153.34.187 - - [27/Feb/2026:08:25:51 +0800] "GET / HTTP/1.1" 200 157103 "-" "Mozilla/5.0"
36.133.115.36 - - [27/Feb/2026:08:26:57 +0800] "POST /wp-cron.php?doing_wp_cron=1772152017.6403670310974121093750 HTTP/1.1" 200 31 "-" "WordPress/6.9; http://cqqizhou.com"
35.197.99.63 - - [27/Feb/2026:08:26:57 +0800] "HEAD /new/ HTTP/1.1" 301 0 "-" "Mozilla/5.0 (Linux; Android 12; Redmi Note 11) AppleWebKit/537.36 (KHTML, like Gecko) Chrome/123.0.6312.112 Mobile Safari/537.36"
35.197.99.63 - - [27/Feb/2026:08:26:58 +0800] "HEAD /news HTTP/1.1" 200 0 "http://cqqizhou.com/new/" "Mozilla/5.0 (Linux; Android 12; Redmi Note 11) AppleWebKit/537.36 (KHTML, like Gecko) Chrome/123.0.6312.112 Mobile Safari/537.36"
35.197.99.63 - - [27/Feb/2026:08:26:59 +0800] "HEAD /wp/ HTTP/1.1" 404 0 "-" "Mozilla/5.0 (Linux; Android 11; RMX2195) AppleWebKit/537.36 (KHTML, like Gecko) Chrome/120.0.6099.210 Mobile Safari/537.36 OPR/75.2.3995.72468"
35.197.99.63 - - [27/Feb/2026:08:27:00 +0800] "HEAD /wordpress/ HTTP/1.1" 404 0 "-" "Mozilla/5.0 (X11; Linux x86_64; rv:127.0) Gecko/20100101 Firefox/127.0"
35.197.99.63 - - [27/Feb/2026:08:27:00 +0800] "HEAD /blog/ HTTP/1.1" 404 0 "-" "Mozilla/5.0 (Linux; Android 11; RMX2195) AppleWebKit/537.36 (KHTML, like Gecko) Chrome/120.0.6099.210 Mobile Safari/537.36 OPR/75.2.3995.72468"
35.197.99.63 - - [27/Feb/2026:08:27:01 +0800] "HEAD /backup/ HTTP/1.1" 404 0 "-" "Mozilla/5.0 (Linux; Android 14; OnePlus 12) AppleWebKit/537.36 (KHTML, like Gecko) Chrome/125.0.6422.102 Mobile Safari/537.36"
35.197.99.63 - - [27/Feb/2026:08:27:02 +0800] "HEAD /old/ HTTP/1.1" 404 0 "-" "Mozilla/5.0 (Macintosh; Intel Mac OS X 14_5) AppleWebKit/605.1.15 (KHTML, like Gecko) Version/17.5 Safari/605.1.15"
35.197.99.63 - - [27/Feb/2026:08:27:03 +0800] "HEAD / HTTP/1.1" 200 0 "-" "Mozilla/5.0 (Linux; Android 11; moto g31) AppleWebKit/537.36 (KHTML, like Gecko) Chrome/122.0.6261.96 Mobile Safari/537.36"
36.133.115.36 - - [27/Feb/2026:08:29:28 +0800] "POST /wp-cron.php?doing_wp_cron=1772152168.7833631038665771484375 HTTP/1.1" 200 31 "-" "WordPress/6.9; http://cqqizhou.com"
185.242.226.102 - - [27/Feb/2026:08:29:28 +0800] "GET / HTTP/1.1" 301 5 "-" "Mozilla/5.0 (Windows NT 10.0; Win64; x64) AppleWebKit/537.36 (KHTML, like Gecko) Chrome/88.0.4324.190 Safari/537.36"
185.242.226.102 - - [27/Feb/2026:08:29:29 +0800] "GET / HTTP/1.1" 200 40654 "http://36.133.115.36:80/" "Mozilla/5.0 (Windows NT 10.0; Win64; x64) AppleWebKit/537.36 (KHTML, like Gecko) Chrome/88.0.4324.190 Safari/537.36"
36.133.115.36 - - [27/Feb/2026:08:31:42 +0800] "POST /wp-cron.php?doing_wp_cron=1772152302.1460869312286376953125 HTTP/1.1" 200 31 "-" "WordPress/6.9; http://cqqizhou.com"
17.241.75.252 - - [27/Feb/2026:08:31:42 +0800] "GET /robots.txt HTTP/1.1" 200 190 "-" "Mozilla/5.0 (Macintosh; Intel Mac OS X 10_15_7) AppleWebKit/605.1.15 (KHTML, like Gecko) Version/17.4 Safari/605.1.15 (Applebot/0.1; +http://www.apple.com/go/applebot)"
17.241.75.252 - - [27/Feb/2026:08:31:43 +0800] "GET /news/2420 HTTP/1.1" 200 23537 "-" "Mozilla/5.0 (Macintosh; Intel Mac OS X 10_15_7) AppleWebKit/605.1.15 (KHTML, like Gecko) Version/17.4 Safari/605.1.15 (Applebot/0.1; +http://www.apple.com/go/applebot)"
36.133.115.36 - - [27/Feb/2026:08:43:51 +0800] "POST /wp-cron.php?doing_wp_cron=1772153031.4873189926147460937500 HTTP/1.1" 200 31 "-" "WordPress/6.9; http://cqqizhou.com"
47.128.24.79 - - [27/Feb/2026:08:43:51 +0800] "GET /robots.txt HTTP/1.1" 200 190 "-" "Mozilla/5.0 (Linux; Android 5.0) AppleWebKit/537.36 (KHTML, like Gecko) Mobile Safari/537.36 (compatible; Bytespider; spider-feedback@bytedance.com)"
45.156.129.197 - - [27/Feb/2026:08:44:02 +0800] "GET / HTTP/1.1" 301 5 "-" "Mozilla/5.0 AppleWebKit/537.36 (KHTML, like Gecko) Chrome/123.0.6312.86 Safari/537.36 BitSightBot/1.0"
45.156.129.188 - - [27/Feb/2026:08:44:05 +0800] "GET / HTTP/1.1" 200 40654 "http://36.133.115.36/" "Mozilla/5.0 AppleWebKit/537.36 (KHTML, like Gecko) Chrome/123.0.6312.86 Safari/537.36 BitSightBot/1.0"
36.133.115.36 - - [27/Feb/2026:08:56:16 +0800] "POST /wp-cron.php?doing_wp_cron=1772153776.0159509181976318359375 HTTP/1.1" 200 31 "-" "WordPress/6.9; http://cqqizhou.com"
204.76.203.18 - - [27/Feb/2026:08:56:16 +0800] "GET / HTTP/1.1" 200 157103 "-" "-"
204.76.203.18 - - [27/Feb/2026:08:56:18 +0800] "GET / HTTP/1.1" 200 157103 "-" "-"
204.76.203.18 - - [27/Feb/2026:08:56:21 +0800] "GET / HTTP/1.1" 200 157103 "-" "-"
204.76.203.18 - - [27/Feb/2026:08:56:24 +0800] "GET / HTTP/1.1" 200 157103 "-" "-"
58.218.204.203 - - [27/Feb/2026:09:13:22 +0800] "GET /wp-content/uploads/2026/01/1767691466-Article_images_W900%C3%97500px202601061.webp HTTP/1.1" 200 56014 "http://cqqizhou.com/" "Mozilla/5.0 (Macintosh; Intel Mac OS X 10_15_7) AppleWebKit/537.36 (KHTML, like Gecko) Chrome/120.0.0.0 Safari/537.36"
36.133.115.36 - - [27/Feb/2026:09:33:35 +0800] "POST /wp-cron.php?doing_wp_cron=1772156015.8646199703216552734375 HTTP/1.1" 200 31 "-" "WordPress/6.9; http://cqqizhou.com"
43.157.148.38 - - [27/Feb/2026:09:33:35 +0800] "GET / HTTP/1.1" 200 34765 "-" "Mozilla/5.0 (iPhone; CPU iPhone OS 13_2_3 like Mac OS X) AppleWebKit/605.1.15 (KHTML, like Gecko) Version/13.0.3 Mobile/15E148 Safari/604.1"
36.133.115.36 - - [27/Feb/2026:09:58:32 +0800] "POST /wp-cron.php?doing_wp_cron=1772157512.5153760910034179687500 HTTP/1.1" 200 31 "-" "WordPress/6.9; http://cqqizhou.com"
43.135.182.43 - - [27/Feb/2026:09:58:32 +0800] "GET / HTTP/1.1" 200 34763 "-" "Mozilla/5.0 (iPhone; CPU iPhone OS 13_2_3 like Mac OS X) AppleWebKit/605.1.15 (KHTML, like Gecko) Version/13.0.3 Mobile/15E148 Safari/604.1"
36.133.115.36 - - [27/Feb/2026:10:01:21 +0800] "POST /wp-cron.php?doing_wp_cron=1772157681.9294869899749755859375 HTTP/1.1" 200 31 "-" "WordPress/6.9; http://cqqizhou.com"
167.94.146.59 - - [27/Feb/2026:10:01:21 +0800] "GET / HTTP/1.1" 301 5 "-" "Mozilla/5.0 (compatible; CensysInspect/1.1; +https://about.censys.io/)"
167.94.146.59 - - [27/Feb/2026:10:01:27 +0800] "GET /.well-known/security.txt HTTP/1.1" 404 8950 "-" "Mozilla/5.0 (compatible; CensysInspect/1.1; +https://about.censys.io/)"
36.133.115.36 - - [27/Feb/2026:10:07:23 +0800] "POST /wp-cron.php?doing_wp_cron=1772158043.9562020301818847656250 HTTP/1.1" 200 31 "-" "WordPress/6.9; http://cqqizhou.com"
17.246.15.175 - - [27/Feb/2026:10:07:23 +0800] "GET /robots.txt HTTP/1.1" 200 190 "-" "Mozilla/5.0 (Macintosh; Intel Mac OS X 10_15_7) AppleWebKit/605.1.15 (KHTML, like Gecko) Version/17.4 Safari/605.1.15 (Applebot/0.1; +http://www.apple.com/go/applebot)"
17.246.15.175 - - [27/Feb/2026:10:07:26 +0800] "GET /news/2163 HTTP/1.1" 200 23940 "-" "Mozilla/5.0 (Macintosh; Intel Mac OS X 10_15_7) AppleWebKit/605.1.15 (KHTML, like Gecko) Version/17.4 Safari/605.1.15 (Applebot/0.1; +http://www.apple.com/go/applebot)"
36.133.115.36 - - [27/Feb/2026:10:21:04 +0800] "POST /wp-cron.php?doing_wp_cron=1772158864.0857350826263427734375 HTTP/1.1" 200 31 "-" "WordPress/6.9; http://cqqizhou.com"
207.46.13.86 - - [27/Feb/2026:10:21:04 +0800] "GET /?s=2027 HTTP/1.1" 200 18025 "-" "Mozilla/5.0 AppleWebKit/537.36 (KHTML, like Gecko; compatible; bingbot/2.0; +http://www.bing.com/bingbot.htm) Chrome/116.0.1938.76 Safari/537.36"
36.133.115.36 - - [27/Feb/2026:10:23:21 +0800] "POST /wp-cron.php?doing_wp_cron=1772159001.0157051086425781250000 HTTP/1.1" 200 31 "-" "WordPress/6.9; http://cqqizhou.com"
36.133.108.125 - - [27/Feb/2026:10:23:21 +0800] "HEAD / HTTP/1.1" 301 0 "-" "Mozilla/5.0 (Macintosh; U; Intel Mac OS X 10_6_6; fr-ch) AppleWebKit/533.19.4 (KHTML, like Gecko) Version/5.0.3 Safari/533.19.4"
34.1.24.190 - - [27/Feb/2026:10:29:05 +0800] "GET / HTTP/1.1" 200 40654 "-" "Mozilla/5.0 (Windows NT 10.0; Win64; x64) AppleWebKit/537.36 (KHTML, like Gecko; compatible; BuiltWith/1.4; rb.gy/xprgqj) Chrome/124.0.0.0 Safari/537.36"
36.133.115.36 - - [27/Feb/2026:10:29:07 +0800] "POST /wp-cron.php?doing_wp_cron=1772159347.8946750164031982421875 HTTP/1.1" 200 31 "-" "WordPress/6.9; http://cqqizhou.com"
34.1.24.190 - - [27/Feb/2026:10:29:07 +0800] "GET /robots.txt HTTP/1.1" 200 190 "-" "Mozilla/5.0 (Windows NT 10.0; Win64; x64) AppleWebKit/537.36 (KHTML, like Gecko; compatible; BuiltWith/1.4; rb.gy/xprgqj) Chrome/124.0.0.0 Safari/537.36"
34.1.24.190 - - [27/Feb/2026:10:29:14 +0800] "GET /news/portfolio-category/hot-dip-galvanized-coil HTTP/1.1" 200 21203 "-" "Mozilla/5.0 (Windows NT 10.0; Win64; x64) AppleWebKit/537.36 (KHTML, like Gecko; compatible; BuiltWith/1.4; rb.gy/xprgqj) Chrome/124.0.0.0 Safari/537.36"
34.1.24.190 - - [27/Feb/2026:10:29:15 +0800] "GET /news/portfolio/hot-dip-galvanized-coil HTTP/1.1" 200 22394 "-" "Mozilla/5.0 (Windows NT 10.0; Win64; x64) AppleWebKit/537.36 (KHTML, like Gecko; compatible; BuiltWith/1.4; rb.gy/xprgqj) Chrome/124.0.0.0 Safari/537.36"
34.1.24.190 - - [27/Feb/2026:10:29:19 +0800] "GET /ads.txt HTTP/1.1" 200 25748 "-" "Mozilla/5.0 (Windows NT 10.0; Win64; x64) AppleWebKit/537.36 (KHTML, like Gecko; compatible; BuiltWith/1.4; rb.gy/xprgqj) Chrome/124.0.0.0 Safari/537.36"
36.133.115.36 - - [27/Feb/2026:10:33:42 +0800] "POST /wp-cron.php?doing_wp_cron=1772159622.3129520416259765625000 HTTP/1.1" 200 31 "-" "WordPress/6.9; http://cqqizhou.com"
17.22.253.253 - - [27/Feb/2026:10:33:42 +0800] "GET /robots.txt HTTP/1.1" 200 190 "-" "Mozilla/5.0 (Macintosh; Intel Mac OS X 10_15_7) AppleWebKit/605.1.15 (KHTML, like Gecko) Version/17.4 Safari/605.1.15 (Applebot/0.1; +http://www.apple.com/go/applebot)"
17.22.253.253 - - [27/Feb/2026:10:33:42 +0800] "GET /news/2418 HTTP/1.1" 200 27457 "-" "Mozilla/5.0 (Macintosh; Intel Mac OS X 10_15_7) AppleWebKit/605.1.15 (KHTML, like Gecko) Version/17.4 Safari/605.1.15 (Applebot/0.1; +http://www.apple.com/go/applebot)"
36.133.115.36 - - [27/Feb/2026:10:43:42 +0800] "POST /wp-cron.php?doing_wp_cron=1772160222.4478409290313720703125 HTTP/1.1" 200 31 "-" "WordPress/6.9; http://cqqizhou.com"
111.196.244.16 - - [27/Feb/2026:10:43:42 +0800] "GET /contacts/ HTTP/1.1" 301 5 "-" "Mozilla/5.0 (Windows NT 10.0; Win64; x64) AppleWebKit/537.36 (KHTML, like Gecko) Chrome/136.0.0.0 Safari/537.36"
111.196.244.16 - - [27/Feb/2026:10:43:42 +0800] "GET http://cqqizhou.com/contacts HTTP/1.1" 200 21785 "-" "Mozilla/5.0 (Windows NT 10.0; Win64; x64) AppleWebKit/537.36 (KHTML, like Gecko) Chrome/136.0.0.0 Safari/537.36"
116.11.1.190 - - [27/Feb/2026:10:44:04 +0800] "GET /contacts/ HTTP/1.1" 301 5 "-" "Mozilla/5.0 (Windows NT 10.0; Win64; x64) AppleWebKit/537.36 (KHTML, like Gecko) Chrome/136.0.0.0 Safari/537.36"
116.11.1.190 - - [27/Feb/2026:10:44:05 +0800] "GET http://cqqizhou.com/contacts HTTP/1.1" 200 21785 "-" "Mozilla/5.0 (Windows NT 10.0; Win64; x64) AppleWebKit/537.36 (KHTML, like Gecko) Chrome/136.0.0.0 Safari/537.36"
36.133.115.36 - - [27/Feb/2026:10:46:01 +0800] "POST /wp-cron.php?doing_wp_cron=1772160361.3513290882110595703125 HTTP/1.1" 200 31 "-" "WordPress/6.9; http://cqqizhou.com"
122.51.236.174 - - [27/Feb/2026:10:46:01 +0800] "GET / HTTP/1.1" 200 34765 "-" "Mozilla/5.0 (iPhone; CPU iPhone OS 13_2_3 like Mac OS X) AppleWebKit/605.1.15 (KHTML, like Gecko) Version/13.0.3 Mobile/15E148 Safari/604.1"
36.133.115.36 - - [27/Feb/2026:10:46:22 +0800] "POST /wp-cron.php?doing_wp_cron=1772160382.8781790733337402343750 HTTP/1.1" 200 31 "-" "WordPress/6.9; http://cqqizhou.com"
45.153.34.187 - - [27/Feb/2026:10:46:23 +0800] "GET / HTTP/1.1" 200 157103 "-" "Mozilla/5.0"
36.133.115.36 - - [27/Feb/2026:11:00:00 +0800] "POST /wp-cron.php?doing_wp_cron=1772161200.5106530189514160156250 HTTP/1.1" 200 31 "-" "WordPress/6.9; http://cqqizhou.com"
117.215.55.73 - - [27/Feb/2026:11:00:05 +0800] "GET /boaform/admin/formLogin?username=admin&psd=admin HTTP/1.0" 404 31352 "-" "-"
36.133.115.36 - - [27/Feb/2026:11:12:31 +0800] "POST /wp-cron.php?doing_wp_cron=1772161951.2391779422760009765625 HTTP/1.1" 200 31 "-" "WordPress/6.9; http://cqqizhou.com"
35.203.211.29 - - [27/Feb/2026:11:12:31 +0800] "GET /wp-login.php HTTP/1.1" 200 9053 "-" "Hello from Palo Alto Networks, find out more about our scans in https://docs-cortex.paloaltonetworks.com/r/1/Cortex-Xpanse/Scanning-activity"
36.133.115.36 - - [27/Feb/2026:11:15:03 +0800] "POST /wp-cron.php?doing_wp_cron=1772162103.2741880416870117187500 HTTP/1.1" 200 31 "-" "WordPress/6.9; http://cqqizhou.com"
204.76.203.18 - - [27/Feb/2026:11:15:03 +0800] "GET /bins/ HTTP/1.1" 301 5 "-" "-"
204.76.203.18 - - [27/Feb/2026:11:15:06 +0800] "GET /bins/ HTTP/1.1" 301 5 "-" "-"
36.133.115.36 - - [27/Feb/2026:11:15:09 +0800] "POST /wp-cron.php?doing_wp_cron=1772162109.0869040489196777343750 HTTP/1.1" 200 31 "-" "WordPress/6.9; http://cqqizhou.com"
204.76.203.18 - - [27/Feb/2026:11:15:09 +0800] "GET /bins/ HTTP/1.1" 301 5 "-" "-"
204.76.203.18 - - [27/Feb/2026:11:15:12 +0800] "GET /bins/ HTTP/1.1" 301 5 "-" "-"
204.76.203.18 - - [27/Feb/2026:11:15:15 +0800] "GET /bins/ HTTP/1.1" 301 5 "-" "-"
36.133.115.36 - - [27/Feb/2026:11:50:13 +0800] "POST /wp-cron.php?doing_wp_cron=1772164213.4916679859161376953125 HTTP/1.1" 200 31 "-" "WordPress/6.9; http://cqqizhou.com"
43.130.14.245 - - [27/Feb/2026:11:50:13 +0800] "GET / HTTP/1.1" 301 5 "-" "Mozilla/5.0 (iPhone; CPU iPhone OS 13_2_3 like Mac OS X) AppleWebKit/605.1.15 (KHTML, like Gecko) Version/13.0.3 Mobile/15E148 Safari/604.1"
43.130.14.245 - - [27/Feb/2026:11:50:15 +0800] "GET / HTTP/1.1" 200 34765 "http://36.133.115.36" "Mozilla/5.0 (iPhone; CPU iPhone OS 13_2_3 like Mac OS X) AppleWebKit/605.1.15 (KHTML, like Gecko) Version/13.0.3 Mobile/15E148 Safari/604.1"
36.133.115.36 - - [27/Feb/2026:11:55:36 +0800] "POST /wp-cron.php?doing_wp_cron=1772164536.5690360069274902343750 HTTP/1.1" 200 31 "-" "WordPress/6.9; http://cqqizhou.com"
66.249.73.9 - - [27/Feb/2026:11:55:36 +0800] "GET /robots.txt HTTP/1.1" 200 190 "-" "Mozilla/5.0 (compatible; Googlebot/2.1; +http://www.google.com/bot.html)"
36.133.115.36 - - [27/Feb/2026:11:56:30 +0800] "POST /wp-cron.php?doing_wp_cron=1772164590.6441469192504882812500 HTTP/1.1" 200 31 "-" "WordPress/6.9; http://cqqizhou.com"
45.153.34.187 - - [27/Feb/2026:11:56:31 +0800] "GET / HTTP/1.1" 200 157103 "-" "Mozilla/5.0"
204.76.203.18 - - [27/Feb/2026:11:56:35 +0800] "GET /bin/ HTTP/1.1" 301 5 "-" "-"
14.108.233.41 - - [27/Feb/2026:12:27:43 +0800] "GET / HTTP/1.1" 200 40654 "-" "Mozilla/5.0 (Windows NT 10.0; Win64; x64) AppleWebKit/537.36 (KHTML, like Gecko) Chrome/144.0.0.0 Safari/537.36 Edg/144.0.0.0"
14.108.233.41 - - [27/Feb/2026:12:27:43 +0800] "GET /wp-content/uploads/2025/07/1751425283-qizhou.kf_.qq_.com_.webp HTTP/1.1" 200 16864 "http://cqqizhou.com/" "Mozilla/5.0 (Windows NT 10.0; Win64; x64) AppleWebKit/537.36 (KHTML, like Gecko) Chrome/144.0.0.0 Safari/537.36 Edg/144.0.0.0"
14.108.233.41 - - [27/Feb/2026:12:27:44 +0800] "GET /wp-content/uploads/2025/12/1765268955-qizhou_Slider1_3840%C3%972160_20251210-scaled.webp HTTP/1.1" 200 152162 "http://cqqizhou.com/" "Mozilla/5.0 (Windows NT 10.0; Win64; x64) AppleWebKit/537.36 (KHTML, like Gecko) Chrome/144.0.0.0 Safari/537.36 Edg/144.0.0.0"
14.108.233.41 - - [27/Feb/2026:12:27:44 +0800] "GET /wp-content/uploads/2025/07/1753456723-%E5%8F%8C%E7%9B%B8%E9%92%A2roduct_Single600.webp HTTP/1.1" 200 22790 "http://cqqizhou.com/" "Mozilla/5.0 (Windows NT 10.0; Win64; x64) AppleWebKit/537.36 (KHTML, like Gecko) Chrome/144.0.0.0 Safari/537.36 Edg/144.0.0.0"
14.108.233.41 - - [27/Feb/2026:12:27:44 +0800] "GET /wp-content/uploads/2026/01/1768276119-qizhoujiagong_Slider_3840%C3%972160_20260113-scaled-50x100.webp HTTP/1.1" 200 976 "http://cqqizhou.com/" "Mozilla/5.0 (Windows NT 10.0; Win64; x64) AppleWebKit/537.36 (KHTML, like Gecko) Chrome/144.0.0.0 Safari/537.36 Edg/144.0.0.0"
14.108.233.41 - - [27/Feb/2026:12:27:44 +0800] "GET /wp-content/uploads/2025/07/1753453096-%E5%8F%8C%E7%9B%B8%E9%92%A2product_Single600%C3%97284.webp HTTP/1.1" 200 14562 "http://cqqizhou.com/" "Mozilla/5.0 (Windows NT 10.0; Win64; x64) AppleWebKit/537.36 (KHTML, like Gecko) Chrome/144.0.0.0 Safari/537.36 Edg/144.0.0.0"
14.108.233.41 - - [27/Feb/2026:12:27:44 +0800] "GET /wp-content/uploads/revslider/slider-1/1750861156-logistics_Slider_3840%C3%972160_20250625191356-scaled-50x100.webp HTTP/1.1" 200 1416 "http://cqqizhou.com/" "Mozilla/5.0 (Windows NT 10.0; Win64; x64) AppleWebKit/537.36 (KHTML, like Gecko) Chrome/144.0.0.0 Safari/537.36 Edg/144.0.0.0"
14.108.233.41 - - [27/Feb/2026:12:27:44 +0800] "GET /wp-content/uploads/2025/07/1753453127-%E4%BD%99%E5%8D%B7product_Single600%C3%97284.webp HTTP/1.1" 200 18744 "http://cqqizhou.com/" "Mozilla/5.0 (Windows NT 10.0; Win64; x64) AppleWebKit/537.36 (KHTML, like Gecko) Chrome/144.0.0.0 Safari/537.36 Edg/144.0.0.0"
14.108.233.41 - - [27/Feb/2026:12:27:44 +0800] "GET /wp-content/uploads/2025/07/1753456770-%E7%83%AD%E9%95%80%E9%94%8C%E5%8D%B7product_Single600.webp HTTP/1.1" 200 27502 "http://cqqizhou.com/" "Mozilla/5.0 (Windows NT 10.0; Win64; x64) AppleWebKit/537.36 (KHTML, like Gecko) Chrome/144.0.0.0 Safari/537.36 Edg/144.0.0.0"
14.108.233.41 - - [27/Feb/2026:12:27:45 +0800] "GET /wp-json/sliderrevolution/sliders/1?srengine=7&slideid=4 HTTP/1.1" 200 2580 "http://cqqizhou.com/" "Mozilla/5.0 (Windows NT 10.0; Win64; x64) AppleWebKit/537.36 (KHTML, like Gecko) Chrome/144.0.0.0 Safari/537.36 Edg/144.0.0.0"
36.133.115.36 - - [27/Feb/2026:12:27:45 +0800] "POST /wp-cron.php?doing_wp_cron=1772166465.1660580635070800781250 HTTP/1.1" 200 31 "-" "WordPress/6.9; http://cqqizhou.com"
14.108.233.41 - - [27/Feb/2026:12:27:45 +0800] "GET /wp-json/sliderrevolution/sliders/1?srengine=7&slideid=2 HTTP/1.1" 200 2000 "http://cqqizhou.com/" "Mozilla/5.0 (Windows NT 10.0; Win64; x64) AppleWebKit/537.36 (KHTML, like Gecko) Chrome/144.0.0.0 Safari/537.36 Edg/144.0.0.0"
14.108.233.41 - - [27/Feb/2026:12:27:45 +0800] "GET /wp-content/uploads/2026/01/1768276119-qizhoujiagong_Slider_3840%C3%972160_20260113-scaled.webp HTTP/1.1" 200 131696 "http://cqqizhou.com/" "Mozilla/5.0 (Windows NT 10.0; Win64; x64) AppleWebKit/537.36 (KHTML, like Gecko) Chrome/144.0.0.0 Safari/537.36 Edg/144.0.0.0"
14.108.233.41 - - [27/Feb/2026:12:27:45 +0800] "GET /wp-content/uploads/revslider/slider-1/1750861156-logistics_Slider_3840%C3%972160_20250625191356-scaled.webp HTTP/1.1" 200 197360 "http://cqqizhou.com/" "Mozilla/5.0 (Windows NT 10.0; Win64; x64) AppleWebKit/537.36 (KHTML, like Gecko) Chrome/144.0.0.0 Safari/537.36 Edg/144.0.0.0"
14.108.233.41 - - [27/Feb/2026:12:27:45 +0800] "GET /logistics HTTP/1.1" 200 30907 "http://cqqizhou.com/" "Mozilla/5.0 (Windows NT 10.0; Win64; x64) AppleWebKit/537.36 (KHTML, like Gecko) Chrome/144.0.0.0 Safari/537.36 Edg/144.0.0.0"
14.108.233.41 - - [27/Feb/2026:12:27:45 +0800] "GET /wp-content/uploads/2025/11/1762864381-QZ_Photo-7.webp HTTP/1.1" 200 129922 "http://cqqizhou.com/logistics" "Mozilla/5.0 (Windows NT 10.0; Win64; x64) AppleWebKit/537.36 (KHTML, like Gecko) Chrome/144.0.0.0 Safari/537.36 Edg/144.0.0.0"
14.108.233.41 - - [27/Feb/2026:12:27:45 +0800] "GET /wp-content/uploads/2026/01/1767696162-qizhoutruck3.webp HTTP/1.1" 200 19026 "http://cqqizhou.com/logistics" "Mozilla/5.0 (Windows NT 10.0; Win64; x64) AppleWebKit/537.36 (KHTML, like Gecko) Chrome/144.0.0.0 Safari/537.36 Edg/144.0.0.0"
14.108.233.41 - - [27/Feb/2026:12:27:45 +0800] "GET /wp-content/uploads/2025/12/1765862012-DSC20251216131140.webp HTTP/1.1" 200 78744 "http://cqqizhou.com/logistics" "Mozilla/5.0 (Windows NT 10.0; Win64; x64) AppleWebKit/537.36 (KHTML, like Gecko) Chrome/144.0.0.0 Safari/537.36 Edg/144.0.0.0"
14.108.233.41 - - [27/Feb/2026:12:27:45 +0800] "GET /wp-content/uploads/2026/01/1767696142-aojiaqiao20260104.webp HTTP/1.1" 200 184988 "http://cqqizhou.com/wp-content/uploads/elementor/css/post-1959.css?ver=1772091136" "Mozilla/5.0 (Windows NT 10.0; Win64; x64) AppleWebKit/537.36 (KHTML, like Gecko) Chrome/144.0.0.0 Safari/537.36 Edg/144.0.0.0"
14.108.233.41 - - [27/Feb/2026:12:27:45 +0800] "GET /wp-content/uploads/logistics/Conatiner-5.webp HTTP/1.1" 200 63396 "http://cqqizhou.com/logistics" "Mozilla/5.0 (Windows NT 10.0; Win64; x64) AppleWebKit/537.36 (KHTML, like Gecko) Chrome/144.0.0.0 Safari/537.36 Edg/144.0.0.0"
14.108.233.41 - - [27/Feb/2026:12:27:46 +0800] "GET /wp-json/contact-form-7/v1/contact-forms/1444/feedback/schema HTTP/1.1" 200 270 "http://cqqizhou.com/logistics" "Mozilla/5.0 (Windows NT 10.0; Win64; x64) AppleWebKit/537.36 (KHTML, like Gecko) Chrome/144.0.0.0 Safari/537.36 Edg/144.0.0.0"
14.108.233.41 - - [27/Feb/2026:12:27:46 +0800] "GET /wp-json/contact-form-7/v1/contact-forms/1444/refill HTTP/1.1" 200 33 "http://cqqizhou.com/logistics" "Mozilla/5.0 (Windows NT 10.0; Win64; x64) AppleWebKit/537.36 (KHTML, like Gecko) Chrome/144.0.0.0 Safari/537.36 Edg/144.0.0.0"
36.133.115.36 - - [27/Feb/2026:12:29:14 +0800] "POST /wp-cron.php?doing_wp_cron=1772166554.1279768943786621093750 HTTP/1.1" 200 31 "-" "WordPress/6.9; http://cqqizhou.com"
114.119.148.108 - - [27/Feb/2026:12:29:14 +0800] "GET /wp-sitemap.xml HTTP/1.1" 501 253 "-" "Mozilla/5.0 (Linux; Android 7.0;) AppleWebKit/537.36 (KHTML, like Gecko) Mobile Safari/537.36 (compatible; PetalBot;+https://webmaster.petalsearch.com/site/petalbot)"
36.133.115.36 - - [27/Feb/2026:12:39:31 +0800] "POST /wp-cron.php?doing_wp_cron=1772167171.5430469512939453125000 HTTP/1.1" 200 31 "-" "WordPress/6.9; http://cqqizhou.com"
207.46.13.86 - - [27/Feb/2026:12:39:31 +0800] "GET /2418/ HTTP/1.1" 301 5 "-" "Mozilla/5.0 AppleWebKit/537.36 (KHTML, like Gecko; compatible; bingbot/2.0; +http://www.bing.com/bingbot.htm) Chrome/116.0.1938.76 Safari/537.36"
120.77.183.184 - - [27/Feb/2026:12:47:47 +0800] "POST /Content/Theme/plugins/jquery-file-upload/server/php/index.php HTTP/1.1" 404 47 "-" "Mozilla/5.0 (Windows NT 10.0; Win64; x64)"
36.133.115.36 - - [27/Feb/2026:12:54:06 +0800] "POST /wp-cron.php?doing_wp_cron=1772168046.5934369564056396484375 HTTP/1.1" 200 31 "-" "WordPress/6.9; http://cqqizhou.com"
114.119.149.66 - - [27/Feb/2026:12:54:06 +0800] "GET /wp-sitemap.xml HTTP/1.1" 501 253 "-" "Mozilla/5.0 (Linux; Android 7.0;) AppleWebKit/537.36 (KHTML, like Gecko) Mobile Safari/537.36 (compatible; PetalBot;+https://webmaster.petalsearch.com/site/petalbot)"
36.133.115.36 - - [27/Feb/2026:12:59:02 +0800] "POST /wp-cron.php?doing_wp_cron=1772168342.2009871006011962890625 HTTP/1.1" 200 31 "-" "WordPress/6.9; http://cqqizhou.com"
114.119.159.145 - - [27/Feb/2026:12:59:02 +0800] "GET /wp-sitemap.xml HTTP/1.1" 501 253 "-" "Mozilla/5.0 (Linux; Android 7.0;) AppleWebKit/537.36 (KHTML, like Gecko) Mobile Safari/537.36 (compatible; PetalBot;+https://webmaster.petalsearch.com/site/petalbot)"
36.133.115.36 - - [27/Feb/2026:13:06:10 +0800] "POST /wp-cron.php?doing_wp_cron=1772168770.1710329055786132812500 HTTP/1.1" 200 31 "-" "WordPress/6.9; http://cqqizhou.com"
220.181.108.114 - - [27/Feb/2026:13:06:10 +0800] "GET /wp-content/uploads/2025/07/1753453127-%D3%E0%BE%EDproduct_Single600%A1%C1284.webp HTTP/1.1" 404 31365 "-" "Mozilla/5.0 (compatible; Baiduspider/2.0; +http://www.baidu.com/search/spider.html)"
220.181.108.159 - - [27/Feb/2026:13:06:10 +0800] "GET /wp-content/uploads/2025/07/1753453096-%CB%AB%CF%E0%B8%D6product_Single600%A1%C1284.webp HTTP/1.1" 404 31365 "-" "Mozilla/5.0 (compatible; Baiduspider/2.0; +http://www.baidu.com/search/spider.html)"
220.181.108.114 - - [27/Feb/2026:13:06:11 +0800] "GET /wp-content/uploads/2025/07/1753456770-%C8%C8%B6%C6%D0%BF%BE%EDproduct_Single600.webp HTTP/1.1" 404 31365 "-" "Mozilla/5.0 (compatible; Baiduspider/2.0; +http://www.baidu.com/search/spider.html)"
220.181.108.111 - - [27/Feb/2026:13:06:11 +0800] "GET /wp-content/uploads/2025/07/1753456723-%CB%AB%CF%E0%B8%D6roduct_Single600.webp HTTP/1.1" 404 31365 "-" "Mozilla/5.0 (compatible; Baiduspider/2.0; +http://www.baidu.com/search/spider.html)"
207.46.13.7 - - [27/Feb/2026:13:06:31 +0800] "GET /news/portfolio/remaining-rolls HTTP/1.1" 200 22239 "-" "Mozilla/5.0 AppleWebKit/537.36 (KHTML, like Gecko; compatible; bingbot/2.0; +http://www.bing.com/bingbot.htm) Chrome/116.0.1938.76 Safari/537.36"
17.241.75.26 - - [27/Feb/2026:13:29:27 +0800] "GET /news/2153 HTTP/1.1" 200 24487 "-" "Mozilla/5.0 (Macintosh; Intel Mac OS X 10_15_7) AppleWebKit/605.1.15 (KHTML, like Gecko) Version/17.4 Safari/605.1.15 (Applebot/0.1; +http://www.apple.com/go/applebot)"
36.133.115.36 - - [27/Feb/2026:13:31:52 +0800] "POST /wp-cron.php?doing_wp_cron=1772170312.2103719711303710937500 HTTP/1.1" 200 31 "-" "WordPress/6.9; http://cqqizhou.com"
43.164.196.57 - - [27/Feb/2026:13:31:52 +0800] "GET / HTTP/1.1" 301 5 "-" "Mozilla/5.0 (iPhone; CPU iPhone OS 13_2_3 like Mac OS X) AppleWebKit/605.1.15 (KHTML, like Gecko) Version/13.0.3 Mobile/15E148 Safari/604.1"
43.164.196.57 - - [27/Feb/2026:13:31:56 +0800] "GET / HTTP/1.1" 200 34764 "http://www.cqqizhou.com" "Mozilla/5.0 (iPhone; CPU iPhone OS 13_2_3 like Mac OS X) AppleWebKit/605.1.15 (KHTML, like Gecko) Version/13.0.3 Mobile/15E148 Safari/604.1"
36.133.115.36 - - [27/Feb/2026:13:33:52 +0800] "POST /wp-cron.php?doing_wp_cron=1772170432.8485538959503173828125 HTTP/1.1" 200 31 "-" "WordPress/6.9; http://cqqizhou.com"
204.76.203.18 - - [27/Feb/2026:13:33:52 +0800] "GET /backup/ HTTP/1.1" 301 5 "-" "-"
204.76.203.18 - - [27/Feb/2026:13:33:55 +0800] "GET /backup/ HTTP/1.1" 301 5 "-" "-"
118.31.107.95 - - [27/Feb/2026:13:47:33 +0800] "POST /public/js/jquery-file-upload/server/php/index.php HTTP/1.1" 404 47 "-" "Mozilla/5.0 (Windows NT 10.0; Win64; x64)"
36.133.115.36 - - [27/Feb/2026:13:50:10 +0800] "POST /wp-cron.php?doing_wp_cron=1772171410.5147790908813476562500 HTTP/1.1" 200 31 "-" "WordPress/6.9; http://cqqizhou.com"
51.89.129.33 - - [27/Feb/2026:13:50:10 +0800] "GET /robots.txt HTTP/1.1" 200 190 "-" "Mozilla/5.0 (compatible; AhrefsBot/7.0; +http://ahrefs.com/robot/)"
198.244.242.211 - - [27/Feb/2026:13:50:16 +0800] "GET /company-news/page/2 HTTP/1.1" 200 23367 "-" "Mozilla/5.0 (compatible; AhrefsBot/7.0; +http://ahrefs.com/robot/)"
36.133.115.36 - - [27/Feb/2026:13:57:42 +0800] "POST /wp-cron.php?doing_wp_cron=1772171862.3945679664611816406250 HTTP/1.1" 200 31 "-" "WordPress/6.9; http://cqqizhou.com"
51.77.43.178 - - [27/Feb/2026:13:57:42 +0800] "GET /robots.txt HTTP/1.1" 200 390 "-" "Mozilla/5.0 (compatible; MJ12bot/v1.4.8; http://mj12bot.com/)"
51.77.43.178 - - [27/Feb/2026:13:57:45 +0800] "GET /portfolio-tag/%E9%9E%8D%E9%92%A2%E8%92%82%E6%A3%AE/ HTTP/1.1" 404 8949 "-" "Mozilla/5.0 (compatible; MJ12bot/v1.4.8; http://mj12bot.com/)"
51.77.43.178 - - [27/Feb/2026:13:57:47 +0800] "GET /portfolio/%E5%86%B7%E8%BD%A7%E5%8D%B7/ HTTP/1.1" 301 5 "-" "Mozilla/5.0 (compatible; MJ12bot/v1.4.8; http://mj12bot.com/)"
51.77.43.178 - - [27/Feb/2026:13:57:50 +0800] "GET /news/portfolio/%E5%86%B7%E8%BD%A7%E5%8D%B7 HTTP/1.1" 200 22192 "-" "Mozilla/5.0 (compatible; MJ12bot/v1.4.8; http://mj12bot.com/)"
51.77.43.178 - - [27/Feb/2026:13:57:53 +0800] "GET /portfolio/%E5%86%B7%E8%BD%A7%E6%9D%BF/ HTTP/1.1" 301 5 "-" "Mozilla/5.0 (compatible; MJ12bot/v1.4.8; http://mj12bot.com/)"
51.77.43.178 - - [27/Feb/2026:13:57:56 +0800] "GET /news/portfolio/%E5%86%B7%E8%BD%A7%E6%9D%BF HTTP/1.1" 200 22185 "-" "Mozilla/5.0 (compatible; MJ12bot/v1.4.8; http://mj12bot.com/)"
51.77.43.178 - - [27/Feb/2026:13:57:59 +0800] "GET /tag/%E5%8D%9A%E8%81%94%E8%BE%BE/ HTTP/1.1" 404 8949 "-" "Mozilla/5.0 (compatible; MJ12bot/v1.4.8; http://mj12bot.com/)"
51.77.43.178 - - [27/Feb/2026:13:58:01 +0800] "GET /tag/%E7%89%A9%E6%B5%81/ HTTP/1.1" 404 8949 "-" "Mozilla/5.0 (compatible; MJ12bot/v1.4.8; http://mj12bot.com/)"
36.133.115.36 - - [27/Feb/2026:14:01:56 +0800] "POST /wp-cron.php?doing_wp_cron=1772172116.6963078975677490234375 HTTP/1.1" 200 31 "-" "WordPress/6.9; http://cqqizhou.com"
216.180.246.64 - - [27/Feb/2026:14:01:56 +0800] "GET / HTTP/1.0" 301 0 "-" "Mozilla/5.0 (compatible; GenomeCrawlerd/1.0; +https://www.nokia.com/genomecrawler)"
36.133.115.36 - - [27/Feb/2026:14:03:33 +0800] "POST /wp-cron.php?doing_wp_cron=1772172213.0688099861145019531250 HTTP/1.1" 200 31 "-" "WordPress/6.9; http://cqqizhou.com"
216.180.246.64 - - [27/Feb/2026:14:03:33 +0800] "GET / HTTP/1.0" 301 0 "-" "Mozilla/5.0 (compatible; GenomeCrawlerd/1.0; +https://www.nokia.com/genomecrawler)"
36.133.115.36 - - [27/Feb/2026:14:04:10 +0800] "POST /wp-cron.php?doing_wp_cron=1772172250.6970438957214355468750 HTTP/1.1" 200 31 "-" "WordPress/6.9; http://cqqizhou.com"
216.180.246.64 - - [27/Feb/2026:14:04:10 +0800] "GET / HTTP/1.1" 301 5 "-" "Mozilla/5.0 (compatible; GenomeCrawlerd/1.0; +https://www.nokia.com/genomecrawler)"
216.180.246.64 - - [27/Feb/2026:14:04:12 +0800] "GET / HTTP/1.1" 200 34765 "http://36.133.115.36/" "Mozilla/5.0 (compatible; GenomeCrawlerd/1.0; +https://www.nokia.com/genomecrawler)"
118.120.231.92 - - [27/Feb/2026:14:25:45 +0800] "GET / HTTP/1.1" 200 40654 "-" "Mozilla/5.0 (Windows NT 6.1; WOW64) AppleWebKit/537.36 (KHTML, like Gecko) Chrome/86.0.4240.22"
36.133.115.36 - - [27/Feb/2026:14:25:50 +0800] "POST /wp-cron.php?doing_wp_cron=1772173550.3393421173095703125000 HTTP/1.1" 200 31 "-" "WordPress/6.9; http://cqqizhou.com"
59.62.98.178 - - [27/Feb/2026:14:25:50 +0800] "GET / HTTP/1.1" 301 5 "-" "Mozilla/5.0 (Windows NT 6.2; WOW64) AppleWebKit/537.36 (KHTML, like Gecko) Chrome/74.0.3729.6"
114.103.194.37 - - [27/Feb/2026:14:26:03 +0800] "GET / HTTP/1.1" 301 5 "-" "Mozilla/5.0 (Windows NT 6.2; WOW64) AppleWebKit/537.36 (KHTML, like Gecko) Chrome/74.0.3729.6"
60.182.108.227 - - [27/Feb/2026:14:26:04 +0800] "GET / HTTP/1.1" 301 5 "-" "Mozilla/5.0 (Windows NT 6.2; WOW64) AppleWebKit/537.36 (KHTML, like Gecko) Chrome/74.0.3729.6"
36.133.115.36 - - [27/Feb/2026:14:26:09 +0800] "POST /wp-cron.php?doing_wp_cron=1772173569.0052011013031005859375 HTTP/1.1" 200 31 "-" "WordPress/6.9; http://cqqizhou.com"
114.243.197.158 - - [27/Feb/2026:14:26:09 +0800] "GET / HTTP/1.1" 301 5 "-" "Mozilla/5.0 (Windows NT 6.2; WOW64) AppleWebKit/537.36 (KHTML, like Gecko) Chrome/74.0.3729.6"
39.182.42.138 - - [27/Feb/2026:14:26:10 +0800] "GET / HTTP/1.1" 301 5 "-" "Mozilla/5.0 (Windows NT 6.2; WOW64) AppleWebKit/537.36 (KHTML, like Gecko) Chrome/74.0.3729.6"
39.182.42.138 - - [27/Feb/2026:14:26:11 +0800] "GET / HTTP/1.1" 301 5 "-" "Mozilla/5.0 (Windows NT 6.2; WOW64) AppleWebKit/537.36 (KHTML, like Gecko) Chrome/74.0.3729.6"
120.227.222.161 - - [27/Feb/2026:14:26:14 +0800] "GET / HTTP/1.1" 301 5 "-" "Mozilla/5.0 (Windows NT 6.2; WOW64) AppleWebKit/537.36 (KHTML, like Gecko) Chrome/74.0.3729.6"
60.184.47.122 - - [27/Feb/2026:14:26:15 +0800] "GET / HTTP/1.1" 301 5 "-" "Mozilla/5.0 (Windows NT 6.2; WOW64) AppleWebKit/537.36 (KHTML, like Gecko) Chrome/74.0.3729.6"
110.6.12.187 - - [27/Feb/2026:14:26:17 +0800] "GET / HTTP/1.1" 301 5 "-" "Mozilla/5.0 (Windows NT 6.2; WOW64) AppleWebKit/537.36 (KHTML, like Gecko) Chrome/74.0.3729.6"
222.189.99.165 - - [27/Feb/2026:14:26:19 +0800] "GET / HTTP/1.1" 301 5 "-" "Mozilla/5.0 (Windows NT 6.2; WOW64) AppleWebKit/537.36 (KHTML, like Gecko) Chrome/74.0.3729.6"
36.158.138.187 - - [27/Feb/2026:14:47:09 +0800] "GET /news/2483 HTTP/1.1" 200 24322 "-" "Mozilla/5.0 (Windows NT 10.0; Win64; x64) AppleWebKit/537.36 (KHTML, like Gecko) Chrome/70.0.3538.16"
51.195.183.187 - - [27/Feb/2026:14:48:00 +0800] "GET /uncategorized HTTP/1.1" 200 20490 "-" "Mozilla/5.0 (compatible; AhrefsBot/7.0; +http://ahrefs.com/robot/)"
36.142.143.131 - - [27/Feb/2026:14:54:56 +0800] "GET /news/2505 HTTP/1.1" 200 24435 "-" "Mozilla/5.0 (Windows NT 10.0) AppleWebKit/537.36 (KHTML, like Gecko) Chrome/71.0.3578.80"
198.199.70.220 - - [27/Feb/2026:14:55:32 +0800] "GET /wp-content/uploads/2025/12/1766647832-Article_images_W900%C3%97500px20251225-300x167.webp HTTP/1.1" 200 14578 "http://cqqizhou.com/" "Mozilla/5.0 (Windows NT 10.0; Win64; x64) AppleWebKit/537.36 (KHTML, like Gecko) Chrome/108.0.0.0 Safari/537.36"
36.133.115.36 - - [27/Feb/2026:15:19:37 +0800] "POST /wp-cron.php?doing_wp_cron=1772176777.7737200260162353515625 HTTP/1.1" 200 31 "-" "WordPress/6.9; http://cqqizhou.com"
171.114.229.21 - - [27/Feb/2026:15:19:37 +0800] "GET /news/2496 HTTP/1.1" 200 28081 "-" "Mozilla/5.0 (Windows NT 6.2; WOW64) AppleWebKit/537.36 (KHTML, like Gecko) Chrome/72.0.3626.69"
36.133.115.36 - - [27/Feb/2026:15:20:29 +0800] "POST /wp-cron.php?doing_wp_cron=1772176829.7792990207672119140625 HTTP/1.1" 200 31 "-" "WordPress/6.9; http://cqqizhou.com"
45.153.34.187 - - [27/Feb/2026:15:20:30 +0800] "GET / HTTP/1.1" 200 157103 "-" "Mozilla/5.0"
36.133.115.36 - - [27/Feb/2026:15:36:24 +0800] "POST /wp-cron.php?doing_wp_cron=1772177784.8357949256896972656250 HTTP/1.1" 200 31 "-" "WordPress/6.9; http://cqqizhou.com"
43.130.3.120 - - [27/Feb/2026:15:36:24 +0800] "GET / HTTP/1.1" 200 34763 "-" "Mozilla/5.0 (iPhone; CPU iPhone OS 13_2_3 like Mac OS X) AppleWebKit/605.1.15 (KHTML, like Gecko) Version/13.0.3 Mobile/15E148 Safari/604.1"
112.37.213.30 - - [27/Feb/2026:15:36:54 +0800] "GET /news/2502 HTTP/1.1" 200 24653 "-" "Mozilla/5.0 (Windows NT 6.2; WOW64) AppleWebKit/537.36 (KHTML, like Gecko) Chrome/70.0.3538.97"
36.133.115.36 - - [27/Feb/2026:15:37:49 +0800] "POST /wp-cron.php?doing_wp_cron=1772177869.6326351165771484375000 HTTP/1.1" 200 31 "-" "WordPress/6.9; http://cqqizhou.com"
183.7.115.129 - - [27/Feb/2026:15:37:49 +0800] "GET /news/2486 HTTP/1.1" 200 24042 "-" "Mozilla/5.0 (Windows NT 6.2) AppleWebKit/537.36 (KHTML, like Gecko) Chrome/71.0.3578.137"
36.133.115.36 - - [27/Feb/2026:15:50:16 +0800] "POST /wp-cron.php?doing_wp_cron=1772178616.8899130821228027343750 HTTP/1.1" 200 31 "-" "WordPress/6.9; http://cqqizhou.com"
51.195.183.244 - - [27/Feb/2026:15:50:16 +0800] "GET /2164/ HTTP/1.1" 301 5 "-" "Mozilla/5.0 (compatible; AhrefsBot/7.0; +http://ahrefs.com/robot/)"
180.153.236.223 - - [27/Feb/2026:16:08:24 +0800] "GET / HTTP/1.1" 200 40654 "http://cqqizhou.com/" "User-Agent:Mozilla/5.0 (Windows NT 10.0; Win64; x64) AppleWebKit/537.36 (KHTML, like Gecko) Chrome/140.0.0.0 Safari/537.36 Edg/140.0.0.0; 360Spider"
14.108.233.41 - - [27/Feb/2026:16:29:38 +0800] "GET / HTTP/1.1" 200 40654 "-" "Mozilla/5.0 (Windows NT 10.0; Win64; x64) AppleWebKit/537.36 (KHTML, like Gecko) Chrome/144.0.0.0 Safari/537.36 Edg/144.0.0.0"
14.108.233.41 - - [27/Feb/2026:16:29:39 +0800] "GET /wp-content/uploads/2025/07/1751425283-qizhou.kf_.qq_.com_.webp HTTP/1.1" 200 16864 "http://cqqizhou.com/" "Mozilla/5.0 (Windows NT 10.0; Win64; x64) AppleWebKit/537.36 (KHTML, like Gecko) Chrome/144.0.0.0 Safari/537.36 Edg/144.0.0.0"
14.108.233.41 - - [27/Feb/2026:16:29:40 +0800] "GET /wp-content/uploads/2025/12/1765268955-qizhou_Slider1_3840%C3%972160_20251210-scaled.webp HTTP/1.1" 200 152162 "http://cqqizhou.com/" "Mozilla/5.0 (Windows NT 10.0; Win64; x64) AppleWebKit/537.36 (KHTML, like Gecko) Chrome/144.0.0.0 Safari/537.36 Edg/144.0.0.0"
14.108.233.41 - - [27/Feb/2026:16:29:40 +0800] "GET /wp-content/uploads/2025/07/1753453096-%E5%8F%8C%E7%9B%B8%E9%92%A2product_Single600%C3%97284.webp HTTP/1.1" 200 14562 "http://cqqizhou.com/" "Mozilla/5.0 (Windows NT 10.0; Win64; x64) AppleWebKit/537.36 (KHTML, like Gecko) Chrome/144.0.0.0 Safari/537.36 Edg/144.0.0.0"
14.108.233.41 - - [27/Feb/2026:16:29:40 +0800] "GET /wp-content/uploads/2025/07/1753456723-%E5%8F%8C%E7%9B%B8%E9%92%A2roduct_Single600.webp HTTP/1.1" 200 22790 "http://cqqizhou.com/" "Mozilla/5.0 (Windows NT 10.0; Win64; x64) AppleWebKit/537.36 (KHTML, like Gecko) Chrome/144.0.0.0 Safari/537.36 Edg/144.0.0.0"
14.108.233.41 - - [27/Feb/2026:16:29:40 +0800] "GET /wp-content/uploads/2025/07/1753453127-%E4%BD%99%E5%8D%B7product_Single600%C3%97284.webp HTTP/1.1" 200 18744 "http://cqqizhou.com/" "Mozilla/5.0 (Windows NT 10.0; Win64; x64) AppleWebKit/537.36 (KHTML, like Gecko) Chrome/144.0.0.0 Safari/537.36 Edg/144.0.0.0"
14.108.233.41 - - [27/Feb/2026:16:29:40 +0800] "GET /wp-content/uploads/2025/07/1753456770-%E7%83%AD%E9%95%80%E9%94%8C%E5%8D%B7product_Single600.webp HTTP/1.1" 200 27502 "http://cqqizhou.com/" "Mozilla/5.0 (Windows NT 10.0; Win64; x64) AppleWebKit/537.36 (KHTML, like Gecko) Chrome/144.0.0.0 Safari/537.36 Edg/144.0.0.0"
36.133.115.36 - - [27/Feb/2026:16:29:41 +0800] "POST /wp-cron.php?doing_wp_cron=1772180981.3445448875427246093750 HTTP/1.1" 200 31 "-" "WordPress/6.9; http://cqqizhou.com"
14.108.233.41 - - [27/Feb/2026:16:29:41 +0800] "GET /wp-json/sliderrevolution/sliders/1?srengine=7&slideid=4 HTTP/1.1" 200 2580 "http://cqqizhou.com/" "Mozilla/5.0 (Windows NT 10.0; Win64; x64) AppleWebKit/537.36 (KHTML, like Gecko) Chrome/144.0.0.0 Safari/537.36 Edg/144.0.0.0"
36.133.115.36 - - [27/Feb/2026:16:29:41 +0800] "POST /wp-cron.php?doing_wp_cron=1772180981.3437900543212890625000 HTTP/1.1" 200 31 "-" "WordPress/6.9; http://cqqizhou.com"
14.108.233.41 - - [27/Feb/2026:16:29:41 +0800] "GET /wp-json/sliderrevolution/sliders/1?srengine=7&slideid=2 HTTP/1.1" 200 2000 "http://cqqizhou.com/" "Mozilla/5.0 (Windows NT 10.0; Win64; x64) AppleWebKit/537.36 (KHTML, like Gecko) Chrome/144.0.0.0 Safari/537.36 Edg/144.0.0.0"
14.108.233.41 - - [27/Feb/2026:16:29:41 +0800] "GET /wp-content/uploads/2026/01/1768276119-qizhoujiagong_Slider_3840%C3%972160_20260113-scaled.webp HTTP/1.1" 200 131696 "http://cqqizhou.com/" "Mozilla/5.0 (Windows NT 10.0; Win64; x64) AppleWebKit/537.36 (KHTML, like Gecko) Chrome/144.0.0.0 Safari/537.36 Edg/144.0.0.0"
14.108.233.41 - - [27/Feb/2026:16:29:41 +0800] "GET /wp-content/uploads/revslider/slider-1/1750861156-logistics_Slider_3840%C3%972160_20250625191356-scaled.webp HTTP/1.1" 200 197360 "http://cqqizhou.com/" "Mozilla/5.0 (Windows NT 10.0; Win64; x64) AppleWebKit/537.36 (KHTML, like Gecko) Chrome/144.0.0.0 Safari/537.36 Edg/144.0.0.0"
14.108.233.41 - - [27/Feb/2026:16:29:41 +0800] "GET /media HTTP/1.1" 200 31808 "http://cqqizhou.com/" "Mozilla/5.0 (Windows NT 10.0; Win64; x64) AppleWebKit/537.36 (KHTML, like Gecko) Chrome/144.0.0.0 Safari/537.36 Edg/144.0.0.0"
14.108.233.41 - - [27/Feb/2026:16:29:41 +0800] "GET /wp-content/uploads/2026/02/1772086672-%E5%BC%80%E5%B7%A5%E5%A4%A7%E5%90%89%E5%B0%81%E9%9D%A2%E5%A4%B4%E5%9B%BEArticle_images_W900%C3%97500px-768x427.webp HTTP/1.1" 200 93810 "http://cqqizhou.com/media" "Mozilla/5.0 (Windows NT 10.0; Win64; x64) AppleWebKit/537.36 (KHTML, like Gecko) Chrome/144.0.0.0 Safari/537.36 Edg/144.0.0.0"
14.108.233.41 - - [27/Feb/2026:16:29:41 +0800] "GET /wp-content/uploads/2025/07/1753454299-Article_images_W900px-768x432.webp HTTP/1.1" 200 53850 "http://cqqizhou.com/media" "Mozilla/5.0 (Windows NT 10.0; Win64; x64) AppleWebKit/537.36 (KHTML, like Gecko) Chrome/144.0.0.0 Safari/537.36 Edg/144.0.0.0"
14.108.233.41 - - [27/Feb/2026:16:29:41 +0800] "GET /wp-content/uploads/2026/02/1770617354-Article_images_W900px-768x479.webp HTTP/1.1" 200 14746 "http://cqqizhou.com/media" "Mozilla/5.0 (Windows NT 10.0; Win64; x64) AppleWebKit/537.36 (KHTML, like Gecko) Chrome/144.0.0.0 Safari/537.36 Edg/144.0.0.0"
14.108.233.41 - - [27/Feb/2026:16:29:41 +0800] "GET /wp-content/uploads/media/qizhou_Brochure.webp HTTP/1.1" 200 26142 "http://cqqizhou.com/media" "Mozilla/5.0 (Windows NT 10.0; Win64; x64) AppleWebKit/537.36 (KHTML, like Gecko) Chrome/144.0.0.0 Safari/537.36 Edg/144.0.0.0"
14.108.233.41 - - [27/Feb/2026:16:29:41 +0800] "GET /wp-content/uploads/2025/11/1762861549-%E5%85%A8%E6%99%AF%E5%90%AF%E8%88%9F%E5%9D%A4%E7%85%8C%E5%BA%93.webp HTTP/1.1" 200 18812 "http://cqqizhou.com/media" "Mozilla/5.0 (Windows NT 10.0; Win64; x64) AppleWebKit/537.36 (KHTML, like Gecko) Chrome/144.0.0.0 Safari/537.36 Edg/144.0.0.0"
14.108.233.41 - - [27/Feb/2026:16:29:41 +0800] "GET /wp-content/uploads/2025/11/1762861550-%E4%B8%87%E5%98%89%E7%9B%9B%E5%BA%93%E5%85%A8%E6%99%AF%E5%9B%BE.webp HTTP/1.1" 200 24278 "http://cqqizhou.com/media" "Mozilla/5.0 (Windows NT 10.0; Win64; x64) AppleWebKit/537.36 (KHTML, like Gecko) Chrome/144.0.0.0 Safari/537.36 Edg/144.0.0.0"
