File: //home/logs/cqqizhou_access_2026-02-25.log
36.133.115.36 - - [25/Feb/2026:00:19:36 +0800] "POST /wp-cron.php?doing_wp_cron=1771949976.8047530651092529296875 HTTP/1.1" 200 31 "-" "WordPress/6.9; http://cqqizhou.com"
113.224.65.197 - - [25/Feb/2026:00:19:36 +0800] "GET /Ly9jcXFpemhvdS5jb20vd3AtY29udGVudC91cGxvYWRzLzIwMjYvMDEvMTc2ODI3NjExOS1xaXpob3VqaWFnb25nX1NsaWRlcl8zODQww5cyMTYwXzIwMjYwMTEzLXNjYWxlZC53ZWJw HTTP/1.1" 404 8949 "-" "Mozilla/5.0 (Windows NT 10.0; WOW64) AppleWebKit/537.36 (KHTML, like Gecko) Chrome/71.0.3578.80"
36.133.115.36 - - [25/Feb/2026:00:22:03 +0800] "POST /wp-cron.php?doing_wp_cron=1771950123.6048018932342529296875 HTTP/1.1" 200 31 "-" "WordPress/6.9; http://cqqizhou.com"
66.249.73.8 - - [25/Feb/2026:00:22:03 +0800] "GET /media/2 HTTP/1.1" 200 26089 "-" "Mozilla/5.0 (Linux; Android 6.0.1; Nexus 5X Build/MMB29P) AppleWebKit/537.36 (KHTML, like Gecko) Chrome/144.0.7559.132 Mobile Safari/537.36 (compatible; Googlebot/2.1; +http://www.google.com/bot.html)"
36.133.115.36 - - [25/Feb/2026:00:22:56 +0800] "POST /wp-cron.php?doing_wp_cron=1771950176.0365340709686279296875 HTTP/1.1" 200 31 "-" "WordPress/6.9; http://cqqizhou.com"
180.184.67.80 - - [25/Feb/2026:00:22:56 +0800] "GET /news/2339 HTTP/1.1" 200 20642 "-" "Mozilla/5.0 (Linux; Android 10; V1950A; wv) AppleWebKit/537.36 (KHTML, like Gecko) Chrome/62.0.3202.84 Mobile Safari/537.36 VivoBrowser/20.2.3.0"
36.133.115.36 - - [25/Feb/2026:00:25:56 +0800] "POST /wp-cron.php?doing_wp_cron=1771950356.8711390495300292968750 HTTP/1.1" 200 31 "-" "WordPress/6.9; http://cqqizhou.com"
218.71.14.160 - - [25/Feb/2026:00:25:56 +0800] "GET /Ly9jcXFpemhvdS5jb20vd3AtY29udGVudC91cGxvYWRzLzIwMjYvMDEvMTc2ODI4MDI3MC1hbnF1YW5fU2xpZGVyXzM4NDDDlzIxNjBfMjAyNjAxMTQtc2NhbGVkLndlYnA= HTTP/1.1" 404 8949 "-" "Mozilla/5.0 (Windows NT 6.2) AppleWebKit/537.36 (KHTML, like Gecko) Chrome/80.0.3987.106"
36.133.115.36 - - [25/Feb/2026:00:36:34 +0800] "POST /wp-cron.php?doing_wp_cron=1771950994.4228990077972412109375 HTTP/1.1" 200 31 "-" "WordPress/6.9; http://cqqizhou.com"
43.166.130.123 - - [25/Feb/2026:00:36:34 +0800] "GET / HTTP/1.1" 200 34807 "-" "Mozilla/5.0 (iPhone; CPU iPhone OS 13_2_3 like Mac OS X) AppleWebKit/605.1.15 (KHTML, like Gecko) Version/13.0.3 Mobile/15E148 Safari/604.1"
36.133.115.36 - - [25/Feb/2026:00:39:47 +0800] "POST /wp-cron.php?doing_wp_cron=1771951187.9447851181030273437500 HTTP/1.1" 200 31 "-" "WordPress/6.9; http://cqqizhou.com"
176.65.132.94 - - [25/Feb/2026:00:39:48 +0800] "POST / HTTP/1.1" 200 34807 "-" "Mozilla/5.0 (Windows NT 10.0; Win64; x64) AppleWebKit/537.36"
15.204.183.221 - - [25/Feb/2026:00:44:09 +0800] "GET / HTTP/1.1" 200 35253 "-" "Mozilla/5.0 (Macintosh; Intel Mac OS X 10_15_7) AppleWebKit/537.36 (KHTML, like Gecko) Chrome/145.0.0.0 Safari/537.36"
36.133.115.36 - - [25/Feb/2026:00:50:13 +0800] "POST /wp-cron.php?doing_wp_cron=1771951813.1475310325622558593750 HTTP/1.1" 200 31 "-" "WordPress/6.9; http://cqqizhou.com"
198.54.135.111 - - [25/Feb/2026:00:50:13 +0800] "GET /?s=../\x5Cthink\x5Capp/invokefunction&function=call_user_func_array&vars[0]=md5&vars[1][]=HelloThinkPHP HTTP/1.1" 200 17400 "-" "Mozilla/5.0 (X11; Linux x86_64) AppleWebKit/537.36 (KHTML, like Gecko) Chrome/86.0.4472.124 Safari/537.36"
198.54.135.111 - - [25/Feb/2026:00:50:14 +0800] "GET /?s=../\x5Cthink\x5CContainer/invokefunction&function=call_user_func_array&vars[0]=md5&vars[1][]=HelloThinkPHP HTTP/1.1" 200 17401 "-" "Mozilla/5.0 (Windows NT 10.0; WOW64) AppleWebKit/537.36 (KHTML, like Gecko) Chrome/86.0.4472.124 Safari/537.36"
198.54.135.111 - - [25/Feb/2026:00:50:16 +0800] "GET /?s=index/\x5Cthink\x5Capp/invokefunction&function=call_user_func_array&vars[0]=md5&vars[1][]=HelloThinkPHP HTTP/1.1" 200 17401 "-" "Mozilla/5.0 (Macintosh; Intel Mac OS X 10_12_6) AppleWebKit/537.36 (KHTML, like Gecko) Chrome/93.0.4472.124 Safari/537.36"
198.54.135.111 - - [25/Feb/2026:00:50:19 +0800] "GET /?s=index/\x5Cthink\x5CContainer/invokefunction&function=call_user_func_array&vars[0]=md5&vars[1][]=HelloThinkPHP HTTP/1.1" 200 17403 "-" "Mozilla/5.0 (Macintosh; Intel Mac OS X 10_12_6) AppleWebKit/537.36 (KHTML, like Gecko) Chrome/91.0.4472.124 Safari/537.36"
198.54.135.111 - - [25/Feb/2026:00:50:23 +0800] "GET /?s=index/\x5Cthink\x5Crequest/input?filter[]=md5&data=HelloThinkPHP HTTP/1.1" 200 17406 "-" "Mozilla/5.0 (X11; Linux x86_64) AppleWebKit/537.36 (KHTML, like Gecko) Chrome/86.0.4472.124 Safari/537.36"
198.54.135.111 - - [25/Feb/2026:00:50:25 +0800] "GET /?s=index/\x5Cthink\x5Cview\x5Cdriver\x5CPhp/display&content=<?php echo md5(\x22HelloThinkPHP\x22);?> HTTP/1.1" 200 17410 "-" "Mozilla/5.0 (Macintosh; Intel Mac OS X 10_12_6) AppleWebKit/537.36 (KHTML, like Gecko) Chrome/89.0.4472.124 Safari/537.36"
198.54.135.111 - - [25/Feb/2026:00:50:26 +0800] "POST /?s=index/index HTTP/1.1" 200 17380 "-" "Mozilla/5.0 (Macintosh; Intel Mac OS X 10_12_6) AppleWebKit/537.36 (KHTML, like Gecko) Chrome/88.0.4472.124 Safari/537.36"
36.133.115.36 - - [25/Feb/2026:01:10:20 +0800] "POST /wp-cron.php?doing_wp_cron=1771953020.9195070266723632812500 HTTP/1.1" 200 31 "-" "WordPress/6.9; http://cqqizhou.com"
85.208.96.210 - - [25/Feb/2026:01:10:20 +0800] "GET /robots.txt HTTP/1.1" 200 190 "-" "Mozilla/5.0 (compatible; SemrushBot/7~bl; +http://www.semrush.com/bot.html)"
36.133.115.36 - - [25/Feb/2026:01:16:30 +0800] "POST /wp-cron.php?doing_wp_cron=1771953390.4700059890747070312500 HTTP/1.1" 200 31 "-" "WordPress/6.9; http://cqqizhou.com"
204.76.203.69 - - [25/Feb/2026:01:16:30 +0800] "GET / HTTP/1.1" 200 109837 "-" "-"
204.76.203.69 - - [25/Feb/2026:01:16:32 +0800] "GET /logon.htm HTTP/1.1" 404 31365 "-" "Hello World"
36.133.115.36 - - [25/Feb/2026:01:25:54 +0800] "POST /wp-cron.php?doing_wp_cron=1771953954.4891340732574462890625 HTTP/1.1" 200 31 "-" "WordPress/6.9; http://cqqizhou.com"
14.21.197.68 - - [25/Feb/2026:01:25:54 +0800] "GET /contacts/ HTTP/1.1" 301 5 "-" "Mozilla/5.0 (Windows NT 10.0; Win64; x64) AppleWebKit/537.36 (KHTML, like Gecko) Chrome/136.0.0.0 Safari/537.36"
14.21.197.68 - - [25/Feb/2026:01:25:54 +0800] "GET http://cqqizhou.com/contacts HTTP/1.1" 200 21656 "-" "Mozilla/5.0 (Windows NT 10.0; Win64; x64) AppleWebKit/537.36 (KHTML, like Gecko) Chrome/136.0.0.0 Safari/537.36"
122.243.160.143 - - [25/Feb/2026:01:26:23 +0800] "GET /contacts/ HTTP/1.1" 499 0 "-" "Mozilla/5.0 (Windows NT 10.0; Win64; x64) AppleWebKit/537.36 (KHTML, like Gecko) Chrome/136.0.0.0 Safari/537.36"
36.133.115.36 - - [25/Feb/2026:01:26:24 +0800] "POST /wp-cron.php?doing_wp_cron=1771953984.2118508815765380859375 HTTP/1.1" 200 31 "-" "WordPress/6.9; http://cqqizhou.com"
144.0.155.92 - - [25/Feb/2026:01:26:37 +0800] "GET /contacts/ HTTP/1.1" 301 5 "http://cqqizhou.com/contacts/" "Mozilla/5.0 (Windows NT 10.0; Win64; x64) AppleWebKit/537.36 (KHTML, like Gecko) Chrome/136.0.0.0 Safari/537.36"
144.0.155.92 - - [25/Feb/2026:01:26:37 +0800] "GET http://cqqizhou.com/contacts HTTP/1.1" 200 21656 "http://cqqizhou.com/contacts/" "Mozilla/5.0 (Windows NT 10.0; Win64; x64) AppleWebKit/537.36 (KHTML, like Gecko) Chrome/136.0.0.0 Safari/537.36"
36.133.115.36 - - [25/Feb/2026:01:32:39 +0800] "POST /wp-cron.php?doing_wp_cron=1771954359.0320479869842529296875 HTTP/1.1" 200 31 "-" "WordPress/6.9; http://cqqizhou.com"
107.150.99.68 - - [25/Feb/2026:01:32:39 +0800] "GET /2153/ HTTP/1.1" 301 5 "https://www.startpage.com/" "Mozilla/5.0 (Windows NT 10.0; Win64; x64) AppleWebKit/537.36 (KHTML, like Gecko) Chrome/122.0.6261.95 Safari/537.36"
107.150.99.68 - - [25/Feb/2026:01:32:39 +0800] "GET /news/2153 HTTP/1.1" 200 24407 "https://www.startpage.com/" "Mozilla/5.0 (Windows NT 10.0; Win64; x64) AppleWebKit/537.36 (KHTML, like Gecko) Chrome/122.0.6261.95 Safari/537.36"
36.133.115.36 - - [25/Feb/2026:01:37:03 +0800] "POST /wp-cron.php?doing_wp_cron=1771954623.7293651103973388671875 HTTP/1.1" 200 31 "-" "WordPress/6.9; http://cqqizhou.com"
66.249.73.9 - - [25/Feb/2026:01:37:03 +0800] "GET /news HTTP/1.1" 200 19915 "-" "Mozilla/5.0 (Linux; Android 6.0.1; Nexus 5X Build/MMB29P) AppleWebKit/537.36 (KHTML, like Gecko) Chrome/144.0.7559.132 Mobile Safari/537.36 (compatible; Googlebot/2.1; +http://www.google.com/bot.html)"
36.133.115.36 - - [25/Feb/2026:01:38:04 +0800] "POST /wp-cron.php?doing_wp_cron=1771954684.7973880767822265625000 HTTP/1.1" 200 31 "-" "WordPress/6.9; http://cqqizhou.com"
115.159.33.43 - - [25/Feb/2026:01:38:04 +0800] "GET / HTTP/1.1" 301 5 "-" "Mozilla/5.0 (Windows NT 10.0; Win64; x64) AppleWebKit/537.36 (KHTML, like Gecko) Chrome/79.0.3945.117 Safari/537.36"
36.133.115.36 - - [25/Feb/2026:01:44:36 +0800] "POST /wp-cron.php?doing_wp_cron=1771955076.5391449928283691406250 HTTP/1.1" 200 31 "-" "WordPress/6.9; http://cqqizhou.com"
15.204.183.221 - - [25/Feb/2026:01:44:36 +0800] "GET / HTTP/1.1" 301 5 "-" "Mozilla/5.0 (Macintosh; Intel Mac OS X 10_15_7) AppleWebKit/537.36 (KHTML, like Gecko) Chrome/145.0.0.0 Safari/537.36"
15.204.183.221 - - [25/Feb/2026:01:44:37 +0800] "GET / HTTP/1.1" 200 35253 "http://www.cqqizhou.com/" "Mozilla/5.0 (Macintosh; Intel Mac OS X 10_15_7) AppleWebKit/537.36 (KHTML, like Gecko) Chrome/145.0.0.0 Safari/537.36"
5.39.1.253 - - [25/Feb/2026:01:47:11 +0800] "GET / HTTP/1.1" 200 35253 "-" "Mozilla/5.0 (compatible; AhrefsBot/7.0; +http://ahrefs.com/robot/)"
52.167.144.182 - - [25/Feb/2026:02:00:39 +0800] "GET /wp-content/uploads/2026/01/1767691466-Article_images_W900%C3%97500px202601061.webp HTTP/1.1" 200 56014 "-" "Mozilla/5.0 AppleWebKit/537.36 (KHTML, like Gecko; compatible; bingbot/2.0; +http://www.bing.com/bingbot.htm) Chrome/116.0.1938.76 Safari/537.36"
157.55.39.15 - - [25/Feb/2026:02:11:46 +0800] "GET /news/2162 HTTP/1.1" 200 25223 "-" "Mozilla/5.0 AppleWebKit/537.36 (KHTML, like Gecko; compatible; bingbot/2.0; +http://www.bing.com/bingbot.htm) Chrome/116.0.1938.76 Safari/537.36"
36.133.115.36 - - [25/Feb/2026:02:18:52 +0800] "POST /wp-cron.php?doing_wp_cron=1771957132.3920021057128906250000 HTTP/1.1" 200 31 "-" "WordPress/6.9; http://cqqizhou.com"
95.214.52.209 - - [25/Feb/2026:02:18:53 +0800] "GET / HTTP/1.1" 200 157069 "-" "Mozilla/5.0"
36.133.115.36 - - [25/Feb/2026:02:46:18 +0800] "POST /wp-cron.php?doing_wp_cron=1771958778.2918579578399658203125 HTTP/1.1" 200 31 "-" "WordPress/6.9; http://cqqizhou.com"
43.167.236.228 - - [25/Feb/2026:02:46:18 +0800] "GET / HTTP/1.1" 200 34807 "-" "Mozilla/5.0 (iPhone; CPU iPhone OS 13_2_3 like Mac OS X) AppleWebKit/605.1.15 (KHTML, like Gecko) Version/13.0.3 Mobile/15E148 Safari/604.1"
36.133.115.36 - - [25/Feb/2026:02:52:55 +0800] "POST /wp-cron.php?doing_wp_cron=1771959175.4071550369262695312500 HTTP/1.1" 200 31 "-" "WordPress/6.9; http://cqqizhou.com"
66.249.73.9 - - [25/Feb/2026:02:52:55 +0800] "GET /news/2502 HTTP/1.1" 200 20640 "-" "Mozilla/5.0 (Linux; Android 6.0.1; Nexus 5X Build/MMB29P) AppleWebKit/537.36 (KHTML, like Gecko) Chrome/144.0.7559.132 Mobile Safari/537.36 (compatible; Googlebot/2.1; +http://www.google.com/bot.html)"
36.133.115.36 - - [25/Feb/2026:02:58:54 +0800] "POST /wp-cron.php?doing_wp_cron=1771959534.0430979728698730468750 HTTP/1.1" 200 31 "-" "WordPress/6.9; http://cqqizhou.com"
91.202.233.79 - - [25/Feb/2026:02:58:54 +0800] "GET /.git/config HTTP/1.1" 404 31365 "-" "-"
36.133.115.36 - - [25/Feb/2026:03:03:29 +0800] "POST /wp-cron.php?doing_wp_cron=1771959809.7369649410247802734375 HTTP/1.1" 200 31 "-" "WordPress/6.9; http://cqqizhou.com"
92.222.108.105 - - [25/Feb/2026:03:03:29 +0800] "GET /services/ HTTP/1.1" 301 5 "-" "Mozilla/5.0 (compatible; AhrefsBot/7.0; +http://ahrefs.com/robot/)"
36.133.115.36 - - [25/Feb/2026:03:07:36 +0800] "POST /wp-cron.php?doing_wp_cron=1771960056.1206829547882080078125 HTTP/1.1" 200 31 "-" "WordPress/6.9; http://cqqizhou.com"
176.65.132.94 - - [25/Feb/2026:03:07:38 +0800] "POST / HTTP/1.1" 200 34807 "-" "Mozilla/5.0 (Windows NT 10.0; Win64; x64) AppleWebKit/537.36"
220.181.108.147 - - [25/Feb/2026:03:07:56 +0800] "GET /2214/ HTTP/1.1" 301 5 "-" "Mozilla/5.0 (compatible; Baiduspider/2.0; +http://www.baidu.com/search/spider.html)"
220.181.108.112 - - [25/Feb/2026:03:07:56 +0800] "GET /news/2214 HTTP/1.1" 200 25968 "-" "Mozilla/5.0 (compatible; Baiduspider/2.0; +http://www.baidu.com/search/spider.html)"
36.133.115.36 - - [25/Feb/2026:03:18:55 +0800] "POST /wp-cron.php?doing_wp_cron=1771960735.5592029094696044921875 HTTP/1.1" 200 31 "-" "WordPress/6.9; http://cqqizhou.com"
47.99.100.132 - - [25/Feb/2026:03:18:55 +0800] "GET / HTTP/1.0" 301 0 "-" "-"
47.99.100.132 - - [25/Feb/2026:03:19:06 +0800] "GET / HTTP/1.0" 301 0 "-" "-"
47.99.100.132 - - [25/Feb/2026:03:19:06 +0800] "GET /nmaplowercheck1771960737 HTTP/1.1" 404 31365 "-" "Mozilla/5.0 (compatible; Nmap Scripting Engine; https://nmap.org/book/nse.html)"
47.99.100.132 - - [25/Feb/2026:03:19:06 +0800] "POST /sdk HTTP/1.1" 404 31365 "-" "Mozilla/5.0 (compatible; Nmap Scripting Engine; https://nmap.org/book/nse.html)"
47.99.100.132 - - [25/Feb/2026:03:19:07 +0800] "GET /HNAP1 HTTP/1.1" 404 31365 "-" "Mozilla/5.0 (compatible; Nmap Scripting Engine; https://nmap.org/book/nse.html)"
47.99.100.132 - - [25/Feb/2026:03:19:07 +0800] "GET /evox/about HTTP/1.1" 404 31365 "-" "Mozilla/5.0 (compatible; Nmap Scripting Engine; https://nmap.org/book/nse.html)"
36.133.115.36 - - [25/Feb/2026:03:19:10 +0800] "POST /wp-cron.php?doing_wp_cron=1771960750.2364859580993652343750 HTTP/1.1" 200 31 "-" "WordPress/6.9; http://cqqizhou.com"
45.153.34.187 - - [25/Feb/2026:03:19:10 +0800] "GET / HTTP/1.1" 200 157069 "-" "Mozilla/5.0"
47.99.100.132 - - [25/Feb/2026:03:19:26 +0800] "GET / HTTP/1.0" 301 0 "-" "-"
47.99.100.132 - - [25/Feb/2026:03:19:27 +0800] "GET / HTTP/1.1" 301 5 "-" "-"
36.133.115.36 - - [25/Feb/2026:03:23:25 +0800] "POST /wp-cron.php?doing_wp_cron=1771961005.2638459205627441406250 HTTP/1.1" 200 31 "-" "WordPress/6.9; http://cqqizhou.com"
71.6.199.87 - - [25/Feb/2026:03:23:25 +0800] "GET / HTTP/1.1" 301 5 "-" "Mozilla/5.0 zgrab/0.x"
36.133.115.36 - - [25/Feb/2026:03:35:58 +0800] "POST /wp-cron.php?doing_wp_cron=1771961758.2306599617004394531250 HTTP/1.1" 200 31 "-" "WordPress/6.9; http://cqqizhou.com"
93.158.91.33 - - [25/Feb/2026:03:35:58 +0800] "GET / HTTP/1.1" 200 34807 "-" "Mozilla/5.0 (iPhone; CPU iPhone OS 17_1_2 like Mac OS X) AppleWebKit/605.1.15 (KHTML, like Gecko) Version/17.1.2 Mobile/15E148 Safari/604"
93.158.91.34 - - [25/Feb/2026:03:35:59 +0800] "GET /news/portfolio-category/hot-dip-galvanized-coil HTTP/1.1" 200 17829 "-" "Mozilla/5.0 (iPhone; CPU iPhone OS 17_1_2 like Mac OS X) AppleWebKit/605.1.15 (KHTML, like Gecko) Version/17.1.2 Mobile/15E148 Safari/604"
93.158.91.34 - - [25/Feb/2026:03:36:01 +0800] "GET /news/portfolio/%e5%86%b7%e8%bd%a7%e6%9d%bf HTTP/1.1" 200 18826 "-" "Mozilla/5.0 (iPhone; CPU iPhone OS 17_1_2 like Mac OS X) AppleWebKit/605.1.15 (KHTML, like Gecko) Version/17.1.2 Mobile/15E148 Safari/604"
93.158.90.40 - - [25/Feb/2026:03:36:03 +0800] "GET /news/portfolio-category/cold-rolled-coil HTTP/1.1" 200 17832 "-" "Mozilla/5.0 (iPhone; CPU iPhone OS 17_1_2 like Mac OS X) AppleWebKit/605.1.15 (KHTML, like Gecko) Version/17.1.2 Mobile/15E148 Safari/604"
36.133.115.36 - - [25/Feb/2026:03:44:29 +0800] "POST /wp-cron.php?doing_wp_cron=1771962268.9784851074218750000000 HTTP/1.1" 200 31 "-" "WordPress/6.9; http://cqqizhou.com"
92.222.108.99 - - [25/Feb/2026:03:44:29 +0800] "GET /2339/ HTTP/1.1" 301 5 "-" "Mozilla/5.0 (compatible; AhrefsBot/7.0; +http://ahrefs.com/robot/)"
36.133.115.36 - - [25/Feb/2026:03:47:27 +0800] "POST /wp-cron.php?doing_wp_cron=1771962447.5307729244232177734375 HTTP/1.1" 200 31 "-" "WordPress/6.9; http://cqqizhou.com"
162.142.125.33 - - [25/Feb/2026:03:47:27 +0800] "GET / HTTP/1.1" 301 5 "-" "Mozilla/5.0 (compatible; CensysInspect/1.1; +https://about.censys.io/)"
162.142.125.33 - - [25/Feb/2026:03:47:37 +0800] "GET /robots.txt HTTP/1.1" 200 190 "-" "Mozilla/5.0 (compatible; CensysInspect/1.1; +https://about.censys.io/)"
167.94.138.164 - - [25/Feb/2026:03:47:38 +0800] "GET /security.txt HTTP/1.1" 200 19862 "-" "Mozilla/5.0 (compatible; CensysInspect/1.1; +https://about.censys.io/)"
162.142.125.33 - - [25/Feb/2026:03:47:43 +0800] "GET /93i5p2hgb17hwl8 HTTP/1.1" 404 8949 "-" "Mozilla/5.0 (compatible; CensysInspect/1.1; +https://about.censys.io/)"
36.133.115.36 - - [25/Feb/2026:03:48:24 +0800] "POST /wp-cron.php?doing_wp_cron=1771962504.3449010848999023437500 HTTP/1.1" 200 31 "-" "WordPress/6.9; http://cqqizhou.com"
167.94.138.164 - - [25/Feb/2026:03:48:24 +0800] "GET /rmpipgdbuask8la HTTP/1.1" 404 8950 "-" "Mozilla/5.0 (compatible; CensysInspect/1.1; +https://about.censys.io/)"
43.135.139.165 - - [25/Feb/2026:03:48:45 +0800] "GET / HTTP/1.1" 301 5 "-" "Mozilla/5.0 (iPhone; CPU iPhone OS 13_2_3 like Mac OS X) AppleWebKit/605.1.15 (KHTML, like Gecko) Version/13.0.3 Mobile/15E148 Safari/604.1"
43.135.139.165 - - [25/Feb/2026:03:48:48 +0800] "GET / HTTP/1.1" 200 34807 "http://www.cqqizhou.com" "Mozilla/5.0 (iPhone; CPU iPhone OS 13_2_3 like Mac OS X) AppleWebKit/605.1.15 (KHTML, like Gecko) Version/13.0.3 Mobile/15E148 Safari/604.1"
52.167.144.211 - - [25/Feb/2026:03:49:52 +0800] "GET /news/2354 HTTP/1.1" 200 24461 "-" "Mozilla/5.0 AppleWebKit/537.36 (KHTML, like Gecko; compatible; bingbot/2.0; +http://www.bing.com/bingbot.htm) Chrome/116.0.1938.76 Safari/537.36"
36.133.115.36 - - [25/Feb/2026:03:50:26 +0800] "POST /wp-cron.php?doing_wp_cron=1771962626.3142828941345214843750 HTTP/1.1" 200 31 "-" "WordPress/6.9; http://cqqizhou.com"
216.26.238.114 - - [25/Feb/2026:03:50:26 +0800] "GET /contacts/ HTTP/1.1" 301 5 "-" "Mozilla/5.0 (Windows NT 10.0; Win64; x64) AppleWebKit/537.36 (KHTML, like Gecko) Chrome/114.0.0.0 Safari/537.36 Edg/114.0.1264.71"
216.26.238.114 - - [25/Feb/2026:03:50:30 +0800] "GET /contacts HTTP/1.1" 200 21656 "http://cqqizhou.com/contacts/" "Mozilla/5.0 (Windows NT 10.0; Win64; x64) AppleWebKit/537.36 (KHTML, like Gecko) Chrome/114.0.0.0 Safari/537.36 Edg/114.0.1264.71"
104.207.41.241 - - [25/Feb/2026:03:50:33 +0800] "POST /wp-json/contact-form-7/v1/contact-forms/158/feedback HTTP/1.1" 200 218 "http://cqqizhou.com/contacts" "Mozilla/5.0 (Windows NT 10.0; Win64; x64) AppleWebKit/537.36 (KHTML, like Gecko) Chrome/114.0.0.0 Safari/537.36 Edg/114.0.1264.71"
176.125.243.18 - - [25/Feb/2026:04:12:50 +0800] "GET /ueditor/php/controller.php?action=config HTTP/1.1" 404 47 "-" "Mozilla/5.0 (Macintosh; Intel Mac OS X 10_12_6) AppleWebKit/537.36 (KHTML, like Gecko) Chrome/57.0.1280.78 Safari/537.36"
36.133.115.36 - - [25/Feb/2026:04:12:51 +0800] "POST /wp-cron.php?doing_wp_cron=1771963971.1511039733886718750000 HTTP/1.1" 200 31 "-" "WordPress/6.9; http://cqqizhou.com"
176.125.243.18 - - [25/Feb/2026:04:12:51 +0800] "GET /ueditor/net/controller.ashx?action=config HTTP/1.1" 404 8949 "-" "Mozilla/5.0 (Macintosh; Intel Mac OS X 10_12_6) AppleWebKit/537.36 (KHTML, like Gecko) Chrome/59.0.706.2 Safari/537.36"
176.125.243.18 - - [25/Feb/2026:04:12:52 +0800] "GET /ueditor/jsp/controller.jsp?action=config HTTP/1.1" 404 8949 "-" "Mozilla/5.0 (Macintosh; Intel Mac OS X 10_12_6) AppleWebKit/537.36 (KHTML, like Gecko) Chrome/59.0.1786.131 Safari/537.36"
176.125.243.18 - - [25/Feb/2026:04:12:53 +0800] "GET /ueditor/asp/controller.asp?action=config HTTP/1.1" 404 8949 "-" "Mozilla/5.0 (Windows NT 10.0; WOW64) AppleWebKit/537.36 (KHTML, like Gecko) Chrome/57.0.2564.30 Safari/537.36"
36.133.115.36 - - [25/Feb/2026:04:13:54 +0800] "POST /wp-cron.php?doing_wp_cron=1771964034.5479340553283691406250 HTTP/1.1" 200 31 "-" "WordPress/6.9; http://cqqizhou.com"
147.185.132.191 - - [25/Feb/2026:04:13:54 +0800] "GET / HTTP/1.1" 200 34807 "-" "Hello from Palo Alto Networks, find out more about our scans in https://docs-cortex.paloaltonetworks.com/r/1/Cortex-Xpanse/Scanning-activity"
36.133.115.36 - - [25/Feb/2026:04:14:10 +0800] "POST /wp-cron.php?doing_wp_cron=1771964050.8276860713958740234375 HTTP/1.1" 200 31 "-" "WordPress/6.9; http://cqqizhou.com"
167.114.139.9 - - [25/Feb/2026:04:14:10 +0800] "GET /robots.txt HTTP/1.1" 200 190 "-" "Mozilla/5.0 (compatible; AhrefsBot/7.0; +http://ahrefs.com/robot/)"
176.31.139.19 - - [25/Feb/2026:04:14:18 +0800] "GET /logistics/ HTTP/1.1" 301 5 "-" "Mozilla/5.0 (compatible; AhrefsBot/7.0; +http://ahrefs.com/robot/)"
93.158.90.69 - - [25/Feb/2026:04:14:53 +0800] "GET / HTTP/1.1" 200 35253 "-" "Mozilla/5.0 (X11; CrOS x86_64 14541.0.0) AppleWebKit/537.36 (KHTML, like Gecko) Chrome/121.0.0.0 Safari/537.3"
93.158.90.70 - - [25/Feb/2026:04:14:55 +0800] "GET /news/portfolio-category/hot-dip-galvanized-coil HTTP/1.1" 200 21201 "-" "Mozilla/5.0 (X11; CrOS x86_64 14541.0.0) AppleWebKit/537.36 (KHTML, like Gecko) Chrome/121.0.0.0 Safari/537.3"
93.158.90.74 - - [25/Feb/2026:04:14:56 +0800] "GET /news/portfolio/%e5%86%b7%e8%bd%a7%e6%9d%bf HTTP/1.1" 200 22189 "-" "Mozilla/5.0 (X11; CrOS x86_64 14541.0.0) AppleWebKit/537.36 (KHTML, like Gecko) Chrome/121.0.0.0 Safari/537.3"
93.158.90.69 - - [25/Feb/2026:04:14:57 +0800] "GET /news/portfolio-category/cold-rolled-coil HTTP/1.1" 200 21197 "-" "Mozilla/5.0 (X11; CrOS x86_64 14541.0.0) AppleWebKit/537.36 (KHTML, like Gecko) Chrome/121.0.0.0 Safari/537.3"
36.133.115.36 - - [25/Feb/2026:04:17:12 +0800] "POST /wp-cron.php?doing_wp_cron=1771964232.8089599609375000000000 HTTP/1.1" 200 31 "-" "WordPress/6.9; http://cqqizhou.com"
164.90.195.199 - - [25/Feb/2026:04:17:12 +0800] "GET /.git/config HTTP/1.1" 404 8949 "-" "Mozilla/5.0 (X11; Linux x86_64) AppleWebKit/537.36 (KHTML, like Gecko) Chrome/81.0.4044.129 Safari/537.36"
36.133.115.36 - - [25/Feb/2026:04:26:15 +0800] "POST /wp-cron.php?doing_wp_cron=1771964775.9518110752105712890625 HTTP/1.1" 200 31 "-" "WordPress/6.9; http://cqqizhou.com"
36.133.108.125 - - [25/Feb/2026:04:26:15 +0800] "HEAD /api/graphql HTTP/1.1" 404 0 "-" "Mozilla/5.0 (Macintosh; U; Intel Mac OS X 10_6_6; en-gb) AppleWebKit/533.20.25 (KHTML, like Gecko) Version/5.0.4 Safari/533.20.27"
207.154.193.199 - - [25/Feb/2026:04:26:30 +0800] "GET / HTTP/1.1" 200 35253 "-" "Mozilla/5.0 (X11; Linux x86_64) AppleWebKit/537.36 (KHTML, like Gecko) Chrome/142.0.0.0 Safari/537.36"
36.133.115.36 - - [25/Feb/2026:04:30:58 +0800] "POST /wp-cron.php?doing_wp_cron=1771965057.9842400550842285156250 HTTP/1.1" 200 31 "-" "WordPress/6.9; http://cqqizhou.com"
58.49.196.14 - - [25/Feb/2026:04:30:58 +0800] "GET /2162/ HTTP/1.1" 301 5 "-" "Mozilla/5.0 (Windows NT 10.0; Win64; x64) AppleWebKit/537.36 (KHTML, like Gecko) Chrome/139.0.0.0 Safari/537.36"
58.49.196.14 - - [25/Feb/2026:04:30:58 +0800] "GET /news/2162 HTTP/1.1" 200 25223 "-" "Mozilla/5.0 (Windows NT 10.0; Win64; x64) AppleWebKit/537.36 (KHTML, like Gecko) Chrome/139.0.0.0 Safari/537.36"
58.49.196.14 - - [25/Feb/2026:04:30:59 +0800] "POST /wp-admin/admin-ajax.php HTTP/1.1" 499 0 "http://cqqizhou.com/news/2162" "Mozilla/5.0 (Windows NT 10.0; Win64; x64) AppleWebKit/537.36 (KHTML, like Gecko) Chrome/139.0.0.0 Safari/537.36"
36.133.115.36 - - [25/Feb/2026:04:54:19 +0800] "POST /wp-cron.php?doing_wp_cron=1771966459.0993759632110595703125 HTTP/1.1" 200 31 "-" "WordPress/6.9; http://cqqizhou.com"
116.179.32.111 - - [25/Feb/2026:04:54:19 +0800] "GET /2361/ HTTP/1.1" 301 5 "-" "Mozilla/5.0 (compatible; Baiduspider/2.0; +http://www.baidu.com/search/spider.html)"
116.179.32.213 - - [25/Feb/2026:04:54:19 +0800] "GET /news/2361 HTTP/1.1" 200 25034 "-" "Mozilla/5.0 (compatible; Baiduspider/2.0; +http://www.baidu.com/search/spider.html)"
116.179.37.211 - - [25/Feb/2026:04:54:21 +0800] "GET /wp-content/uploads/2025/12/1766064629-Article_images_20251218212623.webp HTTP/1.1" 200 20366 "http://cqqizhou.com/news/2361" "Mozilla/5.0 (compatible; Baiduspider-render/2.0; +http://www.baidu.com/search/spider.html)"
116.179.37.218 - - [25/Feb/2026:04:54:21 +0800] "GET /wp-content/uploads/2025/12/1766064671-Article_images_20251218212624.webp HTTP/1.1" 200 40874 "http://cqqizhou.com/news/2361" "Mozilla/5.0 (compatible; Baiduspider-render/2.0; +http://www.baidu.com/search/spider.html)"
116.179.37.181 - - [25/Feb/2026:04:54:21 +0800] "GET /wp-content/uploads/2025/12/1766373840-Article_images_20251220.webp HTTP/1.1" 200 40034 "http://cqqizhou.com/news/2361" "Mozilla/5.0 (compatible; Baiduspider-render/2.0; +http://www.baidu.com/search/spider.html)"
36.133.115.36 - - [25/Feb/2026:04:57:54 +0800] "POST /wp-cron.php?doing_wp_cron=1771966674.3308820724487304687500 HTTP/1.1" 200 31 "-" "WordPress/6.9; http://cqqizhou.com"
47.128.27.139 - - [25/Feb/2026:04:57:54 +0800] "GET /robots.txt HTTP/1.1" 200 190 "-" "Mozilla/5.0 (Linux; Android 5.0) AppleWebKit/537.36 (KHTML, like Gecko) Mobile Safari/537.36 (compatible; Bytespider; spider-feedback@bytedance.com)"
36.133.115.36 - - [25/Feb/2026:05:03:09 +0800] "POST /wp-cron.php?doing_wp_cron=1771966989.1948568820953369140625 HTTP/1.1" 200 31 "-" "WordPress/6.9; http://cqqizhou.com"
43.153.54.138 - - [25/Feb/2026:05:03:09 +0800] "GET / HTTP/1.1" 301 5 "-" "Mozilla/5.0 (iPhone; CPU iPhone OS 13_2_3 like Mac OS X) AppleWebKit/605.1.15 (KHTML, like Gecko) Version/13.0.3 Mobile/15E148 Safari/604.1"
43.153.54.138 - - [25/Feb/2026:05:03:11 +0800] "GET / HTTP/1.1" 200 34807 "http://36.133.115.36" "Mozilla/5.0 (iPhone; CPU iPhone OS 13_2_3 like Mac OS X) AppleWebKit/605.1.15 (KHTML, like Gecko) Version/13.0.3 Mobile/15E148 Safari/604.1"
54.37.118.84 - - [25/Feb/2026:05:11:53 +0800] "GET /material.html HTTP/1.1" 304 0 "-" "Mozilla/5.0 (compatible; AhrefsBot/7.0; +http://ahrefs.com/robot/)"
36.133.115.36 - - [25/Feb/2026:05:17:24 +0800] "POST /wp-cron.php?doing_wp_cron=1771967844.6453430652618408203125 HTTP/1.1" 200 31 "-" "WordPress/6.9; http://cqqizhou.com"
95.214.52.209 - - [25/Feb/2026:05:17:25 +0800] "GET / HTTP/1.1" 200 157069 "-" "Mozilla/5.0"
36.133.115.36 - - [25/Feb/2026:05:55:34 +0800] "POST /wp-cron.php?doing_wp_cron=1771970134.5294780731201171875000 HTTP/1.1" 200 31 "-" "WordPress/6.9; http://cqqizhou.com"
121.43.117.140 - - [25/Feb/2026:05:55:34 +0800] "GET / HTTP/1.1" 301 5 "-" "Mozilla/5.0 (Windows NT 10.0; Win64; x64) AppleWebKit/537.36 (KHTML, like Gecko) Chrome/59.0.3071.115 Safari/537.36"
36.133.115.36 - - [25/Feb/2026:05:58:33 +0800] "POST /wp-cron.php?doing_wp_cron=1771970313.3125560283660888671875 HTTP/1.1" 200 31 "-" "WordPress/6.9; http://cqqizhou.com"
204.76.203.69 - - [25/Feb/2026:05:58:33 +0800] "GET / HTTP/1.1" 301 5 "-" "Mozilla/5.0 (Windows NT 10.0; Win64; x64) AppleWebKit/537.36 (KHTML, like Gecko) Chrome/90.0.4430.85 Safari/537.36 Edg/90.0.818.46"
36.133.115.36 - - [25/Feb/2026:06:11:52 +0800] "POST /wp-cron.php?doing_wp_cron=1771971112.6987259387969970703125 HTTP/1.1" 200 31 "-" "WordPress/6.9; http://cqqizhou.com"
111.172.249.49 - - [25/Feb/2026:06:11:52 +0800] "GET / HTTP/1.1" 200 34806 "-" "Mozilla/5.0 (iPhone; CPU iPhone OS 13_2_3 like Mac OS X) AppleWebKit/605.1.15 (KHTML, like Gecko) Version/13.0.3 Mobile/15E148 Safari/604.1"
36.133.115.36 - - [25/Feb/2026:06:31:11 +0800] "POST /wp-cron.php?doing_wp_cron=1771972271.2738230228424072265625 HTTP/1.1" 200 31 "-" "WordPress/6.9; http://cqqizhou.com"
220.181.108.90 - - [25/Feb/2026:06:31:11 +0800] "GET /wp-content/uploads/2025/07/1753456770-%C8%C8%B6%C6%D0%BF%BE%EDproduct_Single600.webp HTTP/1.1" 404 31365 "-" "Mozilla/5.0 (compatible; Baiduspider/2.0; +http://www.baidu.com/search/spider.html)"
220.181.108.158 - - [25/Feb/2026:06:31:11 +0800] "GET /wp-content/uploads/2025/07/1753453096-%CB%AB%CF%E0%B8%D6product_Single600%A1%C1284.webp HTTP/1.1" 404 31365 "-" "Mozilla/5.0 (compatible; Baiduspider/2.0; +http://www.baidu.com/search/spider.html)"
220.181.108.177 - - [25/Feb/2026:06:31:12 +0800] "GET /wp-content/uploads/2025/07/1753456723-%CB%AB%CF%E0%B8%D6roduct_Single600.webp HTTP/1.1" 404 31365 "-" "Mozilla/5.0 (compatible; Baiduspider/2.0; +http://www.baidu.com/search/spider.html)"
220.181.108.82 - - [25/Feb/2026:06:31:14 +0800] "GET /wp-content/uploads/2025/07/1753453127-%D3%E0%BE%EDproduct_Single600%A1%C1284.webp HTTP/1.1" 404 31365 "-" "Mozilla/5.0 (compatible; Baiduspider/2.0; +http://www.baidu.com/search/spider.html)"
36.133.115.36 - - [25/Feb/2026:06:59:58 +0800] "POST /wp-cron.php?doing_wp_cron=1771973998.3330149650573730468750 HTTP/1.1" 200 31 "-" "WordPress/6.9; http://cqqizhou.com"
45.153.34.187 - - [25/Feb/2026:06:59:58 +0800] "GET / HTTP/1.1" 200 157069 "-" "Mozilla/5.0"
36.133.115.36 - - [25/Feb/2026:07:05:05 +0800] "POST /wp-cron.php?doing_wp_cron=1771974305.2543001174926757812500 HTTP/1.1" 200 31 "-" "WordPress/6.9; http://cqqizhou.com"
170.106.113.235 - - [25/Feb/2026:07:05:05 +0800] "GET / HTTP/1.1" 200 34807 "-" "Mozilla/5.0 (iPhone; CPU iPhone OS 13_2_3 like Mac OS X) AppleWebKit/605.1.15 (KHTML, like Gecko) Version/13.0.3 Mobile/15E148 Safari/604.1"
36.133.115.36 - - [25/Feb/2026:07:09:56 +0800] "POST /wp-cron.php?doing_wp_cron=1771974596.5450270175933837890625 HTTP/1.1" 200 31 "-" "WordPress/6.9; http://cqqizhou.com"
176.65.149.157 - - [25/Feb/2026:07:09:57 +0800] "GET / HTTP/1.1" 200 109842 "-" "Mozilla/1.0"
36.133.115.36 - - [25/Feb/2026:07:41:03 +0800] "POST /wp-cron.php?doing_wp_cron=1771976463.4996728897094726562500 HTTP/1.1" 200 31 "-" "WordPress/6.9; http://cqqizhou.com"
66.249.73.8 - - [25/Feb/2026:07:41:03 +0800] "GET /robots.txt HTTP/1.1" 200 190 "-" "Mozilla/5.0 (compatible; Googlebot/2.1; +http://www.google.com/bot.html)"
36.133.115.36 - - [25/Feb/2026:07:41:17 +0800] "POST /wp-cron.php?doing_wp_cron=1771976477.7525300979614257812500 HTTP/1.1" 200 31 "-" "WordPress/6.9; http://cqqizhou.com"
46.105.46.43 - - [25/Feb/2026:07:41:17 +0800] "GET /robots.txt HTTP/1.1" 301 5 "-" "Mozilla/5.0 (compatible; MJ12bot/v2.0.5; http://mj12bot.com/)"
46.105.46.43 - - [25/Feb/2026:07:41:19 +0800] "GET /robots.txt HTTP/1.1" 200 190 "-" "Mozilla/5.0 (compatible; MJ12bot/v2.0.5; http://mj12bot.com/)"
46.105.46.43 - - [25/Feb/2026:07:41:20 +0800] "GET / HTTP/1.1" 301 5 "-" "Mozilla/5.0 (compatible; MJ12bot/v2.0.5; http://mj12bot.com/)"
46.105.46.43 - - [25/Feb/2026:07:41:20 +0800] "GET / HTTP/1.1" 200 35253 "-" "Mozilla/5.0 (compatible; MJ12bot/v2.0.5; http://mj12bot.com/)"
36.133.115.36 - - [25/Feb/2026:07:45:58 +0800] "POST /wp-cron.php?doing_wp_cron=1771976758.0821499824523925781250 HTTP/1.1" 200 31 "-" "WordPress/6.9; http://cqqizhou.com"
223.117.190.21 - - [25/Feb/2026:07:45:58 +0800] "GET /2418/ HTTP/1.1" 301 5 "-" "Mozilla/5.0 (Macintosh; Intel Mac OS X 10_15_7) AppleWebKit/537.36 (KHTML, like Gecko) Chrome/131.0.0.0 Safari/537.36"
223.117.190.21 - - [25/Feb/2026:07:45:58 +0800] "GET /news/2418 HTTP/1.1" 200 27439 "-" "Mozilla/5.0 (Macintosh; Intel Mac OS X 10_15_7) AppleWebKit/537.36 (KHTML, like Gecko) Chrome/131.0.0.0 Safari/537.36"
36.133.115.36 - - [25/Feb/2026:08:03:17 +0800] "POST /wp-cron.php?doing_wp_cron=1771977797.7785620689392089843750 HTTP/1.1" 200 31 "-" "WordPress/6.9; http://cqqizhou.com"
66.181.39.1 - - [25/Feb/2026:08:03:17 +0800] "GET /wp-login.php HTTP/1.1" 200 2854 "https://www.google.com/" "Mozilla/5.0 (Macintosh; Intel Mac OS X 10_15_7; rv:120.0) Gecko/20100101 Firefox/120.0"
66.181.39.1 - - [25/Feb/2026:08:03:19 +0800] "GET /?author=1 HTTP/1.1" 301 5 "-" "Mozilla/5.0 (Macintosh; Intel Mac OS X 13_6_1) AppleWebKit/605.1.15 (KHTML, like Gecko) Version/17.1 Safari/605.1.15"
66.181.39.1 - - [25/Feb/2026:08:03:20 +0800] "GET /news/author/admin HTTP/1.1" 200 25832 "-" "Mozilla/5.0 (Macintosh; Intel Mac OS X 13_6_1) AppleWebKit/605.1.15 (KHTML, like Gecko) Version/17.1 Safari/605.1.15"
66.181.39.1 - - [25/Feb/2026:08:03:23 +0800] "GET /?author=2 HTTP/1.1" 404 8949 "-" "Mozilla/5.0 (Windows NT 11.0; Win64; x64) AppleWebKit/537.36 (KHTML, like Gecko) Chrome/120.0.0.0 Safari/537.36"
66.181.39.1 - - [25/Feb/2026:08:03:25 +0800] "GET /?author=3 HTTP/1.1" 404 8949 "-" "Mozilla/5.0 (Macintosh; Intel Mac OS X 13_6_1; rv:118.0) Gecko/20100101 Firefox/118.0"
66.181.39.1 - - [25/Feb/2026:08:03:26 +0800] "GET /?author=4 HTTP/1.1" 404 8949 "https://duckduckgo.com/" "Mozilla/5.0 (Macintosh; Intel Mac OS X 10_15_7; rv:120.0) Gecko/20100101 Firefox/120.0"
66.181.39.1 - - [25/Feb/2026:08:03:28 +0800] "GET /?author=5 HTTP/1.1" 404 8949 "https://duckduckgo.com/" "Mozilla/5.0 (Macintosh; Intel Mac OS X 13_6_1) AppleWebKit/605.1.15 (KHTML, like Gecko) Version/17.1 Safari/605.1.15"
66.181.39.1 - - [25/Feb/2026:08:03:29 +0800] "GET /?author=6 HTTP/1.1" 404 8949 "" "Mozilla/5.0 (Windows NT 10.0; Win64; x64; rv:119.0) Gecko/20100101 Firefox/119.0"
66.181.39.1 - - [25/Feb/2026:08:03:30 +0800] "GET /?author=7 HTTP/1.1" 404 8946 "-" "Mozilla/5.0 (Macintosh; Intel Mac OS X 10_15_7) AppleWebKit/605.1.15 (KHTML, like Gecko) Version/17.1 Safari/605.1.15"
66.181.39.1 - - [25/Feb/2026:08:03:32 +0800] "GET /?author=8 HTTP/1.1" 404 8949 "-" "Mozilla/5.0 (X11; Linux x86_64) AppleWebKit/537.36 (KHTML, like Gecko) Chrome/121.0.0.0 Safari/537.36"
66.181.39.1 - - [25/Feb/2026:08:03:33 +0800] "GET /?author=9 HTTP/1.1" 404 8949 "https://wordpress.org/" "Mozilla/5.0 (Macintosh; Intel Mac OS X 13_6_1) AppleWebKit/605.1.15 (KHTML, like Gecko) Version/17.0 Safari/605.1.15"
66.181.39.1 - - [25/Feb/2026:08:03:34 +0800] "GET /wp-json/wp/v2/users HTTP/1.1" 200 284 "https://www.google.com/" "Mozilla/5.0 (Macintosh; Intel Mac OS X 13_6_1) AppleWebKit/605.1.15 (KHTML, like Gecko) Version/17.0 Safari/605.1.15"
66.181.39.1 - - [25/Feb/2026:08:03:35 +0800] "GET / HTTP/1.1" 200 35253 "https://www.facebook.com/" "Mozilla/5.0 (Macintosh; Intel Mac OS X 13_6_1) AppleWebKit/537.36 (KHTML, like Gecko) Chrome/118.0.0.0 Safari/537.36"
66.181.39.1 - - [25/Feb/2026:08:03:40 +0800] "POST /wp-login.php HTTP/1.1" 200 2998 "http://cqqizhou.com/wp-login.php" "Mozilla/5.0 (Windows NT 11.0; Win64; x64; rv:119.0) Gecko/20100101 Firefox/119.0"
66.181.39.1 - - [25/Feb/2026:08:03:43 +0800] "GET /wp-admin/index.php HTTP/1.1" 302 5 "http://cqqizhou.com/wp-login.php" "Mozilla/5.0 (X11; Ubuntu; Linux x86_64) AppleWebKit/537.36 (KHTML, like Gecko) Chrome/119.0.0.0 Safari/537.36"
66.181.39.1 - - [25/Feb/2026:08:03:44 +0800] "GET /wp-login.php?redirect_to=http%3A%2F%2Fcqqizhou.com%2Fwp-admin%2Findex.php&reauth=1 HTTP/1.1" 200 2859 "http://cqqizhou.com/wp-login.php" "Mozilla/5.0 (X11; Ubuntu; Linux x86_64) AppleWebKit/537.36 (KHTML, like Gecko) Chrome/119.0.0.0 Safari/537.36"
66.181.39.1 - - [25/Feb/2026:08:03:45 +0800] "POST /wp-login.php HTTP/1.1" 200 2998 "http://cqqizhou.com/wp-login.php" "Mozilla/5.0 (Macintosh; Intel Mac OS X 13_6_1) AppleWebKit/537.36 (KHTML, like Gecko) Chrome/118.0.0.0 Safari/537.36"
66.181.39.1 - - [25/Feb/2026:08:03:46 +0800] "GET /wp-admin/index.php HTTP/1.1" 302 5 "http://cqqizhou.com/wp-login.php" "Mozilla/5.0 (Macintosh; Intel Mac OS X 13_6_1; rv:119.0) Gecko/20100101 Firefox/119.0"
66.181.39.1 - - [25/Feb/2026:08:03:47 +0800] "GET /wp-login.php?redirect_to=http%3A%2F%2Fcqqizhou.com%2Fwp-admin%2Findex.php&reauth=1 HTTP/1.1" 200 2859 "http://cqqizhou.com/wp-login.php" "Mozilla/5.0 (Macintosh; Intel Mac OS X 13_6_1; rv:119.0) Gecko/20100101 Firefox/119.0"
66.181.39.1 - - [25/Feb/2026:08:03:49 +0800] "POST /wp-login.php HTTP/1.1" 200 2998 "http://cqqizhou.com/wp-login.php" "Mozilla/5.0 (Macintosh; Intel Mac OS X 13_6_1) AppleWebKit/605.1.15 (KHTML, like Gecko) Version/16.6 Safari/605.1.15"
66.181.39.1 - - [25/Feb/2026:08:03:50 +0800] "GET /wp-admin/index.php HTTP/1.1" 302 5 "http://cqqizhou.com/wp-login.php" "Mozilla/5.0 (Macintosh; Intel Mac OS X 10_15_7) AppleWebKit/537.36 (KHTML, like Gecko) Chrome/118.0.0.0 Safari/537.36"
66.181.39.1 - - [25/Feb/2026:08:03:51 +0800] "GET /wp-login.php?redirect_to=http%3A%2F%2Fcqqizhou.com%2Fwp-admin%2Findex.php&reauth=1 HTTP/1.1" 200 2859 "http://cqqizhou.com/wp-login.php" "Mozilla/5.0 (Macintosh; Intel Mac OS X 10_15_7) AppleWebKit/537.36 (KHTML, like Gecko) Chrome/118.0.0.0 Safari/537.36"
66.181.39.1 - - [25/Feb/2026:08:03:52 +0800] "POST /wp-login.php HTTP/1.1" 200 2998 "http://cqqizhou.com/wp-login.php" "Mozilla/5.0 (Macintosh; Intel Mac OS X 10_15_7) AppleWebKit/605.1.15 (KHTML, like Gecko) Version/17.2 Safari/605.1.15"
66.181.39.1 - - [25/Feb/2026:08:03:53 +0800] "GET /wp-admin/index.php HTTP/1.1" 302 5 "http://cqqizhou.com/wp-login.php" "Mozilla/5.0 (Windows NT 11.0; Win64; x64; rv:121.0) Gecko/20100101 Firefox/121.0"
66.181.39.1 - - [25/Feb/2026:08:03:54 +0800] "GET /wp-login.php?redirect_to=http%3A%2F%2Fcqqizhou.com%2Fwp-admin%2Findex.php&reauth=1 HTTP/1.1" 200 2859 "http://cqqizhou.com/wp-login.php" "Mozilla/5.0 (Windows NT 11.0; Win64; x64; rv:121.0) Gecko/20100101 Firefox/121.0"
66.181.39.1 - - [25/Feb/2026:08:03:55 +0800] "POST /wp-login.php HTTP/1.1" 200 2998 "http://cqqizhou.com/wp-login.php" "Mozilla/5.0 (Windows NT 11.0; Win64; x64; rv:120.0) Gecko/20100101 Firefox/120.0"
66.181.39.1 - - [25/Feb/2026:08:03:56 +0800] "GET /wp-admin/index.php HTTP/1.1" 302 5 "http://cqqizhou.com/wp-login.php" "Mozilla/5.0 (X11; Ubuntu; Linux x86_64) AppleWebKit/537.36 (KHTML, like Gecko) Chrome/118.0.0.0 Safari/537.36"
66.181.39.1 - - [25/Feb/2026:08:03:57 +0800] "GET /wp-login.php?redirect_to=http%3A%2F%2Fcqqizhou.com%2Fwp-admin%2Findex.php&reauth=1 HTTP/1.1" 200 2859 "http://cqqizhou.com/wp-login.php" "Mozilla/5.0 (X11; Ubuntu; Linux x86_64) AppleWebKit/537.36 (KHTML, like Gecko) Chrome/118.0.0.0 Safari/537.36"
66.181.39.1 - - [25/Feb/2026:08:03:58 +0800] "POST /wp-login.php HTTP/1.1" 200 2998 "http://cqqizhou.com/wp-login.php" "Mozilla/5.0 (Windows NT 10.0; Win64; x64; rv:120.0) Gecko/20100101 Firefox/120.0"
66.181.39.1 - - [25/Feb/2026:08:03:59 +0800] "GET /wp-admin/index.php HTTP/1.1" 302 5 "http://cqqizhou.com/wp-login.php" "Mozilla/5.0 (Macintosh; Intel Mac OS X 10_15_7) AppleWebKit/537.36 (KHTML, like Gecko) Chrome/121.0.0.0 Safari/537.36"
66.181.39.1 - - [25/Feb/2026:08:04:00 +0800] "GET /wp-login.php?redirect_to=http%3A%2F%2Fcqqizhou.com%2Fwp-admin%2Findex.php&reauth=1 HTTP/1.1" 200 2859 "http://cqqizhou.com/wp-login.php" "Mozilla/5.0 (Macintosh; Intel Mac OS X 10_15_7) AppleWebKit/537.36 (KHTML, like Gecko) Chrome/121.0.0.0 Safari/537.36"
66.181.39.1 - - [25/Feb/2026:08:04:01 +0800] "POST /wp-login.php HTTP/1.1" 200 2998 "http://cqqizhou.com/wp-login.php" "Mozilla/5.0 (Macintosh; Intel Mac OS X 13_6_1) AppleWebKit/605.1.15 (KHTML, like Gecko) Version/17.2 Safari/605.1.15"
66.181.39.1 - - [25/Feb/2026:08:04:02 +0800] "GET /wp-admin/index.php HTTP/1.1" 302 5 "http://cqqizhou.com/wp-login.php" "Mozilla/5.0 (Macintosh; Intel Mac OS X 10_15_7) AppleWebKit/605.1.15 (KHTML, like Gecko) Version/17.0 Safari/605.1.15"
66.181.39.1 - - [25/Feb/2026:08:04:04 +0800] "GET /wp-login.php?redirect_to=http%3A%2F%2Fcqqizhou.com%2Fwp-admin%2Findex.php&reauth=1 HTTP/1.1" 200 2859 "http://cqqizhou.com/wp-login.php" "Mozilla/5.0 (Macintosh; Intel Mac OS X 10_15_7) AppleWebKit/605.1.15 (KHTML, like Gecko) Version/17.0 Safari/605.1.15"
66.181.39.1 - - [25/Feb/2026:08:04:05 +0800] "POST /wp-login.php HTTP/1.1" 200 2998 "http://cqqizhou.com/wp-login.php" "Mozilla/5.0 (Macintosh; Intel Mac OS X 13_6_1; rv:121.0) Gecko/20100101 Firefox/121.0"
66.181.39.1 - - [25/Feb/2026:08:04:06 +0800] "GET /wp-admin/index.php HTTP/1.1" 302 5 "http://cqqizhou.com/wp-login.php" "Mozilla/5.0 (Macintosh; Intel Mac OS X 13_6_1; rv:121.0) Gecko/20100101 Firefox/121.0"
66.181.39.1 - - [25/Feb/2026:08:04:07 +0800] "GET /wp-login.php?redirect_to=http%3A%2F%2Fcqqizhou.com%2Fwp-admin%2Findex.php&reauth=1 HTTP/1.1" 200 2859 "http://cqqizhou.com/wp-login.php" "Mozilla/5.0 (Macintosh; Intel Mac OS X 13_6_1; rv:121.0) Gecko/20100101 Firefox/121.0"
36.133.115.36 - - [25/Feb/2026:08:04:08 +0800] "POST /wp-cron.php?doing_wp_cron=1771977848.7187559604644775390625 HTTP/1.1" 200 31 "-" "WordPress/6.9; http://cqqizhou.com"
66.181.39.1 - - [25/Feb/2026:08:04:08 +0800] "POST /wp-login.php HTTP/1.1" 200 2998 "http://cqqizhou.com/wp-login.php" "Mozilla/5.0 (Macintosh; Intel Mac OS X 10_15_7) AppleWebKit/605.1.15 (KHTML, like Gecko) Version/16.6 Safari/605.1.15"
66.181.39.1 - - [25/Feb/2026:08:04:09 +0800] "GET /wp-admin/index.php HTTP/1.1" 302 5 "http://cqqizhou.com/wp-login.php" "Mozilla/5.0 (Macintosh; Intel Mac OS X 10_15_7) AppleWebKit/537.36 (KHTML, like Gecko) Chrome/120.0.0.0 Safari/537.36"
66.181.39.1 - - [25/Feb/2026:08:04:10 +0800] "GET /wp-login.php?redirect_to=http%3A%2F%2Fcqqizhou.com%2Fwp-admin%2Findex.php&reauth=1 HTTP/1.1" 200 2859 "http://cqqizhou.com/wp-login.php" "Mozilla/5.0 (Macintosh; Intel Mac OS X 10_15_7) AppleWebKit/537.36 (KHTML, like Gecko) Chrome/120.0.0.0 Safari/537.36"
66.181.39.1 - - [25/Feb/2026:08:04:12 +0800] "POST /wp-login.php HTTP/1.1" 200 2998 "http://cqqizhou.com/wp-login.php" "Mozilla/5.0 (Macintosh; Intel Mac OS X 13_6_1) AppleWebKit/605.1.15 (KHTML, like Gecko) Version/17.0 Safari/605.1.15"
66.181.39.1 - - [25/Feb/2026:08:04:13 +0800] "GET /wp-admin/index.php HTTP/1.1" 302 5 "http://cqqizhou.com/wp-login.php" "Mozilla/5.0 (Macintosh; Intel Mac OS X 10_15_7) AppleWebKit/537.36 (KHTML, like Gecko) Chrome/118.0.0.0 Safari/537.36"
66.181.39.1 - - [25/Feb/2026:08:04:13 +0800] "GET /wp-login.php?redirect_to=http%3A%2F%2Fcqqizhou.com%2Fwp-admin%2Findex.php&reauth=1 HTTP/1.1" 200 2859 "http://cqqizhou.com/wp-login.php" "Mozilla/5.0 (Macintosh; Intel Mac OS X 10_15_7) AppleWebKit/537.36 (KHTML, like Gecko) Chrome/118.0.0.0 Safari/537.36"
66.181.39.1 - - [25/Feb/2026:08:04:14 +0800] "POST /wp-login.php HTTP/1.1" 200 2998 "http://cqqizhou.com/wp-login.php" "Mozilla/5.0 (Windows NT 11.0; Win64; x64) AppleWebKit/537.36 (KHTML, like Gecko) Chrome/121.0.0.0 Safari/537.36"
66.181.39.1 - - [25/Feb/2026:08:04:16 +0800] "GET /wp-admin/index.php HTTP/1.1" 302 5 "http://cqqizhou.com/wp-login.php" "Mozilla/5.0 (X11; Linux x86_64) AppleWebKit/537.36 (KHTML, like Gecko) Chrome/121.0.0.0 Safari/537.36"
66.181.39.1 - - [25/Feb/2026:08:04:17 +0800] "GET /wp-login.php?redirect_to=http%3A%2F%2Fcqqizhou.com%2Fwp-admin%2Findex.php&reauth=1 HTTP/1.1" 200 2859 "http://cqqizhou.com/wp-login.php" "Mozilla/5.0 (X11; Linux x86_64) AppleWebKit/537.36 (KHTML, like Gecko) Chrome/121.0.0.0 Safari/537.36"
66.181.39.1 - - [25/Feb/2026:08:04:18 +0800] "POST /wp-login.php HTTP/1.1" 200 2998 "http://cqqizhou.com/wp-login.php" "Mozilla/5.0 (Macintosh; Intel Mac OS X 13_6_1) AppleWebKit/537.36 (KHTML, like Gecko) Chrome/120.0.0.0 Safari/537.36"
66.181.39.1 - - [25/Feb/2026:08:04:18 +0800] "GET /wp-admin/index.php HTTP/1.1" 302 5 "http://cqqizhou.com/wp-login.php" "Mozilla/5.0 (Macintosh; Intel Mac OS X 13_6_1) AppleWebKit/605.1.15 (KHTML, like Gecko) Version/17.2 Safari/605.1.15"
66.181.39.1 - - [25/Feb/2026:08:04:19 +0800] "GET /wp-login.php?redirect_to=http%3A%2F%2Fcqqizhou.com%2Fwp-admin%2Findex.php&reauth=1 HTTP/1.1" 200 2859 "http://cqqizhou.com/wp-login.php" "Mozilla/5.0 (Macintosh; Intel Mac OS X 13_6_1) AppleWebKit/605.1.15 (KHTML, like Gecko) Version/17.2 Safari/605.1.15"
66.181.39.1 - - [25/Feb/2026:08:04:21 +0800] "POST /wp-login.php HTTP/1.1" 200 3054 "http://cqqizhou.com/wp-login.php" "Mozilla/5.0 (Macintosh; Intel Mac OS X 13_6_1) AppleWebKit/537.36 (KHTML, like Gecko) Chrome/121.0.0.0 Safari/537.36"
66.181.39.1 - - [25/Feb/2026:08:04:22 +0800] "GET /wp-admin/index.php HTTP/1.1" 302 5 "http://cqqizhou.com/wp-login.php" "Mozilla/5.0 (Windows NT 10.0; Win64; x64; rv:121.0) Gecko/20100101 Firefox/121.0"
66.181.39.1 - - [25/Feb/2026:08:04:22 +0800] "GET /wp-login.php?redirect_to=http%3A%2F%2Fcqqizhou.com%2Fwp-admin%2Findex.php&reauth=1 HTTP/1.1" 200 2859 "http://cqqizhou.com/wp-login.php" "Mozilla/5.0 (Windows NT 10.0; Win64; x64; rv:121.0) Gecko/20100101 Firefox/121.0"
66.181.39.1 - - [25/Feb/2026:08:04:24 +0800] "POST /wp-login.php HTTP/1.1" 200 3054 "http://cqqizhou.com/wp-login.php" "Mozilla/5.0 (Macintosh; Intel Mac OS X 13_6_1) AppleWebKit/605.1.15 (KHTML, like Gecko) Version/17.0 Safari/605.1.15"
66.181.39.1 - - [25/Feb/2026:08:04:25 +0800] "GET /wp-admin/index.php HTTP/1.1" 302 5 "http://cqqizhou.com/wp-login.php" "Mozilla/5.0 (Macintosh; Intel Mac OS X 13_6_1) AppleWebKit/605.1.15 (KHTML, like Gecko) Version/17.0 Safari/605.1.15"
66.181.39.1 - - [25/Feb/2026:08:04:26 +0800] "GET /wp-login.php?redirect_to=http%3A%2F%2Fcqqizhou.com%2Fwp-admin%2Findex.php&reauth=1 HTTP/1.1" 200 2859 "http://cqqizhou.com/wp-login.php" "Mozilla/5.0 (Macintosh; Intel Mac OS X 13_6_1) AppleWebKit/605.1.15 (KHTML, like Gecko) Version/17.0 Safari/605.1.15"
66.181.39.1 - - [25/Feb/2026:08:04:27 +0800] "POST /wp-login.php HTTP/1.1" 200 3054 "http://cqqizhou.com/wp-login.php" "Mozilla/5.0 (Macintosh; Intel Mac OS X 13_6_1) AppleWebKit/537.36 (KHTML, like Gecko) Chrome/120.0.0.0 Safari/537.36"
66.181.39.1 - - [25/Feb/2026:08:04:28 +0800] "GET /wp-admin/index.php HTTP/1.1" 302 5 "http://cqqizhou.com/wp-login.php" "Mozilla/5.0 (Macintosh; Intel Mac OS X 13_6_1) AppleWebKit/605.1.15 (KHTML, like Gecko) Version/17.0 Safari/605.1.15"
66.181.39.1 - - [25/Feb/2026:08:04:29 +0800] "GET /wp-login.php?redirect_to=http%3A%2F%2Fcqqizhou.com%2Fwp-admin%2Findex.php&reauth=1 HTTP/1.1" 200 2859 "http://cqqizhou.com/wp-login.php" "Mozilla/5.0 (Macintosh; Intel Mac OS X 13_6_1) AppleWebKit/605.1.15 (KHTML, like Gecko) Version/17.0 Safari/605.1.15"
66.181.39.1 - - [25/Feb/2026:08:04:30 +0800] "POST /wp-login.php HTTP/1.1" 200 3050 "http://cqqizhou.com/wp-login.php" "Mozilla/5.0 (Macintosh; Intel Mac OS X 10_15_7) AppleWebKit/537.36 (KHTML, like Gecko) Chrome/119.0.0.0 Safari/537.36"
66.181.39.1 - - [25/Feb/2026:08:04:31 +0800] "GET /wp-admin/index.php HTTP/1.1" 302 5 "http://cqqizhou.com/wp-login.php" "Mozilla/5.0 (Macintosh; Intel Mac OS X 13_6_1) AppleWebKit/605.1.15 (KHTML, like Gecko) Version/16.6 Safari/605.1.15"
66.181.39.1 - - [25/Feb/2026:08:04:32 +0800] "GET /wp-login.php?redirect_to=http%3A%2F%2Fcqqizhou.com%2Fwp-admin%2Findex.php&reauth=1 HTTP/1.1" 200 2859 "http://cqqizhou.com/wp-login.php" "Mozilla/5.0 (Macintosh; Intel Mac OS X 13_6_1) AppleWebKit/605.1.15 (KHTML, like Gecko) Version/16.6 Safari/605.1.15"
66.181.39.1 - - [25/Feb/2026:08:04:33 +0800] "POST /wp-login.php HTTP/1.1" 200 3050 "http://cqqizhou.com/wp-login.php" "Mozilla/5.0 (X11; Ubuntu; Linux x86_64) AppleWebKit/537.36 (KHTML, like Gecko) Chrome/119.0.0.0 Safari/537.36"
66.181.39.1 - - [25/Feb/2026:08:04:34 +0800] "GET /wp-admin/index.php HTTP/1.1" 302 5 "http://cqqizhou.com/wp-login.php" "Mozilla/5.0 (Macintosh; Intel Mac OS X 13_6_1; rv:119.0) Gecko/20100101 Firefox/119.0"
66.181.39.1 - - [25/Feb/2026:08:04:35 +0800] "GET /wp-login.php?redirect_to=http%3A%2F%2Fcqqizhou.com%2Fwp-admin%2Findex.php&reauth=1 HTTP/1.1" 200 2859 "http://cqqizhou.com/wp-login.php" "Mozilla/5.0 (Macintosh; Intel Mac OS X 13_6_1; rv:119.0) Gecko/20100101 Firefox/119.0"
66.181.39.1 - - [25/Feb/2026:08:04:36 +0800] "POST /wp-login.php HTTP/1.1" 200 3050 "http://cqqizhou.com/wp-login.php" "Mozilla/5.0 (Macintosh; Intel Mac OS X 10_15_7; rv:121.0) Gecko/20100101 Firefox/121.0"
66.181.39.1 - - [25/Feb/2026:08:04:37 +0800] "GET /wp-admin/index.php HTTP/1.1" 302 5 "http://cqqizhou.com/wp-login.php" "Mozilla/5.0 (Macintosh; Intel Mac OS X 10_15_7) AppleWebKit/537.36 (KHTML, like Gecko) Chrome/121.0.0.0 Safari/537.36"
66.181.39.1 - - [25/Feb/2026:08:04:38 +0800] "GET /wp-login.php?redirect_to=http%3A%2F%2Fcqqizhou.com%2Fwp-admin%2Findex.php&reauth=1 HTTP/1.1" 200 2859 "http://cqqizhou.com/wp-login.php" "Mozilla/5.0 (Macintosh; Intel Mac OS X 10_15_7) AppleWebKit/537.36 (KHTML, like Gecko) Chrome/121.0.0.0 Safari/537.36"
66.181.39.1 - - [25/Feb/2026:08:04:39 +0800] "POST /wp-login.php HTTP/1.1" 200 3053 "http://cqqizhou.com/wp-login.php" "Mozilla/5.0 (Macintosh; Intel Mac OS X 13_6_1; rv:118.0) Gecko/20100101 Firefox/118.0"
66.181.39.1 - - [25/Feb/2026:08:04:40 +0800] "GET /wp-admin/index.php HTTP/1.1" 302 5 "http://cqqizhou.com/wp-login.php" "Mozilla/5.0 (Macintosh; Intel Mac OS X 10_15_7) AppleWebKit/605.1.15 (KHTML, like Gecko) Version/17.1 Safari/605.1.15"
66.181.39.1 - - [25/Feb/2026:08:04:41 +0800] "GET /wp-login.php?redirect_to=http%3A%2F%2Fcqqizhou.com%2Fwp-admin%2Findex.php&reauth=1 HTTP/1.1" 200 2859 "http://cqqizhou.com/wp-login.php" "Mozilla/5.0 (Macintosh; Intel Mac OS X 10_15_7) AppleWebKit/605.1.15 (KHTML, like Gecko) Version/17.1 Safari/605.1.15"
66.181.39.1 - - [25/Feb/2026:08:04:42 +0800] "POST /wp-login.php HTTP/1.1" 200 3051 "http://cqqizhou.com/wp-login.php" "Mozilla/5.0 (X11; Ubuntu; Linux x86_64) AppleWebKit/537.36 (KHTML, like Gecko) Chrome/119.0.0.0 Safari/537.36"
66.181.39.1 - - [25/Feb/2026:08:04:44 +0800] "GET /wp-admin/index.php HTTP/1.1" 302 5 "http://cqqizhou.com/wp-login.php" "Mozilla/5.0 (Macintosh; Intel Mac OS X 13_6_1) AppleWebKit/605.1.15 (KHTML, like Gecko) Version/17.2 Safari/605.1.15"
66.181.39.1 - - [25/Feb/2026:08:04:44 +0800] "GET /wp-login.php?redirect_to=http%3A%2F%2Fcqqizhou.com%2Fwp-admin%2Findex.php&reauth=1 HTTP/1.1" 200 2859 "http://cqqizhou.com/wp-login.php" "Mozilla/5.0 (Macintosh; Intel Mac OS X 13_6_1) AppleWebKit/605.1.15 (KHTML, like Gecko) Version/17.2 Safari/605.1.15"
66.181.39.1 - - [25/Feb/2026:08:04:45 +0800] "POST /wp-login.php HTTP/1.1" 200 3051 "http://cqqizhou.com/wp-login.php" "Mozilla/5.0 (Macintosh; Intel Mac OS X 13_6_1) AppleWebKit/605.1.15 (KHTML, like Gecko) Version/17.0 Safari/605.1.15"
66.181.39.1 - - [25/Feb/2026:08:04:47 +0800] "GET /wp-admin/index.php HTTP/1.1" 302 5 "http://cqqizhou.com/wp-login.php" "Mozilla/5.0 (Windows NT 11.0; Win64; x64) AppleWebKit/537.36 (KHTML, like Gecko) Chrome/118.0.0.0 Safari/537.36"
66.181.39.1 - - [25/Feb/2026:08:04:48 +0800] "GET /wp-login.php?redirect_to=http%3A%2F%2Fcqqizhou.com%2Fwp-admin%2Findex.php&reauth=1 HTTP/1.1" 200 2859 "http://cqqizhou.com/wp-login.php" "Mozilla/5.0 (Windows NT 11.0; Win64; x64) AppleWebKit/537.36 (KHTML, like Gecko) Chrome/118.0.0.0 Safari/537.36"
66.181.39.1 - - [25/Feb/2026:08:04:50 +0800] "POST /wp-login.php HTTP/1.1" 200 2998 "http://cqqizhou.com/wp-login.php" "Mozilla/5.0 (Macintosh; Intel Mac OS X 10_15_7) AppleWebKit/605.1.15 (KHTML, like Gecko) Version/17.1 Safari/605.1.15"
66.181.39.1 - - [25/Feb/2026:08:04:51 +0800] "GET /wp-admin/index.php HTTP/1.1" 302 5 "http://cqqizhou.com/wp-login.php" "Mozilla/5.0 (Macintosh; Intel Mac OS X 13_6_1; rv:120.0) Gecko/20100101 Firefox/120.0"
66.181.39.1 - - [25/Feb/2026:08:04:52 +0800] "GET /wp-login.php?redirect_to=http%3A%2F%2Fcqqizhou.com%2Fwp-admin%2Findex.php&reauth=1 HTTP/1.1" 200 2859 "http://cqqizhou.com/wp-login.php" "Mozilla/5.0 (Macintosh; Intel Mac OS X 13_6_1; rv:120.0) Gecko/20100101 Firefox/120.0"
