223.88.98.34 - - [25/Feb/2026:12:50:29 +0800] "GET /contacts/ HTTP/1.1" 301 5 "-" "Mozilla/5.0 (Windows NT 10.0; Win64; x64) AppleWebKit/537.36 (KHTML, like Gecko) Chrome/136.0.0.0 Safari/537.36"
223.88.98.34 - - [25/Feb/2026:12:50:29 +0800] "GET http://cqqizhou.com/contacts HTTP/1.1" 200 21656 "-" "Mozilla/5.0 (Windows NT 10.0; Win64; x64) AppleWebKit/537.36 (KHTML, like Gecko) Chrome/136.0.0.0 Safari/537.36"
36.133.115.36 - - [25/Feb/2026:12:55:42 +0800] "POST /wp-cron.php?doing_wp_cron=1771995342.7269248962402343750000 HTTP/1.1" 200 31 "-" "WordPress/6.9; http://cqqizhou.com"
45.153.34.187 - - [25/Feb/2026:12:55:43 +0800] "GET / HTTP/1.1" 200 157069 "-" "Mozilla/5.0"
36.133.115.36 - - [25/Feb/2026:12:59:14 +0800] "POST /wp-cron.php?doing_wp_cron=1771995554.0598509311676025390625 HTTP/1.1" 200 31 "-" "WordPress/6.9; http://cqqizhou.com"
204.76.203.69 - - [25/Feb/2026:12:59:14 +0800] "GET / HTTP/1.1" 301 5 "-" "Mozilla/5.0 (Windows NT 10.0; Win64; x64) AppleWebKit/537.36 (KHTML, like Gecko) Chrome/90.0.4430.85 Safari/537.36 Edg/90.0.818.46"
157.55.39.49 - - [25/Feb/2026:13:09:42 +0800] "GET /news/2163 HTTP/1.1" 200 23878 "-" "Mozilla/5.0 AppleWebKit/537.36 (KHTML, like Gecko; compatible; bingbot/2.0; +http://www.bing.com/bingbot.htm) Chrome/116.0.1938.76 Safari/537.36"
94.23.188.216 - - [25/Feb/2026:13:23:52 +0800] "GET /media HTTP/1.1" 304 0 "-" "Mozilla/5.0 (compatible; AhrefsBot/7.0; +http://ahrefs.com/robot/)"
36.133.115.36 - - [25/Feb/2026:13:30:56 +0800] "POST /wp-cron.php?doing_wp_cron=1771997456.6893830299377441406250 HTTP/1.1" 200 31 "-" "WordPress/6.9; http://cqqizhou.com"
43.130.110.130 - - [25/Feb/2026:13:30:56 +0800] "GET / HTTP/1.1" 200 34810 "-" "Mozilla/5.0 (iPhone; CPU iPhone OS 13_2_3 like Mac OS X) AppleWebKit/605.1.15 (KHTML, like Gecko) Version/13.0.3 Mobile/15E148 Safari/604.1"
36.133.115.36 - - [25/Feb/2026:13:58:13 +0800] "POST /wp-cron.php?doing_wp_cron=1771999093.4663360118865966796875 HTTP/1.1" 200 31 "-" "WordPress/6.9; http://cqqizhou.com"
43.166.136.153 - - [25/Feb/2026:13:58:13 +0800] "GET / HTTP/1.1" 200 34810 "-" "Mozilla/5.0 (iPhone; CPU iPhone OS 13_2_3 like Mac OS X) AppleWebKit/605.1.15 (KHTML, like Gecko) Version/13.0.3 Mobile/15E148 Safari/604.1"
204.76.203.69 - - [25/Feb/2026:13:58:31 +0800] "GET / HTTP/1.1" 200 109837 "-" "-"
204.76.203.69 - - [25/Feb/2026:13:58:32 +0800] "GET /logon.htm HTTP/1.1" 404 31365 "-" "Hello World"
220.180.120.246 - - [25/Feb/2026:13:58:49 +0800] "GET /contacts/ HTTP/1.1" 301 5 "-" "Mozilla/5.0 (Windows NT 10.0; Win64; x64) AppleWebKit/537.36 (KHTML, like Gecko) Chrome/136.0.0.0 Safari/537.36"
220.180.120.246 - - [25/Feb/2026:13:58:49 +0800] "GET http://cqqizhou.com/contacts HTTP/1.1" 200 21656 "-" "Mozilla/5.0 (Windows NT 10.0; Win64; x64) AppleWebKit/537.36 (KHTML, like Gecko) Chrome/136.0.0.0 Safari/537.36"
36.133.115.36 - - [25/Feb/2026:14:11:58 +0800] "POST /wp-cron.php?doing_wp_cron=1771999918.5843660831451416015625 HTTP/1.1" 200 31 "-" "WordPress/6.9; http://cqqizhou.com"
36.133.108.125 - - [25/Feb/2026:14:11:58 +0800] "HEAD / HTTP/1.1" 301 0 "-" "Mozilla/5.0 (Windows NT 6.2) AppleWebKit/537.36 (KHTML, like Gecko) Chrome/28.0.1464.0 Safari/537.36"
51.75.236.151 - - [25/Feb/2026:14:28:47 +0800] "GET /news/2486 HTTP/1.1" 304 0 "-" "Mozilla/5.0 (compatible; AhrefsBot/7.0; +http://ahrefs.com/robot/)"
36.133.115.36 - - [25/Feb/2026:14:52:33 +0800] "POST /wp-cron.php?doing_wp_cron=1772002353.3015820980072021484375 HTTP/1.1" 200 31 "-" "WordPress/6.9; http://cqqizhou.com"
14.108.233.116 - - [25/Feb/2026:14:52:33 +0800] "GET /2388/ HTTP/1.1" 301 5 "-" "Mozilla/5.0 (Windows NT 10.0; Win64; x64) AppleWebKit/537.36 (KHTML, like Gecko) Chrome/132.0.0.0 Safari/537.36 NetType/WIFI MicroMessenger/7.0.20.1781(0x6700143B) WindowsWechat(0x63090a13) UnifiedPCWindowsWechat(0xf254171e) XWEB/18787 Flue"
14.108.233.116 - - [25/Feb/2026:14:52:33 +0800] "GET /news/2388 HTTP/1.1" 200 24552 "-" "Mozilla/5.0 (Windows NT 10.0; Win64; x64) AppleWebKit/537.36 (KHTML, like Gecko) Chrome/132.0.0.0 Safari/537.36 NetType/WIFI MicroMessenger/7.0.20.1781(0x6700143B) WindowsWechat(0x63090a13) UnifiedPCWindowsWechat(0xf254171e) XWEB/18787 Flue"
14.108.233.116 - - [25/Feb/2026:14:52:33 +0800] "GET /wp-content/uploads/2025/12/1766647832-Article_images_W900%C3%97500px20251225.webp HTTP/1.1" 200 44582 "http://cqqizhou.com/news/2388" "Mozilla/5.0 (Windows NT 10.0; Win64; x64) AppleWebKit/537.36 (KHTML, like Gecko) Chrome/132.0.0.0 Safari/537.36 NetType/WIFI MicroMessenger/7.0.20.1781(0x6700143B) WindowsWechat(0x63090a13) UnifiedPCWindowsWechat(0xf254171e) XWEB/18787 Flue"
14.108.233.116 - - [25/Feb/2026:14:52:33 +0800] "GET /wp-content/uploads/2025/12/1766647829-Article_images_202512251.webp HTTP/1.1" 200 53246 "http://cqqizhou.com/news/2388" "Mozilla/5.0 (Windows NT 10.0; Win64; x64) AppleWebKit/537.36 (KHTML, like Gecko) Chrome/132.0.0.0 Safari/537.36 NetType/WIFI MicroMessenger/7.0.20.1781(0x6700143B) WindowsWechat(0x63090a13) UnifiedPCWindowsWechat(0xf254171e) XWEB/18787 Flue"
14.108.233.116 - - [25/Feb/2026:14:52:33 +0800] "GET /wp-content/uploads/2025/12/1766647831-Article_images_202512254.webp HTTP/1.1" 200 55610 "http://cqqizhou.com/news/2388" "Mozilla/5.0 (Windows NT 10.0; Win64; x64) AppleWebKit/537.36 (KHTML, like Gecko) Chrome/132.0.0.0 Safari/537.36 NetType/WIFI MicroMessenger/7.0.20.1781(0x6700143B) WindowsWechat(0x63090a13) UnifiedPCWindowsWechat(0xf254171e) XWEB/18787 Flue"
14.108.233.116 - - [25/Feb/2026:14:52:33 +0800] "GET /wp-content/uploads/2025/07/1753454299-Article_images_W900px.webp HTTP/1.1" 200 52418 "http://cqqizhou.com/news/2388" "Mozilla/5.0 (Windows NT 10.0; Win64; x64) AppleWebKit/537.36 (KHTML, like Gecko) Chrome/132.0.0.0 Safari/537.36 NetType/WIFI MicroMessenger/7.0.20.1781(0x6700143B) WindowsWechat(0x63090a13) UnifiedPCWindowsWechat(0xf254171e) XWEB/18787 Flue"
14.108.233.116 - - [25/Feb/2026:14:52:33 +0800] "GET /wp-content/uploads/2026/02/1770341652-2026251Article_images_W900%C3%97500px.webp HTTP/1.1" 200 43300 "http://cqqizhou.com/news/2388" "Mozilla/5.0 (Windows NT 10.0; Win64; x64) AppleWebKit/537.36 (KHTML, like Gecko) Chrome/132.0.0.0 Safari/537.36 NetType/WIFI MicroMessenger/7.0.20.1781(0x6700143B) WindowsWechat(0x63090a13) UnifiedPCWindowsWechat(0xf254171e) XWEB/18787 Flue"
14.108.233.116 - - [25/Feb/2026:14:52:33 +0800] "GET /wp-content/uploads/2025/07/1751425283-qizhou.kf_.qq_.com_.webp HTTP/1.1" 200 16864 "http://cqqizhou.com/news/2388" "Mozilla/5.0 (Windows NT 10.0; Win64; x64) AppleWebKit/537.36 (KHTML, like Gecko) Chrome/132.0.0.0 Safari/537.36 NetType/WIFI MicroMessenger/7.0.20.1781(0x6700143B) WindowsWechat(0x63090a13) UnifiedPCWindowsWechat(0xf254171e) XWEB/18787 Flue"
14.108.233.116 - - [25/Feb/2026:14:52:33 +0800] "GET /wp-content/uploads/2025/07/1753410289-News2000%C3%97400_202571.webp HTTP/1.1" 200 17830 "http://cqqizhou.com/news/2388" "Mozilla/5.0 (Windows NT 10.0; Win64; x64) AppleWebKit/537.36 (KHTML, like Gecko) Chrome/132.0.0.0 Safari/537.36 NetType/WIFI MicroMessenger/7.0.20.1781(0x6700143B) WindowsWechat(0x63090a13) UnifiedPCWindowsWechat(0xf254171e) XWEB/18787 Flue"
14.108.233.116 - - [25/Feb/2026:14:52:34 +0800] "GET /wp-content/uploads/2025/12/1766647831-Article_images_202512253.webp HTTP/1.1" 200 115480 "http://cqqizhou.com/news/2388" "Mozilla/5.0 (Windows NT 10.0; Win64; x64) AppleWebKit/537.36 (KHTML, like Gecko) Chrome/132.0.0.0 Safari/537.36 NetType/WIFI MicroMessenger/7.0.20.1781(0x6700143B) WindowsWechat(0x63090a13) UnifiedPCWindowsWechat(0xf254171e) XWEB/18787 Flue"
14.108.233.116 - - [25/Feb/2026:14:52:35 +0800] "POST /wp-admin/admin-ajax.php HTTP/1.1" 403 33 "http://cqqizhou.com/news/2388" "Mozilla/5.0 (Windows NT 10.0; Win64; x64) AppleWebKit/537.36 (KHTML, like Gecko) Chrome/132.0.0.0 Safari/537.36 NetType/WIFI MicroMessenger/7.0.20.1781(0x6700143B) WindowsWechat(0x63090a13) UnifiedPCWindowsWechat(0xf254171e) XWEB/18787 Flue"
14.108.233.116 - - [25/Feb/2026:14:52:42 +0800] "GET /wp-content/uploads/2025/12/1766647830-Article_images_202512252.webp HTTP/1.1" 200 84832 "http://cqqizhou.com/news/2388" "Mozilla/5.0 (Windows NT 10.0; Win64; x64) AppleWebKit/537.36 (KHTML, like Gecko) Chrome/132.0.0.0 Safari/537.36 NetType/WIFI MicroMessenger/7.0.20.1781(0x6700143B) WindowsWechat(0x63090a13) UnifiedPCWindowsWechat(0xf254171e) XWEB/18787 Flue"
14.108.233.116 - - [25/Feb/2026:14:52:45 +0800] "POST /wp-admin/admin-ajax.php HTTP/1.1" 403 33 "http://cqqizhou.com/news/2388" "Mozilla/5.0 (Windows NT 10.0; Win64; x64) AppleWebKit/537.36 (KHTML, like Gecko) Chrome/132.0.0.0 Safari/537.36 NetType/WIFI MicroMessenger/7.0.20.1781(0x6700143B) WindowsWechat(0x63090a13) UnifiedPCWindowsWechat(0xf254171e) XWEB/18787 Flue"
14.108.233.116 - - [25/Feb/2026:14:53:04 +0800] "GET /news/2502 HTTP/1.1" 200 24644 "http://cqqizhou.com/news/2388" "Mozilla/5.0 (Windows NT 10.0; Win64; x64) AppleWebKit/537.36 (KHTML, like Gecko) Chrome/132.0.0.0 Safari/537.36 NetType/WIFI MicroMessenger/7.0.20.1781(0x6700143B) WindowsWechat(0x63090a13) UnifiedPCWindowsWechat(0xf254171e) XWEB/18787 Flue"
14.108.233.116 - - [25/Feb/2026:14:53:04 +0800] "GET /wp-content/uploads/2025/07/1750656103-Visionr2000x800_20250623131702.webp HTTP/1.1" 200 57650 "http://cqqizhou.com/news/2502" "Mozilla/5.0 (Windows NT 10.0; Win64; x64) AppleWebKit/537.36 (KHTML, like Gecko) Chrome/132.0.0.0 Safari/537.36 NetType/WIFI MicroMessenger/7.0.20.1781(0x6700143B) WindowsWechat(0x63090a13) UnifiedPCWindowsWechat(0xf254171e) XWEB/18787 Flue"
14.108.233.116 - - [25/Feb/2026:14:53:04 +0800] "GET /wp-content/uploads/2026/01/1769511379-Article_images_W900%C3%97500px202601271.webp HTTP/1.1" 200 67912 "http://cqqizhou.com/news/2502" "Mozilla/5.0 (Windows NT 10.0; Win64; x64) AppleWebKit/537.36 (KHTML, like Gecko) Chrome/132.0.0.0 Safari/537.36 NetType/WIFI MicroMessenger/7.0.20.1781(0x6700143B) WindowsWechat(0x63090a13) UnifiedPCWindowsWechat(0xf254171e) XWEB/18787 Flue"
14.108.233.116 - - [25/Feb/2026:14:53:19 +0800] "GET /news/2486 HTTP/1.1" 200 24039 "http://cqqizhou.com/news/2502" "Mozilla/5.0 (Windows NT 10.0; Win64; x64) AppleWebKit/537.36 (KHTML, like Gecko) Chrome/132.0.0.0 Safari/537.36 NetType/WIFI MicroMessenger/7.0.20.1781(0x6700143B) WindowsWechat(0x63090a13) UnifiedPCWindowsWechat(0xf254171e) XWEB/18787 Flue"
14.108.233.116 - - [25/Feb/2026:14:53:19 +0800] "GET /wp-content/uploads/2026/02/1770341653-2026252Article_images_W900px.webp HTTP/1.1" 200 97830 "http://cqqizhou.com/news/2486" "Mozilla/5.0 (Windows NT 10.0; Win64; x64) AppleWebKit/537.36 (KHTML, like Gecko) Chrome/132.0.0.0 Safari/537.36 NetType/WIFI MicroMessenger/7.0.20.1781(0x6700143B) WindowsWechat(0x63090a13) UnifiedPCWindowsWechat(0xf254171e) XWEB/18787 Flue"
14.108.233.116 - - [25/Feb/2026:14:53:19 +0800] "GET /wp-content/uploads/2026/02/1770341654-2026253Article_images_W900px.webp HTTP/1.1" 200 88106 "http://cqqizhou.com/news/2486" "Mozilla/5.0 (Windows NT 10.0; Win64; x64) AppleWebKit/537.36 (KHTML, like Gecko) Chrome/132.0.0.0 Safari/537.36 NetType/WIFI MicroMessenger/7.0.20.1781(0x6700143B) WindowsWechat(0x63090a13) UnifiedPCWindowsWechat(0xf254171e) XWEB/18787 Flue"
14.108.233.116 - - [25/Feb/2026:14:53:20 +0800] "GET /wp-content/uploads/2026/02/1770341655-Article_images_W900px.webp HTTP/1.1" 200 68460 "http://cqqizhou.com/news/2486" "Mozilla/5.0 (Windows NT 10.0; Win64; x64) AppleWebKit/537.36 (KHTML, like Gecko) Chrome/132.0.0.0 Safari/537.36 NetType/WIFI MicroMessenger/7.0.20.1781(0x6700143B) WindowsWechat(0x63090a13) UnifiedPCWindowsWechat(0xf254171e) XWEB/18787 Flue"
14.108.233.116 - - [25/Feb/2026:14:53:34 +0800] "GET /news/2464 HTTP/1.1" 200 23619 "http://cqqizhou.com/news/2486" "Mozilla/5.0 (Windows NT 10.0; Win64; x64) AppleWebKit/537.36 (KHTML, like Gecko) Chrome/132.0.0.0 Safari/537.36 NetType/WIFI MicroMessenger/7.0.20.1781(0x6700143B) WindowsWechat(0x63090a13) UnifiedPCWindowsWechat(0xf254171e) XWEB/18787 Flue"
14.108.233.116 - - [25/Feb/2026:14:53:34 +0800] "GET /wp-content/uploads/2026/01/1769513871-Article_images_W900%C3%97500px202601273.webp HTTP/1.1" 200 61532 "http://cqqizhou.com/news/2464" "Mozilla/5.0 (Windows NT 10.0; Win64; x64) AppleWebKit/537.36 (KHTML, like Gecko) Chrome/132.0.0.0 Safari/537.36 NetType/WIFI MicroMessenger/7.0.20.1781(0x6700143B) WindowsWechat(0x63090a13) UnifiedPCWindowsWechat(0xf254171e) XWEB/18787 Flue"
36.133.115.36 - - [25/Feb/2026:14:53:36 +0800] "POST /wp-cron.php?doing_wp_cron=1772002416.1070930957794189453125 HTTP/1.1" 200 31 "-" "WordPress/6.9; http://cqqizhou.com"
14.108.233.116 - - [25/Feb/2026:14:53:36 +0800] "POST /wp-admin/admin-ajax.php HTTP/1.1" 403 33 "http://cqqizhou.com/news/2464" "Mozilla/5.0 (Windows NT 10.0; Win64; x64) AppleWebKit/537.36 (KHTML, like Gecko) Chrome/132.0.0.0 Safari/537.36 NetType/WIFI MicroMessenger/7.0.20.1781(0x6700143B) WindowsWechat(0x63090a13) UnifiedPCWindowsWechat(0xf254171e) XWEB/18787 Flue"
14.108.233.116 - - [25/Feb/2026:14:53:46 +0800] "POST /wp-admin/admin-ajax.php HTTP/1.1" 403 33 "http://cqqizhou.com/news/2464" "Mozilla/5.0 (Windows NT 10.0; Win64; x64) AppleWebKit/537.36 (KHTML, like Gecko) Chrome/132.0.0.0 Safari/537.36 NetType/WIFI MicroMessenger/7.0.20.1781(0x6700143B) WindowsWechat(0x63090a13) UnifiedPCWindowsWechat(0xf254171e) XWEB/18787 Flue"
36.133.115.36 - - [25/Feb/2026:15:01:24 +0800] "POST /wp-cron.php?doing_wp_cron=1772002884.8561470508575439453125 HTTP/1.1" 200 31 "-" "WordPress/6.9; http://cqqizhou.com"
5.39.1.255 - - [25/Feb/2026:15:01:24 +0800] "GET /2418/ HTTP/1.1" 301 5 "-" "Mozilla/5.0 (compatible; AhrefsBot/7.0; +http://ahrefs.com/robot/)"
36.133.115.36 - - [25/Feb/2026:15:08:38 +0800] "POST /wp-cron.php?doing_wp_cron=1772003318.9325029850006103515625 HTTP/1.1" 200 31 "-" "WordPress/6.9; http://cqqizhou.com"
36.133.108.119 - - [25/Feb/2026:15:08:38 +0800] "GET / HTTP/1.1" 200 34810 "-" "Scrapy/2.8.0 (+https://scrapy.org)"
36.133.115.36 - - [25/Feb/2026:15:14:42 +0800] "POST /wp-cron.php?doing_wp_cron=1772003682.6076769828796386718750 HTTP/1.1" 200 31 "-" "WordPress/6.9; http://cqqizhou.com"
66.249.73.9 - - [25/Feb/2026:15:14:42 +0800] "GET /portfolio/%E5%86%B7%E8%BD%A7%E6%9D%BF/ HTTP/1.1" 301 5 "-" "Mozilla/5.0 (Linux; Android 6.0.1; Nexus 5X Build/MMB29P) AppleWebKit/537.36 (KHTML, like Gecko) Chrome/144.0.7559.132 Mobile Safari/537.36 (compatible; Googlebot/2.1; +http://www.google.com/bot.html)"
66.249.73.9 - - [25/Feb/2026:15:14:43 +0800] "GET /news/portfolio/%E5%86%B7%E8%BD%A7%E6%9D%BF HTTP/1.1" 200 18825 "-" "Mozilla/5.0 (Linux; Android 6.0.1; Nexus 5X Build/MMB29P) AppleWebKit/537.36 (KHTML, like Gecko) Chrome/144.0.7559.132 Mobile Safari/537.36 (compatible; Googlebot/2.1; +http://www.google.com/bot.html)"
36.133.115.36 - - [25/Feb/2026:15:23:54 +0800] "POST /wp-cron.php?doing_wp_cron=1772004234.6660959720611572265625 HTTP/1.1" 200 31 "-" "WordPress/6.9; http://cqqizhou.com"
192.109.200.205 - - [25/Feb/2026:15:23:54 +0800] "GET / HTTP/1.1" 200 34810 "-" "Mozilla/5.0"
192.109.200.205 - - [25/Feb/2026:15:23:57 +0800] "POST / HTTP/1.1" 200 34810 "-" "Mozilla/5.0"
36.133.115.36 - - [25/Feb/2026:15:33:44 +0800] "POST /wp-cron.php?doing_wp_cron=1772004824.3644518852233886718750 HTTP/1.1" 200 31 "-" "WordPress/6.9; http://cqqizhou.com"
45.153.34.187 - - [25/Feb/2026:15:33:56 +0800] "GET / HTTP/1.1" 200 79429 "-" "Mozilla/5.0"
92.222.104.223 - - [25/Feb/2026:15:43:44 +0800] "GET /about HTTP/1.1" 304 0 "-" "Mozilla/5.0 (compatible; AhrefsBot/7.0; +http://ahrefs.com/robot/)"
36.133.115.36 - - [25/Feb/2026:15:44:35 +0800] "POST /wp-cron.php?doing_wp_cron=1772005475.2757558822631835937500 HTTP/1.1" 200 31 "-" "WordPress/6.9; http://cqqizhou.com"
81.29.142.6 - - [25/Feb/2026:15:44:35 +0800] "GET / HTTP/1.1" 301 5 "-" "Mozilla/5.0 (Windows NT 6.1) AppleWebKit/537.36 (KHTML, like Gecko) Chrome/90.0.4430.212 Safari/537.36"
81.29.142.6 - - [25/Feb/2026:15:44:39 +0800] "GET / HTTP/1.1" 200 158728 "-" "Mozilla/5.0 (Windows NT 6.1) AppleWebKit/537.36 (KHTML, like Gecko) Chrome/90.0.4430.212 Safari/537.36"
36.133.115.36 - - [25/Feb/2026:15:53:35 +0800] "POST /wp-cron.php?doing_wp_cron=1772006015.0771300792694091796875 HTTP/1.1" 200 31 "-" "WordPress/6.9; http://cqqizhou.com"
36.133.108.121 - - [25/Feb/2026:15:53:35 +0800] "HEAD /graphql/api HTTP/1.1" 404 0 "-" "Mozilla/5.0 (X11; Ubuntu; Linux x86_64; rv:24.0) Gecko/20100101 Firefox/24.0"
36.133.115.36 - - [25/Feb/2026:15:55:31 +0800] "POST /wp-cron.php?doing_wp_cron=1772006131.1805241107940673828125 HTTP/1.1" 200 31 "-" "WordPress/6.9; http://cqqizhou.com"
43.159.145.149 - - [25/Feb/2026:15:55:31 +0800] "GET / HTTP/1.1" 301 5 "-" "Mozilla/5.0 (iPhone; CPU iPhone OS 13_2_3 like Mac OS X) AppleWebKit/605.1.15 (KHTML, like Gecko) Version/13.0.3 Mobile/15E148 Safari/604.1"
43.159.145.149 - - [25/Feb/2026:15:55:33 +0800] "GET / HTTP/1.1" 200 34809 "http://36.133.115.36" "Mozilla/5.0 (iPhone; CPU iPhone OS 13_2_3 like Mac OS X) AppleWebKit/605.1.15 (KHTML, like Gecko) Version/13.0.3 Mobile/15E148 Safari/604.1"
36.133.115.36 - - [25/Feb/2026:16:35:58 +0800] "POST /wp-cron.php?doing_wp_cron=1772008558.2869908809661865234375 HTTP/1.1" 200 31 "-" "WordPress/6.9; http://cqqizhou.com"
43.164.197.209 - - [25/Feb/2026:16:35:58 +0800] "GET / HTTP/1.1" 301 5 "-" "Mozilla/5.0 (iPhone; CPU iPhone OS 13_2_3 like Mac OS X) AppleWebKit/605.1.15 (KHTML, like Gecko) Version/13.0.3 Mobile/15E148 Safari/604.1"
43.164.197.209 - - [25/Feb/2026:16:36:01 +0800] "GET / HTTP/1.1" 200 34810 "http://www.cqqizhou.com" "Mozilla/5.0 (iPhone; CPU iPhone OS 13_2_3 like Mac OS X) AppleWebKit/605.1.15 (KHTML, like Gecko) Version/13.0.3 Mobile/15E148 Safari/604.1"
36.133.115.36 - - [25/Feb/2026:16:47:01 +0800] "POST /wp-cron.php?doing_wp_cron=1772009221.5276560783386230468750 HTTP/1.1" 200 31 "-" "WordPress/6.9; http://cqqizhou.com"
34.140.135.10 - - [25/Feb/2026:16:47:01 +0800] "GET / HTTP/1.1" 301 5 "-" "python-requests/2.32.5"
36.133.115.36 - - [25/Feb/2026:16:47:48 +0800] "POST /wp-cron.php?doing_wp_cron=1772009268.9061439037322998046875 HTTP/1.1" 200 31 "-" "WordPress/6.9; http://cqqizhou.com"
167.94.138.47 - - [25/Feb/2026:16:47:48 +0800] "GET /sitemap.xml HTTP/1.1" 200 538 "-" "Mozilla/5.0 (compatible; CensysInspect/1.1; +https://about.censys.io/)"
167.94.138.47 - - [25/Feb/2026:16:47:57 +0800] "GET /97acgne6zw4_88kimx HTTP/1.1" 404 8949 "-" "Mozilla/5.0 (compatible; CensysInspect/1.1; +https://about.censys.io/)"
36.133.115.36 - - [25/Feb/2026:16:56:28 +0800] "POST /wp-cron.php?doing_wp_cron=1772009788.1848220825195312500000 HTTP/1.1" 200 31 "-" "WordPress/6.9; http://cqqizhou.com"
36.133.108.121 - - [25/Feb/2026:16:56:28 +0800] "HEAD /login HTTP/1.1" 302 0 "-" "Opera/9.80 (Windows NT 5.1; U; cs) Presto/2.7.62 Version/11.01"
36.133.115.36 - - [25/Feb/2026:17:07:05 +0800] "POST /wp-cron.php?doing_wp_cron=1772010425.7972409725189208984375 HTTP/1.1" 200 31 "-" "WordPress/6.9; http://cqqizhou.com"
110.249.202.112 - - [25/Feb/2026:17:07:05 +0800] "GET /robots.txt HTTP/1.1" 200 190 "-" "Mozilla/5.0 (Linux; Android 5.0) AppleWebKit/537.36 (KHTML, like Gecko) Mobile Safari/537.36 (compatible; Bytespider; https://zhanzhang.toutiao.com/)"
36.133.115.36 - - [25/Feb/2026:17:20:26 +0800] "POST /wp-cron.php?doing_wp_cron=1772011226.8052530288696289062500 HTTP/1.1" 200 31 "-" "WordPress/6.9; http://cqqizhou.com"
204.76.203.18 - - [25/Feb/2026:17:20:27 +0800] "GET / HTTP/1.1" 200 109837 "-" "-"
204.76.203.18 - - [25/Feb/2026:17:20:30 +0800] "GET / HTTP/1.1" 200 109837 "-" "-"
204.76.203.18 - - [25/Feb/2026:17:20:35 +0800] "GET / HTTP/1.1" 200 109837 "-" "-"
204.76.203.18 - - [25/Feb/2026:17:20:40 +0800] "GET / HTTP/1.1" 200 157069 "-" "-"
204.76.203.18 - - [25/Feb/2026:17:20:44 +0800] "GET / HTTP/1.1" 200 157069 "-" "-"
36.133.115.36 - - [25/Feb/2026:17:24:12 +0800] "POST /wp-cron.php?doing_wp_cron=1772011452.2747519016265869140625 HTTP/1.1" 200 31 "-" "WordPress/6.9; http://cqqizhou.com"
36.133.25.124 - - [25/Feb/2026:17:24:12 +0800] "GET / HTTP/1.0" 200 157047 "-" "-"
36.133.25.124 - - [25/Feb/2026:17:24:13 +0800] "GET / HTTP/1.1" 301 5 "-" "Mozilla/5.0 (Windows NT 6.1) AppleWebKit/537.36 (KHTML, like Gecko) Chrome/49.0.2623.112 Safari/537.36"
36.133.115.36 - - [25/Feb/2026:17:40:36 +0800] "POST /wp-cron.php?doing_wp_cron=1772012436.8617689609527587890625 HTTP/1.1" 200 31 "-" "WordPress/6.9; http://cqqizhou.com"
120.233.240.39 - - [25/Feb/2026:17:40:36 +0800] "GET /news/2502 HTTP/1.1" 200 20641 "-" "Mozilla/5.0 (Linux; Android 6.0; Nexus 5 Build/MRA58N) AppleWebKit/537.36 (KHTML, like Gecko) Chrome/99.0.4844.51 Mobile Safari/537.36 MicroMessenger/7.0.1"
120.233.33.173 - - [25/Feb/2026:17:40:38 +0800] "GET /wp-content/uploads/2025/07/1753454299-Article_images_W900px.webp HTTP/1.1" 200 52418 "http://cqqizhou.com/news/2502" "Mozilla/5.0 (Linux; Android 6.0; Nexus 5 Build/MRA58N) AppleWebKit/537.36 (KHTML, like Gecko) Chrome/99.0.4844.51 Mobile Safari/537.36 MicroMessenger/7.0.1"
36.133.115.36 - - [25/Feb/2026:18:12:52 +0800] "POST /wp-cron.php?doing_wp_cron=1772014372.6407170295715332031250 HTTP/1.1" 200 31 "-" "WordPress/6.9; http://cqqizhou.com"
144.52.243.252 - - [25/Feb/2026:18:12:52 +0800] "GET / HTTP/1.1" 301 5 "-" "Go-http-client/1.1"
144.52.243.252 - - [25/Feb/2026:18:12:52 +0800] "GET / HTTP/1.1" 200 35253 "http://xa4.shaanxi.cn.antiddos.cspt.fullcone.cn" "Go-http-client/1.1"
54.37.118.88 - - [25/Feb/2026:18:17:31 +0800] "GET /news/2483 HTTP/1.1" 304 0 "-" "Mozilla/5.0 (compatible; AhrefsBot/7.0; +http://ahrefs.com/robot/)"
176.31.139.19 - - [25/Feb/2026:18:52:35 +0800] "GET / HTTP/1.1" 200 35253 "-" "Mozilla/5.0 (compatible; AhrefsBot/7.0; +http://ahrefs.com/robot/)"
36.133.115.36 - - [25/Feb/2026:18:59:45 +0800] "POST /wp-cron.php?doing_wp_cron=1772017185.4794549942016601562500 HTTP/1.1" 200 31 "-" "WordPress/6.9; http://cqqizhou.com"
66.249.73.8 - - [25/Feb/2026:18:59:45 +0800] "GET /news/portfolio-tag/ansteel-thyssen HTTP/1.1" 200 18249 "-" "Mozilla/5.0 (Linux; Android 6.0.1; Nexus 5X Build/MMB29P) AppleWebKit/537.36 (KHTML, like Gecko) Chrome/144.0.7559.132 Mobile Safari/537.36 (compatible; Googlebot/2.1; +http://www.google.com/bot.html)"
154.81.45.250 - - [25/Feb/2026:19:04:00 +0800] "GET /news/2483 HTTP/1.1" 200 24330 "-" "Mozilla/5.0 (Windows NT 10.0; Win64; x64) AppleWebKit/537.36 (KHTML, like Gecko) Chrome/131.0.0.0 Safari/537.36 Edg/131.0.0.0"
36.133.115.36 - - [25/Feb/2026:19:12:34 +0800] "POST /wp-cron.php?doing_wp_cron=1772017954.9339020252227783203125 HTTP/1.1" 200 31 "-" "WordPress/6.9; http://cqqizhou.com"
43.159.143.139 - - [25/Feb/2026:19:12:34 +0800] "GET / HTTP/1.1" 200 34810 "-" "Mozilla/5.0 (iPhone; CPU iPhone OS 13_2_3 like Mac OS X) AppleWebKit/605.1.15 (KHTML, like Gecko) Version/13.0.3 Mobile/15E148 Safari/604.1"
36.133.115.36 - - [25/Feb/2026:19:15:39 +0800] "POST /wp-cron.php?doing_wp_cron=1772018139.7517230510711669921875 HTTP/1.1" 200 31 "-" "WordPress/6.9; http://cqqizhou.com"
162.142.125.116 - - [25/Feb/2026:19:15:39 +0800] "GET / HTTP/1.1" 301 5 "-" "Mozilla/5.0 (compatible; CensysInspect/1.1; +https://about.censys.io/)"
182.44.9.147 - - [25/Feb/2026:19:15:47 +0800] "GET / HTTP/1.1" 200 34810 "-" "Mozilla/5.0 (iPhone; CPU iPhone OS 13_2_3 like Mac OS X) AppleWebKit/605.1.15 (KHTML, like Gecko) Version/13.0.3 Mobile/15E148 Safari/604.1"
162.142.125.116 - - [25/Feb/2026:19:15:47 +0800] "GET /sitemap.xml HTTP/1.1" 200 538 "-" "Mozilla/5.0 (compatible; CensysInspect/1.1; +https://about.censys.io/)"
162.142.125.116 - - [25/Feb/2026:19:15:50 +0800] "GET /is6owhr4i10j30ndyx HTTP/1.1" 404 8947 "-" "Mozilla/5.0 (compatible; CensysInspect/1.1; +https://about.censys.io/)"
36.133.115.36 - - [25/Feb/2026:19:22:47 +0800] "POST /wp-cron.php?doing_wp_cron=1772018567.3523581027984619140625 HTTP/1.1" 200 31 "-" "WordPress/6.9; http://cqqizhou.com"
92.222.104.207 - - [25/Feb/2026:19:22:47 +0800] "GET /media/5 HTTP/1.1" 200 26183 "-" "Mozilla/5.0 (compatible; AhrefsBot/7.0; +http://ahrefs.com/robot/)"
36.133.115.36 - - [25/Feb/2026:19:26:38 +0800] "POST /wp-cron.php?doing_wp_cron=1772018798.5261850357055664062500 HTTP/1.1" 200 31 "-" "WordPress/6.9; http://cqqizhou.com"
204.76.203.18 - - [25/Feb/2026:19:26:38 +0800] "GET /bins/ HTTP/1.1" 301 5 "-" "-"
204.76.203.18 - - [25/Feb/2026:19:26:42 +0800] "GET /bins/ HTTP/1.1" 499 0 "-" "-"
204.76.203.18 - - [25/Feb/2026:19:26:43 +0800] "GET /bins/ HTTP/1.1" 301 5 "-" "-"
36.133.115.36 - - [25/Feb/2026:19:37:26 +0800] "POST /wp-cron.php?doing_wp_cron=1772019446.0051429271697998046875 HTTP/1.1" 200 31 "-" "WordPress/6.9; http://cqqizhou.com"
101.33.55.204 - - [25/Feb/2026:19:37:26 +0800] "GET / HTTP/1.1" 200 34810 "-" "Mozilla/5.0 (iPhone; CPU iPhone OS 13_2_3 like Mac OS X) AppleWebKit/605.1.15 (KHTML, like Gecko) Version/13.0.3 Mobile/15E148 Safari/604.1"
36.133.115.36 - - [25/Feb/2026:19:46:23 +0800] "POST /wp-cron.php?doing_wp_cron=1772019983.3738360404968261718750 HTTP/1.1" 200 31 "-" "WordPress/6.9; http://cqqizhou.com"
85.208.96.212 - - [25/Feb/2026:19:46:23 +0800] "GET /robots.txt HTTP/1.1" 200 190 "-" "Mozilla/5.0 (compatible; SemrushBot/7~bl; +http://www.semrush.com/bot.html)"
85.208.96.210 - - [25/Feb/2026:19:46:26 +0800] "GET /2159/ HTTP/1.1" 301 5 "-" "Mozilla/5.0 (compatible; SemrushBot/7~bl; +http://www.semrush.com/bot.html)"
185.191.171.11 - - [25/Feb/2026:19:46:32 +0800] "GET /news/2159 HTTP/1.1" 200 28712 "-" "Mozilla/5.0 (compatible; SemrushBot/7~bl; +http://www.semrush.com/bot.html)"
157.55.39.61 - - [25/Feb/2026:20:01:24 +0800] "GET /about HTTP/1.1" 200 24506 "-" "Mozilla/5.0 AppleWebKit/537.36 (KHTML, like Gecko; compatible; bingbot/2.0; +http://www.bing.com/bingbot.htm) Chrome/116.0.1938.76 Safari/537.36"
36.133.115.36 - - [25/Feb/2026:20:04:03 +0800] "POST /wp-cron.php?doing_wp_cron=1772021043.7491929531097412109375 HTTP/1.1" 200 31 "-" "WordPress/6.9; http://cqqizhou.com"
36.133.108.121 - - [25/Feb/2026:20:04:03 +0800] "HEAD /mecqxdf_fwd8rh HTTP/1.1" 404 0 "-" "Mozilla/5.0 (Windows NT 6.1; rv:27.3) Gecko/20130101 Firefox/27.3"
36.133.115.36 - - [25/Feb/2026:20:23:31 +0800] "POST /wp-cron.php?doing_wp_cron=1772022211.8560900688171386718750 HTTP/1.1" 200 31 "-" "WordPress/6.9; http://cqqizhou.com"
121.199.173.248 - - [25/Feb/2026:20:23:31 +0800] "GET / HTTP/1.1" 301 5 "-" "Mozilla/5.0 (Windows NT 10.0; Win64; x64) AppleWebKit/537.36 (KHTML, like Gecko) Chrome/59.0.3071.115 Safari/537.36"
36.133.115.36 - - [25/Feb/2026:20:24:13 +0800] "POST /wp-cron.php?doing_wp_cron=1772022253.1917860507965087890625 HTTP/1.1" 200 31 "-" "WordPress/6.9; http://cqqizhou.com"
36.133.108.121 - - [25/Feb/2026:20:24:13 +0800] "HEAD /login HTTP/1.1" 302 0 "-" "Mozilla/5.0 (compatible; MSIE 8.0; Windows NT 5.2; Trident/4.0; Media Center PC 4.0; SLCC1; .NET CLR 3.0.04320)"
176.31.139.21 - - [25/Feb/2026:20:27:02 +0800] "GET /contacts HTTP/1.1" 304 0 "-" "Mozilla/5.0 (compatible; AhrefsBot/7.0; +http://ahrefs.com/robot/)"
36.133.115.36 - - [25/Feb/2026:20:44:33 +0800] "POST /wp-cron.php?doing_wp_cron=1772023473.6239230632781982421875 HTTP/1.1" 200 31 "-" "WordPress/6.9; http://cqqizhou.com"
204.76.203.69 - - [25/Feb/2026:20:44:33 +0800] "GET / HTTP/1.1" 301 5 "-" "Mozilla/5.0 (Windows NT 10.0; Win64; x64) AppleWebKit/537.36 (KHTML, like Gecko) Chrome/90.0.4430.85 Safari/537.36 Edg/90.0.818.46"
36.133.115.36 - - [25/Feb/2026:20:46:47 +0800] "POST /wp-cron.php?doing_wp_cron=1772023607.1707069873809814453125 HTTP/1.1" 200 31 "-" "WordPress/6.9; http://cqqizhou.com"
66.249.73.9 - - [25/Feb/2026:20:46:47 +0800] "GET /media/3 HTTP/1.1" 200 26031 "-" "Mozilla/5.0 (Linux; Android 6.0.1; Nexus 5X Build/MMB29P) AppleWebKit/537.36 (KHTML, like Gecko) Chrome/144.0.7559.132 Mobile Safari/537.36 (compatible; Googlebot/2.1; +http://www.google.com/bot.html)"
36.133.115.36 - - [25/Feb/2026:20:50:44 +0800] "POST /wp-cron.php?doing_wp_cron=1772023844.6176431179046630859375 HTTP/1.1" 200 31 "-" "WordPress/6.9; http://cqqizhou.com"
66.249.73.9 - - [25/Feb/2026:20:50:44 +0800] "GET /company-news HTTP/1.1" 200 20077 "-" "Mozilla/5.0 (Linux; Android 6.0.1; Nexus 5X Build/MMB29P) AppleWebKit/537.36 (KHTML, like Gecko) Chrome/144.0.7559.132 Mobile Safari/537.36 (compatible; Googlebot/2.1; +http://www.google.com/bot.html)"
36.133.115.36 - - [25/Feb/2026:20:53:46 +0800] "POST /wp-cron.php?doing_wp_cron=1772024026.0579190254211425781250 HTTP/1.1" 200 31 "-" "WordPress/6.9; http://cqqizhou.com"
204.76.203.69 - - [25/Feb/2026:20:53:46 +0800] "GET / HTTP/1.1" 200 109837 "-" "-"
204.76.203.69 - - [25/Feb/2026:20:53:47 +0800] "GET /logon.htm HTTP/1.1" 404 31365 "-" "Hello World"
36.133.115.36 - - [25/Feb/2026:20:54:16 +0800] "POST /wp-cron.php?doing_wp_cron=1772024056.9159018993377685546875 HTTP/1.1" 200 31 "-" "WordPress/6.9; http://cqqizhou.com"
66.249.73.7 - - [25/Feb/2026:20:54:16 +0800] "GET /news/2464 HTTP/1.1" 200 19602 "-" "Mozilla/5.0 (Linux; Android 6.0.1; Nexus 5X Build/MMB29P) AppleWebKit/537.36 (KHTML, like Gecko) Chrome/144.0.7559.132 Mobile Safari/537.36 (compatible; Googlebot/2.1; +http://www.google.com/bot.html)"
66.249.73.8 - - [25/Feb/2026:20:54:28 +0800] "GET /contacts HTTP/1.1" 200 18647 "-" "Mozilla/5.0 (Linux; Android 6.0.1; Nexus 5X Build/MMB29P) AppleWebKit/537.36 (KHTML, like Gecko) Chrome/144.0.7559.132 Mobile Safari/537.36 (compatible; Googlebot/2.1; +http://www.google.com/bot.html)"
36.133.115.36 - - [25/Feb/2026:20:55:24 +0800] "POST /wp-cron.php?doing_wp_cron=1772024124.8195519447326660156250 HTTP/1.1" 200 31 "-" "WordPress/6.9; http://cqqizhou.com"
39.191.209.105 - - [25/Feb/2026:20:55:24 +0800] "GET /zjgdlive-al.wasu.tv/zjgdlive/shandongweishi-HD-4M-1080p-AAC/1772022822_1864886.ts?auth_key=1643349099-0-0-f4de513df2012092b12005049cd18d4e HTTP/1.1" 404 31365 "-" "ZTE/1.0.6"
36.133.115.36 - - [25/Feb/2026:20:58:14 +0800] "POST /wp-cron.php?doing_wp_cron=1772024294.1404330730438232421875 HTTP/1.1" 200 31 "-" "WordPress/6.9; http://cqqizhou.com"
66.249.75.75 - - [25/Feb/2026:20:58:14 +0800] "GET /portfolio-tag/%E9%9E%8D%E9%92%A2%E8%92%82%E6%A3%AE/ HTTP/1.1" 404 8949 "-" "Mozilla/5.0 (Linux; Android 6.0.1; Nexus 5X Build/MMB29P) AppleWebKit/537.36 (KHTML, like Gecko) Chrome/144.0.7559.132 Mobile Safari/537.36 (compatible; Googlebot/2.1; +http://www.google.com/bot.html)"
199.244.88.220 - - [25/Feb/2026:20:59:44 +0800] "GET / HTTP/1.1" 200 35253 "-" "Mozilla/5.0 (X11; Linux x86_64) AppleWebKit/537.36 (KHTML, like Gecko) Chrome/105.0.0.0 Safari/537.36"
36.133.115.36 - - [25/Feb/2026:21:01:47 +0800] "POST /wp-cron.php?doing_wp_cron=1772024507.5635440349578857421875 HTTP/1.1" 200 31 "-" "WordPress/6.9; http://cqqizhou.com"
66.249.73.8 - - [25/Feb/2026:21:01:47 +0800] "GET /media/4 HTTP/1.1" 200 26092 "-" "Mozilla/5.0 (Linux; Android 6.0.1; Nexus 5X Build/MMB29P) AppleWebKit/537.36 (KHTML, like Gecko) Chrome/144.0.7559.132 Mobile Safari/537.36 (compatible; Googlebot/2.1; +http://www.google.com/bot.html)"
66.249.73.7 - - [25/Feb/2026:21:01:58 +0800] "GET /club/ HTTP/1.1" 301 5 "-" "Mozilla/5.0 (Linux; Android 6.0.1; Nexus 5X Build/MMB29P) AppleWebKit/537.36 (KHTML, like Gecko) Chrome/144.0.7559.132 Mobile Safari/537.36 (compatible; Googlebot/2.1; +http://www.google.com/bot.html)"
66.249.73.7 - - [25/Feb/2026:21:02:00 +0800] "GET /club HTTP/1.1" 200 11902 "-" "Mozilla/5.0 (Linux; Android 6.0.1; Nexus 5X Build/MMB29P) AppleWebKit/537.36 (KHTML, like Gecko) Chrome/144.0.7559.132 Mobile Safari/537.36 (compatible; Googlebot/2.1; +http://www.google.com/bot.html)"
36.133.115.36 - - [25/Feb/2026:21:05:43 +0800] "POST /wp-cron.php?doing_wp_cron=1772024743.8551120758056640625000 HTTP/1.1" 200 31 "-" "WordPress/6.9; http://cqqizhou.com"
66.249.73.8 - - [25/Feb/2026:21:05:43 +0800] "GET /policy/ HTTP/1.1" 404 8948 "-" "Mozilla/5.0 (Linux; Android 6.0.1; Nexus 5X Build/MMB29P) AppleWebKit/537.36 (KHTML, like Gecko) Chrome/144.0.7559.132 Mobile Safari/537.36 (compatible; Googlebot/2.1; +http://www.google.com/bot.html)"
36.133.115.36 - - [25/Feb/2026:21:09:16 +0800] "POST /wp-cron.php?doing_wp_cron=1772024956.9184150695800781250000 HTTP/1.1" 200 31 "-" "WordPress/6.9; http://cqqizhou.com"
66.249.73.9 - - [25/Feb/2026:21:09:16 +0800] "GET /2153/ HTTP/1.1" 301 5 "-" "Mozilla/5.0 (Linux; Android 6.0.1; Nexus 5X Build/MMB29P) AppleWebKit/537.36 (KHTML, like Gecko) Chrome/144.0.7559.132 Mobile Safari/537.36 (compatible; Googlebot/2.1; +http://www.google.com/bot.html)"
66.249.73.7 - - [25/Feb/2026:21:09:18 +0800] "GET /news/2153 HTTP/1.1" 200 20384 "-" "Mozilla/5.0 (Linux; Android 6.0.1; Nexus 5X Build/MMB29P) AppleWebKit/537.36 (KHTML, like Gecko) Chrome/144.0.7559.132 Mobile Safari/537.36 (compatible; Googlebot/2.1; +http://www.google.com/bot.html)"
66.249.73.7 - - [25/Feb/2026:21:09:28 +0800] "GET /2440/ HTTP/1.1" 301 5 "-" "Mozilla/5.0 (Linux; Android 6.0.1; Nexus 5X Build/MMB29P) AppleWebKit/537.36 (KHTML, like Gecko) Chrome/144.0.7559.132 Mobile Safari/537.36 (compatible; Googlebot/2.1; +http://www.google.com/bot.html)"
66.249.73.7 - - [25/Feb/2026:21:09:29 +0800] "GET /news/2440 HTTP/1.1" 200 21573 "-" "Mozilla/5.0 (Linux; Android 6.0.1; Nexus 5X Build/MMB29P) AppleWebKit/537.36 (KHTML, like Gecko) Chrome/144.0.7559.132 Mobile Safari/537.36 (compatible; Googlebot/2.1; +http://www.google.com/bot.html)"
43.157.174.69 - - [25/Feb/2026:21:09:48 +0800] "GET / HTTP/1.1" 301 5 "-" "Mozilla/5.0 (iPhone; CPU iPhone OS 13_2_3 like Mac OS X) AppleWebKit/605.1.15 (KHTML, like Gecko) Version/13.0.3 Mobile/15E148 Safari/604.1"
43.157.174.69 - - [25/Feb/2026:21:09:52 +0800] "GET / HTTP/1.1" 200 34806 "http://36.133.115.36" "Mozilla/5.0 (iPhone; CPU iPhone OS 13_2_3 like Mac OS X) AppleWebKit/605.1.15 (KHTML, like Gecko) Version/13.0.3 Mobile/15E148 Safari/604.1"
199.244.88.231 - - [25/Feb/2026:21:16:34 +0800] "GET / HTTP/1.1" 200 35253 "-" "Mozilla/5.0 (X11; Linux x86_64) AppleWebKit/537.36 (KHTML, like Gecko) Chrome/105.0.0.0 Safari/537.36"
36.133.115.36 - - [25/Feb/2026:21:16:47 +0800] "POST /wp-cron.php?doing_wp_cron=1772025407.5981099605560302734375 HTTP/1.1" 200 31 "-" "WordPress/6.9; http://cqqizhou.com"
66.249.73.9 - - [25/Feb/2026:21:16:47 +0800] "GET /news/2153 HTTP/1.1" 200 20383 "-" "Mozilla/5.0 (Linux; Android 6.0.1; Nexus 5X Build/MMB29P) AppleWebKit/537.36 (KHTML, like Gecko) Chrome/144.0.7559.132 Mobile Safari/537.36 (compatible; Googlebot/2.1; +http://www.google.com/bot.html)"
36.133.115.36 - - [25/Feb/2026:21:20:44 +0800] "POST /wp-cron.php?doing_wp_cron=1772025644.2013900279998779296875 HTTP/1.1" 200 31 "-" "WordPress/6.9; http://cqqizhou.com"
66.249.73.7 - - [25/Feb/2026:21:20:44 +0800] "GET /news/2339 HTTP/1.1" 200 20651 "-" "Mozilla/5.0 (Linux; Android 6.0.1; Nexus 5X Build/MMB29P) AppleWebKit/537.36 (KHTML, like Gecko) Chrome/144.0.7559.132 Mobile Safari/537.36 (compatible; Googlebot/2.1; +http://www.google.com/bot.html)"
45.153.34.187 - - [25/Feb/2026:21:21:25 +0800] "GET / HTTP/1.1" 200 79429 "-" "Mozilla/5.0"
36.133.115.36 - - [25/Feb/2026:21:24:16 +0800] "POST /wp-cron.php?doing_wp_cron=1772025856.9078350067138671875000 HTTP/1.1" 200 31 "-" "WordPress/6.9; http://cqqizhou.com"
66.249.73.8 - - [25/Feb/2026:21:24:16 +0800] "GET /news/2153 HTTP/1.1" 200 20383 "-" "Mozilla/5.0 (Linux; Android 6.0.1; Nexus 5X Build/MMB29P) AppleWebKit/537.36 (KHTML, like Gecko) Chrome/144.0.7559.132 Mobile Safari/537.36 (compatible; Googlebot/2.1; +http://www.google.com/bot.html)"
36.133.115.36 - - [25/Feb/2026:21:28:13 +0800] "POST /wp-cron.php?doing_wp_cron=1772026093.9195990562438964843750 HTTP/1.1" 200 31 "-" "WordPress/6.9; http://cqqizhou.com"
66.249.73.7 - - [25/Feb/2026:21:28:13 +0800] "GET /news/2163 HTTP/1.1" 200 19864 "-" "Mozilla/5.0 (Linux; Android 6.0.1; Nexus 5X Build/MMB29P) AppleWebKit/537.36 (KHTML, like Gecko) Chrome/144.0.7559.132 Mobile Safari/537.36 (compatible; Googlebot/2.1; +http://www.google.com/bot.html)"
36.133.115.36 - - [25/Feb/2026:21:31:15 +0800] "POST /wp-cron.php?doing_wp_cron=1772026275.6005830764770507812500 HTTP/1.1" 200 31 "-" "WordPress/6.9; http://cqqizhou.com"
60.165.238.170 - - [25/Feb/2026:21:31:15 +0800] "GET / HTTP/1.1" 301 5 "-" "Go-http-client/1.1"
60.165.238.170 - - [25/Feb/2026:21:31:16 +0800] "GET / HTTP/1.1" 200 35253 "http://36.133.115.36" "Go-http-client/1.1"
66.249.73.7 - - [25/Feb/2026:21:31:48 +0800] "GET /2418/ HTTP/1.1" 301 5 "-" "Mozilla/5.0 (Linux; Android 6.0.1; Nexus 5X Build/MMB29P) AppleWebKit/537.36 (KHTML, like Gecko) Chrome/144.0.7559.132 Mobile Safari/537.36 (compatible; Googlebot/2.1; +http://www.google.com/bot.html)"
66.249.73.7 - - [25/Feb/2026:21:31:50 +0800] "GET /news/2418 HTTP/1.1" 200 23403 "-" "Mozilla/5.0 (Linux; Android 6.0.1; Nexus 5X Build/MMB29P) AppleWebKit/537.36 (KHTML, like Gecko) Chrome/144.0.7559.132 Mobile Safari/537.36 (compatible; Googlebot/2.1; +http://www.google.com/bot.html)"
36.133.115.36 - - [25/Feb/2026:21:35:43 +0800] "POST /wp-cron.php?doing_wp_cron=1772026543.9284319877624511718750 HTTP/1.1" 200 31 "-" "WordPress/6.9; http://cqqizhou.com"
66.249.73.7 - - [25/Feb/2026:21:35:43 +0800] "GET /news/2162 HTTP/1.1" 200 21218 "-" "Mozilla/5.0 (Linux; Android 6.0.1; Nexus 5X Build/MMB29P) AppleWebKit/537.36 (KHTML, like Gecko) Chrome/144.0.7559.132 Mobile Safari/537.36 (compatible; Googlebot/2.1; +http://www.google.com/bot.html)"
36.133.115.36 - - [25/Feb/2026:21:43:14 +0800] "POST /wp-cron.php?doing_wp_cron=1772026994.1821100711822509765625 HTTP/1.1" 200 31 "-" "WordPress/6.9; http://cqqizhou.com"
66.249.73.8 - - [25/Feb/2026:21:43:14 +0800] "GET /news/2165 HTTP/1.1" 200 23004 "-" "Mozilla/5.0 (Linux; Android 6.0.1; Nexus 5X Build/MMB29P) AppleWebKit/537.36 (KHTML, like Gecko) Chrome/144.0.7559.132 Mobile Safari/537.36 (compatible; Googlebot/2.1; +http://www.google.com/bot.html)"
36.133.115.36 - - [25/Feb/2026:21:47:07 +0800] "POST /wp-cron.php?doing_wp_cron=1772027227.8753418922424316406250 HTTP/1.1" 200 31 "-" "WordPress/6.9; http://cqqizhou.com"
45.156.129.46 - - [25/Feb/2026:21:47:07 +0800] "GET / HTTP/1.1" 301 5 "-" "Mozilla/5.0 (Windows NT 10.0; Win64; x64) AppleWebKit/537.36 (KHTML, like Gecko) Chrome/60.0.3112.113 Safari/537.36"
45.156.129.133 - - [25/Feb/2026:21:47:10 +0800] "GET / HTTP/1.1" 200 35253 "http://36.133.115.36/" "Mozilla/5.0 (Windows NT 10.0; Win64; x64) AppleWebKit/537.36 (KHTML, like Gecko) Chrome/60.0.3112.113 Safari/537.36"
198.244.168.211 - - [25/Feb/2026:21:47:30 +0800] "GET /robots.txt HTTP/1.1" 200 190 "-" "Mozilla/5.0 (compatible; AhrefsBot/7.0; +http://ahrefs.com/robot/)"
92.222.104.195 - - [25/Feb/2026:21:47:37 +0800] "GET /media/2 HTTP/1.1" 200 26171 "-" "Mozilla/5.0 (compatible; AhrefsBot/7.0; +http://ahrefs.com/robot/)"
36.133.115.36 - - [25/Feb/2026:21:51:33 +0800] "POST /wp-cron.php?doing_wp_cron=1772027493.7928791046142578125000 HTTP/1.1" 200 31 "-" "WordPress/6.9; http://cqqizhou.com"
66.249.73.9 - - [25/Feb/2026:21:51:33 +0800] "GET /* HTTP/1.1" 404 8949 "-" "Mozilla/5.0 (Linux; Android 6.0.1; Nexus 5X Build/MMB29P) AppleWebKit/537.36 (KHTML, like Gecko) Chrome/144.0.7559.132 Mobile Safari/537.36 (compatible; Googlebot/2.1; +http://www.google.com/bot.html)"
36.133.115.36 - - [25/Feb/2026:21:59:54 +0800] "POST /wp-cron.php?doing_wp_cron=1772027994.0489199161529541015625 HTTP/1.1" 200 31 "-" "WordPress/6.9; http://cqqizhou.com"
66.249.73.9 - - [25/Feb/2026:21:59:54 +0800] "GET /media/2/ HTTP/1.1" 301 5 "-" "Mozilla/5.0 (Linux; Android 6.0.1; Nexus 5X Build/MMB29P) AppleWebKit/537.36 (KHTML, like Gecko) Chrome/144.0.7559.132 Mobile Safari/537.36 (compatible; Googlebot/2.1; +http://www.google.com/bot.html)"
66.249.73.7 - - [25/Feb/2026:21:59:56 +0800] "GET /media/2 HTTP/1.1" 200 26098 "-" "Mozilla/5.0 (Linux; Android 6.0.1; Nexus 5X Build/MMB29P) AppleWebKit/537.36 (KHTML, like Gecko) Chrome/144.0.7559.132 Mobile Safari/537.36 (compatible; Googlebot/2.1; +http://www.google.com/bot.html)"
36.133.115.36 - - [25/Feb/2026:22:02:07 +0800] "POST /wp-cron.php?doing_wp_cron=1772028127.7038230895996093750000 HTTP/1.1" 200 31 "-" "WordPress/6.9; http://cqqizhou.com"
74.7.227.28 - - [25/Feb/2026:22:02:07 +0800] "GET /wp-sitemap.xml HTTP/1.1" 501 253 "-" "Mozilla/5.0 AppleWebKit/537.36 (KHTML, like Gecko; compatible; GPTBot/1.3; +https://openai.com/gptbot)"
36.133.115.36 - - [25/Feb/2026:22:08:13 +0800] "POST /wp-cron.php?doing_wp_cron=1772028493.7466509342193603515625 HTTP/1.1" 200 31 "-" "WordPress/6.9; http://cqqizhou.com"
66.249.73.7 - - [25/Feb/2026:22:08:13 +0800] "GET /news/page/1/ HTTP/1.1" 301 5 "-" "Mozilla/5.0 (Linux; Android 6.0.1; Nexus 5X Build/MMB29P) AppleWebKit/537.36 (KHTML, like Gecko) Chrome/144.0.7559.132 Mobile Safari/537.36 (compatible; Googlebot/2.1; +http://www.google.com/bot.html)"
66.249.73.7 - - [25/Feb/2026:22:08:14 +0800] "GET /news HTTP/1.1" 200 19926 "-" "Mozilla/5.0 (Linux; Android 6.0.1; Nexus 5X Build/MMB29P) AppleWebKit/537.36 (KHTML, like Gecko) Chrome/144.0.7559.132 Mobile Safari/537.36 (compatible; Googlebot/2.1; +http://www.google.com/bot.html)"
36.133.115.36 - - [25/Feb/2026:22:13:12 +0800] "POST /wp-cron.php?doing_wp_cron=1772028792.3828969001770019531250 HTTP/1.1" 200 31 "-" "WordPress/6.9; http://cqqizhou.com"
220.181.108.157 - - [25/Feb/2026:22:13:12 +0800] "GET /2354/ HTTP/1.1" 301 5 "-" "Mozilla/5.0 (compatible; Baiduspider/2.0; +http://www.baidu.com/search/spider.html)"
220.181.108.169 - - [25/Feb/2026:22:13:12 +0800] "GET /news/2354 HTTP/1.1" 200 24461 "-" "Mozilla/5.0 (compatible; Baiduspider/2.0; +http://www.baidu.com/search/spider.html)"
116.179.37.196 - - [25/Feb/2026:22:13:14 +0800] "GET /wp-content/uploads/2025/12/1765894221-Article20251216211544.webp HTTP/1.1" 200 75768 "http://cqqizhou.com/news/2354" "Mozilla/5.0 (compatible; Baiduspider-render/2.0; +http://www.baidu.com/search/spider.html)"
36.133.115.36 - - [25/Feb/2026:22:14:16 +0800] "POST /wp-cron.php?doing_wp_cron=1772028856.2473230361938476562500 HTTP/1.1" 200 31 "-" "WordPress/6.9; http://cqqizhou.com"
114.119.130.60 - - [25/Feb/2026:22:14:16 +0800] "GET /robots.txt HTTP/1.1" 200 190 "-" "Mozilla/5.0 (compatible;PetalBot;+https://webmaster.petalsearch.com/site/petalbot)"
36.133.115.36 - - [25/Feb/2026:22:16:34 +0800] "POST /wp-cron.php?doing_wp_cron=1772028994.2883989810943603515625 HTTP/1.1" 200 31 "-" "WordPress/6.9; http://cqqizhou.com"
66.249.73.8 - - [25/Feb/2026:22:16:34 +0800] "GET /news/2483 HTTP/1.1" 200 20315 "-" "Mozilla/5.0 (Linux; Android 6.0.1; Nexus 5X Build/MMB29P) AppleWebKit/537.36 (KHTML, like Gecko) Chrome/144.0.7559.132 Mobile Safari/537.36 (compatible; Googlebot/2.1; +http://www.google.com/bot.html)"
36.133.115.36 - - [25/Feb/2026:22:24:53 +0800] "POST /wp-cron.php?doing_wp_cron=1772029493.9427399635314941406250 HTTP/1.1" 200 31 "-" "WordPress/6.9; http://cqqizhou.com"
66.249.73.7 - - [25/Feb/2026:22:24:53 +0800] "GET /news/2475 HTTP/1.1" 200 22674 "-" "Mozilla/5.0 (Linux; Android 6.0.1; Nexus 5X Build/MMB29P) AppleWebKit/537.36 (KHTML, like Gecko) Chrome/144.0.7559.132 Mobile Safari/537.36 (compatible; Googlebot/2.1; +http://www.google.com/bot.html)"
36.133.115.36 - - [25/Feb/2026:22:26:27 +0800] "POST /wp-cron.php?doing_wp_cron=1772029587.7269890308380126953125 HTTP/1.1" 200 31 "-" "WordPress/6.9; http://cqqizhou.com"
43.157.168.43 - - [25/Feb/2026:22:26:27 +0800] "GET / HTTP/1.1" 301 5 "-" "Mozilla/5.0 (iPhone; CPU iPhone OS 13_2_3 like Mac OS X) AppleWebKit/605.1.15 (KHTML, like Gecko) Version/13.0.3 Mobile/15E148 Safari/604.1"
43.157.168.43 - - [25/Feb/2026:22:26:30 +0800] "GET / HTTP/1.1" 200 34806 "http://www.cqqizhou.com" "Mozilla/5.0 (iPhone; CPU iPhone OS 13_2_3 like Mac OS X) AppleWebKit/605.1.15 (KHTML, like Gecko) Version/13.0.3 Mobile/15E148 Safari/604.1"
36.133.115.36 - - [25/Feb/2026:22:33:15 +0800] "POST /wp-cron.php?doing_wp_cron=1772029995.0539970397949218750000 HTTP/1.1" 200 31 "-" "WordPress/6.9; http://cqqizhou.com"
66.249.73.8 - - [25/Feb/2026:22:33:15 +0800] "GET /news/page/1 HTTP/1.1" 301 5 "-" "Mozilla/5.0 (Linux; Android 6.0.1; Nexus 5X Build/MMB29P) AppleWebKit/537.36 (KHTML, like Gecko) Chrome/144.0.7559.132 Mobile Safari/537.36 (compatible; Googlebot/2.1; +http://www.google.com/bot.html)"
36.133.115.36 - - [25/Feb/2026:22:34:55 +0800] "POST /wp-cron.php?doing_wp_cron=1772030095.6655271053314208984375 HTTP/1.1" 200 31 "-" "WordPress/6.9; http://cqqizhou.com"
3.80.221.65 - - [25/Feb/2026:22:34:55 +0800] "GET / HTTP/1.1" 301 5 "-" "Mozilla/5.0 (Windows NT 10.0; Win64; x64) AppleWebKit/537.36 (KHTML, like Gecko) Chrome/136.0.0.0 Safari/537.36"
36.133.115.36 - - [25/Feb/2026:22:43:00 +0800] "POST /wp-cron.php?doing_wp_cron=1772030579.9816019535064697265625 HTTP/1.1" 200 31 "-" "WordPress/6.9; http://cqqizhou.com"
45.153.34.187 - - [25/Feb/2026:22:43:00 +0800] "GET / HTTP/1.1" 200 157069 "-" "Mozilla/5.0"
36.133.115.36 - - [25/Feb/2026:22:45:33 +0800] "POST /wp-cron.php?doing_wp_cron=1772030733.2340290546417236328125 HTTP/1.1" 200 31 "-" "WordPress/6.9; http://cqqizhou.com"
36.133.108.121 - - [25/Feb/2026:22:45:33 +0800] "HEAD /api/gql HTTP/1.1" 404 0 "-" "Mozilla/5.0 (Windows NT 6.2; WOW64) AppleWebKit/537.36 (KHTML, like Gecko) Chrome/30.0.1599.17 Safari/537.36"
36.133.115.36 - - [25/Feb/2026:23:07:57 +0800] "POST /wp-cron.php?doing_wp_cron=1772032077.4092569351196289062500 HTTP/1.1" 200 31 "-" "WordPress/6.9; http://cqqizhou.com"
110.249.202.249 - - [25/Feb/2026:23:07:57 +0800] "GET /robots.txt HTTP/1.1" 200 190 "-" "Mozilla/5.0 (Linux; Android 5.0) AppleWebKit/537.36 (KHTML, like Gecko) Mobile Safari/537.36 (compatible; Bytespider; https://zhanzhang.toutiao.com/)"
36.133.115.36 - - [25/Feb/2026:23:13:35 +0800] "POST /wp-cron.php?doing_wp_cron=1772032415.5312399864196777343750 HTTP/1.1" 200 31 "-" "WordPress/6.9; http://cqqizhou.com"
61.155.157.14 - - [25/Feb/2026:23:13:35 +0800] "GET / HTTP/1.1" 301 5 "-" "Mozilla/5.0 (Windows NT 10.0; Win64; x64) AppleWebKit/537.36 (KHTML, like Gecko) Chrome/100.0.4896.127 Safari/537.36"
61.155.157.14 - - [25/Feb/2026:23:13:35 +0800] "GET / HTTP/1.1" 200 35253 "-" "Mozilla/5.0 (Windows NT 10.0; Win64; x64) AppleWebKit/537.36 (KHTML, like Gecko) Chrome/100.0.4896.127 Safari/537.36"
61.155.157.14 - - [25/Feb/2026:23:13:43 +0800] "GET /wp-content/uploads/2025/07/1751425283-qizhou.kf_.qq_.com_.webp HTTP/1.1" 200 16864 "http://cqqizhou.com/" "Mozilla/5.0 (Windows NT 10.0; Win64; x64) AppleWebKit/537.36 (KHTML, like Gecko) Chrome/100.0.4896.127 Safari/537.36"
61.155.157.14 - - [25/Feb/2026:23:13:43 +0800] "GET /wp-content/uploads/2025/07/1751425283-qizhou.kf_.qq_.com_.webp HTTP/1.1" 200 16864 "http://cqqizhou.com/" "Mozilla/5.0 (Windows NT 10.0; Win64; x64) AppleWebKit/537.36 (KHTML, like Gecko) Chrome/100.0.4896.127 Safari/537.36"
61.155.157.14 - - [25/Feb/2026:23:13:51 +0800] "GET /wp-content/uploads/2025/07/1753454299-Article_images_W900px.webp HTTP/1.1" 200 52418 "http://cqqizhou.com/" "Mozilla/5.0 (Windows NT 10.0; Win64; x64) AppleWebKit/537.36 (KHTML, like Gecko) Chrome/100.0.4896.127 Safari/537.36"
61.155.157.14 - - [25/Feb/2026:23:13:51 +0800] "GET /wp-content/uploads/2026/02/1770617354-Article_images_W900px.webp HTTP/1.1" 200 13634 "http://cqqizhou.com/" "Mozilla/5.0 (Windows NT 10.0; Win64; x64) AppleWebKit/537.36 (KHTML, like Gecko) Chrome/100.0.4896.127 Safari/537.36"
61.155.157.14 - - [25/Feb/2026:23:13:52 +0800] "GET /wp-content/uploads/2026/02/1770341652-2026251Article_images_W900%C3%97500px.webp HTTP/1.1" 200 43300 "http://cqqizhou.com/" "Mozilla/5.0 (Windows NT 10.0; Win64; x64) AppleWebKit/537.36 (KHTML, like Gecko) Chrome/100.0.4896.127 Safari/537.36"
61.155.157.14 - - [25/Feb/2026:23:13:58 +0800] "GET /wp-content/uploads/2026/02/1770617948-Article_images_W900%C3%97500px.webp HTTP/1.1" 200 38890 "http://cqqizhou.com/" "Mozilla/5.0 (Windows NT 10.0; Win64; x64) AppleWebKit/537.36 (KHTML, like Gecko) Chrome/100.0.4896.127 Safari/537.36"
61.155.157.14 - - [25/Feb/2026:23:14:05 +0800] "GET /wp-content/uploads/2026/01/1770349139-202624Article_images_W900%C3%97500px20260-.webp HTTP/1.1" 200 58006 "http://cqqizhou.com/" "Mozilla/5.0 (Windows NT 10.0; Win64; x64) AppleWebKit/537.36 (KHTML, like Gecko) Chrome/100.0.4896.127 Safari/537.36"
36.133.115.36 - - [25/Feb/2026:23:14:14 +0800] "POST /wp-cron.php?doing_wp_cron=1772032454.9591588973999023437500 HTTP/1.1" 200 31 "-" "WordPress/6.9; http://cqqizhou.com"
61.155.157.14 - - [25/Feb/2026:23:14:14 +0800] "GET / HTTP/1.1" 301 5 "-" "Mozilla/5.0 (Windows NT 10.0; Win64; x64) AppleWebKit/537.36 (KHTML, like Gecko) Chrome/100.0.4896.127 Safari/537.36"
61.155.157.14 - - [25/Feb/2026:23:14:15 +0800] "GET / HTTP/1.1" 200 35253 "-" "Mozilla/5.0 (Windows NT 10.0; Win64; x64) AppleWebKit/537.36 (KHTML, like Gecko) Chrome/100.0.4896.127 Safari/537.36"
61.155.157.14 - - [25/Feb/2026:23:14:45 +0800] "GET /wp-content/uploads/2025/07/1751425283-qizhou.kf_.qq_.com_.webp HTTP/1.1" 200 16864 "http://cqqizhou.com/" "Mozilla/5.0 (Windows NT 10.0; Win64; x64) AppleWebKit/537.36 (KHTML, like Gecko) Chrome/100.0.4896.127 Safari/537.36"
61.155.157.14 - - [25/Feb/2026:23:14:55 +0800] "GET / HTTP/1.1" 301 5 "-" "Mozilla/5.0 (Windows NT 10.0; Win64; x64) AppleWebKit/537.36 (KHTML, like Gecko) Chrome/100.0.4896.127 Safari/537.36"
61.155.157.14 - - [25/Feb/2026:23:14:55 +0800] "GET / HTTP/1.1" 200 35253 "-" "Mozilla/5.0 (Windows NT 10.0; Win64; x64) AppleWebKit/537.36 (KHTML, like Gecko) Chrome/100.0.4896.127 Safari/537.36"
61.155.157.14 - - [25/Feb/2026:23:15:16 +0800] "GET /wp-content/uploads/2025/07/1751425283-qizhou.kf_.qq_.com_.webp HTTP/1.1" 200 16864 "http://cqqizhou.com/" "Mozilla/5.0 (Windows NT 10.0; Win64; x64) AppleWebKit/537.36 (KHTML, like Gecko) Chrome/100.0.4896.127 Safari/537.36"
61.155.157.14 - - [25/Feb/2026:23:15:22 +0800] "GET /wp-content/uploads/2025/07/1753454299-Article_images_W900px.webp HTTP/1.1" 200 52418 "http://cqqizhou.com/" "Mozilla/5.0 (Windows NT 10.0; Win64; x64) AppleWebKit/537.36 (KHTML, like Gecko) Chrome/100.0.4896.127 Safari/537.36"
61.155.157.14 - - [25/Feb/2026:23:15:22 +0800] "GET /wp-content/uploads/2026/02/1770617354-Article_images_W900px.webp HTTP/1.1" 200 13634 "http://cqqizhou.com/" "Mozilla/5.0 (Windows NT 10.0; Win64; x64) AppleWebKit/537.36 (KHTML, like Gecko) Chrome/100.0.4896.127 Safari/537.36"
