118.107.26.202 - - [13/Feb/2026:12:05:20 +0800] "GET /sys/webeditor/admin_login.asp HTTP/1.1" 301 5 "-" "Mozilla/5.0 (Fedora; Linux i686; rv:128.0) Gecko/20100101 Firefox/128.0"
118.107.26.202 - - [13/Feb/2026:12:05:21 +0800] "GET /sys/editor/admin_login.asp HTTP/1.1" 301 5 "-" "Mozilla/5.0 (Windows NT 11.0) AppleWebKit/537.36 (KHTML, like Gecko) Safari/112.0 Safari/537.36"
118.107.26.202 - - [13/Feb/2026:12:05:22 +0800] "GET /sys/webedit/admin_login.asp HTTP/1.1" 301 5 "-" "Mozilla/5.0 (Ubuntu; Linux i686) AppleWebKit/537.36 (KHTML, like Gecko) Chrome/124.0.0.0 Safari/537.36"
118.107.26.202 - - [13/Feb/2026:12:05:22 +0800] "GET /sys/edit/admin_login.asp HTTP/1.1" 301 5 "-" "Mozilla/5.0 (ZZ; Linux x86_64) AppleWebKit/537.36 (KHTML, like Gecko) Chrome/119.0.0.0 Safari/537.36"
118.107.26.202 - - [13/Feb/2026:12:05:23 +0800] "GET /system/ewebeditor/admin_login.asp HTTP/1.1" 301 5 "-" "Mozilla/5.0 (Windows NT 10.0) AppleWebKit/537.36 (KHTML, like Gecko) Safari/105.0 Safari/537.36"
118.107.26.202 - - [13/Feb/2026:12:05:24 +0800] "GET /system/webeditor/admin_login.asp HTTP/1.1" 301 5 "-" "Mozilla/5.0 (Macintosh; Intel Mac OS X 14_7_4) AppleWebKit/605.1.15 (KHTML, like Gecko) Version/18.3 Safari/605.1.15"
118.107.26.202 - - [13/Feb/2026:12:05:24 +0800] "GET /system/editor/admin_login.asp HTTP/1.1" 301 5 "-" "Mozilla/5.0 (Macintosh; Intel Mac OS X 10_9_5) AppleWebKit/600.1.17 (KHTML, like Gecko) Version/7.1 Safari/537.85.10"
118.107.26.202 - - [13/Feb/2026:12:05:25 +0800] "GET /system/eweb/admin_login.asp HTTP/1.1" 301 5 "-" "Mozilla/5.0 (Macintosh; Intel Mac OS X 10_15_7) AppleWebKit/605.1.15 (KHTML, like Gecko) Version/17.4.1 Safari/605.1.15"
118.107.26.202 - - [13/Feb/2026:12:05:26 +0800] "GET /system/edit/admin_login.asp HTTP/1.1" 301 5 "-" "Mozilla/5.0 (Fedora; Linux x86_64) AppleWebKit/537.36 (KHTML, like Gecko) Chrome/133.0.0.0 Safari/537.36"
118.107.26.202 - - [13/Feb/2026:12:05:27 +0800] "GET /ht/ewebeditor/admin_login.asp HTTP/1.1" 301 5 "-" "Mozilla/5.0 (Knoppix; Linux x86_64; rv:120.0) Gecko/20100101 Firefox/120.0"
118.107.26.202 - - [13/Feb/2026:12:05:27 +0800] "GET /ht/webeditor/admin_login.asp HTTP/1.1" 301 5 "-" "Mozilla/5.0 (Macintosh; Intel Mac OS X 14_0) AppleWebKit/605.1.15 (KHTML, like Gecko) Version/17.0 Safari/605.1.15"
118.107.26.202 - - [13/Feb/2026:12:05:28 +0800] "GET /ht/editor/admin_login.asp HTTP/1.1" 301 5 "-" "Mozilla/5.0 (Macintosh; Intel Mac OS X 10_15_7) AppleWebKit/605.1.15 (KHTML, like Gecko) Version/16.0 Safari/605.1.15"
118.107.26.202 - - [13/Feb/2026:12:05:30 +0800] "GET /ht/edit/admin_login.asp HTTP/1.1" 301 5 "-" "Mozilla/5.0 (Macintosh; Intel Mac OS X 10_15_7) AppleWebKit/537.36 (KHTML, like Gecko) Chrome/120.0.0.0 Safari/537.36"
118.107.26.202 - - [13/Feb/2026:12:05:30 +0800] "GET /ht/eweb/admin_login.asp HTTP/1.1" 301 5 "-" "Mozilla/5.0 (Windows; U; Windows NT 6.0; fr-FR) AppleWebKit/528.16 (KHTML, like Gecko) Version/4.0 Safari/528.16"
118.107.26.202 - - [13/Feb/2026:12:05:31 +0800] "GET /ht/webedit/admin_login.asp HTTP/1.1" 301 5 "-" "Mozilla/5.0 (Mac OS X 13_2) AppleWebKit/537.36 (KHTML, like Gecko) Edge/121.0 Safari/537.36"
118.107.26.202 - - [13/Feb/2026:12:05:32 +0800] "GET /boss/webedit/admin_login.asp HTTP/1.1" 301 5 "-" "Mozilla/5.0 (Knoppix; Linux i686; rv:133.0) Gecko/20100101 Firefox/133.0"
118.107.26.202 - - [13/Feb/2026:12:05:33 +0800] "GET /boss/ewebeditor/admin_login.asp HTTP/1.1" 301 5 "-" "Mozilla/5.0 (X11; Linux i686; rv:124.0) Gecko/20100101 Firefox/124.0"
118.107.26.202 - - [13/Feb/2026:12:05:33 +0800] "GET /boss/webeditor/admin_login.asp HTTP/1.1" 301 5 "-" "Mozilla/5.0 (Mac OS X 13_2) AppleWebKit/537.36 (KHTML, like Gecko) Edge/113.0 Safari/537.36"
118.107.26.202 - - [13/Feb/2026:12:05:34 +0800] "GET /boss/edit/admin_login.asp HTTP/1.1" 301 5 "-" "Mozilla/5.0 (Fedora; Linux i686; rv:123.0) Gecko/20100101 Firefox/123.0"
118.107.26.202 - - [13/Feb/2026:12:05:35 +0800] "GET /boss/editor/admin_login.asp HTTP/1.1" 301 5 "-" "Mozilla/5.0 (Knoppix; Linux i686) AppleWebKit/537.36 (KHTML, like Gecko) Chrome/133.0.0.0 Safari/537.36"
118.107.26.202 - - [13/Feb/2026:12:05:35 +0800] "GET /webadmin/ewebeditor/admin_login.asp HTTP/1.1" 301 5 "-" "Mozilla/5.0 (X11; Linux x86_64) AppleWebKit/537.36 (KHTML, like Gecko) Chrome/103.0.0.0 Safari/537.36"
118.107.26.202 - - [13/Feb/2026:12:05:36 +0800] "GET /webadmin/webedit/admin_login.asp HTTP/1.1" 301 5 "-" "Mozilla/5.0 (Windows NT 6.1; Win64; x64; rv:109.0) Gecko/20100101 Firefox/115.0"
118.107.26.202 - - [13/Feb/2026:12:05:37 +0800] "GET /webadmin/ewebedit/admin_login.asp HTTP/1.1" 301 5 "-" "Mozilla/5.0 (ZZ; Linux x86_64) AppleWebKit/537.36 (KHTML, like Gecko) Chrome/132.0.0.0 Safari/537.36"
118.107.26.202 - - [13/Feb/2026:12:05:37 +0800] "GET /webadmin/edit/admin_login.asp HTTP/1.1" 301 5 "-" "Mozilla/5.0 (ZZ; Linux i686; rv:121.0) Gecko/20100101 Firefox/121.0"
118.107.26.202 - - [13/Feb/2026:12:05:38 +0800] "GET /webadmin/webeditor/admin_login.asp HTTP/1.1" 301 5 "-" "Mozilla/5.0 (Kubuntu; Linux x86_64; rv:120.0) Gecko/20100101 Firefox/120.0"
118.107.26.202 - - [13/Feb/2026:12:05:39 +0800] "GET /houtai/webeditor/admin_login.asp HTTP/1.1" 301 5 "-" "Mozilla/5.0 (Fedora; Linux x86_64) AppleWebKit/537.36 (KHTML, like Gecko) Chrome/123.0.0.0 Safari/537.36"
118.107.26.202 - - [13/Feb/2026:12:05:39 +0800] "GET /houtai/ewebeditor/admin_login.asp HTTP/1.1" 301 5 "-" "Mozilla/5.0 (Windows NT 10.0; Win64; x64; rv:124.0) Gecko/20100101 Firefox/124.0"
118.107.26.202 - - [13/Feb/2026:12:05:40 +0800] "GET /houtai/editor/admin_login.asp HTTP/1.1" 301 5 "-" "Mozilla/5.0 (Macintosh; Intel Mac OS X 10_15_7) AppleWebKit/605.1.15 (KHTML, like Gecko) Version/18.0.1 Mobile/15E148 Safari/604.1"
118.107.26.202 - - [13/Feb/2026:12:05:41 +0800] "GET /houtai/edit/admin_login.asp HTTP/1.1" 301 5 "-" "Mozilla/5.0 (SS; Linux x86_64; rv:128.0) Gecko/20100101 Firefox/128.0"
118.107.26.202 - - [13/Feb/2026:12:05:41 +0800] "GET /houtai/ewebedit/admin_login.asp HTTP/1.1" 301 5 "-" "Mozilla/5.0 (Debian; Linux i686; rv:127.0) Gecko/20100101 Firefox/127.0"
118.107.26.202 - - [13/Feb/2026:12:05:42 +0800] "GET /manage/ewebeditor/admin/login.asp HTTP/1.1" 301 5 "-" "Mozilla/5.0 (Kubuntu; Linux x86_64) AppleWebKit/537.36 (KHTML, like Gecko) Chrome/122.0.0.0 Safari/537.36"
118.107.26.202 - - [13/Feb/2026:12:05:43 +0800] "GET /bm/ed/admin/login.asp HTTP/1.1" 301 5 "-" "Mozilla/5.0 (SS; Linux x86_64) AppleWebKit/537.36 (KHTML, like Gecko) Chrome/118.0.0.0 Safari/537.36"
118.107.26.202 - - [13/Feb/2026:12:05:44 +0800] "GET /edit/admin/login.asp HTTP/1.1" 301 5 "-" "Mozilla/5.0 (Windows; U; Windows NT 6.0; fr-FR) AppleWebKit/528.16 (KHTML, like Gecko) Version/4.0 Safari/528.16"
118.107.26.202 - - [13/Feb/2026:12:05:44 +0800] "GET /ewebeditor/admin/login.asp HTTP/1.1" 301 5 "-" "Mozilla/5.0 (Kubuntu; Linux x86_64; rv:120.0) Gecko/20100101 Firefox/120.0"
118.107.26.202 - - [13/Feb/2026:12:05:45 +0800] "GET /admin/edit/admin/login.asp HTTP/1.1" 301 5 "-" "Mozilla/5.0 (Mac OS X 13_2) AppleWebKit/537.36 (KHTML, like Gecko) Safari/108.0 Safari/537.36"
118.107.26.202 - - [13/Feb/2026:12:05:46 +0800] "GET /admin/editor/admin/login.asp HTTP/1.1" 301 5 "-" "Mozilla/5.0 (Ubuntu; Linux i686) AppleWebKit/537.36 (KHTML, like Gecko) Chrome/126.0.0.0 Safari/537.36"
118.107.26.202 - - [13/Feb/2026:12:05:46 +0800] "GET /admin/ewebeditor/admin/login.asp HTTP/1.1" 301 5 "-" "Mozilla/5.0 (CentOS; Linux i686; rv:127.0) Gecko/20100101 Firefox/127.0"
118.107.26.202 - - [13/Feb/2026:12:05:47 +0800] "GET /admin/webeditor/admin/login.asp HTTP/1.1" 301 5 "-" "Mozilla/5.0 (Macintosh; Intel Mac OS X 11_3) AppleWebKit/605.1.15 (KHTML, like Gecko) Version/14.1 Safari/605.1.15"
118.107.26.202 - - [13/Feb/2026:12:05:48 +0800] "GET /webeditor/admin/login.asp HTTP/1.1" 301 5 "-" "Mozilla/5.0 (Debian; Linux i686; rv:131.0) Gecko/20100101 Firefox/131.0"
118.107.26.202 - - [13/Feb/2026:12:05:48 +0800] "GET /editor/admin/login.asp HTTP/1.1" 301 5 "-" "Mozilla/5.0 (Macintosh; Intel Mac OS X 10_15_7) AppleWebKit/605.1.15 (KHTML, like Gecko) Version/17.3.1 Safari/605.1.1"
118.107.26.202 - - [13/Feb/2026:12:05:49 +0800] "GET /manage/editor/admin/login.asp HTTP/1.1" 301 5 "-" "Mozilla/5.0 (Macintosh; Intel Mac OS X 10_15_7) AppleWebKit/537.36 (KHTML, like Gecko) Chrome/131.0.0.0 Safari/537.36"
118.107.26.202 - - [13/Feb/2026:12:05:50 +0800] "GET /manage/webeditor/admin/login.asp HTTP/1.1" 301 5 "-" "Mozilla/5.0 (Macintosh; Intel Mac OS X 14_0) AppleWebKit/605.1.15 (KHTML, like Gecko) Version/18.0 Safari/605.1.15"
118.107.26.202 - - [13/Feb/2026:12:05:50 +0800] "GET /manager/webeditor/admin/login.asp HTTP/1.1" 301 5 "-" "Mozilla/5.0 (CentOS; Linux i686) AppleWebKit/537.36 (KHTML, like Gecko) Chrome/126.0.0.0 Safari/537.36"
118.107.26.202 - - [13/Feb/2026:12:05:51 +0800] "GET /manager/ewebeditor/admin/login.asp HTTP/1.1" 301 5 "-" "Mozilla/5.0 (Windows NT 10.0) AppleWebKit/537.36 (KHTML, like Gecko) Safari/103.0 Safari/537.36"
118.107.26.202 - - [13/Feb/2026:12:05:52 +0800] "GET /manager/editor/admin/login.asp HTTP/1.1" 301 5 "-" "Mozilla/5.0 (ZZ; Linux i686) AppleWebKit/537.36 (KHTML, like Gecko) Chrome/128.0.0.0 Safari/537.36"
118.107.26.202 - - [13/Feb/2026:12:05:52 +0800] "GET /manager/edit/admin/login.asp HTTP/1.1" 301 5 "-" "Mozilla/5.0 (SS; Linux x86_64) AppleWebKit/537.36 (KHTML, like Gecko) Chrome/121.0.0.0 Safari/537.36"
118.107.26.202 - - [13/Feb/2026:12:05:53 +0800] "GET /manager/webedit/admin/login.asp HTTP/1.1" 301 5 "-" "Mozilla/5.0 (Windows NT 10.0; Win64; x64; rv:105.0) Gecko/20100101 Firefox/105.0"
118.107.26.202 - - [13/Feb/2026:12:05:54 +0800] "GET /edit/admin/login.asp HTTP/1.1" 301 5 "-" "Mozilla/5.0 (Ubuntu; Linux i686) AppleWebKit/537.36 (KHTML, like Gecko) Chrome/120.0.0.0 Safari/537.36"
118.107.26.202 - - [13/Feb/2026:12:05:54 +0800] "GET /manage/edit/admin/login.asp HTTP/1.1" 301 5 "-" "Mozilla/5.0 (Fedora; Linux x86_64) AppleWebKit/537.36 (KHTML, like Gecko) Chrome/132.0.0.0 Safari/537.36"
118.107.26.202 - - [13/Feb/2026:12:05:55 +0800] "GET /adm/ewebeditor/admin/login.asp HTTP/1.1" 301 5 "-" "Mozilla/5.0 (Debian; Linux x86_64) AppleWebKit/537.36 (KHTML, like Gecko) Chrome/134.0.0.0 Safari/537.36"
118.107.26.202 - - [13/Feb/2026:12:05:56 +0800] "GET /adm/webeditor/admin/login.asp HTTP/1.1" 301 5 "-" "Mozilla/5.0 (Ubuntu; Linux i686) AppleWebKit/537.36 (KHTML, like Gecko) Chrome/119.0.0.0 Safari/537.36"
118.107.26.202 - - [13/Feb/2026:12:05:56 +0800] "GET /adm/editor/admin/login.asp HTTP/1.1" 301 5 "-" "Mozilla/5.0 (X11; Linux x86_64; rv:126.0) Gecko/20100101 Firefox/126.0"
118.107.26.202 - - [13/Feb/2026:12:05:57 +0800] "GET /adm/edit/admin/login.asp HTTP/1.1" 301 5 "-" "Mozilla/5.0 (Macintosh; Intel Mac OS X 10_15_7) AppleWebKit/605.1.15 (KHTML, like Gecko) Version/18.4 Mobile/15E148 Safari/604.1"
118.107.26.202 - - [13/Feb/2026:12:05:58 +0800] "GET /admin/Southidceditor/admin/login.asp HTTP/1.1" 301 5 "-" "Mozilla/5.0 (SS; Linux x86_64; rv:135.0) Gecko/20100101 Firefox/135.0"
118.107.26.202 - - [13/Feb/2026:12:05:58 +0800] "GET /sys/ewebeditor/admin/login.asp HTTP/1.1" 301 5 "-" "Mozilla/5.0 (SS; Linux x86_64) AppleWebKit/537.36 (KHTML, like Gecko) Chrome/132.0.0.0 Safari/537.36"
118.107.26.202 - - [13/Feb/2026:12:05:59 +0800] "GET /sys/webeditor/admin/login.asp HTTP/1.1" 301 5 "-" "Mozilla/5.0 (Macintosh; Intel Mac OS X 10_15_7) AppleWebKit/605.1.15 (KHTML, like Gecko) Version/15.6.1 Safari/605.1.15"
118.107.26.202 - - [13/Feb/2026:12:06:00 +0800] "GET /sys/editor/admin/login.asp HTTP/1.1" 301 5 "-" "Mozilla/5.0 (Debian; Linux i686) AppleWebKit/537.36 (KHTML, like Gecko) Chrome/118.0.0.0 Safari/537.36"
118.107.26.202 - - [13/Feb/2026:12:06:00 +0800] "GET /sys/webedit/admin/login.asp HTTP/1.1" 301 5 "-" "Mozilla/5.0 (Fedora; Linux i686; rv:124.0) Gecko/20100101 Firefox/124.0"
118.107.26.202 - - [13/Feb/2026:12:06:01 +0800] "GET /sys/edit/admin/login.asp HTTP/1.1" 301 5 "-" "Mozilla/5.0 (SS; Linux i686) AppleWebKit/537.36 (KHTML, like Gecko) Chrome/119.0.0.0 Safari/537.36"
118.107.26.202 - - [13/Feb/2026:12:06:02 +0800] "GET /system/ewebeditor/admin/login.asp HTTP/1.1" 301 5 "-" "Mozilla/5.0 (Macintosh; Intel Mac OS X 10_15_7) AppleWebKit/537.36 (KHTML, like Gecko) Chrome/115.0.0.0 Safari/537.36"
118.107.26.202 - - [13/Feb/2026:12:06:02 +0800] "GET /system/webeditor/admin/login.asp HTTP/1.1" 301 5 "-" "Mozilla/5.0 (Knoppix; Linux x86_64; rv:133.0) Gecko/20100101 Firefox/133.0"
118.107.26.202 - - [13/Feb/2026:12:06:03 +0800] "GET /system/editor/admin/login.asp HTTP/1.1" 301 5 "-" "Mozilla/5.0 (Debian; Linux i686; rv:134.0) Gecko/20100101 Firefox/134.0"
118.107.26.202 - - [13/Feb/2026:12:06:04 +0800] "GET /system/eweb/admin/login.asp HTTP/1.1" 301 5 "-" "Mozilla/5.0 (Mac OS X 13_2) AppleWebKit/537.36 (KHTML, like Gecko) Safari/102.0 Safari/537.36"
118.107.26.202 - - [13/Feb/2026:12:06:05 +0800] "GET /system/edit/admin/login.asp HTTP/1.1" 301 5 "-" "Mozilla/5.0 (Windows NT 11.0) AppleWebKit/537.36 (KHTML, like Gecko) Safari/107.0 Safari/537.36"
118.107.26.202 - - [13/Feb/2026:12:06:05 +0800] "GET /ht/ewebeditor/admin/login.asp HTTP/1.1" 301 5 "-" "Mozilla/5.0 (Macintosh, Intel Mac OS X 10_15_7) AppleWebKit/605.1.15 (KHTML, like Gecko) Version/17.10 Safari/605.1.15"
118.107.26.202 - - [13/Feb/2026:12:06:06 +0800] "GET /ht/webeditor/admin/login.asp HTTP/1.1" 301 5 "-" "Mozilla/5.0 (Kubuntu; Linux i686; rv:133.0) Gecko/20100101 Firefox/133.0"
118.107.26.202 - - [13/Feb/2026:12:06:07 +0800] "GET /ht/editor/admin/login.asp HTTP/1.1" 301 5 "-" "Mozilla/5.0 (Macintosh; Intel Mac OS X 14_7_3) AppleWebKit/605.1.15 (KHTML, like Gecko) Version/18.3 Safari/605.1.15"
118.107.26.202 - - [13/Feb/2026:12:06:07 +0800] "GET /ht/edit/admin/login.asp HTTP/1.1" 301 5 "-" "Mozilla/5.0 (Ubuntu; Linux x86_64) AppleWebKit/537.36 (KHTML, like Gecko) Chrome/123.0.0.0 Safari/537.36"
36.133.115.36 - - [13/Feb/2026:12:06:08 +0800] "POST /wp-cron.php?doing_wp_cron=1770955568.3147609233856201171875 HTTP/1.1" 200 31 "-" "WordPress/6.9; http://cqqizhou.com"
118.107.26.202 - - [13/Feb/2026:12:06:08 +0800] "GET /ht/eweb/admin/login.asp HTTP/1.1" 301 5 "-" "Mozilla/5.0 (Ubuntu; Linux x86_64; rv:126.0) Gecko/20100101 Firefox/126.0"
118.107.26.202 - - [13/Feb/2026:12:06:09 +0800] "GET /ht/webedit/admin/login.asp HTTP/1.1" 301 5 "-" "Mozilla/5.0 (Macintosh; Intel Mac OS X 10_15_7) AppleWebKit/605.1.15 (KHTML, like Gecko) Version/17.1 Safari/605.1.15"
118.107.26.202 - - [13/Feb/2026:12:06:09 +0800] "GET /boss/webedit/admin/login.asp HTTP/1.1" 301 5 "-" "Mozilla/5.0 (Windows NT 10.0; Win64; x64) AppleWebKit/537.36 (KHTML, like Gecko) Chrome/42.0.2311.135 Safari/537.36 Edge/12.10240"
118.107.26.202 - - [13/Feb/2026:12:06:10 +0800] "GET /boss/ewebeditor/admin/login.asp HTTP/1.1" 301 5 "-" "Mozilla/5.0 (Macintosh; Intel Mac OS X 10_15_7) AppleWebKit/605.1.15 (KHTML, like Gecko) Version/14.1.1 Safari/605.1.15"
118.107.26.202 - - [13/Feb/2026:12:06:11 +0800] "GET /boss/webeditor/admin/login.asp HTTP/1.1" 301 5 "-" "Mozilla/5.0 (Windows NT 10.0; Win64; x64) AppleWebKit/537.36 (KHTML, like Gecko) Chrome/58.0.3029.110 Safari/537.3"
118.107.26.202 - - [13/Feb/2026:12:06:11 +0800] "GET /boss/edit/admin/login.asp HTTP/1.1" 301 5 "-" "Mozilla/5.0 (X11; CrOS x86_64 14541.0.0) AppleWebKit/537.36 (KHTML, like Gecko) Chrome/126.0.0.0 Safari/537.36"
118.107.26.202 - - [13/Feb/2026:12:06:12 +0800] "GET /boss/editor/admin/login.asp HTTP/1.1" 301 5 "-" "Mozilla/5.0 (ZZ; Linux i686; rv:132.0) Gecko/20100101 Firefox/132.0"
118.107.26.202 - - [13/Feb/2026:12:06:13 +0800] "GET /webadmin/ewebeditor/admin/login.asp HTTP/1.1" 301 5 "-" "Mozilla/5.0 (Macintosh; Intel Mac OS X 14_0) AppleWebKit/605.1.15 (KHTML, like Gecko) Version/18.0 Safari/605.1.15"
118.107.26.202 - - [13/Feb/2026:12:06:13 +0800] "GET /webadmin/webedit/admin/login.asp HTTP/1.1" 301 5 "-" "Mozilla/5.0 (Macintosh; Intel Mac OS X 10_15_7) AppleWebKit/605.1.15 (KHTML, like Gecko) Version/14.1 Safari/605.1.15"
118.107.26.202 - - [13/Feb/2026:12:06:14 +0800] "GET /webadmin/ewebedit/admin/login.asp HTTP/1.1" 301 5 "-" "Mozilla/5.0 (Macintosh; Intel Mac OS X 10_15_6) AppleWebKit/605.1.15 (KHTML, like Gecko) Version/14.0.2 Safari/605.1.15"
118.107.26.202 - - [13/Feb/2026:12:06:15 +0800] "GET /webadmin/edit/admin/login.asp HTTP/1.1" 301 5 "-" "Mozilla/5.0 (CentOS; Linux x86_64) AppleWebKit/537.36 (KHTML, like Gecko) Chrome/121.0.0.0 Safari/537.36"
118.107.26.202 - - [13/Feb/2026:12:06:15 +0800] "GET /webadmin/webeditor/admin/login.asp HTTP/1.1" 301 5 "-" "Mozilla/5.0 (Knoppix; Linux x86_64) AppleWebKit/537.36 (KHTML, like Gecko) Chrome/123.0.0.0 Safari/537.36"
118.107.26.202 - - [13/Feb/2026:12:06:16 +0800] "GET /houtai/webeditor/admin/login.asp HTTP/1.1" 301 5 "-" "Mozilla/5.0 (X11; Linux x86_64) AppleWebKit/537.36 (KHTML, like Gecko) Chrome/118.0.0.0 Safari/537.36"
118.107.26.202 - - [13/Feb/2026:12:06:17 +0800] "GET /houtai/ewebeditor/admin/login.asp HTTP/1.1" 301 5 "-" "Mozilla/5.0 (Debian; Linux x86_64) AppleWebKit/537.36 (KHTML, like Gecko) Chrome/132.0.0.0 Safari/537.36"
118.107.26.202 - - [13/Feb/2026:12:06:17 +0800] "GET /houtai/editor/admin/login.asp HTTP/1.1" 301 5 "-" "Mozilla/5.0 (Ubuntu; Linux i686; rv:121.0) Gecko/20100101 Firefox/121.0"
118.107.26.202 - - [13/Feb/2026:12:06:18 +0800] "GET /houtai/edit/admin/login.asp HTTP/1.1" 301 5 "-" "Mozilla/5.0 (Debian; Linux i686; rv:123.0) Gecko/20100101 Firefox/123.0"
118.107.26.202 - - [13/Feb/2026:12:06:19 +0800] "GET /houtai/ewebedit/admin/login.asp HTTP/1.1" 301 5 "-" "Mozilla/5.0 (Fedora; Linux x86_64; rv:120.0) Gecko/20100101 Firefox/120.0"
36.133.115.36 - - [13/Feb/2026:12:11:04 +0800] "POST /wp-cron.php?doing_wp_cron=1770955864.6448099613189697265625 HTTP/1.1" 200 31 "-" "WordPress/6.9; http://cqqizhou.com"
54.37.118.68 - - [13/Feb/2026:12:11:04 +0800] "GET /news/2420 HTTP/1.1" 200 23512 "-" "Mozilla/5.0 (compatible; AhrefsBot/7.0; +http://ahrefs.com/robot/)"
36.133.115.36 - - [13/Feb/2026:12:11:53 +0800] "POST /wp-cron.php?doing_wp_cron=1770955913.8612849712371826171875 HTTP/1.1" 200 31 "-" "WordPress/6.9; http://cqqizhou.com"
87.121.84.15 - - [13/Feb/2026:12:11:54 +0800] "GET / HTTP/1.1" 200 157069 "-" "-"
36.133.115.36 - - [13/Feb/2026:12:22:01 +0800] "POST /wp-cron.php?doing_wp_cron=1770956521.0302751064300537109375 HTTP/1.1" 200 31 "-" "WordPress/6.9; http://cqqizhou.com"
65.49.1.66 - - [13/Feb/2026:12:22:01 +0800] "GET / HTTP/1.1" 301 5 "-" "Mozilla/5.0 (Windows NT 10.0; WOW64) AppleWebKit/537.36 (KHTML, like Gecko) Chrome/116.0.0.0 Safari/537.36"
36.133.115.36 - - [13/Feb/2026:12:23:10 +0800] "POST /wp-cron.php?doing_wp_cron=1770956590.4171659946441650390625 HTTP/1.1" 200 31 "-" "WordPress/6.9; http://cqqizhou.com"
65.49.1.66 - - [13/Feb/2026:12:23:10 +0800] "GET /webui/ HTTP/1.1" 404 8948 "-" "Mozilla/5.0 (Windows NT 10.0; Win64; x64) AppleWebKit/537.36 (KHTML, like Gecko) Chrome/108.0.0.0 Safari/537.36 OPR/94.0.0.0"
85.214.10.56 - - [13/Feb/2026:12:23:31 +0800] "POST /xmlrpc.php HTTP/1.1" 200 217 "-" "Mozilla/5.0 (Windows NT 10.0; Win64; x64; rv:143.0) Gecko/20100101 Firefox/143.0"
65.49.1.70 - - [13/Feb/2026:12:23:40 +0800] "GET / HTTP/1.1" 301 5 "-" "Mozilla/5.0 (Windows NT 10.0; Win64; x64) AppleWebKit/537.36 (KHTML, like Gecko) Chrome/108.0.0.0 Safari/537.36 OPR/94.0.0.0"
65.49.1.79 - - [13/Feb/2026:12:23:42 +0800] "GET / HTTP/1.1" 499 0 "http://36.133.115.36/" "Mozilla/5.0 (Windows NT 10.0; Win64; x64) AppleWebKit/537.36 (KHTML, like Gecko) Chrome/108.0.0.0 Safari/537.36 OPR/94.0.0.0"
36.133.115.36 - - [13/Feb/2026:12:25:21 +0800] "POST /wp-cron.php?doing_wp_cron=1770956721.5429389476776123046875 HTTP/1.1" 200 31 "-" "WordPress/6.9; http://cqqizhou.com"
65.49.1.66 - - [13/Feb/2026:12:25:21 +0800] "GET /geoserver/web/ HTTP/1.1" 404 8949 "-" "Mozilla/5.0 (Windows NT 10.0; WOW64) AppleWebKit/537.36 (KHTML, like Gecko) Chrome/116.0.0.0 Safari/537.36"
43.166.255.122 - - [13/Feb/2026:12:25:25 +0800] "GET / HTTP/1.1" 200 34807 "-" "Mozilla/5.0 (iPhone; CPU iPhone OS 13_2_3 like Mac OS X) AppleWebKit/605.1.15 (KHTML, like Gecko) Version/13.0.3 Mobile/15E148 Safari/604.1"
36.133.115.36 - - [13/Feb/2026:12:32:02 +0800] "POST /wp-cron.php?doing_wp_cron=1770957122.7943780422210693359375 HTTP/1.1" 200 31 "-" "WordPress/6.9; http://cqqizhou.com"
87.120.191.67 - - [13/Feb/2026:12:32:03 +0800] "POST / HTTP/1.1" 200 34807 "-" "Mozilla/5.0 (Windows NT 10.0; Win64; x64) AppleWebKit/537.36"
36.133.115.36 - - [13/Feb/2026:12:41:41 +0800] "POST /wp-cron.php?doing_wp_cron=1770957701.4856410026550292968750 HTTP/1.1" 200 31 "-" "WordPress/6.9; http://cqqizhou.com"
51.68.247.197 - - [13/Feb/2026:12:41:41 +0800] "GET /news/portfolio-category/remaining-rolls HTTP/1.1" 200 21105 "-" "Mozilla/5.0 (compatible; AhrefsBot/7.0; +http://ahrefs.com/robot/)"
36.133.115.36 - - [13/Feb/2026:13:00:27 +0800] "POST /wp-cron.php?doing_wp_cron=1770958827.1770370006561279296875 HTTP/1.1" 200 31 "-" "WordPress/6.9; http://cqqizhou.com"
51.68.111.212 - - [13/Feb/2026:13:00:27 +0800] "GET /robots.txt HTTP/1.1" 200 190 "-" "Mozilla/5.0 (compatible; MJ12bot/v2.0.4; http://mj12bot.com/)"
51.68.111.212 - - [13/Feb/2026:13:00:27 +0800] "GET / HTTP/1.1" 200 35253 "-" "Mozilla/5.0 (compatible; MJ12bot/v2.0.4; http://mj12bot.com/)"
36.133.115.36 - - [13/Feb/2026:13:07:46 +0800] "POST /wp-cron.php?doing_wp_cron=1770959266.3553531169891357421875 HTTP/1.1" 200 31 "-" "WordPress/6.9; http://cqqizhou.com"
66.249.74.9 - - [13/Feb/2026:13:07:46 +0800] "GET /news/2502 HTTP/1.1" 200 20617 "-" "Mozilla/5.0 (Linux; Android 6.0.1; Nexus 5X Build/MMB29P) AppleWebKit/537.36 (KHTML, like Gecko) Chrome/144.0.7559.132 Mobile Safari/537.36 (compatible; Googlebot/2.1; +http://www.google.com/bot.html)"
36.133.115.36 - - [13/Feb/2026:13:10:17 +0800] "POST /wp-cron.php?doing_wp_cron=1770959417.5943410396575927734375 HTTP/1.1" 200 31 "-" "WordPress/6.9; http://cqqizhou.com"
92.222.108.125 - - [13/Feb/2026:13:10:17 +0800] "GET /news/portfolio-category/hot-dip-galvanized-coil HTTP/1.1" 200 21136 "-" "Mozilla/5.0 (compatible; AhrefsBot/7.0; +http://ahrefs.com/robot/)"
36.133.115.36 - - [13/Feb/2026:13:19:08 +0800] "POST /wp-cron.php?doing_wp_cron=1770959948.3624360561370849609375 HTTP/1.1" 200 31 "-" "WordPress/6.9; http://cqqizhou.com"
90.156.142.31 - - [13/Feb/2026:13:19:08 +0800] "POST /xmlrpc.php HTTP/1.1" 200 217 "-" "Mozilla/5.0 (Windows NT 10.0; WOW64) AppleWebKit/537.36 (KHTML, like Gecko) Chrome/139.0.0.0 Safari/537.36"
92.222.108.101 - - [13/Feb/2026:13:19:32 +0800] "GET /news/portfolio-category/dual-phase-steel HTTP/1.1" 200 21138 "-" "Mozilla/5.0 (compatible; AhrefsBot/7.0; +http://ahrefs.com/robot/)"
36.133.115.36 - - [13/Feb/2026:13:42:54 +0800] "POST /wp-cron.php?doing_wp_cron=1770961374.4526560306549072265625 HTTP/1.1" 200 31 "-" "WordPress/6.9; http://cqqizhou.com"
51.68.107.148 - - [13/Feb/2026:13:42:54 +0800] "GET /robots.txt HTTP/1.1" 301 5 "-" "Mozilla/5.0 (compatible; MJ12bot/v2.0.4; http://mj12bot.com/)"
51.68.107.148 - - [13/Feb/2026:13:42:55 +0800] "GET /robots.txt HTTP/1.1" 200 190 "-" "Mozilla/5.0 (compatible; MJ12bot/v2.0.4; http://mj12bot.com/)"
51.68.107.148 - - [13/Feb/2026:13:42:56 +0800] "GET / HTTP/1.1" 301 5 "-" "Mozilla/5.0 (compatible; MJ12bot/v2.0.4; http://mj12bot.com/)"
51.68.107.148 - - [13/Feb/2026:13:42:57 +0800] "GET / HTTP/1.1" 200 35253 "-" "Mozilla/5.0 (compatible; MJ12bot/v2.0.4; http://mj12bot.com/)"
36.133.115.36 - - [13/Feb/2026:13:48:19 +0800] "POST /wp-cron.php?doing_wp_cron=1770961699.6393229961395263671875 HTTP/1.1" 200 31 "-" "WordPress/6.9; http://cqqizhou.com"
89.42.231.200 - - [13/Feb/2026:13:48:19 +0800] "GET /SDK/webLanguage HTTP/1.1" 301 5 "-" "Mozilla/5.0 (Windows NT 10.0; Win64; x64) AppleWebKit/537.36 (KHTML, like Gecko) Chrome/90.0.4430.85 Safari/537.36 Edg/90.0.818.46"
36.133.115.36 - - [13/Feb/2026:13:53:33 +0800] "POST /wp-cron.php?doing_wp_cron=1770962013.4756579399108886718750 HTTP/1.1" 200 31 "-" "WordPress/6.9; http://cqqizhou.com"
51.75.236.136 - - [13/Feb/2026:13:53:33 +0800] "GET /news/portfolio-category/cold-rolled-coil HTTP/1.1" 200 21147 "-" "Mozilla/5.0 (compatible; AhrefsBot/7.0; +http://ahrefs.com/robot/)"
36.133.115.36 - - [13/Feb/2026:14:10:24 +0800] "POST /wp-cron.php?doing_wp_cron=1770963024.6751859188079833984375 HTTP/1.1" 200 31 "-" "WordPress/6.9; http://cqqizhou.com"
43.164.197.209 - - [13/Feb/2026:14:10:24 +0800] "GET / HTTP/1.1" 200 34806 "-" "Mozilla/5.0 (iPhone; CPU iPhone OS 13_2_3 like Mac OS X) AppleWebKit/605.1.15 (KHTML, like Gecko) Version/13.0.3 Mobile/15E148 Safari/604.1"
36.133.115.36 - - [13/Feb/2026:14:18:15 +0800] "POST /wp-cron.php?doing_wp_cron=1770963495.3494050502777099609375 HTTP/1.1" 200 31 "-" "WordPress/6.9; http://cqqizhou.com"
87.120.191.67 - - [13/Feb/2026:14:18:16 +0800] "POST / HTTP/1.1" 200 34807 "-" "Mozilla/5.0 (Windows NT 10.0; Win64; x64) AppleWebKit/537.36"
192.250.239.237 - - [13/Feb/2026:14:18:26 +0800] "POST /xmlrpc.php HTTP/1.1" 200 217 "-" "Mozilla/5.0 (Windows NT 10.0; Win64; x64; rv:141.0) Gecko/20100101 Firefox/141.0"
36.133.115.36 - - [13/Feb/2026:14:25:34 +0800] "POST /wp-cron.php?doing_wp_cron=1770963934.5502030849456787109375 HTTP/1.1" 200 31 "-" "WordPress/6.9; http://cqqizhou.com"
5.39.109.165 - - [13/Feb/2026:14:25:34 +0800] "GET /news/2164 HTTP/1.1" 200 23603 "-" "Mozilla/5.0 (compatible; AhrefsBot/7.0; +http://ahrefs.com/robot/)"
36.133.115.36 - - [13/Feb/2026:14:28:00 +0800] "POST /wp-cron.php?doing_wp_cron=1770964080.9065721035003662109375 HTTP/1.1" 200 31 "-" "WordPress/6.9; http://cqqizhou.com"
106.227.49.113 - - [13/Feb/2026:14:28:00 +0800] "GET / HTTP/1.1" 200 34806 "-" "Mozilla/5.0 (iPhone; CPU iPhone OS 13_2_3 like Mac OS X) AppleWebKit/605.1.15 (KHTML, like Gecko) Version/13.0.3 Mobile/15E148 Safari/604.1"
36.133.115.36 - - [13/Feb/2026:14:34:36 +0800] "POST /wp-cron.php?doing_wp_cron=1770964476.3689448833465576171875 HTTP/1.1" 200 31 "-" "WordPress/6.9; http://cqqizhou.com"
204.76.203.69 - - [13/Feb/2026:14:34:36 +0800] "GET / HTTP/1.1" 200 157069 "-" "-"
36.133.115.36 - - [13/Feb/2026:14:41:09 +0800] "POST /wp-cron.php?doing_wp_cron=1770964868.9913489818572998046875 HTTP/1.1" 200 31 "-" "WordPress/6.9; http://cqqizhou.com"
43.157.188.74 - - [13/Feb/2026:14:41:09 +0800] "GET / HTTP/1.1" 301 5 "-" "Mozilla/5.0 (iPhone; CPU iPhone OS 13_2_3 like Mac OS X) AppleWebKit/605.1.15 (KHTML, like Gecko) Version/13.0.3 Mobile/15E148 Safari/604.1"
43.157.188.74 - - [13/Feb/2026:14:41:11 +0800] "GET / HTTP/1.1" 200 34807 "http://36.133.115.36" "Mozilla/5.0 (iPhone; CPU iPhone OS 13_2_3 like Mac OS X) AppleWebKit/605.1.15 (KHTML, like Gecko) Version/13.0.3 Mobile/15E148 Safari/604.1"
36.133.115.36 - - [13/Feb/2026:14:44:20 +0800] "POST /wp-cron.php?doing_wp_cron=1770965059.9590198993682861328125 HTTP/1.1" 200 31 "-" "WordPress/6.9; http://cqqizhou.com"
87.120.191.65 - - [13/Feb/2026:14:44:20 +0800] "GET /cgi-bin/luci/ HTTP/1.1" 404 31365 "-" "-"
87.120.191.65 - - [13/Feb/2026:14:44:21 +0800] "GET / HTTP/1.1" 301 5 "-" "-"
36.133.115.36 - - [13/Feb/2026:14:55:28 +0800] "POST /wp-cron.php?doing_wp_cron=1770965728.1679520606994628906250 HTTP/1.1" 200 31 "-" "WordPress/6.9; http://cqqizhou.com"
37.59.204.144 - - [13/Feb/2026:14:55:28 +0800] "GET /news/2418 HTTP/1.1" 200 27428 "-" "Mozilla/5.0 (compatible; AhrefsBot/7.0; +http://ahrefs.com/robot/)"
36.133.115.36 - - [13/Feb/2026:15:03:29 +0800] "POST /wp-cron.php?doing_wp_cron=1770966209.8413550853729248046875 HTTP/1.1" 200 31 "-" "WordPress/6.9; http://cqqizhou.com"
181.42.189.208 - - [13/Feb/2026:15:03:29 +0800] "GET http://cqqizhou.com/news/2361 HTTP/1.1" 200 25034 "-" "Mozilla/5.0 (Windows NT 10.0; Win64; x64) AppleWebKit/537.36 (KHTML, like Gecko) Chrome/131.0.0.0 Safari/537.36"
167.148.117.21 - - [13/Feb/2026:15:07:35 +0800] "GET /wp-content/uploads/2025/12/1766064629-Article_images_20251218212623.webp HTTP/1.1" 200 20366 "http://cqqizhou.com/" "Mozilla/5.0 (Windows NT 10.0; Win64; x64) AppleWebKit/537.36 (KHTML, like Gecko) Chrome/108.0.0.0 Safari/537.36"
155.117.163.172 - - [13/Feb/2026:15:07:42 +0800] "GET /wp-content/uploads/2025/12/1766373840-Article_images_20251220.webp HTTP/1.1" 200 40034 "http://cqqizhou.com/" "Mozilla/5.0 (Windows NT 10.0; Win64; x64) AppleWebKit/537.36 (KHTML, like Gecko) Chrome/108.0.0.0 Safari/537.36"
167.148.117.65 - - [13/Feb/2026:15:07:44 +0800] "GET /wp-content/uploads/2025/12/1766064671-Article_images_20251218212624.webp HTTP/1.1" 200 40874 "http://cqqizhou.com/" "Mozilla/5.0 (Windows NT 10.0; Win64; x64) AppleWebKit/537.36 (KHTML, like Gecko) Chrome/108.0.0.0 Safari/537.36"
103.192.156.11 - - [13/Feb/2026:15:07:59 +0800] "GET http://cqqizhou.com/wp-content/uploads/2025/12/1766064671-Article_images_20251218212624.webp HTTP/1.1" 200 40874 "http://cqqizhou.com/" "Mozilla/5.0 (Windows NT 10.0; Win64; x64) AppleWebKit/537.36 (KHTML, like Gecko) Chrome/108.0.0.0 Safari/537.36"
36.133.115.36 - - [13/Feb/2026:15:10:34 +0800] "POST /wp-cron.php?doing_wp_cron=1770966634.4397718906402587890625 HTTP/1.1" 200 31 "-" "WordPress/6.9; http://cqqizhou.com"
159.223.142.249 - - [13/Feb/2026:15:10:34 +0800] "POST /xmlrpc.php HTTP/1.1" 200 217 "-" "Mozilla/5.0 (Windows NT 10.0) AppleWebKit/537.43 (KHTML, like Gecko) Chrome/139.0.0.0 Safari/537.36 OPR/123.0.0.0"
36.133.115.36 - - [13/Feb/2026:15:18:51 +0800] "POST /wp-cron.php?doing_wp_cron=1770967131.3370239734649658203125 HTTP/1.1" 200 31 "-" "WordPress/6.9; http://cqqizhou.com"
91.224.92.115 - - [13/Feb/2026:15:18:51 +0800] "GET /cgi-bin/luci/;stok=/locale HTTP/1.1" 301 5 "-" "-"
91.224.92.115 - - [13/Feb/2026:15:18:55 +0800] "GET /cgi-bin/luci/;stok=/locale HTTP/1.1" 404 31365 "http://36.133.115.36:80/cgi-bin/luci/;stok=/locale" "-"
36.133.115.36 - - [13/Feb/2026:15:34:02 +0800] "POST /wp-cron.php?doing_wp_cron=1770968042.8019309043884277343750 HTTP/1.1" 200 31 "-" "WordPress/6.9; http://cqqizhou.com"
159.112.133.109 - - [13/Feb/2026:15:34:02 +0800] "GET /robots.txt HTTP/1.0" 200 378 "-" "Mozilla/5.0 (compatible; MJ12bot/v1.4.8; http://mj12bot.com/)"
36.133.115.36 - - [13/Feb/2026:15:34:08 +0800] "POST /wp-cron.php?doing_wp_cron=1770968048.1838319301605224609375 HTTP/1.1" 200 31 "-" "WordPress/6.9; http://cqqizhou.com"
159.112.133.109 - - [13/Feb/2026:15:34:16 +0800] "GET /news/2502 HTTP/1.0" 200 85166 "-" "Mozilla/5.0 (compatible; MJ12bot/v1.4.8; http://mj12bot.com/)"
146.19.24.133 - - [13/Feb/2026:15:34:45 +0800] "GET / HTTP/1.1" 200 109842 "-" "Mozilla/5.0 (Macintosh; Intel Mac OS X 10_15_7) AppleWebKit/537.36 (KHTML, like Gecko) Chrome/141.0.0.0 Safari/537.36"
36.133.115.36 - - [13/Feb/2026:15:46:38 +0800] "POST /wp-cron.php?doing_wp_cron=1770968798.0446019172668457031250 HTTP/1.1" 200 31 "-" "WordPress/6.9; http://cqqizhou.com"
45.156.128.126 - - [13/Feb/2026:15:46:38 +0800] "GET / HTTP/1.1" 301 5 "-" "Mozilla/5.0 (Windows NT 10.0; Win64; x64) AppleWebKit/537.36 (KHTML, like Gecko) Chrome/60.0.3112.113 Safari/537.36"
36.152.157.158 - - [13/Feb/2026:15:47:51 +0800] "GET /Addons/CommonMore/Static/webuploader/server/preview.php HTTP/1.1" 404 47 "-" "Mozilla/5.0 (Windows NT 10.0; Win64; x64)"
36.152.157.158 - - [13/Feb/2026:15:47:51 +0800] "GET /Addons/CommonMore/Static/webuploader/server/fileupload.php HTTP/1.1" 404 47 "-" "Mozilla/5.0 (Windows NT 10.0; Win64; x64)"
36.133.115.36 - - [13/Feb/2026:15:56:19 +0800] "POST /wp-cron.php?doing_wp_cron=1770969379.7828290462493896484375 HTTP/1.1" 200 31 "-" "WordPress/6.9; http://cqqizhou.com"
87.120.191.67 - - [13/Feb/2026:15:56:20 +0800] "POST / HTTP/1.1" 200 34807 "-" "Mozilla/5.0 (Windows NT 10.0; Win64; x64) AppleWebKit/537.36"
36.133.115.36 - - [13/Feb/2026:16:00:01 +0800] "POST /wp-cron.php?doing_wp_cron=1770969601.7940509319305419921875 HTTP/1.1" 200 31 "-" "WordPress/6.9; http://cqqizhou.com"
48.192.92.24 - - [13/Feb/2026:16:00:01 +0800] "GET /club/ HTTP/1.1" 301 5 "-" "Mozilla/5.0 (Windows NT 10.0; Win64; x64) AppleWebKit/537.36 (KHTML, like Gecko) Chrome/131.0.0.0 Safari/537.36 Edg/131.0.0.0"
36.133.115.36 - - [13/Feb/2026:16:08:28 +0800] "POST /wp-cron.php?doing_wp_cron=1770970108.0424449443817138671875 HTTP/1.1" 200 31 "-" "WordPress/6.9; http://cqqizhou.com"
185.226.197.72 - - [13/Feb/2026:16:08:28 +0800] "GET / HTTP/1.1" 301 5 "-" "Mozilla/5.0 (Windows NT 10.0; Win64; x64) AppleWebKit/537.36 (KHTML, like Gecko) Chrome/60.0.3112.113 Safari/537.36"
36.133.115.36 - - [13/Feb/2026:16:13:05 +0800] "POST /wp-cron.php?doing_wp_cron=1770970385.1632459163665771484375 HTTP/1.1" 200 31 "-" "WordPress/6.9; http://cqqizhou.com"
91.204.161.79 - - [13/Feb/2026:16:13:05 +0800] "POST /xmlrpc.php HTTP/1.1" 200 217 "-" "Mozilla/5.0 (Windows NT 10.0; rv:144.0) Gecko/20100101 Firefox/144.0"
36.133.115.36 - - [13/Feb/2026:16:28:04 +0800] "POST /wp-cron.php?doing_wp_cron=1770971284.8591840267181396484375 HTTP/1.1" 200 31 "-" "WordPress/6.9; http://cqqizhou.com"
36.133.108.121 - - [13/Feb/2026:16:28:04 +0800] "HEAD /@fs/..%252f..%252f..%252f..%252f..%252fproc/self/environ?raw?? HTTP/1.1" 404 0 "-" "Mozilla/5.0 (Windows NT 6.1; rv:21.0) Gecko/20100101 Firefox/21.0"
185.242.226.102 - - [13/Feb/2026:16:30:52 +0800] "GET / HTTP/1.1" 499 0 "-" "python-requests/2.26.0"
36.133.115.36 - - [13/Feb/2026:16:30:52 +0800] "POST /wp-cron.php?doing_wp_cron=1770971452.3525929450988769531250 HTTP/1.1" 200 31 "-" "WordPress/6.9; http://cqqizhou.com"
36.133.115.36 - - [13/Feb/2026:16:40:58 +0800] "POST /wp-cron.php?doing_wp_cron=1770972058.0170869827270507812500 HTTP/1.1" 200 31 "-" "WordPress/6.9; http://cqqizhou.com"
45.194.92.25 - - [13/Feb/2026:16:40:58 +0800] "GET / HTTP/1.1" 200 157069 "-" "Wget"
36.133.115.36 - - [13/Feb/2026:16:49:27 +0800] "POST /wp-cron.php?doing_wp_cron=1770972567.0151059627532958984375 HTTP/1.1" 200 31 "-" "WordPress/6.9; http://cqqizhou.com"
167.94.138.52 - - [13/Feb/2026:16:49:27 +0800] "GET /security.txt HTTP/1.1" 200 19871 "-" "Mozilla/5.0 (compatible; CensysInspect/1.1; +https://about.censys.io/)"
167.94.138.52 - - [13/Feb/2026:16:49:57 +0800] "GET /c53ke9onp1g HTTP/1.1" 404 8949 "-" "Mozilla/5.0 (compatible; CensysInspect/1.1; +https://about.censys.io/)"
36.133.115.36 - - [13/Feb/2026:17:10:12 +0800] "POST /wp-cron.php?doing_wp_cron=1770973812.5761919021606445312500 HTTP/1.1" 200 31 "-" "WordPress/6.9; http://cqqizhou.com"
178.33.224.189 - - [13/Feb/2026:17:10:12 +0800] "POST /xmlrpc.php HTTP/1.1" 200 217 "-" "Mozilla/5.0 (Windows NT 10.0; Win64; x64) AppleWebKit/537.43 (KHTML, like Gecko) Chrome/137.0.0.0 Safari/537.36 OPR/121.0.0.0"
36.133.115.36 - - [13/Feb/2026:17:14:52 +0800] "POST /wp-cron.php?doing_wp_cron=1770974092.6569249629974365234375 HTTP/1.1" 200 31 "-" "WordPress/6.9; http://cqqizhou.com"
54.37.118.76 - - [13/Feb/2026:17:14:52 +0800] "GET /robots.txt HTTP/1.1" 200 190 "-" "Mozilla/5.0 (compatible; AhrefsBot/7.0; +http://ahrefs.com/robot/)"
5.39.1.250 - - [13/Feb/2026:17:14:56 +0800] "GET / HTTP/1.1" 200 35253 "-" "Mozilla/5.0 (compatible; AhrefsBot/7.0; +http://ahrefs.com/robot/)"
36.133.115.36 - - [13/Feb/2026:17:19:18 +0800] "POST /wp-cron.php?doing_wp_cron=1770974358.1971130371093750000000 HTTP/1.1" 200 31 "-" "WordPress/6.9; http://cqqizhou.com"
204.76.203.18 - - [13/Feb/2026:17:19:18 +0800] "GET / HTTP/1.1" 200 157069 "-" "-"
204.76.203.18 - - [13/Feb/2026:17:19:21 +0800] "GET / HTTP/1.1" 200 157069 "-" "-"
204.76.203.18 - - [13/Feb/2026:17:19:24 +0800] "GET / HTTP/1.1" 200 157069 "-" "-"
204.76.203.18 - - [13/Feb/2026:17:19:27 +0800] "GET / HTTP/1.1" 200 157069 "-" "-"
204.76.203.18 - - [13/Feb/2026:17:19:29 +0800] "GET / HTTP/1.1" 200 157069 "-" "-"
36.133.115.36 - - [13/Feb/2026:17:21:17 +0800] "POST /wp-cron.php?doing_wp_cron=1770974477.5627839565277099609375 HTTP/1.1" 200 31 "-" "WordPress/6.9; http://cqqizhou.com"
110.249.202.31 - - [13/Feb/2026:17:21:17 +0800] "GET /robots.txt HTTP/1.1" 200 190 "-" "Mozilla/5.0 (Linux; Android 5.0) AppleWebKit/537.36 (KHTML, like Gecko) Mobile Safari/537.36 (compatible; Bytespider; https://zhanzhang.toutiao.com/)"
36.133.115.36 - - [13/Feb/2026:17:27:07 +0800] "POST /wp-cron.php?doing_wp_cron=1770974827.8656699657440185546875 HTTP/1.1" 200 31 "-" "WordPress/6.9; http://cqqizhou.com"
43.157.43.147 - - [13/Feb/2026:17:27:07 +0800] "GET / HTTP/1.1" 301 5 "-" "Mozilla/5.0 (iPhone; CPU iPhone OS 13_2_3 like Mac OS X) AppleWebKit/605.1.15 (KHTML, like Gecko) Version/13.0.3 Mobile/15E148 Safari/604.1"
43.157.43.147 - - [13/Feb/2026:17:27:10 +0800] "GET / HTTP/1.1" 200 34807 "http://www.cqqizhou.com" "Mozilla/5.0 (iPhone; CPU iPhone OS 13_2_3 like Mac OS X) AppleWebKit/605.1.15 (KHTML, like Gecko) Version/13.0.3 Mobile/15E148 Safari/604.1"
36.133.115.36 - - [13/Feb/2026:17:39:11 +0800] "POST /wp-cron.php?doing_wp_cron=1770975551.3777999877929687500000 HTTP/1.1" 200 31 "-" "WordPress/6.9; http://cqqizhou.com"
87.120.191.67 - - [13/Feb/2026:17:39:11 +0800] "POST / HTTP/1.1" 200 34807 "-" "Mozilla/5.0 (Windows NT 10.0; Win64; x64) AppleWebKit/537.36"
36.133.115.36 - - [13/Feb/2026:17:46:01 +0800] "POST /wp-cron.php?doing_wp_cron=1770975961.2102999687194824218750 HTTP/1.1" 200 31 "-" "WordPress/6.9; http://cqqizhou.com"
222.90.114.208 - - [13/Feb/2026:17:46:01 +0800] "GET /media/4 HTTP/1.1" 200 26164 "-" "Mozilla/5.0 (Windows NT 10.0; Win64; x64) AppleWebKit/537.36 (KHTML, like Gecko) Chrome/107.0.0.0 Safari/537.36"
36.133.115.36 - - [13/Feb/2026:17:46:49 +0800] "POST /wp-cron.php?doing_wp_cron=1770976009.5358939170837402343750 HTTP/1.1" 200 31 "-" "WordPress/6.9; http://cqqizhou.com"
109.105.210.102 - - [13/Feb/2026:17:46:49 +0800] "GET / HTTP/1.1" 301 5 "-" "Mozilla/5.0 (Windows NT 10.0; Win64; x64) AppleWebKit/537.36 (KHTML, like Gecko) Chrome/60.0.3112.113 Safari/537.36"
109.105.210.103 - - [13/Feb/2026:17:46:51 +0800] "GET / HTTP/1.1" 200 35253 "http://36.133.115.36/" "Mozilla/5.0 (Windows NT 10.0; Win64; x64) AppleWebKit/537.36 (KHTML, like Gecko) Chrome/60.0.3112.113 Safari/537.36"
112.9.34.255 - - [13/Feb/2026:17:54:49 +0800] "GET http://cqqizhou.com/wp-content/uploads/2025/12/1766064629-Article_images_20251218212623-300x167.webp HTTP/1.1" 200 8852 "http://cqqizhou.com/" "Mozilla/5.0 (Windows NT 10.0; Win64; x64) AppleWebKit/537.36 (KHTML, like Gecko) Chrome/124.0.0.0 Safari/537.36"
110.230.13.81 - - [13/Feb/2026:17:54:49 +0800] "GET http://cqqizhou.com/wp-content/uploads/2025/12/1765891153-Article20251216211543-300x167.webp HTTP/1.1" 200 13290 "http://cqqizhou.com/" "Mozilla/5.0 (Windows NT 10.0; Win64; x64) AppleWebKit/537.36 (KHTML, like Gecko) Chrome/124.0.0.0 Safari/537.36"
36.133.115.36 - - [13/Feb/2026:18:03:49 +0800] "POST /wp-cron.php?doing_wp_cron=1770977029.0884039402008056640625 HTTP/1.1" 200 31 "-" "WordPress/6.9; http://cqqizhou.com"
144.217.62.5 - - [13/Feb/2026:18:03:49 +0800] "POST /xmlrpc.php HTTP/1.1" 200 217 "-" "Mozilla/5.0 (Windows NT 10.0; Win64; x64; rv:142.0) Gecko/20100101 Firefox/142.0"
121.29.51.28 - - [13/Feb/2026:18:08:03 +0800] "GET / HTTP/1.1" 200 35253 "-" "Mozilla/5.0 (Macintosh; Intel Mac OS X 10_11) AppleWebKit/601.1.27 (KHTML, like Gecko) Chrome/47.0.2526.106 Safari/601.1.27"
36.133.115.36 - - [13/Feb/2026:18:08:12 +0800] "POST /wp-cron.php?doing_wp_cron=1770977292.4403049945831298828125 HTTP/1.1" 200 31 "-" "WordPress/6.9; http://cqqizhou.com"
170.106.167.214 - - [13/Feb/2026:18:08:12 +0800] "GET / HTTP/1.1" 200 34807 "-" "Mozilla/5.0 (iPhone; CPU iPhone OS 13_2_3 like Mac OS X) AppleWebKit/605.1.15 (KHTML, like Gecko) Version/13.0.3 Mobile/15E148 Safari/604.1"
36.133.115.36 - - [13/Feb/2026:18:09:09 +0800] "POST /wp-cron.php?doing_wp_cron=1770977349.3394160270690917968750 HTTP/1.1" 200 31 "-" "WordPress/6.9; http://cqqizhou.com"
121.29.51.28 - - [13/Feb/2026:18:09:09 +0800] "GET / HTTP/1.1" 200 34807 "-" "Dalvik/2.1.0 (Linux; U; Android 9.0; ZTE BA520 Build/MRA58K)"
121.29.51.28 - - [13/Feb/2026:18:12:38 +0800] "GET / HTTP/1.1" 200 35253 "-" "Mozilla/5.0 (X11; U; Linux i686; en-US; rv:1.9.1.2pre) Gecko/20090729 Ubuntu/9.04 (jaunty) Firefox/3.5.1"
41.82.211.211 - - [13/Feb/2026:18:22:16 +0800] "GET http://cqqizhou.com/wp-content/uploads/revslider/slider-1/1750861156-logistics_Slider_3840%C3%972160_20250625191356-scaled.webp HTTP/1.1" 200 197360 "-" "Mozilla/5.0 (Macintosh; Intel Mac OS X 10_15_7) AppleWebKit/537.36 (KHTML, like Gecko) Chrome/133.0.0.0 Safari/537.36"
36.133.115.36 - - [13/Feb/2026:18:22:29 +0800] "POST /wp-cron.php?doing_wp_cron=1770978149.2950329780578613281250 HTTP/1.1" 200 31 "-" "WordPress/6.9; http://cqqizhou.com"
164.52.24.178 - - [13/Feb/2026:18:22:29 +0800] "GET / HTTP/1.1" 301 5 "-" "Mozilla/5.0 (Windows NT 10.0; Win64; x64) AppleWebKit/537.36 (KHTML, like Gecko) Chrome/143.0.0.0 Safari/537.36"
164.52.24.178 - - [13/Feb/2026:18:22:36 +0800] "GET / HTTP/1.1" 200 158728 "-" "Mozilla/5.0 (Windows NT 10.0; Win64; x64) AppleWebKit/537.36 (KHTML, like Gecko) Chrome/143.0.0.0 Safari/537.36"
92.222.104.222 - - [13/Feb/2026:18:25:16 +0800] "GET /news/2361 HTTP/1.1" 200 25054 "-" "Mozilla/5.0 (compatible; AhrefsBot/7.0; +http://ahrefs.com/robot/)"
118.31.107.95 - - [13/Feb/2026:18:40:01 +0800] "GET /public/adminshop/lib/webuploader/0.1.5/server/preview.php HTTP/1.1" 404 47 "-" "Mozilla/5.0 (Windows NT 10.0; Win64; x64)"
118.31.107.95 - - [13/Feb/2026:18:40:02 +0800] "GET /public/adminshop//lib/webuploader/0.1.5/server/fileupload.php HTTP/1.1" 404 47 "-" "Mozilla/5.0 (Windows NT 10.0; Win64; x64)"
36.133.115.36 - - [13/Feb/2026:18:56:07 +0800] "POST /wp-cron.php?doing_wp_cron=1770980167.7967228889465332031250 HTTP/1.1" 200 31 "-" "WordPress/6.9; http://cqqizhou.com"
114.119.147.45 - - [13/Feb/2026:18:56:07 +0800] "GET /wp-sitemap.xml HTTP/1.1" 501 253 "-" "Mozilla/5.0 (Linux; Android 7.0;) AppleWebKit/537.36 (KHTML, like Gecko) Mobile Safari/537.36 (compatible; PetalBot;+https://webmaster.petalsearch.com/site/petalbot)"
36.133.115.36 - - [13/Feb/2026:18:59:39 +0800] "POST /wp-cron.php?doing_wp_cron=1770980379.4808599948883056640625 HTTP/1.1" 200 31 "-" "WordPress/6.9; http://cqqizhou.com"
204.76.203.69 - - [13/Feb/2026:18:59:39 +0800] "GET / HTTP/1.1" 301 5 "-" "Mozilla/5.0 (Windows NT 10.0; Win64; x64) AppleWebKit/537.36 (KHTML, like Gecko) Chrome/90.0.4430.85 Safari/537.36 Edg/90.0.818.46"
36.133.115.36 - - [13/Feb/2026:19:01:48 +0800] "POST /wp-cron.php?doing_wp_cron=1770980508.1186759471893310546875 HTTP/1.1" 200 31 "-" "WordPress/6.9; http://cqqizhou.com"
47.93.219.142 - - [13/Feb/2026:19:01:48 +0800] "GET / HTTP/1.1" 301 5 "-" "Go-http-client/1.1"
47.93.219.142 - - [13/Feb/2026:19:01:48 +0800] "GET / HTTP/1.1" 200 35253 "http://36.133.115.36" "Go-http-client/1.1"
20.199.186.0 - - [13/Feb/2026:19:02:31 +0800] "GET /wp-content/plugins/hellopress/wp_filemanager.php HTTP/1.1" 404 27 "-" "-"
20.199.186.0 - - [13/Feb/2026:19:02:31 +0800] "GET /pass4.php HTTP/1.1" 404 27 "-" "-"
20.199.186.0 - - [13/Feb/2026:19:02:31 +0800] "GET /term.php HTTP/1.1" 404 27 "-" "-"
20.199.186.0 - - [13/Feb/2026:19:02:32 +0800] "GET /lp6.php HTTP/1.1" 404 27 "-" "-"
20.199.186.0 - - [13/Feb/2026:19:02:32 +0800] "GET /we.php HTTP/1.1" 404 27 "-" "-"
20.199.186.0 - - [13/Feb/2026:19:02:32 +0800] "GET /asax.php HTTP/1.1" 404 27 "-" "-"
20.199.186.0 - - [13/Feb/2026:19:02:32 +0800] "GET /co.php HTTP/1.1" 404 27 "-" "-"
20.199.186.0 - - [13/Feb/2026:19:02:33 +0800] "GET /wp-k3w6g9s4h2.php HTTP/1.1" 404 27 "-" "-"
20.199.186.0 - - [13/Feb/2026:19:02:33 +0800] "GET /ahax.php HTTP/1.1" 404 27 "-" "-"
20.199.186.0 - - [13/Feb/2026:19:02:33 +0800] "GET /Okxob.php HTTP/1.1" 404 27 "-" "-"
20.199.186.0 - - [13/Feb/2026:19:02:33 +0800] "GET /acfdr.php HTTP/1.1" 404 27 "-" "-"
20.199.186.0 - - [13/Feb/2026:19:02:34 +0800] "GET /init.php HTTP/1.1" 404 27 "-" "-"
20.199.186.0 - - [13/Feb/2026:19:02:34 +0800] "GET /themes.php HTTP/1.1" 404 27 "-" "-"
20.199.186.0 - - [13/Feb/2026:19:02:34 +0800] "GET /ff.php HTTP/1.1" 404 27 "-" "-"
20.199.186.0 - - [13/Feb/2026:19:02:34 +0800] "GET /ak.php/wp-admin/async-upload.php HTTP/1.1" 404 27 "-" "-"
20.199.186.0 - - [13/Feb/2026:19:02:34 +0800] "GET /bjfl.php HTTP/1.1" 404 27 "-" "-"
20.199.186.0 - - [13/Feb/2026:19:02:35 +0800] "GET /vx.php HTTP/1.1" 404 27 "-" "-"
20.199.186.0 - - [13/Feb/2026:19:02:35 +0800] "GET /jga.php HTTP/1.1" 404 27 "-" "-"
20.199.186.0 - - [13/Feb/2026:19:02:35 +0800] "GET /a4.php/wp-admin/index.php HTTP/1.1" 404 27 "-" "-"
20.199.186.0 - - [13/Feb/2026:19:02:35 +0800] "GET /wp-includes/images/about.php HTTP/1.1" 404 27 "-" "-"
20.199.186.0 - - [13/Feb/2026:19:02:36 +0800] "GET /inege.php HTTP/1.1" 404 27 "-" "-"
36.133.115.36 - - [13/Feb/2026:19:03:59 +0800] "POST /wp-cron.php?doing_wp_cron=1770980639.6869630813598632812500 HTTP/1.1" 200 31 "-" "WordPress/6.9; http://cqqizhou.com"
159.203.76.93 - - [13/Feb/2026:19:03:59 +0800] "POST /xmlrpc.php HTTP/1.1" 200 217 "-" "Mozilla/5.0 (Windows NT 10.0; Win64; x64; rv:145.0) Gecko/20100101 Firefox/145.0"
36.133.115.36 - - [13/Feb/2026:19:19:36 +0800] "POST /wp-cron.php?doing_wp_cron=1770981576.2272629737854003906250 HTTP/1.1" 200 31 "-" "WordPress/6.9; http://cqqizhou.com"
106.88.194.226 - - [13/Feb/2026:19:19:36 +0800] "GET /2440/ HTTP/1.1" 301 5 "-" "Mozilla/5.0 (iPhone; CPU iPhone OS 17_6_1 like Mac OS X) AppleWebKit/605.1.15 (KHTML, like Gecko) Mobile/15E148 MicroMessenger/8.0.68(0x18004434) NetType/4G Language/zh_CN"
106.88.194.226 - - [13/Feb/2026:19:19:37 +0800] "GET /news/2440 HTTP/1.1" 200 21570 "-" "Mozilla/5.0 (iPhone; CPU iPhone OS 17_6_1 like Mac OS X) AppleWebKit/605.1.15 (KHTML, like Gecko) Mobile/15E148 MicroMessenger/8.0.68(0x18004434) NetType/4G Language/zh_CN"
106.88.194.226 - - [13/Feb/2026:19:19:37 +0800] "GET /wp-content/uploads/2025/07/1753454299-Article_images_W900px.webp HTTP/1.1" 200 52418 "http://cqqizhou.com/news/2440" "Mozilla/5.0 (iPhone; CPU iPhone OS 17_6_1 like Mac OS X) AppleWebKit/605.1.15 (KHTML, like Gecko) Mobile/15E148 MicroMessenger/8.0.68(0x18004434) NetType/4G Language/zh_CN"
106.88.194.226 - - [13/Feb/2026:19:19:37 +0800] "GET /wp-content/uploads/2026/02/1770341652-2026251Article_images_W900%C3%97500px.webp HTTP/1.1" 304 0 "http://cqqizhou.com/news/2440" "Mozilla/5.0 (iPhone; CPU iPhone OS 17_6_1 like Mac OS X) AppleWebKit/605.1.15 (KHTML, like Gecko) Mobile/15E148 MicroMessenger/8.0.68(0x18004434) NetType/4G Language/zh_CN"
180.163.28.109 - - [13/Feb/2026:19:19:37 +0800] "GET /news/2440 HTTP/1.1" 200 25581 "-" "Mozilla/5.0 (Macintosh; Intel Mac OS X 10_15_7) AppleWebKit/537.36 (KHTML, like Gecko) Chrome/134.0.0.0 Safari/537.36"
106.88.194.226 - - [13/Feb/2026:19:19:41 +0800] "GET / HTTP/1.1" 499 0 "http://cqqizhou.com/news/2440" "Mozilla/5.0 (iPhone; CPU iPhone OS 17_6_1 like Mac OS X) AppleWebKit/605.1.15 (KHTML, like Gecko) Mobile/15E148 MicroMessenger/8.0.68(0x18004434) NetType/4G Language/zh_CN"
106.88.194.226 - - [13/Feb/2026:19:19:42 +0800] "GET / HTTP/1.1" 499 0 "http://cqqizhou.com/news/2440" "Mozilla/5.0 (iPhone; CPU iPhone OS 17_6_1 like Mac OS X) AppleWebKit/605.1.15 (KHTML, like Gecko) Mobile/15E148 MicroMessenger/8.0.68(0x18004434) NetType/4G Language/zh_CN"
106.88.194.226 - - [13/Feb/2026:19:19:42 +0800] "GET / HTTP/1.1" 499 0 "http://cqqizhou.com/news/2440" "Mozilla/5.0 (iPhone; CPU iPhone OS 17_6_1 like Mac OS X) AppleWebKit/605.1.15 (KHTML, like Gecko) Mobile/15E148 MicroMessenger/8.0.68(0x18004434) NetType/4G Language/zh_CN"
106.88.194.226 - - [13/Feb/2026:19:19:43 +0800] "GET / HTTP/1.1" 499 0 "http://cqqizhou.com/news/2440" "Mozilla/5.0 (iPhone; CPU iPhone OS 17_6_1 like Mac OS X) AppleWebKit/605.1.15 (KHTML, like Gecko) Mobile/15E148 MicroMessenger/8.0.68(0x18004434) NetType/4G Language/zh_CN"
106.88.194.226 - - [13/Feb/2026:19:19:43 +0800] "GET / HTTP/1.1" 499 0 "http://cqqizhou.com/news/2440" "Mozilla/5.0 (iPhone; CPU iPhone OS 17_6_1 like Mac OS X) AppleWebKit/605.1.15 (KHTML, like Gecko) Mobile/15E148 MicroMessenger/8.0.68(0x18004434) NetType/4G Language/zh_CN"
106.88.194.226 - - [13/Feb/2026:19:19:43 +0800] "GET / HTTP/1.1" 499 0 "http://cqqizhou.com/news/2440" "Mozilla/5.0 (iPhone; CPU iPhone OS 17_6_1 like Mac OS X) AppleWebKit/605.1.15 (KHTML, like Gecko) Mobile/15E148 MicroMessenger/8.0.68(0x18004434) NetType/4G Language/zh_CN"
106.88.194.226 - - [13/Feb/2026:19:19:43 +0800] "GET / HTTP/1.1" 499 0 "http://cqqizhou.com/news/2440" "Mozilla/5.0 (iPhone; CPU iPhone OS 17_6_1 like Mac OS X) AppleWebKit/605.1.15 (KHTML, like Gecko) Mobile/15E148 MicroMessenger/8.0.68(0x18004434) NetType/4G Language/zh_CN"
106.88.194.226 - - [13/Feb/2026:19:19:43 +0800] "GET / HTTP/1.1" 499 0 "http://cqqizhou.com/news/2440" "Mozilla/5.0 (iPhone; CPU iPhone OS 17_6_1 like Mac OS X) AppleWebKit/605.1.15 (KHTML, like Gecko) Mobile/15E148 MicroMessenger/8.0.68(0x18004434) NetType/4G Language/zh_CN"
106.88.194.226 - - [13/Feb/2026:19:19:44 +0800] "GET / HTTP/1.1" 499 0 "http://cqqizhou.com/news/2440" "Mozilla/5.0 (iPhone; CPU iPhone OS 17_6_1 like Mac OS X) AppleWebKit/605.1.15 (KHTML, like Gecko) Mobile/15E148 MicroMessenger/8.0.68(0x18004434) NetType/4G Language/zh_CN"
106.88.194.226 - - [13/Feb/2026:19:19:44 +0800] "GET / HTTP/1.1" 499 0 "http://cqqizhou.com/news/2440" "Mozilla/5.0 (iPhone; CPU iPhone OS 17_6_1 like Mac OS X) AppleWebKit/605.1.15 (KHTML, like Gecko) Mobile/15E148 MicroMessenger/8.0.68(0x18004434) NetType/4G Language/zh_CN"
106.88.194.226 - - [13/Feb/2026:19:19:44 +0800] "GET / HTTP/1.1" 499 0 "http://cqqizhou.com/news/2440" "Mozilla/5.0 (iPhone; CPU iPhone OS 17_6_1 like Mac OS X) AppleWebKit/605.1.15 (KHTML, like Gecko) Mobile/15E148 MicroMessenger/8.0.68(0x18004434) NetType/4G Language/zh_CN"
106.88.194.226 - - [13/Feb/2026:19:19:45 +0800] "GET / HTTP/1.1" 499 0 "http://cqqizhou.com/news/2440" "Mozilla/5.0 (iPhone; CPU iPhone OS 17_6_1 like Mac OS X) AppleWebKit/605.1.15 (KHTML, like Gecko) Mobile/15E148 MicroMessenger/8.0.68(0x18004434) NetType/4G Language/zh_CN"
106.88.194.226 - - [13/Feb/2026:19:19:45 +0800] "GET / HTTP/1.1" 499 0 "http://cqqizhou.com/news/2440" "Mozilla/5.0 (iPhone; CPU iPhone OS 17_6_1 like Mac OS X) AppleWebKit/605.1.15 (KHTML, like Gecko) Mobile/15E148 MicroMessenger/8.0.68(0x18004434) NetType/4G Language/zh_CN"
106.88.194.226 - - [13/Feb/2026:19:19:45 +0800] "GET / HTTP/1.1" 499 0 "http://cqqizhou.com/news/2440" "Mozilla/5.0 (iPhone; CPU iPhone OS 17_6_1 like Mac OS X) AppleWebKit/605.1.15 (KHTML, like Gecko) Mobile/15E148 MicroMessenger/8.0.68(0x18004434) NetType/4G Language/zh_CN"
