205.169.39.7 - - [11/Feb/2026:11:26:21 +0800] "GET / HTTP/1.1" 301 5 "-" "Mozilla/5.0 (Windows NT 10.0; Win64; x64) AppleWebKit/537.36 (KHTML, like Gecko) Chrome/117.0.5938.132 Safari/537.36"
205.169.39.7 - - [11/Feb/2026:11:26:24 +0800] "GET / HTTP/1.1" 200 35222 "-" "Mozilla/5.0 (Windows NT 10.0; Win64; x64) AppleWebKit/537.36 (KHTML, like Gecko) Chrome/117.0.5938.132 Safari/537.36"
205.169.39.7 - - [11/Feb/2026:11:26:31 +0800] "GET /wp-content/uploads/2025/07/1751425283-qizhou.kf_.qq_.com_.webp HTTP/1.1" 200 16864 "http://cqqizhou.com/" "Mozilla/5.0 (Windows NT 10.0; Win64; x64) AppleWebKit/537.36 (KHTML, like Gecko) Chrome/117.0.5938.132 Safari/537.36"
205.169.39.7 - - [11/Feb/2026:11:26:34 +0800] "GET /wp-content/uploads/2025/07/1750174127-Marketing1920x800_3.webp HTTP/1.1" 200 52790 "http://cqqizhou.com/wp-content/uploads/elementor/css/post-1666.css?ver=1770619146" "Mozilla/5.0 (X11; Linux x86_64) AppleWebKit/537.36 (KHTML, like Gecko) HeadlessChrome/127.0.6533.119 Safari/537.36"
205.169.39.7 - - [11/Feb/2026:11:26:35 +0800] "GET /wp-content/uploads/2026/02/1770617354-Article_images_W900px.webp HTTP/1.1" 200 13634 "http://cqqizhou.com/" "Mozilla/5.0 (X11; Linux x86_64) AppleWebKit/537.36 (KHTML, like Gecko) HeadlessChrome/127.0.6533.119 Safari/537.36"
205.169.39.7 - - [11/Feb/2026:11:26:35 +0800] "GET /wp-content/uploads/2026/02/1770341652-2026251Article_images_W900%C3%97500px.webp HTTP/1.1" 200 43300 "http://cqqizhou.com/" "Mozilla/5.0 (X11; Linux x86_64) AppleWebKit/537.36 (KHTML, like Gecko) HeadlessChrome/127.0.6533.119 Safari/537.36"
205.169.39.7 - - [11/Feb/2026:11:26:35 +0800] "GET /wp-content/uploads/2026/02/1770617948-Article_images_W900%C3%97500px.webp HTTP/1.1" 200 38890 "http://cqqizhou.com/" "Mozilla/5.0 (X11; Linux x86_64) AppleWebKit/537.36 (KHTML, like Gecko) HeadlessChrome/127.0.6533.119 Safari/537.36"
205.169.39.7 - - [11/Feb/2026:11:26:35 +0800] "GET /wp-content/uploads/2026/01/1769511379-Article_images_W900%C3%97500px202601271.webp HTTP/1.1" 200 67912 "http://cqqizhou.com/" "Mozilla/5.0 (X11; Linux x86_64) AppleWebKit/537.36 (KHTML, like Gecko) HeadlessChrome/127.0.6533.119 Safari/537.36"
205.169.39.7 - - [11/Feb/2026:11:26:36 +0800] "GET /wp-content/uploads/2026/01/1770349139-202624Article_images_W900%C3%97500px20260-.webp HTTP/1.1" 200 58006 "http://cqqizhou.com/" "Mozilla/5.0 (X11; Linux x86_64) AppleWebKit/537.36 (KHTML, like Gecko) HeadlessChrome/127.0.6533.119 Safari/537.36"
205.169.39.7 - - [11/Feb/2026:11:26:38 +0800] "GET /wp-content/uploads/2025/12/1765268955-qizhou_Slider1_3840%C3%972160_20251210-scaled.webp HTTP/1.1" 200 111840 "http://cqqizhou.com/" "Mozilla/5.0 (X11; Linux x86_64) AppleWebKit/537.36 (KHTML, like Gecko) HeadlessChrome/127.0.6533.119 Safari/537.36"
36.133.115.36 - - [11/Feb/2026:11:32:21 +0800] "POST /wp-cron.php?doing_wp_cron=1770780741.2972340583801269531250 HTTP/1.1" 200 31 "-" "WordPress/6.9; http://cqqizhou.com"
146.19.24.133 - - [11/Feb/2026:11:32:21 +0800] "GET / HTTP/1.1" 200 109837 "-" "Mozilla/5.0 (X11; Linux x86_64; rv:144.0) Gecko/20100101 Firefox/144.0"
36.133.115.36 - - [11/Feb/2026:11:37:02 +0800] "POST /wp-cron.php?doing_wp_cron=1770781022.2679378986358642578125 HTTP/1.1" 200 31 "-" "WordPress/6.9; http://cqqizhou.com"
45.194.92.25 - - [11/Feb/2026:11:37:02 +0800] "GET / HTTP/1.1" 200 157081 "-" "Wget"
36.133.115.36 - - [11/Feb/2026:12:01:03 +0800] "POST /wp-cron.php?doing_wp_cron=1770782463.1022388935089111328125 HTTP/1.1" 200 31 "-" "WordPress/6.9; http://cqqizhou.com"
5.39.109.171 - - [11/Feb/2026:12:01:03 +0800] "GET /portfolio/%E5%86%B7%E8%BD%A7%E6%9D%BF/ HTTP/1.1" 301 5 "-" "Mozilla/5.0 (compatible; AhrefsBot/7.0; +http://ahrefs.com/robot/)"
36.133.115.36 - - [11/Feb/2026:12:08:11 +0800] "POST /wp-cron.php?doing_wp_cron=1770782891.2042510509490966796875 HTTP/1.1" 200 31 "-" "WordPress/6.9; http://cqqizhou.com"
36.133.108.119 - - [11/Feb/2026:12:08:11 +0800] "HEAD /.env HTTP/1.1" 404 0 "-" "Mozilla/5.0 (Windows NT 6.2; WOW64) AppleWebKit/537.14 (KHTML, like Gecko) Chrome/24.0.1292.0 Safari/537.14"
36.133.115.36 - - [11/Feb/2026:12:11:09 +0800] "POST /wp-cron.php?doing_wp_cron=1770783069.5356619358062744140625 HTTP/1.1" 200 31 "-" "WordPress/6.9; http://cqqizhou.com"
45.194.92.25 - - [11/Feb/2026:12:11:10 +0800] "GET / HTTP/1.1" 200 157081 "-" "Mozilla/5.0"
36.133.115.36 - - [11/Feb/2026:12:14:42 +0800] "POST /wp-cron.php?doing_wp_cron=1770783281.9751100540161132812500 HTTP/1.1" 200 31 "-" "WordPress/6.9; http://cqqizhou.com"
49.51.233.46 - - [11/Feb/2026:12:14:42 +0800] "GET / HTTP/1.1" 301 5 "-" "Mozilla/5.0 (iPhone; CPU iPhone OS 13_2_3 like Mac OS X) AppleWebKit/605.1.15 (KHTML, like Gecko) Version/13.0.3 Mobile/15E148 Safari/604.1"
49.51.233.46 - - [11/Feb/2026:12:14:44 +0800] "GET / HTTP/1.1" 200 34782 "http://www.cqqizhou.com" "Mozilla/5.0 (iPhone; CPU iPhone OS 13_2_3 like Mac OS X) AppleWebKit/605.1.15 (KHTML, like Gecko) Version/13.0.3 Mobile/15E148 Safari/604.1"
36.133.115.36 - - [11/Feb/2026:12:21:22 +0800] "POST /wp-cron.php?doing_wp_cron=1770783681.9775760173797607421875 HTTP/1.1" 200 31 "-" "WordPress/6.9; http://cqqizhou.com"
36.152.157.158 - - [11/Feb/2026:12:21:22 +0800] "GET /uploader HTTP/1.1" 404 8949 "-" "Mozilla/5.0 (Windows NT 10.0; Win64; x64)"
36.152.157.158 - - [11/Feb/2026:12:21:22 +0800] "GET /upload HTTP/1.1" 404 8949 "-" "Mozilla/5.0 (Windows NT 10.0; Win64; x64)"
36.133.115.36 - - [11/Feb/2026:12:22:54 +0800] "POST /wp-cron.php?doing_wp_cron=1770783774.1719050407409667968750 HTTP/1.1" 200 31 "-" "WordPress/6.9; http://cqqizhou.com"
92.63.197.197 - - [11/Feb/2026:12:22:54 +0800] "GET / HTTP/1.1" 301 5 "-" "Mozilla/5.0 (Linux; U; Android 4.4.3; en-us; KFSAWA Build/KTU84M) AppleWebKit/537.36 (KHTML, like Gecko) Silk/3.68 like Chrome/39.0.2171.93 Safari/537.36"
36.133.115.36 - - [11/Feb/2026:12:24:13 +0800] "POST /wp-cron.php?doing_wp_cron=1770783853.5121979713439941406250 HTTP/1.1" 200 31 "-" "WordPress/6.9; http://cqqizhou.com"
89.42.231.200 - - [11/Feb/2026:12:24:13 +0800] "GET /SDK/webLanguage HTTP/1.1" 301 5 "-" "Mozilla/5.0 (Windows NT 10.0; Win64; x64) AppleWebKit/537.36 (KHTML, like Gecko) Chrome/90.0.4430.85 Safari/537.36 Edg/90.0.818.46"
52.167.144.170 - - [11/Feb/2026:12:25:52 +0800] "GET /wp-content/uploads/logistics/Conatiner-5.webp HTTP/1.1" 200 63396 "-" "Mozilla/5.0 AppleWebKit/537.36 (KHTML, like Gecko; compatible; bingbot/2.0; +http://www.bing.com/bingbot.htm) Chrome/116.0.1938.76 Safari/537.36"
36.133.115.36 - - [11/Feb/2026:12:32:12 +0800] "POST /wp-cron.php?doing_wp_cron=1770784332.5852169990539550781250 HTTP/1.1" 200 31 "-" "WordPress/6.9; http://cqqizhou.com"
172.105.234.247 - - [11/Feb/2026:12:32:12 +0800] "GET / HTTP/1.1" 200 157081 "-" "Mozilla/5.0 AppleWebKit/537.36 (KHTML, like Gecko) Mobile Safari/537.36 (compatible; Bytespider; https://zhanzhang.toutiao.com/)"
61.155.157.28 - - [11/Feb/2026:12:33:13 +0800] "GET / HTTP/1.1" 200 35222 "-" "Mozilla/5.0 (Windows NT 10.0; Win64; x64) AppleWebKit/537.36 (KHTML, like Gecko) Chrome/100.0.4896.127 Safari/537.36"
36.133.115.36 - - [11/Feb/2026:12:33:20 +0800] "POST /wp-cron.php?doing_wp_cron=1770784400.1527719497680664062500 HTTP/1.1" 200 31 "-" "WordPress/6.9; http://cqqizhou.com"
180.76.30.55 - - [11/Feb/2026:12:33:20 +0800] "GET /news/portfolio-category/cold-rolled-coil HTTP/1.1" 200 17789 "-" "Mozilla/5.0 (Linux; Android 6.0.1; SOV33 Build/35.0.D.0.326) AppleWebKit/537.36 (KHTML, like Gecko) Chrome/49.0.2623.91 Mobile Safari/537.36"
180.76.30.53 - - [11/Feb/2026:12:33:20 +0800] "GET /wp-content/uploads/2025/07/1753456723-%E5%8F%8C%E7%9B%B8%E9%92%A2roduct_Single600.webp HTTP/1.1" 200 22790 "http://cqqizhou.com/news/portfolio-category/cold-rolled-coil" "Mozilla/5.0 (Linux; Android 6.0.1; SOV33 Build/35.0.D.0.326) AppleWebKit/537.36 (KHTML, like Gecko) Chrome/49.0.2623.91 Mobile Safari/537.36"
180.76.30.21 - - [11/Feb/2026:12:33:20 +0800] "GET /wp-content/uploads/2025/07/1751425283-qizhou.kf_.qq_.com_.webp HTTP/1.1" 200 16864 "http://cqqizhou.com/news/portfolio-category/cold-rolled-coil" "Mozilla/5.0 (Linux; Android 6.0.1; SOV33 Build/35.0.D.0.326) AppleWebKit/537.36 (KHTML, like Gecko) Chrome/49.0.2623.91 Mobile Safari/537.36"
180.76.30.37 - - [11/Feb/2026:12:33:20 +0800] "GET /wp-content/uploads/2025/07/1753410289-News2000%C3%97400_202571.webp HTTP/1.1" 200 17830 "http://cqqizhou.com/news/portfolio-category/cold-rolled-coil" "Mozilla/5.0 (Linux; Android 6.0.1; SOV33 Build/35.0.D.0.326) AppleWebKit/537.36 (KHTML, like Gecko) Chrome/49.0.2623.91 Mobile Safari/537.36"
61.155.157.28 - - [11/Feb/2026:12:33:23 +0800] "GET /wp-content/uploads/2025/07/1751425283-qizhou.kf_.qq_.com_.webp HTTP/1.1" 200 16864 "http://cqqizhou.com/" "Mozilla/5.0 (Windows NT 10.0; Win64; x64) AppleWebKit/537.36 (KHTML, like Gecko) Chrome/100.0.4896.127 Safari/537.36"
61.155.157.28 - - [11/Feb/2026:12:33:23 +0800] "GET /wp-content/uploads/2025/07/1750174127-Marketing1920x800_3.webp HTTP/1.1" 200 52790 "http://cqqizhou.com/wp-content/uploads/elementor/css/post-1666.css?ver=1770619146" "Mozilla/5.0 (Windows NT 10.0; Win64; x64) AppleWebKit/537.36 (KHTML, like Gecko) Chrome/100.0.4896.127 Safari/537.36"
61.155.157.28 - - [11/Feb/2026:12:33:31 +0800] "GET /wp-content/uploads/2026/02/1770617354-Article_images_W900px.webp HTTP/1.1" 200 13634 "http://cqqizhou.com/" "Mozilla/5.0 (Windows NT 10.0; Win64; x64) AppleWebKit/537.36 (KHTML, like Gecko) Chrome/100.0.4896.127 Safari/537.36"
61.155.157.28 - - [11/Feb/2026:12:33:31 +0800] "GET /wp-content/uploads/2026/02/1770341652-2026251Article_images_W900%C3%97500px.webp HTTP/1.1" 200 43300 "http://cqqizhou.com/" "Mozilla/5.0 (Windows NT 10.0; Win64; x64) AppleWebKit/537.36 (KHTML, like Gecko) Chrome/100.0.4896.127 Safari/537.36"
61.155.157.28 - - [11/Feb/2026:12:33:31 +0800] "GET /wp-content/uploads/2026/02/1770617948-Article_images_W900%C3%97500px.webp HTTP/1.1" 200 38890 "http://cqqizhou.com/" "Mozilla/5.0 (Windows NT 10.0; Win64; x64) AppleWebKit/537.36 (KHTML, like Gecko) Chrome/100.0.4896.127 Safari/537.36"
61.155.157.28 - - [11/Feb/2026:12:33:36 +0800] "GET /wp-content/uploads/2025/07/1753456723-%E5%8F%8C%E7%9B%B8%E9%92%A2roduct_Single600.webp HTTP/1.1" 200 22790 "http://cqqizhou.com/" "Mozilla/5.0 (Windows NT 10.0; Win64; x64) AppleWebKit/537.36 (KHTML, like Gecko) Chrome/100.0.4896.127 Safari/537.36"
61.155.157.28 - - [11/Feb/2026:12:33:36 +0800] "GET /wp-content/uploads/2025/07/1753456770-%E7%83%AD%E9%95%80%E9%94%8C%E5%8D%B7product_Single600.webp HTTP/1.1" 200 27502 "http://cqqizhou.com/" "Mozilla/5.0 (Windows NT 10.0; Win64; x64) AppleWebKit/537.36 (KHTML, like Gecko) Chrome/100.0.4896.127 Safari/537.36"
61.155.157.28 - - [11/Feb/2026:12:33:36 +0800] "GET /wp-content/uploads/2025/07/1753453096-%E5%8F%8C%E7%9B%B8%E9%92%A2product_Single600%C3%97284.webp HTTP/1.1" 200 14562 "http://cqqizhou.com/" "Mozilla/5.0 (Windows NT 10.0; Win64; x64) AppleWebKit/537.36 (KHTML, like Gecko) Chrome/100.0.4896.127 Safari/537.36"
61.155.157.28 - - [11/Feb/2026:12:33:36 +0800] "GET /wp-content/uploads/2025/07/1753453127-%E4%BD%99%E5%8D%B7product_Single600%C3%97284.webp HTTP/1.1" 200 18744 "http://cqqizhou.com/" "Mozilla/5.0 (Windows NT 10.0; Win64; x64) AppleWebKit/537.36 (KHTML, like Gecko) Chrome/100.0.4896.127 Safari/537.36"
61.155.157.28 - - [11/Feb/2026:12:33:38 +0800] "GET /wp-content/uploads/2026/01/1770349139-202624Article_images_W900%C3%97500px20260-.webp HTTP/1.1" 200 58006 "http://cqqizhou.com/" "Mozilla/5.0 (Windows NT 10.0; Win64; x64) AppleWebKit/537.36 (KHTML, like Gecko) Chrome/100.0.4896.127 Safari/537.36"
61.155.157.28 - - [11/Feb/2026:12:33:45 +0800] "GET /wp-content/uploads/2026/01/1769511379-Article_images_W900%C3%97500px202601271.webp HTTP/1.1" 200 67912 "http://cqqizhou.com/" "Mozilla/5.0 (Windows NT 10.0; Win64; x64) AppleWebKit/537.36 (KHTML, like Gecko) Chrome/100.0.4896.127 Safari/537.36"
61.155.157.28 - - [11/Feb/2026:12:33:48 +0800] "GET /wp-content/uploads/2025/12/1765268955-qizhou_Slider1_3840%C3%972160_20251210-scaled.webp HTTP/1.1" 200 152162 "http://cqqizhou.com/" "Mozilla/5.0 (Windows NT 10.0; Win64; x64) AppleWebKit/537.36 (KHTML, like Gecko) Chrome/100.0.4896.127 Safari/537.36"
61.155.157.28 - - [11/Feb/2026:12:33:48 +0800] "GET /wp-content/uploads/revslider/slider-1/1750861156-logistics_Slider_3840%C3%972160_20250625191356-scaled-50x100.webp HTTP/1.1" 200 1416 "http://cqqizhou.com/" "Mozilla/5.0 (Windows NT 10.0; Win64; x64) AppleWebKit/537.36 (KHTML, like Gecko) Chrome/100.0.4896.127 Safari/537.36"
61.155.157.28 - - [11/Feb/2026:12:33:49 +0800] "GET /wp-content/uploads/2026/01/1768276119-qizhoujiagong_Slider_3840%C3%972160_20260113-scaled-50x100.webp HTTP/1.1" 200 976 "http://cqqizhou.com/" "Mozilla/5.0 (Windows NT 10.0; Win64; x64) AppleWebKit/537.36 (KHTML, like Gecko) Chrome/100.0.4896.127 Safari/537.36"
61.155.157.28 - - [11/Feb/2026:12:33:50 +0800] "GET /wp-content/uploads/2025/07/1751829454-Smart-warehousing800x500.webp HTTP/1.1" 200 79504 "http://cqqizhou.com/wp-content/uploads/elementor/css/post-1666.css?ver=1770619146" "Mozilla/5.0 (Windows NT 10.0; Win64; x64) AppleWebKit/537.36 (KHTML, like Gecko) Chrome/100.0.4896.127 Safari/537.36"
61.155.157.28 - - [11/Feb/2026:12:33:50 +0800] "GET /wp-json/sliderrevolution/sliders/1?srengine=7&slideid=4 HTTP/1.1" 200 2580 "http://cqqizhou.com/" "Mozilla/5.0 (Windows NT 10.0; Win64; x64) AppleWebKit/537.36 (KHTML, like Gecko) Chrome/100.0.4896.127 Safari/537.36"
61.155.157.28 - - [11/Feb/2026:12:33:50 +0800] "GET /wp-json/sliderrevolution/sliders/1?srengine=7&slideid=2 HTTP/1.1" 200 2000 "http://cqqizhou.com/" "Mozilla/5.0 (Windows NT 10.0; Win64; x64) AppleWebKit/537.36 (KHTML, like Gecko) Chrome/100.0.4896.127 Safari/537.36"
61.155.157.28 - - [11/Feb/2026:12:33:50 +0800] "GET /wp-content/uploads/2026/01/1768276119-qizhoujiagong_Slider_3840%C3%972160_20260113-scaled.webp HTTP/1.1" 200 131696 "http://cqqizhou.com/" "Mozilla/5.0 (Windows NT 10.0; Win64; x64) AppleWebKit/537.36 (KHTML, like Gecko) Chrome/100.0.4896.127 Safari/537.36"
61.155.157.28 - - [11/Feb/2026:12:33:50 +0800] "GET /wp-content/uploads/revslider/slider-1/1750861156-logistics_Slider_3840%C3%972160_20250625191356-scaled.webp HTTP/1.1" 200 197360 "http://cqqizhou.com/" "Mozilla/5.0 (Windows NT 10.0; Win64; x64) AppleWebKit/537.36 (KHTML, like Gecko) Chrome/100.0.4896.127 Safari/537.36"
36.155.132.141 - - [11/Feb/2026:12:33:57 +0800] "GET /wp-json/oembed/1.0/embed?url=http://cqqizhou.com/news/2339 HTTP/1.1" 200 1299 "-" "Mozilla/5.0 (Linux; Android 6.0.1; SOV33 Build/35.0.D.0.326) AppleWebKit/537.36 (KHTML, like Gecko) Chrome/49.0.2623.91 Mobile Safari/537.36"
205.169.39.11 - - [11/Feb/2026:12:35:50 +0800] "GET / HTTP/1.1" 200 35222 "-" "Mozilla/5.0 (Windows NT 10.0; Win64; x64) AppleWebKit/537.36 (KHTML, like Gecko) Chrome/117.0.5938.132 Safari/537.36"
205.169.39.11 - - [11/Feb/2026:12:35:52 +0800] "GET /wp-content/uploads/2025/07/1751425283-qizhou.kf_.qq_.com_.webp HTTP/1.1" 200 16864 "http://cqqizhou.com/" "Mozilla/5.0 (Windows NT 10.0; Win64; x64) AppleWebKit/537.36 (KHTML, like Gecko) Chrome/117.0.5938.132 Safari/537.36"
205.169.39.11 - - [11/Feb/2026:12:35:54 +0800] "GET /wp-content/uploads/2025/07/1750174127-Marketing1920x800_3.webp HTTP/1.1" 200 52790 "http://cqqizhou.com/wp-content/uploads/elementor/css/post-1666.css?ver=1770619146" "Mozilla/5.0 (Windows NT 10.0; Win64; x64) AppleWebKit/537.36 (KHTML, like Gecko) Chrome/117.0.5938.132 Safari/537.36"
205.169.39.11 - - [11/Feb/2026:12:35:55 +0800] "GET /wp-content/uploads/2026/02/1770617354-Article_images_W900px.webp HTTP/1.1" 200 13634 "http://cqqizhou.com/" "Mozilla/5.0 (Windows NT 10.0; Win64; x64) AppleWebKit/537.36 (KHTML, like Gecko) Chrome/117.0.5938.132 Safari/537.36"
205.169.39.11 - - [11/Feb/2026:12:35:55 +0800] "GET /wp-content/uploads/2026/02/1770617948-Article_images_W900%C3%97500px.webp HTTP/1.1" 200 38890 "http://cqqizhou.com/" "Mozilla/5.0 (Windows NT 10.0; Win64; x64) AppleWebKit/537.36 (KHTML, like Gecko) Chrome/117.0.5938.132 Safari/537.36"
205.169.39.11 - - [11/Feb/2026:12:35:55 +0800] "GET /wp-content/uploads/2026/02/1770341652-2026251Article_images_W900%C3%97500px.webp HTTP/1.1" 200 43300 "http://cqqizhou.com/" "Mozilla/5.0 (Windows NT 10.0; Win64; x64) AppleWebKit/537.36 (KHTML, like Gecko) Chrome/117.0.5938.132 Safari/537.36"
205.169.39.11 - - [11/Feb/2026:12:35:55 +0800] "GET /wp-content/uploads/2026/01/1770349139-202624Article_images_W900%C3%97500px20260-.webp HTTP/1.1" 200 58006 "http://cqqizhou.com/" "Mozilla/5.0 (Windows NT 10.0; Win64; x64) AppleWebKit/537.36 (KHTML, like Gecko) Chrome/117.0.5938.132 Safari/537.36"
205.169.39.11 - - [11/Feb/2026:12:35:55 +0800] "GET /wp-content/uploads/2026/01/1769511379-Article_images_W900%C3%97500px202601271.webp HTTP/1.1" 200 67912 "http://cqqizhou.com/" "Mozilla/5.0 (Windows NT 10.0; Win64; x64) AppleWebKit/537.36 (KHTML, like Gecko) Chrome/117.0.5938.132 Safari/537.36"
205.169.39.11 - - [11/Feb/2026:12:35:56 +0800] "GET /wp-content/uploads/2025/12/1765268955-qizhou_Slider1_3840%C3%972160_20251210-scaled.webp HTTP/1.1" 200 152162 "http://cqqizhou.com/" "Mozilla/5.0 (Windows NT 10.0; Win64; x64) AppleWebKit/537.36 (KHTML, like Gecko) Chrome/117.0.5938.132 Safari/537.36"
205.169.39.11 - - [11/Feb/2026:12:35:56 +0800] "GET /wp-content/uploads/revslider/slider-1/1750861156-logistics_Slider_3840%C3%972160_20250625191356-scaled-50x100.webp HTTP/1.1" 200 1416 "http://cqqizhou.com/" "Mozilla/5.0 (Windows NT 10.0; Win64; x64) AppleWebKit/537.36 (KHTML, like Gecko) Chrome/117.0.5938.132 Safari/537.36"
205.169.39.11 - - [11/Feb/2026:12:35:56 +0800] "GET /wp-content/uploads/2026/01/1768276119-qizhoujiagong_Slider_3840%C3%972160_20260113-scaled-50x100.webp HTTP/1.1" 200 976 "http://cqqizhou.com/" "Mozilla/5.0 (Windows NT 10.0; Win64; x64) AppleWebKit/537.36 (KHTML, like Gecko) Chrome/117.0.5938.132 Safari/537.36"
205.169.39.11 - - [11/Feb/2026:12:35:56 +0800] "GET /wp-content/uploads/revslider/slider-1/1750861156-logistics_Slider_3840%C3%972160_20250625191356-scaled-50x100.webp HTTP/1.1" 200 1416 "http://cqqizhou.com/" "Mozilla/5.0 (Windows NT 10.0; Win64; x64) AppleWebKit/537.36 (KHTML, like Gecko) Chrome/117.0.5938.132 Safari/537.36"
205.169.39.11 - - [11/Feb/2026:12:35:56 +0800] "GET /wp-content/uploads/2026/01/1768276119-qizhoujiagong_Slider_3840%C3%972160_20260113-scaled-50x100.webp HTTP/1.1" 200 976 "http://cqqizhou.com/" "Mozilla/5.0 (Windows NT 10.0; Win64; x64) AppleWebKit/537.36 (KHTML, like Gecko) Chrome/117.0.5938.132 Safari/537.36"
205.169.39.11 - - [11/Feb/2026:12:35:57 +0800] "GET /wp-json/sliderrevolution/sliders/1?srengine=7&slideid=4 HTTP/1.1" 200 2580 "http://cqqizhou.com/" "Mozilla/5.0 (Windows NT 10.0; Win64; x64) AppleWebKit/537.36 (KHTML, like Gecko) Chrome/117.0.5938.132 Safari/537.36"
36.133.115.36 - - [11/Feb/2026:12:35:57 +0800] "POST /wp-cron.php?doing_wp_cron=1770784557.4711909294128417968750 HTTP/1.1" 200 31 "-" "WordPress/6.9; http://cqqizhou.com"
205.169.39.11 - - [11/Feb/2026:12:35:57 +0800] "GET /wp-json/sliderrevolution/sliders/1?srengine=7&slideid=2 HTTP/1.1" 200 2000 "http://cqqizhou.com/" "Mozilla/5.0 (Windows NT 10.0; Win64; x64) AppleWebKit/537.36 (KHTML, like Gecko) Chrome/117.0.5938.132 Safari/537.36"
205.169.39.11 - - [11/Feb/2026:12:35:57 +0800] "GET /wp-content/uploads/2025/07/1753456723-%E5%8F%8C%E7%9B%B8%E9%92%A2roduct_Single600.webp HTTP/1.1" 200 22790 "http://cqqizhou.com/" "Mozilla/5.0 (Windows NT 10.0; Win64; x64) AppleWebKit/537.36 (KHTML, like Gecko) Chrome/117.0.5938.132 Safari/537.36"
205.169.39.11 - - [11/Feb/2026:12:35:57 +0800] "GET /wp-content/uploads/2025/07/1753453096-%E5%8F%8C%E7%9B%B8%E9%92%A2product_Single600%C3%97284.webp HTTP/1.1" 200 14562 "http://cqqizhou.com/" "Mozilla/5.0 (Windows NT 10.0; Win64; x64) AppleWebKit/537.36 (KHTML, like Gecko) Chrome/117.0.5938.132 Safari/537.36"
205.169.39.11 - - [11/Feb/2026:12:35:57 +0800] "GET /wp-content/uploads/2025/07/1753456770-%E7%83%AD%E9%95%80%E9%94%8C%E5%8D%B7product_Single600.webp HTTP/1.1" 200 27502 "http://cqqizhou.com/" "Mozilla/5.0 (Windows NT 10.0; Win64; x64) AppleWebKit/537.36 (KHTML, like Gecko) Chrome/117.0.5938.132 Safari/537.36"
205.169.39.11 - - [11/Feb/2026:12:35:57 +0800] "GET /wp-content/uploads/2025/07/1753453127-%E4%BD%99%E5%8D%B7product_Single600%C3%97284.webp HTTP/1.1" 200 18744 "http://cqqizhou.com/" "Mozilla/5.0 (Windows NT 10.0; Win64; x64) AppleWebKit/537.36 (KHTML, like Gecko) Chrome/117.0.5938.132 Safari/537.36"
205.169.39.11 - - [11/Feb/2026:12:35:57 +0800] "GET /wp-content/uploads/revslider/slider-1/1750861156-logistics_Slider_3840%C3%972160_20250625191356-scaled.webp HTTP/1.1" 200 197360 "http://cqqizhou.com/" "Mozilla/5.0 (Windows NT 10.0; Win64; x64) AppleWebKit/537.36 (KHTML, like Gecko) Chrome/117.0.5938.132 Safari/537.36"
205.169.39.11 - - [11/Feb/2026:12:35:58 +0800] "GET /wp-content/uploads/2026/01/1768276119-qizhoujiagong_Slider_3840%C3%972160_20260113-scaled.webp HTTP/1.1" 200 131696 "http://cqqizhou.com/" "Mozilla/5.0 (Windows NT 10.0; Win64; x64) AppleWebKit/537.36 (KHTML, like Gecko) Chrome/117.0.5938.132 Safari/537.36"
205.169.39.11 - - [11/Feb/2026:12:36:05 +0800] "GET /wp-content/uploads/2025/12/1765268955-qizhou_Slider1_3840%C3%972160_20251210-scaled-50x100.webp HTTP/1.1" 200 1812 "http://cqqizhou.com/" "Mozilla/5.0 (X11; Linux x86_64) AppleWebKit/537.36 (KHTML, like Gecko) HeadlessChrome/127.0.6533.119 Safari/537.36"
47.95.198.251 - - [11/Feb/2026:13:11:03 +0800] "GET /Public/Base/yingsoft/webupload/server/preview.php HTTP/1.1" 404 47 "-" "Mozilla/5.0 (Windows NT 10.0; Win64; x64)"
47.95.198.251 - - [11/Feb/2026:13:11:04 +0800] "GET /Public/Base/yingsoft/webupload/server/fileupload.php HTTP/1.1" 404 47 "-" "Mozilla/5.0 (Windows NT 10.0; Win64; x64)"
36.133.115.36 - - [11/Feb/2026:13:31:00 +0800] "POST /wp-cron.php?doing_wp_cron=1770787860.7487199306488037109375 HTTP/1.1" 200 31 "-" "WordPress/6.9; http://cqqizhou.com"
42.238.177.181 - - [11/Feb/2026:13:31:00 +0800] "GET / HTTP/1.1" 301 5 "-" "Mozilla/5.0 (Macintosh; Intel Mac OS X 10_15_7) AppleWebKit/537.36 (KHTML, like Gecko) Chrome/120.0.0.0 Safari/537.36 Edg/120.0.0.0"
36.133.115.36 - - [11/Feb/2026:13:31:22 +0800] "POST /wp-cron.php?doing_wp_cron=1770787882.0999341011047363281250 HTTP/1.1" 200 31 "-" "WordPress/6.9; http://cqqizhou.com"
223.91.70.128 - - [11/Feb/2026:13:31:22 +0800] "GET /robots.txt HTTP/1.1" 200 190 "-" "Mozilla/5.0 (Macintosh; Intel Mac OS X 10_7_0) AppleWebKit/535.11 (KHTML, like Gecko) Chrome/17.0.963.56 Safari/535.11"
223.93.4.64 - - [11/Feb/2026:13:31:23 +0800] "GET /sitemap.xml HTTP/1.1" 200 537 "-" "Mozilla/5.0 (Macintosh; Intel Mac OS X 10_7_0) AppleWebKit/535.11 (KHTML, like Gecko) Chrome/17.0.963.56 Safari/535.11"
113.7.54.20 - - [11/Feb/2026:13:35:54 +0800] "GET / HTTP/1.1" 200 158740 "-" "Mozilla/5.0 (Macintosh; Intel Mac OS X 10_15_7) AppleWebKit/537.36 (KHTML, like Gecko) Chrome/120.0.0.0 Safari/537.36 Edg/120.0.0.0"
36.133.115.36 - - [11/Feb/2026:13:36:28 +0800] "POST /wp-cron.php?doing_wp_cron=1770788188.2292580604553222656250 HTTP/1.1" 200 31 "-" "WordPress/6.9; http://cqqizhou.com"
60.5.110.72 - - [11/Feb/2026:13:36:28 +0800] "GET /robots.txt HTTP/1.1" 200 190 "-" "Mozilla/5.0 (Macintosh; Intel Mac OS X 10_7_0) AppleWebKit/535.11 (KHTML, like Gecko) Chrome/17.0.963.56 Safari/535.11"
42.239.127.56 - - [11/Feb/2026:13:36:30 +0800] "GET /sitemap.xml HTTP/1.1" 200 537 "-" "Mozilla/5.0 (Macintosh; Intel Mac OS X 10_7_0) AppleWebKit/535.11 (KHTML, like Gecko) Chrome/17.0.963.56 Safari/535.11"
27.213.53.100 - - [11/Feb/2026:13:36:31 +0800] "GET /config.json HTTP/1.1" 404 8949 "-" "Mozilla/5.0 (Macintosh; Intel Mac OS X 10_7_0) AppleWebKit/535.11 (KHTML, like Gecko) Chrome/17.0.963.56 Safari/535.11"
113.201.7.233 - - [11/Feb/2026:13:36:58 +0800] "GET /wp-content/plugins/elementor/readme.txt HTTP/1.1" 200 10514 "-" "Mozilla/5.0 (Android 4.4.1; Mobile; rv:9.0) Gecko/9.0 Firefox/9.0"
36.133.115.36 - - [11/Feb/2026:13:37:16 +0800] "POST /wp-cron.php?doing_wp_cron=1770788236.2708439826965332031250 HTTP/1.1" 200 31 "-" "WordPress/6.9; http://cqqizhou.com"
183.210.249.32 - - [11/Feb/2026:13:37:16 +0800] "GET /wp-content/plugins/revslider/readme.txt HTTP/1.1" 404 8949 "-" "Mozilla/5.0 (Android 4.4.1; Mobile; rv:9.0) Gecko/9.0 Firefox/9.0"
117.140.183.158 - - [11/Feb/2026:13:37:28 +0800] "GET /wp-content/plugins/*\x22,\x22/readme.txt HTTP/1.1" 404 8949 "-" "Mozilla/5.0 (Android 4.4.1; Mobile; rv:9.0) Gecko/9.0 Firefox/9.0"
124.167.117.172 - - [11/Feb/2026:13:37:34 +0800] "GET /wp-content/plugins/elementor-pro/readme.txt HTTP/1.1" 200 337 "-" "Mozilla/5.0 (Android 4.4.1; Mobile; rv:9.0) Gecko/9.0 Firefox/9.0"
146.19.24.133 - - [11/Feb/2026:13:37:38 +0800] "GET /login.asp HTTP/1.1" 301 5 "-" "-"
42.229.129.26 - - [11/Feb/2026:13:37:46 +0800] "GET /wp-content/themes/qizhou/readme.txt HTTP/1.1" 200 1348 "-" "Mozilla/5.0 (Android 4.4.1; Mobile; rv:9.0) Gecko/9.0 Firefox/9.0"
36.133.115.36 - - [11/Feb/2026:13:51:54 +0800] "POST /wp-cron.php?doing_wp_cron=1770789114.5500431060791015625000 HTTP/1.1" 200 31 "-" "WordPress/6.9; http://cqqizhou.com"
120.82.85.239 - - [11/Feb/2026:13:51:54 +0800] "GET / HTTP/1.1" 301 5 "-" "Mozilla/5.0 (Macintosh; Intel Mac OS X 10_15_7) AppleWebKit/537.36 (KHTML, like Gecko) Chrome/120.0.0.0 Safari/537.36 Edg/120.0.0.0"
204.76.203.69 - - [11/Feb/2026:13:52:07 +0800] "GET / HTTP/1.1" 200 157081 "-" "-"
36.133.115.36 - - [11/Feb/2026:13:52:15 +0800] "POST /wp-cron.php?doing_wp_cron=1770789135.0256540775299072265625 HTTP/1.1" 200 31 "-" "WordPress/6.9; http://cqqizhou.com"
111.85.238.186 - - [11/Feb/2026:13:52:15 +0800] "GET /robots.txt HTTP/1.1" 301 5 "-" "Mozilla/5.0 (Macintosh; Intel Mac OS X 10_7_0) AppleWebKit/535.11 (KHTML, like Gecko) Chrome/17.0.963.56 Safari/535.11"
116.114.8.205 - - [11/Feb/2026:13:52:16 +0800] "GET /robots.txt HTTP/1.1" 200 190 "http://www.cqqizhou.com/robots.txt" "Mozilla/5.0 (Macintosh; Intel Mac OS X 10_7_0) AppleWebKit/535.11 (KHTML, like Gecko) Chrome/17.0.963.56 Safari/535.11"
116.149.91.189 - - [11/Feb/2026:13:52:19 +0800] "GET /sitemap.xml HTTP/1.1" 200 537 "-" "Mozilla/5.0 (Macintosh; Intel Mac OS X 10_7_0) AppleWebKit/535.11 (KHTML, like Gecko) Chrome/17.0.963.56 Safari/535.11"
36.133.115.36 - - [11/Feb/2026:13:55:32 +0800] "POST /wp-cron.php?doing_wp_cron=1770789331.9817819595336914062500 HTTP/1.1" 200 31 "-" "WordPress/6.9; http://cqqizhou.com"
185.242.226.102 - - [11/Feb/2026:13:55:32 +0800] "GET / HTTP/1.1" 301 5 "-" "Mozilla/5.0 (Windows NT 10.0; Win64; x64) AppleWebKit/537.36 (KHTML, like Gecko) Chrome/88.0.4324.190 Safari/537.36"
185.242.226.102 - - [11/Feb/2026:13:55:32 +0800] "GET / HTTP/1.1" 200 35222 "http://36.133.115.36:80/" "Mozilla/5.0 (Windows NT 10.0; Win64; x64) AppleWebKit/537.36 (KHTML, like Gecko) Chrome/88.0.4324.190 Safari/537.36"
36.133.115.36 - - [11/Feb/2026:14:11:14 +0800] "POST /wp-cron.php?doing_wp_cron=1770790274.3451070785522460937500 HTTP/1.1" 200 31 "-" "WordPress/6.9; http://cqqizhou.com"
66.235.175.246 - - [11/Feb/2026:14:11:14 +0800] "POST /xmlrpc.php HTTP/1.1" 200 217 "-" "Mozilla/5.0 (Windows NT 10.0; WOW64) AppleWebKit/537.36 (KHTML, like Gecko) Chrome/141.0.0.0 Safari/537.36"
43.166.129.247 - - [11/Feb/2026:14:11:47 +0800] "GET / HTTP/1.1" 200 34783 "-" "Mozilla/5.0 (iPhone; CPU iPhone OS 13_2_3 like Mac OS X) AppleWebKit/605.1.15 (KHTML, like Gecko) Version/13.0.3 Mobile/15E148 Safari/604.1"
36.133.115.36 - - [11/Feb/2026:14:35:16 +0800] "POST /wp-cron.php?doing_wp_cron=1770791716.7333040237426757812500 HTTP/1.1" 200 31 "-" "WordPress/6.9; http://cqqizhou.com"
91.221.137.165 - - [11/Feb/2026:14:35:17 +0800] "GET / HTTP/1.1" 200 157081 "-" "Mozilla/5.0 (Windows NT 10.0; WOW64) AppleWebKit/537.36 (KHTML, like Gecko) Chrome/51.0.2704.103 Safari/537.36"
40.77.167.23 - - [11/Feb/2026:14:39:43 +0800] "GET /wp-content/uploads/2025/07/1750671800-partner1_200x50.webp HTTP/1.1" 200 2244 "-" "Mozilla/5.0 AppleWebKit/537.36 (KHTML, like Gecko; compatible; bingbot/2.0; +http://www.bing.com/bingbot.htm) Chrome/116.0.1938.76 Safari/537.36"
36.133.115.36 - - [11/Feb/2026:14:46:28 +0800] "POST /wp-cron.php?doing_wp_cron=1770792388.7391629219055175781250 HTTP/1.1" 200 31 "-" "WordPress/6.9; http://cqqizhou.com"
162.142.125.211 - - [11/Feb/2026:14:46:28 +0800] "GET / HTTP/1.1" 301 5 "-" "Mozilla/5.0 (compatible; CensysInspect/1.1; +https://about.censys.io/)"
162.142.125.211 - - [11/Feb/2026:14:46:41 +0800] "GET /login HTTP/1.1" 302 5 "-" "Mozilla/5.0 (compatible; CensysInspect/1.1; +https://about.censys.io/)"
36.133.115.36 - - [11/Feb/2026:14:48:57 +0800] "POST /wp-cron.php?doing_wp_cron=1770792537.5242679119110107421875 HTTP/1.1" 200 31 "-" "WordPress/6.9; http://cqqizhou.com"
162.142.125.38 - - [11/Feb/2026:14:48:57 +0800] "GET /security.txt HTTP/1.1" 200 19844 "-" "Mozilla/5.0 (compatible; CensysInspect/1.1; +https://about.censys.io/)"
36.133.115.36 - - [11/Feb/2026:14:49:28 +0800] "POST /wp-cron.php?doing_wp_cron=1770792568.5114440917968750000000 HTTP/1.1" 200 31 "-" "WordPress/6.9; http://cqqizhou.com"
162.142.125.38 - - [11/Feb/2026:14:49:28 +0800] "GET /cdpqitttbdcg4i291x HTTP/1.1" 404 8949 "-" "Mozilla/5.0 (compatible; CensysInspect/1.1; +https://about.censys.io/)"
118.107.26.202 - - [11/Feb/2026:15:04:20 +0800] "GET /index.asp/1.php HTTP/1.1" 404 47 "-" "Mozilla/5.0 (Windows NT 10.0; Win64; x64; rv:109.0) Gecko/20100101 Firefox/117.0"
36.133.115.36 - - [11/Feb/2026:15:14:15 +0800] "POST /wp-cron.php?doing_wp_cron=1770794055.1392550468444824218750 HTTP/1.1" 200 31 "-" "WordPress/6.9; http://cqqizhou.com"
176.65.148.66 - - [11/Feb/2026:15:14:15 +0800] "HEAD / HTTP/1.1" 200 0 "-" "Mozilla/5.0 (compatible; Let's Encrypt validation server; +https://www.letsencrypt.org )"
176.65.148.66 - - [11/Feb/2026:15:14:17 +0800] "GET / HTTP/1.1" 200 157081 "-" "Mozilla/5.0 (compatible; Let's Encrypt validation server; +https://www.letsencrypt.org )"
176.65.148.66 - - [11/Feb/2026:15:14:20 +0800] "HEAD /_next HTTP/1.1" 301 0 "-" "Mozilla/5.0 (compatible; Let's Encrypt validation server; +https://www.letsencrypt.org )"
176.65.148.66 - - [11/Feb/2026:15:14:22 +0800] "POST / HTTP/1.1" 200 34782 "-" "Mozilla/5.0 (compatible; Let's Encrypt validation server; +https://www.letsencrypt.org )"
176.65.148.66 - - [11/Feb/2026:15:14:25 +0800] "POST /_next HTTP/1.1" 404 8949 "-" "Mozilla/5.0 (compatible; Let's Encrypt validation server; +https://www.letsencrypt.org )"
36.133.115.36 - - [11/Feb/2026:15:23:09 +0800] "POST /wp-cron.php?doing_wp_cron=1770794589.9092350006103515625000 HTTP/1.1" 200 31 "-" "WordPress/6.9; http://cqqizhou.com"
20.80.88.247 - - [11/Feb/2026:15:23:09 +0800] "GET /portal/redlion HTTP/1.1" 404 8949 "-" "Mozilla/5.0 zgrab/0.x"
36.133.115.36 - - [11/Feb/2026:15:31:20 +0800] "POST /wp-cron.php?doing_wp_cron=1770795080.4652869701385498046875 HTTP/1.1" 200 31 "-" "WordPress/6.9; http://cqqizhou.com"
43.135.130.202 - - [11/Feb/2026:15:31:20 +0800] "GET / HTTP/1.1" 200 34782 "-" "Mozilla/5.0 (iPhone; CPU iPhone OS 13_2_3 like Mac OS X) AppleWebKit/605.1.15 (KHTML, like Gecko) Version/13.0.3 Mobile/15E148 Safari/604.1"
36.133.115.36 - - [11/Feb/2026:15:33:45 +0800] "POST /wp-cron.php?doing_wp_cron=1770795225.1205370426177978515625 HTTP/1.1" 200 31 "-" "WordPress/6.9; http://cqqizhou.com"
204.76.203.69 - - [11/Feb/2026:15:33:45 +0800] "GET / HTTP/1.1" 301 5 "-" "Mozilla/5.0 (Windows NT 10.0; Win64; x64) AppleWebKit/537.36 (KHTML, like Gecko) Chrome/90.0.4430.85 Safari/537.36 Edg/90.0.818.46"
51.68.247.202 - - [11/Feb/2026:15:46:28 +0800] "GET / HTTP/1.1" 200 35222 "-" "Mozilla/5.0 (compatible; AhrefsBot/7.0; +http://ahrefs.com/robot/)"
36.133.115.36 - - [11/Feb/2026:16:05:54 +0800] "POST /wp-cron.php?doing_wp_cron=1770797154.4198501110076904296875 HTTP/1.1" 200 31 "-" "WordPress/6.9; http://cqqizhou.com"
40.77.167.241 - - [11/Feb/2026:16:05:54 +0800] "GET /logistics/ HTTP/1.1" 301 5 "-" "Mozilla/5.0 AppleWebKit/537.36 (KHTML, like Gecko; compatible; bingbot/2.0; +http://www.bing.com/bingbot.htm) Chrome/116.0.1938.76 Safari/537.36"
40.77.167.241 - - [11/Feb/2026:16:06:01 +0800] "GET /logistics HTTP/1.1" 200 30894 "-" "Mozilla/5.0 AppleWebKit/537.36 (KHTML, like Gecko; compatible; bingbot/2.0; +http://www.bing.com/bingbot.htm) Chrome/116.0.1938.76 Safari/537.36"
36.133.115.36 - - [11/Feb/2026:16:06:26 +0800] "POST /wp-cron.php?doing_wp_cron=1770797186.3394060134887695312500 HTTP/1.1" 200 31 "-" "WordPress/6.9; http://cqqizhou.com"
49.233.45.47 - - [11/Feb/2026:16:06:26 +0800] "GET / HTTP/1.1" 301 5 "-" "Mozilla/5.0 (iPhone; CPU iPhone OS 13_2_3 like Mac OS X) AppleWebKit/605.1.15 (KHTML, like Gecko) Version/13.0.3 Mobile/15E148 Safari/604.1"
49.233.45.47 - - [11/Feb/2026:16:06:28 +0800] "GET / HTTP/1.1" 200 34782 "http://www.cqqizhou.com" "Mozilla/5.0 (iPhone; CPU iPhone OS 13_2_3 like Mac OS X) AppleWebKit/605.1.15 (KHTML, like Gecko) Version/13.0.3 Mobile/15E148 Safari/604.1"
36.133.115.36 - - [11/Feb/2026:16:26:17 +0800] "POST /wp-cron.php?doing_wp_cron=1770798377.0579829216003417968750 HTTP/1.1" 200 31 "-" "WordPress/6.9; http://cqqizhou.com"
136.113.214.54 - - [11/Feb/2026:16:26:17 +0800] "HEAD / HTTP/1.1" 200 0 "-" "Mozilla/5.0 (Linux; Android 14; RMX3842) AppleWebKit/537.36 (KHTML, like Gecko) Chrome/126.0.6478.44 Mobile Safari/537.36"
136.113.214.54 - - [11/Feb/2026:16:26:18 +0800] "HEAD /blog/ HTTP/1.1" 404 0 "-" "Mozilla/5.0 (Windows NT 11.0; Win64; x64) AppleWebKit/537.36 (KHTML, like Gecko) Edg/128.0.2790.25 Chrome/128.0.6540.22 Safari/537.36"
136.113.214.54 - - [11/Feb/2026:16:26:18 +0800] "HEAD /backup/ HTTP/1.1" 404 0 "-" "Mozilla/5.0 (Linux; Android 14; OnePlus 12) AppleWebKit/537.36 (KHTML, like Gecko) Chrome/125.0.6422.102 Mobile Safari/537.36"
136.113.214.54 - - [11/Feb/2026:16:26:19 +0800] "HEAD /wp/ HTTP/1.1" 404 0 "-" "Mozilla/5.0 (Linux; U; Android 10; en-US; CPH2015) AppleWebKit/537.36 (KHTML, like Gecko) UCBrowser/13.5.8.1311 Mobile Safari/537.36"
136.113.214.54 - - [11/Feb/2026:16:26:20 +0800] "HEAD /old/ HTTP/1.1" 404 0 "-" "Mozilla/5.0 (iPhone; CPU iPhone OS 16_7 like Mac OS X) AppleWebKit/605.1.15 (KHTML, like Gecko) Version/16.7 Mobile/15E148 Safari/604.1"
136.113.214.54 - - [11/Feb/2026:16:26:21 +0800] "HEAD /new/ HTTP/1.1" 301 0 "-" "Mozilla/5.0 (X11; Fedora; Linux x86_64; rv:125.0) Gecko/20100101 Firefox/125.0"
136.113.214.54 - - [11/Feb/2026:16:26:21 +0800] "HEAD /news HTTP/1.1" 200 0 "http://cqqizhou.com/new/" "Mozilla/5.0 (X11; Fedora; Linux x86_64; rv:125.0) Gecko/20100101 Firefox/125.0"
136.113.214.54 - - [11/Feb/2026:16:26:22 +0800] "HEAD /wordpress/ HTTP/1.1" 404 0 "-" "Mozilla/5.0 (Macintosh; Intel Mac OS X 14_5) AppleWebKit/605.1.15 (KHTML, like Gecko) Version/17.5 Safari/605.1.15"
43.155.157.239 - - [11/Feb/2026:16:26:32 +0800] "GET / HTTP/1.1" 301 5 "-" "Mozilla/5.0 (iPhone; CPU iPhone OS 13_2_3 like Mac OS X) AppleWebKit/605.1.15 (KHTML, like Gecko) Version/13.0.3 Mobile/15E148 Safari/604.1"
43.155.157.239 - - [11/Feb/2026:16:26:34 +0800] "GET / HTTP/1.1" 200 34782 "http://36.133.115.36" "Mozilla/5.0 (iPhone; CPU iPhone OS 13_2_3 like Mac OS X) AppleWebKit/605.1.15 (KHTML, like Gecko) Version/13.0.3 Mobile/15E148 Safari/604.1"
116.179.32.73 - - [11/Feb/2026:16:28:56 +0800] "GET /media HTTP/1.1" 200 31738 "-" "Mozilla/5.0 (compatible; Baiduspider/2.0; +http://www.baidu.com/search/spider.html)"
116.179.37.58 - - [11/Feb/2026:16:29:00 +0800] "GET /wp-content/uploads/2026/02/1770617354-Article_images_W900px-300x187.webp HTTP/1.1" 200 5306 "http://cqqizhou.com/media" "Mozilla/5.0 (compatible; Baiduspider-render/2.0; +http://www.baidu.com/search/spider.html)"
116.179.37.66 - - [11/Feb/2026:16:29:00 +0800] "GET /wp-content/uploads/2026/02/1770617948-Article_images_W900%C3%97500px-300x169.webp HTTP/1.1" 200 12198 "http://cqqizhou.com/media" "Mozilla/5.0 (compatible; Baiduspider-render/2.0; +http://www.baidu.com/search/spider.html)"
36.133.115.36 - - [11/Feb/2026:16:30:12 +0800] "POST /wp-cron.php?doing_wp_cron=1770798612.0147099494934082031250 HTTP/1.1" 200 31 "-" "WordPress/6.9; http://cqqizhou.com"
147.185.133.240 - - [11/Feb/2026:16:30:12 +0800] "GET / HTTP/1.1" 200 34782 "-" "Hello from Palo Alto Networks, find out more about our scans in https://docs-cortex.paloaltonetworks.com/r/1/Cortex-Xpanse/Scanning-activity"
36.133.115.36 - - [11/Feb/2026:16:44:15 +0800] "POST /wp-cron.php?doing_wp_cron=1770799455.0762119293212890625000 HTTP/1.1" 200 31 "-" "WordPress/6.9; http://cqqizhou.com"
176.65.132.254 - - [11/Feb/2026:16:44:15 +0800] "POST /boaform/admin/formLogin HTTP/1.1" 404 8949 "http://36.133.115.36:80/admin/login.asp" "Mozilla/5.0 (X11; Ubuntu; Linux x86_64; rv:71.0) Gecko/20100101 Firefox/71.0"
36.133.115.36 - - [11/Feb/2026:16:56:40 +0800] "POST /wp-cron.php?doing_wp_cron=1770800200.8235650062561035156250 HTTP/1.1" 200 31 "-" "WordPress/6.9; http://cqqizhou.com"
45.148.10.143 - - [11/Feb/2026:16:56:40 +0800] "GET /.svn/wc.db HTTP/1.1" 404 31365 "-" "Mozilla/5.0"
45.148.10.143 - - [11/Feb/2026:16:56:51 +0800] "GET /.svn/entries HTTP/1.1" 404 31365 "-" "Mozilla/5.0"
36.133.115.36 - - [11/Feb/2026:16:57:12 +0800] "POST /wp-cron.php?doing_wp_cron=1770800232.5201900005340576171875 HTTP/1.1" 200 31 "-" "WordPress/6.9; http://cqqizhou.com"
45.148.10.143 - - [11/Feb/2026:16:57:12 +0800] "GET /.svn/entries HTTP/1.1" 404 31365 "-" "Mozilla/5.0"
45.148.10.143 - - [11/Feb/2026:16:58:10 +0800] "GET / HTTP/1.1" 200 158740 "-" "-"
45.148.10.143 - - [11/Feb/2026:16:58:41 +0800] "GET / HTTP/1.1" 200 158740 "-" "-"
36.133.115.36 - - [11/Feb/2026:17:07:19 +0800] "POST /wp-cron.php?doing_wp_cron=1770800839.0965240001678466796875 HTTP/1.1" 200 31 "-" "WordPress/6.9; http://cqqizhou.com"
66.249.74.7 - - [11/Feb/2026:17:07:19 +0800] "GET /news/2486 HTTP/1.1" 200 19993 "-" "Mozilla/5.0 (Linux; Android 6.0.1; Nexus 5X Build/MMB29P) AppleWebKit/537.36 (KHTML, like Gecko) Chrome/144.0.7559.132 Mobile Safari/537.36 (compatible; Googlebot/2.1; +http://www.google.com/bot.html)"
87.121.84.15 - - [11/Feb/2026:17:07:46 +0800] "GET / HTTP/1.1" 200 157081 "-" "Mozilla/1.0"
36.133.115.36 - - [11/Feb/2026:17:13:51 +0800] "POST /wp-cron.php?doing_wp_cron=1770801231.2215270996093750000000 HTTP/1.1" 200 31 "-" "WordPress/6.9; http://cqqizhou.com"
51.195.244.180 - - [11/Feb/2026:17:13:51 +0800] "GET /robots.txt HTTP/1.1" 200 190 "-" "Mozilla/5.0 (compatible; AhrefsBot/7.0; +http://ahrefs.com/robot/)"
37.59.204.146 - - [11/Feb/2026:17:13:55 +0800] "GET /news/page/2/ HTTP/1.1" 301 5 "-" "Mozilla/5.0 (compatible; AhrefsBot/7.0; +http://ahrefs.com/robot/)"
36.133.115.36 - - [11/Feb/2026:17:20:31 +0800] "POST /wp-cron.php?doing_wp_cron=1770801631.2337749004364013671875 HTTP/1.1" 200 31 "-" "WordPress/6.9; http://cqqizhou.com"
146.19.24.133 - - [11/Feb/2026:17:20:31 +0800] "GET / HTTP/1.1" 200 34782 "-" "-"
36.133.115.36 - - [11/Feb/2026:17:26:02 +0800] "POST /wp-cron.php?doing_wp_cron=1770801962.5519909858703613281250 HTTP/1.1" 200 31 "-" "WordPress/6.9; http://cqqizhou.com"
85.208.96.205 - - [11/Feb/2026:17:26:02 +0800] "GET /robots.txt HTTP/1.1" 200 190 "-" "Mozilla/5.0 (compatible; SemrushBot/7~bl; +http://www.semrush.com/bot.html)"
36.133.115.36 - - [11/Feb/2026:17:31:35 +0800] "POST /wp-cron.php?doing_wp_cron=1770802295.0167520046234130859375 HTTP/1.1" 200 31 "-" "WordPress/6.9; http://cqqizhou.com"
192.109.200.205 - - [11/Feb/2026:17:31:35 +0800] "GET / HTTP/1.1" 200 34782 "-" "Mozilla/5.0"
192.109.200.205 - - [11/Feb/2026:17:31:37 +0800] "POST / HTTP/1.1" 200 34782 "-" "Mozilla/5.0"
36.133.115.36 - - [11/Feb/2026:18:03:27 +0800] "POST /wp-cron.php?doing_wp_cron=1770804207.6632590293884277343750 HTTP/1.1" 200 31 "-" "WordPress/6.9; http://cqqizhou.com"
103.3.63.127 - - [11/Feb/2026:18:03:27 +0800] "POST /xmlrpc.php HTTP/1.1" 200 217 "-" "Mozilla/5.0 (Windows NT 10.0; Win64; x64; rv:141.0) Gecko/20100101 Firefox/141.0"
36.133.115.36 - - [11/Feb/2026:18:17:28 +0800] "POST /wp-cron.php?doing_wp_cron=1770805047.9913380146026611328125 HTTP/1.1" 200 31 "-" "WordPress/6.9; http://cqqizhou.com"
36.133.108.119 - - [11/Feb/2026:18:17:28 +0800] "HEAD /app/.env HTTP/1.1" 404 0 "-" "Mozilla/5.0 (Windows NT 6.2; WOW64) AppleWebKit/537.14 (KHTML, like Gecko) Chrome/24.0.1292.0 Safari/537.14"
36.133.115.36 - - [11/Feb/2026:18:27:25 +0800] "POST /wp-cron.php?doing_wp_cron=1770805645.1037039756774902343750 HTTP/1.1" 200 31 "-" "WordPress/6.9; http://cqqizhou.com"
176.65.132.254 - - [11/Feb/2026:18:27:25 +0800] "GET / HTTP/1.1" 200 34782 "-" "Mozilla/5.0 (X11; Ubuntu; Linux x86_64; rv:76.0) Gecko/20100101 Firefox/76.0"
36.133.115.36 - - [11/Feb/2026:18:36:52 +0800] "POST /wp-cron.php?doing_wp_cron=1770806212.3310930728912353515625 HTTP/1.1" 200 31 "-" "WordPress/6.9; http://cqqizhou.com"
124.156.157.91 - - [11/Feb/2026:18:36:52 +0800] "GET / HTTP/1.1" 301 5 "-" "Mozilla/5.0 (iPhone; CPU iPhone OS 13_2_3 like Mac OS X) AppleWebKit/605.1.15 (KHTML, like Gecko) Version/13.0.3 Mobile/15E148 Safari/604.1"
124.156.157.91 - - [11/Feb/2026:18:36:56 +0800] "GET / HTTP/1.1" 200 34782 "http://www.cqqizhou.com" "Mozilla/5.0 (iPhone; CPU iPhone OS 13_2_3 like Mac OS X) AppleWebKit/605.1.15 (KHTML, like Gecko) Version/13.0.3 Mobile/15E148 Safari/604.1"
36.133.115.36 - - [11/Feb/2026:18:47:36 +0800] "POST /wp-cron.php?doing_wp_cron=1770806856.2168800830841064453125 HTTP/1.1" 200 31 "-" "WordPress/6.9; http://cqqizhou.com"
159.69.28.178 - - [11/Feb/2026:18:47:36 +0800] "POST /xmlrpc.php HTTP/1.1" 200 217 "-" "Mozilla/5.0 (Windows NT 10.0; rv:145.0) Gecko/20100101 Firefox/145.0"
36.133.115.36 - - [11/Feb/2026:19:25:22 +0800] "POST /wp-cron.php?doing_wp_cron=1770809122.9508500099182128906250 HTTP/1.1" 200 31 "-" "WordPress/6.9; http://cqqizhou.com"
104.248.23.4 - - [11/Feb/2026:19:25:22 +0800] "POST /xmlrpc.php HTTP/1.1" 200 217 "-" "Mozilla/5.0 (Windows NT 10.0; WOW64) AppleWebKit/537.43 (KHTML, like Gecko) Chrome/139.0.0.0 Safari/537.36 OPR/123.0.0.0"
36.133.115.36 - - [11/Feb/2026:19:44:23 +0800] "POST /wp-cron.php?doing_wp_cron=1770810263.0809519290924072265625 HTTP/1.1" 200 31 "-" "WordPress/6.9; http://cqqizhou.com"
66.249.74.9 - - [11/Feb/2026:19:44:23 +0800] "GET /robots.txt HTTP/1.1" 200 190 "-" "Mozilla/5.0 (compatible; Googlebot/2.1; +http://www.google.com/bot.html)"
66.249.74.7 - - [11/Feb/2026:19:44:24 +0800] "GET /news/2486 HTTP/1.1" 200 19993 "-" "Mozilla/5.0 (Linux; Android 6.0.1; Nexus 5X Build/MMB29P) AppleWebKit/537.36 (KHTML, like Gecko) Chrome/144.0.7559.132 Mobile Safari/537.36 (compatible; Googlebot/2.1; +http://www.google.com/bot.html)"
36.133.115.36 - - [11/Feb/2026:19:45:45 +0800] "POST /wp-cron.php?doing_wp_cron=1770810345.1717069149017333984375 HTTP/1.1" 200 31 "-" "WordPress/6.9; http://cqqizhou.com"
43.153.107.22 - - [11/Feb/2026:19:45:45 +0800] "GET / HTTP/1.1" 200 34782 "-" "Mozilla/5.0 (iPhone; CPU iPhone OS 13_2_3 like Mac OS X) AppleWebKit/605.1.15 (KHTML, like Gecko) Version/13.0.3 Mobile/15E148 Safari/604.1"
36.133.115.36 - - [11/Feb/2026:19:50:21 +0800] "POST /wp-cron.php?doing_wp_cron=1770810621.1779789924621582031250 HTTP/1.1" 200 31 "-" "WordPress/6.9; http://cqqizhou.com"
162.142.125.202 - - [11/Feb/2026:19:50:21 +0800] "GET /robots.txt HTTP/1.1" 200 190 "-" "Mozilla/5.0 (compatible; CensysInspect/1.1; +https://about.censys.io/)"
162.142.125.202 - - [11/Feb/2026:19:50:34 +0800] "GET /mju6g_1x4_wa2 HTTP/1.1" 404 8949 "-" "Mozilla/5.0 (compatible; CensysInspect/1.1; +https://about.censys.io/)"
36.133.115.36 - - [11/Feb/2026:19:51:29 +0800] "POST /wp-cron.php?doing_wp_cron=1770810689.6967339515686035156250 HTTP/1.1" 200 31 "-" "WordPress/6.9; http://cqqizhou.com"
110.80.135.11 - - [11/Feb/2026:19:51:29 +0800] "GET / HTTP/1.1" 301 5 "-" "-"
110.80.135.11 - - [11/Feb/2026:19:51:29 +0800] "GET / HTTP/1.1" 200 158740 "-" "-"
36.133.115.36 - - [11/Feb/2026:19:56:31 +0800] "POST /wp-cron.php?doing_wp_cron=1770810991.7082459926605224609375 HTTP/1.1" 200 31 "-" "WordPress/6.9; http://cqqizhou.com"
193.111.248.231 - - [11/Feb/2026:19:56:31 +0800] "GET /login.asp HTTP/1.1" 301 5 "-" "fasthttp"
36.133.115.36 - - [11/Feb/2026:20:06:39 +0800] "POST /wp-cron.php?doing_wp_cron=1770811599.9054830074310302734375 HTTP/1.1" 200 31 "-" "WordPress/6.9; http://cqqizhou.com"
85.208.96.196 - - [11/Feb/2026:20:06:39 +0800] "GET /robots.txt HTTP/1.1" 200 190 "-" "Mozilla/5.0 (compatible; SemrushBot/7~bl; +http://www.semrush.com/bot.html)"
185.191.171.9 - - [11/Feb/2026:20:06:41 +0800] "GET /2214/ HTTP/1.1" 301 5 "-" "Mozilla/5.0 (compatible; SemrushBot/7~bl; +http://www.semrush.com/bot.html)"
185.191.171.3 - - [11/Feb/2026:20:06:43 +0800] "GET /news/2214 HTTP/1.1" 200 25887 "-" "Mozilla/5.0 (compatible; SemrushBot/7~bl; +http://www.semrush.com/bot.html)"
36.133.115.36 - - [11/Feb/2026:20:07:28 +0800] "POST /wp-cron.php?doing_wp_cron=1770811648.8118569850921630859375 HTTP/1.1" 200 31 "-" "WordPress/6.9; http://cqqizhou.com"
161.35.14.71 - - [11/Feb/2026:20:07:28 +0800] "POST /xmlrpc.php HTTP/1.1" 200 217 "-" "Mozilla/5.0 (Windows NT 10.0; WOW64; rv:140.0) Gecko/20100101 Firefox/140.0"
36.133.115.36 - - [11/Feb/2026:20:11:42 +0800] "POST /wp-cron.php?doing_wp_cron=1770811902.2576870918273925781250 HTTP/1.1" 200 31 "-" "WordPress/6.9; http://cqqizhou.com"
162.216.149.61 - - [11/Feb/2026:20:11:42 +0800] "GET /wp-login.php HTTP/1.1" 200 9053 "-" "Hello from Palo Alto Networks, find out more about our scans in https://docs-cortex.paloaltonetworks.com/r/1/Cortex-Xpanse/Scanning-activity"
36.133.115.36 - - [11/Feb/2026:20:23:47 +0800] "POST /wp-cron.php?doing_wp_cron=1770812627.4369111061096191406250 HTTP/1.1" 200 31 "-" "WordPress/6.9; http://cqqizhou.com"
176.65.132.254 - - [11/Feb/2026:20:23:47 +0800] "POST /boaform/admin/formLogin HTTP/1.1" 404 8948 "http://36.133.115.36:80/admin/login.asp" "Mozilla/5.0 (X11; Ubuntu; Linux x86_64; rv:71.0) Gecko/20100101 Firefox/71.0"
36.133.115.36 - - [11/Feb/2026:20:34:28 +0800] "POST /wp-cron.php?doing_wp_cron=1770813268.0720930099487304687500 HTTP/1.1" 200 31 "-" "WordPress/6.9; http://cqqizhou.com"
193.70.46.175 - - [11/Feb/2026:20:34:28 +0800] "GET /robots.txt HTTP/1.1" 200 390 "-" "Mozilla/5.0 (compatible; MJ12bot/v1.4.8; http://mj12bot.com/)"
193.70.46.175 - - [11/Feb/2026:20:34:30 +0800] "GET /portfolio-tag/%E9%9E%8D%E9%92%A2%E8%92%82%E6%A3%AE/ HTTP/1.1" 404 8946 "-" "Mozilla/5.0 (compatible; MJ12bot/v1.4.8; http://mj12bot.com/)"
193.70.46.175 - - [11/Feb/2026:20:34:33 +0800] "GET /portfolio/%E5%86%B7%E8%BD%A7%E5%8D%B7/ HTTP/1.1" 301 5 "-" "Mozilla/5.0 (compatible; MJ12bot/v1.4.8; http://mj12bot.com/)"
193.70.46.175 - - [11/Feb/2026:20:34:36 +0800] "GET /news/portfolio/%E5%86%B7%E8%BD%A7%E5%8D%B7 HTTP/1.1" 200 22165 "-" "Mozilla/5.0 (compatible; MJ12bot/v1.4.8; http://mj12bot.com/)"
193.70.46.175 - - [11/Feb/2026:20:34:41 +0800] "GET /portfolio/%E5%86%B7%E8%BD%A7%E6%9D%BF/ HTTP/1.1" 301 5 "-" "Mozilla/5.0 (compatible; MJ12bot/v1.4.8; http://mj12bot.com/)"
193.70.46.175 - - [11/Feb/2026:20:34:45 +0800] "GET /news/portfolio/%E5%86%B7%E8%BD%A7%E6%9D%BF HTTP/1.1" 200 22177 "-" "Mozilla/5.0 (compatible; MJ12bot/v1.4.8; http://mj12bot.com/)"
193.70.46.175 - - [11/Feb/2026:20:34:53 +0800] "GET /tag/%E5%8D%9A%E8%81%94%E8%BE%BE/ HTTP/1.1" 404 8948 "-" "Mozilla/5.0 (compatible; MJ12bot/v1.4.8; http://mj12bot.com/)"
193.70.46.175 - - [11/Feb/2026:20:35:02 +0800] "GET /tag/%E7%89%A9%E6%B5%81/ HTTP/1.1" 404 8948 "-" "Mozilla/5.0 (compatible; MJ12bot/v1.4.8; http://mj12bot.com/)"
36.133.115.36 - - [11/Feb/2026:20:36:48 +0800] "POST /wp-cron.php?doing_wp_cron=1770813408.8352150917053222656250 HTTP/1.1" 200 31 "-" "WordPress/6.9; http://cqqizhou.com"
172.105.234.247 - - [11/Feb/2026:20:36:49 +0800] "GET / HTTP/1.1" 200 157081 "-" "Mozilla/5.0 AppleWebKit/537.36 (KHTML, like Gecko) Mobile Safari/537.36 (compatible; Bytespider; https://zhanzhang.toutiao.com/)"
20.107.195.240 - - [11/Feb/2026:20:38:23 +0800] "GET /wp-content/plugins/hellopress/wp_filemanager.php HTTP/1.1" 404 27 "-" "-"
20.107.195.240 - - [11/Feb/2026:20:38:24 +0800] "GET /mar.php HTTP/1.1" 404 27 "-" "-"
20.107.195.240 - - [11/Feb/2026:20:38:24 +0800] "GET /aa.php HTTP/1.1" 404 27 "-" "-"
20.107.195.240 - - [11/Feb/2026:20:38:25 +0800] "GET /file5.php HTTP/1.1" 404 27 "-" "-"
20.107.195.240 - - [11/Feb/2026:20:38:25 +0800] "GET /functions.php HTTP/1.1" 404 27 "-" "-"
20.107.195.240 - - [11/Feb/2026:20:38:25 +0800] "GET /makeasmtp.php HTTP/1.1" 404 27 "-" "-"
20.107.195.240 - - [11/Feb/2026:20:38:25 +0800] "GET /info.php HTTP/1.1" 200 29 "-" "-"
20.107.195.240 - - [11/Feb/2026:20:38:26 +0800] "GET /403.php HTTP/1.1" 404 27 "-" "-"
20.107.195.240 - - [11/Feb/2026:20:38:26 +0800] "GET /manager.php HTTP/1.1" 404 27 "-" "-"
20.107.195.240 - - [11/Feb/2026:20:38:26 +0800] "GET /content.php HTTP/1.1" 404 27 "-" "-"
20.107.195.240 - - [11/Feb/2026:20:38:27 +0800] "GET /db.php HTTP/1.1" 404 27 "-" "-"
20.107.195.240 - - [11/Feb/2026:20:38:27 +0800] "GET /test.php HTTP/1.1" 404 27 "-" "-"
20.107.195.240 - - [11/Feb/2026:20:38:27 +0800] "GET /default.php HTTP/1.1" 404 27 "-" "-"
20.107.195.240 - - [11/Feb/2026:20:38:27 +0800] "GET /ty.php HTTP/1.1" 404 27 "-" "-"
20.107.195.240 - - [11/Feb/2026:20:38:27 +0800] "GET /m.php HTTP/1.1" 404 27 "-" "-"
20.107.195.240 - - [11/Feb/2026:20:38:28 +0800] "GET /edit.php HTTP/1.1" 404 27 "-" "-"
20.107.195.240 - - [11/Feb/2026:20:38:28 +0800] "GET /database.php HTTP/1.1" 404 27 "-" "-"
20.107.195.240 - - [11/Feb/2026:20:38:28 +0800] "GET /ok.php HTTP/1.1" 404 27 "-" "-"
20.107.195.240 - - [11/Feb/2026:20:38:28 +0800] "GET /bless.php HTTP/1.1" 404 27 "-" "-"
20.107.195.240 - - [11/Feb/2026:20:38:29 +0800] "GET /wp-configs.php HTTP/1.1" 404 27 "-" "-"
20.107.195.240 - - [11/Feb/2026:20:38:29 +0800] "GET /bypass.php HTTP/1.1" 404 27 "-" "-"
20.107.195.240 - - [11/Feb/2026:20:38:29 +0800] "GET /link.php HTTP/1.1" 404 27 "-" "-"
20.107.195.240 - - [11/Feb/2026:20:38:30 +0800] "GET /file.php HTTP/1.1" 404 27 "-" "-"
20.107.195.240 - - [11/Feb/2026:20:38:30 +0800] "GET /alfa.php HTTP/1.1" 404 27 "-" "-"
20.107.195.240 - - [11/Feb/2026:20:38:30 +0800] "GET /config.php HTTP/1.1" 404 27 "-" "-"
20.107.195.240 - - [11/Feb/2026:20:38:30 +0800] "GET /system_log.php HTTP/1.1" 404 27 "-" "-"
20.107.195.240 - - [11/Feb/2026:20:38:31 +0800] "GET /as.php HTTP/1.1" 404 27 "-" "-"
