14.108.233.156 - - [13/Jan/2026:11:48:32 +0800] "GET /wp-content/uploads/2025/11/1762908477-QZ_Photo-2-300x169.webp HTTP/1.1" 200 19124 "http://cqqizhou.com/wp-admin/admin.php?page=revslider&view=slide&id=4" "Mozilla/5.0 (Windows NT 10.0; Win64; x64) AppleWebKit/537.36 (KHTML, like Gecko) Chrome/143.0.0.0 Safari/537.36 Edg/143.0.0.0"
14.108.233.156 - - [13/Jan/2026:11:48:32 +0800] "GET /wp-content/uploads/2025/11/1762864379-QZ_Photo-6-300x169.webp HTTP/1.1" 200 10400 "http://cqqizhou.com/wp-admin/admin.php?page=revslider&view=slide&id=4" "Mozilla/5.0 (Windows NT 10.0; Win64; x64) AppleWebKit/537.36 (KHTML, like Gecko) Chrome/143.0.0.0 Safari/537.36 Edg/143.0.0.0"
14.108.233.156 - - [13/Jan/2026:11:48:32 +0800] "GET /wp-content/uploads/2025/11/1762864378-QZ_Photo-5-300x169.webp HTTP/1.1" 200 12270 "http://cqqizhou.com/wp-admin/admin.php?page=revslider&view=slide&id=4" "Mozilla/5.0 (Windows NT 10.0; Win64; x64) AppleWebKit/537.36 (KHTML, like Gecko) Chrome/143.0.0.0 Safari/537.36 Edg/143.0.0.0"
14.108.233.156 - - [13/Jan/2026:11:48:32 +0800] "GET /wp-content/uploads/2025/11/1762864376-QZ_Photo-4-300x169.webp HTTP/1.1" 200 19486 "http://cqqizhou.com/wp-admin/admin.php?page=revslider&view=slide&id=4" "Mozilla/5.0 (Windows NT 10.0; Win64; x64) AppleWebKit/537.36 (KHTML, like Gecko) Chrome/143.0.0.0 Safari/537.36 Edg/143.0.0.0"
14.108.233.156 - - [13/Jan/2026:11:48:42 +0800] "POST /wp-admin/async-upload.php HTTP/1.1" 200 688 "http://cqqizhou.com/wp-admin/admin.php?page=revslider&view=slide&id=4" "Mozilla/5.0 (Windows NT 10.0; Win64; x64) AppleWebKit/537.36 (KHTML, like Gecko) Chrome/143.0.0.0 Safari/537.36 Edg/143.0.0.0"
14.108.233.156 - - [13/Jan/2026:11:48:42 +0800] "GET /wp-content/uploads/2026/01/1768276119-qizhoujiagong_Slider_3840%C3%972160_20260113-300x169.webp HTTP/1.1" 200 7072 "http://cqqizhou.com/wp-admin/admin.php?page=revslider&view=slide&id=4" "Mozilla/5.0 (Windows NT 10.0; Win64; x64) AppleWebKit/537.36 (KHTML, like Gecko) Chrome/143.0.0.0 Safari/537.36 Edg/143.0.0.0"
14.108.233.156 - - [13/Jan/2026:11:48:45 +0800] "GET /wp-content/uploads/2026/01/1768276119-qizhoujiagong_Slider_3840%C3%972160_20260113-scaled.webp HTTP/1.1" 200 131696 "http://cqqizhou.com/wp-admin/admin.php?page=revslider&view=slide&id=4" "Mozilla/5.0 (Windows NT 10.0; Win64; x64) AppleWebKit/537.36 (KHTML, like Gecko) Chrome/143.0.0.0 Safari/537.36 Edg/143.0.0.0"
36.133.115.36 - - [13/Jan/2026:11:49:24 +0800] "POST /wp-cron.php?doing_wp_cron=1768276163.9792499542236328125000 HTTP/1.1" 200 31 "-" "WordPress/6.8.3; http://cqqizhou.com"
14.108.233.156 - - [13/Jan/2026:11:49:24 +0800] "POST /wp-admin/admin-ajax.php HTTP/1.1" 200 78 "http://cqqizhou.com/wp-admin/admin.php?page=revslider&view=slide&id=4" "Mozilla/5.0 (Windows NT 10.0; Win64; x64) AppleWebKit/537.36 (KHTML, like Gecko) Chrome/143.0.0.0 Safari/537.36 Edg/143.0.0.0"
36.133.115.36 - - [13/Jan/2026:11:50:24 +0800] "POST /wp-cron.php?doing_wp_cron=1768276223.9893200397491455078125 HTTP/1.1" 200 31 "-" "WordPress/6.8.3; http://cqqizhou.com"
14.108.233.156 - - [13/Jan/2026:11:50:24 +0800] "POST /wp-admin/admin-ajax.php HTTP/1.1" 200 78 "http://cqqizhou.com/wp-admin/admin.php?page=revslider&view=slide&id=4" "Mozilla/5.0 (Windows NT 10.0; Win64; x64) AppleWebKit/537.36 (KHTML, like Gecko) Chrome/143.0.0.0 Safari/537.36 Edg/143.0.0.0"
36.133.115.36 - - [13/Jan/2026:11:51:21 +0800] "POST /wp-cron.php?doing_wp_cron=1768276281.0226700305938720703125 HTTP/1.1" 200 31 "-" "WordPress/6.8.3; http://cqqizhou.com"
14.108.233.156 - - [13/Jan/2026:11:51:21 +0800] "POST /wp-admin/admin-ajax.php HTTP/1.1" 200 95 "http://cqqizhou.com/wp-admin/admin.php?page=revslider&view=slide&id=4" "Mozilla/5.0 (Windows NT 10.0; Win64; x64) AppleWebKit/537.36 (KHTML, like Gecko) Chrome/143.0.0.0 Safari/537.36 Edg/143.0.0.0"
14.108.233.156 - - [13/Jan/2026:11:51:21 +0800] "POST /wp-admin/admin-ajax.php HTTP/1.1" 200 120 "http://cqqizhou.com/wp-admin/admin.php?page=revslider&view=slide&id=4" "Mozilla/5.0 (Windows NT 10.0; Win64; x64) AppleWebKit/537.36 (KHTML, like Gecko) Chrome/143.0.0.0 Safari/537.36 Edg/143.0.0.0"
14.108.233.156 - - [13/Jan/2026:11:51:22 +0800] "POST /wp-admin/admin-ajax.php HTTP/1.1" 200 81 "http://cqqizhou.com/wp-admin/admin.php?page=revslider&view=slide&id=4" "Mozilla/5.0 (Windows NT 10.0; Win64; x64) AppleWebKit/537.36 (KHTML, like Gecko) Chrome/143.0.0.0 Safari/537.36 Edg/143.0.0.0"
14.108.233.156 - - [13/Jan/2026:11:51:23 +0800] "POST /wp-admin/admin-ajax.php HTTP/1.1" 200 80 "http://cqqizhou.com/wp-admin/admin.php?page=revslider&view=slide&id=4" "Mozilla/5.0 (Windows NT 10.0; Win64; x64) AppleWebKit/537.36 (KHTML, like Gecko) Chrome/143.0.0.0 Safari/537.36 Edg/143.0.0.0"
14.108.233.156 - - [13/Jan/2026:11:51:23 +0800] "POST /wp-admin/admin-ajax.php HTTP/1.1" 200 80 "http://cqqizhou.com/wp-admin/admin.php?page=revslider&view=slide&id=4" "Mozilla/5.0 (Windows NT 10.0; Win64; x64) AppleWebKit/537.36 (KHTML, like Gecko) Chrome/143.0.0.0 Safari/537.36 Edg/143.0.0.0"
14.108.233.156 - - [13/Jan/2026:11:51:23 +0800] "POST /wp-admin/admin-ajax.php HTTP/1.1" 200 80 "http://cqqizhou.com/wp-admin/admin.php?page=revslider&view=slide&id=4" "Mozilla/5.0 (Windows NT 10.0; Win64; x64) AppleWebKit/537.36 (KHTML, like Gecko) Chrome/143.0.0.0 Safari/537.36 Edg/143.0.0.0"
14.108.233.156 - - [13/Jan/2026:11:51:23 +0800] "POST /wp-admin/admin-ajax.php HTTP/1.1" 200 80 "http://cqqizhou.com/wp-admin/admin.php?page=revslider&view=slide&id=4" "Mozilla/5.0 (Windows NT 10.0; Win64; x64) AppleWebKit/537.36 (KHTML, like Gecko) Chrome/143.0.0.0 Safari/537.36 Edg/143.0.0.0"
14.108.233.156 - - [13/Jan/2026:11:51:23 +0800] "POST /wp-admin/admin-ajax.php HTTP/1.1" 200 80 "http://cqqizhou.com/wp-admin/admin.php?page=revslider&view=slide&id=4" "Mozilla/5.0 (Windows NT 10.0; Win64; x64) AppleWebKit/537.36 (KHTML, like Gecko) Chrome/143.0.0.0 Safari/537.36 Edg/143.0.0.0"
14.108.233.156 - - [13/Jan/2026:11:51:24 +0800] "POST /wp-admin/admin-ajax.php HTTP/1.1" 200 78 "http://cqqizhou.com/wp-admin/admin.php?page=revslider&view=slide&id=4" "Mozilla/5.0 (Windows NT 10.0; Win64; x64) AppleWebKit/537.36 (KHTML, like Gecko) Chrome/143.0.0.0 Safari/537.36 Edg/143.0.0.0"
36.133.115.36 - - [13/Jan/2026:11:51:47 +0800] "POST /wp-cron.php?doing_wp_cron=1768276307.7800970077514648437500 HTTP/1.1" 200 31 "-" "WordPress/6.8.3; http://cqqizhou.com"
14.108.233.156 - - [13/Jan/2026:11:51:47 +0800] "GET /wp-json/sliderrevolution/sliders/1?srengine=7&slideid=3 HTTP/1.1" 200 2286 "http://cqqizhou.com/" "Mozilla/5.0 (Windows NT 10.0; Win64; x64) AppleWebKit/537.36 (KHTML, like Gecko) Chrome/143.0.0.0 Safari/537.36 Edg/143.0.0.0"
14.108.233.156 - - [13/Jan/2026:11:51:47 +0800] "GET /wp-json/sliderrevolution/sliders/1?srengine=7&slideid=2 HTTP/1.1" 200 2050 "http://cqqizhou.com/" "Mozilla/5.0 (Windows NT 10.0; Win64; x64) AppleWebKit/537.36 (KHTML, like Gecko) Chrome/143.0.0.0 Safari/537.36 Edg/143.0.0.0"
14.108.233.156 - - [13/Jan/2026:11:52:21 +0800] "GET /wp-json/contact-form-7/v1/contact-forms/1444/feedback/schema HTTP/1.1" 200 270 "http://cqqizhou.com/logistics/" "Mozilla/5.0 (Windows NT 10.0; Win64; x64) AppleWebKit/537.36 (KHTML, like Gecko) Chrome/143.0.0.0 Safari/537.36 Edg/143.0.0.0"
14.108.233.156 - - [13/Jan/2026:11:52:22 +0800] "GET /wp-json/contact-form-7/v1/contact-forms/1444/refill HTTP/1.1" 200 33 "http://cqqizhou.com/logistics/" "Mozilla/5.0 (Windows NT 10.0; Win64; x64) AppleWebKit/537.36 (KHTML, like Gecko) Chrome/143.0.0.0 Safari/537.36 Edg/143.0.0.0"
14.108.233.156 - - [13/Jan/2026:11:52:24 +0800] "POST /wp-admin/admin-ajax.php HTTP/1.1" 200 78 "http://cqqizhou.com/wp-admin/admin.php?page=revslider&view=slide&id=4" "Mozilla/5.0 (Windows NT 10.0; Win64; x64) AppleWebKit/537.36 (KHTML, like Gecko) Chrome/143.0.0.0 Safari/537.36 Edg/143.0.0.0"
14.108.233.156 - - [13/Jan/2026:11:52:38 +0800] "GET /services/ HTTP/1.1" 200 34158 "http://cqqizhou.com/logistics/" "Mozilla/5.0 (Windows NT 10.0; Win64; x64) AppleWebKit/537.36 (KHTML, like Gecko) Chrome/143.0.0.0 Safari/537.36 Edg/143.0.0.0"
14.108.233.156 - - [13/Jan/2026:11:52:38 +0800] "GET /wp-content/uploads/2025/07/1751829518-Precision-processing-services800x500.webp HTTP/1.1" 200 28964 "http://cqqizhou.com/services/" "Mozilla/5.0 (Windows NT 10.0; Win64; x64) AppleWebKit/537.36 (KHTML, like Gecko) Chrome/143.0.0.0 Safari/537.36 Edg/143.0.0.0"
14.108.233.156 - - [13/Jan/2026:11:52:38 +0800] "GET /wp-content/uploads/2025/12/1764853157-ISO3-731x1024.webp HTTP/1.1" 200 105856 "http://cqqizhou.com/services/" "Mozilla/5.0 (Windows NT 10.0; Win64; x64) AppleWebKit/537.36 (KHTML, like Gecko) Chrome/143.0.0.0 Safari/537.36 Edg/143.0.0.0"
14.108.233.156 - - [13/Jan/2026:11:52:38 +0800] "GET /wp-content/uploads/2025/12/1764853155-ISO2-731x1024.webp HTTP/1.1" 200 91446 "http://cqqizhou.com/services/" "Mozilla/5.0 (Windows NT 10.0; Win64; x64) AppleWebKit/537.36 (KHTML, like Gecko) Chrome/143.0.0.0 Safari/537.36 Edg/143.0.0.0"
14.108.233.156 - - [13/Jan/2026:11:52:38 +0800] "GET /wp-content/uploads/2025/07/1750174127-Marketing1920x800_3.webp HTTP/1.1" 200 52790 "http://cqqizhou.com/wp-content/uploads/elementor/css/post-1659.css?ver=1768276357" "Mozilla/5.0 (Windows NT 10.0; Win64; x64) AppleWebKit/537.36 (KHTML, like Gecko) Chrome/143.0.0.0 Safari/537.36 Edg/143.0.0.0"
14.108.233.156 - - [13/Jan/2026:11:52:39 +0800] "GET /wp-content/uploads/2025/12/1764853152-ISO1-731x1024.webp HTTP/1.1" 200 111032 "http://cqqizhou.com/services/" "Mozilla/5.0 (Windows NT 10.0; Win64; x64) AppleWebKit/537.36 (KHTML, like Gecko) Chrome/143.0.0.0 Safari/537.36 Edg/143.0.0.0"
14.108.233.156 - - [13/Jan/2026:11:52:43 +0800] "GET /wp-content/uploads/2025/07/1751829454-Smart-warehousing800x500.webp HTTP/1.1" 200 79504 "http://cqqizhou.com/services/" "Mozilla/5.0 (Windows NT 10.0; Win64; x64) AppleWebKit/537.36 (KHTML, like Gecko) Chrome/143.0.0.0 Safari/537.36 Edg/143.0.0.0"
14.108.233.156 - - [13/Jan/2026:11:52:47 +0800] "GET /wp-content/uploads/2025/07/1753405252-Services_Banner2000%C3%97400px2.webp HTTP/1.1" 200 23730 "http://cqqizhou.com/wp-content/uploads/elementor/css/post-1659.css?ver=1768276357" "Mozilla/5.0 (Windows NT 10.0; Win64; x64) AppleWebKit/537.36 (KHTML, like Gecko) Chrome/143.0.0.0 Safari/537.36 Edg/143.0.0.0"
36.133.115.36 - - [13/Jan/2026:11:53:24 +0800] "POST /wp-cron.php?doing_wp_cron=1768276404.7715890407562255859375 HTTP/1.1" 200 31 "-" "WordPress/6.8.3; http://cqqizhou.com"
14.108.233.156 - - [13/Jan/2026:11:53:24 +0800] "POST /wp-admin/admin-ajax.php HTTP/1.1" 200 78 "http://cqqizhou.com/wp-admin/admin.php?page=revslider&view=slide&id=3" "Mozilla/5.0 (Windows NT 10.0; Win64; x64) AppleWebKit/537.36 (KHTML, like Gecko) Chrome/143.0.0.0 Safari/537.36 Edg/143.0.0.0"
36.133.115.36 - - [13/Jan/2026:11:54:24 +0800] "POST /wp-cron.php?doing_wp_cron=1768276464.8096830844879150390625 HTTP/1.1" 200 31 "-" "WordPress/6.8.3; http://cqqizhou.com"
14.108.233.156 - - [13/Jan/2026:11:54:24 +0800] "POST /wp-admin/admin-ajax.php HTTP/1.1" 200 78 "http://cqqizhou.com/wp-admin/admin.php?page=revslider&view=slide&id=3" "Mozilla/5.0 (Windows NT 10.0; Win64; x64) AppleWebKit/537.36 (KHTML, like Gecko) Chrome/143.0.0.0 Safari/537.36 Edg/143.0.0.0"
36.133.115.36 - - [13/Jan/2026:11:55:24 +0800] "POST /wp-cron.php?doing_wp_cron=1768276524.7779350280761718750000 HTTP/1.1" 200 31 "-" "WordPress/6.8.3; http://cqqizhou.com"
14.108.233.156 - - [13/Jan/2026:11:55:24 +0800] "POST /wp-admin/admin-ajax.php HTTP/1.1" 200 78 "http://cqqizhou.com/wp-admin/admin.php?page=revslider&view=slide&id=3" "Mozilla/5.0 (Windows NT 10.0; Win64; x64) AppleWebKit/537.36 (KHTML, like Gecko) Chrome/143.0.0.0 Safari/537.36 Edg/143.0.0.0"
14.108.233.156 - - [13/Jan/2026:11:55:42 +0800] "GET /wp-content/uploads/2026/01/1768276119-qizhoujiagong_Slider_3840%C3%972160_20260113-scaled.webp HTTP/1.1" 304 0 "http://cqqizhou.com/wp-admin/admin.php?page=revslider&view=slide&id=3" "Mozilla/5.0 (Windows NT 10.0; Win64; x64) AppleWebKit/537.36 (KHTML, like Gecko) Chrome/143.0.0.0 Safari/537.36 Edg/143.0.0.0"
36.133.115.36 - - [13/Jan/2026:11:56:24 +0800] "POST /wp-cron.php?doing_wp_cron=1768276584.8295180797576904296875 HTTP/1.1" 200 31 "-" "WordPress/6.8.3; http://cqqizhou.com"
14.108.233.156 - - [13/Jan/2026:11:56:24 +0800] "POST /wp-admin/admin-ajax.php HTTP/1.1" 200 78 "http://cqqizhou.com/wp-admin/admin.php?page=revslider&view=slide&id=3" "Mozilla/5.0 (Windows NT 10.0; Win64; x64) AppleWebKit/537.36 (KHTML, like Gecko) Chrome/143.0.0.0 Safari/537.36 Edg/143.0.0.0"
36.133.115.36 - - [13/Jan/2026:11:57:24 +0800] "POST /wp-cron.php?doing_wp_cron=1768276644.7778398990631103515625 HTTP/1.1" 200 31 "-" "WordPress/6.8.3; http://cqqizhou.com"
14.108.233.156 - - [13/Jan/2026:11:57:24 +0800] "POST /wp-admin/admin-ajax.php HTTP/1.1" 200 78 "http://cqqizhou.com/wp-admin/admin.php?page=revslider&view=slide&id=4" "Mozilla/5.0 (Windows NT 10.0; Win64; x64) AppleWebKit/537.36 (KHTML, like Gecko) Chrome/143.0.0.0 Safari/537.36 Edg/143.0.0.0"
36.133.115.36 - - [13/Jan/2026:11:58:24 +0800] "POST /wp-cron.php?doing_wp_cron=1768276704.8204219341278076171875 HTTP/1.1" 200 31 "-" "WordPress/6.8.3; http://cqqizhou.com"
14.108.233.156 - - [13/Jan/2026:11:58:24 +0800] "POST /wp-admin/admin-ajax.php HTTP/1.1" 200 78 "http://cqqizhou.com/wp-admin/admin.php?page=revslider&view=slide&id=4" "Mozilla/5.0 (Windows NT 10.0; Win64; x64) AppleWebKit/537.36 (KHTML, like Gecko) Chrome/143.0.0.0 Safari/537.36 Edg/143.0.0.0"
36.133.115.36 - - [13/Jan/2026:12:00:24 +0800] "POST /wp-cron.php?doing_wp_cron=1768276824.8719470500946044921875 HTTP/1.1" 200 31 "-" "WordPress/6.8.3; http://cqqizhou.com"
14.108.233.156 - - [13/Jan/2026:12:00:24 +0800] "POST /wp-admin/admin-ajax.php HTTP/1.1" 200 75 "http://cqqizhou.com/wp-admin/admin.php?page=revslider&view=slide&id=4" "Mozilla/5.0 (Windows NT 10.0; Win64; x64) AppleWebKit/537.36 (KHTML, like Gecko) Chrome/143.0.0.0 Safari/537.36 Edg/143.0.0.0"
36.133.115.36 - - [13/Jan/2026:12:02:25 +0800] "POST /wp-cron.php?doing_wp_cron=1768276945.7710680961608886718750 HTTP/1.1" 200 31 "-" "WordPress/6.8.3; http://cqqizhou.com"
14.108.233.156 - - [13/Jan/2026:12:02:25 +0800] "POST /wp-admin/admin-ajax.php HTTP/1.1" 200 78 "http://cqqizhou.com/wp-admin/admin.php?page=revslider&view=slide&id=4" "Mozilla/5.0 (Windows NT 10.0; Win64; x64) AppleWebKit/537.36 (KHTML, like Gecko) Chrome/143.0.0.0 Safari/537.36 Edg/143.0.0.0"
36.133.115.36 - - [13/Jan/2026:12:03:25 +0800] "POST /wp-cron.php?doing_wp_cron=1768277005.7770090103149414062500 HTTP/1.1" 200 31 "-" "WordPress/6.8.3; http://cqqizhou.com"
14.108.233.156 - - [13/Jan/2026:12:03:25 +0800] "POST /wp-admin/admin-ajax.php HTTP/1.1" 200 78 "http://cqqizhou.com/wp-admin/admin.php?page=revslider&view=slide&id=4" "Mozilla/5.0 (Windows NT 10.0; Win64; x64) AppleWebKit/537.36 (KHTML, like Gecko) Chrome/143.0.0.0 Safari/537.36 Edg/143.0.0.0"
87.121.84.51 - - [13/Jan/2026:12:03:28 +0800] "GET / HTTP/1.0" 301 0 "-" "Mozilla/5.0 (X11; Linux x86_64; rv:140.0) Gecko/20100101 Firefox/140.0"
36.133.115.36 - - [13/Jan/2026:12:04:25 +0800] "POST /wp-cron.php?doing_wp_cron=1768277065.8168261051177978515625 HTTP/1.1" 200 31 "-" "WordPress/6.8.3; http://cqqizhou.com"
14.108.233.156 - - [13/Jan/2026:12:04:25 +0800] "POST /wp-admin/admin-ajax.php HTTP/1.1" 200 78 "http://cqqizhou.com/wp-admin/admin.php?page=revslider&view=slide&id=4" "Mozilla/5.0 (Windows NT 10.0; Win64; x64) AppleWebKit/537.36 (KHTML, like Gecko) Chrome/143.0.0.0 Safari/537.36 Edg/143.0.0.0"
36.133.115.36 - - [13/Jan/2026:12:05:26 +0800] "POST /wp-cron.php?doing_wp_cron=1768277126.8082799911499023437500 HTTP/1.1" 200 31 "-" "WordPress/6.8.3; http://cqqizhou.com"
14.108.233.156 - - [13/Jan/2026:12:05:26 +0800] "POST /wp-admin/admin-ajax.php HTTP/1.1" 200 78 "http://cqqizhou.com/wp-admin/admin.php?page=revslider&view=slide&id=4" "Mozilla/5.0 (Windows NT 10.0; Win64; x64) AppleWebKit/537.36 (KHTML, like Gecko) Chrome/143.0.0.0 Safari/537.36 Edg/143.0.0.0"
36.133.115.36 - - [13/Jan/2026:12:05:51 +0800] "POST /wp-cron.php?doing_wp_cron=1768277151.1773180961608886718750 HTTP/1.1" 200 31 "-" "WordPress/6.8.3; http://cqqizhou.com"
14.108.233.156 - - [13/Jan/2026:12:05:51 +0800] "POST /wp-admin/admin-ajax.php HTTP/1.1" 200 95 "http://cqqizhou.com/wp-admin/admin.php?page=revslider&view=slide&id=4" "Mozilla/5.0 (Windows NT 10.0; Win64; x64) AppleWebKit/537.36 (KHTML, like Gecko) Chrome/143.0.0.0 Safari/537.36 Edg/143.0.0.0"
14.108.233.156 - - [13/Jan/2026:12:05:51 +0800] "POST /wp-admin/admin-ajax.php HTTP/1.1" 200 95 "http://cqqizhou.com/wp-admin/admin.php?page=revslider&view=slide&id=4" "Mozilla/5.0 (Windows NT 10.0; Win64; x64) AppleWebKit/537.36 (KHTML, like Gecko) Chrome/143.0.0.0 Safari/537.36 Edg/143.0.0.0"
14.108.233.156 - - [13/Jan/2026:12:05:52 +0800] "POST /wp-admin/admin-ajax.php HTTP/1.1" 200 120 "http://cqqizhou.com/wp-admin/admin.php?page=revslider&view=slide&id=4" "Mozilla/5.0 (Windows NT 10.0; Win64; x64) AppleWebKit/537.36 (KHTML, like Gecko) Chrome/143.0.0.0 Safari/537.36 Edg/143.0.0.0"
14.108.233.156 - - [13/Jan/2026:12:05:53 +0800] "POST /wp-admin/admin-ajax.php HTTP/1.1" 200 81 "http://cqqizhou.com/wp-admin/admin.php?page=revslider&view=slide&id=4" "Mozilla/5.0 (Windows NT 10.0; Win64; x64) AppleWebKit/537.36 (KHTML, like Gecko) Chrome/143.0.0.0 Safari/537.36 Edg/143.0.0.0"
14.108.233.156 - - [13/Jan/2026:12:05:54 +0800] "POST /wp-admin/admin-ajax.php HTTP/1.1" 200 80 "http://cqqizhou.com/wp-admin/admin.php?page=revslider&view=slide&id=4" "Mozilla/5.0 (Windows NT 10.0; Win64; x64) AppleWebKit/537.36 (KHTML, like Gecko) Chrome/143.0.0.0 Safari/537.36 Edg/143.0.0.0"
14.108.233.156 - - [13/Jan/2026:12:05:54 +0800] "POST /wp-admin/admin-ajax.php HTTP/1.1" 200 80 "http://cqqizhou.com/wp-admin/admin.php?page=revslider&view=slide&id=4" "Mozilla/5.0 (Windows NT 10.0; Win64; x64) AppleWebKit/537.36 (KHTML, like Gecko) Chrome/143.0.0.0 Safari/537.36 Edg/143.0.0.0"
14.108.233.156 - - [13/Jan/2026:12:05:54 +0800] "POST /wp-admin/admin-ajax.php HTTP/1.1" 200 80 "http://cqqizhou.com/wp-admin/admin.php?page=revslider&view=slide&id=4" "Mozilla/5.0 (Windows NT 10.0; Win64; x64) AppleWebKit/537.36 (KHTML, like Gecko) Chrome/143.0.0.0 Safari/537.36 Edg/143.0.0.0"
14.108.233.156 - - [13/Jan/2026:12:05:54 +0800] "POST /wp-admin/admin-ajax.php HTTP/1.1" 200 80 "http://cqqizhou.com/wp-admin/admin.php?page=revslider&view=slide&id=4" "Mozilla/5.0 (Windows NT 10.0; Win64; x64) AppleWebKit/537.36 (KHTML, like Gecko) Chrome/143.0.0.0 Safari/537.36 Edg/143.0.0.0"
14.108.233.156 - - [13/Jan/2026:12:05:54 +0800] "POST /wp-admin/admin-ajax.php HTTP/1.1" 200 80 "http://cqqizhou.com/wp-admin/admin.php?page=revslider&view=slide&id=4" "Mozilla/5.0 (Windows NT 10.0; Win64; x64) AppleWebKit/537.36 (KHTML, like Gecko) Chrome/143.0.0.0 Safari/537.36 Edg/143.0.0.0"
14.108.233.156 - - [13/Jan/2026:12:06:26 +0800] "POST /wp-admin/admin-ajax.php HTTP/1.1" 200 78 "http://cqqizhou.com/wp-admin/admin.php?page=revslider&view=slide&id=3" "Mozilla/5.0 (Windows NT 10.0; Win64; x64) AppleWebKit/537.36 (KHTML, like Gecko) Chrome/143.0.0.0 Safari/537.36 Edg/143.0.0.0"
36.133.115.36 - - [13/Jan/2026:12:07:26 +0800] "POST /wp-cron.php?doing_wp_cron=1768277246.8115980625152587890625 HTTP/1.1" 200 31 "-" "WordPress/6.8.3; http://cqqizhou.com"
14.108.233.156 - - [13/Jan/2026:12:07:26 +0800] "POST /wp-admin/admin-ajax.php HTTP/1.1" 200 78 "http://cqqizhou.com/wp-admin/admin.php?page=revslider&view=slide&id=4" "Mozilla/5.0 (Windows NT 10.0; Win64; x64) AppleWebKit/537.36 (KHTML, like Gecko) Chrome/143.0.0.0 Safari/537.36 Edg/143.0.0.0"
14.108.233.156 - - [13/Jan/2026:12:07:37 +0800] "POST /wp-admin/admin-ajax.php HTTP/1.1" 200 95 "http://cqqizhou.com/wp-admin/admin.php?page=revslider&view=slide&id=4" "Mozilla/5.0 (Windows NT 10.0; Win64; x64) AppleWebKit/537.36 (KHTML, like Gecko) Chrome/143.0.0.0 Safari/537.36 Edg/143.0.0.0"
14.108.233.156 - - [13/Jan/2026:12:07:38 +0800] "POST /wp-admin/admin-ajax.php HTTP/1.1" 200 95 "http://cqqizhou.com/wp-admin/admin.php?page=revslider&view=slide&id=4" "Mozilla/5.0 (Windows NT 10.0; Win64; x64) AppleWebKit/537.36 (KHTML, like Gecko) Chrome/143.0.0.0 Safari/537.36 Edg/143.0.0.0"
14.108.233.156 - - [13/Jan/2026:12:07:38 +0800] "POST /wp-admin/admin-ajax.php HTTP/1.1" 200 120 "http://cqqizhou.com/wp-admin/admin.php?page=revslider&view=slide&id=4" "Mozilla/5.0 (Windows NT 10.0; Win64; x64) AppleWebKit/537.36 (KHTML, like Gecko) Chrome/143.0.0.0 Safari/537.36 Edg/143.0.0.0"
14.108.233.156 - - [13/Jan/2026:12:07:39 +0800] "POST /wp-admin/admin-ajax.php HTTP/1.1" 200 81 "http://cqqizhou.com/wp-admin/admin.php?page=revslider&view=slide&id=4" "Mozilla/5.0 (Windows NT 10.0; Win64; x64) AppleWebKit/537.36 (KHTML, like Gecko) Chrome/143.0.0.0 Safari/537.36 Edg/143.0.0.0"
14.108.233.156 - - [13/Jan/2026:12:07:40 +0800] "POST /wp-admin/admin-ajax.php HTTP/1.1" 200 80 "http://cqqizhou.com/wp-admin/admin.php?page=revslider&view=slide&id=4" "Mozilla/5.0 (Windows NT 10.0; Win64; x64) AppleWebKit/537.36 (KHTML, like Gecko) Chrome/143.0.0.0 Safari/537.36 Edg/143.0.0.0"
14.108.233.156 - - [13/Jan/2026:12:07:40 +0800] "POST /wp-admin/admin-ajax.php HTTP/1.1" 200 80 "http://cqqizhou.com/wp-admin/admin.php?page=revslider&view=slide&id=4" "Mozilla/5.0 (Windows NT 10.0; Win64; x64) AppleWebKit/537.36 (KHTML, like Gecko) Chrome/143.0.0.0 Safari/537.36 Edg/143.0.0.0"
14.108.233.156 - - [13/Jan/2026:12:07:40 +0800] "POST /wp-admin/admin-ajax.php HTTP/1.1" 200 80 "http://cqqizhou.com/wp-admin/admin.php?page=revslider&view=slide&id=4" "Mozilla/5.0 (Windows NT 10.0; Win64; x64) AppleWebKit/537.36 (KHTML, like Gecko) Chrome/143.0.0.0 Safari/537.36 Edg/143.0.0.0"
14.108.233.156 - - [13/Jan/2026:12:07:40 +0800] "POST /wp-admin/admin-ajax.php HTTP/1.1" 200 80 "http://cqqizhou.com/wp-admin/admin.php?page=revslider&view=slide&id=4" "Mozilla/5.0 (Windows NT 10.0; Win64; x64) AppleWebKit/537.36 (KHTML, like Gecko) Chrome/143.0.0.0 Safari/537.36 Edg/143.0.0.0"
14.108.233.156 - - [13/Jan/2026:12:07:40 +0800] "POST /wp-admin/admin-ajax.php HTTP/1.1" 200 80 "http://cqqizhou.com/wp-admin/admin.php?page=revslider&view=slide&id=4" "Mozilla/5.0 (Windows NT 10.0; Win64; x64) AppleWebKit/537.36 (KHTML, like Gecko) Chrome/143.0.0.0 Safari/537.36 Edg/143.0.0.0"
14.108.233.156 - - [13/Jan/2026:12:07:44 +0800] "GET /wp-json/sliderrevolution/sliders/1?srengine=7&slideid=3 HTTP/1.1" 200 78 "http://cqqizhou.com/" "Mozilla/5.0 (Windows NT 10.0; Win64; x64) AppleWebKit/537.36 (KHTML, like Gecko) Chrome/143.0.0.0 Safari/537.36 Edg/143.0.0.0"
14.108.233.156 - - [13/Jan/2026:12:07:44 +0800] "GET /wp-json/sliderrevolution/sliders/1?srengine=7&slideid=2 HTTP/1.1" 200 2050 "http://cqqizhou.com/" "Mozilla/5.0 (Windows NT 10.0; Win64; x64) AppleWebKit/537.36 (KHTML, like Gecko) Chrome/143.0.0.0 Safari/537.36 Edg/143.0.0.0"
36.133.115.36 - - [13/Jan/2026:12:07:47 +0800] "POST /wp-cron.php?doing_wp_cron=1768277267.8347070217132568359375 HTTP/1.1" 200 31 "-" "WordPress/6.8.3; http://cqqizhou.com"
14.108.233.156 - - [13/Jan/2026:12:07:47 +0800] "GET /wp-json/sliderrevolution/sliders/1?srengine=7&slideid=3 HTTP/1.1" 200 78 "http://cqqizhou.com/" "Mozilla/5.0 (Windows NT 10.0; Win64; x64) AppleWebKit/537.36 (KHTML, like Gecko) Chrome/143.0.0.0 Safari/537.36 Edg/143.0.0.0"
14.108.233.156 - - [13/Jan/2026:12:07:54 +0800] "GET /wp-json/sliderrevolution/sliders/1?srengine=7&slideid=3 HTTP/1.1" 200 78 "http://cqqizhou.com/" "Mozilla/5.0 (Windows NT 10.0; Win64; x64) AppleWebKit/537.36 (KHTML, like Gecko) Chrome/143.0.0.0 Safari/537.36 Edg/143.0.0.0"
14.108.233.156 - - [13/Jan/2026:12:07:59 +0800] "GET /wp-json/sliderrevolution/sliders/1?srengine=7&slideid=3 HTTP/1.1" 200 78 "http://cqqizhou.com/" "Mozilla/5.0 (Windows NT 10.0; Win64; x64) AppleWebKit/537.36 (KHTML, like Gecko) Chrome/143.0.0.0 Safari/537.36 Edg/143.0.0.0"
14.108.233.156 - - [13/Jan/2026:12:08:26 +0800] "POST /wp-admin/admin-ajax.php HTTP/1.1" 200 78 "http://cqqizhou.com/wp-admin/admin.php?page=revslider&view=slide&id=4" "Mozilla/5.0 (Windows NT 10.0; Win64; x64) AppleWebKit/537.36 (KHTML, like Gecko) Chrome/143.0.0.0 Safari/537.36 Edg/143.0.0.0"
36.133.115.36 - - [13/Jan/2026:12:09:26 +0800] "POST /wp-cron.php?doing_wp_cron=1768277366.7849988937377929687500 HTTP/1.1" 200 31 "-" "WordPress/6.8.3; http://cqqizhou.com"
14.108.233.156 - - [13/Jan/2026:12:09:26 +0800] "POST /wp-admin/admin-ajax.php HTTP/1.1" 200 78 "http://cqqizhou.com/wp-admin/admin.php?page=revslider&view=slide&id=4" "Mozilla/5.0 (Windows NT 10.0; Win64; x64) AppleWebKit/537.36 (KHTML, like Gecko) Chrome/143.0.0.0 Safari/537.36 Edg/143.0.0.0"
36.133.115.36 - - [13/Jan/2026:12:10:16 +0800] "POST /wp-cron.php?doing_wp_cron=1768277416.7936570644378662109375 HTTP/1.1" 200 31 "-" "WordPress/6.8.3; http://cqqizhou.com"
14.108.233.156 - - [13/Jan/2026:12:10:16 +0800] "POST /wp-admin/admin-ajax.php HTTP/1.1" 200 121 "http://cqqizhou.com/wp-admin/admin.php?page=revslider&view=slide&id=4" "Mozilla/5.0 (Windows NT 10.0; Win64; x64) AppleWebKit/537.36 (KHTML, like Gecko) Chrome/143.0.0.0 Safari/537.36 Edg/143.0.0.0"
14.108.233.156 - - [13/Jan/2026:12:10:17 +0800] "POST /wp-admin/admin-ajax.php HTTP/1.1" 200 81 "http://cqqizhou.com/wp-admin/admin.php?page=revslider&view=slide&id=4" "Mozilla/5.0 (Windows NT 10.0; Win64; x64) AppleWebKit/537.36 (KHTML, like Gecko) Chrome/143.0.0.0 Safari/537.36 Edg/143.0.0.0"
14.108.233.156 - - [13/Jan/2026:12:10:18 +0800] "POST /wp-admin/admin-ajax.php HTTP/1.1" 200 80 "http://cqqizhou.com/wp-admin/admin.php?page=revslider&view=slide&id=4" "Mozilla/5.0 (Windows NT 10.0; Win64; x64) AppleWebKit/537.36 (KHTML, like Gecko) Chrome/143.0.0.0 Safari/537.36 Edg/143.0.0.0"
14.108.233.156 - - [13/Jan/2026:12:10:18 +0800] "POST /wp-admin/admin-ajax.php HTTP/1.1" 200 80 "http://cqqizhou.com/wp-admin/admin.php?page=revslider&view=slide&id=4" "Mozilla/5.0 (Windows NT 10.0; Win64; x64) AppleWebKit/537.36 (KHTML, like Gecko) Chrome/143.0.0.0 Safari/537.36 Edg/143.0.0.0"
14.108.233.156 - - [13/Jan/2026:12:10:18 +0800] "POST /wp-admin/admin-ajax.php HTTP/1.1" 200 80 "http://cqqizhou.com/wp-admin/admin.php?page=revslider&view=slide&id=4" "Mozilla/5.0 (Windows NT 10.0; Win64; x64) AppleWebKit/537.36 (KHTML, like Gecko) Chrome/143.0.0.0 Safari/537.36 Edg/143.0.0.0"
14.108.233.156 - - [13/Jan/2026:12:10:18 +0800] "POST /wp-admin/admin-ajax.php HTTP/1.1" 200 80 "http://cqqizhou.com/wp-admin/admin.php?page=revslider&view=slide&id=4" "Mozilla/5.0 (Windows NT 10.0; Win64; x64) AppleWebKit/537.36 (KHTML, like Gecko) Chrome/143.0.0.0 Safari/537.36 Edg/143.0.0.0"
14.108.233.156 - - [13/Jan/2026:12:10:18 +0800] "POST /wp-admin/admin-ajax.php HTTP/1.1" 200 80 "http://cqqizhou.com/wp-admin/admin.php?page=revslider&view=slide&id=4" "Mozilla/5.0 (Windows NT 10.0; Win64; x64) AppleWebKit/537.36 (KHTML, like Gecko) Chrome/143.0.0.0 Safari/537.36 Edg/143.0.0.0"
14.108.233.156 - - [13/Jan/2026:12:10:27 +0800] "POST /wp-admin/admin-ajax.php HTTP/1.1" 200 78 "http://cqqizhou.com/wp-admin/admin.php?page=revslider&view=slide&id=4" "Mozilla/5.0 (Windows NT 10.0; Win64; x64) AppleWebKit/537.36 (KHTML, like Gecko) Chrome/143.0.0.0 Safari/537.36 Edg/143.0.0.0"
14.108.233.156 - - [13/Jan/2026:12:10:43 +0800] "GET /wp-json/sliderrevolution/sliders/1?srengine=7&slideid=2 HTTP/1.1" 200 2051 "http://cqqizhou.com/" "Mozilla/5.0 (Windows NT 10.0; Win64; x64) AppleWebKit/537.36 (KHTML, like Gecko) Chrome/143.0.0.0 Safari/537.36 Edg/143.0.0.0"
14.108.233.156 - - [13/Jan/2026:12:10:43 +0800] "GET /wp-json/sliderrevolution/sliders/1?srengine=7&slideid=3 HTTP/1.1" 200 78 "http://cqqizhou.com/" "Mozilla/5.0 (Windows NT 10.0; Win64; x64) AppleWebKit/537.36 (KHTML, like Gecko) Chrome/143.0.0.0 Safari/537.36 Edg/143.0.0.0"
36.133.115.36 - - [13/Jan/2026:12:10:50 +0800] "POST /wp-cron.php?doing_wp_cron=1768277450.2795200347900390625000 HTTP/1.1" 200 31 "-" "WordPress/6.8.3; http://cqqizhou.com"
14.108.233.156 - - [13/Jan/2026:12:10:50 +0800] "GET /wp-json/sliderrevolution/sliders/1?srengine=7&slideid=3 HTTP/1.1" 200 78 "http://cqqizhou.com/" "Mozilla/5.0 (Windows NT 10.0; Win64; x64) AppleWebKit/537.36 (KHTML, like Gecko) Chrome/143.0.0.0 Safari/537.36 Edg/143.0.0.0"
14.108.233.156 - - [13/Jan/2026:12:11:10 +0800] "GET /wp-json/sliderrevolution/sliders/1?srengine=7&slideid=3 HTTP/1.1" 200 78 "http://cqqizhou.com/" "Mozilla/5.0 (Windows NT 10.0; Win64; x64) AppleWebKit/537.36 (KHTML, like Gecko) Chrome/143.0.0.0 Safari/537.36 Edg/143.0.0.0"
14.108.233.156 - - [13/Jan/2026:12:11:13 +0800] "GET /wp-json/sliderrevolution/sliders/1?srengine=7&slideid=3 HTTP/1.1" 200 78 "http://cqqizhou.com/" "Mozilla/5.0 (Windows NT 10.0; Win64; x64) AppleWebKit/537.36 (KHTML, like Gecko) Chrome/143.0.0.0 Safari/537.36 Edg/143.0.0.0"
14.108.233.156 - - [13/Jan/2026:12:11:27 +0800] "POST /wp-admin/admin-ajax.php HTTP/1.1" 200 78 "http://cqqizhou.com/wp-admin/admin.php?page=revslider&view=slide&id=4" "Mozilla/5.0 (Windows NT 10.0; Win64; x64) AppleWebKit/537.36 (KHTML, like Gecko) Chrome/143.0.0.0 Safari/537.36 Edg/143.0.0.0"
36.133.115.36 - - [13/Jan/2026:12:12:27 +0800] "POST /wp-cron.php?doing_wp_cron=1768277547.8429970741271972656250 HTTP/1.1" 200 31 "-" "WordPress/6.8.3; http://cqqizhou.com"
14.108.233.156 - - [13/Jan/2026:12:12:27 +0800] "POST /wp-admin/admin-ajax.php HTTP/1.1" 200 78 "http://cqqizhou.com/wp-admin/admin.php?page=revslider&view=slide&id=4" "Mozilla/5.0 (Windows NT 10.0; Win64; x64) AppleWebKit/537.36 (KHTML, like Gecko) Chrome/143.0.0.0 Safari/537.36 Edg/143.0.0.0"
36.133.115.36 - - [13/Jan/2026:12:13:27 +0800] "POST /wp-cron.php?doing_wp_cron=1768277607.7816491127014160156250 HTTP/1.1" 200 31 "-" "WordPress/6.8.3; http://cqqizhou.com"
14.108.233.156 - - [13/Jan/2026:12:13:27 +0800] "POST /wp-admin/admin-ajax.php HTTP/1.1" 200 78 "http://cqqizhou.com/wp-admin/admin.php?page=revslider&view=slide&id=4" "Mozilla/5.0 (Windows NT 10.0; Win64; x64) AppleWebKit/537.36 (KHTML, like Gecko) Chrome/143.0.0.0 Safari/537.36 Edg/143.0.0.0"
36.133.115.36 - - [13/Jan/2026:12:14:25 +0800] "POST /wp-cron.php?doing_wp_cron=1768277665.7457509040832519531250 HTTP/1.1" 200 31 "-" "WordPress/6.8.3; http://cqqizhou.com"
147.185.133.240 - - [13/Jan/2026:12:14:26 +0800] "GET / HTTP/1.1" 200 34671 "-" "Hello from Palo Alto Networks, find out more about our scans in https://docs-cortex.paloaltonetworks.com/r/1/Cortex-Xpanse/Scanning-activity"
14.108.233.156 - - [13/Jan/2026:12:14:27 +0800] "POST /wp-admin/admin-ajax.php HTTP/1.1" 200 78 "http://cqqizhou.com/wp-admin/admin.php?page=revslider&view=slide&id=4" "Mozilla/5.0 (Windows NT 10.0; Win64; x64) AppleWebKit/537.36 (KHTML, like Gecko) Chrome/143.0.0.0 Safari/537.36 Edg/143.0.0.0"
36.133.115.36 - - [13/Jan/2026:12:15:28 +0800] "POST /wp-cron.php?doing_wp_cron=1768277727.8974990844726562500000 HTTP/1.1" 200 31 "-" "WordPress/6.8.3; http://cqqizhou.com"
14.108.233.156 - - [13/Jan/2026:12:15:28 +0800] "POST /wp-admin/admin-ajax.php HTTP/1.1" 200 78 "http://cqqizhou.com/wp-admin/admin.php?page=revslider&view=slide&id=4" "Mozilla/5.0 (Windows NT 10.0; Win64; x64) AppleWebKit/537.36 (KHTML, like Gecko) Chrome/143.0.0.0 Safari/537.36 Edg/143.0.0.0"
36.133.115.36 - - [13/Jan/2026:12:15:58 +0800] "POST /wp-cron.php?doing_wp_cron=1768277758.5551600456237792968750 HTTP/1.1" 200 31 "-" "WordPress/6.8.3; http://cqqizhou.com"
204.76.203.219 - - [13/Jan/2026:12:15:58 +0800] "GET / HTTP/1.1" 200 34672 "-" "Mozilla/5.0 (Windows NT 10.0; Win64; x64) AppleWebKit/537.36 (KHTML, like Gecko) Chrome/90.0.4430.85 Safari/537.36 Edg/90.0.818.46"
14.108.233.156 - - [13/Jan/2026:12:16:27 +0800] "POST /wp-admin/admin-ajax.php HTTP/1.1" 200 78 "http://cqqizhou.com/wp-admin/admin.php?page=revslider&view=slide&id=4" "Mozilla/5.0 (Windows NT 10.0; Win64; x64) AppleWebKit/537.36 (KHTML, like Gecko) Chrome/143.0.0.0 Safari/537.36 Edg/143.0.0.0"
36.133.115.36 - - [13/Jan/2026:12:17:27 +0800] "POST /wp-cron.php?doing_wp_cron=1768277847.8428061008453369140625 HTTP/1.1" 200 31 "-" "WordPress/6.8.3; http://cqqizhou.com"
14.108.233.156 - - [13/Jan/2026:12:17:27 +0800] "POST /wp-admin/admin-ajax.php HTTP/1.1" 200 78 "http://cqqizhou.com/wp-admin/admin.php?page=revslider&view=slide&id=4" "Mozilla/5.0 (Windows NT 10.0; Win64; x64) AppleWebKit/537.36 (KHTML, like Gecko) Chrome/143.0.0.0 Safari/537.36 Edg/143.0.0.0"
36.133.115.36 - - [13/Jan/2026:12:18:27 +0800] "POST /wp-cron.php?doing_wp_cron=1768277907.8506009578704833984375 HTTP/1.1" 200 31 "-" "WordPress/6.8.3; http://cqqizhou.com"
14.108.233.156 - - [13/Jan/2026:12:18:27 +0800] "POST /wp-admin/admin-ajax.php HTTP/1.1" 200 78 "http://cqqizhou.com/wp-admin/admin.php?page=revslider&view=slide&id=4" "Mozilla/5.0 (Windows NT 10.0; Win64; x64) AppleWebKit/537.36 (KHTML, like Gecko) Chrome/143.0.0.0 Safari/537.36 Edg/143.0.0.0"
36.133.115.36 - - [13/Jan/2026:12:19:27 +0800] "POST /wp-cron.php?doing_wp_cron=1768277967.8177618980407714843750 HTTP/1.1" 200 31 "-" "WordPress/6.8.3; http://cqqizhou.com"
14.108.233.156 - - [13/Jan/2026:12:19:27 +0800] "POST /wp-admin/admin-ajax.php HTTP/1.1" 200 78 "http://cqqizhou.com/wp-admin/admin.php?page=revslider&view=slide&id=4" "Mozilla/5.0 (Windows NT 10.0; Win64; x64) AppleWebKit/537.36 (KHTML, like Gecko) Chrome/143.0.0.0 Safari/537.36 Edg/143.0.0.0"
36.133.115.36 - - [13/Jan/2026:12:20:27 +0800] "POST /wp-cron.php?doing_wp_cron=1768278027.8718509674072265625000 HTTP/1.1" 200 31 "-" "WordPress/6.8.3; http://cqqizhou.com"
14.108.233.156 - - [13/Jan/2026:12:20:27 +0800] "POST /wp-admin/admin-ajax.php HTTP/1.1" 200 78 "http://cqqizhou.com/wp-admin/admin.php?page=revslider&view=slide&id=4" "Mozilla/5.0 (Windows NT 10.0; Win64; x64) AppleWebKit/537.36 (KHTML, like Gecko) Chrome/143.0.0.0 Safari/537.36 Edg/143.0.0.0"
36.133.115.36 - - [13/Jan/2026:12:21:27 +0800] "POST /wp-cron.php?doing_wp_cron=1768278087.9173219203948974609375 HTTP/1.1" 200 31 "-" "WordPress/6.8.3; http://cqqizhou.com"
14.108.233.156 - - [13/Jan/2026:12:21:28 +0800] "POST /wp-admin/admin-ajax.php HTTP/1.1" 200 78 "http://cqqizhou.com/wp-admin/admin.php?page=revslider&view=slide&id=4" "Mozilla/5.0 (Windows NT 10.0; Win64; x64) AppleWebKit/537.36 (KHTML, like Gecko) Chrome/143.0.0.0 Safari/537.36 Edg/143.0.0.0"
36.133.115.36 - - [13/Jan/2026:12:22:27 +0800] "POST /wp-cron.php?doing_wp_cron=1768278147.8615400791168212890625 HTTP/1.1" 200 31 "-" "WordPress/6.8.3; http://cqqizhou.com"
14.108.233.156 - - [13/Jan/2026:12:22:27 +0800] "POST /wp-admin/admin-ajax.php HTTP/1.1" 200 78 "http://cqqizhou.com/wp-admin/admin.php?page=revslider&view=slide&id=4" "Mozilla/5.0 (Windows NT 10.0; Win64; x64) AppleWebKit/537.36 (KHTML, like Gecko) Chrome/143.0.0.0 Safari/537.36 Edg/143.0.0.0"
36.133.115.36 - - [13/Jan/2026:12:23:27 +0800] "POST /wp-cron.php?doing_wp_cron=1768278207.8649570941925048828125 HTTP/1.1" 200 31 "-" "WordPress/6.8.3; http://cqqizhou.com"
14.108.233.156 - - [13/Jan/2026:12:23:27 +0800] "POST /wp-admin/admin-ajax.php HTTP/1.1" 200 78 "http://cqqizhou.com/wp-admin/admin.php?page=revslider&view=slide&id=4" "Mozilla/5.0 (Windows NT 10.0; Win64; x64) AppleWebKit/537.36 (KHTML, like Gecko) Chrome/143.0.0.0 Safari/537.36 Edg/143.0.0.0"
36.133.115.36 - - [13/Jan/2026:12:24:27 +0800] "POST /wp-cron.php?doing_wp_cron=1768278267.8801679611206054687500 HTTP/1.1" 200 31 "-" "WordPress/6.8.3; http://cqqizhou.com"
14.108.233.156 - - [13/Jan/2026:12:24:27 +0800] "POST /wp-admin/admin-ajax.php HTTP/1.1" 200 78 "http://cqqizhou.com/wp-admin/admin.php?page=revslider&view=slide&id=4" "Mozilla/5.0 (Windows NT 10.0; Win64; x64) AppleWebKit/537.36 (KHTML, like Gecko) Chrome/143.0.0.0 Safari/537.36 Edg/143.0.0.0"
36.133.115.36 - - [13/Jan/2026:12:25:27 +0800] "POST /wp-cron.php?doing_wp_cron=1768278327.8956279754638671875000 HTTP/1.1" 200 31 "-" "WordPress/6.8.3; http://cqqizhou.com"
14.108.233.156 - - [13/Jan/2026:12:25:27 +0800] "POST /wp-admin/admin-ajax.php HTTP/1.1" 200 78 "http://cqqizhou.com/wp-admin/admin.php?page=revslider&view=slide&id=4" "Mozilla/5.0 (Windows NT 10.0; Win64; x64) AppleWebKit/537.36 (KHTML, like Gecko) Chrome/143.0.0.0 Safari/537.36 Edg/143.0.0.0"
36.133.115.36 - - [13/Jan/2026:12:26:27 +0800] "POST /wp-cron.php?doing_wp_cron=1768278387.9142580032348632812500 HTTP/1.1" 200 31 "-" "WordPress/6.8.3; http://cqqizhou.com"
14.108.233.156 - - [13/Jan/2026:12:26:27 +0800] "POST /wp-admin/admin-ajax.php HTTP/1.1" 200 78 "http://cqqizhou.com/wp-admin/admin.php?page=revslider&view=slide&id=4" "Mozilla/5.0 (Windows NT 10.0; Win64; x64) AppleWebKit/537.36 (KHTML, like Gecko) Chrome/143.0.0.0 Safari/537.36 Edg/143.0.0.0"
36.133.115.36 - - [13/Jan/2026:12:27:28 +0800] "POST /wp-cron.php?doing_wp_cron=1768278448.7722129821777343750000 HTTP/1.1" 200 31 "-" "WordPress/6.8.3; http://cqqizhou.com"
14.108.233.156 - - [13/Jan/2026:12:27:28 +0800] "POST /wp-admin/admin-ajax.php HTTP/1.1" 200 78 "http://cqqizhou.com/wp-admin/admin.php?page=revslider&view=slide&id=4" "Mozilla/5.0 (Windows NT 10.0; Win64; x64) AppleWebKit/537.36 (KHTML, like Gecko) Chrome/143.0.0.0 Safari/537.36 Edg/143.0.0.0"
87.121.84.105 - - [13/Jan/2026:12:28:35 +0800] "GET /bitrix/templates/.default/lang/ru/page_templates/.contents.php HTTP/1.1" 404 27 "-" "ALittle Client"
36.133.115.36 - - [13/Jan/2026:12:28:37 +0800] "POST /wp-cron.php?doing_wp_cron=1768278517.1012239456176757812500 HTTP/1.1" 200 31 "-" "WordPress/6.8.3; http://cqqizhou.com"
170.106.148.137 - - [13/Jan/2026:12:28:37 +0800] "GET / HTTP/1.1" 200 34673 "-" "Mozilla/5.0 (iPhone; CPU iPhone OS 13_2_3 like Mac OS X) AppleWebKit/605.1.15 (KHTML, like Gecko) Version/13.0.3 Mobile/15E148 Safari/604.1"
36.133.115.36 - - [13/Jan/2026:12:29:29 +0800] "POST /wp-cron.php?doing_wp_cron=1768278569.9085319042205810546875 HTTP/1.1" 200 31 "-" "WordPress/6.8.3; http://cqqizhou.com"
14.108.233.156 - - [13/Jan/2026:12:29:29 +0800] "POST /wp-admin/admin-ajax.php HTTP/1.1" 200 78 "http://cqqizhou.com/wp-admin/admin.php?page=revslider&view=slide&id=4" "Mozilla/5.0 (Windows NT 10.0; Win64; x64) AppleWebKit/537.36 (KHTML, like Gecko) Chrome/143.0.0.0 Safari/537.36 Edg/143.0.0.0"
185.242.226.102 - - [13/Jan/2026:12:29:30 +0800] "GET / HTTP/1.1" 301 5 "-" "Mozilla/5.0 (Windows NT 10.0; Win64; x64) AppleWebKit/537.36 (KHTML, like Gecko) Chrome/88.0.4324.190 Safari/537.36"
185.242.226.102 - - [13/Jan/2026:12:29:35 +0800] "GET / HTTP/1.1" 200 35100 "http://36.133.115.36:80/" "Mozilla/5.0 (Windows NT 10.0; Win64; x64) AppleWebKit/537.36 (KHTML, like Gecko) Chrome/88.0.4324.190 Safari/537.36"
36.133.115.36 - - [13/Jan/2026:12:31:30 +0800] "POST /wp-cron.php?doing_wp_cron=1768278690.7861490249633789062500 HTTP/1.1" 200 31 "-" "WordPress/6.8.3; http://cqqizhou.com"
14.108.233.156 - - [13/Jan/2026:12:31:30 +0800] "POST /wp-admin/admin-ajax.php HTTP/1.1" 200 78 "http://cqqizhou.com/wp-admin/admin.php?page=revslider&view=slide&id=4" "Mozilla/5.0 (Windows NT 10.0; Win64; x64) AppleWebKit/537.36 (KHTML, like Gecko) Chrome/143.0.0.0 Safari/537.36 Edg/143.0.0.0"
36.133.115.36 - - [13/Jan/2026:12:32:30 +0800] "POST /wp-cron.php?doing_wp_cron=1768278750.8242139816284179687500 HTTP/1.1" 200 31 "-" "WordPress/6.8.3; http://cqqizhou.com"
14.108.233.156 - - [13/Jan/2026:12:32:30 +0800] "POST /wp-admin/admin-ajax.php HTTP/1.1" 200 78 "http://cqqizhou.com/wp-admin/admin.php?page=revslider&view=slide&id=4" "Mozilla/5.0 (Windows NT 10.0; Win64; x64) AppleWebKit/537.36 (KHTML, like Gecko) Chrome/143.0.0.0 Safari/537.36 Edg/143.0.0.0"
36.133.115.36 - - [13/Jan/2026:12:33:17 +0800] "POST /wp-cron.php?doing_wp_cron=1768278797.4303510189056396484375 HTTP/1.1" 200 31 "-" "WordPress/6.8.3; http://cqqizhou.com"
116.179.32.162 - - [13/Jan/2026:12:33:17 +0800] "GET /business/ HTTP/1.1" 404 8982 "-" "Mozilla/5.0 (compatible; Baiduspider/2.0; +http://www.baidu.com/search/spider.html)"
14.108.233.156 - - [13/Jan/2026:12:33:30 +0800] "POST /wp-admin/admin-ajax.php HTTP/1.1" 200 78 "http://cqqizhou.com/wp-admin/admin.php?page=revslider&view=slide&id=4" "Mozilla/5.0 (Windows NT 10.0; Win64; x64) AppleWebKit/537.36 (KHTML, like Gecko) Chrome/143.0.0.0 Safari/537.36 Edg/143.0.0.0"
14.108.233.156 - - [13/Jan/2026:12:33:43 +0800] "POST /wp-admin/admin-ajax.php HTTP/1.1" 200 27032 "http://cqqizhou.com/wp-admin/admin.php?page=revslider&view=slide&id=4" "Mozilla/5.0 (Windows NT 10.0; Win64; x64) AppleWebKit/537.36 (KHTML, like Gecko) Chrome/143.0.0.0 Safari/537.36 Edg/143.0.0.0"
36.133.115.36 - - [13/Jan/2026:12:33:53 +0800] "POST /wp-cron.php?doing_wp_cron=1768278833.6390459537506103515625 HTTP/1.1" 200 31 "-" "WordPress/6.8.3; http://cqqizhou.com"
95.111.247.139 - - [13/Jan/2026:12:33:53 +0800] "GET /firmware/polycom/000000000000.cfg HTTP/1.1" 404 8981 "-" "Mozilla/5.0 (Windows NT 10.0; Win64; x64) AppleWebKit/537.36"
14.108.233.156 - - [13/Jan/2026:12:34:30 +0800] "POST /wp-admin/admin-ajax.php HTTP/1.1" 200 78 "http://cqqizhou.com/wp-admin/admin.php?page=revslider&view=slide&id=4" "Mozilla/5.0 (Windows NT 10.0; Win64; x64) AppleWebKit/537.36 (KHTML, like Gecko) Chrome/143.0.0.0 Safari/537.36 Edg/143.0.0.0"
36.133.115.36 - - [13/Jan/2026:12:35:30 +0800] "POST /wp-cron.php?doing_wp_cron=1768278930.7878880500793457031250 HTTP/1.1" 200 31 "-" "WordPress/6.8.3; http://cqqizhou.com"
14.108.233.156 - - [13/Jan/2026:12:35:30 +0800] "POST /wp-admin/admin-ajax.php HTTP/1.1" 200 78 "http://cqqizhou.com/wp-admin/admin.php?page=revslider&view=slide&id=4" "Mozilla/5.0 (Windows NT 10.0; Win64; x64) AppleWebKit/537.36 (KHTML, like Gecko) Chrome/143.0.0.0 Safari/537.36 Edg/143.0.0.0"
36.133.115.36 - - [13/Jan/2026:12:36:30 +0800] "POST /wp-cron.php?doing_wp_cron=1768278990.8188090324401855468750 HTTP/1.1" 200 31 "-" "WordPress/6.8.3; http://cqqizhou.com"
14.108.233.156 - - [13/Jan/2026:12:36:30 +0800] "POST /wp-admin/admin-ajax.php HTTP/1.1" 200 78 "http://cqqizhou.com/wp-admin/admin.php?page=revslider&view=slide&id=4" "Mozilla/5.0 (Windows NT 10.0; Win64; x64) AppleWebKit/537.36 (KHTML, like Gecko) Chrome/143.0.0.0 Safari/537.36 Edg/143.0.0.0"
36.133.115.36 - - [13/Jan/2026:12:37:30 +0800] "POST /wp-cron.php?doing_wp_cron=1768279050.8018500804901123046875 HTTP/1.1" 200 31 "-" "WordPress/6.8.3; http://cqqizhou.com"
14.108.233.156 - - [13/Jan/2026:12:37:30 +0800] "POST /wp-admin/admin-ajax.php HTTP/1.1" 200 78 "http://cqqizhou.com/wp-admin/admin.php?page=revslider&view=slide&id=4" "Mozilla/5.0 (Windows NT 10.0; Win64; x64) AppleWebKit/537.36 (KHTML, like Gecko) Chrome/143.0.0.0 Safari/537.36 Edg/143.0.0.0"
14.108.233.156 - - [13/Jan/2026:12:37:31 +0800] "POST /wp-admin/admin-ajax.php HTTP/1.1" 200 95 "http://cqqizhou.com/wp-admin/admin.php?page=revslider&view=slide&id=4" "Mozilla/5.0 (Windows NT 10.0; Win64; x64) AppleWebKit/537.36 (KHTML, like Gecko) Chrome/143.0.0.0 Safari/537.36 Edg/143.0.0.0"
14.108.233.156 - - [13/Jan/2026:12:37:32 +0800] "POST /wp-admin/admin-ajax.php HTTP/1.1" 200 121 "http://cqqizhou.com/wp-admin/admin.php?page=revslider&view=slide&id=4" "Mozilla/5.0 (Windows NT 10.0; Win64; x64) AppleWebKit/537.36 (KHTML, like Gecko) Chrome/143.0.0.0 Safari/537.36 Edg/143.0.0.0"
14.108.233.156 - - [13/Jan/2026:12:37:33 +0800] "POST /wp-admin/admin-ajax.php HTTP/1.1" 200 81 "http://cqqizhou.com/wp-admin/admin.php?page=revslider&view=slide&id=4" "Mozilla/5.0 (Windows NT 10.0; Win64; x64) AppleWebKit/537.36 (KHTML, like Gecko) Chrome/143.0.0.0 Safari/537.36 Edg/143.0.0.0"
14.108.233.156 - - [13/Jan/2026:12:37:33 +0800] "POST /wp-admin/admin-ajax.php HTTP/1.1" 200 80 "http://cqqizhou.com/wp-admin/admin.php?page=revslider&view=slide&id=4" "Mozilla/5.0 (Windows NT 10.0; Win64; x64) AppleWebKit/537.36 (KHTML, like Gecko) Chrome/143.0.0.0 Safari/537.36 Edg/143.0.0.0"
14.108.233.156 - - [13/Jan/2026:12:37:33 +0800] "POST /wp-admin/admin-ajax.php HTTP/1.1" 200 80 "http://cqqizhou.com/wp-admin/admin.php?page=revslider&view=slide&id=4" "Mozilla/5.0 (Windows NT 10.0; Win64; x64) AppleWebKit/537.36 (KHTML, like Gecko) Chrome/143.0.0.0 Safari/537.36 Edg/143.0.0.0"
14.108.233.156 - - [13/Jan/2026:12:37:33 +0800] "POST /wp-admin/admin-ajax.php HTTP/1.1" 200 80 "http://cqqizhou.com/wp-admin/admin.php?page=revslider&view=slide&id=4" "Mozilla/5.0 (Windows NT 10.0; Win64; x64) AppleWebKit/537.36 (KHTML, like Gecko) Chrome/143.0.0.0 Safari/537.36 Edg/143.0.0.0"
14.108.233.156 - - [13/Jan/2026:12:37:34 +0800] "POST /wp-admin/admin-ajax.php HTTP/1.1" 200 80 "http://cqqizhou.com/wp-admin/admin.php?page=revslider&view=slide&id=4" "Mozilla/5.0 (Windows NT 10.0; Win64; x64) AppleWebKit/537.36 (KHTML, like Gecko) Chrome/143.0.0.0 Safari/537.36 Edg/143.0.0.0"
14.108.233.156 - - [13/Jan/2026:12:37:34 +0800] "POST /wp-admin/admin-ajax.php HTTP/1.1" 200 80 "http://cqqizhou.com/wp-admin/admin.php?page=revslider&view=slide&id=4" "Mozilla/5.0 (Windows NT 10.0; Win64; x64) AppleWebKit/537.36 (KHTML, like Gecko) Chrome/143.0.0.0 Safari/537.36 Edg/143.0.0.0"
36.133.115.36 - - [13/Jan/2026:12:38:30 +0800] "POST /wp-cron.php?doing_wp_cron=1768279110.8124608993530273437500 HTTP/1.1" 200 31 "-" "WordPress/6.8.3; http://cqqizhou.com"
14.108.233.156 - - [13/Jan/2026:12:38:30 +0800] "POST /wp-admin/admin-ajax.php HTTP/1.1" 200 78 "http://cqqizhou.com/wp-admin/admin.php?page=revslider&view=slide&id=2" "Mozilla/5.0 (Windows NT 10.0; Win64; x64) AppleWebKit/537.36 (KHTML, like Gecko) Chrome/143.0.0.0 Safari/537.36 Edg/143.0.0.0"
36.133.115.36 - - [13/Jan/2026:12:39:30 +0800] "POST /wp-cron.php?doing_wp_cron=1768279170.8328669071197509765625 HTTP/1.1" 200 31 "-" "WordPress/6.8.3; http://cqqizhou.com"
14.108.233.156 - - [13/Jan/2026:12:39:30 +0800] "POST /wp-admin/admin-ajax.php HTTP/1.1" 200 78 "http://cqqizhou.com/wp-admin/admin.php?page=revslider&view=slide&id=3" "Mozilla/5.0 (Windows NT 10.0; Win64; x64) AppleWebKit/537.36 (KHTML, like Gecko) Chrome/143.0.0.0 Safari/537.36 Edg/143.0.0.0"
36.133.115.36 - - [13/Jan/2026:12:40:30 +0800] "POST /wp-cron.php?doing_wp_cron=1768279230.8097589015960693359375 HTTP/1.1" 200 31 "-" "WordPress/6.8.3; http://cqqizhou.com"
14.108.233.156 - - [13/Jan/2026:12:40:30 +0800] "POST /wp-admin/admin-ajax.php HTTP/1.1" 200 78 "http://cqqizhou.com/wp-admin/admin.php?page=revslider&view=slide&id=3" "Mozilla/5.0 (Windows NT 10.0; Win64; x64) AppleWebKit/537.36 (KHTML, like Gecko) Chrome/143.0.0.0 Safari/537.36 Edg/143.0.0.0"
36.133.115.36 - - [13/Jan/2026:12:41:00 +0800] "POST /wp-cron.php?doing_wp_cron=1768279260.5706510543823242187500 HTTP/1.1" 200 31 "-" "WordPress/6.8.3; http://cqqizhou.com"
14.108.233.156 - - [13/Jan/2026:12:41:00 +0800] "GET /wp-json/sliderrevolution/sliders/1?srengine=7&slideid=3 HTTP/1.1" 200 78 "http://cqqizhou.com/" "Mozilla/5.0 (Windows NT 10.0; Win64; x64) AppleWebKit/537.36 (KHTML, like Gecko) Chrome/143.0.0.0 Safari/537.36 Edg/143.0.0.0"
14.108.233.156 - - [13/Jan/2026:12:41:00 +0800] "GET /wp-json/sliderrevolution/sliders/1?srengine=7&slideid=2 HTTP/1.1" 200 2051 "http://cqqizhou.com/" "Mozilla/5.0 (Windows NT 10.0; Win64; x64) AppleWebKit/537.36 (KHTML, like Gecko) Chrome/143.0.0.0 Safari/537.36 Edg/143.0.0.0"
14.108.233.156 - - [13/Jan/2026:12:41:03 +0800] "GET /services/ HTTP/1.1" 200 34155 "http://cqqizhou.com/" "Mozilla/5.0 (Windows NT 10.0; Win64; x64) AppleWebKit/537.36 (KHTML, like Gecko) Chrome/143.0.0.0 Safari/537.36 Edg/143.0.0.0"
14.108.233.156 - - [13/Jan/2026:12:41:30 +0800] "POST /wp-admin/admin-ajax.php HTTP/1.1" 200 78 "http://cqqizhou.com/wp-admin/admin.php?page=revslider&view=slide&id=3" "Mozilla/5.0 (Windows NT 10.0; Win64; x64) AppleWebKit/537.36 (KHTML, like Gecko) Chrome/143.0.0.0 Safari/537.36 Edg/143.0.0.0"
14.108.233.156 - - [13/Jan/2026:12:41:31 +0800] "POST /wp-admin/admin-ajax.php HTTP/1.1" 200 95 "http://cqqizhou.com/wp-admin/admin.php?page=revslider&view=slide&id=3" "Mozilla/5.0 (Windows NT 10.0; Win64; x64) AppleWebKit/537.36 (KHTML, like Gecko) Chrome/143.0.0.0 Safari/537.36 Edg/143.0.0.0"
43.130.71.237 - - [13/Jan/2026:12:41:31 +0800] "GET /wp-content/uploads/2026/01/1768276119-qizhoujiagong_Slider_3840 HTTP/1.1" 404 8981 "-" "Mozilla/5.0 (iPhone; CPU iPhone OS 13_2_3 like Mac OS X) AppleWebKit/605.1.15 (KHTML, like Gecko) Version/13.0.3 Mobile/15E148 Safari/604.1"
14.108.233.156 - - [13/Jan/2026:12:41:32 +0800] "POST /wp-admin/admin-ajax.php HTTP/1.1" 200 95 "http://cqqizhou.com/wp-admin/admin.php?page=revslider&view=slide&id=3" "Mozilla/5.0 (Windows NT 10.0; Win64; x64) AppleWebKit/537.36 (KHTML, like Gecko) Chrome/143.0.0.0 Safari/537.36 Edg/143.0.0.0"
14.108.233.156 - - [13/Jan/2026:12:41:32 +0800] "POST /wp-admin/admin-ajax.php HTTP/1.1" 200 121 "http://cqqizhou.com/wp-admin/admin.php?page=revslider&view=slide&id=3" "Mozilla/5.0 (Windows NT 10.0; Win64; x64) AppleWebKit/537.36 (KHTML, like Gecko) Chrome/143.0.0.0 Safari/537.36 Edg/143.0.0.0"
14.108.233.156 - - [13/Jan/2026:12:41:33 +0800] "POST /wp-admin/admin-ajax.php HTTP/1.1" 200 81 "http://cqqizhou.com/wp-admin/admin.php?page=revslider&view=slide&id=3" "Mozilla/5.0 (Windows NT 10.0; Win64; x64) AppleWebKit/537.36 (KHTML, like Gecko) Chrome/143.0.0.0 Safari/537.36 Edg/143.0.0.0"
14.108.233.156 - - [13/Jan/2026:12:41:34 +0800] "POST /wp-admin/admin-ajax.php HTTP/1.1" 200 80 "http://cqqizhou.com/wp-admin/admin.php?page=revslider&view=slide&id=3" "Mozilla/5.0 (Windows NT 10.0; Win64; x64) AppleWebKit/537.36 (KHTML, like Gecko) Chrome/143.0.0.0 Safari/537.36 Edg/143.0.0.0"
14.108.233.156 - - [13/Jan/2026:12:41:34 +0800] "POST /wp-admin/admin-ajax.php HTTP/1.1" 200 80 "http://cqqizhou.com/wp-admin/admin.php?page=revslider&view=slide&id=3" "Mozilla/5.0 (Windows NT 10.0; Win64; x64) AppleWebKit/537.36 (KHTML, like Gecko) Chrome/143.0.0.0 Safari/537.36 Edg/143.0.0.0"
14.108.233.156 - - [13/Jan/2026:12:41:34 +0800] "POST /wp-admin/admin-ajax.php HTTP/1.1" 200 80 "http://cqqizhou.com/wp-admin/admin.php?page=revslider&view=slide&id=3" "Mozilla/5.0 (Windows NT 10.0; Win64; x64) AppleWebKit/537.36 (KHTML, like Gecko) Chrome/143.0.0.0 Safari/537.36 Edg/143.0.0.0"
14.108.233.156 - - [13/Jan/2026:12:41:34 +0800] "POST /wp-admin/admin-ajax.php HTTP/1.1" 200 80 "http://cqqizhou.com/wp-admin/admin.php?page=revslider&view=slide&id=3" "Mozilla/5.0 (Windows NT 10.0; Win64; x64) AppleWebKit/537.36 (KHTML, like Gecko) Chrome/143.0.0.0 Safari/537.36 Edg/143.0.0.0"
