14.108.233.156 - - [13/Jan/2026:18:08:26 +0800] "POST /wp-admin/admin-ajax.php HTTP/1.1" 200 78 "http://cqqizhou.com/wp-admin/plugins.php" "Mozilla/5.0 (Windows NT 10.0; Win64; x64) AppleWebKit/537.36 (KHTML, like Gecko) Chrome/143.0.0.0 Safari/537.36 Edg/143.0.0.0"
36.133.115.36 - - [13/Jan/2026:18:09:26 +0800] "POST /wp-cron.php?doing_wp_cron=1768298966.2959649562835693359375 HTTP/1.1" 200 31 "-" "WordPress/6.8.3; http://cqqizhou.com"
14.108.233.156 - - [13/Jan/2026:18:09:26 +0800] "POST /wp-admin/admin-ajax.php HTTP/1.1" 200 78 "http://cqqizhou.com/wp-admin/plugins.php" "Mozilla/5.0 (Windows NT 10.0; Win64; x64) AppleWebKit/537.36 (KHTML, like Gecko) Chrome/143.0.0.0 Safari/537.36 Edg/143.0.0.0"
36.133.115.36 - - [13/Jan/2026:18:10:26 +0800] "POST /wp-cron.php?doing_wp_cron=1768299026.2501499652862548828125 HTTP/1.1" 200 31 "-" "WordPress/6.8.3; http://cqqizhou.com"
14.108.233.156 - - [13/Jan/2026:18:10:26 +0800] "POST /wp-admin/admin-ajax.php HTTP/1.1" 200 78 "http://cqqizhou.com/wp-admin/plugins.php" "Mozilla/5.0 (Windows NT 10.0; Win64; x64) AppleWebKit/537.36 (KHTML, like Gecko) Chrome/143.0.0.0 Safari/537.36 Edg/143.0.0.0"
36.133.115.36 - - [13/Jan/2026:18:11:26 +0800] "POST /wp-cron.php?doing_wp_cron=1768299086.2199349403381347656250 HTTP/1.1" 200 31 "-" "WordPress/6.8.3; http://cqqizhou.com"
14.108.233.156 - - [13/Jan/2026:18:11:26 +0800] "POST /wp-admin/admin-ajax.php HTTP/1.1" 200 78 "http://cqqizhou.com/wp-admin/plugins.php" "Mozilla/5.0 (Windows NT 10.0; Win64; x64) AppleWebKit/537.36 (KHTML, like Gecko) Chrome/143.0.0.0 Safari/537.36 Edg/143.0.0.0"
64.62.197.2 - - [13/Jan/2026:18:11:35 +0800] "GET / HTTP/1.1" 301 5 "-" "Mozilla/5.0 (X11; Ubuntu; Linux x86_64; rv:141.0) Gecko/20100101 Firefox/141.0"
36.133.115.36 - - [13/Jan/2026:18:12:26 +0800] "POST /wp-cron.php?doing_wp_cron=1768299146.3141469955444335937500 HTTP/1.1" 200 31 "-" "WordPress/6.8.3; http://cqqizhou.com"
14.108.233.156 - - [13/Jan/2026:18:12:26 +0800] "POST /wp-admin/admin-ajax.php HTTP/1.1" 200 78 "http://cqqizhou.com/wp-admin/plugins.php" "Mozilla/5.0 (Windows NT 10.0; Win64; x64) AppleWebKit/537.36 (KHTML, like Gecko) Chrome/143.0.0.0 Safari/537.36 Edg/143.0.0.0"
64.62.197.2 - - [13/Jan/2026:18:12:44 +0800] "GET /webui/ HTTP/1.1" 404 8982 "-" "Mozilla/5.0 (Windows NT 6.1; ) AppleWebKit/537.36 (KHTML, like Gecko) Chrome/122.0.6261.156 Not(A:Brand/24 YaBrowser/24.4.1.901 Yowser/2.5  Safari/537.36"
36.133.115.36 - - [13/Jan/2026:18:13:15 +0800] "POST /wp-cron.php?doing_wp_cron=1768299194.9771370887756347656250 HTTP/1.1" 200 31 "-" "WordPress/6.8.3; http://cqqizhou.com"
64.62.197.7 - - [13/Jan/2026:18:13:15 +0800] "GET / HTTP/1.1" 301 5 "-" "Mozilla/5.0 (Windows NT 6.1; ) AppleWebKit/537.36 (KHTML, like Gecko) Chrome/122.0.6261.156 Not(A:Brand/24 YaBrowser/24.4.1.901 Yowser/2.5  Safari/537.36"
64.62.197.3 - - [13/Jan/2026:18:13:16 +0800] "GET / HTTP/1.1" 499 0 "http://36.133.115.36/" "Mozilla/5.0 (Windows NT 6.1; ) AppleWebKit/537.36 (KHTML, like Gecko) Chrome/122.0.6261.156 Not(A:Brand/24 YaBrowser/24.4.1.901 Yowser/2.5  Safari/537.36"
14.108.233.156 - - [13/Jan/2026:18:13:26 +0800] "POST /wp-admin/admin-ajax.php HTTP/1.1" 200 78 "http://cqqizhou.com/wp-admin/plugins.php" "Mozilla/5.0 (Windows NT 10.0; Win64; x64) AppleWebKit/537.36 (KHTML, like Gecko) Chrome/143.0.0.0 Safari/537.36 Edg/143.0.0.0"
148.153.56.62 - - [13/Jan/2026:18:13:44 +0800] "GET /IefH HTTP/1.1" 301 5 "-" "Mozilla/5.0 (Macintosh; Intel Mac OS X 10.9; rv:32.0) Gecko/20100101 Firefox/32.0"
36.133.115.36 - - [13/Jan/2026:18:13:46 +0800] "POST /wp-cron.php?doing_wp_cron=1768299226.3033280372619628906250 HTTP/1.1" 200 31 "-" "WordPress/6.8.3; http://cqqizhou.com"
148.153.56.62 - - [13/Jan/2026:18:13:46 +0800] "GET /IefH HTTP/1.1" 404 8981 "http://36.133.115.36:80/IefH" "Mozilla/5.0 (Macintosh; Intel Mac OS X 10.9; rv:32.0) Gecko/20100101 Firefox/32.0"
148.153.56.62 - - [13/Jan/2026:18:13:49 +0800] "GET /Amz5 HTTP/1.1" 301 5 "-" "Mozilla/5.0 (Macintosh; Intel Mac OS X 10.9; rv:32.0) Gecko/20100101 Firefox/32.0"
148.153.56.62 - - [13/Jan/2026:18:13:51 +0800] "GET /Amz5 HTTP/1.1" 404 8981 "http://36.133.115.36:80/Amz5" "Mozilla/5.0 (Macintosh; Intel Mac OS X 10.9; rv:32.0) Gecko/20100101 Firefox/32.0"
148.153.56.62 - - [13/Jan/2026:18:13:52 +0800] "GET /aab8 HTTP/1.1" 301 5 "-" "Mozilla/5.0 (Macintosh; Intel Mac OS X 10.9; rv:32.0) Gecko/20100101 Firefox/32.0"
148.153.56.62 - - [13/Jan/2026:18:13:53 +0800] "GET /aab8 HTTP/1.1" 404 8981 "http://36.133.115.36:80/aab8" "Mozilla/5.0 (Macintosh; Intel Mac OS X 10.9; rv:32.0) Gecko/20100101 Firefox/32.0"
148.153.56.62 - - [13/Jan/2026:18:13:55 +0800] "GET /aab9 HTTP/1.1" 301 5 "-" "Mozilla/5.0 (Macintosh; Intel Mac OS X 10.9; rv:32.0) Gecko/20100101 Firefox/32.0"
148.153.56.62 - - [13/Jan/2026:18:13:56 +0800] "GET /aab9 HTTP/1.1" 404 8981 "http://36.133.115.36:80/aab9" "Mozilla/5.0 (Macintosh; Intel Mac OS X 10.9; rv:32.0) Gecko/20100101 Firefox/32.0"
14.108.233.156 - - [13/Jan/2026:18:14:26 +0800] "POST /wp-admin/admin-ajax.php HTTP/1.1" 200 78 "http://cqqizhou.com/wp-admin/plugins.php" "Mozilla/5.0 (Windows NT 10.0; Win64; x64) AppleWebKit/537.36 (KHTML, like Gecko) Chrome/143.0.0.0 Safari/537.36 Edg/143.0.0.0"
36.133.115.36 - - [13/Jan/2026:18:14:49 +0800] "POST /wp-cron.php?doing_wp_cron=1768299289.9275250434875488281250 HTTP/1.1" 200 31 "-" "WordPress/6.8.3; http://cqqizhou.com"
64.62.197.2 - - [13/Jan/2026:18:14:49 +0800] "GET /geoserver/web/ HTTP/1.1" 499 0 "-" "Mozilla/5.0 (X11; Ubuntu; Linux x86_64; rv:141.0) Gecko/20100101 Firefox/141.0"
14.108.233.156 - - [13/Jan/2026:18:15:26 +0800] "POST /wp-admin/admin-ajax.php HTTP/1.1" 200 78 "http://cqqizhou.com/wp-admin/plugins.php" "Mozilla/5.0 (Windows NT 10.0; Win64; x64) AppleWebKit/537.36 (KHTML, like Gecko) Chrome/143.0.0.0 Safari/537.36 Edg/143.0.0.0"
36.133.115.36 - - [13/Jan/2026:18:16:26 +0800] "POST /wp-cron.php?doing_wp_cron=1768299386.2609820365905761718750 HTTP/1.1" 200 31 "-" "WordPress/6.8.3; http://cqqizhou.com"
14.108.233.156 - - [13/Jan/2026:18:16:26 +0800] "POST /wp-admin/admin-ajax.php HTTP/1.1" 200 78 "http://cqqizhou.com/wp-admin/plugins.php" "Mozilla/5.0 (Windows NT 10.0; Win64; x64) AppleWebKit/537.36 (KHTML, like Gecko) Chrome/143.0.0.0 Safari/537.36 Edg/143.0.0.0"
36.133.115.36 - - [13/Jan/2026:18:17:26 +0800] "POST /wp-cron.php?doing_wp_cron=1768299446.3086850643157958984375 HTTP/1.1" 200 31 "-" "WordPress/6.8.3; http://cqqizhou.com"
14.108.233.156 - - [13/Jan/2026:18:17:26 +0800] "POST /wp-admin/admin-ajax.php HTTP/1.1" 200 78 "http://cqqizhou.com/wp-admin/plugins.php" "Mozilla/5.0 (Windows NT 10.0; Win64; x64) AppleWebKit/537.36 (KHTML, like Gecko) Chrome/143.0.0.0 Safari/537.36 Edg/143.0.0.0"
36.133.115.36 - - [13/Jan/2026:18:18:26 +0800] "POST /wp-cron.php?doing_wp_cron=1768299506.2903430461883544921875 HTTP/1.1" 200 31 "-" "WordPress/6.8.3; http://cqqizhou.com"
14.108.233.156 - - [13/Jan/2026:18:18:26 +0800] "POST /wp-admin/admin-ajax.php HTTP/1.1" 200 78 "http://cqqizhou.com/wp-admin/plugins.php" "Mozilla/5.0 (Windows NT 10.0; Win64; x64) AppleWebKit/537.36 (KHTML, like Gecko) Chrome/143.0.0.0 Safari/537.36 Edg/143.0.0.0"
36.133.115.36 - - [13/Jan/2026:18:19:26 +0800] "POST /wp-cron.php?doing_wp_cron=1768299566.3270030021667480468750 HTTP/1.1" 200 31 "-" "WordPress/6.8.3; http://cqqizhou.com"
14.108.233.156 - - [13/Jan/2026:18:19:26 +0800] "POST /wp-admin/admin-ajax.php HTTP/1.1" 200 78 "http://cqqizhou.com/wp-admin/plugins.php" "Mozilla/5.0 (Windows NT 10.0; Win64; x64) AppleWebKit/537.36 (KHTML, like Gecko) Chrome/143.0.0.0 Safari/537.36 Edg/143.0.0.0"
36.133.115.36 - - [13/Jan/2026:18:20:26 +0800] "POST /wp-cron.php?doing_wp_cron=1768299626.3571801185607910156250 HTTP/1.1" 200 31 "-" "WordPress/6.8.3; http://cqqizhou.com"
14.108.233.156 - - [13/Jan/2026:18:20:26 +0800] "POST /wp-admin/admin-ajax.php HTTP/1.1" 200 78 "http://cqqizhou.com/wp-admin/plugins.php" "Mozilla/5.0 (Windows NT 10.0; Win64; x64) AppleWebKit/537.36 (KHTML, like Gecko) Chrome/143.0.0.0 Safari/537.36 Edg/143.0.0.0"
36.133.115.36 - - [13/Jan/2026:18:21:26 +0800] "POST /wp-cron.php?doing_wp_cron=1768299686.3154740333557128906250 HTTP/1.1" 200 31 "-" "WordPress/6.8.3; http://cqqizhou.com"
14.108.233.156 - - [13/Jan/2026:18:21:26 +0800] "POST /wp-admin/admin-ajax.php HTTP/1.1" 200 78 "http://cqqizhou.com/wp-admin/plugins.php" "Mozilla/5.0 (Windows NT 10.0; Win64; x64) AppleWebKit/537.36 (KHTML, like Gecko) Chrome/143.0.0.0 Safari/537.36 Edg/143.0.0.0"
36.133.115.36 - - [13/Jan/2026:18:22:26 +0800] "POST /wp-cron.php?doing_wp_cron=1768299746.3119099140167236328125 HTTP/1.1" 200 31 "-" "WordPress/6.8.3; http://cqqizhou.com"
14.108.233.156 - - [13/Jan/2026:18:22:26 +0800] "POST /wp-admin/admin-ajax.php HTTP/1.1" 200 78 "http://cqqizhou.com/wp-admin/plugins.php" "Mozilla/5.0 (Windows NT 10.0; Win64; x64) AppleWebKit/537.36 (KHTML, like Gecko) Chrome/143.0.0.0 Safari/537.36 Edg/143.0.0.0"
36.133.115.36 - - [13/Jan/2026:18:23:26 +0800] "POST /wp-cron.php?doing_wp_cron=1768299806.3184070587158203125000 HTTP/1.1" 200 31 "-" "WordPress/6.8.3; http://cqqizhou.com"
14.108.233.156 - - [13/Jan/2026:18:23:26 +0800] "POST /wp-admin/admin-ajax.php HTTP/1.1" 200 78 "http://cqqizhou.com/wp-admin/plugins.php" "Mozilla/5.0 (Windows NT 10.0; Win64; x64) AppleWebKit/537.36 (KHTML, like Gecko) Chrome/143.0.0.0 Safari/537.36 Edg/143.0.0.0"
36.133.115.36 - - [13/Jan/2026:18:24:26 +0800] "POST /wp-cron.php?doing_wp_cron=1768299866.3450269699096679687500 HTTP/1.1" 200 31 "-" "WordPress/6.8.3; http://cqqizhou.com"
14.108.233.156 - - [13/Jan/2026:18:24:26 +0800] "POST /wp-admin/admin-ajax.php HTTP/1.1" 200 78 "http://cqqizhou.com/wp-admin/plugins.php" "Mozilla/5.0 (Windows NT 10.0; Win64; x64) AppleWebKit/537.36 (KHTML, like Gecko) Chrome/143.0.0.0 Safari/537.36 Edg/143.0.0.0"
113.120.154.236 - - [13/Jan/2026:18:24:40 +0800] "GET / HTTP/1.1" 301 5 "-" "Go-http-client/1.1"
113.120.154.236 - - [13/Jan/2026:18:24:40 +0800] "GET / HTTP/1.1" 200 35213 "http://xa2.shaanxi.cn.antiddos.cspt.fullcone.cn" "Go-http-client/1.1"
36.133.115.36 - - [13/Jan/2026:18:25:26 +0800] "POST /wp-cron.php?doing_wp_cron=1768299926.3482830524444580078125 HTTP/1.1" 200 31 "-" "WordPress/6.8.3; http://cqqizhou.com"
14.108.233.156 - - [13/Jan/2026:18:25:26 +0800] "POST /wp-admin/admin-ajax.php HTTP/1.1" 200 78 "http://cqqizhou.com/wp-admin/plugins.php" "Mozilla/5.0 (Windows NT 10.0; Win64; x64) AppleWebKit/537.36 (KHTML, like Gecko) Chrome/143.0.0.0 Safari/537.36 Edg/143.0.0.0"
36.133.115.36 - - [13/Jan/2026:18:26:26 +0800] "POST /wp-cron.php?doing_wp_cron=1768299986.3836569786071777343750 HTTP/1.1" 200 31 "-" "WordPress/6.8.3; http://cqqizhou.com"
14.108.233.156 - - [13/Jan/2026:18:26:26 +0800] "POST /wp-admin/admin-ajax.php HTTP/1.1" 200 78 "http://cqqizhou.com/wp-admin/plugins.php" "Mozilla/5.0 (Windows NT 10.0; Win64; x64) AppleWebKit/537.36 (KHTML, like Gecko) Chrome/143.0.0.0 Safari/537.36 Edg/143.0.0.0"
36.133.115.36 - - [13/Jan/2026:18:27:03 +0800] "POST /wp-cron.php?doing_wp_cron=1768300023.1673479080200195312500 HTTP/1.1" 200 31 "-" "WordPress/6.8.3; http://cqqizhou.com"
14.108.233.156 - - [13/Jan/2026:18:27:04 +0800] "GET /wp-admin/plugin-install.php?tab=plugin-information&plugin=smartideo& HTTP/1.1" 200 49291 "http://cqqizhou.com/wp-admin/plugins.php" "Mozilla/5.0 (Windows NT 10.0; Win64; x64) AppleWebKit/537.36 (KHTML, like Gecko) Chrome/143.0.0.0 Safari/537.36 Edg/143.0.0.0"
14.108.233.156 - - [13/Jan/2026:18:27:04 +0800] "GET /wp-admin/load-styles.php?c=0&dir=ltr&load%5Bchunk_0%5D=dashicons,common,forms,admin-menu,dashboard,list-tables,edit,revisions,media,themes,about,nav-menus,wp-pointer,widgets,site-icon&load%5Bchunk_1%5D=,l10n,buttons,media-views,wp-color-picker,editor-buttons&ver=6.8.3 HTTP/1.1" 200 111189 "http://cqqizhou.com/wp-admin/plugin-install.php?tab=plugin-information&plugin=smartideo&" "Mozilla/5.0 (Windows NT 10.0; Win64; x64) AppleWebKit/537.36 (KHTML, like Gecko) Chrome/143.0.0.0 Safari/537.36 Edg/143.0.0.0"
14.108.233.156 - - [13/Jan/2026:18:27:26 +0800] "POST /wp-admin/admin-ajax.php HTTP/1.1" 200 78 "http://cqqizhou.com/wp-admin/plugins.php" "Mozilla/5.0 (Windows NT 10.0; Win64; x64) AppleWebKit/537.36 (KHTML, like Gecko) Chrome/143.0.0.0 Safari/537.36 Edg/143.0.0.0"
36.133.115.36 - - [13/Jan/2026:18:27:58 +0800] "POST /wp-cron.php?doing_wp_cron=1768300078.4476590156555175781250 HTTP/1.1" 200 31 "-" "WordPress/6.8.3; http://cqqizhou.com"
14.108.233.156 - - [13/Jan/2026:18:27:58 +0800] "POST /wp-admin/admin-ajax.php HTTP/1.1" 200 78 "http://cqqizhou.com/wp-admin/edit.php?post_type=page" "Mozilla/5.0 (Windows NT 10.0; Win64; x64) AppleWebKit/537.36 (KHTML, like Gecko) Chrome/143.0.0.0 Safari/537.36 Edg/143.0.0.0"
14.108.233.156 - - [13/Jan/2026:18:28:02 +0800] "GET /wp-admin/edit.php HTTP/1.1" 200 61839 "http://cqqizhou.com/wp-admin/edit.php?post_type=page" "Mozilla/5.0 (Windows NT 10.0; Win64; x64) AppleWebKit/537.36 (KHTML, like Gecko) Chrome/143.0.0.0 Safari/537.36 Edg/143.0.0.0"
14.108.233.156 - - [13/Jan/2026:18:28:02 +0800] "GET /wp-content/uploads/2026/01/1767691466-Article_images_W900%C3%97500px202601061-150x150.webp HTTP/1.1" 200 5520 "http://cqqizhou.com/wp-admin/edit.php" "Mozilla/5.0 (Windows NT 10.0; Win64; x64) AppleWebKit/537.36 (KHTML, like Gecko) Chrome/143.0.0.0 Safari/537.36 Edg/143.0.0.0"
14.108.233.156 - - [13/Jan/2026:18:28:02 +0800] "GET /wp-content/uploads/revslider/slider-1/1750861156-logistics_Slider_3840%C3%972160_20250625191356-scaled-150x150.webp HTTP/1.1" 200 4364 "http://cqqizhou.com/wp-admin/edit.php" "Mozilla/5.0 (Windows NT 10.0; Win64; x64) AppleWebKit/537.36 (KHTML, like Gecko) Chrome/143.0.0.0 Safari/537.36 Edg/143.0.0.0"
14.108.233.156 - - [13/Jan/2026:18:28:02 +0800] "GET /wp-content/uploads/2025/09/1756868614-20250903104654_74_5-150x150.webp HTTP/1.1" 200 5712 "http://cqqizhou.com/wp-admin/edit.php" "Mozilla/5.0 (Windows NT 10.0; Win64; x64) AppleWebKit/537.36 (KHTML, like Gecko) Chrome/143.0.0.0 Safari/537.36 Edg/143.0.0.0"
14.108.233.156 - - [13/Jan/2026:18:28:02 +0800] "GET /wp-content/uploads/2025/12/1766647832-Article_images_W900%C3%97500px20251225-150x150.webp HTTP/1.1" 200 6860 "http://cqqizhou.com/wp-admin/edit.php" "Mozilla/5.0 (Windows NT 10.0; Win64; x64) AppleWebKit/537.36 (KHTML, like Gecko) Chrome/143.0.0.0 Safari/537.36 Edg/143.0.0.0"
14.108.233.156 - - [13/Jan/2026:18:28:02 +0800] "GET /wp-content/uploads/2025/12/1766064629-Article_images_20251218212623-150x150.webp HTTP/1.1" 200 5072 "http://cqqizhou.com/wp-admin/edit.php" "Mozilla/5.0 (Windows NT 10.0; Win64; x64) AppleWebKit/537.36 (KHTML, like Gecko) Chrome/143.0.0.0 Safari/537.36 Edg/143.0.0.0"
14.108.233.156 - - [13/Jan/2026:18:28:02 +0800] "GET /wp-content/uploads/2025/12/1765891413-20251209103501-150x150.webp HTTP/1.1" 200 6446 "http://cqqizhou.com/wp-admin/edit.php" "Mozilla/5.0 (Windows NT 10.0; Win64; x64) AppleWebKit/537.36 (KHTML, like Gecko) Chrome/143.0.0.0 Safari/537.36 Edg/143.0.0.0"
14.108.233.156 - - [13/Jan/2026:18:28:02 +0800] "GET /wp-content/uploads/2025/12/1765891153-Article20251216211543-150x150.webp HTTP/1.1" 200 7850 "http://cqqizhou.com/wp-admin/edit.php" "Mozilla/5.0 (Windows NT 10.0; Win64; x64) AppleWebKit/537.36 (KHTML, like Gecko) Chrome/143.0.0.0 Safari/537.36 Edg/143.0.0.0"
14.108.233.156 - - [13/Jan/2026:18:28:02 +0800] "GET /wp-content/uploads/2025/08/1755826456-DSC01841-150x150.webp HTTP/1.1" 200 9850 "http://cqqizhou.com/wp-admin/edit.php" "Mozilla/5.0 (Windows NT 10.0; Win64; x64) AppleWebKit/537.36 (KHTML, like Gecko) Chrome/143.0.0.0 Safari/537.36 Edg/143.0.0.0"
14.108.233.156 - - [13/Jan/2026:18:28:02 +0800] "GET /wp-content/uploads/2025/07/1753455746-DSC01472-150x150.webp HTTP/1.1" 200 4760 "http://cqqizhou.com/wp-admin/edit.php" "Mozilla/5.0 (Windows NT 10.0; Win64; x64) AppleWebKit/537.36 (KHTML, like Gecko) Chrome/143.0.0.0 Safari/537.36 Edg/143.0.0.0"
14.108.233.156 - - [13/Jan/2026:18:28:02 +0800] "GET /wp-content/uploads/2025/08/1755826390-DSC01765-150x150.webp HTTP/1.1" 200 6586 "http://cqqizhou.com/wp-admin/edit.php" "Mozilla/5.0 (Windows NT 10.0; Win64; x64) AppleWebKit/537.36 (KHTML, like Gecko) Chrome/143.0.0.0 Safari/537.36 Edg/143.0.0.0"
14.108.233.156 - - [13/Jan/2026:18:28:02 +0800] "GET /wp-content/uploads/2025/07/1753454299-Article_images_W900px-150x150.webp HTTP/1.1" 200 7416 "http://cqqizhou.com/wp-admin/edit.php" "Mozilla/5.0 (Windows NT 10.0; Win64; x64) AppleWebKit/537.36 (KHTML, like Gecko) Chrome/143.0.0.0 Safari/537.36 Edg/143.0.0.0"
14.108.233.156 - - [13/Jan/2026:18:28:02 +0800] "GET /wp-content/uploads/2025/12/1766388806-Article_images_202507243-150x150.webp HTTP/1.1" 200 4890 "http://cqqizhou.com/wp-admin/edit.php" "Mozilla/5.0 (Windows NT 10.0; Win64; x64) AppleWebKit/537.36 (KHTML, like Gecko) Chrome/143.0.0.0 Safari/537.36 Edg/143.0.0.0"
14.108.233.156 - - [13/Jan/2026:18:28:02 +0800] "GET /wp-content/uploads/2025/07/1753454089-Article_images_W900px-150x150.webp HTTP/1.1" 200 5292 "http://cqqizhou.com/wp-admin/edit.php" "Mozilla/5.0 (Windows NT 10.0; Win64; x64) AppleWebKit/537.36 (KHTML, like Gecko) Chrome/143.0.0.0 Safari/537.36 Edg/143.0.0.0"
14.108.233.156 - - [13/Jan/2026:18:28:02 +0800] "GET /wp-content/uploads/2025/07/1753453986-Article_images_W900px-150x150.webp HTTP/1.1" 200 7296 "http://cqqizhou.com/wp-admin/edit.php" "Mozilla/5.0 (Windows NT 10.0; Win64; x64) AppleWebKit/537.36 (KHTML, like Gecko) Chrome/143.0.0.0 Safari/537.36 Edg/143.0.0.0"
14.108.233.156 - - [13/Jan/2026:18:28:02 +0800] "GET /wp-content/uploads/2025/07/1753453719-Article_images1_W900px-150x150.webp HTTP/1.1" 200 8234 "http://cqqizhou.com/wp-admin/edit.php" "Mozilla/5.0 (Windows NT 10.0; Win64; x64) AppleWebKit/537.36 (KHTML, like Gecko) Chrome/143.0.0.0 Safari/537.36 Edg/143.0.0.0"
14.108.233.156 - - [13/Jan/2026:18:28:03 +0800] "POST /wp-admin/admin-ajax.php HTTP/1.1" 200 78 "http://cqqizhou.com/wp-admin/edit.php" "Mozilla/5.0 (Windows NT 10.0; Win64; x64) AppleWebKit/537.36 (KHTML, like Gecko) Chrome/143.0.0.0 Safari/537.36 Edg/143.0.0.0"
14.108.233.156 - - [13/Jan/2026:18:28:11 +0800] "GET /wp-admin/post.php?post=2420&action=edit HTTP/1.1" 200 195434 "http://cqqizhou.com/wp-admin/edit.php" "Mozilla/5.0 (Windows NT 10.0; Win64; x64) AppleWebKit/537.36 (KHTML, like Gecko) Chrome/143.0.0.0 Safari/537.36 Edg/143.0.0.0"
14.108.233.156 - - [13/Jan/2026:18:28:11 +0800] "GET /wp-admin/load-styles.php?c=0&dir=ltr&load%5Bchunk_0%5D=dashicons,admin-bar,buttons,media-views,editor-buttons,wp-components,wp-preferences,wp-block-editor,wp-reusable-blocks,wp-patter&load%5Bchunk_1%5D=ns,wp-editor,common,forms,wp-reset-editor-styles,wp-block-library,wp-block-editor-content,wp-editor-classic-layout-styles,wp-edi&load%5Bchunk_2%5D=t-blocks,wp-commands,wp-edit-post,wp-block-directory,wp-format-library,admin-menu,dashboard,list-tables,edit,revisions,media,the&load%5Bchunk_3%5D=mes,about,nav-menus,wp-pointer,widgets,site-icon,l10n,wp-color-picker,wp-auth-check,classic-theme-styles,wp-jquery-ui-dialog&ver=6.8.3 HTTP/1.1" 200 186079 "http://cqqizhou.com/wp-admin/post.php?post=2420&action=edit" "Mozilla/5.0 (Windows NT 10.0; Win64; x64) AppleWebKit/537.36 (KHTML, like Gecko) Chrome/143.0.0.0 Safari/537.36 Edg/143.0.0.0"
14.108.233.156 - - [13/Jan/2026:18:28:12 +0800] "GET /?action=kirki-styles&editor=1&ver=4.0 HTTP/1.1" 200 210 "http://cqqizhou.com/wp-admin/post.php?post=2420&action=edit" "Mozilla/5.0 (Windows NT 10.0; Win64; x64) AppleWebKit/537.36 (KHTML, like Gecko) Chrome/143.0.0.0 Safari/537.36 Edg/143.0.0.0"
14.108.233.156 - - [13/Jan/2026:18:28:12 +0800] "GET /wp-content/uploads/2026/01/1767691467-Article_images_W900%C3%97500px202601062.webp HTTP/1.1" 200 49670 "http://cqqizhou.com/wp-admin/post.php?post=2420&action=edit" "Mozilla/5.0 (Windows NT 10.0; Win64; x64) AppleWebKit/537.36 (KHTML, like Gecko) Chrome/143.0.0.0 Safari/537.36 Edg/143.0.0.0"
14.108.233.156 - - [13/Jan/2026:18:28:13 +0800] "OPTIONS /wp-json/wp/v2/settings?_locale=user HTTP/1.1" 200 1287 "http://cqqizhou.com/wp-admin/post.php?post=2420&action=edit" "Mozilla/5.0 (Windows NT 10.0; Win64; x64) AppleWebKit/537.36 (KHTML, like Gecko) Chrome/143.0.0.0 Safari/537.36 Edg/143.0.0.0"
14.108.233.156 - - [13/Jan/2026:18:28:13 +0800] "GET /wp-json/wp/v2/blocks?context=edit&per_page=100&page=1&_locale=user HTTP/1.1" 200 33 "http://cqqizhou.com/wp-admin/post.php?post=2420&action=edit" "Mozilla/5.0 (Windows NT 10.0; Win64; x64) AppleWebKit/537.36 (KHTML, like Gecko) Chrome/143.0.0.0 Safari/537.36 Edg/143.0.0.0"
14.108.233.156 - - [13/Jan/2026:18:28:13 +0800] "GET /wp-json/wp/v2/users?context=view&who=authors&per_page=100&_fields=id%2Cname&_locale=user HTTP/1.1" 200 56 "http://cqqizhou.com/wp-admin/post.php?post=2420&action=edit" "Mozilla/5.0 (Windows NT 10.0; Win64; x64) AppleWebKit/537.36 (KHTML, like Gecko) Chrome/143.0.0.0 Safari/537.36 Edg/143.0.0.0"
14.108.233.156 - - [13/Jan/2026:18:28:13 +0800] "GET /wp-json/wp/v2/taxonomies?context=edit&per_page=100&_locale=user HTTP/1.1" 200 1755 "http://cqqizhou.com/wp-admin/post.php?post=2420&action=edit" "Mozilla/5.0 (Windows NT 10.0; Win64; x64) AppleWebKit/537.36 (KHTML, like Gecko) Chrome/143.0.0.0 Safari/537.36 Edg/143.0.0.0"
14.108.233.156 - - [13/Jan/2026:18:28:13 +0800] "GET /wp-json/wp/v2/media/2421?context=view&_locale=user HTTP/1.1" 200 1013 "http://cqqizhou.com/wp-admin/post.php?post=2420&action=edit" "Mozilla/5.0 (Windows NT 10.0; Win64; x64) AppleWebKit/537.36 (KHTML, like Gecko) Chrome/143.0.0.0 Safari/537.36 Edg/143.0.0.0"
14.108.233.156 - - [13/Jan/2026:18:28:13 +0800] "GET /wp-json/wp/v2/templates?context=edit&per_page=100&_locale=user HTTP/1.1" 200 33 "http://cqqizhou.com/wp-admin/post.php?post=2420&action=edit" "Mozilla/5.0 (Windows NT 10.0; Win64; x64) AppleWebKit/537.36 (KHTML, like Gecko) Chrome/143.0.0.0 Safari/537.36 Edg/143.0.0.0"
14.108.233.156 - - [13/Jan/2026:18:28:13 +0800] "OPTIONS /wp-json/wp/v2/posts?_locale=user HTTP/1.1" 200 2962 "http://cqqizhou.com/wp-admin/post.php?post=2420&action=edit" "Mozilla/5.0 (Windows NT 10.0; Win64; x64) AppleWebKit/537.36 (KHTML, like Gecko) Chrome/143.0.0.0 Safari/537.36 Edg/143.0.0.0"
14.108.233.156 - - [13/Jan/2026:18:28:14 +0800] "GET /wp-json/wp/v2/wp_pattern_category?context=view&per_page=100&_fields=id%2Cname%2Cdescription%2Cslug&_locale=user HTTP/1.1" 200 33 "http://cqqizhou.com/wp-admin/post.php?post=2420&action=edit" "Mozilla/5.0 (Windows NT 10.0; Win64; x64) AppleWebKit/537.36 (KHTML, like Gecko) Chrome/143.0.0.0 Safari/537.36 Edg/143.0.0.0"
14.108.233.156 - - [13/Jan/2026:18:28:14 +0800] "GET /wp-json/wp/v2/tags?context=view&per_page=10&orderby=count&order=desc&hide_empty=true&_fields=id%2Cname%2Ccount&_locale=user HTTP/1.1" 200 33 "http://cqqizhou.com/wp-admin/post.php?post=2420&action=edit" "Mozilla/5.0 (Windows NT 10.0; Win64; x64) AppleWebKit/537.36 (KHTML, like Gecko) Chrome/143.0.0.0 Safari/537.36 Edg/143.0.0.0"
14.108.233.156 - - [13/Jan/2026:18:28:14 +0800] "GET /wp-json/wp/v2/pages/1665?context=edit&_locale=user HTTP/1.1" 200 763 "http://cqqizhou.com/wp-admin/post.php?post=2420&action=edit" "Mozilla/5.0 (Windows NT 10.0; Win64; x64) AppleWebKit/537.36 (KHTML, like Gecko) Chrome/143.0.0.0 Safari/537.36 Edg/143.0.0.0"
14.108.233.156 - - [13/Jan/2026:18:28:14 +0800] "GET /wp-json/wp/v2/users/1?context=view&_fields=id%2Cname&_locale=user HTTP/1.1" 200 54 "http://cqqizhou.com/wp-admin/post.php?post=2420&action=edit" "Mozilla/5.0 (Windows NT 10.0; Win64; x64) AppleWebKit/537.36 (KHTML, like Gecko) Chrome/143.0.0.0 Safari/537.36 Edg/143.0.0.0"
14.108.233.156 - - [13/Jan/2026:18:28:14 +0800] "GET /wp-json/wp/v2/categories?context=view&per_page=100&orderby=name&order=asc&_fields=id%2Cname%2Cparent&_locale=user HTTP/1.1" 200 158 "http://cqqizhou.com/wp-admin/post.php?post=2420&action=edit" "Mozilla/5.0 (Windows NT 10.0; Win64; x64) AppleWebKit/537.36 (KHTML, like Gecko) Chrome/143.0.0.0 Safari/537.36 Edg/143.0.0.0"
14.108.233.156 - - [13/Jan/2026:18:28:14 +0800] "POST /wp-admin/admin-ajax.php HTTP/1.1" 200 78 "http://cqqizhou.com/wp-admin/edit.php" "Mozilla/5.0 (Windows NT 10.0; Win64; x64) AppleWebKit/537.36 (KHTML, like Gecko) Chrome/143.0.0.0 Safari/537.36 Edg/143.0.0.0"
14.108.233.156 - - [13/Jan/2026:18:28:15 +0800] "OPTIONS /wp-json/wp/v2/posts/?context=edit&_locale=user HTTP/1.1" 200 2962 "http://cqqizhou.com/wp-admin/post.php?post=2420&action=edit" "Mozilla/5.0 (Windows NT 10.0; Win64; x64) AppleWebKit/537.36 (KHTML, like Gecko) Chrome/143.0.0.0 Safari/537.36 Edg/143.0.0.0"
14.108.233.156 - - [13/Jan/2026:18:28:22 +0800] "POST /wp-admin/admin-ajax.php HTTP/1.1" 200 32 "http://cqqizhou.com/wp-admin/post.php?post=2420&action=edit" "Mozilla/5.0 (Windows NT 10.0; Win64; x64) AppleWebKit/537.36 (KHTML, like Gecko) Chrome/143.0.0.0 Safari/537.36 Edg/143.0.0.0"
14.108.233.156 - - [13/Jan/2026:18:28:24 +0800] "POST /wp-admin/admin-ajax.php HTTP/1.1" 200 78 "http://cqqizhou.com/wp-admin/edit.php" "Mozilla/5.0 (Windows NT 10.0; Win64; x64) AppleWebKit/537.36 (KHTML, like Gecko) Chrome/143.0.0.0 Safari/537.36 Edg/143.0.0.0"
14.108.233.156 - - [13/Jan/2026:18:28:35 +0800] "POST /wp-admin/admin-ajax.php HTTP/1.1" 200 78 "http://cqqizhou.com/wp-admin/edit.php" "Mozilla/5.0 (Windows NT 10.0; Win64; x64) AppleWebKit/537.36 (KHTML, like Gecko) Chrome/143.0.0.0 Safari/537.36 Edg/143.0.0.0"
36.133.115.36 - - [13/Jan/2026:18:28:58 +0800] "POST /wp-cron.php?doing_wp_cron=1768300138.4979529380798339843750 HTTP/1.1" 200 31 "-" "WordPress/6.8.3; http://cqqizhou.com"
14.108.233.156 - - [13/Jan/2026:18:28:58 +0800] "POST /wp-admin/admin-ajax.php HTTP/1.1" 200 78 "http://cqqizhou.com/wp-admin/plugins.php" "Mozilla/5.0 (Windows NT 10.0; Win64; x64) AppleWebKit/537.36 (KHTML, like Gecko) Chrome/143.0.0.0 Safari/537.36 Edg/143.0.0.0"
36.133.115.36 - - [13/Jan/2026:18:29:58 +0800] "POST /wp-cron.php?doing_wp_cron=1768300198.6909220218658447265625 HTTP/1.1" 200 31 "-" "WordPress/6.8.3; http://cqqizhou.com"
14.108.233.156 - - [13/Jan/2026:18:29:58 +0800] "POST /wp-admin/admin-ajax.php HTTP/1.1" 200 78 "http://cqqizhou.com/wp-admin/plugins.php" "Mozilla/5.0 (Windows NT 10.0; Win64; x64) AppleWebKit/537.36 (KHTML, like Gecko) Chrome/143.0.0.0 Safari/537.36 Edg/143.0.0.0"
51.75.236.155 - - [13/Jan/2026:18:30:23 +0800] "GET /portfolio-tag/ansteel-thyssen/ HTTP/1.1" 200 22418 "-" "Mozilla/5.0 (compatible; AhrefsBot/7.0; +http://ahrefs.com/robot/)"
14.108.233.156 - - [13/Jan/2026:18:30:36 +0800] "POST /wp-admin/admin-ajax.php HTTP/1.1" 200 78 "http://cqqizhou.com/wp-admin/edit.php" "Mozilla/5.0 (Windows NT 10.0; Win64; x64) AppleWebKit/537.36 (KHTML, like Gecko) Chrome/143.0.0.0 Safari/537.36 Edg/143.0.0.0"
36.133.115.36 - - [13/Jan/2026:18:30:59 +0800] "POST /wp-cron.php?doing_wp_cron=1768300259.6521151065826416015625 HTTP/1.1" 200 31 "-" "WordPress/6.8.3; http://cqqizhou.com"
14.108.233.156 - - [13/Jan/2026:18:30:59 +0800] "POST /wp-admin/admin-ajax.php HTTP/1.1" 200 78 "http://cqqizhou.com/wp-admin/plugins.php" "Mozilla/5.0 (Windows NT 10.0; Win64; x64) AppleWebKit/537.36 (KHTML, like Gecko) Chrome/143.0.0.0 Safari/537.36 Edg/143.0.0.0"
40.77.167.48 - - [13/Jan/2026:18:31:17 +0800] "GET /wp-content/uploads/2025/12/1765891153-Article20251216211543.webp HTTP/1.1" 200 43108 "-" "Mozilla/5.0 AppleWebKit/537.36 (KHTML, like Gecko; compatible; bingbot/2.0; +http://www.bing.com/bingbot.htm) Chrome/116.0.1938.76 Safari/537.36"
36.133.115.36 - - [13/Jan/2026:18:32:37 +0800] "POST /wp-cron.php?doing_wp_cron=1768300357.7146799564361572265625 HTTP/1.1" 200 31 "-" "WordPress/6.8.3; http://cqqizhou.com"
14.108.233.156 - - [13/Jan/2026:18:32:37 +0800] "POST /wp-admin/admin-ajax.php HTTP/1.1" 200 78 "http://cqqizhou.com/wp-admin/edit.php" "Mozilla/5.0 (Windows NT 10.0; Win64; x64) AppleWebKit/537.36 (KHTML, like Gecko) Chrome/143.0.0.0 Safari/537.36 Edg/143.0.0.0"
36.133.115.36 - - [13/Jan/2026:18:33:00 +0800] "POST /wp-cron.php?doing_wp_cron=1768300380.6951100826263427734375 HTTP/1.1" 200 31 "-" "WordPress/6.8.3; http://cqqizhou.com"
14.108.233.156 - - [13/Jan/2026:18:33:00 +0800] "POST /wp-admin/admin-ajax.php HTTP/1.1" 200 78 "http://cqqizhou.com/wp-admin/plugins.php" "Mozilla/5.0 (Windows NT 10.0; Win64; x64) AppleWebKit/537.36 (KHTML, like Gecko) Chrome/143.0.0.0 Safari/537.36 Edg/143.0.0.0"
36.133.115.36 - - [13/Jan/2026:18:34:38 +0800] "POST /wp-cron.php?doing_wp_cron=1768300478.7243568897247314453125 HTTP/1.1" 200 31 "-" "WordPress/6.8.3; http://cqqizhou.com"
14.108.233.156 - - [13/Jan/2026:18:34:38 +0800] "POST /wp-admin/admin-ajax.php HTTP/1.1" 200 78 "http://cqqizhou.com/wp-admin/edit.php" "Mozilla/5.0 (Windows NT 10.0; Win64; x64) AppleWebKit/537.36 (KHTML, like Gecko) Chrome/143.0.0.0 Safari/537.36 Edg/143.0.0.0"
36.133.115.36 - - [13/Jan/2026:18:35:01 +0800] "POST /wp-cron.php?doing_wp_cron=1768300501.6537349224090576171875 HTTP/1.1" 200 31 "-" "WordPress/6.8.3; http://cqqizhou.com"
14.108.233.156 - - [13/Jan/2026:18:35:01 +0800] "POST /wp-admin/admin-ajax.php HTTP/1.1" 200 78 "http://cqqizhou.com/wp-admin/plugins.php" "Mozilla/5.0 (Windows NT 10.0; Win64; x64) AppleWebKit/537.36 (KHTML, like Gecko) Chrome/143.0.0.0 Safari/537.36 Edg/143.0.0.0"
204.76.203.219 - - [13/Jan/2026:18:35:42 +0800] "GET / HTTP/1.1" 200 34773 "-" "Mozilla/5.0 (Windows NT 10.0; Win64; x64) AppleWebKit/537.36 (KHTML, like Gecko) Chrome/90.0.4430.85 Safari/537.36 Edg/90.0.818.46"
36.133.115.36 - - [13/Jan/2026:18:36:39 +0800] "POST /wp-cron.php?doing_wp_cron=1768300599.6675128936767578125000 HTTP/1.1" 200 31 "-" "WordPress/6.8.3; http://cqqizhou.com"
14.108.233.156 - - [13/Jan/2026:18:36:39 +0800] "POST /wp-admin/admin-ajax.php HTTP/1.1" 200 78 "http://cqqizhou.com/wp-admin/edit.php" "Mozilla/5.0 (Windows NT 10.0; Win64; x64) AppleWebKit/537.36 (KHTML, like Gecko) Chrome/143.0.0.0 Safari/537.36 Edg/143.0.0.0"
36.133.115.36 - - [13/Jan/2026:18:37:02 +0800] "POST /wp-cron.php?doing_wp_cron=1768300622.6347589492797851562500 HTTP/1.1" 200 31 "-" "WordPress/6.8.3; http://cqqizhou.com"
14.108.233.156 - - [13/Jan/2026:18:37:02 +0800] "POST /wp-admin/admin-ajax.php HTTP/1.1" 200 78 "http://cqqizhou.com/wp-admin/plugins.php" "Mozilla/5.0 (Windows NT 10.0; Win64; x64) AppleWebKit/537.36 (KHTML, like Gecko) Chrome/143.0.0.0 Safari/537.36 Edg/143.0.0.0"
36.133.115.36 - - [13/Jan/2026:18:38:40 +0800] "POST /wp-cron.php?doing_wp_cron=1768300720.6775100231170654296875 HTTP/1.1" 200 31 "-" "WordPress/6.8.3; http://cqqizhou.com"
14.108.233.156 - - [13/Jan/2026:18:38:40 +0800] "POST /wp-admin/admin-ajax.php HTTP/1.1" 200 78 "http://cqqizhou.com/wp-admin/edit.php" "Mozilla/5.0 (Windows NT 10.0; Win64; x64) AppleWebKit/537.36 (KHTML, like Gecko) Chrome/143.0.0.0 Safari/537.36 Edg/143.0.0.0"
36.133.115.36 - - [13/Jan/2026:18:39:03 +0800] "POST /wp-cron.php?doing_wp_cron=1768300743.6504189968109130859375 HTTP/1.1" 200 31 "-" "WordPress/6.8.3; http://cqqizhou.com"
14.108.233.156 - - [13/Jan/2026:18:39:03 +0800] "POST /wp-admin/admin-ajax.php HTTP/1.1" 200 78 "http://cqqizhou.com/wp-admin/plugins.php" "Mozilla/5.0 (Windows NT 10.0; Win64; x64) AppleWebKit/537.36 (KHTML, like Gecko) Chrome/143.0.0.0 Safari/537.36 Edg/143.0.0.0"
14.108.233.156 - - [13/Jan/2026:18:39:39 +0800] "POST /wp-admin/admin-ajax.php HTTP/1.1" 200 78 "http://cqqizhou.com/wp-admin/edit.php" "Mozilla/5.0 (Windows NT 10.0; Win64; x64) AppleWebKit/537.36 (KHTML, like Gecko) Chrome/143.0.0.0 Safari/537.36 Edg/143.0.0.0"
14.108.233.156 - - [13/Jan/2026:18:39:44 +0800] "GET /wp-admin/plugins.php HTTP/1.1" 200 70073 "http://cqqizhou.com/wp-admin/edit.php" "Mozilla/5.0 (Windows NT 10.0; Win64; x64) AppleWebKit/537.36 (KHTML, like Gecko) Chrome/143.0.0.0 Safari/537.36 Edg/143.0.0.0"
14.108.233.156 - - [13/Jan/2026:18:39:44 +0800] "GET /wp-admin/load-styles.php?c=0&dir=ltr&load%5Bchunk_0%5D=dashicons,admin-bar,common,forms,admin-menu,dashboard,list-tables,edit,revisions,media,themes,about,nav-menus,wp-pointer,widgets&load%5Bchunk_1%5D=,site-icon,l10n,buttons,media-views,wp-color-picker,editor-buttons,wp-auth-check,wp-jquery-ui-dialog&ver=6.8.3 HTTP/1.1" 200 115242 "http://cqqizhou.com/wp-admin/plugins.php" "Mozilla/5.0 (Windows NT 10.0; Win64; x64) AppleWebKit/537.36 (KHTML, like Gecko) Chrome/143.0.0.0 Safari/537.36 Edg/143.0.0.0"
36.133.115.36 - - [13/Jan/2026:18:39:48 +0800] "POST /wp-cron.php?doing_wp_cron=1768300788.7431120872497558593750 HTTP/1.1" 200 31 "-" "WordPress/6.8.3; http://cqqizhou.com"
14.108.233.156 - - [13/Jan/2026:18:39:52 +0800] "GET /wp-admin/plugins.php?action=deactivate&plugin=smartideo%2Fsmartideo.php&plugin_status=all&paged=1&s&_wpnonce=cd64a75238 HTTP/1.1" 302 5 "http://cqqizhou.com/wp-admin/plugins.php" "Mozilla/5.0 (Windows NT 10.0; Win64; x64) AppleWebKit/537.36 (KHTML, like Gecko) Chrome/143.0.0.0 Safari/537.36 Edg/143.0.0.0"
14.108.233.156 - - [13/Jan/2026:18:39:55 +0800] "GET /wp-admin/plugins.php?deactivate=true&plugin_status=all&paged=1&s= HTTP/1.1" 200 70388 "http://cqqizhou.com/wp-admin/plugins.php" "Mozilla/5.0 (Windows NT 10.0; Win64; x64) AppleWebKit/537.36 (KHTML, like Gecko) Chrome/143.0.0.0 Safari/537.36 Edg/143.0.0.0"
14.108.233.156 - - [13/Jan/2026:18:39:55 +0800] "GET /wp-admin/index.php HTTP/1.1" 200 61020 "http://cqqizhou.com/wp-admin/plugins.php" "Mozilla/5.0 (Windows NT 10.0; Win64; x64) AppleWebKit/537.36 (KHTML, like Gecko) Chrome/143.0.0.0 Safari/537.36 Edg/143.0.0.0"
40.113.19.56 - - [13/Jan/2026:18:40:00 +0800] "GET /wp-content/plugins/hellopress/wp_filemanager.php HTTP/1.1" 404 27 "-" "-"
40.113.19.56 - - [13/Jan/2026:18:40:00 +0800] "GET //10.php HTTP/1.1" 404 27 "-" "-"
40.113.19.56 - - [13/Jan/2026:18:40:00 +0800] "GET /02.php HTTP/1.1" 404 27 "-" "-"
40.113.19.56 - - [13/Jan/2026:18:40:00 +0800] "GET //function/function.php?p= HTTP/1.1" 404 27 "-" "-"
40.113.19.56 - - [13/Jan/2026:18:40:01 +0800] "GET //cgi-bin/index.php HTTP/1.1" 404 27 "-" "-"
40.113.19.56 - - [13/Jan/2026:18:40:01 +0800] "GET //admin.php HTTP/1.1" 404 27 "-" "-"
40.113.19.56 - - [13/Jan/2026:18:40:01 +0800] "GET /wp-includes/fonts/index.php?p= HTTP/1.1" 404 27 "-" "-"
14.108.233.156 - - [13/Jan/2026:18:40:01 +0800] "GET /wp-admin/admin-post.php?action=purge_cache&type=all&_wpnonce=3de35765b6 HTTP/1.1" 302 5 "http://cqqizhou.com/wp-admin/plugins.php?plugin_status=all&paged=1&s" "Mozilla/5.0 (Windows NT 10.0; Win64; x64) AppleWebKit/537.36 (KHTML, like Gecko) Chrome/143.0.0.0 Safari/537.36 Edg/143.0.0.0"
40.113.19.56 - - [13/Jan/2026:18:40:01 +0800] "GET //wp-admin/images/wp-conflg.php?p= HTTP/1.1" 404 27 "-" "-"
40.113.19.56 - - [13/Jan/2026:18:40:02 +0800] "GET /info.php HTTP/1.1" 200 29 "-" "-"
40.113.19.56 - - [13/Jan/2026:18:40:02 +0800] "GET /about.php HTTP/1.1" 404 27 "-" "-"
40.113.19.56 - - [13/Jan/2026:18:40:03 +0800] "GET /x/ HTTP/1.1" 301 5 "-" "-"
14.108.233.156 - - [13/Jan/2026:18:40:04 +0800] "GET /wp-admin/plugins.php?plugin_status=all&paged=1&s HTTP/1.1" 200 70274 "http://cqqizhou.com/wp-admin/plugins.php?plugin_status=all&paged=1&s" "Mozilla/5.0 (Windows NT 10.0; Win64; x64) AppleWebKit/537.36 (KHTML, like Gecko) Chrome/143.0.0.0 Safari/537.36 Edg/143.0.0.0"
40.113.19.56 - - [13/Jan/2026:18:40:04 +0800] "GET /x/ HTTP/1.1" 404 31050 "-" "-"
40.113.19.56 - - [13/Jan/2026:18:40:05 +0800] "GET /ss1.php HTTP/1.1" 404 27 "-" "-"
40.113.19.56 - - [13/Jan/2026:18:40:05 +0800] "GET //assets/css/index.php?p= HTTP/1.1" 404 27 "-" "-"
40.113.19.56 - - [13/Jan/2026:18:40:05 +0800] "GET //goods.php HTTP/1.1" 404 27 "-" "-"
40.113.19.56 - - [13/Jan/2026:18:40:05 +0800] "GET //admin.php?fm=true HTTP/1.1" 404 27 "-" "-"
40.113.19.56 - - [13/Jan/2026:18:40:06 +0800] "GET /222.php HTTP/1.1" 404 27 "-" "-"
40.113.19.56 - - [13/Jan/2026:18:40:06 +0800] "GET /abcd.php HTTP/1.1" 404 27 "-" "-"
40.113.19.56 - - [13/Jan/2026:18:40:06 +0800] "GET /wp-includes/blocks/code/ HTTP/1.1" 403 146 "-" "-"
40.113.19.56 - - [13/Jan/2026:18:40:06 +0800] "GET //adminfuns.php HTTP/1.1" 404 27 "-" "-"
40.113.19.56 - - [13/Jan/2026:18:40:07 +0800] "GET /ioxi-o.php HTTP/1.1" 404 27 "-" "-"
40.113.19.56 - - [13/Jan/2026:18:40:07 +0800] "GET /wp-content/ HTTP/1.1" 200 5 "-" "-"
40.113.19.56 - - [13/Jan/2026:18:40:07 +0800] "GET /goat.php HTTP/1.1" 404 27 "-" "-"
40.113.19.56 - - [13/Jan/2026:18:40:07 +0800] "GET /wp-includes/PHPMailer/ HTTP/1.1" 403 146 "-" "-"
40.113.19.56 - - [13/Jan/2026:18:40:08 +0800] "GET /xx.php HTTP/1.1" 404 27 "-" "-"
40.113.19.56 - - [13/Jan/2026:18:40:08 +0800] "GET /.well-known/ HTTP/1.1" 301 5 "-" "-"
40.113.19.56 - - [13/Jan/2026:18:40:09 +0800] "GET /.well-known/ HTTP/1.1" 404 31050 "-" "-"
40.113.19.56 - - [13/Jan/2026:18:40:10 +0800] "GET /wp-admin/js/wp-conflg.php?p= HTTP/1.1" 404 27 "-" "-"
40.113.19.56 - - [13/Jan/2026:18:40:10 +0800] "GET /f5.php HTTP/1.1" 404 27 "-" "-"
40.113.19.56 - - [13/Jan/2026:18:40:10 +0800] "GET /doc.php HTTP/1.1" 404 27 "-" "-"
40.113.19.56 - - [13/Jan/2026:18:40:11 +0800] "GET //1.php?p= HTTP/1.1" 404 27 "-" "-"
40.113.19.56 - - [13/Jan/2026:18:40:11 +0800] "GET /xtride.php HTTP/1.1" 404 27 "-" "-"
40.113.19.56 - - [13/Jan/2026:18:40:11 +0800] "GET /flower.php HTTP/1.1" 404 27 "-" "-"
40.113.19.56 - - [13/Jan/2026:18:40:11 +0800] "GET /flower2.php HTTP/1.1" 404 27 "-" "-"
40.113.19.56 - - [13/Jan/2026:18:40:12 +0800] "GET //f6.php HTTP/1.1" 404 27 "-" "-"
40.113.19.56 - - [13/Jan/2026:18:40:12 +0800] "GET //edit.php HTTP/1.1" 404 27 "-" "-"
40.113.19.56 - - [13/Jan/2026:18:40:12 +0800] "GET //aa.php HTTP/1.1" 404 27 "-" "-"
40.113.19.56 - - [13/Jan/2026:18:40:12 +0800] "GET /ext.php HTTP/1.1" 404 27 "-" "-"
14.108.233.156 - - [13/Jan/2026:18:40:12 +0800] "POST /wp-admin/admin-ajax.php HTTP/1.1" 200 113 "http://cqqizhou.com/wp-admin/plugins.php?plugin_status=all&paged=1&s" "Mozilla/5.0 (Windows NT 10.0; Win64; x64) AppleWebKit/537.36 (KHTML, like Gecko) Chrome/143.0.0.0 Safari/537.36 Edg/143.0.0.0"
40.113.19.56 - - [13/Jan/2026:18:40:13 +0800] "GET //wp-includes/js/dist/ HTTP/1.1" 403 146 "-" "-"
40.113.19.56 - - [13/Jan/2026:18:40:13 +0800] "GET /wp-includes/SimplePie/ HTTP/1.1" 403 146 "-" "-"
40.113.19.56 - - [13/Jan/2026:18:40:13 +0800] "GET //av.php HTTP/1.1" 404 27 "-" "-"
40.113.19.56 - - [13/Jan/2026:18:40:13 +0800] "GET /wp-includes/Text/Diff/Engine/about.php HTTP/1.1" 404 27 "-" "-"
40.113.19.56 - - [13/Jan/2026:18:40:13 +0800] "GET /wsd.php HTTP/1.1" 404 27 "-" "-"
40.113.19.56 - - [13/Jan/2026:18:40:14 +0800] "GET /sadd5.php HTTP/1.1" 404 27 "-" "-"
40.113.19.56 - - [13/Jan/2026:18:40:14 +0800] "GET //sadd5.php HTTP/1.1" 404 27 "-" "-"
40.113.19.56 - - [13/Jan/2026:18:40:14 +0800] "GET /classwithtostring.php HTTP/1.1" 404 27 "-" "-"
40.113.19.56 - - [13/Jan/2026:18:40:14 +0800] "GET /file48.php HTTP/1.1" 404 27 "-" "-"
40.113.19.56 - - [13/Jan/2026:18:40:15 +0800] "GET /wp-admin/css/colors/blue/index.php HTTP/1.1" 404 27 "-" "-"
40.113.19.56 - - [13/Jan/2026:18:40:16 +0800] "GET /index.php?p= HTTP/1.1" 301 5 "-" "-"
40.77.167.136 - - [13/Jan/2026:18:40:18 +0800] "GET /wp-content/uploads/2025/11/1762864370-QZ_Photo-1.webp HTTP/1.1" 200 162970 "-" "Mozilla/5.0 AppleWebKit/537.36 (KHTML, like Gecko; compatible; bingbot/2.0; +http://www.bing.com/bingbot.htm) Chrome/116.0.1938.76 Safari/537.36"
40.113.19.56 - - [13/Jan/2026:18:40:20 +0800] "GET / HTTP/1.1" 200 158592 "-" "-"
40.113.19.56 - - [13/Jan/2026:18:40:20 +0800] "GET /css.php HTTP/1.1" 404 27 "-" "-"
40.113.19.56 - - [13/Jan/2026:18:40:20 +0800] "GET /alfa.php HTTP/1.1" 404 27 "-" "-"
40.113.19.56 - - [13/Jan/2026:18:40:20 +0800] "GET /inputs.php? HTTP/1.1" 404 27 "-" "-"
40.113.19.56 - - [13/Jan/2026:18:40:21 +0800] "GET /wen.php HTTP/1.1" 404 27 "-" "-"
40.113.19.56 - - [13/Jan/2026:18:40:21 +0800] "GET /x.php HTTP/1.1" 404 27 "-" "-"
40.113.19.56 - - [13/Jan/2026:18:40:21 +0800] "GET /xxxx.php HTTP/1.1" 404 27 "-" "-"
40.113.19.56 - - [13/Jan/2026:18:40:21 +0800] "GET /wp-includes/rest-api/about.php HTTP/1.1" 404 27 "-" "-"
40.113.19.56 - - [13/Jan/2026:18:40:22 +0800] "GET //class.php HTTP/1.1" 404 27 "-" "-"
40.113.19.56 - - [13/Jan/2026:18:40:22 +0800] "GET /wp-admin/css/colors/midnight/about.php?p= HTTP/1.1" 404 27 "-" "-"
40.113.19.56 - - [13/Jan/2026:18:40:22 +0800] "GET /gec.php HTTP/1.1" 404 27 "-" "-"
40.113.19.56 - - [13/Jan/2026:18:40:22 +0800] "GET /f35.php HTTP/1.1" 404 27 "-" "-"
40.113.19.56 - - [13/Jan/2026:18:40:23 +0800] "GET /wp-admin/about.php HTTP/1.1" 302 5 "-" "-"
40.113.19.56 - - [13/Jan/2026:18:40:24 +0800] "GET /wp-login.php?redirect_to=http%3A%2F%2Fwww.cqqizhou.com%2Fwp-admin%2Fabout.php&reauth=1 HTTP/1.1" 200 8685 "-" "-"
40.113.19.56 - - [13/Jan/2026:18:40:24 +0800] "GET /pp.php HTTP/1.1" 404 27 "-" "-"
40.113.19.56 - - [13/Jan/2026:18:40:25 +0800] "GET /update/f35.php HTTP/1.1" 404 27 "-" "-"
40.113.19.56 - - [13/Jan/2026:18:40:25 +0800] "GET /wp-content/themes/about.php HTTP/1.1" 404 27 "-" "-"
40.113.19.56 - - [13/Jan/2026:18:40:25 +0800] "GET //lock360.php HTTP/1.1" 404 27 "-" "-"
40.113.19.56 - - [13/Jan/2026:18:40:25 +0800] "GET //lv.php HTTP/1.1" 404 27 "-" "-"
40.113.19.56 - - [13/Jan/2026:18:40:26 +0800] "GET /lv.php HTTP/1.1" 404 27 "-" "-"
40.113.19.56 - - [13/Jan/2026:18:40:26 +0800] "GET /byp.php HTTP/1.1" 404 27 "-" "-"
40.113.19.56 - - [13/Jan/2026:18:40:26 +0800] "GET //galex.php HTTP/1.1" 404 27 "-" "-"
40.113.19.56 - - [13/Jan/2026:18:40:26 +0800] "GET /as.php HTTP/1.1" 404 27 "-" "-"
40.113.19.56 - - [13/Jan/2026:18:40:26 +0800] "GET /pn.php HTTP/1.1" 404 27 "-" "-"
40.113.19.56 - - [13/Jan/2026:18:40:27 +0800] "GET /class-t.api.php HTTP/1.1" 404 27 "-" "-"
40.113.19.56 - - [13/Jan/2026:18:40:27 +0800] "GET /bipas.php HTTP/1.1" 404 27 "-" "-"
40.113.19.56 - - [13/Jan/2026:18:40:27 +0800] "GET /ha.php HTTP/1.1" 404 27 "-" "-"
40.113.19.56 - - [13/Jan/2026:18:40:27 +0800] "GET /maa.php HTTP/1.1" 404 27 "-" "-"
40.113.19.56 - - [13/Jan/2026:18:40:28 +0800] "GET /shoyo.php HTTP/1.1" 404 27 "-" "-"
40.113.19.56 - - [13/Jan/2026:18:40:28 +0800] "GET /admin.php HTTP/1.1" 404 27 "-" "-"
40.113.19.56 - - [13/Jan/2026:18:40:28 +0800] "GET /wp-l0gin.php?p= HTTP/1.1" 404 27 "-" "-"
40.113.19.56 - - [13/Jan/2026:18:40:28 +0800] "GET /ar.php HTTP/1.1" 404 27 "-" "-"
40.113.19.56 - - [13/Jan/2026:18:40:29 +0800] "GET /blurbs18.php HTTP/1.1" 404 27 "-" "-"
40.113.19.56 - - [13/Jan/2026:18:40:29 +0800] "GET /radio.php HTTP/1.1" 404 27 "-" "-"
40.113.19.56 - - [13/Jan/2026:18:40:29 +0800] "GET /wp-good.php HTTP/1.1" 404 27 "-" "-"
40.113.19.56 - - [13/Jan/2026:18:40:29 +0800] "GET /bless14.php HTTP/1.1" 404 27 "-" "-"
40.113.19.56 - - [13/Jan/2026:18:40:30 +0800] "GET /ws13.php?p= HTTP/1.1" 404 27 "-" "-"
40.113.19.56 - - [13/Jan/2026:18:40:30 +0800] "GET /m.php HTTP/1.1" 404 27 "-" "-"
40.113.19.56 - - [13/Jan/2026:18:40:30 +0800] "GET /.well-known/gecko-litespeed.php HTTP/1.1" 404 27 "-" "-"
40.113.19.56 - - [13/Jan/2026:18:40:30 +0800] "GET /wp-admin/maint/about.php HTTP/1.1" 404 27 "-" "-"
40.113.19.56 - - [13/Jan/2026:18:40:31 +0800] "GET /wp-content/admin.php HTTP/1.1" 404 27 "-" "-"
40.113.19.56 - - [13/Jan/2026:18:40:31 +0800] "GET /wp-admin/setup-config.php HTTP/1.1" 409 2667 "-" "-"
40.113.19.56 - - [13/Jan/2026:18:40:31 +0800] "GET /Contrller.php HTTP/1.1" 404 27 "-" "-"
40.113.19.56 - - [13/Jan/2026:18:40:31 +0800] "GET /wp-includes/ID3/about.php?p= HTTP/1.1" 404 27 "-" "-"
40.113.19.56 - - [13/Jan/2026:18:40:32 +0800] "GET /.well-known/admin.php HTTP/1.1" 404 27 "-" "-"
40.113.19.56 - - [13/Jan/2026:18:40:32 +0800] "GET /wp-includes/customize/about.php HTTP/1.1" 404 27 "-" "-"
40.113.19.56 - - [13/Jan/2026:18:40:32 +0800] "GET /tx1.php?p= HTTP/1.1" 404 27 "-" "-"
40.113.19.56 - - [13/Jan/2026:18:40:32 +0800] "GET /wp-content/plugins/pwnd/as.php HTTP/1.1" 404 27 "-" "-"
40.113.19.56 - - [13/Jan/2026:18:40:33 +0800] "GET /zwso.php HTTP/1.1" 404 27 "-" "-"
40.113.19.56 - - [13/Jan/2026:18:40:33 +0800] "GET /wp-trackback.php HTTP/1.1" 404 140 "-" "-"
40.113.19.56 - - [13/Jan/2026:18:40:34 +0800] "GET /autoload_classmap.php HTTP/1.1" 404 27 "-" "-"
40.113.19.56 - - [13/Jan/2026:18:40:34 +0800] "GET /nns.php HTTP/1.1" 404 27 "-" "-"
40.113.19.56 - - [13/Jan/2026:18:40:34 +0800] "GET /wp-includes/Requests/Text/admin.php HTTP/1.1" 404 27 "-" "-"
40.113.19.56 - - [13/Jan/2026:18:40:34 +0800] "GET /lx.php HTTP/1.1" 404 27 "-" "-"
40.113.19.56 - - [13/Jan/2026:18:40:35 +0800] "GET /fw.php HTTP/1.1" 404 27 "-" "-"
40.113.19.56 - - [13/Jan/2026:18:40:35 +0800] "GET /bless.php HTTP/1.1" 404 27 "-" "-"
40.113.19.56 - - [13/Jan/2026:18:40:35 +0800] "GET /X7x.php HTTP/1.1" 404 27 "-" "-"
40.113.19.56 - - [13/Jan/2026:18:40:36 +0800] "GET /class20.php HTTP/1.1" 404 27 "-" "-"
40.113.19.56 - - [13/Jan/2026:18:40:36 +0800] "GET /lock360.php HTTP/1.1" 404 27 "-" "-"
40.113.19.56 - - [13/Jan/2026:18:40:36 +0800] "GET /moon.php?p= HTTP/1.1" 404 27 "-" "-"
40.113.19.56 - - [13/Jan/2026:18:40:36 +0800] "GET /themes.php HTTP/1.1" 404 27 "-" "-"
40.113.19.56 - - [13/Jan/2026:18:40:37 +0800] "GET /gifclass4.php HTTP/1.1" 404 27 "-" "-"
40.113.19.56 - - [13/Jan/2026:18:40:37 +0800] "GET /gorila.php HTTP/1.1" 404 27 "-" "-"
40.113.19.56 - - [13/Jan/2026:18:40:37 +0800] "GET /xvent.php HTTP/1.1" 404 27 "-" "-"
40.113.19.56 - - [13/Jan/2026:18:40:37 +0800] "GET /wp-aaa.php HTTP/1.1" 404 27 "-" "-"
40.113.19.56 - - [13/Jan/2026:18:40:38 +0800] "GET /ut.php HTTP/1.1" 404 27 "-" "-"
40.113.19.56 - - [13/Jan/2026:18:40:38 +0800] "GET /class19.php HTTP/1.1" 404 27 "-" "-"
40.113.19.56 - - [13/Jan/2026:18:40:38 +0800] "GET /0x.php HTTP/1.1" 404 27 "-" "-"
40.113.19.56 - - [13/Jan/2026:18:40:38 +0800] "GET /444.php HTTP/1.1" 404 27 "-" "-"
40.113.19.56 - - [13/Jan/2026:18:40:38 +0800] "GET /efile.php HTTP/1.1" 404 27 "-" "-"
40.113.19.56 - - [13/Jan/2026:18:40:39 +0800] "GET /mg.php HTTP/1.1" 404 27 "-" "-"
40.113.19.56 - - [13/Jan/2026:18:40:39 +0800] "GET /build.php HTTP/1.1" 404 27 "-" "-"
40.113.19.56 - - [13/Jan/2026:18:40:39 +0800] "GET /plss3.php HTTP/1.1" 404 27 "-" "-"
40.113.19.56 - - [13/Jan/2026:18:40:39 +0800] "GET /about3.php HTTP/1.1" 404 27 "-" "-"
40.113.19.56 - - [13/Jan/2026:18:40:40 +0800] "GET /atomlib.php HTTP/1.1" 404 27 "-" "-"
40.113.19.56 - - [13/Jan/2026:18:40:40 +0800] "GET /we.php HTTP/1.1" 404 27 "-" "-"
40.113.19.56 - - [13/Jan/2026:18:40:40 +0800] "GET /fe5.php HTTP/1.1" 404 27 "-" "-"
40.113.19.56 - - [13/Jan/2026:18:40:40 +0800] "GET /usep.php HTTP/1.1" 404 27 "-" "-"
40.113.19.56 - - [13/Jan/2026:18:40:41 +0800] "GET /nc4.php HTTP/1.1" 404 27 "-" "-"
40.113.19.56 - - [13/Jan/2026:18:40:41 +0800] "GET /cccc.php HTTP/1.1" 404 27 "-" "-"
40.113.19.56 - - [13/Jan/2026:18:40:41 +0800] "GET /locale.php HTTP/1.1" 404 27 "-" "-"
40.113.19.56 - - [13/Jan/2026:18:40:41 +0800] "GET /t.php HTTP/1.1" 404 27 "-" "-"
40.113.19.56 - - [13/Jan/2026:18:40:42 +0800] "GET /bp.php HTTP/1.1" 404 27 "-" "-"
40.113.19.56 - - [13/Jan/2026:18:40:43 +0800] "GET /wp-admin/user/about.php HTTP/1.1" 302 5 "-" "-"
40.113.19.56 - - [13/Jan/2026:18:40:43 +0800] "GET /wp-login.php?redirect_to=http%3A%2F%2Fwww.cqqizhou.com%2Fwp-admin%2Fuser%2Fabout.php&reauth=1 HTTP/1.1" 200 8690 "-" "-"
40.113.19.56 - - [13/Jan/2026:18:40:44 +0800] "GET /geck.php HTTP/1.1" 404 27 "-" "-"
40.113.19.56 - - [13/Jan/2026:18:40:44 +0800] "GET /wpc.php?p= HTTP/1.1" 404 27 "-" "-"
40.113.19.56 - - [13/Jan/2026:18:40:44 +0800] "GET /yellow.php HTTP/1.1" 404 27 "-" "-"
40.113.19.56 - - [13/Jan/2026:18:40:44 +0800] "GET /a.php HTTP/1.1" 404 27 "-" "-"
40.113.19.56 - - [13/Jan/2026:18:40:45 +0800] "GET /thh.php HTTP/1.1" 404 27 "-" "-"
40.113.19.56 - - [13/Jan/2026:18:40:45 +0800] "GET /inde.php HTTP/1.1" 404 27 "-" "-"
40.113.19.56 - - [13/Jan/2026:18:40:45 +0800] "GET /gv.php HTTP/1.1" 404 27 "-" "-"
40.113.19.56 - - [13/Jan/2026:18:40:45 +0800] "GET /admins.php HTTP/1.1" 404 27 "-" "-"
40.113.19.56 - - [13/Jan/2026:18:40:45 +0800] "GET /.wp-db.php HTTP/1.1" 404 27 "-" "-"
40.113.19.56 - - [13/Jan/2026:18:40:46 +0800] "GET /wp-configs.php HTTP/1.1" 404 27 "-" "-"
40.113.19.56 - - [13/Jan/2026:18:40:46 +0800] "GET //wp-content/wp-configs.php HTTP/1.1" 404 27 "-" "-"
40.113.19.56 - - [13/Jan/2026:18:40:46 +0800] "GET /wp.php HTTP/1.1" 404 27 "-" "-"
40.113.19.56 - - [13/Jan/2026:18:40:46 +0800] "GET /wp-includes/rest-api/fields/index.php HTTP/1.1" 404 27 "-" "-"
40.113.19.56 - - [13/Jan/2026:18:40:47 +0800] "GET /main.php HTTP/1.1" 404 27 "-" "-"
40.113.19.56 - - [13/Jan/2026:18:40:47 +0800] "GET /a1.php HTTP/1.1" 404 27 "-" "-"
40.113.19.56 - - [13/Jan/2026:18:40:47 +0800] "GET /ff2.php HTTP/1.1" 404 27 "-" "-"
40.113.19.56 - - [13/Jan/2026:18:40:47 +0800] "GET /dfre.php HTTP/1.1" 404 27 "-" "-"
40.113.19.56 - - [13/Jan/2026:18:40:48 +0800] "GET /class.1.php HTTP/1.1" 404 27 "-" "-"
40.113.19.56 - - [13/Jan/2026:18:40:48 +0800] "GET /lala.php HTTP/1.1" 404 27 "-" "-"
40.113.19.56 - - [13/Jan/2026:18:40:48 +0800] "GET /clawwww.php HTTP/1.1" 404 27 "-" "-"
40.113.19.56 - - [13/Jan/2026:18:40:48 +0800] "GET /tox.php HTTP/1.1" 404 27 "-" "-"
40.113.19.56 - - [13/Jan/2026:18:40:49 +0800] "GET /push.php HTTP/1.1" 404 27 "-" "-"
40.113.19.56 - - [13/Jan/2026:18:40:49 +0800] "GET /aa2.php HTTP/1.1" 404 27 "-" "-"
40.113.19.56 - - [13/Jan/2026:18:40:49 +0800] "GET /dot.php HTTP/1.1" 404 27 "-" "-"
36.133.115.36 - - [13/Jan/2026:18:41:06 +0800] "POST /wp-cron.php?doing_wp_cron=1768300866.6665339469909667968750 HTTP/1.1" 200 31 "-" "WordPress/6.8.3; http://cqqizhou.com"
36.133.115.36 - - [13/Jan/2026:18:41:07 +0800] "POST /wp-admin/admin-ajax.php?action=as_async_request_queue_runner&nonce=a35779049d HTTP/1.1" 499 0 "-" "WordPress/6.8.3; http://cqqizhou.com"
14.108.233.156 - - [13/Jan/2026:18:41:07 +0800] "POST /wp-admin/admin-ajax.php HTTP/1.1" 200 78 "http://cqqizhou.com/wp-admin/plugins.php?plugin_status=all&paged=1&s" "Mozilla/5.0 (Windows NT 10.0; Win64; x64) AppleWebKit/537.36 (KHTML, like Gecko) Chrome/143.0.0.0 Safari/537.36 Edg/143.0.0.0"
36.133.115.36 - - [13/Jan/2026:18:41:57 +0800] "POST /wp-cron.php?doing_wp_cron=1768300917.6183500289916992187500 HTTP/1.1" 200 31 "-" "WordPress/6.8.3; http://cqqizhou.com"
14.108.233.156 - - [13/Jan/2026:18:41:57 +0800] "POST /wp-admin/admin-ajax.php HTTP/1.1" 200 78 "http://cqqizhou.com/wp-admin/index.php" "Mozilla/5.0 (Windows NT 10.0; Win64; x64) AppleWebKit/537.36 (KHTML, like Gecko) Chrome/143.0.0.0 Safari/537.36 Edg/143.0.0.0"
