95.111.247.139 - - [13/Jan/2026:09:09:03 +0800] "GET /poly/config/000000000000.cfg HTTP/1.1" 404 8981 "-" "Mozilla/5.0 (Windows NT 10.0; Win64; x64) AppleWebKit/537.36"
36.133.115.36 - - [13/Jan/2026:09:13:47 +0800] "POST /wp-cron.php?doing_wp_cron=1768266827.6824030876159667968750 HTTP/1.1" 200 31 "-" "WordPress/6.8.3; http://cqqizhou.com"
43.157.181.189 - - [13/Jan/2026:09:13:47 +0800] "GET / HTTP/1.1" 301 5 "-" "Mozilla/5.0 (iPhone; CPU iPhone OS 13_2_3 like Mac OS X) AppleWebKit/605.1.15 (KHTML, like Gecko) Version/13.0.3 Mobile/15E148 Safari/604.1"
43.157.181.189 - - [13/Jan/2026:09:13:50 +0800] "GET / HTTP/1.1" 200 34603 "http://www.cqqizhou.com" "Mozilla/5.0 (iPhone; CPU iPhone OS 13_2_3 like Mac OS X) AppleWebKit/605.1.15 (KHTML, like Gecko) Version/13.0.3 Mobile/15E148 Safari/604.1"
123.57.13.121 - - [13/Jan/2026:09:19:51 +0800] "GET / HTTP/1.1" 200 40495 "-" "Mozilla/5.0 (Windows NT 10.0; Win64; x64) AppleWebKit/537.36 (KHTML, like Gecko) Chrome/104.0.0.0 Safari/537.36"
36.133.115.36 - - [13/Jan/2026:09:29:52 +0800] "POST /wp-cron.php?doing_wp_cron=1768267792.5557088851928710937500 HTTP/1.1" 200 31 "-" "WordPress/6.8.3; http://cqqizhou.com"
92.63.197.197 - - [13/Jan/2026:09:29:52 +0800] "GET / HTTP/1.1" 301 5 "-" "Mozilla/5.0 (X11; OpenBSD amd64; rv:28.0) Gecko/20100101 Firefox/28.0"
36.133.115.36 - - [13/Jan/2026:09:32:33 +0800] "POST /wp-cron.php?doing_wp_cron=1768267953.2289359569549560546875 HTTP/1.1" 200 31 "-" "WordPress/6.8.3; http://cqqizhou.com"
193.142.147.209 - - [13/Jan/2026:09:32:34 +0800] "POST / HTTP/1.1" 200 34605 "-" "Mozilla/5.0 (Windows NT 10.0; Win64; x64) AppleWebKit/537.36"
36.133.115.36 - - [13/Jan/2026:09:36:47 +0800] "POST /wp-cron.php?doing_wp_cron=1768268207.4250469207763671875000 HTTP/1.1" 200 31 "-" "WordPress/6.8.3; http://cqqizhou.com"
204.76.203.219 - - [13/Jan/2026:09:36:47 +0800] "GET / HTTP/1.1" 200 34604 "-" "Mozilla/5.0 (Windows NT 10.0; Win64; x64) AppleWebKit/537.36 (KHTML, like Gecko) Chrome/90.0.4430.85 Safari/537.36 Edg/90.0.818.46"
36.133.115.36 - - [13/Jan/2026:09:39:49 +0800] "POST /wp-cron.php?doing_wp_cron=1768268389.6134018898010253906250 HTTP/1.1" 200 31 "-" "WordPress/6.8.3; http://cqqizhou.com"
146.190.36.56 - - [13/Jan/2026:09:39:49 +0800] "GET / HTTP/1.1" 301 5 "-" "Mozilla/5.0 (X11; Linux x86_64) AppleWebKit/537.36 (KHTML, like Gecko) Chrome/142.0.0.0 Safari/537.36"
36.133.115.36 - - [13/Jan/2026:09:51:51 +0800] "POST /wp-cron.php?doing_wp_cron=1768269111.0234959125518798828125 HTTP/1.1" 200 31 "-" "WordPress/6.8.3; http://cqqizhou.com"
109.105.210.103 - - [13/Jan/2026:09:51:51 +0800] "GET / HTTP/1.1" 301 5 "-" "Mozilla/5.0 (Windows NT 10.0; Win64; x64) AppleWebKit/537.36 (KHTML, like Gecko) Chrome/60.0.3112.113 Safari/537.36"
109.105.210.104 - - [13/Jan/2026:09:51:52 +0800] "GET / HTTP/1.1" 200 40495 "http://36.133.115.36/" "Mozilla/5.0 (Windows NT 10.0; Win64; x64) AppleWebKit/537.36 (KHTML, like Gecko) Chrome/60.0.3112.113 Safari/537.36"
36.133.115.36 - - [13/Jan/2026:09:53:52 +0800] "POST /wp-cron.php?doing_wp_cron=1768269232.0109651088714599609375 HTTP/1.1" 200 31 "-" "WordPress/6.8.3; http://cqqizhou.com"
216.180.246.93 - - [13/Jan/2026:09:53:52 +0800] "GET / HTTP/1.0" 301 0 "-" "'Mozilla/5.0 (compatible; GenomeCrawlerd/1.0; +https://www.nokia.com/genomecrawler)'"
216.180.246.93 - - [13/Jan/2026:09:54:37 +0800] "GET / HTTP/1.1" 301 5 "-" "'Mozilla/5.0 (compatible; GenomeCrawlerd/1.0; +https://www.nokia.com/genomecrawler)'"
36.133.115.36 - - [13/Jan/2026:09:55:23 +0800] "POST /wp-cron.php?doing_wp_cron=1768269323.2130930423736572265625 HTTP/1.1" 200 31 "-" "WordPress/6.8.3; http://cqqizhou.com"
216.180.246.93 - - [13/Jan/2026:09:55:23 +0800] "GET /manage/account/login HTTP/1.1" 404 8981 "-" "'Mozilla/5.0 (compatible; GenomeCrawlerd/1.0; +https://www.nokia.com/genomecrawler)'"
36.133.115.36 - - [13/Jan/2026:09:55:46 +0800] "POST /wp-cron.php?doing_wp_cron=1768269346.1271610260009765625000 HTTP/1.1" 200 31 "-" "WordPress/6.8.3; http://cqqizhou.com"
216.180.246.93 - - [13/Jan/2026:09:55:46 +0800] "GET /admin/index.html HTTP/1.1" 404 8981 "-" "'Mozilla/5.0 (compatible; GenomeCrawlerd/1.0; +https://www.nokia.com/genomecrawler)'"
216.180.246.93 - - [13/Jan/2026:09:56:16 +0800] "GET /index.html HTTP/1.1" 200 8721 "-" "'Mozilla/5.0 (compatible; GenomeCrawlerd/1.0; +https://www.nokia.com/genomecrawler)'"
121.20.54.90 - - [13/Jan/2026:10:08:45 +0800] "GET http://cqqizhou.com/contacts/ HTTP/1.1" 200 18958 "-" "Mozilla/5.0 (Windows NT 10.0; Win64; x64) AppleWebKit/537.36 (KHTML, like Gecko) Chrome/136.0.0.0 Safari/537.36"
52.167.144.18 - - [13/Jan/2026:10:14:49 +0800] "GET /work-safety/ HTTP/1.1" 200 22588 "-" "Mozilla/5.0 AppleWebKit/537.36 (KHTML, like Gecko; compatible; bingbot/2.0; +http://www.bing.com/bingbot.htm) Chrome/116.0.1938.76 Safari/537.36"
36.133.115.36 - - [13/Jan/2026:10:16:03 +0800] "POST /wp-cron.php?doing_wp_cron=1768270563.7342851161956787109375 HTTP/1.1" 200 31 "-" "WordPress/6.8.3; http://cqqizhou.com"
95.111.247.139 - - [13/Jan/2026:10:16:03 +0800] "GET /p/polycom/000000000000.cfg HTTP/1.1" 404 8981 "-" "Mozilla/5.0 (Windows NT 10.0; Win64; x64) AppleWebKit/537.36"
54.37.252.212 - - [13/Jan/2026:10:16:04 +0800] "GET /robots.txt HTTP/1.1" 200 390 "-" "Mozilla/5.0 (compatible; MJ12bot/v1.4.8; http://mj12bot.com/)"
54.37.252.212 - - [13/Jan/2026:10:16:06 +0800] "GET /portfolio/%E5%86%B7%E8%BD%A7%E5%8D%B7/ HTTP/1.1" 200 22111 "-" "Mozilla/5.0 (compatible; MJ12bot/v1.4.8; http://mj12bot.com/)"
36.133.115.36 - - [13/Jan/2026:10:25:03 +0800] "POST /wp-cron.php?doing_wp_cron=1768271103.6297779083251953125000 HTTP/1.1" 200 31 "-" "WordPress/6.8.3; http://cqqizhou.com"
121.29.51.28 - - [13/Jan/2026:10:25:03 +0800] "GET / HTTP/1.1" 200 34605 "-" "Dalvik/2.1.0 (Linux; U; Android 9.0; ZTE BA520 Build/MRA58K)"
36.133.115.36 - - [13/Jan/2026:10:28:48 +0800] "POST /wp-cron.php?doing_wp_cron=1768271328.3625299930572509765625 HTTP/1.1" 200 31 "-" "WordPress/6.8.3; http://cqqizhou.com"
152.32.198.210 - - [13/Jan/2026:10:28:48 +0800] "GET / HTTP/1.1" 301 5 "-" "Mozilla/5.0 (Macintosh; Intel Mac OS X 10_15_7) AppleWebKit/537.36 (KHTML, like Gecko) Chrome/120.0.0.0 Safari/537.36 Edg/120.0.0.0"
8.219.101.177 - - [13/Jan/2026:10:28:56 +0800] "GET / HTTP/1.1" 301 5 "-" "Mozilla/5.0 (Windows NT 10.0; Win64; x64) AppleWebKit/537.36 (KHTML, like Gecko) Chrome/81.0.4044.122 Safari/537.36"
8.219.101.177 - - [13/Jan/2026:10:28:57 +0800] "GET / HTTP/1.1" 200 40495 "-" "Mozilla/5.0 (Windows NT 10.0; Win64; x64) AppleWebKit/537.36 (KHTML, like Gecko) Chrome/81.0.4044.122 Safari/537.36"
204.76.203.219 - - [13/Jan/2026:10:29:02 +0800] "GET / HTTP/1.1" 200 34605 "-" "Mozilla/5.0 (Windows NT 10.0; Win64; x64) AppleWebKit/537.36 (KHTML, like Gecko) Chrome/90.0.4430.85 Safari/537.36 Edg/90.0.818.46"
152.32.198.210 - - [13/Jan/2026:10:29:08 +0800] "GET /robots.txt HTTP/1.1" 200 190 "-" "Mozilla/5.0 (Macintosh; Intel Mac OS X 10_7_0) AppleWebKit/535.11 (KHTML, like Gecko) Chrome/17.0.963.56 Safari/535.11"
152.32.198.210 - - [13/Jan/2026:10:29:09 +0800] "GET /sitemap.xml HTTP/1.1" 200 491 "-" "Mozilla/5.0 (Macintosh; Intel Mac OS X 10_7_0) AppleWebKit/535.11 (KHTML, like Gecko) Chrome/17.0.963.56 Safari/535.11"
185.39.19.48 - - [13/Jan/2026:10:29:40 +0800] "GET / HTTP/1.0" 200 170723 "http://cqqizhou.com/" "Mozilla/5.0 (Windows NT 10.0; Win64; x64) AppleWebKit/537.36 (KHTML, like Gecko) Chrome/130.0.0.0 Safari/537.36 CCleaner/130.0.0.0"
185.39.19.48 - - [13/Jan/2026:10:29:41 +0800] "GET /contacts/ HTTP/1.0" 200 72480 "http://cqqizhou.com/contacts/" "Mozilla/5.0 (Windows NT 10.0; Win64; x64) AppleWebKit/537.36 (KHTML, like Gecko) Chrome/130.0.0.0 Safari/537.36 CCleaner/130.0.0.0"
185.39.19.48 - - [13/Jan/2026:10:29:44 +0800] "POST /contacts/ HTTP/1.0" 200 71330 "http://cqqizhou.com/contacts/" "Mozilla/5.0 (Windows NT 10.0; Win64; x64) AppleWebKit/537.36 (KHTML, like Gecko) Chrome/130.0.0.0 Safari/537.36 CCleaner/130.0.0.0"
36.133.115.36 - - [13/Jan/2026:10:40:47 +0800] "POST /wp-cron.php?doing_wp_cron=1768272047.3070340156555175781250 HTTP/1.1" 200 31 "-" "WordPress/6.8.3; http://cqqizhou.com"
5.9.120.8 - - [13/Jan/2026:10:40:47 +0800] "GET /robots.txt HTTP/1.1" 200 190 "-" "Mozilla/5.0 (compatible; SERankingBacklinksBot/1.0; +https://seranking.com/backlinks-crawler)"
5.9.120.8 - - [13/Jan/2026:10:40:47 +0800] "GET / HTTP/1.1" 200 40495 "-" "Mozilla/5.0 (compatible; SERankingBacklinksBot/1.0; +https://seranking.com/backlinks-crawler)"
36.133.115.36 - - [13/Jan/2026:10:43:24 +0800] "POST /wp-cron.php?doing_wp_cron=1768272204.4473679065704345703125 HTTP/1.1" 200 31 "-" "WordPress/6.8.3; http://cqqizhou.com"
54.177.175.237 - - [13/Jan/2026:10:43:24 +0800] "GET / HTTP/1.1" 301 5 "-" "Mozilla/5.0 (Macintosh; Intel Mac OS X 10_11_5) AppleWebKit/537.36 (KHTML, like Gecko) Chrome/50.0.2661.102 Safari/537.36"
36.133.115.36 - - [13/Jan/2026:11:16:47 +0800] "POST /wp-cron.php?doing_wp_cron=1768274207.1576559543609619140625 HTTP/1.1" 200 31 "-" "WordPress/6.8.3; http://cqqizhou.com"
204.76.203.18 - - [13/Jan/2026:11:16:48 +0800] "GET / HTTP/1.1" 200 109837 "-" "-"
204.76.203.18 - - [13/Jan/2026:11:16:49 +0800] "GET / HTTP/1.1" 200 109837 "-" "-"
204.76.203.18 - - [13/Jan/2026:11:16:51 +0800] "GET / HTTP/1.1" 200 109837 "-" "-"
204.76.203.18 - - [13/Jan/2026:11:16:58 +0800] "GET / HTTP/1.1" 200 109837 "-" "-"
36.133.115.36 - - [13/Jan/2026:11:18:20 +0800] "POST /wp-cron.php?doing_wp_cron=1768274300.8553879261016845703125 HTTP/1.1" 200 31 "-" "WordPress/6.8.3; http://cqqizhou.com"
43.153.135.208 - - [13/Jan/2026:11:18:20 +0800] "GET / HTTP/1.1" 301 5 "-" "Mozilla/5.0 (iPhone; CPU iPhone OS 13_2_3 like Mac OS X) AppleWebKit/605.1.15 (KHTML, like Gecko) Version/13.0.3 Mobile/15E148 Safari/604.1"
43.153.135.208 - - [13/Jan/2026:11:18:22 +0800] "GET / HTTP/1.1" 200 34605 "http://36.133.115.36" "Mozilla/5.0 (iPhone; CPU iPhone OS 13_2_3 like Mac OS X) AppleWebKit/605.1.15 (KHTML, like Gecko) Version/13.0.3 Mobile/15E148 Safari/604.1"
36.133.115.36 - - [13/Jan/2026:11:23:36 +0800] "POST /wp-cron.php?doing_wp_cron=1768274616.8202021121978759765625 HTTP/1.1" 200 31 "-" "WordPress/6.8.3; http://cqqizhou.com"
204.76.203.219 - - [13/Jan/2026:11:23:37 +0800] "GET / HTTP/1.1" 200 34604 "-" "Mozilla/5.0 (Windows NT 10.0; Win64; x64) AppleWebKit/537.36 (KHTML, like Gecko) Chrome/90.0.4430.85 Safari/537.36 Edg/90.0.818.46"
36.133.115.36 - - [13/Jan/2026:11:25:07 +0800] "POST /wp-cron.php?doing_wp_cron=1768274707.7347459793090820312500 HTTP/1.1" 200 31 "-" "WordPress/6.8.3; http://cqqizhou.com"
95.111.247.139 - - [13/Jan/2026:11:25:07 +0800] "GET /p/poly/000000000000.cfg HTTP/1.1" 404 8981 "-" "Mozilla/5.0 (Windows NT 10.0; Win64; x64) AppleWebKit/537.36"
14.108.233.156 - - [13/Jan/2026:11:29:03 +0800] "GET / HTTP/1.1" 200 40495 "-" "Mozilla/5.0 (Windows NT 10.0; Win64; x64) AppleWebKit/537.36 (KHTML, like Gecko) Chrome/143.0.0.0 Safari/537.36 Edg/143.0.0.0"
14.108.233.156 - - [13/Jan/2026:11:29:03 +0800] "GET /wp-content/uploads/2025/07/1751425283-qizhou.kf_.qq_.com_.webp HTTP/1.1" 200 16864 "http://cqqizhou.com/" "Mozilla/5.0 (Windows NT 10.0; Win64; x64) AppleWebKit/537.36 (KHTML, like Gecko) Chrome/143.0.0.0 Safari/537.36 Edg/143.0.0.0"
14.108.233.156 - - [13/Jan/2026:11:29:05 +0800] "GET /wp-content/uploads/2025/12/1765268955-qizhou_Slider1_3840%C3%972160_20251210-scaled.webp HTTP/1.1" 200 152162 "http://cqqizhou.com/" "Mozilla/5.0 (Windows NT 10.0; Win64; x64) AppleWebKit/537.36 (KHTML, like Gecko) Chrome/143.0.0.0 Safari/537.36 Edg/143.0.0.0"
14.108.233.156 - - [13/Jan/2026:11:29:05 +0800] "GET /wp-content/uploads/2025/07/1753453127-%E4%BD%99%E5%8D%B7product_Single600%C3%97284.webp HTTP/1.1" 200 18744 "http://cqqizhou.com/" "Mozilla/5.0 (Windows NT 10.0; Win64; x64) AppleWebKit/537.36 (KHTML, like Gecko) Chrome/143.0.0.0 Safari/537.36 Edg/143.0.0.0"
14.108.233.156 - - [13/Jan/2026:11:29:05 +0800] "GET /wp-content/uploads/2025/07/1753453096-%E5%8F%8C%E7%9B%B8%E9%92%A2product_Single600%C3%97284.webp HTTP/1.1" 200 14562 "http://cqqizhou.com/" "Mozilla/5.0 (Windows NT 10.0; Win64; x64) AppleWebKit/537.36 (KHTML, like Gecko) Chrome/143.0.0.0 Safari/537.36 Edg/143.0.0.0"
14.108.233.156 - - [13/Jan/2026:11:29:05 +0800] "GET /wp-content/uploads/2025/07/1753456770-%E7%83%AD%E9%95%80%E9%94%8C%E5%8D%B7product_Single600.webp HTTP/1.1" 200 27502 "http://cqqizhou.com/" "Mozilla/5.0 (Windows NT 10.0; Win64; x64) AppleWebKit/537.36 (KHTML, like Gecko) Chrome/143.0.0.0 Safari/537.36 Edg/143.0.0.0"
14.108.233.156 - - [13/Jan/2026:11:29:05 +0800] "GET /wp-content/uploads/2025/07/1753456723-%E5%8F%8C%E7%9B%B8%E9%92%A2roduct_Single600.webp HTTP/1.1" 200 22790 "http://cqqizhou.com/" "Mozilla/5.0 (Windows NT 10.0; Win64; x64) AppleWebKit/537.36 (KHTML, like Gecko) Chrome/143.0.0.0 Safari/537.36 Edg/143.0.0.0"
14.108.233.156 - - [13/Jan/2026:11:29:05 +0800] "GET /wp-content/uploads/revslider/slider-1/1750861156-logistics_Slider_3840%C3%972160_20250625191356-scaled-50x100.webp HTTP/1.1" 200 1416 "http://cqqizhou.com/" "Mozilla/5.0 (Windows NT 10.0; Win64; x64) AppleWebKit/537.36 (KHTML, like Gecko) Chrome/143.0.0.0 Safari/537.36 Edg/143.0.0.0"
14.108.233.156 - - [13/Jan/2026:11:29:05 +0800] "GET /wp-content/uploads/2025/12/1765265398-qizhou_Slider_3840%C3%972160_20251209-scaled-50x100.webp HTTP/1.1" 200 2166 "http://cqqizhou.com/" "Mozilla/5.0 (Windows NT 10.0; Win64; x64) AppleWebKit/537.36 (KHTML, like Gecko) Chrome/143.0.0.0 Safari/537.36 Edg/143.0.0.0"
36.133.115.36 - - [13/Jan/2026:11:29:06 +0800] "POST /wp-cron.php?doing_wp_cron=1768274946.0094060897827148437500 HTTP/1.1" 200 31 "-" "WordPress/6.8.3; http://cqqizhou.com"
14.108.233.156 - - [13/Jan/2026:11:29:06 +0800] "GET /wp-json/sliderrevolution/sliders/1?srengine=7&slideid=3 HTTP/1.1" 200 2286 "http://cqqizhou.com/" "Mozilla/5.0 (Windows NT 10.0; Win64; x64) AppleWebKit/537.36 (KHTML, like Gecko) Chrome/143.0.0.0 Safari/537.36 Edg/143.0.0.0"
14.108.233.156 - - [13/Jan/2026:11:29:06 +0800] "GET /wp-json/sliderrevolution/sliders/1?srengine=7&slideid=2 HTTP/1.1" 200 2058 "http://cqqizhou.com/" "Mozilla/5.0 (Windows NT 10.0; Win64; x64) AppleWebKit/537.36 (KHTML, like Gecko) Chrome/143.0.0.0 Safari/537.36 Edg/143.0.0.0"
14.108.233.156 - - [13/Jan/2026:11:29:06 +0800] "GET /wp-content/uploads/2025/12/1765265398-qizhou_Slider_3840%C3%972160_20251209-scaled.webp HTTP/1.1" 200 175208 "http://cqqizhou.com/" "Mozilla/5.0 (Windows NT 10.0; Win64; x64) AppleWebKit/537.36 (KHTML, like Gecko) Chrome/143.0.0.0 Safari/537.36 Edg/143.0.0.0"
14.108.233.156 - - [13/Jan/2026:11:29:06 +0800] "GET /wp-content/uploads/revslider/slider-1/1750861156-logistics_Slider_3840%C3%972160_20250625191356-scaled.webp HTTP/1.1" 200 197360 "http://cqqizhou.com/" "Mozilla/5.0 (Windows NT 10.0; Win64; x64) AppleWebKit/537.36 (KHTML, like Gecko) Chrome/143.0.0.0 Safari/537.36 Edg/143.0.0.0"
14.108.233.156 - - [13/Jan/2026:11:29:07 +0800] "GET /wp-content/uploads/2025/12/1765268955-qizhou_Slider1_3840%C3%972160_20251210-scaled-50x100.webp HTTP/1.1" 200 1812 "http://cqqizhou.com/" "Mozilla/5.0 (Windows NT 10.0; Win64; x64) AppleWebKit/537.36 (KHTML, like Gecko) Chrome/143.0.0.0 Safari/537.36 Edg/143.0.0.0"
36.133.115.36 - - [13/Jan/2026:11:29:53 +0800] "POST /wp-cron.php?doing_wp_cron=1768274993.0992090702056884765625 HTTP/1.1" 200 31 "-" "WordPress/6.8.3; http://cqqizhou.com"
14.108.233.156 - - [13/Jan/2026:11:29:53 +0800] "GET /wp-json/sliderrevolution/sliders/1?srengine=7&slideid=3 HTTP/1.1" 200 2286 "http://cqqizhou.com/" "Mozilla/5.0 (Windows NT 10.0; Win64; x64) AppleWebKit/537.36 (KHTML, like Gecko) Chrome/143.0.0.0 Safari/537.36 Edg/143.0.0.0"
14.108.233.156 - - [13/Jan/2026:11:29:53 +0800] "GET /wp-json/sliderrevolution/sliders/1?srengine=7&slideid=2 HTTP/1.1" 200 2058 "http://cqqizhou.com/" "Mozilla/5.0 (Windows NT 10.0; Win64; x64) AppleWebKit/537.36 (KHTML, like Gecko) Chrome/143.0.0.0 Safari/537.36 Edg/143.0.0.0"
14.108.233.156 - - [13/Jan/2026:11:29:57 +0800] "GET /logistics/ HTTP/1.1" 200 30559 "http://cqqizhou.com/" "Mozilla/5.0 (Windows NT 10.0; Win64; x64) AppleWebKit/537.36 (KHTML, like Gecko) Chrome/143.0.0.0 Safari/537.36 Edg/143.0.0.0"
14.108.233.156 - - [13/Jan/2026:11:29:57 +0800] "GET /wp-content/uploads/2026/01/1767696162-qizhoutruck3.webp HTTP/1.1" 200 19026 "http://cqqizhou.com/logistics/" "Mozilla/5.0 (Windows NT 10.0; Win64; x64) AppleWebKit/537.36 (KHTML, like Gecko) Chrome/143.0.0.0 Safari/537.36 Edg/143.0.0.0"
14.108.233.156 - - [13/Jan/2026:11:29:57 +0800] "GET /wp-content/uploads/logistics/Conatiner-5.webp HTTP/1.1" 200 63396 "http://cqqizhou.com/logistics/" "Mozilla/5.0 (Windows NT 10.0; Win64; x64) AppleWebKit/537.36 (KHTML, like Gecko) Chrome/143.0.0.0 Safari/537.36 Edg/143.0.0.0"
14.108.233.156 - - [13/Jan/2026:11:29:57 +0800] "GET /wp-content/uploads/2025/11/1762864381-QZ_Photo-7.webp HTTP/1.1" 200 129922 "http://cqqizhou.com/logistics/" "Mozilla/5.0 (Windows NT 10.0; Win64; x64) AppleWebKit/537.36 (KHTML, like Gecko) Chrome/143.0.0.0 Safari/537.36 Edg/143.0.0.0"
14.108.233.156 - - [13/Jan/2026:11:29:57 +0800] "GET /wp-content/uploads/2026/01/1767696142-aojiaqiao20260104.webp HTTP/1.1" 200 184988 "http://cqqizhou.com/wp-content/uploads/elementor/css/post-1959.css?ver=1768244145" "Mozilla/5.0 (Windows NT 10.0; Win64; x64) AppleWebKit/537.36 (KHTML, like Gecko) Chrome/143.0.0.0 Safari/537.36 Edg/143.0.0.0"
14.108.233.156 - - [13/Jan/2026:11:29:58 +0800] "GET /wp-json/contact-form-7/v1/contact-forms/1444/feedback/schema HTTP/1.1" 200 270 "http://cqqizhou.com/logistics/" "Mozilla/5.0 (Windows NT 10.0; Win64; x64) AppleWebKit/537.36 (KHTML, like Gecko) Chrome/143.0.0.0 Safari/537.36 Edg/143.0.0.0"
14.108.233.156 - - [13/Jan/2026:11:29:59 +0800] "GET /wp-json/contact-form-7/v1/contact-forms/1444/refill HTTP/1.1" 200 33 "http://cqqizhou.com/logistics/" "Mozilla/5.0 (Windows NT 10.0; Win64; x64) AppleWebKit/537.36 (KHTML, like Gecko) Chrome/143.0.0.0 Safari/537.36 Edg/143.0.0.0"
14.108.233.156 - - [13/Jan/2026:11:30:09 +0800] "GET /wp-content/uploads/2026/01/1767534396-17.5%E7%B1%B3%E5%B9%B3%E6%9D%BF%E8%B4%A7%E8%BD%A6.webp HTTP/1.1" 200 118248 "http://cqqizhou.com/logistics/" "Mozilla/5.0 (Windows NT 10.0; Win64; x64) AppleWebKit/537.36 (KHTML, like Gecko) Chrome/143.0.0.0 Safari/537.36 Edg/143.0.0.0"
14.108.233.156 - - [13/Jan/2026:11:30:09 +0800] "GET /wp-content/uploads/2026/01/1767534398-6.8%E7%B1%B3%E9%AB%98%E6%A0%8F%E8%B4%A7%E8%BD%A6.webp HTTP/1.1" 200 113794 "http://cqqizhou.com/logistics/" "Mozilla/5.0 (Windows NT 10.0; Win64; x64) AppleWebKit/537.36 (KHTML, like Gecko) Chrome/143.0.0.0 Safari/537.36 Edg/143.0.0.0"
14.108.233.156 - - [13/Jan/2026:11:30:09 +0800] "GET /wp-content/uploads/2026/01/1767534397-4.2%E7%B1%B3%E4%BD%8E%E6%A0%8F%E8%B4%A7%E8%BD%A6.webp HTTP/1.1" 200 91652 "http://cqqizhou.com/logistics/" "Mozilla/5.0 (Windows NT 10.0; Win64; x64) AppleWebKit/537.36 (KHTML, like Gecko) Chrome/143.0.0.0 Safari/537.36 Edg/143.0.0.0"
14.108.233.156 - - [13/Jan/2026:11:30:18 +0800] "GET /wp-content/uploads/2026/01/1767618076-Logistics_BG2508.webp HTTP/1.1" 200 94788 "http://cqqizhou.com/wp-content/uploads/elementor/css/post-1959.css?ver=1768244145" "Mozilla/5.0 (Windows NT 10.0; Win64; x64) AppleWebKit/537.36 (KHTML, like Gecko) Chrome/143.0.0.0 Safari/537.36 Edg/143.0.0.0"
36.133.115.36 - - [13/Jan/2026:11:30:47 +0800] "POST /wp-cron.php?doing_wp_cron=1768275047.5722579956054687500000 HTTP/1.1" 200 31 "-" "WordPress/6.8.3; http://cqqizhou.com"
14.108.233.156 - - [13/Jan/2026:11:30:47 +0800] "GET /wp-json/sliderrevolution/sliders/1?srengine=7&slideid=3 HTTP/1.1" 200 2286 "http://cqqizhou.com/" "Mozilla/5.0 (Windows NT 10.0; Win64; x64) AppleWebKit/537.36 (KHTML, like Gecko) Chrome/143.0.0.0 Safari/537.36 Edg/143.0.0.0"
14.108.233.156 - - [13/Jan/2026:11:30:47 +0800] "GET /wp-json/sliderrevolution/sliders/1?srengine=7&slideid=2 HTTP/1.1" 200 2058 "http://cqqizhou.com/" "Mozilla/5.0 (Windows NT 10.0; Win64; x64) AppleWebKit/537.36 (KHTML, like Gecko) Chrome/143.0.0.0 Safari/537.36 Edg/143.0.0.0"
36.133.115.36 - - [13/Jan/2026:11:37:55 +0800] "POST /wp-cron.php?doing_wp_cron=1768275475.9579460620880126953125 HTTP/1.1" 200 31 "-" "WordPress/6.8.3; http://cqqizhou.com"
111.225.149.55 - - [13/Jan/2026:11:37:56 +0800] "GET /robots.txt HTTP/1.1" 200 190 "-" "Mozilla/5.0 (Linux; Android 5.0) AppleWebKit/537.36 (KHTML, like Gecko) Mobile Safari/537.36 (compatible; Bytespider; https://zhanzhang.toutiao.com/)"
36.133.115.36 - - [13/Jan/2026:11:45:53 +0800] "POST /wp-cron.php?doing_wp_cron=1768275953.3427700996398925781250 HTTP/1.1" 200 31 "-" "WordPress/6.8.3; http://cqqizhou.com"
14.108.233.156 - - [13/Jan/2026:11:45:53 +0800] "GET /wp-admin/ HTTP/1.1" 302 5 "-" "Mozilla/5.0 (Windows NT 10.0; Win64; x64) AppleWebKit/537.36 (KHTML, like Gecko) Chrome/143.0.0.0 Safari/537.36 Edg/143.0.0.0"
14.108.233.156 - - [13/Jan/2026:11:45:54 +0800] "GET /wp-login.php?redirect_to=http%3A%2F%2Fcqqizhou.com%2Fwp-admin%2F&reauth=1 HTTP/1.1" 200 2774 "-" "Mozilla/5.0 (Windows NT 10.0; Win64; x64) AppleWebKit/537.36 (KHTML, like Gecko) Chrome/143.0.0.0 Safari/537.36 Edg/143.0.0.0"
14.108.233.156 - - [13/Jan/2026:11:45:57 +0800] "POST /wp-login.php HTTP/1.1" 302 5 "http://cqqizhou.com/wp-login.php?redirect_to=http%3A%2F%2Fcqqizhou.com%2Fwp-admin%2F&reauth=1" "Mozilla/5.0 (Windows NT 10.0; Win64; x64) AppleWebKit/537.36 (KHTML, like Gecko) Chrome/143.0.0.0 Safari/537.36 Edg/143.0.0.0"
14.108.233.156 - - [13/Jan/2026:11:46:02 +0800] "GET /wp-admin/ HTTP/1.1" 200 60958 "http://cqqizhou.com/wp-login.php?redirect_to=http%3A%2F%2Fcqqizhou.com%2Fwp-admin%2F&reauth=1" "Mozilla/5.0 (Windows NT 10.0; Win64; x64) AppleWebKit/537.36 (KHTML, like Gecko) Chrome/143.0.0.0 Safari/537.36 Edg/143.0.0.0"
14.108.233.156 - - [13/Jan/2026:11:46:02 +0800] "GET /wp-admin/load-styles.php?c=0&dir=ltr&load%5Bchunk_0%5D=dashicons,admin-bar,site-health,common,forms,admin-menu,dashboard,list-tables,edit,revisions,media,themes,about,nav-menus,wp-poi&load%5Bchunk_1%5D=nter,widgets,site-icon,l10n,buttons,media-views,wp-color-picker,editor-buttons,wp-auth-check&ver=6.8.3 HTTP/1.1" 200 115557 "http://cqqizhou.com/wp-admin/" "Mozilla/5.0 (Windows NT 10.0; Win64; x64) AppleWebKit/537.36 (KHTML, like Gecko) Chrome/143.0.0.0 Safari/537.36 Edg/143.0.0.0"
14.108.233.156 - - [13/Jan/2026:11:46:02 +0800] "GET /wp-admin/load-scripts.php?c=0&load%5Bchunk_0%5D=jquery-core,jquery-migrate,utils,wp-dom-ready,wp-hooks&ver=6.8.3 HTTP/1.1" 200 36655 "http://cqqizhou.com/wp-admin/" "Mozilla/5.0 (Windows NT 10.0; Win64; x64) AppleWebKit/537.36 (KHTML, like Gecko) Chrome/143.0.0.0 Safari/537.36 Edg/143.0.0.0"
14.108.233.156 - - [13/Jan/2026:11:46:02 +0800] "GET /wp-admin/load-scripts.php?c=0&load%5Bchunk_0%5D=hoverIntent&ver=6.8.3 HTTP/1.1" 200 719 "http://cqqizhou.com/wp-admin/" "Mozilla/5.0 (Windows NT 10.0; Win64; x64) AppleWebKit/537.36 (KHTML, like Gecko) Chrome/143.0.0.0 Safari/537.36 Edg/143.0.0.0"
14.108.233.156 - - [13/Jan/2026:11:46:10 +0800] "GET /wp-admin/?elementor_updater=continue&_wpnonce=1cfdd79063 HTTP/1.1" 302 5 "http://cqqizhou.com/wp-admin/" "Mozilla/5.0 (Windows NT 10.0; Win64; x64) AppleWebKit/537.36 (KHTML, like Gecko) Chrome/143.0.0.0 Safari/537.36 Edg/143.0.0.0"
14.108.233.156 - - [13/Jan/2026:11:46:12 +0800] "GET /wp-admin/ HTTP/1.1" 200 60844 "http://cqqizhou.com/wp-admin/" "Mozilla/5.0 (Windows NT 10.0; Win64; x64) AppleWebKit/537.36 (KHTML, like Gecko) Chrome/143.0.0.0 Safari/537.36 Edg/143.0.0.0"
14.108.233.156 - - [13/Jan/2026:11:46:30 +0800] "GET /wp-admin/admin.php?page=revslider HTTP/1.1" 200 155909 "http://cqqizhou.com/wp-admin/" "Mozilla/5.0 (Windows NT 10.0; Win64; x64) AppleWebKit/537.36 (KHTML, like Gecko) Chrome/143.0.0.0 Safari/537.36 Edg/143.0.0.0"
14.108.233.156 - - [13/Jan/2026:11:46:30 +0800] "GET /wp-admin/load-scripts.php?c=0&load%5Bchunk_0%5D=jquery-core,jquery-migrate,utils,wp-hooks&ver=6.8.3 HTTP/1.1" 200 36523 "http://cqqizhou.com/wp-admin/admin.php?page=revslider" "Mozilla/5.0 (Windows NT 10.0; Win64; x64) AppleWebKit/537.36 (KHTML, like Gecko) Chrome/143.0.0.0 Safari/537.36 Edg/143.0.0.0"
14.108.233.156 - - [13/Jan/2026:11:46:30 +0800] "GET /wp-admin/load-styles.php?c=0&dir=ltr&load%5Bchunk_0%5D=dashicons,admin-bar,common,forms,admin-menu,dashboard,list-tables,edit,revisions,media,themes,about,nav-menus,wp-pointer,widgets&load%5Bchunk_1%5D=,site-icon,l10n,buttons,wp-auth-check,wp-jquery-ui-dialog,wp-color-picker,media-views&ver=6.8.3 HTTP/1.1" 200 110038 "http://cqqizhou.com/wp-admin/admin.php?page=revslider" "Mozilla/5.0 (Windows NT 10.0; Win64; x64) AppleWebKit/537.36 (KHTML, like Gecko) Chrome/143.0.0.0 Safari/537.36 Edg/143.0.0.0"
14.108.233.156 - - [13/Jan/2026:11:46:31 +0800] "GET /wp-admin/load-scripts.php?c=0&load%5Bchunk_0%5D=hoverIntent,wp-dom-ready&ver=6.8.3 HTTP/1.1" 200 944 "http://cqqizhou.com/wp-admin/admin.php?page=revslider" "Mozilla/5.0 (Windows NT 10.0; Win64; x64) AppleWebKit/537.36 (KHTML, like Gecko) Chrome/143.0.0.0 Safari/537.36 Edg/143.0.0.0"
14.108.233.156 - - [13/Jan/2026:11:46:49 +0800] "GET /wp-content/uploads/2026/01/1767691466-Article_images_W900%C3%97500px202601061.webp HTTP/1.1" 200 56014 "http://cqqizhou.com/" "Mozilla/5.0 (Windows NT 10.0; Win64; x64) AppleWebKit/537.36 (KHTML, like Gecko) Chrome/143.0.0.0 Safari/537.36 Edg/143.0.0.0"
14.108.233.156 - - [13/Jan/2026:11:46:49 +0800] "GET /wp-content/uploads/2025/12/1766647832-Article_images_W900%C3%97500px20251225.webp HTTP/1.1" 200 44582 "http://cqqizhou.com/" "Mozilla/5.0 (Windows NT 10.0; Win64; x64) AppleWebKit/537.36 (KHTML, like Gecko) Chrome/143.0.0.0 Safari/537.36 Edg/143.0.0.0"
14.108.233.156 - - [13/Jan/2026:11:46:49 +0800] "GET /wp-content/uploads/2025/12/1766064629-Article_images_20251218212623.webp HTTP/1.1" 200 20366 "http://cqqizhou.com/" "Mozilla/5.0 (Windows NT 10.0; Win64; x64) AppleWebKit/537.36 (KHTML, like Gecko) Chrome/143.0.0.0 Safari/537.36 Edg/143.0.0.0"
14.108.233.156 - - [13/Jan/2026:11:46:49 +0800] "GET /wp-content/uploads/2025/12/1765891153-Article20251216211543.webp HTTP/1.1" 200 43108 "http://cqqizhou.com/" "Mozilla/5.0 (Windows NT 10.0; Win64; x64) AppleWebKit/537.36 (KHTML, like Gecko) Chrome/143.0.0.0 Safari/537.36 Edg/143.0.0.0"
36.133.115.36 - - [13/Jan/2026:11:46:51 +0800] "POST /wp-cron.php?doing_wp_cron=1768276011.0256431102752685546875 HTTP/1.1" 200 31 "-" "WordPress/6.8.3; http://cqqizhou.com"
14.108.233.156 - - [13/Jan/2026:11:46:51 +0800] "GET /wp-json/sliderrevolution/sliders/1?srengine=7&slideid=2 HTTP/1.1" 200 2058 "http://cqqizhou.com/" "Mozilla/5.0 (Windows NT 10.0; Win64; x64) AppleWebKit/537.36 (KHTML, like Gecko) Chrome/143.0.0.0 Safari/537.36 Edg/143.0.0.0"
14.108.233.156 - - [13/Jan/2026:11:46:51 +0800] "GET /wp-json/sliderrevolution/sliders/1?srengine=7&slideid=3 HTTP/1.1" 200 2286 "http://cqqizhou.com/" "Mozilla/5.0 (Windows NT 10.0; Win64; x64) AppleWebKit/537.36 (KHTML, like Gecko) Chrome/143.0.0.0 Safari/537.36 Edg/143.0.0.0"
14.108.233.156 - - [13/Jan/2026:11:46:52 +0800] "GET /wp-json/contact-form-7/v1/contact-forms/1444/feedback/schema HTTP/1.1" 200 270 "http://cqqizhou.com/logistics/" "Mozilla/5.0 (Windows NT 10.0; Win64; x64) AppleWebKit/537.36 (KHTML, like Gecko) Chrome/143.0.0.0 Safari/537.36 Edg/143.0.0.0"
14.108.233.156 - - [13/Jan/2026:11:46:52 +0800] "GET /wp-json/contact-form-7/v1/contact-forms/1444/refill HTTP/1.1" 200 33 "http://cqqizhou.com/logistics/" "Mozilla/5.0 (Windows NT 10.0; Win64; x64) AppleWebKit/537.36 (KHTML, like Gecko) Chrome/143.0.0.0 Safari/537.36 Edg/143.0.0.0"
14.108.233.156 - - [13/Jan/2026:11:46:57 +0800] "GET /wp-content/plugins/revslider/admin/views/features/assets/addonsvideo.mp4 HTTP/1.1" 206 288751 "http://cqqizhou.com/wp-admin/admin.php?page=revslider" "Mozilla/5.0 (Windows NT 10.0; Win64; x64) AppleWebKit/537.36 (KHTML, like Gecko) Chrome/143.0.0.0 Safari/537.36 Edg/143.0.0.0"
14.108.233.156 - - [13/Jan/2026:11:46:57 +0800] "GET /wp-content/plugins/revslider/admin/views/features/assets/library_video.mp4 HTTP/1.1" 206 282385 "http://cqqizhou.com/wp-admin/admin.php?page=revslider" "Mozilla/5.0 (Windows NT 10.0; Win64; x64) AppleWebKit/537.36 (KHTML, like Gecko) Chrome/143.0.0.0 Safari/537.36 Edg/143.0.0.0"
14.108.233.156 - - [13/Jan/2026:11:46:57 +0800] "GET /wp-content/plugins/revslider/admin/views/features/assets/templatesvideo.mp4 HTTP/1.1" 206 615471 "http://cqqizhou.com/wp-admin/admin.php?page=revslider" "Mozilla/5.0 (Windows NT 10.0; Win64; x64) AppleWebKit/537.36 (KHTML, like Gecko) Chrome/143.0.0.0 Safari/537.36 Edg/143.0.0.0"
14.108.233.156 - - [13/Jan/2026:11:46:57 +0800] "GET /wp-content/plugins/revslider/admin/views/features/assets/supportvideo-1.mp4 HTTP/1.1" 206 196850 "http://cqqizhou.com/wp-admin/admin.php?page=revslider" "Mozilla/5.0 (Windows NT 10.0; Win64; x64) AppleWebKit/537.36 (KHTML, like Gecko) Chrome/143.0.0.0 Safari/537.36 Edg/143.0.0.0"
14.108.233.156 - - [13/Jan/2026:11:47:02 +0800] "GET /wp-admin/admin.php?page=revslider&view=slide&id=1 HTTP/1.1" 200 211126 "http://cqqizhou.com/wp-admin/admin.php?page=revslider" "Mozilla/5.0 (Windows NT 10.0; Win64; x64) AppleWebKit/537.36 (KHTML, like Gecko) Chrome/143.0.0.0 Safari/537.36 Edg/143.0.0.0"
14.108.233.156 - - [13/Jan/2026:11:47:23 +0800] "POST /wp-admin/admin-ajax.php HTTP/1.1" 200 6976 "http://cqqizhou.com/wp-admin/admin.php?page=revslider&view=slide&id=1" "Mozilla/5.0 (Windows NT 10.0; Win64; x64) AppleWebKit/537.36 (KHTML, like Gecko) Chrome/143.0.0.0 Safari/537.36 Edg/143.0.0.0"
14.108.233.156 - - [13/Jan/2026:11:47:24 +0800] "POST /wp-admin/admin-ajax.php HTTP/1.1" 200 483 "http://cqqizhou.com/wp-admin/admin.php?page=revslider&view=slide&id=1" "Mozilla/5.0 (Windows NT 10.0; Win64; x64) AppleWebKit/537.36 (KHTML, like Gecko) Chrome/143.0.0.0 Safari/537.36 Edg/143.0.0.0"
36.133.115.36 - - [13/Jan/2026:11:47:47 +0800] "POST /wp-cron.php?doing_wp_cron=1768276067.1057560443878173828125 HTTP/1.1" 200 31 "-" "WordPress/6.8.3; http://cqqizhou.com"
14.108.233.156 - - [13/Jan/2026:11:47:47 +0800] "POST /wp-admin/admin-ajax.php HTTP/1.1" 200 95 "http://cqqizhou.com/wp-admin/admin.php?page=revslider&view=slide&id=2" "Mozilla/5.0 (Windows NT 10.0; Win64; x64) AppleWebKit/537.36 (KHTML, like Gecko) Chrome/143.0.0.0 Safari/537.36 Edg/143.0.0.0"
14.108.233.156 - - [13/Jan/2026:11:47:47 +0800] "POST /wp-admin/admin-ajax.php HTTP/1.1" 200 120 "http://cqqizhou.com/wp-admin/admin.php?page=revslider&view=slide&id=2" "Mozilla/5.0 (Windows NT 10.0; Win64; x64) AppleWebKit/537.36 (KHTML, like Gecko) Chrome/143.0.0.0 Safari/537.36 Edg/143.0.0.0"
14.108.233.156 - - [13/Jan/2026:11:47:48 +0800] "POST /wp-admin/admin-ajax.php HTTP/1.1" 200 81 "http://cqqizhou.com/wp-admin/admin.php?page=revslider&view=slide&id=2" "Mozilla/5.0 (Windows NT 10.0; Win64; x64) AppleWebKit/537.36 (KHTML, like Gecko) Chrome/143.0.0.0 Safari/537.36 Edg/143.0.0.0"
14.108.233.156 - - [13/Jan/2026:11:47:49 +0800] "POST /wp-admin/admin-ajax.php HTTP/1.1" 200 80 "http://cqqizhou.com/wp-admin/admin.php?page=revslider&view=slide&id=2" "Mozilla/5.0 (Windows NT 10.0; Win64; x64) AppleWebKit/537.36 (KHTML, like Gecko) Chrome/143.0.0.0 Safari/537.36 Edg/143.0.0.0"
14.108.233.156 - - [13/Jan/2026:11:47:49 +0800] "POST /wp-admin/admin-ajax.php HTTP/1.1" 200 80 "http://cqqizhou.com/wp-admin/admin.php?page=revslider&view=slide&id=2" "Mozilla/5.0 (Windows NT 10.0; Win64; x64) AppleWebKit/537.36 (KHTML, like Gecko) Chrome/143.0.0.0 Safari/537.36 Edg/143.0.0.0"
14.108.233.156 - - [13/Jan/2026:11:47:49 +0800] "POST /wp-admin/admin-ajax.php HTTP/1.1" 200 80 "http://cqqizhou.com/wp-admin/admin.php?page=revslider&view=slide&id=2" "Mozilla/5.0 (Windows NT 10.0; Win64; x64) AppleWebKit/537.36 (KHTML, like Gecko) Chrome/143.0.0.0 Safari/537.36 Edg/143.0.0.0"
14.108.233.156 - - [13/Jan/2026:11:47:49 +0800] "POST /wp-admin/admin-ajax.php HTTP/1.1" 200 80 "http://cqqizhou.com/wp-admin/admin.php?page=revslider&view=slide&id=2" "Mozilla/5.0 (Windows NT 10.0; Win64; x64) AppleWebKit/537.36 (KHTML, like Gecko) Chrome/143.0.0.0 Safari/537.36 Edg/143.0.0.0"
14.108.233.156 - - [13/Jan/2026:11:47:49 +0800] "POST /wp-admin/admin-ajax.php HTTP/1.1" 200 80 "http://cqqizhou.com/wp-admin/admin.php?page=revslider&view=slide&id=2" "Mozilla/5.0 (Windows NT 10.0; Win64; x64) AppleWebKit/537.36 (KHTML, like Gecko) Chrome/143.0.0.0 Safari/537.36 Edg/143.0.0.0"
14.108.233.156 - - [13/Jan/2026:11:48:13 +0800] "GET /wp-content/uploads/revslider/slider-1/1751358219-qizhoudalou_Slider_3840%C3%972160_20250701161505-scaled.webp HTTP/1.1" 404 17281 "http://cqqizhou.com/wp-admin/admin.php?page=revslider&view=slide&id=3" "Mozilla/5.0 (Windows NT 10.0; Win64; x64) AppleWebKit/537.36 (KHTML, like Gecko) Chrome/143.0.0.0 Safari/537.36 Edg/143.0.0.0"
14.108.233.156 - - [13/Jan/2026:11:48:24 +0800] "POST /wp-admin/admin-ajax.php HTTP/1.1" 200 78 "http://cqqizhou.com/wp-admin/admin.php?page=revslider&view=slide&id=4" "Mozilla/5.0 (Windows NT 10.0; Win64; x64) AppleWebKit/537.36 (KHTML, like Gecko) Chrome/143.0.0.0 Safari/537.36 Edg/143.0.0.0"
14.108.233.156 - - [13/Jan/2026:11:48:31 +0800] "POST /wp-admin/admin-ajax.php HTTP/1.1" 200 9909 "http://cqqizhou.com/wp-admin/admin.php?page=revslider&view=slide&id=4" "Mozilla/5.0 (Windows NT 10.0; Win64; x64) AppleWebKit/537.36 (KHTML, like Gecko) Chrome/143.0.0.0 Safari/537.36 Edg/143.0.0.0"
14.108.233.156 - - [13/Jan/2026:11:48:31 +0800] "GET /wp-content/uploads/2026/01/1767696162-qizhoutruck3-300x67.webp HTTP/1.1" 200 7208 "http://cqqizhou.com/wp-admin/admin.php?page=revslider&view=slide&id=4" "Mozilla/5.0 (Windows NT 10.0; Win64; x64) AppleWebKit/537.36 (KHTML, like Gecko) Chrome/143.0.0.0 Safari/537.36 Edg/143.0.0.0"
14.108.233.156 - - [13/Jan/2026:11:48:31 +0800] "GET /wp-content/uploads/2026/01/1767696142-aojiaqiao20260104-300x188.webp HTTP/1.1" 200 11340 "http://cqqizhou.com/wp-admin/admin.php?page=revslider&view=slide&id=4" "Mozilla/5.0 (Windows NT 10.0; Win64; x64) AppleWebKit/537.36 (KHTML, like Gecko) Chrome/143.0.0.0 Safari/537.36 Edg/143.0.0.0"
14.108.233.156 - - [13/Jan/2026:11:48:31 +0800] "GET /wp-content/uploads/2026/01/1767691466-Article_images_W900%C3%97500px202601061-300x167.webp HTTP/1.1" 200 13164 "http://cqqizhou.com/wp-admin/admin.php?page=revslider&view=slide&id=4" "Mozilla/5.0 (Windows NT 10.0; Win64; x64) AppleWebKit/537.36 (KHTML, like Gecko) Chrome/143.0.0.0 Safari/537.36 Edg/143.0.0.0"
14.108.233.156 - - [13/Jan/2026:11:48:31 +0800] "GET /wp-content/uploads/2026/01/1767691467-Article_images_W900%C3%97500px202601062-300x167.webp HTTP/1.1" 200 12914 "http://cqqizhou.com/wp-admin/admin.php?page=revslider&view=slide&id=4" "Mozilla/5.0 (Windows NT 10.0; Win64; x64) AppleWebKit/537.36 (KHTML, like Gecko) Chrome/143.0.0.0 Safari/537.36 Edg/143.0.0.0"
14.108.233.156 - - [13/Jan/2026:11:48:31 +0800] "GET /wp-content/uploads/2025/12/1766647831-Article_images_202512254-300x169.webp HTTP/1.1" 200 14354 "http://cqqizhou.com/wp-admin/admin.php?page=revslider&view=slide&id=4" "Mozilla/5.0 (Windows NT 10.0; Win64; x64) AppleWebKit/537.36 (KHTML, like Gecko) Chrome/143.0.0.0 Safari/537.36 Edg/143.0.0.0"
14.108.233.156 - - [13/Jan/2026:11:48:31 +0800] "GET /wp-content/uploads/2026/01/1767618076-Logistics_BG2508-300x200.webp HTTP/1.1" 200 8510 "http://cqqizhou.com/wp-admin/admin.php?page=revslider&view=slide&id=4" "Mozilla/5.0 (Windows NT 10.0; Win64; x64) AppleWebKit/537.36 (KHTML, like Gecko) Chrome/143.0.0.0 Safari/537.36 Edg/143.0.0.0"
14.108.233.156 - - [13/Jan/2026:11:48:31 +0800] "GET /wp-content/uploads/2026/01/1767618072-Logistics_BG1920_3-300x200.webp HTTP/1.1" 200 7334 "http://cqqizhou.com/wp-admin/admin.php?page=revslider&view=slide&id=4" "Mozilla/5.0 (Windows NT 10.0; Win64; x64) AppleWebKit/537.36 (KHTML, like Gecko) Chrome/143.0.0.0 Safari/537.36 Edg/143.0.0.0"
14.108.233.156 - - [13/Jan/2026:11:48:31 +0800] "GET /wp-content/uploads/2026/01/1767534398-6.8%E7%B1%B3%E9%AB%98%E6%A0%8F%E8%B4%A7%E8%BD%A6-300x300.webp HTTP/1.1" 200 24224 "http://cqqizhou.com/wp-admin/admin.php?page=revslider&view=slide&id=4" "Mozilla/5.0 (Windows NT 10.0; Win64; x64) AppleWebKit/537.36 (KHTML, like Gecko) Chrome/143.0.0.0 Safari/537.36 Edg/143.0.0.0"
14.108.233.156 - - [13/Jan/2026:11:48:31 +0800] "GET /wp-content/uploads/2025/12/1766647830-Article_images_202512252-300x169.webp HTTP/1.1" 200 19054 "http://cqqizhou.com/wp-admin/admin.php?page=revslider&view=slide&id=4" "Mozilla/5.0 (Windows NT 10.0; Win64; x64) AppleWebKit/537.36 (KHTML, like Gecko) Chrome/143.0.0.0 Safari/537.36 Edg/143.0.0.0"
14.108.233.156 - - [13/Jan/2026:11:48:31 +0800] "GET /wp-content/uploads/2025/12/1766647831-Article_images_202512253-300x169.webp HTTP/1.1" 200 23540 "http://cqqizhou.com/wp-admin/admin.php?page=revslider&view=slide&id=4" "Mozilla/5.0 (Windows NT 10.0; Win64; x64) AppleWebKit/537.36 (KHTML, like Gecko) Chrome/143.0.0.0 Safari/537.36 Edg/143.0.0.0"
14.108.233.156 - - [13/Jan/2026:11:48:32 +0800] "GET /wp-content/uploads/2025/12/1766388813-Article_images_2025072411-300x135.webp HTTP/1.1" 200 11006 "http://cqqizhou.com/wp-admin/admin.php?page=revslider&view=slide&id=4" "Mozilla/5.0 (Windows NT 10.0; Win64; x64) AppleWebKit/537.36 (KHTML, like Gecko) Chrome/143.0.0.0 Safari/537.36 Edg/143.0.0.0"
14.108.233.156 - - [13/Jan/2026:11:48:32 +0800] "GET /wp-content/uploads/2026/01/1767534396-17.5%E7%B1%B3%E5%B9%B3%E6%9D%BF%E8%B4%A7%E8%BD%A6-300x300.webp HTTP/1.1" 200 18852 "http://cqqizhou.com/wp-admin/admin.php?page=revslider&view=slide&id=4" "Mozilla/5.0 (Windows NT 10.0; Win64; x64) AppleWebKit/537.36 (KHTML, like Gecko) Chrome/143.0.0.0 Safari/537.36 Edg/143.0.0.0"
14.108.233.156 - - [13/Jan/2026:11:48:32 +0800] "GET /wp-content/uploads/2026/01/1767534397-4.2%E7%B1%B3%E4%BD%8E%E6%A0%8F%E8%B4%A7%E8%BD%A6-300x300.webp HTTP/1.1" 200 20074 "http://cqqizhou.com/wp-admin/admin.php?page=revslider&view=slide&id=4" "Mozilla/5.0 (Windows NT 10.0; Win64; x64) AppleWebKit/537.36 (KHTML, like Gecko) Chrome/143.0.0.0 Safari/537.36 Edg/143.0.0.0"
14.108.233.156 - - [13/Jan/2026:11:48:32 +0800] "GET /wp-content/uploads/2026/01/1767530151-qizhoutruck2-300x77.webp HTTP/1.1" 200 8890 "http://cqqizhou.com/wp-admin/admin.php?page=revslider&view=slide&id=4" "Mozilla/5.0 (Windows NT 10.0; Win64; x64) AppleWebKit/537.36 (KHTML, like Gecko) Chrome/143.0.0.0 Safari/537.36 Edg/143.0.0.0"
14.108.233.156 - - [13/Jan/2026:11:48:32 +0800] "GET /wp-content/uploads/2026/01/1767530133-aojiaqiao20260102-300x187.webp HTTP/1.1" 200 8126 "http://cqqizhou.com/wp-admin/admin.php?page=revslider&view=slide&id=4" "Mozilla/5.0 (Windows NT 10.0; Win64; x64) AppleWebKit/537.36 (KHTML, like Gecko) Chrome/143.0.0.0 Safari/537.36 Edg/143.0.0.0"
14.108.233.156 - - [13/Jan/2026:11:48:32 +0800] "GET /wp-content/uploads/2025/12/1766647829-Article_images_202512251-300x109.webp HTTP/1.1" 200 12016 "http://cqqizhou.com/wp-admin/admin.php?page=revslider&view=slide&id=4" "Mozilla/5.0 (Windows NT 10.0; Win64; x64) AppleWebKit/537.36 (KHTML, like Gecko) Chrome/143.0.0.0 Safari/537.36 Edg/143.0.0.0"
14.108.233.156 - - [13/Jan/2026:11:48:32 +0800] "GET /wp-content/uploads/2025/12/1766647832-Article_images_W900%C3%97500px20251225-300x167.webp HTTP/1.1" 200 14578 "http://cqqizhou.com/wp-admin/admin.php?page=revslider&view=slide&id=4" "Mozilla/5.0 (Windows NT 10.0; Win64; x64) AppleWebKit/537.36 (KHTML, like Gecko) Chrome/143.0.0.0 Safari/537.36 Edg/143.0.0.0"
14.108.233.156 - - [13/Jan/2026:11:48:32 +0800] "GET /wp-content/uploads/2025/12/1766388812-Article_images_2025072410-300x135.webp HTTP/1.1" 200 12784 "http://cqqizhou.com/wp-admin/admin.php?page=revslider&view=slide&id=4" "Mozilla/5.0 (Windows NT 10.0; Win64; x64) AppleWebKit/537.36 (KHTML, like Gecko) Chrome/143.0.0.0 Safari/537.36 Edg/143.0.0.0"
14.108.233.156 - - [13/Jan/2026:11:48:32 +0800] "GET /wp-content/uploads/2025/12/1766388811-Article_images_202507249-300x135.webp HTTP/1.1" 200 12426 "http://cqqizhou.com/wp-admin/admin.php?page=revslider&view=slide&id=4" "Mozilla/5.0 (Windows NT 10.0; Win64; x64) AppleWebKit/537.36 (KHTML, like Gecko) Chrome/143.0.0.0 Safari/537.36 Edg/143.0.0.0"
14.108.233.156 - - [13/Jan/2026:11:48:32 +0800] "GET /wp-content/uploads/2025/12/1766388810-Article_images_202507248-300x169.webp HTTP/1.1" 200 15020 "http://cqqizhou.com/wp-admin/admin.php?page=revslider&view=slide&id=4" "Mozilla/5.0 (Windows NT 10.0; Win64; x64) AppleWebKit/537.36 (KHTML, like Gecko) Chrome/143.0.0.0 Safari/537.36 Edg/143.0.0.0"
14.108.233.156 - - [13/Jan/2026:11:48:32 +0800] "GET /wp-content/uploads/2025/12/1766388809-Article_images_202507247-300x169.webp HTTP/1.1" 200 15036 "http://cqqizhou.com/wp-admin/admin.php?page=revslider&view=slide&id=4" "Mozilla/5.0 (Windows NT 10.0; Win64; x64) AppleWebKit/537.36 (KHTML, like Gecko) Chrome/143.0.0.0 Safari/537.36 Edg/143.0.0.0"
14.108.233.156 - - [13/Jan/2026:11:48:32 +0800] "GET /wp-content/uploads/2025/12/1766388808-Article_images_202507246-300x169.webp HTTP/1.1" 200 19970 "http://cqqizhou.com/wp-admin/admin.php?page=revslider&view=slide&id=4" "Mozilla/5.0 (Windows NT 10.0; Win64; x64) AppleWebKit/537.36 (KHTML, like Gecko) Chrome/143.0.0.0 Safari/537.36 Edg/143.0.0.0"
14.108.233.156 - - [13/Jan/2026:11:48:32 +0800] "GET /wp-content/uploads/2025/12/1766388807-Article_images_202507245-300x169.webp HTTP/1.1" 200 15034 "http://cqqizhou.com/wp-admin/admin.php?page=revslider&view=slide&id=4" "Mozilla/5.0 (Windows NT 10.0; Win64; x64) AppleWebKit/537.36 (KHTML, like Gecko) Chrome/143.0.0.0 Safari/537.36 Edg/143.0.0.0"
14.108.233.156 - - [13/Jan/2026:11:48:32 +0800] "GET /wp-content/uploads/2025/12/1766388806-Article_images_202507243-300x169.webp HTTP/1.1" 200 9924 "http://cqqizhou.com/wp-admin/admin.php?page=revslider&view=slide&id=4" "Mozilla/5.0 (Windows NT 10.0; Win64; x64) AppleWebKit/537.36 (KHTML, like Gecko) Chrome/143.0.0.0 Safari/537.36 Edg/143.0.0.0"
14.108.233.156 - - [13/Jan/2026:11:48:32 +0800] "GET /wp-content/uploads/2025/12/1766388804-Article_images_202507241-300x169.webp HTTP/1.1" 200 11704 "http://cqqizhou.com/wp-admin/admin.php?page=revslider&view=slide&id=4" "Mozilla/5.0 (Windows NT 10.0; Win64; x64) AppleWebKit/537.36 (KHTML, like Gecko) Chrome/143.0.0.0 Safari/537.36 Edg/143.0.0.0"
14.108.233.156 - - [13/Jan/2026:11:48:32 +0800] "GET /wp-content/uploads/2025/12/1766388805-Article_images_202507242-300x169.webp HTTP/1.1" 200 11216 "http://cqqizhou.com/wp-admin/admin.php?page=revslider&view=slide&id=4" "Mozilla/5.0 (Windows NT 10.0; Win64; x64) AppleWebKit/537.36 (KHTML, like Gecko) Chrome/143.0.0.0 Safari/537.36 Edg/143.0.0.0"
14.108.233.156 - - [13/Jan/2026:11:48:32 +0800] "GET /wp-content/uploads/2025/12/1766375846-Article20251216211545-300x225.webp HTTP/1.1" 200 20580 "http://cqqizhou.com/wp-admin/admin.php?page=revslider&view=slide&id=4" "Mozilla/5.0 (Windows NT 10.0; Win64; x64) AppleWebKit/537.36 (KHTML, like Gecko) Chrome/143.0.0.0 Safari/537.36 Edg/143.0.0.0"
14.108.233.156 - - [13/Jan/2026:11:48:32 +0800] "GET /wp-content/uploads/2025/12/1766373840-Article_images_20251220-300x225.webp HTTP/1.1" 200 13608 "http://cqqizhou.com/wp-admin/admin.php?page=revslider&view=slide&id=4" "Mozilla/5.0 (Windows NT 10.0; Win64; x64) AppleWebKit/537.36 (KHTML, like Gecko) Chrome/143.0.0.0 Safari/537.36 Edg/143.0.0.0"
14.108.233.156 - - [13/Jan/2026:11:48:32 +0800] "GET /wp-content/uploads/2025/12/1766064723-Article_images_20251218212625-300x225.webp HTTP/1.1" 200 12598 "http://cqqizhou.com/wp-admin/admin.php?page=revslider&view=slide&id=4" "Mozilla/5.0 (Windows NT 10.0; Win64; x64) AppleWebKit/537.36 (KHTML, like Gecko) Chrome/143.0.0.0 Safari/537.36 Edg/143.0.0.0"
14.108.233.156 - - [13/Jan/2026:11:48:32 +0800] "GET /wp-content/uploads/2025/12/1766373833-Article_images_20251219-300x225.webp HTTP/1.1" 200 20930 "http://cqqizhou.com/wp-admin/admin.php?page=revslider&view=slide&id=4" "Mozilla/5.0 (Windows NT 10.0; Win64; x64) AppleWebKit/537.36 (KHTML, like Gecko) Chrome/143.0.0.0 Safari/537.36 Edg/143.0.0.0"
14.108.233.156 - - [13/Jan/2026:11:48:32 +0800] "GET /wp-content/uploads/2025/12/1766064629-Article_images_20251218212623-300x167.webp HTTP/1.1" 200 8852 "http://cqqizhou.com/wp-admin/admin.php?page=revslider&view=slide&id=4" "Mozilla/5.0 (Windows NT 10.0; Win64; x64) AppleWebKit/537.36 (KHTML, like Gecko) Chrome/143.0.0.0 Safari/537.36 Edg/143.0.0.0"
14.108.233.156 - - [13/Jan/2026:11:48:32 +0800] "GET /wp-content/uploads/2025/12/1766064671-Article_images_20251218212624-300x225.webp HTTP/1.1" 200 12522 "http://cqqizhou.com/wp-admin/admin.php?page=revslider&view=slide&id=4" "Mozilla/5.0 (Windows NT 10.0; Win64; x64) AppleWebKit/537.36 (KHTML, like Gecko) Chrome/143.0.0.0 Safari/537.36 Edg/143.0.0.0"
14.108.233.156 - - [13/Jan/2026:11:48:32 +0800] "GET /wp-content/uploads/2025/12/1765894221-Article20251216211544-300x225.webp HTTP/1.1" 200 16032 "http://cqqizhou.com/wp-admin/admin.php?page=revslider&view=slide&id=4" "Mozilla/5.0 (Windows NT 10.0; Win64; x64) AppleWebKit/537.36 (KHTML, like Gecko) Chrome/143.0.0.0 Safari/537.36 Edg/143.0.0.0"
14.108.233.156 - - [13/Jan/2026:11:48:32 +0800] "GET /wp-content/uploads/2025/12/1765891413-20251209103501-300x167.webp HTTP/1.1" 200 9350 "http://cqqizhou.com/wp-admin/admin.php?page=revslider&view=slide&id=4" "Mozilla/5.0 (Windows NT 10.0; Win64; x64) AppleWebKit/537.36 (KHTML, like Gecko) Chrome/143.0.0.0 Safari/537.36 Edg/143.0.0.0"
14.108.233.156 - - [13/Jan/2026:11:48:32 +0800] "GET /wp-content/uploads/2025/12/1765891153-Article20251216211543-300x167.webp HTTP/1.1" 200 13290 "http://cqqizhou.com/wp-admin/admin.php?page=revslider&view=slide&id=4" "Mozilla/5.0 (Windows NT 10.0; Win64; x64) AppleWebKit/537.36 (KHTML, like Gecko) Chrome/143.0.0.0 Safari/537.36 Edg/143.0.0.0"
14.108.233.156 - - [13/Jan/2026:11:48:32 +0800] "GET /wp-content/uploads/2025/12/1765265398-qizhou_Slider_3840%C3%972160_20251209-300x169.webp HTTP/1.1" 200 12652 "http://cqqizhou.com/wp-admin/admin.php?page=revslider&view=slide&id=4" "Mozilla/5.0 (Windows NT 10.0; Win64; x64) AppleWebKit/537.36 (KHTML, like Gecko) Chrome/143.0.0.0 Safari/537.36 Edg/143.0.0.0"
14.108.233.156 - - [13/Jan/2026:11:48:32 +0800] "GET /wp-content/uploads/2025/12/1765268955-qizhou_Slider1_3840%C3%972160_20251210-300x169.webp HTTP/1.1" 200 8924 "http://cqqizhou.com/wp-admin/admin.php?page=revslider&view=slide&id=4" "Mozilla/5.0 (Windows NT 10.0; Win64; x64) AppleWebKit/537.36 (KHTML, like Gecko) Chrome/143.0.0.0 Safari/537.36 Edg/143.0.0.0"
14.108.233.156 - - [13/Jan/2026:11:48:32 +0800] "GET /wp-content/uploads/2025/12/1765862012-DSC20251216131140-300x169.webp HTTP/1.1" 200 16938 "http://cqqizhou.com/wp-admin/admin.php?page=revslider&view=slide&id=4" "Mozilla/5.0 (Windows NT 10.0; Win64; x64) AppleWebKit/537.36 (KHTML, like Gecko) Chrome/143.0.0.0 Safari/537.36 Edg/143.0.0.0"
14.108.233.156 - - [13/Jan/2026:11:48:32 +0800] "GET /wp-content/uploads/2025/12/1765249046-20251209104228_110_60-300x225.webp HTTP/1.1" 200 15678 "http://cqqizhou.com/wp-admin/admin.php?page=revslider&view=slide&id=4" "Mozilla/5.0 (Windows NT 10.0; Win64; x64) AppleWebKit/537.36 (KHTML, like Gecko) Chrome/143.0.0.0 Safari/537.36 Edg/143.0.0.0"
14.108.233.156 - - [13/Jan/2026:11:48:32 +0800] "GET /wp-content/uploads/2025/12/1765248770-20251209104226_107_60-300x225.webp HTTP/1.1" 200 17706 "http://cqqizhou.com/wp-admin/admin.php?page=revslider&view=slide&id=4" "Mozilla/5.0 (Windows NT 10.0; Win64; x64) AppleWebKit/537.36 (KHTML, like Gecko) Chrome/143.0.0.0 Safari/537.36 Edg/143.0.0.0"
14.108.233.156 - - [13/Jan/2026:11:48:32 +0800] "GET /wp-content/uploads/2025/12/1765248735-20251209104226_108_60-300x225.webp HTTP/1.1" 200 14478 "http://cqqizhou.com/wp-admin/admin.php?page=revslider&view=slide&id=4" "Mozilla/5.0 (Windows NT 10.0; Win64; x64) AppleWebKit/537.36 (KHTML, like Gecko) Chrome/143.0.0.0 Safari/537.36 Edg/143.0.0.0"
14.108.233.156 - - [13/Jan/2026:11:48:32 +0800] "GET /wp-content/uploads/2025/12/1764853157-ISO3-214x300.webp HTTP/1.1" 200 13896 "http://cqqizhou.com/wp-admin/admin.php?page=revslider&view=slide&id=4" "Mozilla/5.0 (Windows NT 10.0; Win64; x64) AppleWebKit/537.36 (KHTML, like Gecko) Chrome/143.0.0.0 Safari/537.36 Edg/143.0.0.0"
14.108.233.156 - - [13/Jan/2026:11:48:32 +0800] "GET /wp-content/uploads/2025/12/1764853155-ISO2-214x300.webp HTTP/1.1" 200 12682 "http://cqqizhou.com/wp-admin/admin.php?page=revslider&view=slide&id=4" "Mozilla/5.0 (Windows NT 10.0; Win64; x64) AppleWebKit/537.36 (KHTML, like Gecko) Chrome/143.0.0.0 Safari/537.36 Edg/143.0.0.0"
14.108.233.156 - - [13/Jan/2026:11:48:32 +0800] "GET /wp-content/uploads/2025/12/1765248683-20251209103502_98_60-300x225.webp HTTP/1.1" 200 15426 "http://cqqizhou.com/wp-admin/admin.php?page=revslider&view=slide&id=4" "Mozilla/5.0 (Windows NT 10.0; Win64; x64) AppleWebKit/537.36 (KHTML, like Gecko) Chrome/143.0.0.0 Safari/537.36 Edg/143.0.0.0"
14.108.233.156 - - [13/Jan/2026:11:48:32 +0800] "GET /wp-content/uploads/2025/12/1764853152-ISO1-214x300.webp HTTP/1.1" 200 13812 "http://cqqizhou.com/wp-admin/admin.php?page=revslider&view=slide&id=4" "Mozilla/5.0 (Windows NT 10.0; Win64; x64) AppleWebKit/537.36 (KHTML, like Gecko) Chrome/143.0.0.0 Safari/537.36 Edg/143.0.0.0"
14.108.233.156 - - [13/Jan/2026:11:48:32 +0800] "GET /wp-content/uploads/2025/11/1762908489-QZ_Photo-9-300x169.webp HTTP/1.1" 200 15230 "http://cqqizhou.com/wp-admin/admin.php?page=revslider&view=slide&id=4" "Mozilla/5.0 (Windows NT 10.0; Win64; x64) AppleWebKit/537.36 (KHTML, like Gecko) Chrome/143.0.0.0 Safari/537.36 Edg/143.0.0.0"
14.108.233.156 - - [13/Jan/2026:11:48:32 +0800] "GET /wp-content/uploads/2025/11/1762864381-QZ_Photo-7-300x200.webp HTTP/1.1" 200 15268 "http://cqqizhou.com/wp-admin/admin.php?page=revslider&view=slide&id=4" "Mozilla/5.0 (Windows NT 10.0; Win64; x64) AppleWebKit/537.36 (KHTML, like Gecko) Chrome/143.0.0.0 Safari/537.36 Edg/143.0.0.0"
14.108.233.156 - - [13/Jan/2026:11:48:32 +0800] "GET /wp-content/uploads/2025/11/1762864385-QZ_Photo-10-300x169.webp HTTP/1.1" 200 16402 "http://cqqizhou.com/wp-admin/admin.php?page=revslider&view=slide&id=4" "Mozilla/5.0 (Windows NT 10.0; Win64; x64) AppleWebKit/537.36 (KHTML, like Gecko) Chrome/143.0.0.0 Safari/537.36 Edg/143.0.0.0"
