204.76.203.219 - - [03/Jan/2026:13:00:10 +0800] "GET / HTTP/1.1" 200 33678 "-" "Mozilla/5.0 (Windows NT 10.0; Win64; x64) AppleWebKit/537.36 (KHTML, like Gecko) Chrome/90.0.4430.85 Safari/537.36 Edg/90.0.818.46"
36.133.115.36 - - [03/Jan/2026:13:06:10 +0800] "POST /wp-cron.php?doing_wp_cron=1767416770.6107571125030517578125 HTTP/1.1" 200 31 "-" "WordPress/6.8.3; http://cqqizhou.com"
85.128.143.124 - - [03/Jan/2026:13:06:10 +0800] "POST /xmlrpc.php HTTP/1.1" 200 217 "-" "Mozilla/5.0 (Windows NT 10.0; Win64; x64; rv:95.0) Gecko/20100101 Firefox/95.0"
43.130.102.7 - - [03/Jan/2026:13:11:40 +0800] "GET /wp-content/uploads/2025/07/1750005875-qizhou_map2025616.webp HTTP/1.1" 200 136964 "-" "Mozilla/5.0 (iPhone; CPU iPhone OS 13_2_3 like Mac OS X) AppleWebKit/605.1.15 (KHTML, like Gecko) Version/13.0.3 Mobile/15E148 Safari/604.1"
36.133.115.36 - - [03/Jan/2026:13:19:45 +0800] "POST /wp-cron.php?doing_wp_cron=1767417585.2182669639587402343750 HTTP/1.1" 200 31 "-" "WordPress/6.8.3; http://cqqizhou.com"
43.153.113.127 - - [03/Jan/2026:13:19:45 +0800] "GET /wp-json/oembed/1.0/embed?url=http%3A%2F%2Fcqqizhou.com%2Fcontacts%2F HTTP/1.1" 200 1112 "-" "Mozilla/5.0 (iPhone; CPU iPhone OS 13_2_3 like Mac OS X) AppleWebKit/605.1.15 (KHTML, like Gecko) Version/13.0.3 Mobile/15E148 Safari/604.1"
36.133.115.36 - - [03/Jan/2026:13:22:12 +0800] "POST /wp-cron.php?doing_wp_cron=1767417732.7661640644073486328125 HTTP/1.1" 200 31 "-" "WordPress/6.8.3; http://cqqizhou.com"
118.107.3.232 - - [03/Jan/2026:13:22:12 +0800] "GET /Content/UEditor1_4_3/net/controller.ashx?action=catchimage HTTP/1.1" 404 8981 "-" "Mozilla/5.0 (Windows NT 10.0; Win64; x64)"
170.106.113.235 - - [03/Jan/2026:13:28:17 +0800] "GET /wp-content/uploads/2025/11/1762826323-Contacts2000x400_20251111.webp HTTP/1.1" 200 15144 "-" "Mozilla/5.0 (iPhone; CPU iPhone OS 13_2_3 like Mac OS X) AppleWebKit/605.1.15 (KHTML, like Gecko) Version/13.0.3 Mobile/15E148 Safari/604.1"
36.133.115.36 - - [03/Jan/2026:13:30:33 +0800] "POST /wp-cron.php?doing_wp_cron=1767418233.6937370300292968750000 HTTP/1.1" 200 31 "-" "WordPress/6.8.3; http://cqqizhou.com"
3.249.165.7 - - [03/Jan/2026:13:30:33 +0800] "GET / HTTP/1.0" 301 0 "-" "Mozilla/5.0 (compatible; NetcraftSurveyAgent/1.0; +info@netcraft.com)"
3.249.165.7 - - [03/Jan/2026:13:30:37 +0800] "GET / HTTP/1.0" 200 153956 "-" "Mozilla/5.0 (compatible; NetcraftSurveyAgent/1.0; +info@netcraft.com)"
36.133.115.36 - - [03/Jan/2026:13:31:53 +0800] "POST /wp-cron.php?doing_wp_cron=1767418313.6161088943481445312500 HTTP/1.1" 200 31 "-" "WordPress/6.8.3; http://cqqizhou.com"
195.184.76.247 - - [03/Jan/2026:13:31:53 +0800] "GET / HTTP/1.1" 301 5 "-" "Mozilla/5.0 (X11; Ubuntu; Linux x86_64; rv:134.0) Gecko/20100101 Firefox/134.0"
36.133.115.36 - - [03/Jan/2026:13:36:46 +0800] "POST /wp-cron.php?doing_wp_cron=1767418606.7988600730895996093750 HTTP/1.1" 200 31 "-" "WordPress/6.8.3; http://cqqizhou.com"
89.42.231.239 - - [03/Jan/2026:13:36:47 +0800] "GET / HTTP/1.1" 200 152290 "-" "-"
36.133.115.36 - - [03/Jan/2026:13:56:41 +0800] "POST /wp-cron.php?doing_wp_cron=1767419801.5535590648651123046875 HTTP/1.1" 200 31 "-" "WordPress/6.8.3; http://cqqizhou.com"
204.76.203.219 - - [03/Jan/2026:13:56:41 +0800] "GET / HTTP/1.1" 200 33678 "-" "Mozilla/5.0 (Windows NT 10.0; Win64; x64) AppleWebKit/537.36 (KHTML, like Gecko) Chrome/90.0.4430.85 Safari/537.36 Edg/90.0.818.46"
36.133.115.36 - - [03/Jan/2026:13:57:47 +0800] "POST /wp-cron.php?doing_wp_cron=1767419867.8623330593109130859375 HTTP/1.1" 200 31 "-" "WordPress/6.8.3; http://cqqizhou.com"
193.142.147.209 - - [03/Jan/2026:13:57:48 +0800] "POST / HTTP/1.1" 200 33678 "-" "Mozilla/5.0 (Windows NT 10.0; Win64; x64) AppleWebKit/537.36"
36.133.115.36 - - [03/Jan/2026:13:59:06 +0800] "POST /wp-cron.php?doing_wp_cron=1767419946.7108020782470703125000 HTTP/1.1" 200 31 "-" "WordPress/6.8.3; http://cqqizhou.com"
180.181.244.244 - - [03/Jan/2026:13:59:06 +0800] "POST /xmlrpc.php HTTP/1.1" 200 217 "-" "Mozilla/5.0 (Windows NT 10.0; Win64; x64; rv:68.0) Gecko/20100101 Firefox/68.0"
36.133.115.36 - - [03/Jan/2026:14:06:53 +0800] "POST /wp-cron.php?doing_wp_cron=1767420413.0738480091094970703125 HTTP/1.1" 200 31 "-" "WordPress/6.8.3; http://cqqizhou.com"
43.135.185.59 - - [03/Jan/2026:14:06:53 +0800] "GET / HTTP/1.1" 200 33678 "-" "Mozilla/5.0 (iPhone; CPU iPhone OS 13_2_3 like Mac OS X) AppleWebKit/605.1.15 (KHTML, like Gecko) Version/13.0.3 Mobile/15E148 Safari/604.1"
36.133.115.36 - - [03/Jan/2026:14:21:45 +0800] "POST /wp-cron.php?doing_wp_cron=1767421305.8661859035491943359375 HTTP/1.1" 200 31 "-" "WordPress/6.8.3; http://cqqizhou.com"
43.133.139.6 - - [03/Jan/2026:14:21:46 +0800] "GET / HTTP/1.1" 200 33678 "-" "Mozilla/5.0 (iPhone; CPU iPhone OS 13_2_3 like Mac OS X) AppleWebKit/605.1.15 (KHTML, like Gecko) Version/13.0.3 Mobile/15E148 Safari/604.1"
36.133.115.36 - - [03/Jan/2026:14:48:34 +0800] "POST /wp-cron.php?doing_wp_cron=1767422914.1202940940856933593750 HTTP/1.1" 200 31 "-" "WordPress/6.8.3; http://cqqizhou.com"
65.21.190.2 - - [03/Jan/2026:14:48:34 +0800] "POST /xmlrpc.php HTTP/1.1" 200 217 "-" "Mozilla/5.0 (Windows NT 10.0; Win64; x64; rv:53.0) Gecko/20100101 Firefox/53.0"
36.133.115.36 - - [03/Jan/2026:14:48:44 +0800] "POST /wp-cron.php HTTP/1.1" 200 31 "-" "WordPress/6.8.3; http://cqqizhou.com"
36.133.115.36 - - [03/Jan/2026:14:48:44 +0800] "GET / HTTP/1.1" 200 34110 "-" "WordPress/6.8.3; http://cqqizhou.com"
36.133.115.36 - - [03/Jan/2026:14:48:45 +0800] "GET / HTTP/1.1" 200 34110 "-" "WordPress/6.8.3; http://cqqizhou.com"
36.133.115.36 - - [03/Jan/2026:14:48:45 +0800] "GET / HTTP/1.1" 200 34110 "-" "WordPress/6.8.3; http://cqqizhou.com"
36.133.115.36 - - [03/Jan/2026:14:57:34 +0800] "POST /wp-cron.php?doing_wp_cron=1767423454.6134250164031982421875 HTTP/1.1" 200 31 "-" "WordPress/6.8.3; http://cqqizhou.com"
204.76.203.214 - - [03/Jan/2026:14:57:34 +0800] "GET / HTTP/1.1" 200 152290 "-" "-"
36.133.115.36 - - [03/Jan/2026:15:05:39 +0800] "POST /wp-cron.php?doing_wp_cron=1767423939.3076660633087158203125 HTTP/1.1" 200 31 "-" "WordPress/6.8.3; http://cqqizhou.com"
43.166.240.231 - - [03/Jan/2026:15:05:39 +0800] "GET / HTTP/1.1" 301 5 "-" "Mozilla/5.0 (iPhone; CPU iPhone OS 13_2_3 like Mac OS X) AppleWebKit/605.1.15 (KHTML, like Gecko) Version/13.0.3 Mobile/15E148 Safari/604.1"
43.166.240.231 - - [03/Jan/2026:15:05:42 +0800] "GET / HTTP/1.1" 200 33678 "http://36.133.115.36" "Mozilla/5.0 (iPhone; CPU iPhone OS 13_2_3 like Mac OS X) AppleWebKit/605.1.15 (KHTML, like Gecko) Version/13.0.3 Mobile/15E148 Safari/604.1"
36.133.115.36 - - [03/Jan/2026:15:22:50 +0800] "POST /wp-cron.php?doing_wp_cron=1767424970.4056699275970458984375 HTTP/1.1" 200 31 "-" "WordPress/6.8.3; http://cqqizhou.com"
89.42.231.239 - - [03/Jan/2026:15:22:51 +0800] "GET / HTTP/1.1" 200 152290 "-" "-"
61.147.225.211 - - [03/Jan/2026:15:26:02 +0800] "GET /wp-content/uploads/2025/07/1751864664-Logistics800x500_1.webp HTTP/1.1" 200 76914 "-" "Mozilla/5.0 (Macintosh; Intel Mac OS X 10_15_7) AppleWebKit/537.36 (KHTML, like Gecko) Chrome/143.0.0.0 Safari/537.36"
36.133.115.36 - - [03/Jan/2026:15:41:21 +0800] "POST /wp-cron.php?doing_wp_cron=1767426081.0139191150665283203125 HTTP/1.1" 200 31 "-" "WordPress/6.8.3; http://cqqizhou.com"
85.128.143.124 - - [03/Jan/2026:15:41:21 +0800] "POST /xmlrpc.php HTTP/1.1" 200 217 "-" "Mozilla/5.0 (Windows NT 10.0; Win64; x64; rv:90.0) Gecko/20100101 Firefox/90.0"
36.133.115.36 - - [03/Jan/2026:15:44:54 +0800] "POST /wp-cron.php?doing_wp_cron=1767426294.6180059909820556640625 HTTP/1.1" 200 31 "-" "WordPress/6.8.3; http://cqqizhou.com"
141.98.11.140 - - [03/Jan/2026:15:44:55 +0800] "GET / HTTP/1.1" 200 152290 "-" "-"
36.133.115.36 - - [03/Jan/2026:15:46:58 +0800] "POST /wp-cron.php?doing_wp_cron=1767426418.6286139488220214843750 HTTP/1.1" 200 31 "-" "WordPress/6.8.3; http://cqqizhou.com"
204.76.203.219 - - [03/Jan/2026:15:46:58 +0800] "GET / HTTP/1.1" 200 33678 "-" "Mozilla/5.0 (Windows NT 10.0; Win64; x64) AppleWebKit/537.36 (KHTML, like Gecko) Chrome/90.0.4430.85 Safari/537.36 Edg/90.0.818.46"
36.133.115.36 - - [03/Jan/2026:15:55:34 +0800] "POST /wp-cron.php?doing_wp_cron=1767426934.9449610710144042968750 HTTP/1.1" 200 31 "-" "WordPress/6.8.3; http://cqqizhou.com"
162.142.125.215 - - [03/Jan/2026:15:55:35 +0800] "GET /robots.txt HTTP/1.1" 200 190 "-" "Mozilla/5.0 (compatible; CensysInspect/1.1; +https://about.censys.io/)"
36.133.115.36 - - [03/Jan/2026:16:14:25 +0800] "POST /wp-cron.php?doing_wp_cron=1767428065.2951910495758056640625 HTTP/1.1" 200 31 "-" "WordPress/6.8.3; http://cqqizhou.com"
182.43.70.143 - - [03/Jan/2026:16:14:25 +0800] "GET / HTTP/1.1" 301 5 "-" "Mozilla/5.0 (iPhone; CPU iPhone OS 13_2_3 like Mac OS X) AppleWebKit/605.1.15 (KHTML, like Gecko) Version/13.0.3 Mobile/15E148 Safari/604.1"
182.43.70.143 - - [03/Jan/2026:16:14:29 +0800] "GET / HTTP/1.1" 200 33678 "http://www.cqqizhou.com" "Mozilla/5.0 (iPhone; CPU iPhone OS 13_2_3 like Mac OS X) AppleWebKit/605.1.15 (KHTML, like Gecko) Version/13.0.3 Mobile/15E148 Safari/604.1"
40.119.26.30 - - [03/Jan/2026:16:14:45 +0800] "GET /manager/html HTTP/1.1" 404 8981 "-" "Mozilla/5.0 zgrab/0.x"
40.77.167.74 - - [03/Jan/2026:16:28:50 +0800] "GET /news/page/2/ HTTP/1.1" 200 19351 "-" "Mozilla/5.0 AppleWebKit/537.36 (KHTML, like Gecko; compatible; bingbot/2.0; +http://www.bing.com/bingbot.htm) Chrome/116.0.1938.76 Safari/537.36"
36.133.115.36 - - [03/Jan/2026:16:30:20 +0800] "POST /wp-cron.php?doing_wp_cron=1767429020.7695939540863037109375 HTTP/1.1" 200 31 "-" "WordPress/6.8.3; http://cqqizhou.com"
45.135.194.23 - - [03/Jan/2026:16:30:21 +0800] "GET / HTTP/1.1" 200 152290 "-" "-"
40.77.167.74 - - [03/Jan/2026:16:35:30 +0800] "GET /services/ HTTP/1.1" 200 31630 "-" "Mozilla/5.0 AppleWebKit/537.36 (KHTML, like Gecko; compatible; bingbot/2.0; +http://www.bing.com/bingbot.htm) Chrome/116.0.1938.76 Safari/537.36"
36.133.115.36 - - [03/Jan/2026:16:38:22 +0800] "POST /wp-cron.php?doing_wp_cron=1767429502.1959149837493896484375 HTTP/1.1" 200 31 "-" "WordPress/6.8.3; http://cqqizhou.com"
178.128.35.234 - - [03/Jan/2026:16:38:22 +0800] "POST /xmlrpc.php HTTP/1.1" 200 217 "-" "Mozilla/5.0 (Windows NT 10.0; Win64; x64; rv:98.0) Gecko/20100101 Firefox/98.0"
40.77.167.76 - - [03/Jan/2026:17:04:13 +0800] "GET /news/page/2/ HTTP/1.1" 200 19351 "-" "Mozilla/5.0 AppleWebKit/537.36 (KHTML, like Gecko; compatible; bingbot/2.0; +http://www.bing.com/bingbot.htm) Chrome/116.0.1938.76 Safari/537.36"
36.133.115.36 - - [03/Jan/2026:17:10:56 +0800] "POST /wp-cron.php?doing_wp_cron=1767431455.9819920063018798828125 HTTP/1.1" 200 31 "-" "WordPress/6.8.3; http://cqqizhou.com"
114.119.156.185 - - [03/Jan/2026:17:10:56 +0800] "GET /wp-sitemap.xml HTTP/1.1" 501 253 "-" "Mozilla/5.0 (Linux; Android 7.0;) AppleWebKit/537.36 (KHTML, like Gecko) Mobile Safari/537.36 (compatible; PetalBot;+https://webmaster.petalsearch.com/site/petalbot)"
193.142.147.209 - - [03/Jan/2026:17:14:12 +0800] "POST / HTTP/1.1" 499 0 "-" "Mozilla/5.0 (Windows NT 10.0; Win64; x64) AppleWebKit/537.36"
36.133.115.36 - - [03/Jan/2026:17:14:13 +0800] "POST /wp-cron.php?doing_wp_cron=1767431653.6279549598693847656250 HTTP/1.1" 200 31 "-" "WordPress/6.8.3; http://cqqizhou.com"
36.133.115.36 - - [03/Jan/2026:17:19:36 +0800] "POST /wp-cron.php?doing_wp_cron=1767431976.6537930965423583984375 HTTP/1.1" 200 31 "-" "WordPress/6.8.3; http://cqqizhou.com"
114.119.130.231 - - [03/Jan/2026:17:19:36 +0800] "GET /wp-sitemap.xml HTTP/1.1" 501 253 "-" "Mozilla/5.0 (Linux; Android 7.0;) AppleWebKit/537.36 (KHTML, like Gecko) Mobile Safari/537.36 (compatible; PetalBot;+https://webmaster.petalsearch.com/site/petalbot)"
36.133.115.36 - - [03/Jan/2026:17:28:56 +0800] "POST /wp-cron.php?doing_wp_cron=1767432536.2282409667968750000000 HTTP/1.1" 200 31 "-" "WordPress/6.8.3; http://cqqizhou.com"
164.132.49.123 - - [03/Jan/2026:17:28:56 +0800] "POST /xmlrpc.php HTTP/1.1" 200 217 "-" "Mozilla/5.0 (Windows NT 10.0; Win64; x64; rv:51.0) Gecko/20100101 Firefox/51.0"
36.133.115.36 - - [03/Jan/2026:17:30:13 +0800] "POST /wp-cron.php?doing_wp_cron=1767432613.3247361183166503906250 HTTP/1.1" 200 31 "-" "WordPress/6.8.3; http://cqqizhou.com"
38.46.221.123 - - [03/Jan/2026:17:30:13 +0800] "GET http://check.9tb.org/ HTTP/1.1" 301 5 "-" "Go-http-client/1.1"
38.46.221.123 - - [03/Jan/2026:17:30:14 +0800] "GET http://cqqizhou.com/ HTTP/1.1" 200 34110 "http://check.9tb.org" "Go-http-client/1.1"
36.133.115.36 - - [03/Jan/2026:17:54:32 +0800] "POST /wp-cron.php?doing_wp_cron=1767434072.1067929267883300781250 HTTP/1.1" 200 31 "-" "WordPress/6.8.3; http://cqqizhou.com"
114.119.146.230 - - [03/Jan/2026:17:54:32 +0800] "GET /wp-sitemap.xml HTTP/1.1" 501 253 "-" "Mozilla/5.0 (Linux; Android 7.0;) AppleWebKit/537.36 (KHTML, like Gecko) Mobile Safari/537.36 (compatible; PetalBot;+https://webmaster.petalsearch.com/site/petalbot)"
36.133.115.36 - - [03/Jan/2026:17:59:19 +0800] "POST /wp-cron.php?doing_wp_cron=1767434359.2823588848114013671875 HTTP/1.1" 200 31 "-" "WordPress/6.8.3; http://cqqizhou.com"
45.135.194.23 - - [03/Jan/2026:17:59:20 +0800] "GET / HTTP/1.1" 200 152290 "-" "-"
36.133.115.36 - - [03/Jan/2026:18:03:51 +0800] "POST /wp-cron.php?doing_wp_cron=1767434631.4036829471588134765625 HTTP/1.1" 200 31 "-" "WordPress/6.8.3; http://cqqizhou.com"
114.119.131.90 - - [03/Jan/2026:18:03:51 +0800] "GET /robots.txt HTTP/1.1" 200 190 "-" "Mozilla/5.0 (compatible;PetalBot;+https://webmaster.petalsearch.com/site/petalbot)"
36.133.115.36 - - [03/Jan/2026:18:09:49 +0800] "POST /wp-cron.php?doing_wp_cron=1767434989.4456169605255126953125 HTTP/1.1" 200 31 "-" "WordPress/6.8.3; http://cqqizhou.com"
43.157.52.37 - - [03/Jan/2026:18:09:49 +0800] "GET / HTTP/1.1" 301 5 "-" "Mozilla/5.0 (iPhone; CPU iPhone OS 13_2_3 like Mac OS X) AppleWebKit/605.1.15 (KHTML, like Gecko) Version/13.0.3 Mobile/15E148 Safari/604.1"
43.157.52.37 - - [03/Jan/2026:18:09:51 +0800] "GET / HTTP/1.1" 200 33678 "http://www.cqqizhou.com" "Mozilla/5.0 (iPhone; CPU iPhone OS 13_2_3 like Mac OS X) AppleWebKit/605.1.15 (KHTML, like Gecko) Version/13.0.3 Mobile/15E148 Safari/604.1"
36.133.115.36 - - [03/Jan/2026:18:30:47 +0800] "POST /wp-cron.php?doing_wp_cron=1767436247.4577689170837402343750 HTTP/1.1" 200 31 "-" "WordPress/6.8.3; http://cqqizhou.com"
204.76.203.219 - - [03/Jan/2026:18:30:47 +0800] "GET / HTTP/1.1" 200 33678 "-" "Mozilla/5.0 (Windows NT 10.0; Win64; x64) AppleWebKit/537.36 (KHTML, like Gecko) Chrome/90.0.4430.85 Safari/537.36 Edg/90.0.818.46"
180.184.144.248 - - [03/Jan/2026:18:33:43 +0800] "GET / HTTP/1.1" 200 34110 "-" "Mozilla/5.0 (Macintosh; Intel Mac OS X 10_15_7) AppleWebKit/537.36 (KHTML, like Gecko) Chrome/106.0.0.0 Safari/537.36"
36.133.115.36 - - [03/Jan/2026:18:37:57 +0800] "POST /wp-cron.php?doing_wp_cron=1767436677.8299160003662109375000 HTTP/1.1" 200 31 "-" "WordPress/6.8.3; http://cqqizhou.com"
5.39.1.255 - - [03/Jan/2026:18:37:57 +0800] "GET /robots.txt HTTP/1.1" 200 190 "-" "Mozilla/5.0 (compatible; AhrefsBot/7.0; +http://ahrefs.com/robot/)"
54.39.6.152 - - [03/Jan/2026:18:38:01 +0800] "GET / HTTP/1.1" 200 34110 "-" "Mozilla/5.0 (compatible; AhrefsBot/7.0; +http://ahrefs.com/robot/)"
36.133.115.36 - - [03/Jan/2026:18:41:40 +0800] "POST /wp-cron.php?doing_wp_cron=1767436900.4857239723205566406250 HTTP/1.1" 200 31 "-" "WordPress/6.8.3; http://cqqizhou.com"
141.98.11.23 - - [03/Jan/2026:18:41:40 +0800] "GET /wp-login.php HTTP/1.1" 200 2775 "-" "Mozilla/5.0 (Macintosh; Intel Mac OS X 10_15_7) AppleWebKit/537.36 (KHTML, like Gecko) Chrome/121.0.0.0 Safari/537.36"
36.133.115.36 - - [03/Jan/2026:18:41:49 +0800] "POST /wp-cron.php?doing_wp_cron=1767436909.5735940933227539062500 HTTP/1.1" 200 31 "-" "WordPress/6.8.3; http://cqqizhou.com"
141.98.11.23 - - [03/Jan/2026:18:41:49 +0800] "POST /wp-login.php HTTP/1.1" 200 2984 "http://CQQIZHOU.COM/wp-login.php" "Mozilla/5.0 (Windows NT 10.0; Win64; x64; rv:119.0) Gecko/20100101 Firefox/119.0"
141.98.11.23 - - [03/Jan/2026:18:41:52 +0800] "POST /wp-login.php HTTP/1.1" 200 2989 "http://CQQIZHOU.COM/wp-login.php" "Mozilla/5.0 (Windows NT 11.0; Win64; x64) AppleWebKit/537.36 (KHTML, like Gecko) Chrome/120.0.0.0 Safari/537.36"
141.98.11.23 - - [03/Jan/2026:18:41:54 +0800] "POST /wp-login.php HTTP/1.1" 200 2989 "http://CQQIZHOU.COM/wp-login.php" "Mozilla/5.0 (Macintosh; Intel Mac OS X 10_15_7) AppleWebKit/605.1.15 (KHTML, like Gecko) Version/16.6 Safari/605.1.15"
141.98.11.23 - - [03/Jan/2026:18:41:59 +0800] "POST /wp-login.php HTTP/1.1" 200 2986 "http://CQQIZHOU.COM/wp-login.php" "Mozilla/5.0 (Macintosh; Intel Mac OS X 13_6_1) AppleWebKit/605.1.15 (KHTML, like Gecko) Version/17.0 Safari/605.1.15"
141.98.11.23 - - [03/Jan/2026:18:42:02 +0800] "POST /wp-login.php HTTP/1.1" 200 2989 "http://CQQIZHOU.COM/wp-login.php" "Mozilla/5.0 (Macintosh; Intel Mac OS X 13_6_1) AppleWebKit/605.1.15 (KHTML, like Gecko) Version/17.2 Safari/605.1.15"
141.98.11.23 - - [03/Jan/2026:18:42:05 +0800] "POST /wp-login.php HTTP/1.1" 200 2986 "http://CQQIZHOU.COM/wp-login.php" "Mozilla/5.0 (Macintosh; Intel Mac OS X 13_6_1) AppleWebKit/537.36 (KHTML, like Gecko) Chrome/118.0.0.0 Safari/537.36"
141.98.11.23 - - [03/Jan/2026:18:42:07 +0800] "POST /wp-login.php HTTP/1.1" 200 2985 "http://CQQIZHOU.COM/wp-login.php" "Mozilla/5.0 (Macintosh; Intel Mac OS X 10_15_7) AppleWebKit/605.1.15 (KHTML, like Gecko) Version/16.6 Safari/605.1.15"
141.98.11.23 - - [03/Jan/2026:18:42:10 +0800] "POST /wp-login.php HTTP/1.1" 200 2992 "http://CQQIZHOU.COM/wp-login.php" "Mozilla/5.0 (Windows NT 10.0; Win64; x64) AppleWebKit/537.36 (KHTML, like Gecko) Chrome/119.0.0.0 Safari/537.36"
141.98.11.23 - - [03/Jan/2026:18:42:13 +0800] "POST /wp-login.php HTTP/1.1" 200 2989 "http://CQQIZHOU.COM/wp-login.php" "Mozilla/5.0 (Macintosh; Intel Mac OS X 13_6_1) AppleWebKit/537.36 (KHTML, like Gecko) Chrome/118.0.0.0 Safari/537.36"
141.98.11.23 - - [03/Jan/2026:18:42:16 +0800] "POST /wp-login.php HTTP/1.1" 200 2985 "http://CQQIZHOU.COM/wp-login.php" "Mozilla/5.0 (Macintosh; Intel Mac OS X 13_6_1) AppleWebKit/605.1.15 (KHTML, like Gecko) Version/16.6 Safari/605.1.15"
141.98.11.23 - - [03/Jan/2026:18:42:18 +0800] "POST /wp-login.php HTTP/1.1" 200 2904 "http://CQQIZHOU.COM/wp-login.php" "Mozilla/5.0 (Windows NT 11.0; Win64; x64; rv:121.0) Gecko/20100101 Firefox/121.0"
141.98.11.23 - - [03/Jan/2026:18:42:22 +0800] "POST /wp-login.php HTTP/1.1" 200 2995 "http://CQQIZHOU.COM/wp-login.php" "Mozilla/5.0 (Macintosh; Intel Mac OS X 13_6_1; rv:121.0) Gecko/20100101 Firefox/121.0"
141.98.11.23 - - [03/Jan/2026:18:42:25 +0800] "POST /wp-login.php HTTP/1.1" 200 2904 "http://CQQIZHOU.COM/wp-login.php" "Mozilla/5.0 (Macintosh; Intel Mac OS X 13_6_1) AppleWebKit/537.36 (KHTML, like Gecko) Chrome/120.0.0.0 Safari/537.36"
141.98.11.23 - - [03/Jan/2026:18:42:28 +0800] "POST /wp-login.php HTTP/1.1" 200 2991 "http://CQQIZHOU.COM/wp-login.php" "Mozilla/5.0 (Windows NT 10.0; Win64; x64; rv:121.0) Gecko/20100101 Firefox/121.0"
141.98.11.23 - - [03/Jan/2026:18:42:30 +0800] "POST /wp-login.php HTTP/1.1" 200 2933 "http://CQQIZHOU.COM/wp-login.php" "Mozilla/5.0 (Macintosh; Intel Mac OS X 10_15_7; rv:120.0) Gecko/20100101 Firefox/120.0"
141.98.11.23 - - [03/Jan/2026:18:42:32 +0800] "POST /wp-login.php HTTP/1.1" 200 2933 "http://CQQIZHOU.COM/wp-login.php" "Mozilla/5.0 (Windows NT 10.0; Win64; x64) AppleWebKit/537.36 (KHTML, like Gecko) Chrome/121.0.0.0 Safari/537.36"
141.98.11.23 - - [03/Jan/2026:18:42:35 +0800] "POST /wp-login.php HTTP/1.1" 200 2990 "http://CQQIZHOU.COM/wp-login.php" "Mozilla/5.0 (Macintosh; Intel Mac OS X 13_6_1; rv:121.0) Gecko/20100101 Firefox/121.0"
141.98.11.23 - - [03/Jan/2026:18:42:38 +0800] "POST /wp-login.php HTTP/1.1" 200 2987 "http://CQQIZHOU.COM/wp-login.php" "Mozilla/5.0 (X11; Linux x86_64) AppleWebKit/537.36 (KHTML, like Gecko) Chrome/121.0.0.0 Safari/537.36"
141.98.11.23 - - [03/Jan/2026:18:42:40 +0800] "POST /wp-login.php HTTP/1.1" 200 2986 "http://CQQIZHOU.COM/wp-login.php" "Mozilla/5.0 (Windows NT 11.0; Win64; x64; rv:120.0) Gecko/20100101 Firefox/120.0"
141.98.11.23 - - [03/Jan/2026:18:42:43 +0800] "POST /wp-login.php HTTP/1.1" 200 2904 "http://CQQIZHOU.COM/wp-login.php" "Mozilla/5.0 (Macintosh; Intel Mac OS X 10_15_7) AppleWebKit/605.1.15 (KHTML, like Gecko) Version/17.1 Safari/605.1.15"
36.133.115.36 - - [03/Jan/2026:18:42:46 +0800] "POST /wp-cron.php?doing_wp_cron=1767436966.7346780300140380859375 HTTP/1.1" 200 31 "-" "WordPress/6.8.3; http://cqqizhou.com"
141.98.11.23 - - [03/Jan/2026:18:42:46 +0800] "POST /wp-login.php HTTP/1.1" 200 2933 "http://CQQIZHOU.COM/wp-login.php" "Mozilla/5.0 (Windows NT 10.0; Win64; x64) AppleWebKit/537.36 (KHTML, like Gecko) Chrome/118.0.0.0 Safari/537.36"
141.98.11.23 - - [03/Jan/2026:18:42:52 +0800] "POST /wp-login.php HTTP/1.1" 200 2988 "http://CQQIZHOU.COM/wp-login.php" "Mozilla/5.0 (Macintosh; Intel Mac OS X 13_6_1; rv:119.0) Gecko/20100101 Firefox/119.0"
141.98.11.23 - - [03/Jan/2026:18:42:56 +0800] "POST /wp-login.php HTTP/1.1" 200 2987 "http://CQQIZHOU.COM/wp-login.php" "Mozilla/5.0 (Macintosh; Intel Mac OS X 10_15_7) AppleWebKit/537.36 (KHTML, like Gecko) Chrome/119.0.0.0 Safari/537.36"
141.98.11.23 - - [03/Jan/2026:18:43:00 +0800] "POST /wp-login.php HTTP/1.1" 200 2904 "http://CQQIZHOU.COM/wp-login.php" "Mozilla/5.0 (Windows NT 11.0; Win64; x64) AppleWebKit/537.36 (KHTML, like Gecko) Chrome/119.0.0.0 Safari/537.36"
141.98.11.23 - - [03/Jan/2026:18:43:07 +0800] "POST /wp-login.php HTTP/1.1" 200 2988 "http://CQQIZHOU.COM/wp-login.php" "Mozilla/5.0 (Windows NT 10.0; Win64; x64; rv:121.0) Gecko/20100101 Firefox/121.0"
141.98.11.23 - - [03/Jan/2026:18:43:09 +0800] "POST /wp-login.php HTTP/1.1" 200 2992 "http://CQQIZHOU.COM/wp-login.php" "Mozilla/5.0 (X11; Linux x86_64) AppleWebKit/537.36 (KHTML, like Gecko) Chrome/119.0.0.0 Safari/537.36"
36.133.115.36 - - [03/Jan/2026:18:46:02 +0800] "POST /wp-cron.php?doing_wp_cron=1767437162.7428939342498779296875 HTTP/1.1" 200 31 "-" "WordPress/6.8.3; http://cqqizhou.com"
162.240.102.83 - - [03/Jan/2026:18:46:02 +0800] "POST /xmlrpc.php HTTP/1.1" 200 217 "-" "Mozilla/5.0 (Windows NT 10.0; Win64; x64; rv:100.0) Gecko/20100101 Firefox/100.0"
36.133.115.36 - - [03/Jan/2026:19:03:02 +0800] "POST /wp-cron.php?doing_wp_cron=1767438182.4423410892486572265625 HTTP/1.1" 200 31 "-" "WordPress/6.8.3; http://cqqizhou.com"
34.78.138.90 - - [03/Jan/2026:19:03:02 +0800] "GET / HTTP/1.1" 301 5 "-" "python-requests/2.32.5"
36.133.115.36 - - [03/Jan/2026:19:15:41 +0800] "POST /wp-cron.php?doing_wp_cron=1767438941.2882978916168212890625 HTTP/1.1" 200 31 "-" "WordPress/6.8.3; http://cqqizhou.com"
37.97.206.40 - - [03/Jan/2026:19:15:41 +0800] "POST /xmlrpc.php HTTP/1.1" 200 217 "-" "Mozilla/5.0 (Windows NT 10.0; Win64; x64; rv:72.0) Gecko/20100101 Firefox/72.0"
36.133.115.36 - - [03/Jan/2026:19:18:21 +0800] "POST /wp-cron.php?doing_wp_cron=1767439101.3145420551300048828125 HTTP/1.1" 200 31 "-" "WordPress/6.8.3; http://cqqizhou.com"
51.68.107.156 - - [03/Jan/2026:19:18:21 +0800] "GET /robots.txt HTTP/1.1" 200 190 "-" "Mozilla/5.0 (compatible; MJ12bot/v2.0.4; http://mj12bot.com/)"
51.68.107.156 - - [03/Jan/2026:19:18:21 +0800] "GET / HTTP/1.1" 200 34110 "-" "Mozilla/5.0 (compatible; MJ12bot/v2.0.4; http://mj12bot.com/)"
36.133.115.36 - - [03/Jan/2026:19:23:29 +0800] "POST /wp-cron.php?doing_wp_cron=1767439409.6396760940551757812500 HTTP/1.1" 200 31 "-" "WordPress/6.8.3; http://cqqizhou.com"
204.76.203.219 - - [03/Jan/2026:19:23:29 +0800] "GET / HTTP/1.1" 200 33678 "-" "Mozilla/5.0 (Windows NT 10.0; Win64; x64) AppleWebKit/537.36 (KHTML, like Gecko) Chrome/90.0.4430.85 Safari/537.36 Edg/90.0.818.46"
36.133.115.36 - - [03/Jan/2026:19:33:43 +0800] "POST /wp-cron.php?doing_wp_cron=1767440023.0310990810394287109375 HTTP/1.1" 200 31 "-" "WordPress/6.8.3; http://cqqizhou.com"
198.91.136.35 - - [03/Jan/2026:19:33:43 +0800] "POST /hello.world?%ADd+allow_url_include%3d1+%ADd+auto_prepend_file%3dphp://input HTTP/1.1" 404 31364 "-" "libredtail-http"
198.91.136.35 - - [03/Jan/2026:19:33:46 +0800] "POST /?%ADd+allow_url_include%3d1+%ADd+auto_prepend_file%3dphp://input HTTP/1.1" 200 152290 "-" "libredtail-http"
198.91.136.35 - - [03/Jan/2026:19:33:47 +0800] "GET /vendor/phpunit/phpunit/src/Util/PHP/eval-stdin.php HTTP/1.1" 404 27 "-" "libredtail-http"
198.91.136.35 - - [03/Jan/2026:19:33:48 +0800] "GET /vendor/phpunit/phpunit/Util/PHP/eval-stdin.php HTTP/1.1" 404 27 "-" "libredtail-http"
198.91.136.35 - - [03/Jan/2026:19:33:48 +0800] "GET /vendor/phpunit/src/Util/PHP/eval-stdin.php HTTP/1.1" 404 27 "-" "libredtail-http"
198.91.136.35 - - [03/Jan/2026:19:33:49 +0800] "GET /vendor/phpunit/Util/PHP/eval-stdin.php HTTP/1.1" 404 27 "-" "libredtail-http"
198.91.136.35 - - [03/Jan/2026:19:33:50 +0800] "GET /vendor/phpunit/phpunit/LICENSE/eval-stdin.php HTTP/1.1" 404 27 "-" "libredtail-http"
198.91.136.35 - - [03/Jan/2026:19:33:50 +0800] "GET /vendor/vendor/phpunit/phpunit/src/Util/PHP/eval-stdin.php HTTP/1.1" 404 27 "-" "libredtail-http"
198.91.136.35 - - [03/Jan/2026:19:33:52 +0800] "GET /phpunit/phpunit/src/Util/PHP/eval-stdin.php HTTP/1.1" 404 27 "-" "libredtail-http"
198.91.136.35 - - [03/Jan/2026:19:33:52 +0800] "GET /phpunit/phpunit/Util/PHP/eval-stdin.php HTTP/1.1" 404 27 "-" "libredtail-http"
198.91.136.35 - - [03/Jan/2026:19:33:53 +0800] "GET /phpunit/src/Util/PHP/eval-stdin.php HTTP/1.1" 404 27 "-" "libredtail-http"
198.91.136.35 - - [03/Jan/2026:19:33:53 +0800] "GET /phpunit/Util/PHP/eval-stdin.php HTTP/1.1" 404 27 "-" "libredtail-http"
198.91.136.35 - - [03/Jan/2026:19:33:54 +0800] "GET /lib/phpunit/phpunit/src/Util/PHP/eval-stdin.php HTTP/1.1" 404 27 "-" "libredtail-http"
198.91.136.35 - - [03/Jan/2026:19:33:54 +0800] "GET /lib/phpunit/phpunit/Util/PHP/eval-stdin.php HTTP/1.1" 404 27 "-" "libredtail-http"
198.91.136.35 - - [03/Jan/2026:19:33:55 +0800] "GET /lib/phpunit/src/Util/PHP/eval-stdin.php HTTP/1.1" 404 27 "-" "libredtail-http"
198.91.136.35 - - [03/Jan/2026:19:33:56 +0800] "GET /lib/phpunit/Util/PHP/eval-stdin.php HTTP/1.1" 404 27 "-" "libredtail-http"
198.91.136.35 - - [03/Jan/2026:19:33:57 +0800] "GET /lib/vendor/phpunit/phpunit/src/Util/PHP/eval-stdin.php HTTP/1.1" 404 27 "-" "libredtail-http"
198.91.136.35 - - [03/Jan/2026:19:33:58 +0800] "GET /laravel/vendor/phpunit/phpunit/src/Util/PHP/eval-stdin.php HTTP/1.1" 404 27 "-" "libredtail-http"
198.91.136.35 - - [03/Jan/2026:19:33:59 +0800] "GET /www/vendor/phpunit/phpunit/src/Util/PHP/eval-stdin.php HTTP/1.1" 404 27 "-" "libredtail-http"
198.91.136.35 - - [03/Jan/2026:19:34:00 +0800] "GET /ws/vendor/phpunit/phpunit/src/Util/PHP/eval-stdin.php HTTP/1.1" 404 27 "-" "libredtail-http"
198.91.136.35 - - [03/Jan/2026:19:34:00 +0800] "GET /yii/vendor/phpunit/phpunit/src/Util/PHP/eval-stdin.php HTTP/1.1" 404 27 "-" "libredtail-http"
198.91.136.35 - - [03/Jan/2026:19:34:01 +0800] "GET /zend/vendor/phpunit/phpunit/src/Util/PHP/eval-stdin.php HTTP/1.1" 404 27 "-" "libredtail-http"
198.91.136.35 - - [03/Jan/2026:19:34:01 +0800] "GET /ws/ec/vendor/phpunit/phpunit/src/Util/PHP/eval-stdin.php HTTP/1.1" 404 27 "-" "libredtail-http"
198.91.136.35 - - [03/Jan/2026:19:34:02 +0800] "GET /V2/vendor/phpunit/phpunit/src/Util/PHP/eval-stdin.php HTTP/1.1" 404 27 "-" "libredtail-http"
198.91.136.35 - - [03/Jan/2026:19:34:03 +0800] "GET /tests/vendor/phpunit/phpunit/src/Util/PHP/eval-stdin.php HTTP/1.1" 404 27 "-" "libredtail-http"
198.91.136.35 - - [03/Jan/2026:19:34:03 +0800] "GET /test/vendor/phpunit/phpunit/src/Util/PHP/eval-stdin.php HTTP/1.1" 404 27 "-" "libredtail-http"
198.91.136.35 - - [03/Jan/2026:19:34:04 +0800] "GET /testing/vendor/phpunit/phpunit/src/Util/PHP/eval-stdin.php HTTP/1.1" 404 27 "-" "libredtail-http"
198.91.136.35 - - [03/Jan/2026:19:34:07 +0800] "GET /api/vendor/phpunit/phpunit/src/Util/PHP/eval-stdin.php HTTP/1.1" 404 27 "-" "libredtail-http"
198.91.136.35 - - [03/Jan/2026:19:34:07 +0800] "GET /demo/vendor/phpunit/phpunit/src/Util/PHP/eval-stdin.php HTTP/1.1" 404 27 "-" "libredtail-http"
198.91.136.35 - - [03/Jan/2026:19:34:07 +0800] "GET /cms/vendor/phpunit/phpunit/src/Util/PHP/eval-stdin.php HTTP/1.1" 404 27 "-" "libredtail-http"
198.91.136.35 - - [03/Jan/2026:19:34:08 +0800] "GET /crm/vendor/phpunit/phpunit/src/Util/PHP/eval-stdin.php HTTP/1.1" 404 27 "-" "libredtail-http"
198.91.136.35 - - [03/Jan/2026:19:34:08 +0800] "GET /admin/vendor/phpunit/phpunit/src/Util/PHP/eval-stdin.php HTTP/1.1" 404 27 "-" "libredtail-http"
198.91.136.35 - - [03/Jan/2026:19:34:09 +0800] "GET /backup/vendor/phpunit/phpunit/src/Util/PHP/eval-stdin.php HTTP/1.1" 404 27 "-" "libredtail-http"
198.91.136.35 - - [03/Jan/2026:19:34:09 +0800] "GET /blog/vendor/phpunit/phpunit/src/Util/PHP/eval-stdin.php HTTP/1.1" 404 27 "-" "libredtail-http"
198.91.136.35 - - [03/Jan/2026:19:34:09 +0800] "GET /workspace/drupal/vendor/phpunit/phpunit/src/Util/PHP/eval-stdin.php HTTP/1.1" 404 27 "-" "libredtail-http"
198.91.136.35 - - [03/Jan/2026:19:34:12 +0800] "GET /panel/vendor/phpunit/phpunit/src/Util/PHP/eval-stdin.php HTTP/1.1" 404 27 "-" "libredtail-http"
198.91.136.35 - - [03/Jan/2026:19:34:13 +0800] "GET /public/vendor/phpunit/phpunit/src/Util/PHP/eval-stdin.php HTTP/1.1" 404 27 "-" "libredtail-http"
198.91.136.35 - - [03/Jan/2026:19:34:14 +0800] "GET /apps/vendor/phpunit/phpunit/src/Util/PHP/eval-stdin.php HTTP/1.1" 404 27 "-" "libredtail-http"
198.91.136.35 - - [03/Jan/2026:19:34:15 +0800] "GET /app/vendor/phpunit/phpunit/src/Util/PHP/eval-stdin.php HTTP/1.1" 404 27 "-" "libredtail-http"
36.133.115.36 - - [03/Jan/2026:19:34:16 +0800] "POST /wp-cron.php?doing_wp_cron=1767440056.2052969932556152343750 HTTP/1.1" 200 31 "-" "WordPress/6.8.3; http://cqqizhou.com"
198.91.136.35 - - [03/Jan/2026:19:34:16 +0800] "GET /index.php?s=/index/\x5Cthink\x5Capp/invokefunction&function=call_user_func_array&vars[0]=md5&vars[1][]=Hello HTTP/1.1" 200 65428 "-" "libredtail-http"
198.91.136.35 - - [03/Jan/2026:19:34:17 +0800] "GET /public/index.php?s=/index/\x5Cthink\x5Capp/invokefunction&function=call_user_func_array&vars[0]=md5&vars[1][]=Hello HTTP/1.1" 404 27 "-" "libredtail-http"
198.91.136.35 - - [03/Jan/2026:19:34:19 +0800] "GET /index.php?lang=../../../../../../../../usr/local/lib/php/pearcmd&+config-create+/&/<?echo(md5(\x22hi\x22));?>+/tmp/index1.php HTTP/1.1" 200 152290 "-" "libredtail-http"
198.91.136.35 - - [03/Jan/2026:19:34:20 +0800] "GET /index.php?lang=../../../../../../../../tmp/index1 HTTP/1.1" 200 152290 "-" "libredtail-http"
198.91.136.35 - - [03/Jan/2026:19:34:22 +0800] "GET /containers/json HTTP/1.1" 301 5 "-" "libredtail-http"
198.91.136.35 - - [03/Jan/2026:19:34:24 +0800] "GET /containers/json HTTP/1.1" 301 5 "-" "libredtail-http"
36.133.115.36 - - [03/Jan/2026:19:37:55 +0800] "POST /wp-cron.php?doing_wp_cron=1767440275.9304978847503662109375 HTTP/1.1" 200 31 "-" "WordPress/6.8.3; http://cqqizhou.com"
172.202.117.125 - - [03/Jan/2026:19:37:56 +0800] "GET /developmentserver/metadatauploader HTTP/1.1" 404 8981 "-" "Mozilla/5.0 zgrab/0.x"
36.133.115.36 - - [03/Jan/2026:19:38:42 +0800] "POST /wp-cron.php?doing_wp_cron=1767440322.6496579647064208984375 HTTP/1.1" 200 31 "-" "WordPress/6.8.3; http://cqqizhou.com"
172.236.137.159 - - [03/Jan/2026:19:38:42 +0800] "GET / HTTP/1.0" 301 0 "-" "-"
172.236.137.159 - - [03/Jan/2026:19:38:54 +0800] "GET /login.php HTTP/1.1" 404 27 "-" "Mozilla/5.0 (X11; Linux x86_64) AppleWebKit/537.36 (KHTML"
36.133.115.36 - - [03/Jan/2026:19:38:54 +0800] "POST /wp-cron.php?doing_wp_cron=1767440334.6994628906250000000000 HTTP/1.1" 200 31 "-" "WordPress/6.8.3; http://cqqizhou.com"
172.236.137.159 - - [03/Jan/2026:19:38:54 +0800] "GET / HTTP/1.0" 301 0 "-" "-"
172.236.137.159 - - [03/Jan/2026:19:38:54 +0800] "GET /webui HTTP/1.1" 404 31364 "-" "Mozilla/5.0 (X11; Linux x86_64) AppleWebKit/537.36 (KHTML"
172.236.137.159 - - [03/Jan/2026:19:38:54 +0800] "GET /nmaplowercheck1767440326 HTTP/1.1" 404 31364 "-" "Mozilla/5.0 (X11; Linux x86_64) AppleWebKit/537.36 (KHTML"
172.236.137.159 - - [03/Jan/2026:19:38:55 +0800] "GET /dana-cached/hc/HostCheckerInstaller.osx HTTP/1.1" 404 8981 "-" "Mozilla/5.0 (X11; Linux x86_64) AppleWebKit/537.36 (KHTML"
172.236.137.159 - - [03/Jan/2026:19:38:55 +0800] "GET /dana-na/nc/nc_gina_ver.txt HTTP/1.1" 404 31364 "-" "Mozilla/5.0 (X11; Linux x86_64) AppleWebKit/537.36 (KHTML"
172.236.137.159 - - [03/Jan/2026:19:38:55 +0800] "GET /webui HTTP/1.1" 404 31364 "-" "Mozilla/5.0 (X11; Linux x86_64) AppleWebKit/537.36 (KHTML"
172.236.137.159 - - [03/Jan/2026:19:38:55 +0800] "GET /cgi-mod/header_logo.cgi?size=big HTTP/1.1" 404 31364 "-" "Mozilla/5.0 (X11; Linux x86_64) AppleWebKit/537.36 (KHTML"
172.236.137.159 - - [03/Jan/2026:19:38:55 +0800] "GET /user HTTP/1.1" 404 31364 "-" "Mozilla/5.0 (X11; Linux x86_64) AppleWebKit/537.36 (KHTML"
172.236.137.159 - - [03/Jan/2026:19:38:55 +0800] "GET /CFIDE/componentutils/ HTTP/1.1" 404 31364 "-" "Mozilla/5.0 (X11; Linux x86_64) AppleWebKit/537.36 (KHTML"
172.236.137.159 - - [03/Jan/2026:19:38:55 +0800] "GET /dniapi/userInfos HTTP/1.1" 404 31364 "-" "Mozilla/5.0 (X11; Linux x86_64) AppleWebKit/537.36 (KHTML"
172.236.137.159 - - [03/Jan/2026:19:38:56 +0800] "GET /fog/management/index.php?node=client&sub=logininfo HTTP/1.1" 404 27 "-" "Mozilla/5.0 (X11; Linux x86_64) AppleWebKit/537.36 (KHTML"
172.236.137.159 - - [03/Jan/2026:19:38:56 +0800] "GET /geoserver/ HTTP/1.1" 404 31364 "-" "Mozilla/5.0 (X11; Linux x86_64) AppleWebKit/537.36 (KHTML"
172.236.137.159 - - [03/Jan/2026:19:38:56 +0800] "GET /geoserver/web/wicket/bookmarkable/org.geoserver.web.AboutGeoServerPage HTTP/1.1" 404 31364 "-" "Mozilla/5.0 (X11; Linux x86_64) AppleWebKit/537.36 (KHTML"
172.236.137.159 - - [03/Jan/2026:19:38:56 +0800] "GET /Account/Login HTTP/1.1" 404 31364 "-" "Mozilla/5.0 (X11; Linux x86_64) AppleWebKit/537.36 (KHTML"
172.236.137.159 - - [03/Jan/2026:19:38:56 +0800] "GET /cgi-bin/info.cgi HTTP/1.1" 404 31364 "-" "Mozilla/5.0 (X11; Linux x86_64) AppleWebKit/537.36 (KHTML"
172.236.137.159 - - [03/Jan/2026:19:38:56 +0800] "GET /xml/info.xml HTTP/1.1" 404 31364 "-" "Mozilla/5.0 (X11; Linux x86_64) AppleWebKit/537.36 (KHTML"
172.236.137.159 - - [03/Jan/2026:19:38:56 +0800] "GET /magento_version HTTP/1.1" 404 31364 "-" "Mozilla/5.0 (X11; Linux x86_64) AppleWebKit/537.36 (KHTML"
172.236.137.159 - - [03/Jan/2026:19:38:56 +0800] "GET /api/v1/check-version HTTP/1.1" 404 31364 "-" "Mozilla/5.0 (X11; Linux x86_64) AppleWebKit/537.36 (KHTML"
172.236.137.159 - - [03/Jan/2026:19:38:56 +0800] "POST /sdk HTTP/1.1" 404 31364 "-" "Mozilla/5.0 (X11; Linux x86_64) AppleWebKit/537.36 (KHTML"
172.236.137.159 - - [03/Jan/2026:19:38:56 +0800] "GET / HTTP/1.0" 301 0 "-" "-"
172.236.137.159 - - [03/Jan/2026:19:38:57 +0800] "GET / HTTP/1.1" 301 5 "-" "Mozilla/5.0 (X11; Linux x86_64) AppleWebKit/537.36 (KHTML"
172.236.137.159 - - [03/Jan/2026:19:38:57 +0800] "GET /helpdesk/WebObjects/Helpdesk.woa HTTP/1.1" 404 31364 "-" "Mozilla/5.0 (X11; Linux x86_64) AppleWebKit/537.36 (KHTML"
172.236.137.159 - - [03/Jan/2026:19:38:57 +0800] "GET /owa/ HTTP/1.1" 404 31364 "-" "Mozilla/5.0 (X11; Linux x86_64) AppleWebKit/537.36 (KHTML"
172.236.137.159 - - [03/Jan/2026:19:38:57 +0800] "GET /cluster/list.query HTTP/1.1" 404 31364 "-" "Mozilla/5.0 (X11; Linux x86_64) AppleWebKit/537.36 (KHTML"
172.236.137.159 - - [03/Jan/2026:19:38:57 +0800] "GET /api/server/version HTTP/1.1" 404 31364 "-" "Mozilla/5.0 (X11; Linux x86_64) AppleWebKit/537.36 (KHTML"
172.236.137.159 - - [03/Jan/2026:19:38:57 +0800] "GET /language/en-GB/en-GB.xml HTTP/1.1" 404 31364 "-" "Mozilla/5.0 (X11; Linux x86_64) AppleWebKit/537.36 (KHTML"
172.236.137.159 - - [03/Jan/2026:19:38:57 +0800] "GET /versa/login HTTP/1.1" 404 31364 "-" "Mozilla/5.0 (X11; Linux x86_64) AppleWebKit/537.36 (KHTML"
172.236.137.159 - - [03/Jan/2026:19:38:57 +0800] "GET /HNAP1 HTTP/1.1" 404 31364 "-" "Mozilla/5.0 (X11; Linux x86_64) AppleWebKit/537.36 (KHTML"
172.236.137.159 - - [03/Jan/2026:19:38:57 +0800] "GET /login.html HTTP/1.1" 404 31364 "-" "Mozilla/5.0 (X11; Linux x86_64) AppleWebKit/537.36 (KHTML"
172.236.137.159 - - [03/Jan/2026:19:38:57 +0800] "GET / HTTP/1.1" 200 153978 "-" "Mozilla/5.0 (X11; Linux x86_64) AppleWebKit/537.36 (KHTML"
172.236.137.159 - - [03/Jan/2026:19:38:58 +0800] "GET /health HTTP/1.1" 404 31364 "-" "Mozilla/5.0 (X11; Linux x86_64) AppleWebKit/537.36 (KHTML"
172.236.137.159 - - [03/Jan/2026:19:38:58 +0800] "GET /portal/ HTTP/1.1" 404 31364 "-" "Mozilla/5.0 (X11; Linux x86_64) AppleWebKit/537.36 (KHTML"
172.236.137.159 - - [03/Jan/2026:19:38:58 +0800] "GET /api/version HTTP/1.1" 404 31364 "-" "Mozilla/5.0 (X11; Linux x86_64) AppleWebKit/537.36 (KHTML"
172.236.137.159 - - [03/Jan/2026:19:38:58 +0800] "GET /api/v2/about HTTP/1.1" 404 31364 "-" "Mozilla/5.0 (X11; Linux x86_64) AppleWebKit/537.36 (KHTML"
172.236.137.159 - - [03/Jan/2026:19:38:58 +0800] "GET /status HTTP/1.1" 404 31364 "-" "Mozilla/5.0 (X11; Linux x86_64) AppleWebKit/537.36 (KHTML"
172.236.137.159 - - [03/Jan/2026:19:38:58 +0800] "GET /p/login/ HTTP/1.1" 404 31364 "-" "Mozilla/5.0 (X11; Linux x86_64) AppleWebKit/537.36 (KHTML"
43.153.7.191 - - [03/Jan/2026:19:39:24 +0800] "GET / HTTP/1.1" 200 33678 "-" "Mozilla/5.0 (iPhone; CPU iPhone OS 13_2_3 like Mac OS X) AppleWebKit/605.1.15 (KHTML, like Gecko) Version/13.0.3 Mobile/15E148 Safari/604.1"
172.236.137.159 - - [03/Jan/2026:19:39:30 +0800] "GET /info.asp HTTP/1.1" 404 31364 "-" "Mozilla/5.0 (X11; Linux x86_64) AppleWebKit/537.36 (KHTML"
172.236.137.159 - - [03/Jan/2026:19:39:32 +0800] "GET / HTTP/1.0" 301 0 "-" "-"
172.236.137.159 - - [03/Jan/2026:19:39:33 +0800] "GET / HTTP/1.1" 301 5 "-" "-"
36.133.115.36 - - [03/Jan/2026:19:45:46 +0800] "POST /wp-cron.php?doing_wp_cron=1767440746.0170459747314453125000 HTTP/1.1" 200 31 "-" "WordPress/6.8.3; http://cqqizhou.com"
74.7.241.15 - - [03/Jan/2026:19:45:46 +0800] "GET /wp-sitemap.xml HTTP/1.1" 501 253 "-" "Mozilla/5.0 AppleWebKit/537.36 (KHTML, like Gecko; compatible; GPTBot/1.3; +https://openai.com/gptbot)"
74.7.230.13 - - [03/Jan/2026:19:45:47 +0800] "GET /robots.txt HTTP/1.1" 200 190 "-" "Mozilla/5.0 (Macintosh; Intel Mac OS X 10_15_7) AppleWebKit/537.36 (KHTML, like Gecko) Chrome/131.0.0.0 Safari/537.36; compatible; OAI-SearchBot/1.3; robots.txt; +https://openai.com/searchbot"
36.133.115.36 - - [03/Jan/2026:19:48:16 +0800] "POST /wp-cron.php?doing_wp_cron=1767440896.8632290363311767578125 HTTP/1.1" 200 31 "-" "WordPress/6.8.3; http://cqqizhou.com"
89.42.231.239 - - [03/Jan/2026:19:48:17 +0800] "GET / HTTP/1.1" 200 152290 "-" "-"
36.133.115.36 - - [03/Jan/2026:19:58:22 +0800] "POST /wp-cron.php?doing_wp_cron=1767441502.8579659461975097656250 HTTP/1.1" 200 31 "-" "WordPress/6.8.3; http://cqqizhou.com"
193.142.147.209 - - [03/Jan/2026:19:58:23 +0800] "POST / HTTP/1.1" 200 33678 "-" "Mozilla/5.0 (Windows NT 10.0; Win64; x64) AppleWebKit/537.36"
167.114.139.211 - - [03/Jan/2026:19:59:56 +0800] "GET /portfolio-tag/%E9%9E%8D%E9%92%A2%E8%92%82%E6%A3%AE/ HTTP/1.1" 200 22871 "-" "Mozilla/5.0 (compatible; AhrefsBot/7.0; +http://ahrefs.com/robot/)"
36.133.115.36 - - [03/Jan/2026:20:03:48 +0800] "POST /wp-cron.php?doing_wp_cron=1767441828.2640979290008544921875 HTTP/1.1" 200 31 "-" "WordPress/6.8.3; http://cqqizhou.com"
164.52.24.178 - - [03/Jan/2026:20:03:48 +0800] "GET / HTTP/1.1" 301 5 "-" "Mozilla/5.0 (Windows NT 10.0; Win64; x64) AppleWebKit/537.36 (KHTML, like Gecko) Chrome/114.0.0.0 Safari/537.36"
164.52.24.178 - - [03/Jan/2026:20:03:53 +0800] "GET / HTTP/1.1" 301 5 "-" "-"
164.52.24.178 - - [03/Jan/2026:20:03:57 +0800] "GET / HTTP/1.1" 200 153978 "-" "Mozilla/5.0 (Windows NT 10.0; Win64; x64) AppleWebKit/537.36 (KHTML, like Gecko) Chrome/114.0.0.0 Safari/537.36"
36.133.115.36 - - [03/Jan/2026:20:07:07 +0800] "POST /wp-cron.php?doing_wp_cron=1767442027.9375178813934326171875 HTTP/1.1" 200 31 "-" "WordPress/6.8.3; http://cqqizhou.com"
81.8.91.201 - - [03/Jan/2026:20:07:08 +0800] "POST /xmlrpc.php HTTP/1.1" 200 217 "-" "Mozilla/5.0 (Windows NT 10.0; Win64; x64; rv:48.0) Gecko/20100101 Firefox/48.0"
36.133.115.36 - - [03/Jan/2026:20:17:52 +0800] "POST /wp-cron.php?doing_wp_cron=1767442672.5432569980621337890625 HTTP/1.1" 200 31 "-" "WordPress/6.8.3; http://cqqizhou.com"
204.76.203.219 - - [03/Jan/2026:20:17:52 +0800] "GET / HTTP/1.1" 200 33677 "-" "Mozilla/5.0 (Windows NT 10.0; Win64; x64) AppleWebKit/537.36 (KHTML, like Gecko) Chrome/90.0.4430.85 Safari/537.36 Edg/90.0.818.46"
36.133.115.36 - - [03/Jan/2026:20:21:58 +0800] "POST /wp-cron.php?doing_wp_cron=1767442918.6029310226440429687500 HTTP/1.1" 200 31 "-" "WordPress/6.8.3; http://cqqizhou.com"
112.51.40.208 - - [03/Jan/2026:20:21:58 +0800] "GET / HTTP/1.1" 301 5 "-" "Mozilla/5.0 (Windows NT 6.2; WOW64) AppleWebKit/537.36 (KHTML, like Gecko) Chrome/81.0.4044.69"
110.81.94.22 - - [03/Jan/2026:20:22:01 +0800] "GET / HTTP/1.1" 301 5 "-" "Mozilla/5.0 (Windows NT 6.2; WOW64) AppleWebKit/537.36 (KHTML, like Gecko) Chrome/81.0.4044.69"
27.157.0.36 - - [03/Jan/2026:20:22:11 +0800] "GET / HTTP/1.1" 301 5 "-" "Mozilla/5.0 (Windows NT 6.2; WOW64) AppleWebKit/537.36 (KHTML, like Gecko) Chrome/81.0.4044.69"
113.124.217.18 - - [03/Jan/2026:20:22:16 +0800] "GET / HTTP/1.1" 301 5 "-" "Mozilla/5.0 (Windows NT 6.2; WOW64) AppleWebKit/537.36 (KHTML, like Gecko) Chrome/81.0.4044.69"
113.124.217.18 - - [03/Jan/2026:20:22:17 +0800] "GET / HTTP/1.1" 200 34110 "-" "Mozilla/5.0 (Windows NT 6.2) AppleWebKit/537.36 (KHTML, like Gecko) Chrome/72.0.3626.69"
113.124.217.18 - - [03/Jan/2026:20:22:20 +0800] "GET / HTTP/1.1" 301 5 "-" "Mozilla/5.0 (Windows NT 6.2; WOW64) AppleWebKit/537.36 (KHTML, like Gecko) Chrome/81.0.4044.69"
223.73.169.122 - - [03/Jan/2026:20:22:23 +0800] "GET / HTTP/1.1" 301 5 "-" "Mozilla/5.0 (Windows NT 6.2; WOW64) AppleWebKit/537.36 (KHTML, like Gecko) Chrome/81.0.4044.69"
183.226.176.153 - - [03/Jan/2026:20:22:25 +0800] "GET / HTTP/1.1" 301 5 "-" "Mozilla/5.0 (Windows NT 6.2; WOW64) AppleWebKit/537.36 (KHTML, like Gecko) Chrome/81.0.4044.69"
123.88.253.129 - - [03/Jan/2026:20:22:38 +0800] "GET / HTTP/1.1" 301 5 "-" "Mozilla/5.0 (Windows NT 6.2; WOW64) AppleWebKit/537.36 (KHTML, like Gecko) Chrome/81.0.4044.69"
171.9.109.65 - - [03/Jan/2026:20:22:40 +0800] "GET / HTTP/1.1" 301 5 "-" "Mozilla/5.0 (Windows NT 6.2; WOW64) AppleWebKit/537.36 (KHTML, like Gecko) Chrome/81.0.4044.69"
198.235.24.35 - - [03/Jan/2026:20:23:20 +0800] "GET / HTTP/1.1" 200 153978 "-" "-"
36.133.115.36 - - [03/Jan/2026:20:36:24 +0800] "POST /wp-cron.php?doing_wp_cron=1767443784.1145100593566894531250 HTTP/1.1" 200 31 "-" "WordPress/6.8.3; http://cqqizhou.com"
3.149.59.26 - - [03/Jan/2026:20:36:24 +0800] "GET / HTTP/1.1" 301 5 "-" "cypex.ai/scanning Mozilla/5.0 (Macintosh; Intel Mac OS X 10_15_7) Chrome/126.0.0.0 Safari/537.36"
36.133.115.36 - - [03/Jan/2026:20:38:27 +0800] "POST /wp-cron.php?doing_wp_cron=1767443907.7668709754943847656250 HTTP/1.1" 200 31 "-" "WordPress/6.8.3; http://cqqizhou.com"
3.149.59.26 - - [03/Jan/2026:20:38:27 +0800] "GET / HTTP/1.1" 301 5 "-" "cypex.ai/scanning Mozilla/5.0 (Macintosh; Intel Mac OS X 10_15_7) Chrome/126.0.0.0 Safari/537.36"
31.42.185.49 - - [03/Jan/2026:20:44:24 +0800] "GET / HTTP/1.1" 200 34110 "-" "Mozilla/5.0 (Windows NT 10.0; Win64; x64) AppleWebKit/537.36 (KHTML, like Gecko) Chrome/98.0.4758.102 Safari/537.36"
36.133.115.36 - - [03/Jan/2026:20:44:26 +0800] "POST /wp-cron.php?doing_wp_cron=1767444266.0704219341278076171875 HTTP/1.1" 200 31 "-" "WordPress/6.8.3; http://cqqizhou.com"
31.42.185.49 - - [03/Jan/2026:20:44:26 +0800] "GET /wp-config.php~ HTTP/1.1" 404 8981 "-" "Mozilla/5.0 (Windows NT 10.0; Win64; x64) AppleWebKit/537.36 (KHTML, like Gecko) Chrome/98.0.4758.102 Safari/537.36"
31.42.185.49 - - [03/Jan/2026:20:44:27 +0800] "GET /wp-config.php_ HTTP/1.1" 404 8981 "-" "Mozilla/5.0 (Windows NT 10.0; Win64; x64) AppleWebKit/537.36 (KHTML, like Gecko) Chrome/98.0.4758.102 Safari/537.36"
31.42.185.49 - - [03/Jan/2026:20:44:28 +0800] "GET /wp-config.php2 HTTP/1.1" 404 8981 "-" "Mozilla/5.0 (Windows NT 10.0; Win64; x64) AppleWebKit/537.36 (KHTML, like Gecko) Chrome/98.0.4758.102 Safari/537.36"
31.42.185.49 - - [03/Jan/2026:20:44:33 +0800] "GET /wp-config.php.backup HTTP/1.1" 404 8981 "-" "Mozilla/5.0 (Windows NT 10.0; Win64; x64) AppleWebKit/537.36 (KHTML, like Gecko) Chrome/98.0.4758.102 Safari/537.36"
31.42.185.49 - - [03/Jan/2026:20:44:34 +0800] "GET /wp-config.php_backup HTTP/1.1" 404 8982 "-" "Mozilla/5.0 (Windows NT 10.0; Win64; x64) AppleWebKit/537.36 (KHTML, like Gecko) Chrome/98.0.4758.102 Safari/537.36"
31.42.185.49 - - [03/Jan/2026:20:44:36 +0800] "GET /wp-config.php.bak HTTP/1.1" 404 8981 "-" "Mozilla/5.0 (Windows NT 10.0; Win64; x64) AppleWebKit/537.36 (KHTML, like Gecko) Chrome/98.0.4758.102 Safari/537.36"
52.167.144.158 - - [03/Jan/2026:20:44:37 +0800] "GET /?s=2026 HTTP/1.1" 200 17784 "-" "Mozilla/5.0 AppleWebKit/537.36 (KHTML, like Gecko; compatible; bingbot/2.0; +http://www.bing.com/bingbot.htm) Chrome/116.0.1938.76 Safari/537.36"
31.42.185.49 - - [03/Jan/2026:20:44:37 +0800] "GET /wp-config.phpbak HTTP/1.1" 404 8981 "-" "Mozilla/5.0 (Windows NT 10.0; Win64; x64) AppleWebKit/537.36 (KHTML, like Gecko) Chrome/98.0.4758.102 Safari/537.36"
31.42.185.49 - - [03/Jan/2026:20:44:39 +0800] "GET /wp-config.php_bak HTTP/1.1" 404 8981 "-" "Mozilla/5.0 (Windows NT 10.0; Win64; x64) AppleWebKit/537.36 (KHTML, like Gecko) Chrome/98.0.4758.102 Safari/537.36"
31.42.185.49 - - [03/Jan/2026:20:44:43 +0800] "GET /wp-config.php.old HTTP/1.1" 404 8981 "-" "Mozilla/5.0 (Windows NT 10.0; Win64; x64) AppleWebKit/537.36 (KHTML, like Gecko) Chrome/98.0.4758.102 Safari/537.36"
36.133.115.36 - - [03/Jan/2026:20:44:47 +0800] "POST /wp-cron.php?doing_wp_cron=1767444287.7279748916625976562500 HTTP/1.1" 200 31 "-" "WordPress/6.8.3; http://cqqizhou.com"
31.42.185.49 - - [03/Jan/2026:20:44:47 +0800] "GET /wp-config.phpold HTTP/1.1" 404 8981 "-" "Mozilla/5.0 (Windows NT 10.0; Win64; x64) AppleWebKit/537.36 (KHTML, like Gecko) Chrome/98.0.4758.102 Safari/537.36"
31.42.185.49 - - [03/Jan/2026:20:44:49 +0800] "GET /wp-config.php_old HTTP/1.1" 404 8981 "-" "Mozilla/5.0 (Windows NT 10.0; Win64; x64) AppleWebKit/537.36 (KHTML, like Gecko) Chrome/98.0.4758.102 Safari/537.36"
31.42.185.49 - - [03/Jan/2026:20:44:52 +0800] "GET /wp-config.php.BAK HTTP/1.1" 404 8981 "-" "Mozilla/5.0 (Windows NT 10.0; Win64; x64) AppleWebKit/537.36 (KHTML, like Gecko) Chrome/98.0.4758.102 Safari/537.36"
31.42.185.49 - - [03/Jan/2026:20:44:56 +0800] "GET /wp-config.phpBAK HTTP/1.1" 404 8981 "-" "Mozilla/5.0 (Windows NT 10.0; Win64; x64) AppleWebKit/537.36 (KHTML, like Gecko) Chrome/98.0.4758.102 Safari/537.36"
31.42.185.49 - - [03/Jan/2026:20:44:57 +0800] "GET /wp-config.php_BAK HTTP/1.1" 404 8981 "-" "Mozilla/5.0 (Windows NT 10.0; Win64; x64) AppleWebKit/537.36 (KHTML, like Gecko) Chrome/98.0.4758.102 Safari/537.36"
31.42.185.49 - - [03/Jan/2026:20:45:02 +0800] "GET /wp-config.php.OLD HTTP/1.1" 404 8981 "-" "Mozilla/5.0 (Windows NT 10.0; Win64; x64) AppleWebKit/537.36 (KHTML, like Gecko) Chrome/98.0.4758.102 Safari/537.36"
31.42.185.49 - - [03/Jan/2026:20:45:03 +0800] "GET /wp-config.phpOLD HTTP/1.1" 404 8975 "-" "Mozilla/5.0 (Windows NT 10.0; Win64; x64) AppleWebKit/537.36 (KHTML, like Gecko) Chrome/98.0.4758.102 Safari/537.36"
31.42.185.49 - - [03/Jan/2026:20:45:06 +0800] "GET /wp-config.php_OLD HTTP/1.1" 404 8975 "-" "Mozilla/5.0 (Windows NT 10.0; Win64; x64) AppleWebKit/537.36 (KHTML, like Gecko) Chrome/98.0.4758.102 Safari/537.36"
31.42.185.49 - - [03/Jan/2026:20:45:14 +0800] "GET /wp-config.php_orig HTTP/1.1" 404 8976 "-" "Mozilla/5.0 (Windows NT 10.0; Win64; x64) AppleWebKit/537.36 (KHTML, like Gecko) Chrome/98.0.4758.102 Safari/537.36"
31.42.185.49 - - [03/Jan/2026:20:45:16 +0800] "GET /wp-config.php.orig HTTP/1.1" 404 8975 "-" "Mozilla/5.0 (Windows NT 10.0; Win64; x64) AppleWebKit/537.36 (KHTML, like Gecko) Chrome/98.0.4758.102 Safari/537.36"
31.42.185.49 - - [03/Jan/2026:20:45:17 +0800] "GET /MYzoomsounds/?action=dzsap_download&link=./wp-config.php HTTP/1.1" 404 8975 "-" "Mozilla/5.0 (Windows NT 10.0; Win64; x64) AppleWebKit/537.36 (KHTML, like Gecko) Chrome/98.0.4758.102 Safari/537.36"
31.42.185.49 - - [03/Jan/2026:20:45:18 +0800] "GET /wp-admin/admin-ajax.php?action=revslider_show_image&img=../wp-config.php HTTP/1.1" 400 11 "-" "Mozilla/5.0 (Windows NT 10.0; Win64; x64) AppleWebKit/537.36 (KHTML, like Gecko) Chrome/98.0.4758.102 Safari/537.36"
31.42.185.49 - - [03/Jan/2026:20:45:20 +0800] "GET /wp-admin/admin-ajax.php?action=duplicator_download&file=../wp-config.php HTTP/1.1" 400 11 "-" "Mozilla/5.0 (Windows NT 10.0; Win64; x64) AppleWebKit/537.36 (KHTML, like Gecko) Chrome/98.0.4758.102 Safari/537.36"
31.42.185.49 - - [03/Jan/2026:20:45:31 +0800] "GET /wp-content/themes/mTheme-Unus/css/css.php?files=../../../../wp-config.php HTTP/1.1" 404 47 "-" "Mozilla/5.0 (Windows NT 10.0; Win64; x64) AppleWebKit/537.36 (KHTML, like Gecko) Chrome/98.0.4758.102 Safari/537.36"
31.42.185.49 - - [03/Jan/2026:20:45:32 +0800] "GET /?aam-media=./wp-config.php HTTP/1.1" 301 5 "-" "Mozilla/5.0 (Windows NT 10.0; Win64; x64) AppleWebKit/537.36 (KHTML, like Gecko) Chrome/98.0.4758.102 Safari/537.36"
31.42.185.49 - - [03/Jan/2026:20:45:34 +0800] "GET /?aam-media=.%2Fwp-config.php HTTP/1.1" 200 33677 "-" "Mozilla/5.0 (Windows NT 10.0; Win64; x64) AppleWebKit/537.36 (KHTML, like Gecko) Chrome/98.0.4758.102 Safari/537.36"
31.42.185.49 - - [03/Jan/2026:20:45:38 +0800] "GET /wp-content/plugins/recent-backups/download-file.php?file_link=../../../wp-config.php HTTP/1.1" 404 47 "-" "Mozilla/5.0 (Windows NT 10.0; Win64; x64) AppleWebKit/537.36 (KHTML, like Gecko) Chrome/98.0.4758.102 Safari/537.36"
31.42.185.49 - - [03/Jan/2026:20:45:39 +0800] "GET /xmlrpc.php HTTP/1.1" 405 53 "-" "Mozilla/5.0 (Windows NT 10.0; Win64; x64) AppleWebKit/537.36 (KHTML, like Gecko) Chrome/98.0.4758.102 Safari/537.36"
31.42.185.49 - - [03/Jan/2026:20:45:40 +0800] "GET /?author=1 HTTP/1.1" 301 5 "-" "Mozilla/5.0 (Windows NT 10.0; Win64; x64) AppleWebKit/537.36 (KHTML, like Gecko) Chrome/98.0.4758.102 Safari/537.36"
31.42.185.49 - - [03/Jan/2026:20:45:41 +0800] "GET /author/admin/ HTTP/1.1" 200 25611 "-" "Mozilla/5.0 (Windows NT 10.0; Win64; x64) AppleWebKit/537.36 (KHTML, like Gecko) Chrome/98.0.4758.102 Safari/537.36"
