36.133.115.36 - - [03/Jan/2026:07:01:28 +0800] "POST /wp-cron.php?doing_wp_cron=1767394888.4945290088653564453125 HTTP/1.1" 200 31 "-" "WordPress/6.8.3; http://cqqizhou.com"
204.76.203.18 - - [03/Jan/2026:07:01:28 +0800] "GET /bins/ HTTP/1.1" 301 5 "-" "-"
204.76.203.18 - - [03/Jan/2026:07:01:32 +0800] "GET /bins/ HTTP/1.1" 301 5 "-" "-"
204.76.203.18 - - [03/Jan/2026:07:01:36 +0800] "GET /bins/ HTTP/1.1" 301 5 "-" "-"
204.76.203.18 - - [03/Jan/2026:07:01:40 +0800] "GET /bins/ HTTP/1.1" 301 5 "-" "-"
36.133.115.36 - - [03/Jan/2026:07:07:29 +0800] "POST /wp-cron.php?doing_wp_cron=1767395249.8141410350799560546875 HTTP/1.1" 200 31 "-" "WordPress/6.8.3; http://cqqizhou.com"
123.163.114.89 - - [03/Jan/2026:07:07:29 +0800] "GET / HTTP/1.1" 301 5 "-" "Mozilla/4.066686748 Mozilla/4.0 (compatible; MSIE 6.0; Windows NT 5.1)"
36.133.115.36 - - [03/Jan/2026:07:09:16 +0800] "POST /wp-cron.php?doing_wp_cron=1767395356.7584979534149169921875 HTTP/1.1" 200 31 "-" "WordPress/6.8.3; http://cqqizhou.com"
51.75.119.161 - - [03/Jan/2026:07:09:16 +0800] "GET /robots.txt HTTP/1.1" 200 390 "-" "Mozilla/5.0 (compatible; MJ12bot/v1.4.8; http://mj12bot.com/)"
51.75.119.161 - - [03/Jan/2026:07:09:18 +0800] "GET /portfolio/%E5%86%B7%E8%BD%A7%E5%8D%B7/ HTTP/1.1" 200 22115 "-" "Mozilla/5.0 (compatible; MJ12bot/v1.4.8; http://mj12bot.com/)"
36.133.115.36 - - [03/Jan/2026:07:15:50 +0800] "POST /wp-cron.php?doing_wp_cron=1767395750.2836689949035644531250 HTTP/1.1" 200 31 "-" "WordPress/6.8.3; http://cqqizhou.com"
51.75.74.17 - - [03/Jan/2026:07:15:50 +0800] "POST /xmlrpc.php HTTP/1.1" 200 217 "-" "Mozilla/5.0 (Windows NT 10.0; Win64; x64; rv:86.0) Gecko/20100101 Firefox/86.0"
36.133.115.36 - - [03/Jan/2026:07:24:16 +0800] "POST /wp-cron.php?doing_wp_cron=1767396256.0126469135284423828125 HTTP/1.1" 200 31 "-" "WordPress/6.8.3; http://cqqizhou.com"
36.133.108.119 - - [03/Jan/2026:07:24:16 +0800] "HEAD /actuator/gateway/routes HTTP/1.1" 404 0 "-" "Mozilla/5.0 (Windows NT 6.2; WOW64) AppleWebKit/537.14 (KHTML, like Gecko) Chrome/24.0.1292.0 Safari/537.14"
36.133.115.36 - - [03/Jan/2026:07:36:11 +0800] "POST /wp-cron.php?doing_wp_cron=1767396971.0943140983581542968750 HTTP/1.1" 200 31 "-" "WordPress/6.8.3; http://cqqizhou.com"
204.76.203.219 - - [03/Jan/2026:07:36:11 +0800] "GET / HTTP/1.1" 200 33677 "-" "Mozilla/5.0 (Windows NT 10.0; Win64; x64) AppleWebKit/537.36 (KHTML, like Gecko) Chrome/90.0.4430.85 Safari/537.36 Edg/90.0.818.46"
36.133.115.36 - - [03/Jan/2026:07:40:42 +0800] "POST /wp-cron.php?doing_wp_cron=1767397242.1006278991699218750000 HTTP/1.1" 200 31 "-" "WordPress/6.8.3; http://cqqizhou.com"
43.166.244.192 - - [03/Jan/2026:07:40:42 +0800] "GET / HTTP/1.1" 301 5 "-" "Mozilla/5.0 (iPhone; CPU iPhone OS 13_2_3 like Mac OS X) AppleWebKit/605.1.15 (KHTML, like Gecko) Version/13.0.3 Mobile/15E148 Safari/604.1"
43.166.244.192 - - [03/Jan/2026:07:40:44 +0800] "GET / HTTP/1.1" 200 33677 "http://www.cqqizhou.com" "Mozilla/5.0 (iPhone; CPU iPhone OS 13_2_3 like Mac OS X) AppleWebKit/605.1.15 (KHTML, like Gecko) Version/13.0.3 Mobile/15E148 Safari/604.1"
36.133.115.36 - - [03/Jan/2026:07:44:18 +0800] "POST /wp-cron.php?doing_wp_cron=1767397458.6179249286651611328125 HTTP/1.1" 200 31 "-" "WordPress/6.8.3; http://cqqizhou.com"
38.46.221.123 - - [03/Jan/2026:07:44:18 +0800] "GET http://check.9tb.org/ HTTP/1.1" 301 5 "-" "Go-http-client/1.1"
38.46.221.123 - - [03/Jan/2026:07:44:19 +0800] "GET http://cqqizhou.com/ HTTP/1.1" 200 34110 "http://check.9tb.org" "Go-http-client/1.1"
36.133.115.36 - - [03/Jan/2026:07:50:53 +0800] "POST /wp-cron.php?doing_wp_cron=1767397853.2549579143524169921875 HTTP/1.1" 200 31 "-" "WordPress/6.8.3; http://cqqizhou.com"
79.124.40.174 - - [03/Jan/2026:07:50:53 +0800] "GET /actuator/gateway/routes HTTP/1.1" 301 5 "-" "Mozilla/5.0 (Windows NT 10.0; Win64; x64) AppleWebKit/537.36 (KHTML, like Gecko) Chrome/78.0.3904.108 Safari/537.36"
79.124.40.174 - - [03/Jan/2026:07:50:54 +0800] "GET /actuator/gateway/routes HTTP/1.1" 404 8976 "http://36.133.115.36:80/actuator/gateway/routes" "Mozilla/5.0 (Windows NT 10.0; Win64; x64) AppleWebKit/537.36 (KHTML, like Gecko) Chrome/78.0.3904.108 Safari/537.36"
36.133.115.36 - - [03/Jan/2026:07:53:19 +0800] "POST /wp-cron.php?doing_wp_cron=1767397999.6364719867706298828125 HTTP/1.1" 200 31 "-" "WordPress/6.8.3; http://cqqizhou.com"
141.98.11.140 - - [03/Jan/2026:07:53:20 +0800] "GET / HTTP/1.1" 200 152290 "-" "-"
36.133.115.36 - - [03/Jan/2026:07:56:53 +0800] "POST /wp-cron.php?doing_wp_cron=1767398213.8659129142761230468750 HTTP/1.1" 200 31 "-" "WordPress/6.8.3; http://cqqizhou.com"
43.130.72.177 - - [03/Jan/2026:07:56:54 +0800] "GET / HTTP/1.1" 200 33677 "-" "Mozilla/5.0 (iPhone; CPU iPhone OS 13_2_3 like Mac OS X) AppleWebKit/605.1.15 (KHTML, like Gecko) Version/13.0.3 Mobile/15E148 Safari/604.1"
51.222.168.218 - - [03/Jan/2026:08:03:34 +0800] "GET /work-safety/ HTTP/1.1" 200 21636 "-" "Mozilla/5.0 (compatible; AhrefsBot/7.0; +http://ahrefs.com/robot/)"
36.133.115.36 - - [03/Jan/2026:08:08:18 +0800] "POST /wp-cron.php?doing_wp_cron=1767398898.9146020412445068359375 HTTP/1.1" 200 31 "-" "WordPress/6.8.3; http://cqqizhou.com"
194.62.54.39 - - [03/Jan/2026:08:08:18 +0800] "POST /xmlrpc.php HTTP/1.1" 200 217 "-" "Mozilla/5.0 (Windows NT 10.0; Win64; x64; rv:68.0) Gecko/20100101 Firefox/68.0"
36.133.115.36 - - [03/Jan/2026:08:09:01 +0800] "POST /wp-cron.php?doing_wp_cron=1767398941.2522029876708984375000 HTTP/1.1" 200 31 "-" "WordPress/6.8.3; http://cqqizhou.com"
89.42.231.239 - - [03/Jan/2026:08:09:02 +0800] "GET / HTTP/1.1" 200 152290 "-" "-"
43.130.150.80 - - [03/Jan/2026:08:09:08 +0800] "GET /wp-admin/admin-ajax.php HTTP/1.1" 400 11 "-" "Mozilla/5.0 (iPhone; CPU iPhone OS 13_2_3 like Mac OS X) AppleWebKit/605.1.15 (KHTML, like Gecko) Version/13.0.3 Mobile/15E148 Safari/604.1"
36.133.115.36 - - [03/Jan/2026:08:21:07 +0800] "POST /wp-cron.php?doing_wp_cron=1767399667.8670361042022705078125 HTTP/1.1" 200 31 "-" "WordPress/6.8.3; http://cqqizhou.com"
47.97.96.186 - - [03/Jan/2026:08:21:07 +0800] "GET / HTTP/1.1" 301 5 "-" "Mozilla/5.0 (Windows NT 10.0; Win64; x64) AppleWebKit/537.36 (KHTML, like Gecko) Chrome/59.0.3071.115 Safari/537.36"
40.77.167.61 - - [03/Jan/2026:08:27:01 +0800] "GET /wp-content/uploads/2025/12/1766064629-Article_images_20251218212623.webp HTTP/1.1" 200 20366 "-" "Mozilla/5.0 AppleWebKit/537.36 (KHTML, like Gecko; compatible; bingbot/2.0; +http://www.bing.com/bingbot.htm) Chrome/116.0.1938.76 Safari/537.36"
40.77.167.61 - - [03/Jan/2026:08:28:12 +0800] "GET /2339/ HTTP/1.1" 200 24576 "-" "Mozilla/5.0 AppleWebKit/537.36 (KHTML, like Gecko; compatible; bingbot/2.0; +http://www.bing.com/bingbot.htm) Chrome/116.0.1938.76 Safari/537.36"
36.133.115.36 - - [03/Jan/2026:08:34:03 +0800] "POST /wp-cron.php?doing_wp_cron=1767400443.8822669982910156250000 HTTP/1.1" 200 31 "-" "WordPress/6.8.3; http://cqqizhou.com"
204.76.203.219 - - [03/Jan/2026:08:34:04 +0800] "GET / HTTP/1.1" 200 33678 "-" "Mozilla/5.0 (Windows NT 10.0; Win64; x64) AppleWebKit/537.36 (KHTML, like Gecko) Chrome/90.0.4430.85 Safari/537.36 Edg/90.0.818.46"
36.133.115.36 - - [03/Jan/2026:08:40:21 +0800] "POST /wp-cron.php?doing_wp_cron=1767400821.4209139347076416015625 HTTP/1.1" 200 31 "-" "WordPress/6.8.3; http://cqqizhou.com"
89.42.231.239 - - [03/Jan/2026:08:40:22 +0800] "GET / HTTP/1.1" 200 152290 "-" "-"
43.130.47.33 - - [03/Jan/2026:08:45:59 +0800] "GET /material.html HTTP/1.1" 200 6459 "-" "Mozilla/5.0 (iPhone; CPU iPhone OS 13_2_3 like Mac OS X) AppleWebKit/605.1.15 (KHTML, like Gecko) Version/13.0.3 Mobile/15E148 Safari/604.1"
36.133.115.36 - - [03/Jan/2026:08:51:18 +0800] "POST /wp-cron.php?doing_wp_cron=1767401478.5768570899963378906250 HTTP/1.1" 200 31 "-" "WordPress/6.8.3; http://cqqizhou.com"
204.76.203.214 - - [03/Jan/2026:08:51:18 +0800] "GET / HTTP/1.1" 200 152290 "-" "-"
36.133.115.36 - - [03/Jan/2026:08:52:39 +0800] "POST /wp-cron.php?doing_wp_cron=1767401559.7566349506378173828125 HTTP/1.1" 200 31 "-" "WordPress/6.8.3; http://cqqizhou.com"
35.203.211.149 - - [03/Jan/2026:08:52:40 +0800] "GET / HTTP/1.1" 200 33676 "-" "Hello from Palo Alto Networks, find out more about our scans in https://docs-cortex.paloaltonetworks.com/r/1/Cortex-Xpanse/Scanning-activity"
36.133.115.36 - - [03/Jan/2026:08:53:03 +0800] "POST /wp-cron.php?doing_wp_cron=1767401583.3207840919494628906250 HTTP/1.1" 200 31 "-" "WordPress/6.8.3; http://cqqizhou.com"
43.153.47.201 - - [03/Jan/2026:08:53:03 +0800] "GET / HTTP/1.1" 200 33677 "-" "Mozilla/5.0 (iPhone; CPU iPhone OS 13_2_3 like Mac OS X) AppleWebKit/605.1.15 (KHTML, like Gecko) Version/13.0.3 Mobile/15E148 Safari/604.1"
36.133.115.36 - - [03/Jan/2026:08:54:26 +0800] "POST /wp-cron.php?doing_wp_cron=1767401666.6484770774841308593750 HTTP/1.1" 200 31 "-" "WordPress/6.8.3; http://cqqizhou.com"
85.208.96.195 - - [03/Jan/2026:08:54:26 +0800] "GET /robots.txt HTTP/1.1" 200 190 "-" "Mozilla/5.0 (compatible; SemrushBot/7~bl; +http://www.semrush.com/bot.html)"
185.191.171.11 - - [03/Jan/2026:08:54:28 +0800] "GET /business/ HTTP/1.1" 404 8981 "-" "Mozilla/5.0 (compatible; SemrushBot/7~bl; +http://www.semrush.com/bot.html)"
36.133.115.36 - - [03/Jan/2026:08:56:00 +0800] "POST /wp-cron.php?doing_wp_cron=1767401760.8653268814086914062500 HTTP/1.1" 200 31 "-" "WordPress/6.8.3; http://cqqizhou.com"
45.194.92.25 - - [03/Jan/2026:08:56:00 +0800] "GET /login.asp HTTP/1.1" 301 5 "-" "Mozilla/5.0"
69.57.172.96 - - [03/Jan/2026:08:56:16 +0800] "POST /xmlrpc.php HTTP/1.1" 200 217 "-" "Mozilla/5.0 (Windows NT 10.0; Win64; x64; rv:77.0) Gecko/20100101 Firefox/77.0"
40.77.167.16 - - [03/Jan/2026:09:17:35 +0800] "GET /wp-content/uploads/2025/12/1766647832-Article_images_W900%C3%97500px20251225.webp HTTP/1.1" 200 44582 "-" "Mozilla/5.0 AppleWebKit/537.36 (KHTML, like Gecko; compatible; bingbot/2.0; +http://www.bing.com/bingbot.htm) Chrome/116.0.1938.76 Safari/537.36"
36.133.115.36 - - [03/Jan/2026:09:29:28 +0800] "POST /wp-cron.php?doing_wp_cron=1767403768.4864690303802490234375 HTTP/1.1" 200 31 "-" "WordPress/6.8.3; http://cqqizhou.com"
204.76.203.219 - - [03/Jan/2026:09:29:28 +0800] "GET / HTTP/1.1" 200 33677 "-" "Mozilla/5.0 (Windows NT 10.0; Win64; x64) AppleWebKit/537.36 (KHTML, like Gecko) Chrome/90.0.4430.85 Safari/537.36 Edg/90.0.818.46"
36.133.115.36 - - [03/Jan/2026:09:35:10 +0800] "POST /wp-cron.php?doing_wp_cron=1767404110.4114739894866943359375 HTTP/1.1" 200 31 "-" "WordPress/6.8.3; http://cqqizhou.com"
43.166.1.243 - - [03/Jan/2026:09:35:10 +0800] "GET /portfolio/hot-dip-galvanized-coil/ HTTP/1.1" 200 18857 "-" "Mozilla/5.0 (iPhone; CPU iPhone OS 13_2_3 like Mac OS X) AppleWebKit/605.1.15 (KHTML, like Gecko) Version/13.0.3 Mobile/15E148 Safari/604.1"
36.133.115.36 - - [03/Jan/2026:09:36:41 +0800] "POST /wp-cron.php?doing_wp_cron=1767404201.6698839664459228515625 HTTP/1.1" 200 31 "-" "WordPress/6.8.3; http://cqqizhou.com"
85.90.208.132 - - [03/Jan/2026:09:36:41 +0800] "GET /bug HTTP/1.1" 301 5 "http://cqqizhou.com/" "Mozilla/5.0 (Windows NT 10.0; Win64; x64; rv:114.0) Gecko/20100101 Firefox/114.0"
85.90.208.132 - - [03/Jan/2026:09:36:42 +0800] "GET /bug/ HTTP/1.1" 200 12840 "http://cqqizhou.com/bug" "Mozilla/5.0 (Windows NT 10.0; Win64; x64; rv:114.0) Gecko/20100101 Firefox/114.0"
36.133.115.36 - - [03/Jan/2026:09:36:46 +0800] "POST /wp-cron.php?doing_wp_cron=1767404206.9234809875488281250000 HTTP/1.1" 200 31 "-" "WordPress/6.8.3; http://cqqizhou.com"
85.90.208.132 - - [03/Jan/2026:09:36:46 +0800] "GET /wp-admin/admin-ajax.php HTTP/1.1" 400 11 "http://cqqizhou.com/bug/" "Mozilla/5.0 (Windows NT 6.3; Win64; x64) AppleWebKit/537.36 (KHTML, like Gecko) Chrome/103.0.0.0 Safari/537.36"
85.90.208.132 - - [03/Jan/2026:09:36:48 +0800] "GET /wp-admin/admin-ajax.php?action=register HTTP/1.1" 400 11 "http://cqqizhou.com/wp-admin/admin-ajax.php" "Mozilla/5.0 (Windows NT 6.3; Win64; x64) AppleWebKit/537.36 (KHTML, like Gecko) Chrome/103.0.0.0 Safari/537.36"
36.133.115.36 - - [03/Jan/2026:09:44:01 +0800] "POST /wp-cron.php?doing_wp_cron=1767404641.1994690895080566406250 HTTP/1.1" 200 31 "-" "WordPress/6.8.3; http://cqqizhou.com"
119.28.101.51 - - [03/Jan/2026:09:44:01 +0800] "GET /robots.txt HTTP/1.1" 200 190 "-" "Mozilla/5.0 (Windows NT 10.0; Win64; x64) AppleWebKit/537.36 (KHTML, like Gecko) Chrome/131.0.0.0 Safari/537.36"
111.41.175.66 - - [03/Jan/2026:09:44:46 +0800] "GET http://cqqizhou.com/wp-content/uploads/2025/07/1753454299-Article_images_W900px.webp HTTP/1.1" 200 52418 "http://cqqizhou.com/" "Mozilla/5.0 (Windows NT 10.0; Win64; x64) AppleWebKit/537.36 (KHTML, like Gecko) Chrome/120.0.0.0 Safari/537.36"
36.133.115.36 - - [03/Jan/2026:09:45:03 +0800] "POST /wp-cron.php?doing_wp_cron=1767404703.3925929069519042968750 HTTP/1.1" 200 31 "-" "WordPress/6.8.3; http://cqqizhou.com"
43.156.168.214 - - [03/Jan/2026:09:45:03 +0800] "GET /services HTTP/1.1" 301 5 "-" "Mozilla/5.0 (iPhone; CPU iPhone OS 13_2_3 like Mac OS X) AppleWebKit/605.1.15 (KHTML, like Gecko) Version/13.0.3 Mobile/15E148 Safari/604.1"
43.156.168.214 - - [03/Jan/2026:09:45:07 +0800] "GET /services/ HTTP/1.1" 200 25816 "http://cqqizhou.com/services" "Mozilla/5.0 (iPhone; CPU iPhone OS 13_2_3 like Mac OS X) AppleWebKit/605.1.15 (KHTML, like Gecko) Version/13.0.3 Mobile/15E148 Safari/604.1"
36.133.115.36 - - [03/Jan/2026:09:46:45 +0800] "POST /wp-cron.php?doing_wp_cron=1767404805.4699149131774902343750 HTTP/1.1" 200 31 "-" "WordPress/6.8.3; http://cqqizhou.com"
142.93.139.54 - - [03/Jan/2026:09:46:45 +0800] "POST /xmlrpc.php HTTP/1.1" 200 217 "-" "Mozilla/5.0 (Windows NT 10.0; Win64; x64; rv:80.0) Gecko/20100101 Firefox/80.0"
54.217.83.13 - - [03/Jan/2026:09:52:53 +0800] "GET / HTTP/1.1" 200 34110 "-" "Mozilla/5.0 (Macintosh; Intel Mac OS X 10_15_7) AppleWebKit/537.36 (KHTML, like Gecko) Chrome/120.0.0.0 Safari/537.36"
36.133.115.36 - - [03/Jan/2026:09:56:04 +0800] "POST /wp-cron.php?doing_wp_cron=1767405364.5952520370483398437500 HTTP/1.1" 200 31 "-" "WordPress/6.8.3; http://cqqizhou.com"
43.164.196.57 - - [03/Jan/2026:09:56:04 +0800] "GET /logistics HTTP/1.1" 301 5 "-" "Mozilla/5.0 (iPhone; CPU iPhone OS 13_2_3 like Mac OS X) AppleWebKit/605.1.15 (KHTML, like Gecko) Version/13.0.3 Mobile/15E148 Safari/604.1"
43.164.196.57 - - [03/Jan/2026:09:56:10 +0800] "GET /logistics/ HTTP/1.1" 200 18300 "http://cqqizhou.com/logistics" "Mozilla/5.0 (iPhone; CPU iPhone OS 13_2_3 like Mac OS X) AppleWebKit/605.1.15 (KHTML, like Gecko) Version/13.0.3 Mobile/15E148 Safari/604.1"
36.133.115.36 - - [03/Jan/2026:10:00:54 +0800] "POST /wp-cron.php?doing_wp_cron=1767405654.6548910140991210937500 HTTP/1.1" 200 31 "-" "WordPress/6.8.3; http://cqqizhou.com"
89.42.231.239 - - [03/Jan/2026:10:00:55 +0800] "GET / HTTP/1.1" 200 152290 "-" "-"
36.133.115.36 - - [03/Jan/2026:10:05:08 +0800] "POST /wp-cron.php?doing_wp_cron=1767405908.0339989662170410156250 HTTP/1.1" 200 31 "-" "WordPress/6.8.3; http://cqqizhou.com"
117.33.163.216 - - [03/Jan/2026:10:05:08 +0800] "GET / HTTP/1.1" 200 33678 "-" "Mozilla/5.0 (iPhone; CPU iPhone OS 13_2_3 like Mac OS X) AppleWebKit/605.1.15 (KHTML, like Gecko) Version/13.0.3 Mobile/15E148 Safari/604.1"
205.169.39.12 - - [03/Jan/2026:10:10:19 +0800] "GET / HTTP/1.1" 200 34110 "-" "Mozilla/5.0 (Windows NT 10.0; Win64; x64) AppleWebKit/537.36 (KHTML, like Gecko) Chrome/117.0.5938.132 Safari/537.36"
205.169.39.12 - - [03/Jan/2026:10:10:21 +0800] "GET /wp-content/uploads/2025/07/1751425283-qizhou.kf_.qq_.com_.webp HTTP/1.1" 200 16864 "http://cqqizhou.com/" "Mozilla/5.0 (Windows NT 10.0; Win64; x64) AppleWebKit/537.36 (KHTML, like Gecko) Chrome/117.0.5938.132 Safari/537.36"
205.169.39.12 - - [03/Jan/2026:10:10:26 +0800] "GET /wp-content/uploads/2025/07/1750174127-Marketing1920x800_3.webp HTTP/1.1" 200 52790 "http://cqqizhou.com/wp-content/uploads/elementor/css/post-1666.css?ver=1765890155" "Mozilla/5.0 (Windows NT 10.0; Win64; x64) AppleWebKit/537.36 (KHTML, like Gecko) Chrome/117.0.5938.132 Safari/537.36"
205.169.39.12 - - [03/Jan/2026:10:10:28 +0800] "GET /wp-content/uploads/2025/07/1753454089-Article_images_W900px.webp HTTP/1.1" 200 27552 "http://cqqizhou.com/" "Mozilla/5.0 (Windows NT 10.0; Win64; x64) AppleWebKit/537.36 (KHTML, like Gecko) Chrome/117.0.5938.132 Safari/537.36"
205.169.39.12 - - [03/Jan/2026:10:10:28 +0800] "GET /wp-content/uploads/2025/07/1753454299-Article_images_W900px.webp HTTP/1.1" 200 52418 "http://cqqizhou.com/" "Mozilla/5.0 (Windows NT 10.0; Win64; x64) AppleWebKit/537.36 (KHTML, like Gecko) Chrome/117.0.5938.132 Safari/537.36"
205.169.39.12 - - [03/Jan/2026:10:10:29 +0800] "GET /wp-content/uploads/2025/12/1765268955-qizhou_Slider1_3840%C3%972160_20251210-scaled.webp HTTP/1.1" 200 152162 "http://cqqizhou.com/" "Mozilla/5.0 (Windows NT 10.0; Win64; x64) AppleWebKit/537.36 (KHTML, like Gecko) Chrome/117.0.5938.132 Safari/537.36"
205.169.39.12 - - [03/Jan/2026:10:10:29 +0800] "GET /wp-content/uploads/2025/12/1765265398-qizhou_Slider_3840%C3%972160_20251209-scaled-50x100.webp HTTP/1.1" 200 2166 "http://cqqizhou.com/" "Mozilla/5.0 (Windows NT 10.0; Win64; x64) AppleWebKit/537.36 (KHTML, like Gecko) Chrome/117.0.5938.132 Safari/537.36"
205.169.39.12 - - [03/Jan/2026:10:10:29 +0800] "GET /wp-content/uploads/revslider/slider-1/1750861156-logistics_Slider_3840%C3%972160_20250625191356-scaled-50x100.webp HTTP/1.1" 200 1416 "http://cqqizhou.com/" "Mozilla/5.0 (Windows NT 10.0; Win64; x64) AppleWebKit/537.36 (KHTML, like Gecko) Chrome/117.0.5938.132 Safari/537.36"
205.169.39.12 - - [03/Jan/2026:10:10:29 +0800] "GET /wp-content/uploads/2025/07/1753456723-%E5%8F%8C%E7%9B%B8%E9%92%A2roduct_Single600.webp HTTP/1.1" 200 22790 "http://cqqizhou.com/" "Mozilla/5.0 (Windows NT 10.0; Win64; x64) AppleWebKit/537.36 (KHTML, like Gecko) Chrome/117.0.5938.132 Safari/537.36"
205.169.39.12 - - [03/Jan/2026:10:10:29 +0800] "GET /wp-content/uploads/2025/07/1753453096-%E5%8F%8C%E7%9B%B8%E9%92%A2product_Single600%C3%97284.webp HTTP/1.1" 200 14562 "http://cqqizhou.com/" "Mozilla/5.0 (Windows NT 10.0; Win64; x64) AppleWebKit/537.36 (KHTML, like Gecko) Chrome/117.0.5938.132 Safari/537.36"
205.169.39.12 - - [03/Jan/2026:10:10:29 +0800] "GET /wp-content/uploads/2025/07/1753456770-%E7%83%AD%E9%95%80%E9%94%8C%E5%8D%B7product_Single600.webp HTTP/1.1" 200 27502 "http://cqqizhou.com/" "Mozilla/5.0 (Windows NT 10.0; Win64; x64) AppleWebKit/537.36 (KHTML, like Gecko) Chrome/117.0.5938.132 Safari/537.36"
205.169.39.12 - - [03/Jan/2026:10:10:29 +0800] "GET /wp-content/uploads/2025/07/1753453127-%E4%BD%99%E5%8D%B7product_Single600%C3%97284.webp HTTP/1.1" 200 18744 "http://cqqizhou.com/" "Mozilla/5.0 (Windows NT 10.0; Win64; x64) AppleWebKit/537.36 (KHTML, like Gecko) Chrome/117.0.5938.132 Safari/537.36"
205.169.39.12 - - [03/Jan/2026:10:10:29 +0800] "GET /wp-content/uploads/2025/12/1765265398-qizhou_Slider_3840%C3%972160_20251209-scaled-50x100.webp HTTP/1.1" 200 2166 "http://cqqizhou.com/" "Mozilla/5.0 (Windows NT 10.0; Win64; x64) AppleWebKit/537.36 (KHTML, like Gecko) Chrome/117.0.5938.132 Safari/537.36"
205.169.39.12 - - [03/Jan/2026:10:10:30 +0800] "GET /wp-content/uploads/revslider/slider-1/1750861156-logistics_Slider_3840%C3%972160_20250625191356-scaled-50x100.webp HTTP/1.1" 200 1416 "http://cqqizhou.com/" "Mozilla/5.0 (Windows NT 10.0; Win64; x64) AppleWebKit/537.36 (KHTML, like Gecko) Chrome/117.0.5938.132 Safari/537.36"
36.133.115.36 - - [03/Jan/2026:10:10:30 +0800] "POST /wp-cron.php?doing_wp_cron=1767406230.8657948970794677734375 HTTP/1.1" 200 31 "-" "WordPress/6.8.3; http://cqqizhou.com"
205.169.39.12 - - [03/Jan/2026:10:10:30 +0800] "GET /wp-json/sliderrevolution/sliders/1?srengine=7&slideid=3 HTTP/1.1" 200 2286 "http://cqqizhou.com/" "Mozilla/5.0 (Windows NT 10.0; Win64; x64) AppleWebKit/537.36 (KHTML, like Gecko) Chrome/117.0.5938.132 Safari/537.36"
205.169.39.12 - - [03/Jan/2026:10:10:30 +0800] "GET /wp-json/sliderrevolution/sliders/1?srengine=7&slideid=2 HTTP/1.1" 200 2058 "http://cqqizhou.com/" "Mozilla/5.0 (Windows NT 10.0; Win64; x64) AppleWebKit/537.36 (KHTML, like Gecko) Chrome/117.0.5938.132 Safari/537.36"
205.169.39.12 - - [03/Jan/2026:10:10:31 +0800] "GET /wp-content/uploads/2025/12/1765265398-qizhou_Slider_3840%C3%972160_20251209-scaled.webp HTTP/1.1" 200 175208 "http://cqqizhou.com/" "Mozilla/5.0 (Windows NT 10.0; Win64; x64) AppleWebKit/537.36 (KHTML, like Gecko) Chrome/117.0.5938.132 Safari/537.36"
205.169.39.12 - - [03/Jan/2026:10:10:31 +0800] "GET /wp-content/uploads/revslider/slider-1/1750861156-logistics_Slider_3840%C3%972160_20250625191356-scaled.webp HTTP/1.1" 200 197360 "http://cqqizhou.com/" "Mozilla/5.0 (Windows NT 10.0; Win64; x64) AppleWebKit/537.36 (KHTML, like Gecko) Chrome/117.0.5938.132 Safari/537.36"
36.133.115.36 - - [03/Jan/2026:10:20:57 +0800] "POST /wp-cron.php?doing_wp_cron=1767406857.1997420787811279296875 HTTP/1.1" 200 31 "-" "WordPress/6.8.3; http://cqqizhou.com"
123.129.124.195 - - [03/Jan/2026:10:20:57 +0800] "GET / HTTP/1.1" 301 5 "-" "Mozilla/5.0 (Windows NT 6.1; Win64; x64) AppleWebKit/537.36 (KHTML, like Gecko) Chrome/81.0.4044.138"
111.25.253.214 - - [03/Jan/2026:10:20:57 +0800] "GET / HTTP/1.1" 200 34110 "-" "Mozilla/5.0 (Windows NT 6.1) AppleWebKit/537.36 (KHTML, like Gecko) Chrome/70.0.3538.67"
115.224.177.201 - - [03/Jan/2026:10:21:14 +0800] "GET / HTTP/1.1" 301 5 "-" "Mozilla/5.0 (Windows NT 6.1; Win64; x64) AppleWebKit/537.36 (KHTML, like Gecko) Chrome/81.0.4044.138"
124.67.35.16 - - [03/Jan/2026:10:21:26 +0800] "GET / HTTP/1.1" 301 5 "-" "Mozilla/5.0 (Windows NT 6.1; Win64; x64) AppleWebKit/537.36 (KHTML, like Gecko) Chrome/81.0.4044.138"
124.67.35.16 - - [03/Jan/2026:10:21:29 +0800] "GET / HTTP/1.1" 301 5 "-" "Mozilla/5.0 (Windows NT 6.1; Win64; x64) AppleWebKit/537.36 (KHTML, like Gecko) Chrome/81.0.4044.138"
175.155.139.17 - - [03/Jan/2026:10:21:34 +0800] "GET / HTTP/1.1" 301 5 "-" "Mozilla/5.0 (Windows NT 6.1; Win64; x64) AppleWebKit/537.36 (KHTML, like Gecko) Chrome/81.0.4044.138"
36.133.115.36 - - [03/Jan/2026:10:21:47 +0800] "POST /wp-cron.php?doing_wp_cron=1767406907.3216838836669921875000 HTTP/1.1" 200 31 "-" "WordPress/6.8.3; http://cqqizhou.com"
123.139.177.207 - - [03/Jan/2026:10:21:47 +0800] "GET / HTTP/1.1" 301 5 "-" "Mozilla/5.0 (Windows NT 6.1; Win64; x64) AppleWebKit/537.36 (KHTML, like Gecko) Chrome/81.0.4044.138"
118.120.247.202 - - [03/Jan/2026:10:21:50 +0800] "GET / HTTP/1.1" 301 5 "-" "Mozilla/5.0 (Windows NT 6.1; Win64; x64) AppleWebKit/537.36 (KHTML, like Gecko) Chrome/81.0.4044.138"
36.133.115.36 - - [03/Jan/2026:10:26:30 +0800] "POST /wp-cron.php?doing_wp_cron=1767407190.7217550277709960937500 HTTP/1.1" 200 31 "-" "WordPress/6.8.3; http://cqqizhou.com"
172.232.232.169 - - [03/Jan/2026:10:26:30 +0800] "GET /health HTTP/1.1" 404 31364 "-" "Mozilla/5.0 (iPhone; CPU iPhone OS 16_6 like Mac OS X) AppleWebKit/605.1.15 (KHTML"
172.232.232.169 - - [03/Jan/2026:10:26:30 +0800] "GET /cgi-mod/header_logo.cgi?size=big HTTP/1.1" 404 31364 "-" "Mozilla/5.0 (iPhone; CPU iPhone OS 16_6 like Mac OS X) AppleWebKit/605.1.15 (KHTML"
172.232.232.169 - - [03/Jan/2026:10:26:30 +0800] "GET /webui HTTP/1.1" 404 31364 "-" "Mozilla/5.0 (iPhone; CPU iPhone OS 16_6 like Mac OS X) AppleWebKit/605.1.15 (KHTML"
172.232.232.169 - - [03/Jan/2026:10:26:31 +0800] "GET /dniapi/userInfos HTTP/1.1" 404 31364 "-" "Mozilla/5.0 (iPhone; CPU iPhone OS 16_6 like Mac OS X) AppleWebKit/605.1.15 (KHTML"
172.232.232.169 - - [03/Jan/2026:10:26:31 +0800] "GET /webui HTTP/1.1" 404 31364 "-" "Mozilla/5.0 (iPhone; CPU iPhone OS 16_6 like Mac OS X) AppleWebKit/605.1.15 (KHTML"
172.232.232.169 - - [03/Jan/2026:10:26:31 +0800] "GET /CFIDE/componentutils/ HTTP/1.1" 404 31364 "-" "Mozilla/5.0 (iPhone; CPU iPhone OS 16_6 like Mac OS X) AppleWebKit/605.1.15 (KHTML"
172.232.232.169 - - [03/Jan/2026:10:26:31 +0800] "GET /user HTTP/1.1" 404 31364 "-" "Mozilla/5.0 (iPhone; CPU iPhone OS 16_6 like Mac OS X) AppleWebKit/605.1.15 (KHTML"
172.232.232.169 - - [03/Jan/2026:10:26:33 +0800] "GET /+CSCOE+/logon.html HTTP/1.1" 404 31364 "-" "Mozilla/5.0 (iPhone; CPU iPhone OS 16_6 like Mac OS X) AppleWebKit/605.1.15 (KHTML"
172.232.232.169 - - [03/Jan/2026:10:26:33 +0800] "GET /geoserver/ HTTP/1.1" 404 31364 "-" "Mozilla/5.0 (iPhone; CPU iPhone OS 16_6 like Mac OS X) AppleWebKit/605.1.15 (KHTML"
172.232.232.169 - - [03/Jan/2026:10:26:33 +0800] "GET /Account/Login HTTP/1.1" 404 31364 "-" "Mozilla/5.0 (iPhone; CPU iPhone OS 16_6 like Mac OS X) AppleWebKit/605.1.15 (KHTML"
172.232.232.169 - - [03/Jan/2026:10:26:33 +0800] "GET /owa/ HTTP/1.1" 404 31364 "-" "Mozilla/5.0 (iPhone; CPU iPhone OS 16_6 like Mac OS X) AppleWebKit/605.1.15 (KHTML"
172.232.232.169 - - [03/Jan/2026:10:26:33 +0800] "GET / HTTP/1.1" 301 5 "-" "Mozilla/5.0 (iPhone; CPU iPhone OS 16_6 like Mac OS X) AppleWebKit/605.1.15 (KHTML"
172.232.232.169 - - [03/Jan/2026:10:26:33 +0800] "GET / HTTP/1.0" 301 0 "-" "-"
172.232.232.169 - - [03/Jan/2026:10:26:33 +0800] "GET /dana-na/nc/nc_gina_ver.txt HTTP/1.1" 404 31364 "-" "Mozilla/5.0 (iPhone; CPU iPhone OS 16_6 like Mac OS X) AppleWebKit/605.1.15 (KHTML"
172.232.232.169 - - [03/Jan/2026:10:26:35 +0800] "GET /owa/ HTTP/1.1" 404 31364 "-" "Mozilla/5.0 (iPhone; CPU iPhone OS 16_6 like Mac OS X) AppleWebKit/605.1.15 (KHTML"
172.232.232.169 - - [03/Jan/2026:10:26:36 +0800] "GET /xml/info.xml HTTP/1.1" 404 31364 "-" "Mozilla/5.0 (iPhone; CPU iPhone OS 16_6 like Mac OS X) AppleWebKit/605.1.15 (KHTML"
172.232.232.169 - - [03/Jan/2026:10:26:36 +0800] "GET /dashboard/ HTTP/1.1" 302 5 "-" "Mozilla/5.0 (iPhone; CPU iPhone OS 16_6 like Mac OS X) AppleWebKit/605.1.15 (KHTML"
172.232.232.169 - - [03/Jan/2026:10:26:37 +0800] "GET /api/v1/check-version HTTP/1.1" 404 31364 "-" "Mozilla/5.0 (iPhone; CPU iPhone OS 16_6 like Mac OS X) AppleWebKit/605.1.15 (KHTML"
172.232.232.169 - - [03/Jan/2026:10:26:37 +0800] "GET /fog/management/index.php?node=client&sub=logininfo HTTP/1.1" 404 27 "-" "Mozilla/5.0 (iPhone; CPU iPhone OS 16_6 like Mac OS X) AppleWebKit/605.1.15 (KHTML"
172.232.232.169 - - [03/Jan/2026:10:26:37 +0800] "GET / HTTP/1.1" 301 5 "-" "Mozilla/5.0 (iPhone; CPU iPhone OS 16_6 like Mac OS X) AppleWebKit/605.1.15 (KHTML"
172.232.232.169 - - [03/Jan/2026:10:26:37 +0800] "GET /nmaplowercheck1767407183 HTTP/1.1" 404 31364 "-" "Mozilla/5.0 (iPhone; CPU iPhone OS 16_6 like Mac OS X) AppleWebKit/605.1.15 (KHTML"
172.232.232.169 - - [03/Jan/2026:10:26:37 +0800] "GET /webui/index.html HTTP/1.1" 404 31364 "-" "Mozilla/5.0 (iPhone; CPU iPhone OS 16_6 like Mac OS X) AppleWebKit/605.1.15 (KHTML"
172.232.232.169 - - [03/Jan/2026:10:26:38 +0800] "GET /helpdesk/WebObjects/Helpdesk.woa HTTP/1.1" 404 31364 "-" "Mozilla/5.0 (iPhone; CPU iPhone OS 16_6 like Mac OS X) AppleWebKit/605.1.15 (KHTML"
172.232.232.169 - - [03/Jan/2026:10:26:38 +0800] "GET /apps/zxtm/login.cgi HTTP/1.1" 404 31364 "-" "Mozilla/5.0 (iPhone; CPU iPhone OS 16_6 like Mac OS X) AppleWebKit/605.1.15 (KHTML"
172.232.232.169 - - [03/Jan/2026:10:26:39 +0800] "GET /administrator/manifests/files/joomla.xml HTTP/1.1" 404 31364 "-" "Mozilla/5.0 (iPhone; CPU iPhone OS 16_6 like Mac OS X) AppleWebKit/605.1.15 (KHTML"
172.232.232.169 - - [03/Jan/2026:10:26:39 +0800] "GET /evox/about HTTP/1.1" 404 31364 "-" "Mozilla/5.0 (iPhone; CPU iPhone OS 16_6 like Mac OS X) AppleWebKit/605.1.15 (KHTML"
172.232.232.169 - - [03/Jan/2026:10:26:39 +0800] "GET /api/server/version HTTP/1.1" 404 31364 "-" "Mozilla/5.0 (iPhone; CPU iPhone OS 16_6 like Mac OS X) AppleWebKit/605.1.15 (KHTML"
172.232.232.169 - - [03/Jan/2026:10:26:39 +0800] "GET / HTTP/1.1" 200 152290 "-" "Mozilla/5.0 (iPhone; CPU iPhone OS 16_6 like Mac OS X) AppleWebKit/605.1.15 (KHTML"
36.133.115.36 - - [03/Jan/2026:10:27:10 +0800] "POST /wp-cron.php?doing_wp_cron=1767407230.0339770317077636718750 HTTP/1.1" 200 31 "-" "WordPress/6.8.3; http://cqqizhou.com"
172.232.232.169 - - [03/Jan/2026:10:27:10 +0800] "GET /cgi-bin/info.cgi HTTP/1.1" 404 31364 "-" "Mozilla/5.0 (iPhone; CPU iPhone OS 16_6 like Mac OS X) AppleWebKit/605.1.15 (KHTML"
172.232.232.169 - - [03/Jan/2026:10:27:10 +0800] "GET /p/login/ HTTP/1.1" 404 31364 "-" "Mozilla/5.0 (iPhone; CPU iPhone OS 16_6 like Mac OS X) AppleWebKit/605.1.15 (KHTML"
172.232.232.169 - - [03/Jan/2026:10:27:19 +0800] "GET / HTTP/1.0" 301 0 "-" "-"
172.232.232.169 - - [03/Jan/2026:10:27:21 +0800] "GET / HTTP/1.1" 301 5 "-" "-"
95.214.55.71 - - [03/Jan/2026:10:27:21 +0800] "GET / HTTP/1.1" 200 33678 "-" "Mozilla/5.0 (Windows NT 10.0; Win64; x64; rv:143.0) Gecko/20100101 Firefox/143.0"
36.133.115.36 - - [03/Jan/2026:10:35:53 +0800] "POST /wp-cron.php?doing_wp_cron=1767407753.7486290931701660156250 HTTP/1.1" 200 31 "-" "WordPress/6.8.3; http://cqqizhou.com"
178.63.68.96 - - [03/Jan/2026:10:35:53 +0800] "POST /xmlrpc.php HTTP/1.1" 200 217 "-" "Mozilla/5.0 (Windows NT 10.0; Win64; x64; rv:98.0) Gecko/20100101 Firefox/98.0"
36.133.115.36 - - [03/Jan/2026:10:40:26 +0800] "POST /wp-cron.php?doing_wp_cron=1767408026.2239189147949218750000 HTTP/1.1" 200 31 "-" "WordPress/6.8.3; http://cqqizhou.com"
38.46.221.123 - - [03/Jan/2026:10:40:26 +0800] "GET http://check.9tb.org/ HTTP/1.1" 301 5 "-" "Go-http-client/1.1"
38.46.221.123 - - [03/Jan/2026:10:40:27 +0800] "GET http://cqqizhou.com/ HTTP/1.1" 200 34110 "http://check.9tb.org" "Go-http-client/1.1"
36.133.115.36 - - [03/Jan/2026:10:54:45 +0800] "POST /wp-cron.php?doing_wp_cron=1767408885.9419240951538085937500 HTTP/1.1" 200 31 "-" "WordPress/6.8.3; http://cqqizhou.com"
178.16.53.243 - - [03/Jan/2026:10:54:45 +0800] "GET / HTTP/1.1" 301 5 "-" "Mozilla/5.0 (Windows NT 10.0; Win64; x64; rv:109.0) Gecko/20100101 Firefox/111.0"
178.16.53.243 - - [03/Jan/2026:10:54:47 +0800] "GET / HTTP/1.1" 200 34110 "-" "Mozilla/5.0 (Windows NT 10.0; Win64; x64; rv:109.0) Gecko/20100101 Firefox/111.0"
36.133.115.36 - - [03/Jan/2026:11:01:06 +0800] "POST /wp-cron.php?doing_wp_cron=1767409266.4802289009094238281250 HTTP/1.1" 200 31 "-" "WordPress/6.8.3; http://cqqizhou.com"
204.76.203.18 - - [03/Jan/2026:11:01:06 +0800] "GET /bin/ HTTP/1.1" 301 5 "-" "-"
167.114.139.63 - - [03/Jan/2026:11:01:07 +0800] "GET /company-news/ HTTP/1.1" 200 25583 "-" "Mozilla/5.0 (compatible; AhrefsBot/7.0; +http://ahrefs.com/robot/)"
193.142.147.209 - - [03/Jan/2026:11:01:30 +0800] "POST / HTTP/1.1" 200 33678 "-" "Mozilla/5.0 (Windows NT 10.0; Win64; x64) AppleWebKit/537.36"
36.133.115.36 - - [03/Jan/2026:11:12:03 +0800] "POST /wp-cron.php?doing_wp_cron=1767409923.1264290809631347656250 HTTP/1.1" 200 31 "-" "WordPress/6.8.3; http://cqqizhou.com"
204.76.203.219 - - [03/Jan/2026:11:12:03 +0800] "GET / HTTP/1.1" 200 33678 "-" "Mozilla/5.0 (Windows NT 10.0; Win64; x64) AppleWebKit/537.36 (KHTML, like Gecko) Chrome/90.0.4430.85 Safari/537.36 Edg/90.0.818.46"
36.133.115.36 - - [03/Jan/2026:11:18:05 +0800] "POST /wp-cron.php?doing_wp_cron=1767410285.8617560863494873046875 HTTP/1.1" 200 31 "-" "WordPress/6.8.3; http://cqqizhou.com"
74.82.47.4 - - [03/Jan/2026:11:18:05 +0800] "GET / HTTP/1.1" 301 5 "-" "Mozilla/5.0 (Windows NT 10.0; Win64; x64) AppleWebKit/537.36 (KHTML, like Gecko) Chrome/121.0.0.0 Safari/537.36 OPR/107.0.0.0"
205.169.39.18 - - [03/Jan/2026:11:18:08 +0800] "GET / HTTP/1.1" 200 34110 "-" "Mozilla/5.0 (Windows NT 10.0; Win64; x64) AppleWebKit/537.36 (KHTML, like Gecko) Chrome/117.0.5938.132 Safari/537.36"
205.169.39.18 - - [03/Jan/2026:11:18:10 +0800] "GET /wp-content/uploads/2025/07/1751425283-qizhou.kf_.qq_.com_.webp HTTP/1.1" 200 16864 "http://cqqizhou.com/" "Mozilla/5.0 (Windows NT 10.0; Win64; x64) AppleWebKit/537.36 (KHTML, like Gecko) Chrome/117.0.5938.132 Safari/537.36"
205.169.39.18 - - [03/Jan/2026:11:18:11 +0800] "GET /wp-content/uploads/2025/07/1750174127-Marketing1920x800_3.webp HTTP/1.1" 200 52790 "http://cqqizhou.com/wp-content/uploads/elementor/css/post-1666.css?ver=1765890155" "Mozilla/5.0 (Windows NT 10.0; Win64; x64) AppleWebKit/537.36 (KHTML, like Gecko) Chrome/117.0.5938.132 Safari/537.36"
205.169.39.18 - - [03/Jan/2026:11:18:14 +0800] "GET /wp-content/uploads/2025/07/1753456723-%E5%8F%8C%E7%9B%B8%E9%92%A2roduct_Single600.webp HTTP/1.1" 200 22790 "http://cqqizhou.com/" "Mozilla/5.0 (Windows NT 10.0; Win64; x64) AppleWebKit/537.36 (KHTML, like Gecko) Chrome/117.0.5938.132 Safari/537.36"
205.169.39.18 - - [03/Jan/2026:11:18:14 +0800] "GET /wp-content/uploads/2025/07/1753453096-%E5%8F%8C%E7%9B%B8%E9%92%A2product_Single600%C3%97284.webp HTTP/1.1" 200 14562 "http://cqqizhou.com/" "Mozilla/5.0 (Windows NT 10.0; Win64; x64) AppleWebKit/537.36 (KHTML, like Gecko) Chrome/117.0.5938.132 Safari/537.36"
205.169.39.18 - - [03/Jan/2026:11:18:14 +0800] "GET /wp-content/uploads/2025/07/1753453127-%E4%BD%99%E5%8D%B7product_Single600%C3%97284.webp HTTP/1.1" 200 18744 "http://cqqizhou.com/" "Mozilla/5.0 (Windows NT 10.0; Win64; x64) AppleWebKit/537.36 (KHTML, like Gecko) Chrome/117.0.5938.132 Safari/537.36"
205.169.39.18 - - [03/Jan/2026:11:18:14 +0800] "GET /wp-content/uploads/2025/07/1753454089-Article_images_W900px.webp HTTP/1.1" 200 27552 "http://cqqizhou.com/" "Mozilla/5.0 (Windows NT 10.0; Win64; x64) AppleWebKit/537.36 (KHTML, like Gecko) Chrome/117.0.5938.132 Safari/537.36"
205.169.39.18 - - [03/Jan/2026:11:18:14 +0800] "GET /wp-content/uploads/2025/07/1753454299-Article_images_W900px.webp HTTP/1.1" 200 52418 "http://cqqizhou.com/" "Mozilla/5.0 (Windows NT 10.0; Win64; x64) AppleWebKit/537.36 (KHTML, like Gecko) Chrome/117.0.5938.132 Safari/537.36"
205.169.39.18 - - [03/Jan/2026:11:18:14 +0800] "GET /wp-content/uploads/2025/07/1753456770-%E7%83%AD%E9%95%80%E9%94%8C%E5%8D%B7product_Single600.webp HTTP/1.1" 200 27502 "http://cqqizhou.com/" "Mozilla/5.0 (Windows NT 10.0; Win64; x64) AppleWebKit/537.36 (KHTML, like Gecko) Chrome/117.0.5938.132 Safari/537.36"
205.169.39.18 - - [03/Jan/2026:11:18:15 +0800] "GET /wp-content/uploads/2025/12/1765268955-qizhou_Slider1_3840%C3%972160_20251210-scaled.webp HTTP/1.1" 200 152162 "http://cqqizhou.com/" "Mozilla/5.0 (Windows NT 10.0; Win64; x64) AppleWebKit/537.36 (KHTML, like Gecko) Chrome/117.0.5938.132 Safari/537.36"
205.169.39.18 - - [03/Jan/2026:11:18:16 +0800] "GET /wp-content/uploads/2025/12/1765265398-qizhou_Slider_3840%C3%972160_20251209-scaled-50x100.webp HTTP/1.1" 200 2166 "http://cqqizhou.com/" "Mozilla/5.0 (Windows NT 10.0; Win64; x64) AppleWebKit/537.36 (KHTML, like Gecko) Chrome/117.0.5938.132 Safari/537.36"
205.169.39.18 - - [03/Jan/2026:11:18:16 +0800] "GET /wp-content/uploads/revslider/slider-1/1750861156-logistics_Slider_3840%C3%972160_20250625191356-scaled-50x100.webp HTTP/1.1" 200 1416 "http://cqqizhou.com/" "Mozilla/5.0 (Windows NT 10.0; Win64; x64) AppleWebKit/537.36 (KHTML, like Gecko) Chrome/117.0.5938.132 Safari/537.36"
205.169.39.18 - - [03/Jan/2026:11:18:16 +0800] "GET /wp-content/uploads/revslider/slider-1/1750861156-logistics_Slider_3840%C3%972160_20250625191356-scaled-50x100.webp HTTP/1.1" 200 1416 "http://cqqizhou.com/" "Mozilla/5.0 (Windows NT 10.0; Win64; x64) AppleWebKit/537.36 (KHTML, like Gecko) Chrome/117.0.5938.132 Safari/537.36"
205.169.39.18 - - [03/Jan/2026:11:18:16 +0800] "GET /wp-content/uploads/2025/12/1765265398-qizhou_Slider_3840%C3%972160_20251209-scaled-50x100.webp HTTP/1.1" 200 2166 "http://cqqizhou.com/" "Mozilla/5.0 (Windows NT 10.0; Win64; x64) AppleWebKit/537.36 (KHTML, like Gecko) Chrome/117.0.5938.132 Safari/537.36"
205.169.39.18 - - [03/Jan/2026:11:18:16 +0800] "GET /wp-json/sliderrevolution/sliders/1?srengine=7&slideid=2 HTTP/1.1" 200 2058 "http://cqqizhou.com/" "Mozilla/5.0 (Windows NT 10.0; Win64; x64) AppleWebKit/537.36 (KHTML, like Gecko) Chrome/117.0.5938.132 Safari/537.36"
205.169.39.18 - - [03/Jan/2026:11:18:16 +0800] "GET /wp-json/sliderrevolution/sliders/1?srengine=7&slideid=3 HTTP/1.1" 200 2286 "http://cqqizhou.com/" "Mozilla/5.0 (Windows NT 10.0; Win64; x64) AppleWebKit/537.36 (KHTML, like Gecko) Chrome/117.0.5938.132 Safari/537.36"
205.169.39.18 - - [03/Jan/2026:11:18:17 +0800] "GET /wp-content/uploads/2025/12/1765265398-qizhou_Slider_3840%C3%972160_20251209-scaled.webp HTTP/1.1" 200 175208 "http://cqqizhou.com/" "Mozilla/5.0 (Windows NT 10.0; Win64; x64) AppleWebKit/537.36 (KHTML, like Gecko) Chrome/117.0.5938.132 Safari/537.36"
205.169.39.18 - - [03/Jan/2026:11:18:17 +0800] "GET /wp-content/uploads/revslider/slider-1/1750861156-logistics_Slider_3840%C3%972160_20250625191356-scaled.webp HTTP/1.1" 200 197360 "http://cqqizhou.com/" "Mozilla/5.0 (Windows NT 10.0; Win64; x64) AppleWebKit/537.36 (KHTML, like Gecko) Chrome/117.0.5938.132 Safari/537.36"
205.169.39.18 - - [03/Jan/2026:11:18:25 +0800] "GET /wp-content/uploads/2025/12/1765268955-qizhou_Slider1_3840%C3%972160_20251210-scaled-50x100.webp HTTP/1.1" 200 1812 "http://cqqizhou.com/" "Mozilla/5.0 (X11; Linux x86_64) AppleWebKit/537.36 (KHTML, like Gecko) HeadlessChrome/127.0.6533.119 Safari/537.36"
36.133.115.36 - - [03/Jan/2026:11:18:58 +0800] "POST /wp-cron.php?doing_wp_cron=1767410338.1785809993743896484375 HTTP/1.1" 200 31 "-" "WordPress/6.8.3; http://cqqizhou.com"
74.82.47.4 - - [03/Jan/2026:11:18:58 +0800] "GET /webui/ HTTP/1.1" 404 8981 "-" "Mozilla/5.0 (Macintosh; Intel Mac OS X 14_4) AppleWebKit/537.36 (KHTML, like Gecko) Chrome/123.0.0.0 Safari/537.36"
36.133.115.36 - - [03/Jan/2026:11:20:31 +0800] "POST /wp-cron.php?doing_wp_cron=1767410431.4625160694122314453125 HTTP/1.1" 200 31 "-" "WordPress/6.8.3; http://cqqizhou.com"
74.82.47.4 - - [03/Jan/2026:11:20:31 +0800] "GET / HTTP/1.1" 301 5 "-" "Mozilla/5.0 (Macintosh; Intel Mac OS X 14_4) AppleWebKit/537.36 (KHTML, like Gecko) Chrome/123.0.0.0 Safari/537.36"
36.133.115.36 - - [03/Jan/2026:11:23:20 +0800] "POST /wp-cron.php?doing_wp_cron=1767410600.2792210578918457031250 HTTP/1.1" 200 31 "-" "WordPress/6.8.3; http://cqqizhou.com"
185.193.67.83 - - [03/Jan/2026:11:23:20 +0800] "POST /xmlrpc.php HTTP/1.1" 200 217 "-" "Mozilla/5.0 (Windows NT 10.0; Win64; x64; rv:89.0) Gecko/20100101 Firefox/89.0"
40.77.167.126 - - [03/Jan/2026:11:24:54 +0800] "GET / HTTP/1.1" 200 34110 "-" "Mozilla/5.0 AppleWebKit/537.36 (KHTML, like Gecko; compatible; bingbot/2.0; +http://www.bing.com/bingbot.htm) Chrome/116.0.1938.76 Safari/537.36"
36.133.115.36 - - [03/Jan/2026:11:25:26 +0800] "POST /wp-cron.php?doing_wp_cron=1767410726.2201778888702392578125 HTTP/1.1" 200 31 "-" "WordPress/6.8.3; http://cqqizhou.com"
74.82.47.4 - - [03/Jan/2026:11:25:26 +0800] "GET /geoserver/web/ HTTP/1.1" 404 8981 "-" "Mozilla/5.0 (Windows NT 10.0; Win64; x64) AppleWebKit/537.36 (KHTML, like Gecko) Chrome/121.0.0.0 Safari/537.36 OPR/107.0.0.0"
36.133.115.36 - - [03/Jan/2026:11:31:25 +0800] "POST /wp-cron.php?doing_wp_cron=1767411085.8648650646209716796875 HTTP/1.1" 200 31 "-" "WordPress/6.8.3; http://cqqizhou.com"
43.153.85.46 - - [03/Jan/2026:11:31:26 +0800] "GET / HTTP/1.1" 200 33678 "-" "Mozilla/5.0 (iPhone; CPU iPhone OS 13_2_3 like Mac OS X) AppleWebKit/605.1.15 (KHTML, like Gecko) Version/13.0.3 Mobile/15E148 Safari/604.1"
36.133.115.36 - - [03/Jan/2026:11:36:56 +0800] "POST /wp-cron.php?doing_wp_cron=1767411416.6072580814361572265625 HTTP/1.1" 200 31 "-" "WordPress/6.8.3; http://cqqizhou.com"
5.187.35.158 - - [03/Jan/2026:11:36:56 +0800] "GET /SDK/webLanguage HTTP/1.1" 301 5 "-" "Mozilla/5.0 (Windows NT 10.0; Win64; x64) AppleWebKit/537.36 (KHTML, like Gecko) Chrome/90.0.4430.85 Safari/537.36 Edg/90.0.818.46"
36.133.115.36 - - [03/Jan/2026:11:43:50 +0800] "POST /wp-cron.php?doing_wp_cron=1767411830.2456309795379638671875 HTTP/1.1" 200 31 "-" "WordPress/6.8.3; http://cqqizhou.com"
162.62.213.187 - - [03/Jan/2026:11:43:50 +0800] "GET /wp-content/uploads/2025/12/1765268955-qizhou_Slider1_3840 HTTP/1.1" 404 8981 "-" "Mozilla/5.0 (iPhone; CPU iPhone OS 13_2_3 like Mac OS X) AppleWebKit/605.1.15 (KHTML, like Gecko) Version/13.0.3 Mobile/15E148 Safari/604.1"
36.133.115.36 - - [03/Jan/2026:11:45:42 +0800] "POST /wp-cron.php?doing_wp_cron=1767411942.3906071186065673828125 HTTP/1.1" 200 31 "-" "WordPress/6.8.3; http://cqqizhou.com"
43.130.32.245 - - [03/Jan/2026:11:45:42 +0800] "GET /services HTTP/1.1" 301 5 "-" "Mozilla/5.0 (iPhone; CPU iPhone OS 13_2_3 like Mac OS X) AppleWebKit/605.1.15 (KHTML, like Gecko) Version/13.0.3 Mobile/15E148 Safari/604.1"
43.130.32.245 - - [03/Jan/2026:11:45:44 +0800] "GET /services/ HTTP/1.1" 200 25815 "http://36.133.115.36:80/services" "Mozilla/5.0 (iPhone; CPU iPhone OS 13_2_3 like Mac OS X) AppleWebKit/605.1.15 (KHTML, like Gecko) Version/13.0.3 Mobile/15E148 Safari/604.1"
211.149.206.83 - - [03/Jan/2026:11:45:55 +0800] "GET /public/plugins/webuploader/fileupload.php HTTP/1.1" 404 47 "-" "Mozilla/5.0 (Windows NT 10.0; Win64; x64)"
36.133.115.36 - - [03/Jan/2026:11:55:21 +0800] "POST /wp-cron.php?doing_wp_cron=1767412521.5157339572906494140625 HTTP/1.1" 200 31 "-" "WordPress/6.8.3; http://cqqizhou.com"
170.106.180.153 - - [03/Jan/2026:11:55:21 +0800] "GET /logistics HTTP/1.1" 301 5 "-" "Mozilla/5.0 (iPhone; CPU iPhone OS 13_2_3 like Mac OS X) AppleWebKit/605.1.15 (KHTML, like Gecko) Version/13.0.3 Mobile/15E148 Safari/604.1"
170.106.180.153 - - [03/Jan/2026:11:55:24 +0800] "GET /logistics/ HTTP/1.1" 200 18300 "http://36.133.115.36:80/logistics" "Mozilla/5.0 (iPhone; CPU iPhone OS 13_2_3 like Mac OS X) AppleWebKit/605.1.15 (KHTML, like Gecko) Version/13.0.3 Mobile/15E148 Safari/604.1"
36.133.115.36 - - [03/Jan/2026:11:55:50 +0800] "POST /wp-cron.php?doing_wp_cron=1767412550.5517959594726562500000 HTTP/1.1" 200 31 "-" "WordPress/6.8.3; http://cqqizhou.com"
49.51.243.156 - - [03/Jan/2026:11:55:50 +0800] "GET /wp-content/uploads/revslider/slider-1/1750861156-logistics_Slider_3840 HTTP/1.1" 404 8981 "-" "Mozilla/5.0 (iPhone; CPU iPhone OS 13_2_3 like Mac OS X) AppleWebKit/605.1.15 (KHTML, like Gecko) Version/13.0.3 Mobile/15E148 Safari/604.1"
36.133.115.36 - - [03/Jan/2026:12:02:07 +0800] "POST /wp-cron.php?doing_wp_cron=1767412926.9916489124298095703125 HTTP/1.1" 200 31 "-" "WordPress/6.8.3; http://cqqizhou.com"
38.46.221.123 - - [03/Jan/2026:12:02:07 +0800] "GET http://check.9tb.org/ HTTP/1.1" 301 5 "-" "Go-http-client/1.1"
38.46.221.123 - - [03/Jan/2026:12:02:07 +0800] "GET http://cqqizhou.com/ HTTP/1.1" 200 34110 "http://check.9tb.org" "Go-http-client/1.1"
36.133.115.36 - - [03/Jan/2026:12:04:43 +0800] "POST /wp-cron.php?doing_wp_cron=1767413083.7396819591522216796875 HTTP/1.1" 200 31 "-" "WordPress/6.8.3; http://cqqizhou.com"
43.135.142.37 - - [03/Jan/2026:12:04:44 +0800] "GET / HTTP/1.1" 200 33678 "-" "Mozilla/5.0 (iPhone; CPU iPhone OS 13_2_3 like Mac OS X) AppleWebKit/605.1.15 (KHTML, like Gecko) Version/13.0.3 Mobile/15E148 Safari/604.1"
36.133.115.36 - - [03/Jan/2026:12:05:35 +0800] "POST /wp-cron.php?doing_wp_cron=1767413135.9367280006408691406250 HTTP/1.1" 200 31 "-" "WordPress/6.8.3; http://cqqizhou.com"
129.226.213.145 - - [03/Jan/2026:12:05:36 +0800] "GET /wp-json/oembed/1.0/embed?url=http%3A%2F%2Fcqqizhou.com%2Fservices%2F HTTP/1.1" 200 1112 "-" "Mozilla/5.0 (iPhone; CPU iPhone OS 13_2_3 like Mac OS X) AppleWebKit/605.1.15 (KHTML, like Gecko) Version/13.0.3 Mobile/15E148 Safari/604.1"
36.133.115.36 - - [03/Jan/2026:12:06:47 +0800] "POST /wp-cron.php?doing_wp_cron=1767413207.1955440044403076171875 HTTP/1.1" 200 31 "-" "WordPress/6.8.3; http://cqqizhou.com"
204.76.203.219 - - [03/Jan/2026:12:06:47 +0800] "GET / HTTP/1.1" 200 33677 "-" "Mozilla/5.0 (Windows NT 10.0; Win64; x64) AppleWebKit/537.36 (KHTML, like Gecko) Chrome/90.0.4430.85 Safari/537.36 Edg/90.0.818.46"
36.133.115.36 - - [03/Jan/2026:12:14:48 +0800] "POST /wp-cron.php?doing_wp_cron=1767413688.4908530712127685546875 HTTP/1.1" 200 31 "-" "WordPress/6.8.3; http://cqqizhou.com"
185.115.179.229 - - [03/Jan/2026:12:14:48 +0800] "POST /xmlrpc.php HTTP/1.1" 200 217 "-" "Mozilla/5.0 (Windows NT 10.0; Win64; x64; rv:68.0) Gecko/20100101 Firefox/68.0"
43.153.87.54 - - [03/Jan/2026:12:15:03 +0800] "GET / HTTP/1.1" 200 33678 "-" "Mozilla/5.0 (iPhone; CPU iPhone OS 13_2_3 like Mac OS X) AppleWebKit/605.1.15 (KHTML, like Gecko) Version/13.0.3 Mobile/15E148 Safari/604.1"
170.106.143.6 - - [03/Jan/2026:12:15:28 +0800] "GET /wp-content/uploads/2025/12/1764853157-ISO3.webp HTTP/1.1" 200 83308 "-" "Mozilla/5.0 (iPhone; CPU iPhone OS 13_2_3 like Mac OS X) AppleWebKit/605.1.15 (KHTML, like Gecko) Version/13.0.3 Mobile/15E148 Safari/604.1"
36.133.115.36 - - [03/Jan/2026:12:19:57 +0800] "POST /wp-cron.php?doing_wp_cron=1767413997.3877429962158203125000 HTTP/1.1" 200 31 "-" "WordPress/6.8.3; http://cqqizhou.com"
204.76.203.18 - - [03/Jan/2026:12:19:57 +0800] "GET /backup/ HTTP/1.1" 301 5 "-" "-"
36.133.115.36 - - [03/Jan/2026:12:24:38 +0800] "POST /wp-cron.php?doing_wp_cron=1767414278.5920460224151611328125 HTTP/1.1" 200 31 "-" "WordPress/6.8.3; http://cqqizhou.com"
110.249.201.97 - - [03/Jan/2026:12:24:38 +0800] "GET /robots.txt HTTP/1.1" 200 190 "-" "Mozilla/5.0 (Linux; Android 5.0) AppleWebKit/537.36 (KHTML, like Gecko) Mobile Safari/537.36 (compatible; Bytespider; https://zhanzhang.toutiao.com/)"
36.133.115.36 - - [03/Jan/2026:12:27:13 +0800] "POST /wp-cron.php?doing_wp_cron=1767414433.0983109474182128906250 HTTP/1.1" 200 31 "-" "WordPress/6.8.3; http://cqqizhou.com"
148.153.56.83 - - [03/Jan/2026:12:27:13 +0800] "GET /So1i HTTP/1.1" 301 5 "-" "Mozilla/5.0 (Macintosh; Intel Mac OS X 10.9; rv:32.0) Gecko/20100101 Firefox/32.0"
148.153.56.83 - - [03/Jan/2026:12:27:15 +0800] "GET /So1i HTTP/1.1" 404 8981 "http://36.133.115.36:80/So1i" "Mozilla/5.0 (Macintosh; Intel Mac OS X 10.9; rv:32.0) Gecko/20100101 Firefox/32.0"
148.153.56.83 - - [03/Jan/2026:12:27:17 +0800] "GET /ZOEo HTTP/1.1" 301 5 "-" "Mozilla/5.0 (Macintosh; Intel Mac OS X 10.9; rv:32.0) Gecko/20100101 Firefox/32.0"
148.153.56.83 - - [03/Jan/2026:12:27:18 +0800] "GET /ZOEo HTTP/1.1" 404 8981 "http://36.133.115.36:80/ZOEo" "Mozilla/5.0 (Macintosh; Intel Mac OS X 10.9; rv:32.0) Gecko/20100101 Firefox/32.0"
148.153.56.83 - - [03/Jan/2026:12:27:19 +0800] "GET /aab8 HTTP/1.1" 301 5 "-" "Mozilla/5.0 (Macintosh; Intel Mac OS X 10.9; rv:32.0) Gecko/20100101 Firefox/32.0"
148.153.56.83 - - [03/Jan/2026:12:27:20 +0800] "GET /aab8 HTTP/1.1" 404 8981 "http://36.133.115.36:80/aab8" "Mozilla/5.0 (Macintosh; Intel Mac OS X 10.9; rv:32.0) Gecko/20100101 Firefox/32.0"
148.153.56.83 - - [03/Jan/2026:12:27:28 +0800] "GET /aab9 HTTP/1.1" 301 5 "-" "Mozilla/5.0 (Macintosh; Intel Mac OS X 10.9; rv:32.0) Gecko/20100101 Firefox/32.0"
36.133.115.36 - - [03/Jan/2026:12:28:33 +0800] "POST /wp-cron.php?doing_wp_cron=1767414513.2484040260314941406250 HTTP/1.1" 200 31 "-" "WordPress/6.8.3; http://cqqizhou.com"
43.157.22.109 - - [03/Jan/2026:12:28:33 +0800] "GET / HTTP/1.1" 200 33678 "-" "Mozilla/5.0 (iPhone; CPU iPhone OS 13_2_3 like Mac OS X) AppleWebKit/605.1.15 (KHTML, like Gecko) Version/13.0.3 Mobile/15E148 Safari/604.1"
119.28.140.106 - - [03/Jan/2026:12:28:47 +0800] "GET /wp-content/uploads/2025/12/1764853157-ISO3-1461x2048.webp HTTP/1.1" 200 287770 "-" "Mozilla/5.0 (iPhone; CPU iPhone OS 13_2_3 like Mac OS X) AppleWebKit/605.1.15 (KHTML, like Gecko) Version/13.0.3 Mobile/15E148 Safari/604.1"
36.133.115.36 - - [03/Jan/2026:12:31:02 +0800] "POST /wp-cron.php?doing_wp_cron=1767414662.1775341033935546875000 HTTP/1.1" 200 31 "-" "WordPress/6.8.3; http://cqqizhou.com"
134.199.173.184 - - [03/Jan/2026:12:31:02 +0800] "GET / HTTP/1.1" 200 33678 "-" "Mozilla/5.0"
134.199.173.184 - - [03/Jan/2026:12:31:03 +0800] "POST / HTTP/1.1" 200 33678 "-" "Mozilla/5.0"
36.133.115.36 - - [03/Jan/2026:12:34:59 +0800] "POST /wp-cron.php?doing_wp_cron=1767414899.3902580738067626953125 HTTP/1.1" 200 31 "-" "WordPress/6.8.3; http://cqqizhou.com"
43.130.57.46 - - [03/Jan/2026:12:34:59 +0800] "GET / HTTP/1.1" 200 33678 "-" "Mozilla/5.0 (iPhone; CPU iPhone OS 13_2_3 like Mac OS X) AppleWebKit/605.1.15 (KHTML, like Gecko) Version/13.0.3 Mobile/15E148 Safari/604.1"
49.51.183.220 - - [03/Jan/2026:12:35:24 +0800] "GET /wp-content/uploads/2025/12/1764853155-ISO2-768x1076.webp HTTP/1.1" 200 98458 "-" "Mozilla/5.0 (iPhone; CPU iPhone OS 13_2_3 like Mac OS X) AppleWebKit/605.1.15 (KHTML, like Gecko) Version/13.0.3 Mobile/15E148 Safari/604.1"
43.157.153.236 - - [03/Jan/2026:12:44:46 +0800] "GET /wp-content/uploads/2025/12/1764853157-ISO3-1096x1536.webp HTTP/1.1" 200 149672 "-" "Mozilla/5.0 (iPhone; CPU iPhone OS 13_2_3 like Mac OS X) AppleWebKit/605.1.15 (KHTML, like Gecko) Version/13.0.3 Mobile/15E148 Safari/604.1"
36.133.115.36 - - [03/Jan/2026:12:45:30 +0800] "POST /wp-cron.php?doing_wp_cron=1767415530.2123279571533203125000 HTTP/1.1" 200 31 "-" "WordPress/6.8.3; http://cqqizhou.com"
170.106.143.6 - - [03/Jan/2026:12:45:30 +0800] "GET /bug HTTP/1.1" 301 5 "-" "Mozilla/5.0 (iPhone; CPU iPhone OS 13_2_3 like Mac OS X) AppleWebKit/605.1.15 (KHTML, like Gecko) Version/13.0.3 Mobile/15E148 Safari/604.1"
170.106.143.6 - - [03/Jan/2026:12:45:33 +0800] "GET /bug/ HTTP/1.1" 200 11639 "http://36.133.115.36/bug" "Mozilla/5.0 (iPhone; CPU iPhone OS 13_2_3 like Mac OS X) AppleWebKit/605.1.15 (KHTML, like Gecko) Version/13.0.3 Mobile/15E148 Safari/604.1"
220.181.108.144 - - [03/Jan/2026:12:49:30 +0800] "GET /2155/ HTTP/1.1" 200 29042 "-" "Mozilla/5.0 (compatible; Baiduspider/2.0; +http://www.baidu.com/search/spider.html)"
36.133.115.36 - - [03/Jan/2026:12:54:58 +0800] "POST /wp-cron.php?doing_wp_cron=1767416098.1669569015502929687500 HTTP/1.1" 200 31 "-" "WordPress/6.8.3; http://cqqizhou.com"
43.153.85.46 - - [03/Jan/2026:12:54:58 +0800] "GET /wp-json/oembed/1.0/embed?url=http%3A%2F%2Fcqqizhou.com%2Flogistics%2F HTTP/1.1" 200 1114 "-" "Mozilla/5.0 (iPhone; CPU iPhone OS 13_2_3 like Mac OS X) AppleWebKit/605.1.15 (KHTML, like Gecko) Version/13.0.3 Mobile/15E148 Safari/604.1"
36.133.115.36 - - [03/Jan/2026:12:56:36 +0800] "POST /wp-cron.php?doing_wp_cron=1767416196.0328619480133056640625 HTTP/1.1" 200 31 "-" "WordPress/6.8.3; http://cqqizhou.com"
43.135.139.165 - - [03/Jan/2026:12:56:36 +0800] "GET /contacts/ HTTP/1.1" 200 18571 "-" "Mozilla/5.0 (iPhone; CPU iPhone OS 13_2_3 like Mac OS X) AppleWebKit/605.1.15 (KHTML, like Gecko) Version/13.0.3 Mobile/15E148 Safari/604.1"
36.133.115.36 - - [03/Jan/2026:13:00:10 +0800] "POST /wp-cron.php?doing_wp_cron=1767416410.2297608852386474609375 HTTP/1.1" 200 31 "-" "WordPress/6.8.3; http://cqqizhou.com"
