170.106.107.87 - - [26/Dec/2025:11:13:17 +0800] "GET / HTTP/1.1" 200 33677 "http://www.cqqizhou.com" "Mozilla/5.0 (iPhone; CPU iPhone OS 13_2_3 like Mac OS X) AppleWebKit/605.1.15 (KHTML, like Gecko) Version/13.0.3 Mobile/15E148 Safari/604.1"
51.195.183.4 - - [26/Dec/2025:11:16:29 +0800] "GET /2215/ HTTP/1.1" 200 24048 "-" "Mozilla/5.0 (compatible; AhrefsBot/7.0; +http://ahrefs.com/robot/)"
36.133.115.36 - - [26/Dec/2025:11:26:00 +0800] "POST /wp-cron.php?doing_wp_cron=1766719560.3570799827575683593750 HTTP/1.1" 200 31 "-" "WordPress/6.8.3; http://cqqizhou.com"
204.76.203.219 - - [26/Dec/2025:11:26:00 +0800] "GET / HTTP/1.1" 200 33677 "-" "Mozilla/5.0 (Windows NT 10.0; Win64; x64) AppleWebKit/537.36 (KHTML, like Gecko) Chrome/90.0.4430.85 Safari/537.36 Edg/90.0.818.46"
36.133.115.36 - - [26/Dec/2025:11:27:51 +0800] "POST /wp-cron.php?doing_wp_cron=1766719671.1924300193786621093750 HTTP/1.1" 200 31 "-" "WordPress/6.8.3; http://cqqizhou.com"
212.73.75.82 - - [26/Dec/2025:11:27:52 +0800] "GET / HTTP/1.1" 200 152290 "-" "Mozilla/5.0 (Windows NT 6.1; WOW64) AppleWebKit/537.36 (KHTML, like Gecko) Chrome/51.0.2704.103 Safari/537.36"
20.169.53.154 - - [26/Dec/2025:11:27:52 +0800] "GET /developmentserver/metadatauploader HTTP/1.1" 404 8981 "-" "Mozilla/5.0 zgrab/0.x"
36.133.115.36 - - [26/Dec/2025:11:30:44 +0800] "POST /wp-cron.php?doing_wp_cron=1766719844.5538840293884277343750 HTTP/1.1" 200 31 "-" "WordPress/6.8.3; http://cqqizhou.com"
110.249.201.52 - - [26/Dec/2025:11:30:44 +0800] "GET /robots.txt HTTP/1.1" 200 190 "-" "Mozilla/5.0 (Linux; Android 5.0) AppleWebKit/537.36 (KHTML, like Gecko) Mobile Safari/537.36 (compatible; Bytespider; https://zhanzhang.toutiao.com/)"
36.133.115.36 - - [26/Dec/2025:11:40:13 +0800] "POST /wp-cron.php?doing_wp_cron=1766720413.6294078826904296875000 HTTP/1.1" 200 31 "-" "WordPress/6.8.3; http://cqqizhou.com"
95.214.55.41 - - [26/Dec/2025:11:40:13 +0800] "POST /boaform/admin/formLogin HTTP/1.1" 404 8981 "http://36.133.115.36:80/admin/login.asp" "Mozilla/5.0 (X11; Ubuntu; Linux x86_64; rv:71.0) Gecko/20100101 Firefox/71.0"
36.133.115.36 - - [26/Dec/2025:11:57:11 +0800] "POST /wp-cron.php?doing_wp_cron=1766721431.1032109260559082031250 HTTP/1.1" 200 31 "-" "WordPress/6.8.3; http://cqqizhou.com"
162.142.125.119 - - [26/Dec/2025:11:57:11 +0800] "GET / HTTP/1.1" 301 5 "-" "Mozilla/5.0 (compatible; CensysInspect/1.1; +https://about.censys.io/)"
162.142.125.119 - - [26/Dec/2025:11:57:17 +0800] "GET /wiki HTTP/1.1" 404 8981 "-" "Mozilla/5.0 (compatible; CensysInspect/1.1; +https://about.censys.io/)"
123.163.114.75 - - [26/Dec/2025:11:57:18 +0800] "GET / HTTP/1.1" 301 5 "-" "Mozilla/4.054101423 Mozilla/4.0 (compatible; MSIE 9.0; Windows NT 6.1)"
123.163.114.75 - - [26/Dec/2025:11:57:19 +0800] "GET / HTTP/1.1" 200 34110 "-" "Mozilla/4.054101423 Mozilla/4.0 (compatible; MSIE 9.0; Windows NT 6.1)"
36.133.115.36 - - [26/Dec/2025:12:02:10 +0800] "POST /wp-cron.php?doing_wp_cron=1766721730.8424038887023925781250 HTTP/1.1" 200 31 "-" "WordPress/6.8.3; http://cqqizhou.com"
87.121.84.44 - - [26/Dec/2025:12:02:11 +0800] "GET / HTTP/1.0" 200 109870 "-" "Mozilla/5.0 (X11; Linux x86_64; rv:140.0) Gecko/20100101 Firefox/140.0"
36.133.115.36 - - [26/Dec/2025:12:05:47 +0800] "POST /wp-cron.php?doing_wp_cron=1766721947.4162199497222900390625 HTTP/1.1" 200 31 "-" "WordPress/6.8.3; http://cqqizhou.com"
86.48.30.152 - - [26/Dec/2025:12:05:47 +0800] "POST /hello.world?%ADd+allow_url_include%3d1+%ADd+auto_prepend_file%3dphp://input HTTP/1.1" 404 31364 "-" "libredtail-http"
86.48.30.152 - - [26/Dec/2025:12:05:49 +0800] "POST /?%ADd+allow_url_include%3d1+%ADd+auto_prepend_file%3dphp://input HTTP/1.1" 200 152290 "-" "libredtail-http"
86.48.30.152 - - [26/Dec/2025:12:05:50 +0800] "GET /vendor/phpunit/phpunit/src/Util/PHP/eval-stdin.php HTTP/1.1" 404 27 "-" "libredtail-http"
86.48.30.152 - - [26/Dec/2025:12:05:50 +0800] "GET /vendor/phpunit/phpunit/Util/PHP/eval-stdin.php HTTP/1.1" 404 27 "-" "libredtail-http"
86.48.30.152 - - [26/Dec/2025:12:05:50 +0800] "GET /vendor/phpunit/src/Util/PHP/eval-stdin.php HTTP/1.1" 404 27 "-" "libredtail-http"
86.48.30.152 - - [26/Dec/2025:12:05:50 +0800] "GET /vendor/phpunit/Util/PHP/eval-stdin.php HTTP/1.1" 404 27 "-" "libredtail-http"
86.48.30.152 - - [26/Dec/2025:12:05:51 +0800] "GET /vendor/phpunit/phpunit/LICENSE/eval-stdin.php HTTP/1.1" 404 27 "-" "libredtail-http"
86.48.30.152 - - [26/Dec/2025:12:05:51 +0800] "GET /vendor/vendor/phpunit/phpunit/src/Util/PHP/eval-stdin.php HTTP/1.1" 404 27 "-" "libredtail-http"
86.48.30.152 - - [26/Dec/2025:12:05:51 +0800] "GET /phpunit/phpunit/src/Util/PHP/eval-stdin.php HTTP/1.1" 404 27 "-" "libredtail-http"
86.48.30.152 - - [26/Dec/2025:12:05:52 +0800] "GET /phpunit/phpunit/Util/PHP/eval-stdin.php HTTP/1.1" 404 27 "-" "libredtail-http"
86.48.30.152 - - [26/Dec/2025:12:05:52 +0800] "GET /phpunit/src/Util/PHP/eval-stdin.php HTTP/1.1" 404 27 "-" "libredtail-http"
86.48.30.152 - - [26/Dec/2025:12:05:52 +0800] "GET /phpunit/Util/PHP/eval-stdin.php HTTP/1.1" 404 27 "-" "libredtail-http"
86.48.30.152 - - [26/Dec/2025:12:05:52 +0800] "GET /lib/phpunit/phpunit/src/Util/PHP/eval-stdin.php HTTP/1.1" 404 27 "-" "libredtail-http"
86.48.30.152 - - [26/Dec/2025:12:05:53 +0800] "GET /lib/phpunit/phpunit/Util/PHP/eval-stdin.php HTTP/1.1" 404 27 "-" "libredtail-http"
86.48.30.152 - - [26/Dec/2025:12:05:53 +0800] "GET /lib/phpunit/src/Util/PHP/eval-stdin.php HTTP/1.1" 404 27 "-" "libredtail-http"
86.48.30.152 - - [26/Dec/2025:12:05:53 +0800] "GET /lib/phpunit/Util/PHP/eval-stdin.php HTTP/1.1" 404 27 "-" "libredtail-http"
86.48.30.152 - - [26/Dec/2025:12:05:54 +0800] "GET /lib/vendor/phpunit/phpunit/src/Util/PHP/eval-stdin.php HTTP/1.1" 404 27 "-" "libredtail-http"
86.48.30.152 - - [26/Dec/2025:12:05:54 +0800] "GET /laravel/vendor/phpunit/phpunit/src/Util/PHP/eval-stdin.php HTTP/1.1" 404 27 "-" "libredtail-http"
86.48.30.152 - - [26/Dec/2025:12:05:54 +0800] "GET /www/vendor/phpunit/phpunit/src/Util/PHP/eval-stdin.php HTTP/1.1" 404 27 "-" "libredtail-http"
86.48.30.152 - - [26/Dec/2025:12:05:54 +0800] "GET /ws/vendor/phpunit/phpunit/src/Util/PHP/eval-stdin.php HTTP/1.1" 404 27 "-" "libredtail-http"
86.48.30.152 - - [26/Dec/2025:12:05:55 +0800] "GET /yii/vendor/phpunit/phpunit/src/Util/PHP/eval-stdin.php HTTP/1.1" 404 27 "-" "libredtail-http"
86.48.30.152 - - [26/Dec/2025:12:05:55 +0800] "GET /zend/vendor/phpunit/phpunit/src/Util/PHP/eval-stdin.php HTTP/1.1" 404 27 "-" "libredtail-http"
86.48.30.152 - - [26/Dec/2025:12:05:55 +0800] "GET /ws/ec/vendor/phpunit/phpunit/src/Util/PHP/eval-stdin.php HTTP/1.1" 404 27 "-" "libredtail-http"
86.48.30.152 - - [26/Dec/2025:12:05:56 +0800] "GET /V2/vendor/phpunit/phpunit/src/Util/PHP/eval-stdin.php HTTP/1.1" 404 27 "-" "libredtail-http"
86.48.30.152 - - [26/Dec/2025:12:05:56 +0800] "GET /tests/vendor/phpunit/phpunit/src/Util/PHP/eval-stdin.php HTTP/1.1" 404 27 "-" "libredtail-http"
86.48.30.152 - - [26/Dec/2025:12:05:56 +0800] "GET /test/vendor/phpunit/phpunit/src/Util/PHP/eval-stdin.php HTTP/1.1" 404 27 "-" "libredtail-http"
86.48.30.152 - - [26/Dec/2025:12:05:56 +0800] "GET /testing/vendor/phpunit/phpunit/src/Util/PHP/eval-stdin.php HTTP/1.1" 404 27 "-" "libredtail-http"
86.48.30.152 - - [26/Dec/2025:12:05:57 +0800] "GET /api/vendor/phpunit/phpunit/src/Util/PHP/eval-stdin.php HTTP/1.1" 404 27 "-" "libredtail-http"
86.48.30.152 - - [26/Dec/2025:12:05:57 +0800] "GET /demo/vendor/phpunit/phpunit/src/Util/PHP/eval-stdin.php HTTP/1.1" 404 27 "-" "libredtail-http"
86.48.30.152 - - [26/Dec/2025:12:05:57 +0800] "GET /cms/vendor/phpunit/phpunit/src/Util/PHP/eval-stdin.php HTTP/1.1" 404 27 "-" "libredtail-http"
86.48.30.152 - - [26/Dec/2025:12:05:58 +0800] "GET /crm/vendor/phpunit/phpunit/src/Util/PHP/eval-stdin.php HTTP/1.1" 404 27 "-" "libredtail-http"
86.48.30.152 - - [26/Dec/2025:12:05:58 +0800] "GET /admin/vendor/phpunit/phpunit/src/Util/PHP/eval-stdin.php HTTP/1.1" 404 27 "-" "libredtail-http"
86.48.30.152 - - [26/Dec/2025:12:05:58 +0800] "GET /backup/vendor/phpunit/phpunit/src/Util/PHP/eval-stdin.php HTTP/1.1" 404 27 "-" "libredtail-http"
86.48.30.152 - - [26/Dec/2025:12:05:58 +0800] "GET /blog/vendor/phpunit/phpunit/src/Util/PHP/eval-stdin.php HTTP/1.1" 404 27 "-" "libredtail-http"
86.48.30.152 - - [26/Dec/2025:12:05:59 +0800] "GET /workspace/drupal/vendor/phpunit/phpunit/src/Util/PHP/eval-stdin.php HTTP/1.1" 404 27 "-" "libredtail-http"
86.48.30.152 - - [26/Dec/2025:12:05:59 +0800] "GET /panel/vendor/phpunit/phpunit/src/Util/PHP/eval-stdin.php HTTP/1.1" 404 27 "-" "libredtail-http"
86.48.30.152 - - [26/Dec/2025:12:05:59 +0800] "GET /public/vendor/phpunit/phpunit/src/Util/PHP/eval-stdin.php HTTP/1.1" 404 27 "-" "libredtail-http"
86.48.30.152 - - [26/Dec/2025:12:05:59 +0800] "GET /apps/vendor/phpunit/phpunit/src/Util/PHP/eval-stdin.php HTTP/1.1" 404 27 "-" "libredtail-http"
86.48.30.152 - - [26/Dec/2025:12:06:00 +0800] "GET /app/vendor/phpunit/phpunit/src/Util/PHP/eval-stdin.php HTTP/1.1" 404 27 "-" "libredtail-http"
86.48.30.152 - - [26/Dec/2025:12:06:01 +0800] "GET /index.php?s=/index/\x5Cthink\x5Capp/invokefunction&function=call_user_func_array&vars[0]=md5&vars[1][]=Hello HTTP/1.1" 200 65604 "-" "libredtail-http"
86.48.30.152 - - [26/Dec/2025:12:06:01 +0800] "GET /public/index.php?s=/index/\x5Cthink\x5Capp/invokefunction&function=call_user_func_array&vars[0]=md5&vars[1][]=Hello HTTP/1.1" 404 27 "-" "libredtail-http"
86.48.30.152 - - [26/Dec/2025:12:06:03 +0800] "GET /index.php?lang=../../../../../../../../usr/local/lib/php/pearcmd&+config-create+/&/<?echo(md5(\x22hi\x22));?>+/tmp/index1.php HTTP/1.1" 200 152290 "-" "libredtail-http"
86.48.30.152 - - [26/Dec/2025:12:06:04 +0800] "GET /index.php?lang=../../../../../../../../tmp/index1 HTTP/1.1" 200 152290 "-" "libredtail-http"
86.48.30.152 - - [26/Dec/2025:12:06:06 +0800] "GET /containers/json HTTP/1.1" 301 5 "-" "libredtail-http"
86.48.30.152 - - [26/Dec/2025:12:06:07 +0800] "GET /containers/json HTTP/1.1" 301 5 "-" "libredtail-http"
36.133.115.36 - - [26/Dec/2025:12:17:13 +0800] "POST /wp-cron.php?doing_wp_cron=1766722633.3527328968048095703125 HTTP/1.1" 200 31 "-" "WordPress/6.8.3; http://cqqizhou.com"
95.214.55.71 - - [26/Dec/2025:12:17:13 +0800] "GET / HTTP/1.1" 200 33677 "-" "-"
36.133.115.36 - - [26/Dec/2025:12:26:43 +0800] "POST /wp-cron.php?doing_wp_cron=1766723203.4323608875274658203125 HTTP/1.1" 200 31 "-" "WordPress/6.8.3; http://cqqizhou.com"
40.77.167.55 - - [26/Dec/2025:12:26:43 +0800] "GET /?s=2025 HTTP/1.1" 200 19811 "-" "Mozilla/5.0 AppleWebKit/537.36 (KHTML, like Gecko; compatible; bingbot/2.0; +http://www.bing.com/bingbot.htm) Chrome/116.0.1938.76 Safari/537.36"
36.133.115.36 - - [26/Dec/2025:12:36:50 +0800] "POST /wp-cron.php?doing_wp_cron=1766723810.1130740642547607421875 HTTP/1.1" 200 31 "-" "WordPress/6.8.3; http://cqqizhou.com"
5.187.35.21 - - [26/Dec/2025:12:36:50 +0800] "POST / HTTP/1.1" 200 33677 "-" "Go-http-client/1.1"
36.133.115.36 - - [26/Dec/2025:12:40:52 +0800] "POST /wp-cron.php?doing_wp_cron=1766724052.5668849945068359375000 HTTP/1.1" 200 31 "-" "WordPress/6.8.3; http://cqqizhou.com"
198.244.183.197 - - [26/Dec/2025:12:40:52 +0800] "GET /portfolio/%E5%86%B7%E8%BD%A7%E5%8D%B7/ HTTP/1.1" 200 22095 "-" "Mozilla/5.0 (compatible; AhrefsBot/7.0; +http://ahrefs.com/robot/)"
36.133.115.36 - - [26/Dec/2025:13:26:37 +0800] "POST /wp-cron.php?doing_wp_cron=1766726797.4769821166992187500000 HTTP/1.1" 200 31 "-" "WordPress/6.8.3; http://cqqizhou.com"
40.77.167.2 - - [26/Dec/2025:13:26:37 +0800] "GET /about/ HTTP/1.1" 200 29957 "-" "Mozilla/5.0 AppleWebKit/537.36 (KHTML, like Gecko; compatible; bingbot/2.0; +http://www.bing.com/bingbot.htm) Chrome/116.0.1938.76 Safari/537.36"
36.133.115.36 - - [26/Dec/2025:13:33:00 +0800] "POST /wp-cron.php?doing_wp_cron=1766727180.4548349380493164062500 HTTP/1.1" 200 31 "-" "WordPress/6.8.3; http://cqqizhou.com"
51.254.59.113 - - [26/Dec/2025:13:33:00 +0800] "GET / HTTP/1.1" 301 5 "-" "Mozilla/5.0 (Windows NT 6.1) AppleWebKit/537.36 (KHTML, like Gecko) Chrome/41.0.2228.0 Safari/537.36"
36.133.115.36 - - [26/Dec/2025:13:50:58 +0800] "POST /wp-cron.php?doing_wp_cron=1766728258.7297239303588867187500 HTTP/1.1" 200 31 "-" "WordPress/6.8.3; http://cqqizhou.com"
38.46.221.123 - - [26/Dec/2025:13:50:58 +0800] "GET http://check.9tb.org/ HTTP/1.1" 301 5 "-" "Go-http-client/1.1"
38.46.221.123 - - [26/Dec/2025:13:51:00 +0800] "GET http://cqqizhou.com/ HTTP/1.1" 200 34090 "http://check.9tb.org" "Go-http-client/1.1"
36.133.115.36 - - [26/Dec/2025:14:02:10 +0800] "POST /wp-cron.php?doing_wp_cron=1766728930.1938629150390625000000 HTTP/1.1" 200 31 "-" "WordPress/6.8.3; http://cqqizhou.com"
43.157.170.13 - - [26/Dec/2025:14:02:10 +0800] "GET / HTTP/1.1" 200 33677 "-" "Mozilla/5.0 (iPhone; CPU iPhone OS 13_2_3 like Mac OS X) AppleWebKit/605.1.15 (KHTML, like Gecko) Version/13.0.3 Mobile/15E148 Safari/604.1"
36.133.115.36 - - [26/Dec/2025:14:03:18 +0800] "POST /wp-cron.php?doing_wp_cron=1766728998.6494719982147216796875 HTTP/1.1" 200 31 "-" "WordPress/6.8.3; http://cqqizhou.com"
198.244.183.53 - - [26/Dec/2025:14:03:18 +0800] "GET /logistics HTTP/1.1" 301 5 "-" "Mozilla/5.0 (compatible; AhrefsBot/7.0; +http://ahrefs.com/robot/)"
36.133.115.36 - - [26/Dec/2025:14:08:37 +0800] "POST /wp-cron.php?doing_wp_cron=1766729317.7421948909759521484375 HTTP/1.1" 200 31 "-" "WordPress/6.8.3; http://cqqizhou.com"
93.158.90.66 - - [26/Dec/2025:14:08:38 +0800] "GET / HTTP/1.1" 200 33677 "-" "Mozilla/5.0 (iPhone; CPU iPhone OS 17_1_2 like Mac OS X) AppleWebKit/605.1.15 (KHTML, like Gecko) Version/17.1.2 Mobile/15E148 Safari/604"
93.158.90.70 - - [26/Dec/2025:14:08:40 +0800] "GET /portfolio-category/hot-dip-galvanized-coil/ HTTP/1.1" 200 17790 "-" "Mozilla/5.0 (iPhone; CPU iPhone OS 17_1_2 like Mac OS X) AppleWebKit/605.1.15 (KHTML, like Gecko) Version/17.1.2 Mobile/15E148 Safari/604"
93.158.90.70 - - [26/Dec/2025:14:08:43 +0800] "GET /portfolio/%e5%86%b7%e8%bd%a7%e6%9d%bf/ HTTP/1.1" 200 18774 "-" "Mozilla/5.0 (iPhone; CPU iPhone OS 17_1_2 like Mac OS X) AppleWebKit/605.1.15 (KHTML, like Gecko) Version/17.1.2 Mobile/15E148 Safari/604"
93.158.90.68 - - [26/Dec/2025:14:08:45 +0800] "GET /portfolio-tag/%e9%9e%8d%e9%92%a2%e8%92%82%e6%a3%ae/ HTTP/1.1" 200 18295 "-" "Mozilla/5.0 (iPhone; CPU iPhone OS 17_1_2 like Mac OS X) AppleWebKit/605.1.15 (KHTML, like Gecko) Version/17.1.2 Mobile/15E148 Safari/604"
113.204.3.195 - - [26/Dec/2025:14:09:20 +0800] "GET / HTTP/1.1" 200 34109 "-" "Mozilla/5.0 (Macintosh; Intel Mac OS X 10_15_7) AppleWebKit/537.36 (KHTML, like Gecko) Chrome/143.0.0.0 Safari/537.36"
113.204.3.195 - - [26/Dec/2025:14:09:20 +0800] "GET /wp-content/uploads/2025/07/1751425283-qizhou.kf_.qq_.com_.webp HTTP/1.1" 200 16864 "http://cqqizhou.com/" "Mozilla/5.0 (Macintosh; Intel Mac OS X 10_15_7) AppleWebKit/537.36 (KHTML, like Gecko) Chrome/143.0.0.0 Safari/537.36"
113.204.3.195 - - [26/Dec/2025:14:09:23 +0800] "GET /wp-content/uploads/2025/07/1753456723-%E5%8F%8C%E7%9B%B8%E9%92%A2roduct_Single600.webp HTTP/1.1" 200 22790 "http://cqqizhou.com/" "Mozilla/5.0 (Macintosh; Intel Mac OS X 10_15_7) AppleWebKit/537.36 (KHTML, like Gecko) Chrome/143.0.0.0 Safari/537.36"
113.204.3.195 - - [26/Dec/2025:14:09:23 +0800] "GET /wp-content/uploads/2025/07/1753453096-%E5%8F%8C%E7%9B%B8%E9%92%A2product_Single600%C3%97284.webp HTTP/1.1" 200 14562 "http://cqqizhou.com/" "Mozilla/5.0 (Macintosh; Intel Mac OS X 10_15_7) AppleWebKit/537.36 (KHTML, like Gecko) Chrome/143.0.0.0 Safari/537.36"
113.204.3.195 - - [26/Dec/2025:14:09:23 +0800] "GET /wp-content/uploads/2025/07/1753456770-%E7%83%AD%E9%95%80%E9%94%8C%E5%8D%B7product_Single600.webp HTTP/1.1" 200 27502 "http://cqqizhou.com/" "Mozilla/5.0 (Macintosh; Intel Mac OS X 10_15_7) AppleWebKit/537.36 (KHTML, like Gecko) Chrome/143.0.0.0 Safari/537.36"
113.204.3.195 - - [26/Dec/2025:14:09:23 +0800] "GET /wp-content/uploads/2025/07/1753453127-%E4%BD%99%E5%8D%B7product_Single600%C3%97284.webp HTTP/1.1" 200 18744 "http://cqqizhou.com/" "Mozilla/5.0 (Macintosh; Intel Mac OS X 10_15_7) AppleWebKit/537.36 (KHTML, like Gecko) Chrome/143.0.0.0 Safari/537.36"
113.204.3.195 - - [26/Dec/2025:14:09:23 +0800] "GET /wp-content/uploads/2025/12/1765268955-qizhou_Slider1_3840%C3%972160_20251210-scaled.webp HTTP/1.1" 200 152162 "http://cqqizhou.com/" "Mozilla/5.0 (Macintosh; Intel Mac OS X 10_15_7) AppleWebKit/537.36 (KHTML, like Gecko) Chrome/143.0.0.0 Safari/537.36"
113.204.3.195 - - [26/Dec/2025:14:09:23 +0800] "GET /wp-content/uploads/2025/12/1765265398-qizhou_Slider_3840%C3%972160_20251209-scaled-50x100.webp HTTP/1.1" 200 2166 "http://cqqizhou.com/" "Mozilla/5.0 (Macintosh; Intel Mac OS X 10_15_7) AppleWebKit/537.36 (KHTML, like Gecko) Chrome/143.0.0.0 Safari/537.36"
113.204.3.195 - - [26/Dec/2025:14:09:23 +0800] "GET /wp-content/uploads/revslider/slider-1/1750861156-logistics_Slider_3840%C3%972160_20250625191356-scaled-50x100.webp HTTP/1.1" 200 1416 "http://cqqizhou.com/" "Mozilla/5.0 (Macintosh; Intel Mac OS X 10_15_7) AppleWebKit/537.36 (KHTML, like Gecko) Chrome/143.0.0.0 Safari/537.36"
36.133.115.36 - - [26/Dec/2025:14:09:24 +0800] "POST /wp-cron.php?doing_wp_cron=1766729364.6535410881042480468750 HTTP/1.1" 200 31 "-" "WordPress/6.8.3; http://cqqizhou.com"
36.133.115.36 - - [26/Dec/2025:14:09:24 +0800] "POST /wp-cron.php?doing_wp_cron=1766729364.6542730331420898437500 HTTP/1.1" 200 31 "-" "WordPress/6.8.3; http://cqqizhou.com"
113.204.3.195 - - [26/Dec/2025:14:09:24 +0800] "GET /wp-json/sliderrevolution/sliders/1?srengine=7&slideid=2 HTTP/1.1" 200 2058 "http://cqqizhou.com/" "Mozilla/5.0 (Macintosh; Intel Mac OS X 10_15_7) AppleWebKit/537.36 (KHTML, like Gecko) Chrome/143.0.0.0 Safari/537.36"
113.204.3.195 - - [26/Dec/2025:14:09:24 +0800] "GET /wp-json/sliderrevolution/sliders/1?srengine=7&slideid=3 HTTP/1.1" 200 2286 "http://cqqizhou.com/" "Mozilla/5.0 (Macintosh; Intel Mac OS X 10_15_7) AppleWebKit/537.36 (KHTML, like Gecko) Chrome/143.0.0.0 Safari/537.36"
113.204.3.195 - - [26/Dec/2025:14:09:24 +0800] "GET /wp-content/uploads/revslider/slider-1/1750861156-logistics_Slider_3840%C3%972160_20250625191356-scaled.webp HTTP/1.1" 200 197360 "http://cqqizhou.com/" "Mozilla/5.0 (Macintosh; Intel Mac OS X 10_15_7) AppleWebKit/537.36 (KHTML, like Gecko) Chrome/143.0.0.0 Safari/537.36"
113.204.3.195 - - [26/Dec/2025:14:09:24 +0800] "GET /wp-content/uploads/2025/12/1765265398-qizhou_Slider_3840%C3%972160_20251209-scaled.webp HTTP/1.1" 200 175208 "http://cqqizhou.com/" "Mozilla/5.0 (Macintosh; Intel Mac OS X 10_15_7) AppleWebKit/537.36 (KHTML, like Gecko) Chrome/143.0.0.0 Safari/537.36"
113.204.3.195 - - [26/Dec/2025:14:09:26 +0800] "GET /wp-content/uploads/2025/07/1750174127-Marketing1920x800_3.webp HTTP/1.1" 200 52790 "http://cqqizhou.com/wp-content/uploads/elementor/css/post-1666.css?ver=1765890155" "Mozilla/5.0 (Macintosh; Intel Mac OS X 10_15_7) AppleWebKit/537.36 (KHTML, like Gecko) Chrome/143.0.0.0 Safari/537.36"
113.204.3.195 - - [26/Dec/2025:14:09:26 +0800] "GET /wp-content/uploads/2025/07/1753454299-Article_images_W900px.webp HTTP/1.1" 200 52418 "http://cqqizhou.com/" "Mozilla/5.0 (Macintosh; Intel Mac OS X 10_15_7) AppleWebKit/537.36 (KHTML, like Gecko) Chrome/143.0.0.0 Safari/537.36"
113.204.3.195 - - [26/Dec/2025:14:09:26 +0800] "GET /wp-content/uploads/2025/07/1753454089-Article_images_W900px.webp HTTP/1.1" 200 27552 "http://cqqizhou.com/" "Mozilla/5.0 (Macintosh; Intel Mac OS X 10_15_7) AppleWebKit/537.36 (KHTML, like Gecko) Chrome/143.0.0.0 Safari/537.36"
113.204.3.195 - - [26/Dec/2025:14:09:27 +0800] "GET /wp-content/uploads/2025/07/1751829454-Smart-warehousing800x500.webp HTTP/1.1" 200 79504 "http://cqqizhou.com/wp-content/uploads/elementor/css/post-1666.css?ver=1765890155" "Mozilla/5.0 (Macintosh; Intel Mac OS X 10_15_7) AppleWebKit/537.36 (KHTML, like Gecko) Chrome/143.0.0.0 Safari/537.36"
36.133.115.36 - - [26/Dec/2025:14:13:01 +0800] "POST /wp-cron.php?doing_wp_cron=1766729581.4205210208892822265625 HTTP/1.1" 200 31 "-" "WordPress/6.8.3; http://cqqizhou.com"
114.119.145.183 - - [26/Dec/2025:14:13:01 +0800] "GET /wp-sitemap.xml HTTP/1.1" 501 253 "-" "Mozilla/5.0 (Linux; Android 7.0;) AppleWebKit/537.36 (KHTML, like Gecko) Mobile Safari/537.36 (compatible; PetalBot;+https://webmaster.petalsearch.com/site/petalbot)"
36.133.115.36 - - [26/Dec/2025:14:14:19 +0800] "POST /wp-cron.php?doing_wp_cron=1766729659.1860170364379882812500 HTTP/1.1" 200 31 "-" "WordPress/6.8.3; http://cqqizhou.com"
167.94.138.43 - - [26/Dec/2025:14:14:19 +0800] "GET / HTTP/1.1" 301 5 "-" "Mozilla/5.0 (compatible; CensysInspect/1.1; +https://about.censys.io/)"
167.94.138.43 - - [26/Dec/2025:14:14:36 +0800] "GET /wiki HTTP/1.1" 404 8981 "-" "Mozilla/5.0 (compatible; CensysInspect/1.1; +https://about.censys.io/)"
36.133.115.36 - - [26/Dec/2025:14:18:01 +0800] "POST /wp-cron.php?doing_wp_cron=1766729881.4208550453186035156250 HTTP/1.1" 200 31 "-" "WordPress/6.8.3; http://cqqizhou.com"
114.119.132.173 - - [26/Dec/2025:14:18:01 +0800] "GET /wp-sitemap.xml HTTP/1.1" 501 253 "-" "Mozilla/5.0 (Linux; Android 7.0;) AppleWebKit/537.36 (KHTML, like Gecko) Mobile Safari/537.36 (compatible; PetalBot;+https://webmaster.petalsearch.com/site/petalbot)"
36.133.115.36 - - [26/Dec/2025:14:20:37 +0800] "POST /wp-cron.php?doing_wp_cron=1766730037.3558149337768554687500 HTTP/1.1" 200 31 "-" "WordPress/6.8.3; http://cqqizhou.com"
95.214.55.71 - - [26/Dec/2025:14:20:37 +0800] "GET / HTTP/1.1" 200 109837 "-" "Mozilla/5.0 (Macintosh; Intel Mac OS X 10_15_7) AppleWebKit/537.36 (KHTML, like Gecko) Chrome/142.0.0.0 Safari/537.36"
114.119.148.105 - - [26/Dec/2025:14:23:06 +0800] "GET /wp-sitemap.xml HTTP/1.1" 501 253 "-" "Mozilla/5.0 (Linux; Android 7.0;) AppleWebKit/537.36 (KHTML, like Gecko) Mobile Safari/537.36 (compatible; PetalBot;+https://webmaster.petalsearch.com/site/petalbot)"
36.133.115.36 - - [26/Dec/2025:14:31:33 +0800] "POST /wp-cron.php?doing_wp_cron=1766730693.5517880916595458984375 HTTP/1.1" 200 31 "-" "WordPress/6.8.3; http://cqqizhou.com"
5.187.35.21 - - [26/Dec/2025:14:31:34 +0800] "POST / HTTP/1.1" 200 33676 "-" "Go-http-client/1.1"
36.133.115.36 - - [26/Dec/2025:14:36:44 +0800] "POST /wp-cron.php?doing_wp_cron=1766731004.2965400218963623046875 HTTP/1.1" 200 31 "-" "WordPress/6.8.3; http://cqqizhou.com"
3.137.73.221 - - [26/Dec/2025:14:36:44 +0800] "GET / HTTP/1.1" 301 5 "-" "cypex.ai/scanning Mozilla/5.0 (Macintosh; Intel Mac OS X 10_15_7) Chrome/126.0.0.0 Safari/537.36"
36.133.115.36 - - [26/Dec/2025:14:37:30 +0800] "POST /wp-cron.php?doing_wp_cron=1766731050.4340040683746337890625 HTTP/1.1" 200 31 "-" "WordPress/6.8.3; http://cqqizhou.com"
3.137.73.221 - - [26/Dec/2025:14:37:30 +0800] "GET / HTTP/1.1" 301 5 "-" "cypex.ai/scanning Mozilla/5.0 (Macintosh; Intel Mac OS X 10_15_7) Chrome/126.0.0.0 Safari/537.36"
36.133.115.36 - - [26/Dec/2025:14:49:13 +0800] "POST /wp-cron.php?doing_wp_cron=1766731753.7811191082000732421875 HTTP/1.1" 200 31 "-" "WordPress/6.8.3; http://cqqizhou.com"
66.132.153.130 - - [26/Dec/2025:14:49:14 +0800] "GET /security.txt HTTP/1.1" 200 19732 "-" "Mozilla/5.0 (compatible; CensysInspect/1.1; +https://about.censys.io/)"
36.133.115.36 - - [26/Dec/2025:14:52:38 +0800] "POST /wp-cron.php?doing_wp_cron=1766731958.8544690608978271484375 HTTP/1.1" 200 31 "-" "WordPress/6.8.3; http://cqqizhou.com"
202.162.99.221 - - [26/Dec/2025:14:52:38 +0800] "GET /Manager/Inc/Upload/UploadHandler.ashx HTTP/1.1" 404 8975 "-" "Mozilla/5.0 (Windows NT 10.0; Win64; x64)"
93.158.90.66 - - [26/Dec/2025:14:59:34 +0800] "GET / HTTP/1.1" 200 34109 "-" "Mozilla/5.0 (Windows NT 10.0; Win64; x64) AppleWebKit/537.36 (KHTML, like Gecko) Chrome/122.0.0.0 Safari/537.3"
36.133.115.36 - - [26/Dec/2025:14:59:36 +0800] "POST /wp-cron.php?doing_wp_cron=1766732376.1221959590911865234375 HTTP/1.1" 200 31 "-" "WordPress/6.8.3; http://cqqizhou.com"
93.158.90.65 - - [26/Dec/2025:14:59:36 +0800] "GET /portfolio-category/hot-dip-galvanized-coil/ HTTP/1.1" 200 21128 "-" "Mozilla/5.0 (Windows NT 10.0; Win64; x64) AppleWebKit/537.36 (KHTML, like Gecko) Chrome/122.0.0.0 Safari/537.3"
36.133.115.36 - - [26/Dec/2025:14:59:46 +0800] "POST /wp-cron.php?doing_wp_cron=1766732386.1259429454803466796875 HTTP/1.1" 200 31 "-" "WordPress/6.8.3; http://cqqizhou.com"
93.158.90.73 - - [26/Dec/2025:14:59:46 +0800] "GET /portfolio/%e5%86%b7%e8%bd%a7%e6%9d%bf/ HTTP/1.1" 200 22118 "-" "Mozilla/5.0 (Windows NT 10.0; Win64; x64) AppleWebKit/537.36 (KHTML, like Gecko) Chrome/122.0.0.0 Safari/537.3"
93.158.90.70 - - [26/Dec/2025:14:59:48 +0800] "GET /portfolio-tag/%e9%9e%8d%e9%92%a2%e8%92%82%e6%a3%ae/ HTTP/1.1" 200 22853 "-" "Mozilla/5.0 (Windows NT 10.0; Win64; x64) AppleWebKit/537.36 (KHTML, like Gecko) Chrome/122.0.0.0 Safari/537.3"
36.133.115.36 - - [26/Dec/2025:15:10:33 +0800] "POST /wp-cron.php?doing_wp_cron=1766733033.2356410026550292968750 HTTP/1.1" 200 31 "-" "WordPress/6.8.3; http://cqqizhou.com"
38.46.221.123 - - [26/Dec/2025:15:10:33 +0800] "GET http://check.9tb.org/ HTTP/1.1" 301 5 "-" "Go-http-client/1.1"
38.46.221.123 - - [26/Dec/2025:15:10:35 +0800] "GET http://cqqizhou.com/ HTTP/1.1" 200 34109 "http://check.9tb.org" "Go-http-client/1.1"
36.133.115.36 - - [26/Dec/2025:15:11:38 +0800] "POST /wp-cron.php?doing_wp_cron=1766733098.1029379367828369140625 HTTP/1.1" 200 31 "-" "WordPress/6.8.3; http://cqqizhou.com"
170.106.110.146 - - [26/Dec/2025:15:11:38 +0800] "GET / HTTP/1.1" 200 33677 "-" "Mozilla/5.0 (iPhone; CPU iPhone OS 13_2_3 like Mac OS X) AppleWebKit/605.1.15 (KHTML, like Gecko) Version/13.0.3 Mobile/15E148 Safari/604.1"
36.133.115.36 - - [26/Dec/2025:15:24:06 +0800] "POST /wp-cron.php?doing_wp_cron=1766733846.5211670398712158203125 HTTP/1.1" 200 31 "-" "WordPress/6.8.3; http://cqqizhou.com"
87.121.84.177 - - [26/Dec/2025:15:24:06 +0800] "GET http://httpbin.org/ip HTTP/1.1" 404 8975 "-" "ProxyPool-Scanner/2.0"
36.133.115.36 - - [26/Dec/2025:15:25:50 +0800] "POST /wp-cron.php?doing_wp_cron=1766733950.7905199527740478515625 HTTP/1.1" 200 31 "-" "WordPress/6.8.3; http://cqqizhou.com"
40.77.167.57 - - [26/Dec/2025:15:25:51 +0800] "GET /2354/ HTTP/1.1" 200 24337 "-" "Mozilla/5.0 AppleWebKit/537.36 (KHTML, like Gecko; compatible; bingbot/2.0; +http://www.bing.com/bingbot.htm) Chrome/116.0.1938.76 Safari/537.36"
36.133.115.36 - - [26/Dec/2025:15:27:51 +0800] "POST /wp-cron.php?doing_wp_cron=1766734071.7096409797668457031250 HTTP/1.1" 200 31 "-" "WordPress/6.8.3; http://cqqizhou.com"
36.133.219.197 - - [26/Dec/2025:15:27:51 +0800] "GET /control/login.aspx HTTP/1.1" 404 8975 "-" "Mozilla/5.0 (Windows NT 10.0; Win64; x64) AppleWebKit/537.36 (KHTML, like Gecko) Chrome/127.0.0.0 Safari/537.36"
158.173.156.203 - - [26/Dec/2025:15:32:20 +0800] "GET / HTTP/1.0" 200 153956 "http://cqqizhou.com/" "Mozilla/5.0 (Windows NT 10.0; Win64; x64) AppleWebKit/537.36 (KHTML, like Gecko) Chrome/131.0.0.0 Safari/537.36 Avast/131.0.0.0"
36.133.115.36 - - [26/Dec/2025:15:32:22 +0800] "POST /wp-cron.php?doing_wp_cron=1766734342.9025840759277343750000 HTTP/1.1" 200 31 "-" "WordPress/6.8.3; http://cqqizhou.com"
158.173.156.203 - - [26/Dec/2025:15:32:23 +0800] "GET /contacts/ HTTP/1.0" 200 76673 "http://cqqizhou.com/contacts/" "Mozilla/5.0 (Windows NT 10.0; Win64; x64) AppleWebKit/537.36 (KHTML, like Gecko) Chrome/131.0.0.0 Safari/537.36 Avast/131.0.0.0"
158.173.156.203 - - [26/Dec/2025:15:32:29 +0800] "POST /contacts/ HTTP/1.0" 200 70059 "http://cqqizhou.com/contacts/" "Mozilla/5.0 (Windows NT 10.0; Win64; x64) AppleWebKit/537.36 (KHTML, like Gecko) Chrome/131.0.0.0 Safari/537.36 Avast/131.0.0.0"
39.148.157.232 - - [26/Dec/2025:15:44:08 +0800] "GET / HTTP/1.1" 200 34109 "-" "Mozilla/5.0 (Windows NT 10.0; WOW64) AppleWebKit/537.36 (KHTML, like Gecko) Chrome/78.0.3904.105"
36.133.115.36 - - [26/Dec/2025:15:44:14 +0800] "POST /wp-cron.php?doing_wp_cron=1766735054.6257789134979248046875 HTTP/1.1" 200 31 "-" "WordPress/6.8.3; http://cqqizhou.com"
39.146.208.26 - - [26/Dec/2025:15:44:14 +0800] "GET / HTTP/1.1" 301 5 "-" "Mozilla/5.0 (Windows NT 6.2; WOW64) AppleWebKit/537.36 (KHTML, like Gecko) Chrome/80.0.3987.16"
36.143.1.222 - - [26/Dec/2025:15:44:22 +0800] "GET / HTTP/1.1" 301 5 "-" "Mozilla/5.0 (Windows NT 6.2; WOW64) AppleWebKit/537.36 (KHTML, like Gecko) Chrome/80.0.3987.16"
182.138.204.157 - - [26/Dec/2025:15:44:23 +0800] "GET / HTTP/1.1" 301 5 "-" "Mozilla/5.0 (Windows NT 6.2; WOW64) AppleWebKit/537.36 (KHTML, like Gecko) Chrome/80.0.3987.16"
36.158.5.59 - - [26/Dec/2025:15:44:24 +0800] "GET / HTTP/1.1" 301 5 "-" "Mozilla/5.0 (Windows NT 6.2; WOW64) AppleWebKit/537.36 (KHTML, like Gecko) Chrome/80.0.3987.16"
112.37.113.51 - - [26/Dec/2025:15:44:25 +0800] "GET / HTTP/1.1" 301 5 "-" "Mozilla/5.0 (Windows NT 6.2; WOW64) AppleWebKit/537.36 (KHTML, like Gecko) Chrome/80.0.3987.16"
112.37.113.51 - - [26/Dec/2025:15:44:26 +0800] "GET / HTTP/1.1" 301 5 "-" "Mozilla/5.0 (Windows NT 6.2; WOW64) AppleWebKit/537.36 (KHTML, like Gecko) Chrome/80.0.3987.16"
111.17.7.138 - - [26/Dec/2025:15:44:41 +0800] "GET / HTTP/1.1" 301 5 "-" "Mozilla/5.0 (Windows NT 6.2; WOW64) AppleWebKit/537.36 (KHTML, like Gecko) Chrome/80.0.3987.16"
182.34.34.111 - - [26/Dec/2025:15:44:42 +0800] "GET / HTTP/1.1" 301 5 "-" "Mozilla/5.0 (Windows NT 6.2; WOW64) AppleWebKit/537.36 (KHTML, like Gecko) Chrome/80.0.3987.16"
36.133.115.36 - - [26/Dec/2025:15:44:50 +0800] "POST /wp-cron.php?doing_wp_cron=1766735090.1728689670562744140625 HTTP/1.1" 200 31 "-" "WordPress/6.8.3; http://cqqizhou.com"
183.222.67.220 - - [26/Dec/2025:15:44:50 +0800] "GET / HTTP/1.1" 301 5 "-" "Mozilla/5.0 (Windows NT 6.2; WOW64) AppleWebKit/537.36 (KHTML, like Gecko) Chrome/80.0.3987.16"
59.62.105.78 - - [26/Dec/2025:15:45:00 +0800] "GET / HTTP/1.1" 499 0 "-" "Mozilla/5.0 (Windows NT 6.2; WOW64) AppleWebKit/537.36 (KHTML, like Gecko) Chrome/80.0.3987.16"
36.133.115.36 - - [26/Dec/2025:15:53:38 +0800] "POST /wp-cron.php?doing_wp_cron=1766735618.0052158832550048828125 HTTP/1.1" 200 31 "-" "WordPress/6.8.3; http://cqqizhou.com"
198.235.24.255 - - [26/Dec/2025:15:53:38 +0800] "GET / HTTP/1.1" 200 33677 "-" "Hello from Palo Alto Networks, find out more about our scans in https://docs-cortex.paloaltonetworks.com/r/1/Cortex-Xpanse/Scanning-activity"
36.133.115.36 - - [26/Dec/2025:16:07:51 +0800] "POST /wp-cron.php?doing_wp_cron=1766736471.7011959552764892578125 HTTP/1.1" 200 31 "-" "WordPress/6.8.3; http://cqqizhou.com"
182.44.9.147 - - [26/Dec/2025:16:07:52 +0800] "GET / HTTP/1.1" 200 33677 "-" "Mozilla/5.0 (iPhone; CPU iPhone OS 13_2_3 like Mac OS X) AppleWebKit/605.1.15 (KHTML, like Gecko) Version/13.0.3 Mobile/15E148 Safari/604.1"
36.133.115.36 - - [26/Dec/2025:16:24:07 +0800] "POST /wp-cron.php?doing_wp_cron=1766737447.3313179016113281250000 HTTP/1.1" 200 31 "-" "WordPress/6.8.3; http://cqqizhou.com"
172.239.117.230 - - [26/Dec/2025:16:24:07 +0800] "GET / HTTP/1.1" 301 5 "-" "Mozilla/5.0 (Windows NT 6.1; WOW64; rv:8.0) Gecko/20100101 Firefox/8.0"
172.239.117.230 - - [26/Dec/2025:16:24:08 +0800] "GET / HTTP/1.1" 200 153978 "-" "Mozilla/5.0 (Windows NT 6.1; WOW64; rv:8.0) Gecko/20100101 Firefox/8.0"
180.184.144.52 - - [26/Dec/2025:16:34:34 +0800] "GET / HTTP/1.1" 200 34109 "-" "Mozilla/5.0 (Macintosh; Intel Mac OS X 10_15_7) AppleWebKit/537.36 (KHTML, like Gecko) Chrome/106.0.0.0 Safari/537.36"
36.133.115.36 - - [26/Dec/2025:16:37:21 +0800] "POST /wp-cron.php?doing_wp_cron=1766738241.5140719413757324218750 HTTP/1.1" 200 31 "-" "WordPress/6.8.3; http://cqqizhou.com"
193.142.147.209 - - [26/Dec/2025:16:37:22 +0800] "POST / HTTP/1.1" 200 33677 "-" "Mozilla/5.0 (Windows NT 10.0; Win64; x64) AppleWebKit/537.36"
13.75.69.45 - - [26/Dec/2025:16:46:29 +0800] "GET /wp-content/plugins/hellopress/wp_filemanager.php HTTP/1.1" 404 27 "-" "-"
13.75.69.45 - - [26/Dec/2025:16:46:29 +0800] "GET /bless14.php HTTP/1.1" 404 27 "-" "-"
13.75.69.45 - - [26/Dec/2025:16:46:30 +0800] "GET /mini.php HTTP/1.1" 404 27 "-" "-"
13.75.69.45 - - [26/Dec/2025:16:46:30 +0800] "GET /s1.php HTTP/1.1" 404 27 "-" "-"
13.75.69.45 - - [26/Dec/2025:16:46:30 +0800] "GET /ma.php HTTP/1.1" 404 27 "-" "-"
13.75.69.45 - - [26/Dec/2025:16:46:30 +0800] "GET /asf.php HTTP/1.1" 404 27 "-" "-"
13.75.69.45 - - [26/Dec/2025:16:46:30 +0800] "GET /acwfihfh.php HTTP/1.1" 404 27 "-" "-"
13.75.69.45 - - [26/Dec/2025:16:46:31 +0800] "GET /f8.php HTTP/1.1" 404 27 "-" "-"
13.75.69.45 - - [26/Dec/2025:16:46:31 +0800] "GET /bras.php HTTP/1.1" 404 27 "-" "-"
13.75.69.45 - - [26/Dec/2025:16:46:31 +0800] "GET /an8.php HTTP/1.1" 404 27 "-" "-"
13.75.69.45 - - [26/Dec/2025:16:46:31 +0800] "GET /esp.php HTTP/1.1" 404 27 "-" "-"
13.75.69.45 - - [26/Dec/2025:16:46:31 +0800] "GET /21x.php HTTP/1.1" 404 27 "-" "-"
13.75.69.45 - - [26/Dec/2025:16:46:31 +0800] "GET /out.php HTTP/1.1" 404 27 "-" "-"
13.75.69.45 - - [26/Dec/2025:16:46:31 +0800] "GET /flower2.php HTTP/1.1" 404 27 "-" "-"
13.75.69.45 - - [26/Dec/2025:16:46:32 +0800] "GET /family.php HTTP/1.1" 404 27 "-" "-"
13.75.69.45 - - [26/Dec/2025:16:46:32 +0800] "GET /ws35.php HTTP/1.1" 404 27 "-" "-"
13.75.69.45 - - [26/Dec/2025:16:46:32 +0800] "GET /87.php HTTP/1.1" 404 27 "-" "-"
13.75.69.45 - - [26/Dec/2025:16:46:32 +0800] "GET /nox.php HTTP/1.1" 404 27 "-" "-"
13.75.69.45 - - [26/Dec/2025:16:46:32 +0800] "GET /ws13.php HTTP/1.1" 404 27 "-" "-"
13.75.69.45 - - [26/Dec/2025:16:46:32 +0800] "GET /ss1.php HTTP/1.1" 404 27 "-" "-"
13.75.69.45 - - [26/Dec/2025:16:46:32 +0800] "GET /ww7.php HTTP/1.1" 404 27 "-" "-"
13.75.69.45 - - [26/Dec/2025:16:46:32 +0800] "GET /w2025.php HTTP/1.1" 404 27 "-" "-"
13.75.69.45 - - [26/Dec/2025:16:46:32 +0800] "GET /lisa.php HTTP/1.1" 404 27 "-" "-"
13.75.69.45 - - [26/Dec/2025:16:46:33 +0800] "GET /000.php HTTP/1.1" 404 27 "-" "-"
13.75.69.45 - - [26/Dec/2025:16:46:33 +0800] "GET /xxxx.php HTTP/1.1" 404 27 "-" "-"
13.75.69.45 - - [26/Dec/2025:16:46:33 +0800] "GET /wen.php HTTP/1.1" 404 27 "-" "-"
13.75.69.45 - - [26/Dec/2025:16:46:33 +0800] "GET /cwclass.php HTTP/1.1" 404 27 "-" "-"
13.75.69.45 - - [26/Dec/2025:16:46:33 +0800] "GET /bless.php HTTP/1.1" 404 27 "-" "-"
13.75.69.45 - - [26/Dec/2025:16:46:33 +0800] "GET /rtx.php HTTP/1.1" 404 27 "-" "-"
13.75.69.45 - - [26/Dec/2025:16:46:33 +0800] "GET /bipas.php HTTP/1.1" 404 27 "-" "-"
13.75.69.45 - - [26/Dec/2025:16:46:33 +0800] "GET /conte.php HTTP/1.1" 404 27 "-" "-"
13.75.69.45 - - [26/Dec/2025:16:46:34 +0800] "GET /class3.php HTTP/1.1" 404 27 "-" "-"
13.75.69.45 - - [26/Dec/2025:16:46:34 +0800] "GET /blurbs18.php HTTP/1.1" 404 27 "-" "-"
13.75.69.45 - - [26/Dec/2025:16:46:34 +0800] "GET /claa.php HTTP/1.1" 404 27 "-" "-"
13.75.69.45 - - [26/Dec/2025:16:46:34 +0800] "GET /shoyo.php HTTP/1.1" 404 27 "-" "-"
13.75.69.45 - - [26/Dec/2025:16:46:34 +0800] "GET /flower.php HTTP/1.1" 404 27 "-" "-"
13.75.69.45 - - [26/Dec/2025:16:46:34 +0800] "GET /waq.php HTTP/1.1" 404 27 "-" "-"
13.75.69.45 - - [26/Dec/2025:16:46:34 +0800] "GET /wakak.php HTTP/1.1" 404 27 "-" "-"
13.75.69.45 - - [26/Dec/2025:16:46:34 +0800] "GET /adminfuns.php HTTP/1.1" 404 27 "-" "-"
13.75.69.45 - - [26/Dec/2025:16:46:35 +0800] "GET /wp-good.php HTTP/1.1" 404 27 "-" "-"
13.75.69.45 - - [26/Dec/2025:16:46:35 +0800] "GET /xse25.php HTTP/1.1" 404 27 "-" "-"
13.75.69.45 - - [26/Dec/2025:16:46:35 +0800] "GET /nox.php HTTP/1.1" 404 27 "-" "-"
13.75.69.45 - - [26/Dec/2025:16:46:35 +0800] "GET /file48.php HTTP/1.1" 404 27 "-" "-"
13.75.69.45 - - [26/Dec/2025:16:46:35 +0800] "GET /info.php HTTP/1.1" 200 29 "-" "-"
13.75.69.45 - - [26/Dec/2025:16:46:35 +0800] "GET /class9.php HTTP/1.1" 404 27 "-" "-"
13.75.69.45 - - [26/Dec/2025:16:46:35 +0800] "GET /la.php HTTP/1.1" 404 27 "-" "-"
13.75.69.45 - - [26/Dec/2025:16:46:35 +0800] "GET /bless11.php HTTP/1.1" 404 27 "-" "-"
13.75.69.45 - - [26/Dec/2025:16:46:36 +0800] "GET /403.php HTTP/1.1" 404 27 "-" "-"
13.75.69.45 - - [26/Dec/2025:16:46:36 +0800] "GET /ac.php HTTP/1.1" 404 27 "-" "-"
13.75.69.45 - - [26/Dec/2025:16:46:36 +0800] "GET /az.php HTTP/1.1" 404 27 "-" "-"
13.75.69.45 - - [26/Dec/2025:16:46:36 +0800] "GET /galex.php HTTP/1.1" 404 27 "-" "-"
13.75.69.45 - - [26/Dec/2025:16:46:36 +0800] "GET /xb.php HTTP/1.1" 404 27 "-" "-"
13.75.69.45 - - [26/Dec/2025:16:46:36 +0800] "GET /vx.php HTTP/1.1" 404 27 "-" "-"
13.75.69.45 - - [26/Dec/2025:16:46:37 +0800] "GET /rh.php HTTP/1.1" 404 27 "-" "-"
13.75.69.45 - - [26/Dec/2025:16:46:37 +0800] "GET /chosen.php HTTP/1.1" 404 27 "-" "-"
13.75.69.45 - - [26/Dec/2025:16:46:37 +0800] "GET /class.php HTTP/1.1" 404 27 "-" "-"
13.75.69.45 - - [26/Dec/2025:16:46:37 +0800] "GET /bless5.php HTTP/1.1" 404 27 "-" "-"
13.75.69.45 - - [26/Dec/2025:16:46:37 +0800] "GET /lock360.php HTTP/1.1" 404 27 "-" "-"
13.75.69.45 - - [26/Dec/2025:16:46:38 +0800] "GET /f35.php HTTP/1.1" 404 27 "-" "-"
13.75.69.45 - - [26/Dec/2025:16:46:38 +0800] "GET /ioxi-o1.php HTTP/1.1" 404 27 "-" "-"
13.75.69.45 - - [26/Dec/2025:16:46:38 +0800] "GET /ha.php HTTP/1.1" 404 27 "-" "-"
13.75.69.45 - - [26/Dec/2025:16:46:38 +0800] "GET /gg.php HTTP/1.1" 404 27 "-" "-"
13.75.69.45 - - [26/Dec/2025:16:46:38 +0800] "GET /ar.php HTTP/1.1" 404 27 "-" "-"
13.75.69.45 - - [26/Dec/2025:16:46:38 +0800] "GET /x.php HTTP/1.1" 404 27 "-" "-"
13.75.69.45 - - [26/Dec/2025:16:46:38 +0800] "GET /xx.php HTTP/1.1" 404 27 "-" "-"
13.75.69.45 - - [26/Dec/2025:16:46:38 +0800] "GET /gifclass4.php HTTP/1.1" 404 27 "-" "-"
13.75.69.45 - - [26/Dec/2025:16:46:38 +0800] "GET /radio.php HTTP/1.1" 404 27 "-" "-"
13.75.69.45 - - [26/Dec/2025:16:46:39 +0800] "GET /blurbs15.php HTTP/1.1" 404 27 "-" "-"
13.75.69.45 - - [26/Dec/2025:16:46:39 +0800] "GET /gifclass.php HTTP/1.1" 404 27 "-" "-"
13.75.69.45 - - [26/Dec/2025:16:46:39 +0800] "GET /security.php HTTP/1.1" 404 27 "-" "-"
13.75.69.45 - - [26/Dec/2025:16:46:39 +0800] "GET /ww1.php HTTP/1.1" 404 27 "-" "-"
13.75.69.45 - - [26/Dec/2025:16:46:39 +0800] "GET /alfa.php HTTP/1.1" 404 27 "-" "-"
13.75.69.45 - - [26/Dec/2025:16:46:39 +0800] "GET /manager.php?p= HTTP/1.1" 404 27 "-" "-"
13.75.69.45 - - [26/Dec/2025:16:46:40 +0800] "GET /item.php HTTP/1.1" 404 27 "-" "-"
13.75.69.45 - - [26/Dec/2025:16:46:40 +0800] "GET /404.php HTTP/1.1" 404 27 "-" "-"
13.75.69.45 - - [26/Dec/2025:16:46:40 +0800] "GET /sx.php HTTP/1.1" 404 27 "-" "-"
13.75.69.45 - - [26/Dec/2025:16:46:40 +0800] "GET /inputs.php HTTP/1.1" 404 27 "-" "-"
13.75.69.45 - - [26/Dec/2025:16:46:40 +0800] "GET /about.php HTTP/1.1" 404 27 "-" "-"
13.75.69.45 - - [26/Dec/2025:16:46:40 +0800] "GET /classwithtostring.php HTTP/1.1" 404 27 "-" "-"
13.75.69.45 - - [26/Dec/2025:16:46:40 +0800] "GET /abcd.php HTTP/1.1" 404 27 "-" "-"
13.75.69.45 - - [26/Dec/2025:16:46:40 +0800] "GET /admin.php HTTP/1.1" 404 27 "-" "-"
13.75.69.45 - - [26/Dec/2025:16:46:40 +0800] "GET /w.php HTTP/1.1" 404 27 "-" "-"
13.75.69.45 - - [26/Dec/2025:16:46:40 +0800] "GET /404.php HTTP/1.1" 404 27 "-" "-"
13.75.69.45 - - [26/Dec/2025:16:46:41 +0800] "GET /ioxi-o.php HTTP/1.1" 404 27 "-" "-"
13.75.69.45 - - [26/Dec/2025:16:46:41 +0800] "GET /0x.php HTTP/1.1" 404 27 "-" "-"
13.75.69.45 - - [26/Dec/2025:16:46:41 +0800] "GET /css.php HTTP/1.1" 404 27 "-" "-"
13.75.69.45 - - [26/Dec/2025:16:46:41 +0800] "GET /222.php HTTP/1.1" 404 27 "-" "-"
13.75.69.45 - - [26/Dec/2025:16:46:41 +0800] "GET /click.php HTTP/1.1" 404 27 "-" "-"
13.75.69.45 - - [26/Dec/2025:16:46:41 +0800] "GET /install.php HTTP/1.1" 404 27 "-" "-"
13.75.69.45 - - [26/Dec/2025:16:46:41 +0800] "GET /simple.php HTTP/1.1" 404 27 "-" "-"
13.75.69.45 - - [26/Dec/2025:16:46:41 +0800] "GET /css.php HTTP/1.1" 404 27 "-" "-"
13.75.69.45 - - [26/Dec/2025:16:46:42 +0800] "GET /cong.php HTTP/1.1" 404 27 "-" "-"
13.75.69.45 - - [26/Dec/2025:16:46:42 +0800] "GET /class19.php HTTP/1.1" 404 27 "-" "-"
13.75.69.45 - - [26/Dec/2025:16:46:42 +0800] "GET /class20.php HTTP/1.1" 404 27 "-" "-"
13.75.69.45 - - [26/Dec/2025:16:46:42 +0800] "GET /admin.php?p= HTTP/1.1" 404 27 "-" "-"
13.75.69.45 - - [26/Dec/2025:16:46:42 +0800] "GET /randkeyword.php HTTP/1.1" 404 27 "-" "-"
13.75.69.45 - - [26/Dec/2025:16:46:42 +0800] "GET /fwe.php HTTP/1.1" 404 27 "-" "-"
13.75.69.45 - - [26/Dec/2025:16:46:42 +0800] "GET /g.php HTTP/1.1" 404 27 "-" "-"
13.75.69.45 - - [26/Dec/2025:16:46:42 +0800] "GET /tx1.php HTTP/1.1" 404 27 "-" "-"
13.75.69.45 - - [26/Dec/2025:16:46:43 +0800] "GET /xv.php HTTP/1.1" 404 27 "-" "-"
13.75.69.45 - - [26/Dec/2025:16:46:44 +0800] "GET /fv.php HTTP/1.1" 404 27 "-" "-"
13.75.69.45 - - [26/Dec/2025:16:46:44 +0800] "GET /as.php HTTP/1.1" 404 27 "-" "-"
13.75.69.45 - - [26/Dec/2025:16:46:44 +0800] "GET /wsd.php HTTP/1.1" 404 27 "-" "-"
13.75.69.45 - - [26/Dec/2025:16:46:44 +0800] "GET /gtc.php HTTP/1.1" 404 27 "-" "-"
13.75.69.45 - - [26/Dec/2025:16:46:44 +0800] "GET /atx.php HTTP/1.1" 404 27 "-" "-"
13.75.69.45 - - [26/Dec/2025:16:46:44 +0800] "GET /z60.php HTTP/1.1" 404 27 "-" "-"
13.75.69.45 - - [26/Dec/2025:16:46:44 +0800] "GET /403.php HTTP/1.1" 404 27 "-" "-"
13.75.69.45 - - [26/Dec/2025:16:46:44 +0800] "GET /cheka.php HTTP/1.1" 404 27 "-" "-"
13.75.69.45 - - [26/Dec/2025:16:46:44 +0800] "GET /cabs.php HTTP/1.1" 404 27 "-" "-"
13.75.69.45 - - [26/Dec/2025:16:46:45 +0800] "GET /classgoto24.php HTTP/1.1" 404 27 "-" "-"
13.75.69.45 - - [26/Dec/2025:16:46:45 +0800] "GET /get.php HTTP/1.1" 404 27 "-" "-"
13.75.69.45 - - [26/Dec/2025:16:46:45 +0800] "GET /xtride.php HTTP/1.1" 404 27 "-" "-"
13.75.69.45 - - [26/Dec/2025:16:46:45 +0800] "GET /ws29.php HTTP/1.1" 404 27 "-" "-"
13.75.69.45 - - [26/Dec/2025:16:46:45 +0800] "GET /oo.php HTTP/1.1" 404 27 "-" "-"
13.75.69.45 - - [26/Dec/2025:16:46:45 +0800] "GET /s11.php HTTP/1.1" 404 27 "-" "-"
13.75.69.45 - - [26/Dec/2025:16:46:45 +0800] "GET /dir.php HTTP/1.1" 404 27 "-" "-"
13.75.69.45 - - [26/Dec/2025:16:46:45 +0800] "GET /aqw.php HTTP/1.1" 404 27 "-" "-"
13.75.69.45 - - [26/Dec/2025:16:46:46 +0800] "GET /ca1.php HTTP/1.1" 404 27 "-" "-"
13.75.69.45 - - [26/Dec/2025:16:46:46 +0800] "GET /abouta.php HTTP/1.1" 404 27 "-" "-"
13.75.69.45 - - [26/Dec/2025:16:46:46 +0800] "GET /fclas.php HTTP/1.1" 404 27 "-" "-"
13.75.69.45 - - [26/Dec/2025:16:46:46 +0800] "GET /bbn.php HTTP/1.1" 404 27 "-" "-"
13.75.69.45 - - [26/Dec/2025:16:46:46 +0800] "GET /class-t.api.php HTTP/1.1" 404 27 "-" "-"
13.75.69.45 - - [26/Dec/2025:16:46:46 +0800] "GET /xz89.php HTTP/1.1" 404 27 "-" "-"
13.75.69.45 - - [26/Dec/2025:16:46:46 +0800] "GET /wft.php HTTP/1.1" 404 27 "-" "-"
13.75.69.45 - - [26/Dec/2025:16:46:46 +0800] "GET /ws28.php HTTP/1.1" 404 27 "-" "-"
13.75.69.45 - - [26/Dec/2025:16:46:47 +0800] "GET /wsvvs.php HTTP/1.1" 404 27 "-" "-"
13.75.69.45 - - [26/Dec/2025:16:46:47 +0800] "GET /pn.php HTTP/1.1" 404 27 "-" "-"
13.75.69.45 - - [26/Dec/2025:16:46:47 +0800] "GET /fz.php HTTP/1.1" 404 27 "-" "-"
13.75.69.45 - - [26/Dec/2025:16:46:47 +0800] "GET /sang.php HTTP/1.1" 404 27 "-" "-"
13.75.69.45 - - [26/Dec/2025:16:46:47 +0800] "GET /0o0.php HTTP/1.1" 404 27 "-" "-"
13.75.69.45 - - [26/Dec/2025:16:46:47 +0800] "GET /zxl.php HTTP/1.1" 404 27 "-" "-"
13.75.69.45 - - [26/Dec/2025:16:46:47 +0800] "GET /zwso.php HTTP/1.1" 404 27 "-" "-"
13.75.69.45 - - [26/Dec/2025:16:46:48 +0800] "GET /2clas.php HTTP/1.1" 404 27 "-" "-"
13.75.69.45 - - [26/Dec/2025:16:46:48 +0800] "GET /pp.php HTTP/1.1" 404 27 "-" "-"
13.75.69.45 - - [26/Dec/2025:16:46:48 +0800] "GET /files.php HTTP/1.1" 404 27 "-" "-"
13.75.69.45 - - [26/Dec/2025:16:46:48 +0800] "GET /11.php HTTP/1.1" 404 27 "-" "-"
13.75.69.45 - - [26/Dec/2025:16:46:48 +0800] "GET /12.php HTTP/1.1" 404 27 "-" "-"
13.75.69.45 - - [26/Dec/2025:16:46:48 +0800] "GET /13.php HTTP/1.1" 404 27 "-" "-"
13.75.69.45 - - [26/Dec/2025:16:46:48 +0800] "GET /enclas.php HTTP/1.1" 404 27 "-" "-"
13.75.69.45 - - [26/Dec/2025:16:46:48 +0800] "GET /he.php HTTP/1.1" 404 27 "-" "-"
13.75.69.45 - - [26/Dec/2025:16:46:49 +0800] "GET /fffff.php HTTP/1.1" 404 27 "-" "-"
13.75.69.45 - - [26/Dec/2025:16:46:49 +0800] "GET /sid.php HTTP/1.1" 404 27 "-" "-"
13.75.69.45 - - [26/Dec/2025:16:46:49 +0800] "GET /ssss.php HTTP/1.1" 404 27 "-" "-"
13.75.69.45 - - [26/Dec/2025:16:46:49 +0800] "GET /f6.php HTTP/1.1" 404 27 "-" "-"
13.75.69.45 - - [26/Dec/2025:16:46:49 +0800] "GET /dex.php HTTP/1.1" 404 27 "-" "-"
13.75.69.45 - - [26/Dec/2025:16:46:49 +0800] "GET /10.php HTTP/1.1" 404 27 "-" "-"
13.75.69.45 - - [26/Dec/2025:16:46:49 +0800] "GET /asus.php HTTP/1.1" 404 27 "-" "-"
13.75.69.45 - - [26/Dec/2025:16:46:49 +0800] "GET /vee.php HTTP/1.1" 404 27 "-" "-"
13.75.69.45 - - [26/Dec/2025:16:46:49 +0800] "GET /wp-admin/js/wp-conflg.php?p= HTTP/1.1" 404 27 "-" "-"
13.75.69.45 - - [26/Dec/2025:16:46:50 +0800] "GET /wp-content/admin.php HTTP/1.1" 404 27 "-" "-"
13.75.69.45 - - [26/Dec/2025:16:46:50 +0800] "GET /wp-content/themes/about.php HTTP/1.1" 404 27 "-" "-"
13.75.69.45 - - [26/Dec/2025:16:46:50 +0800] "GET /wp-includes/fonts/index.php?p= HTTP/1.1" 404 27 "-" "-"
36.133.115.36 - - [26/Dec/2025:16:46:53 +0800] "POST /wp-cron.php?doing_wp_cron=1766738813.0038869380950927734375 HTTP/1.1" 200 31 "-" "WordPress/6.8.3; http://cqqizhou.com"
13.75.69.45 - - [26/Dec/2025:16:46:53 +0800] "GET /wp-admin/about.php HTTP/1.1" 302 5 "-" "-"
13.75.69.45 - - [26/Dec/2025:16:46:53 +0800] "GET /wp-login.php?redirect_to=http%3A%2F%2Fcqqizhou.com%2Fwp-admin%2Fabout.php&reauth=1 HTTP/1.1" 200 8681 "-" "-"
13.75.69.45 - - [26/Dec/2025:16:46:54 +0800] "GET /wp-admin/css/colors/blue/index.php HTTP/1.1" 404 27 "-" "-"
13.75.69.45 - - [26/Dec/2025:16:46:54 +0800] "GET /wp-admin/maint/about.php HTTP/1.1" 404 27 "-" "-"
13.75.69.45 - - [26/Dec/2025:16:46:54 +0800] "GET /wp-includes/wp-class.php HTTP/1.1" 404 27 "-" "-"
13.75.69.45 - - [26/Dec/2025:16:46:54 +0800] "GET /wp-admin/css/colors/midnight/about.php HTTP/1.1" 404 27 "-" "-"
13.75.69.45 - - [26/Dec/2025:16:46:54 +0800] "GET /wp-content/radio.php HTTP/1.1" 404 27 "-" "-"
36.133.115.36 - - [26/Dec/2025:16:49:28 +0800] "POST /wp-cron.php?doing_wp_cron=1766738968.9196619987487792968750 HTTP/1.1" 200 31 "-" "WordPress/6.8.3; http://cqqizhou.com"
43.166.136.202 - - [26/Dec/2025:16:49:28 +0800] "GET / HTTP/1.1" 301 5 "-" "Mozilla/5.0 (iPhone; CPU iPhone OS 13_2_3 like Mac OS X) AppleWebKit/605.1.15 (KHTML, like Gecko) Version/13.0.3 Mobile/15E148 Safari/604.1"
43.166.136.202 - - [26/Dec/2025:16:49:31 +0800] "GET / HTTP/1.1" 200 33677 "http://36.133.115.36" "Mozilla/5.0 (iPhone; CPU iPhone OS 13_2_3 like Mac OS X) AppleWebKit/605.1.15 (KHTML, like Gecko) Version/13.0.3 Mobile/15E148 Safari/604.1"
36.133.115.36 - - [26/Dec/2025:16:51:01 +0800] "POST /wp-cron.php?doing_wp_cron=1766739061.7917120456695556640625 HTTP/1.1" 200 31 "-" "WordPress/6.8.3; http://cqqizhou.com"
89.42.231.239 - - [26/Dec/2025:16:51:02 +0800] "GET / HTTP/1.1" 200 152290 "-" "-"
36.133.115.36 - - [26/Dec/2025:16:59:21 +0800] "POST /wp-cron.php?doing_wp_cron=1766739561.1692049503326416015625 HTTP/1.1" 200 31 "-" "WordPress/6.8.3; http://cqqizhou.com"
198.244.240.174 - - [26/Dec/2025:16:59:21 +0800] "GET /2052/ HTTP/1.1" 200 25701 "-" "Mozilla/5.0 (compatible; AhrefsBot/7.0; +http://ahrefs.com/robot/)"
51.195.183.30 - - [26/Dec/2025:17:00:23 +0800] "GET /wp-content/uploads/2025/12/1766647832-Article_images_W900%C3%97500px20251225.webp HTTP/1.1" 200 44582 "-" "Mozilla/5.0 (compatible; AhrefsBot/7.0; +http://ahrefs.com/robot/)"
36.133.115.36 - - [26/Dec/2025:17:05:27 +0800] "POST /wp-cron.php?doing_wp_cron=1766739927.6948509216308593750000 HTTP/1.1" 200 31 "-" "WordPress/6.8.3; http://cqqizhou.com"
162.216.149.89 - - [26/Dec/2025:17:05:28 +0800] "GET / HTTP/1.1" 200 33677 "-" "Hello from Palo Alto Networks, find out more about our scans in https://docs-cortex.paloaltonetworks.com/r/1/Cortex-Xpanse/Scanning-activity"
36.133.115.36 - - [26/Dec/2025:17:08:40 +0800] "POST /wp-cron.php?doing_wp_cron=1766740120.5667309761047363281250 HTTP/1.1" 200 31 "-" "WordPress/6.8.3; http://cqqizhou.com"
117.200.126.198 - - [26/Dec/2025:17:08:45 +0800] "GET /boaform/admin/formLogin?username=adminisp&psd=adminisp HTTP/1.0" 404 31351 "-" "-"
36.133.115.36 - - [26/Dec/2025:17:08:59 +0800] "POST /wp-cron.php?doing_wp_cron=1766740139.7413120269775390625000 HTTP/1.1" 200 31 "-" "WordPress/6.8.3; http://cqqizhou.com"
5.181.188.211 - - [26/Dec/2025:17:08:59 +0800] "POST /boaform/admin/formLogin HTTP/1.1" 404 8975 "http://36.133.115.36:80/admin/login.asp" "Mozilla/5.0 (X11; Ubuntu; Linux x86_64; rv:71.0) Gecko/20100101 Firefox/71.0"
46.151.178.49 - - [26/Dec/2025:17:09:20 +0800] "GET / HTTP/1.1" 200 33676 "-" "Mozilla/5.0 (Windows NT 10.0; Win64; x64) AppleWebKit/537.36"
36.133.115.36 - - [26/Dec/2025:17:11:08 +0800] "POST /wp-cron.php?doing_wp_cron=1766740267.9628479480743408203125 HTTP/1.1" 200 31 "-" "WordPress/6.8.3; http://cqqizhou.com"
114.221.49.45 - - [26/Dec/2025:17:11:08 +0800] "GET /zb_system/ADMIN/ueditor/asp/getRemoteImage.asp HTTP/1.1" 404 8981 "-" "Mozilla/5.0 (Windows NT 10.0; Win64; x64)"
36.133.115.36 - - [26/Dec/2025:17:13:48 +0800] "POST /wp-cron.php?doing_wp_cron=1766740428.5654799938201904296875 HTTP/1.1" 200 31 "-" "WordPress/6.8.3; http://cqqizhou.com"
65.49.1.212 - - [26/Dec/2025:17:13:48 +0800] "GET / HTTP/1.1" 301 5 "-" "Mozilla/5.0 (X11; Linux x86_64; rv:143.0) Gecko/20100101 Firefox/143.0"
36.133.115.36 - - [26/Dec/2025:17:15:27 +0800] "POST /wp-cron.php?doing_wp_cron=1766740527.5674479007720947265625 HTTP/1.1" 200 31 "-" "WordPress/6.8.3; http://cqqizhou.com"
65.49.1.212 - - [26/Dec/2025:17:15:27 +0800] "GET /webui/ HTTP/1.1" 404 8981 "-" "Mozilla/5.0 (X11; Linux x86_64) AppleWebKit/537.36 (KHTML, like Gecko) Chrome/137.0.0.0 Safari/537.36"
36.133.115.36 - - [26/Dec/2025:17:16:19 +0800] "POST /wp-cron.php?doing_wp_cron=1766740579.0690169334411621093750 HTTP/1.1" 200 31 "-" "WordPress/6.8.3; http://cqqizhou.com"
65.49.1.221 - - [26/Dec/2025:17:16:19 +0800] "GET / HTTP/1.1" 301 5 "-" "Mozilla/5.0 (X11; Linux x86_64) AppleWebKit/537.36 (KHTML, like Gecko) Chrome/137.0.0.0 Safari/537.36"
36.133.115.36 - - [26/Dec/2025:17:17:47 +0800] "POST /wp-cron.php?doing_wp_cron=1766740667.6379671096801757812500 HTTP/1.1" 200 31 "-" "WordPress/6.8.3; http://cqqizhou.com"
65.49.1.212 - - [26/Dec/2025:17:17:47 +0800] "GET /geoserver/web/ HTTP/1.1" 404 8974 "-" "Mozilla/5.0 (X11; Linux x86_64; rv:143.0) Gecko/20100101 Firefox/143.0"
