205.169.39.57 - - [19/Dec/2025:17:58:22 +0800] "GET /wp-content/uploads/2025/12/1765265398-qizhou_Slider_3840%C3%972160_20251209-scaled-50x100.webp HTTP/1.1" 200 2166 "http://cqqizhou.com/" "Mozilla/5.0 (Windows NT 10.0; Win64; x64) AppleWebKit/537.36 (KHTML, like Gecko) Chrome/117.0.5938.132 Safari/537.36"
205.169.39.57 - - [19/Dec/2025:17:58:22 +0800] "GET /wp-content/uploads/revslider/slider-1/1750861156-logistics_Slider_3840%C3%972160_20250625191356-scaled-50x100.webp HTTP/1.1" 200 1416 "http://cqqizhou.com/" "Mozilla/5.0 (Windows NT 10.0; Win64; x64) AppleWebKit/537.36 (KHTML, like Gecko) Chrome/117.0.5938.132 Safari/537.36"
205.169.39.57 - - [19/Dec/2025:17:58:22 +0800] "POST /wp-admin/admin-ajax.php HTTP/1.1" 200 397 "http://cqqizhou.com/" "Mozilla/5.0 (Windows NT 10.0; Win64; x64) AppleWebKit/537.36 (KHTML, like Gecko) Chrome/117.0.5938.132 Safari/537.36"
205.169.39.57 - - [19/Dec/2025:17:58:22 +0800] "GET /wp-json/sliderrevolution/sliders/1?srengine=7&slideid=3 HTTP/1.1" 200 2286 "http://cqqizhou.com/" "Mozilla/5.0 (Windows NT 10.0; Win64; x64) AppleWebKit/537.36 (KHTML, like Gecko) Chrome/117.0.5938.132 Safari/537.36"
205.169.39.57 - - [19/Dec/2025:17:58:22 +0800] "GET /wp-json/sliderrevolution/sliders/1?srengine=7&slideid=2 HTTP/1.1" 200 2058 "http://cqqizhou.com/" "Mozilla/5.0 (Windows NT 10.0; Win64; x64) AppleWebKit/537.36 (KHTML, like Gecko) Chrome/117.0.5938.132 Safari/537.36"
205.169.39.57 - - [19/Dec/2025:17:58:23 +0800] "GET /wp-content/uploads/2025/12/1765265398-qizhou_Slider_3840%C3%972160_20251209-scaled.webp HTTP/1.1" 200 175208 "http://cqqizhou.com/" "Mozilla/5.0 (Windows NT 10.0; Win64; x64) AppleWebKit/537.36 (KHTML, like Gecko) Chrome/117.0.5938.132 Safari/537.36"
205.169.39.57 - - [19/Dec/2025:17:58:23 +0800] "GET /wp-content/uploads/revslider/slider-1/1750861156-logistics_Slider_3840%C3%972160_20250625191356-scaled.webp HTTP/1.1" 200 197360 "http://cqqizhou.com/" "Mozilla/5.0 (Windows NT 10.0; Win64; x64) AppleWebKit/537.36 (KHTML, like Gecko) Chrome/117.0.5938.132 Safari/537.36"
36.133.115.36 - - [19/Dec/2025:18:04:46 +0800] "POST /wp-cron.php?doing_wp_cron=1766138686.0405449867248535156250 HTTP/1.1" 200 31 "-" "WordPress/6.8.3; http://cqqizhou.com"
172.237.118.218 - - [19/Dec/2025:18:04:46 +0800] "GET / HTTP/1.1" 301 5 "-" "Mozilla/5.0 (Windows NT 6.1; WOW64; rv:8.0) Gecko/20100101 Firefox/8.0"
172.237.118.218 - - [19/Dec/2025:18:04:47 +0800] "GET / HTTP/1.1" 200 166118 "-" "Mozilla/5.0 (Windows NT 6.1; WOW64; rv:8.0) Gecko/20100101 Firefox/8.0"
36.133.115.36 - - [19/Dec/2025:18:14:37 +0800] "POST /wp-cron.php?doing_wp_cron=1766139277.4352619647979736328125 HTTP/1.1" 200 31 "-" "WordPress/6.8.3; http://cqqizhou.com"
193.142.147.209 - - [19/Dec/2025:18:14:42 +0800] "POST / HTTP/1.1" 200 33913 "-" "Mozilla/5.0 (Windows NT 10.0; Win64; x64) AppleWebKit/537.36"
36.133.115.36 - - [19/Dec/2025:18:17:41 +0800] "POST /wp-cron.php?doing_wp_cron=1766139461.6314859390258789062500 HTTP/1.1" 200 31 "-" "WordPress/6.8.3; http://cqqizhou.com"
46.151.178.49 - - [19/Dec/2025:18:17:41 +0800] "GET / HTTP/1.1" 200 33913 "-" "Mozilla/5.0 (Windows NT 10.0; Win64; x64) AppleWebKit/537.36"
36.133.115.36 - - [19/Dec/2025:18:19:45 +0800] "POST /wp-cron.php?doing_wp_cron=1766139585.1965780258178710937500 HTTP/1.1" 200 31 "-" "WordPress/6.8.3; http://cqqizhou.com"
109.105.210.95 - - [19/Dec/2025:18:19:45 +0800] "GET / HTTP/1.1" 301 5 "-" "Mozilla/5.0 (Windows NT 10.0; Win64; x64) AppleWebKit/537.36 (KHTML, like Gecko) Chrome/60.0.3112.113 Safari/537.36"
109.105.210.92 - - [19/Dec/2025:18:19:46 +0800] "GET / HTTP/1.1" 200 39803 "http://36.133.115.36/" "Mozilla/5.0 (Windows NT 10.0; Win64; x64) AppleWebKit/537.36 (KHTML, like Gecko) Chrome/60.0.3112.113 Safari/537.36"
36.133.115.36 - - [19/Dec/2025:18:26:07 +0800] "POST /wp-cron.php?doing_wp_cron=1766139967.6597518920898437500000 HTTP/1.1" 200 31 "-" "WordPress/6.8.3; http://cqqizhou.com"
146.190.34.234 - - [19/Dec/2025:18:26:07 +0800] "GET / HTTP/1.1" 301 5 "-" "Mozilla/5.0 (Windows NT 10.0; Win64; x64) AppleWebKit/537.36 (KHTML, like Gecko) Chrome/108.0.0.0 Safari/537.36"
146.190.34.234 - - [19/Dec/2025:18:26:08 +0800] "GET / HTTP/1.1" 200 39803 "http://36.133.115.36/" "Mozilla/5.0 (Windows NT 10.0; Win64; x64) AppleWebKit/537.36 (KHTML, like Gecko) Chrome/108.0.0.0 Safari/537.36"
146.190.34.234 - - [19/Dec/2025:18:26:09 +0800] "GET /form.html HTTP/1.1" 404 8981 "-" "curl/8.1.2"
146.190.34.234 - - [19/Dec/2025:18:26:10 +0800] "GET /upl.php HTTP/1.1" 404 47 "-" "Mozilla/5.0"
146.190.34.234 - - [19/Dec/2025:18:26:11 +0800] "GET /t4 HTTP/1.1" 404 8981 "-" "Mozilla/5.0"
146.190.34.234 - - [19/Dec/2025:18:26:12 +0800] "GET /geoip/ HTTP/1.1" 404 8981 "-" "Mozilla/5.0 (Windows NT 10.0; Win64; x64) AppleWebKit/537.36 (KHTML, like Gecko) Chrome/108.0.0.0 Safari/537.36"
146.190.34.234 - - [19/Dec/2025:18:26:13 +0800] "GET /1.php HTTP/1.1" 404 47 "-" "Mozilla/5.0 (Windows NT 10.0; Win64; x64) AppleWebKit/537.36 (KHTML, like Gecko) Chrome/108.0.0.0 Safari/537.36"
146.190.34.234 - - [19/Dec/2025:18:26:13 +0800] "GET /systembc/password.php HTTP/1.1" 404 47 "-" "Mozilla/5.0 (Windows NT 10.0; Win64; x64) AppleWebKit/537.36 (KHTML, like Gecko) Chrome/108.0.0.0 Safari/537.36"
146.190.34.234 - - [19/Dec/2025:18:26:13 +0800] "GET /password.php HTTP/1.1" 404 47 "-" "Mozilla/5.0 (Windows NT 10.0; Win64; x64) AppleWebKit/537.36 (KHTML, like Gecko) Chrome/108.0.0.0 Safari/537.36"
36.133.115.36 - - [19/Dec/2025:18:49:01 +0800] "POST /wp-cron.php?doing_wp_cron=1766141341.1821079254150390625000 HTTP/1.1" 200 31 "-" "WordPress/6.8.3; http://cqqizhou.com"
167.94.138.164 - - [19/Dec/2025:18:49:01 +0800] "GET /robots.txt HTTP/1.1" 200 190 "-" "Mozilla/5.0 (compatible; CensysInspect/1.1; +https://about.censys.io/)"
36.133.115.36 - - [19/Dec/2025:18:50:23 +0800] "POST /wp-cron.php?doing_wp_cron=1766141423.4002990722656250000000 HTTP/1.1" 200 31 "-" "WordPress/6.8.3; http://cqqizhou.com"
94.23.188.193 - - [19/Dec/2025:18:50:23 +0800] "GET /portfolio-category/hot-dip-galvanized-coil/ HTTP/1.1" 200 21063 "-" "Mozilla/5.0 (compatible; AhrefsBot/7.0; +http://ahrefs.com/robot/)"
36.133.115.36 - - [19/Dec/2025:18:51:10 +0800] "POST /wp-cron.php?doing_wp_cron=1766141470.8001220226287841796875 HTTP/1.1" 200 31 "-" "WordPress/6.8.3; http://cqqizhou.com"
167.94.138.37 - - [19/Dec/2025:18:51:10 +0800] "GET / HTTP/1.1" 301 5 "-" "Mozilla/5.0 (compatible; CensysInspect/1.1; +https://about.censys.io/)"
36.133.115.36 - - [19/Dec/2025:18:51:55 +0800] "POST /wp-cron.php?doing_wp_cron=1766141515.3265581130981445312500 HTTP/1.1" 200 31 "-" "WordPress/6.8.3; http://cqqizhou.com"
167.94.138.37 - - [19/Dec/2025:18:51:55 +0800] "GET /sitemap.xml HTTP/1.1" 200 498 "-" "Mozilla/5.0 (compatible; CensysInspect/1.1; +https://about.censys.io/)"
36.133.115.36 - - [19/Dec/2025:18:58:08 +0800] "POST /wp-cron.php?doing_wp_cron=1766141888.7081611156463623046875 HTTP/1.1" 200 31 "-" "WordPress/6.8.3; http://cqqizhou.com"
36.133.108.119 - - [19/Dec/2025:18:58:08 +0800] "HEAD /.env HTTP/1.1" 404 0 "-" "Mozilla/5.0 (X11; Linux x86_64) AppleWebKit/537.36 (KHTML, like Gecko) Chrome/41.0.2227.0 Safari/537.36"
36.133.115.36 - - [19/Dec/2025:19:01:01 +0800] "POST /wp-cron.php?doing_wp_cron=1766142061.7021710872650146484375 HTTP/1.1" 200 31 "-" "WordPress/6.8.3; http://cqqizhou.com"
43.157.175.122 - - [19/Dec/2025:19:01:02 +0800] "GET / HTTP/1.1" 200 33913 "-" "Mozilla/5.0 (iPhone; CPU iPhone OS 13_2_3 like Mac OS X) AppleWebKit/605.1.15 (KHTML, like Gecko) Version/13.0.3 Mobile/15E148 Safari/604.1"
36.133.115.36 - - [19/Dec/2025:19:06:54 +0800] "POST /wp-cron.php?doing_wp_cron=1766142414.5422489643096923828125 HTTP/1.1" 200 31 "-" "WordPress/6.8.3; http://cqqizhou.com"
74.7.227.26 - - [19/Dec/2025:19:06:54 +0800] "GET /wp-sitemap.xml HTTP/1.1" 501 253 "-" "Mozilla/5.0 AppleWebKit/537.36 (KHTML, like Gecko; compatible; GPTBot/1.3; +https://openai.com/gptbot)"
220.181.108.176 - - [19/Dec/2025:19:51:41 +0800] "GET /portfolio-category/hot-dip-galvanized-coil/ HTTP/1.1" 200 21082 "-" "Mozilla/5.0 (compatible; Baiduspider/2.0; +http://www.baidu.com/search/spider.html)"
36.133.115.36 - - [19/Dec/2025:19:52:23 +0800] "POST /wp-cron.php?doing_wp_cron=1766145143.1897799968719482421875 HTTP/1.1" 200 31 "-" "WordPress/6.8.3; http://cqqizhou.com"
43.157.179.227 - - [19/Dec/2025:19:52:23 +0800] "GET / HTTP/1.1" 301 5 "-" "Mozilla/5.0 (iPhone; CPU iPhone OS 13_2_3 like Mac OS X) AppleWebKit/605.1.15 (KHTML, like Gecko) Version/13.0.3 Mobile/15E148 Safari/604.1"
43.157.179.227 - - [19/Dec/2025:19:52:25 +0800] "GET / HTTP/1.1" 200 33912 "http://36.133.115.36" "Mozilla/5.0 (iPhone; CPU iPhone OS 13_2_3 like Mac OS X) AppleWebKit/605.1.15 (KHTML, like Gecko) Version/13.0.3 Mobile/15E148 Safari/604.1"
4.230.32.186 - - [19/Dec/2025:20:09:25 +0800] "GET /wp-content/plugins/hellopress/wp_filemanager.php HTTP/1.1" 404 27 "-" "-"
4.230.32.186 - - [19/Dec/2025:20:09:26 +0800] "GET /goods.php HTTP/1.1" 404 27 "-" "-"
4.230.32.186 - - [19/Dec/2025:20:09:26 +0800] "GET /yu.php HTTP/1.1" 404 27 "-" "-"
4.230.32.186 - - [19/Dec/2025:20:09:26 +0800] "GET /bbn.php HTTP/1.1" 404 27 "-" "-"
4.230.32.186 - - [19/Dec/2025:20:09:27 +0800] "GET /ssxsl.php HTTP/1.1" 404 27 "-" "-"
4.230.32.186 - - [19/Dec/2025:20:09:27 +0800] "GET /tqloh.php HTTP/1.1" 404 27 "-" "-"
4.230.32.186 - - [19/Dec/2025:20:09:27 +0800] "GET /hbyra.php HTTP/1.1" 404 27 "-" "-"
4.230.32.186 - - [19/Dec/2025:20:09:27 +0800] "GET /dparm.php HTTP/1.1" 404 27 "-" "-"
4.230.32.186 - - [19/Dec/2025:20:09:27 +0800] "GET /doelr.php HTTP/1.1" 404 27 "-" "-"
4.230.32.186 - - [19/Dec/2025:20:09:27 +0800] "GET /xenium4x.php HTTP/1.1" 404 27 "-" "-"
4.230.32.186 - - [19/Dec/2025:20:09:27 +0800] "GET /dout.php HTTP/1.1" 404 27 "-" "-"
4.230.32.186 - - [19/Dec/2025:20:09:28 +0800] "GET /dng.php HTTP/1.1" 404 27 "-" "-"
4.230.32.186 - - [19/Dec/2025:20:09:28 +0800] "GET /rh1.php HTTP/1.1" 404 27 "-" "-"
4.230.32.186 - - [19/Dec/2025:20:09:29 +0800] "GET /w3llstore.php HTTP/1.1" 404 27 "-" "-"
4.230.32.186 - - [19/Dec/2025:20:09:29 +0800] "GET /s12.php HTTP/1.1" 404 27 "-" "-"
4.230.32.186 - - [19/Dec/2025:20:09:29 +0800] "GET /vx.php HTTP/1.1" 404 27 "-" "-"
4.230.32.186 - - [19/Dec/2025:20:09:29 +0800] "GET /ol.php HTTP/1.1" 404 27 "-" "-"
4.230.32.186 - - [19/Dec/2025:20:09:29 +0800] "GET /man.php HTTP/1.1" 404 27 "-" "-"
4.230.32.186 - - [19/Dec/2025:20:09:29 +0800] "GET /g7y.php HTTP/1.1" 404 27 "-" "-"
4.230.32.186 - - [19/Dec/2025:20:09:29 +0800] "GET /ging.php HTTP/1.1" 404 27 "-" "-"
4.230.32.186 - - [19/Dec/2025:20:09:30 +0800] "GET /veuntzdf.php HTTP/1.1" 404 27 "-" "-"
4.230.32.186 - - [19/Dec/2025:20:09:30 +0800] "GET /xenium4.php HTTP/1.1" 404 27 "-" "-"
4.230.32.186 - - [19/Dec/2025:20:09:30 +0800] "GET /pu8.php HTTP/1.1" 404 27 "-" "-"
4.230.32.186 - - [19/Dec/2025:20:09:30 +0800] "GET /wp-blog-front.php HTTP/1.1" 404 27 "-" "-"
4.230.32.186 - - [19/Dec/2025:20:09:30 +0800] "GET /wp-Blogs.php HTTP/1.1" 404 27 "-" "-"
4.230.32.186 - - [19/Dec/2025:20:09:30 +0800] "GET /wp-loccs.php HTTP/1.1" 404 27 "-" "-"
4.230.32.186 - - [19/Dec/2025:20:09:31 +0800] "GET /wp-mails.php HTTP/1.1" 404 27 "-" "-"
4.230.32.186 - - [19/Dec/2025:20:09:31 +0800] "GET /blurbs18.php HTTP/1.1" 404 27 "-" "-"
4.230.32.186 - - [19/Dec/2025:20:09:31 +0800] "GET /green.php HTTP/1.1" 404 27 "-" "-"
4.230.32.186 - - [19/Dec/2025:20:09:31 +0800] "GET /kao.php HTTP/1.1" 404 27 "-" "-"
4.230.32.186 - - [19/Dec/2025:20:09:31 +0800] "GET /ii5file.php HTTP/1.1" 404 27 "-" "-"
4.230.32.186 - - [19/Dec/2025:20:09:31 +0800] "GET /k.php HTTP/1.1" 404 27 "-" "-"
4.230.32.186 - - [19/Dec/2025:20:09:31 +0800] "GET /zc-729.php HTTP/1.1" 404 27 "-" "-"
4.230.32.186 - - [19/Dec/2025:20:09:32 +0800] "GET /bolt.php?p= HTTP/1.1" 404 27 "-" "-"
4.230.32.186 - - [19/Dec/2025:20:09:32 +0800] "GET /sid3.php HTTP/1.1" 404 27 "-" "-"
4.230.32.186 - - [19/Dec/2025:20:09:32 +0800] "GET /file30.php HTTP/1.1" 404 27 "-" "-"
4.230.32.186 - - [19/Dec/2025:20:09:32 +0800] "GET /clss.php HTTP/1.1" 404 27 "-" "-"
4.230.32.186 - - [19/Dec/2025:20:09:33 +0800] "GET /test1.php HTTP/1.1" 404 27 "-" "-"
4.230.32.186 - - [19/Dec/2025:20:09:33 +0800] "GET /ioxi-o.php HTTP/1.1" 404 27 "-" "-"
4.230.32.186 - - [19/Dec/2025:20:09:33 +0800] "GET /abc.php HTTP/1.1" 404 27 "-" "-"
4.230.32.186 - - [19/Dec/2025:20:09:33 +0800] "GET /wp-good.php HTTP/1.1" 404 27 "-" "-"
4.230.32.186 - - [19/Dec/2025:20:09:33 +0800] "GET /about.php?p= HTTP/1.1" 404 27 "-" "-"
4.230.32.186 - - [19/Dec/2025:20:09:34 +0800] "GET /atex1.php HTTP/1.1" 404 27 "-" "-"
4.230.32.186 - - [19/Dec/2025:20:09:34 +0800] "GET /wp-advaced.php HTTP/1.1" 404 27 "-" "-"
4.230.32.186 - - [19/Dec/2025:20:09:34 +0800] "GET /x.php HTTP/1.1" 404 27 "-" "-"
4.230.32.186 - - [19/Dec/2025:20:09:34 +0800] "GET /wp.php HTTP/1.1" 404 27 "-" "-"
4.230.32.186 - - [19/Dec/2025:20:09:34 +0800] "GET /hplfuns.php HTTP/1.1" 404 27 "-" "-"
4.230.32.186 - - [19/Dec/2025:20:09:34 +0800] "GET /wp-64wscx6shd.php HTTP/1.1" 404 27 "-" "-"
4.230.32.186 - - [19/Dec/2025:20:09:35 +0800] "GET /gg.php HTTP/1.1" 404 27 "-" "-"
4.230.32.186 - - [19/Dec/2025:20:09:35 +0800] "GET /ahax.php HTTP/1.1" 404 27 "-" "-"
4.230.32.186 - - [19/Dec/2025:20:09:35 +0800] "GET /222.php HTTP/1.1" 404 27 "-" "-"
4.230.32.186 - - [19/Dec/2025:20:09:35 +0800] "GET /z60.php?p= HTTP/1.1" 404 27 "-" "-"
4.230.32.186 - - [19/Dec/2025:20:09:35 +0800] "GET /gecko.php HTTP/1.1" 404 27 "-" "-"
4.230.32.186 - - [19/Dec/2025:20:09:36 +0800] "GET /abcd.php HTTP/1.1" 404 27 "-" "-"
4.230.32.186 - - [19/Dec/2025:20:09:36 +0800] "GET /kdgok.php HTTP/1.1" 404 27 "-" "-"
4.230.32.186 - - [19/Dec/2025:20:09:36 +0800] "GET /0x.php HTTP/1.1" 404 27 "-" "-"
4.230.32.186 - - [19/Dec/2025:20:09:36 +0800] "GET /okxh.php HTTP/1.1" 404 27 "-" "-"
4.230.32.186 - - [19/Dec/2025:20:09:36 +0800] "GET /ghreshttryu.php HTTP/1.1" 404 27 "-" "-"
4.230.32.186 - - [19/Dec/2025:20:09:36 +0800] "GET /krypton.php HTTP/1.1" 404 27 "-" "-"
4.230.32.186 - - [19/Dec/2025:20:09:37 +0800] "GET /error_log.php HTTP/1.1" 404 27 "-" "-"
4.230.32.186 - - [19/Dec/2025:20:09:37 +0800] "GET /d12.php HTTP/1.1" 404 27 "-" "-"
4.230.32.186 - - [19/Dec/2025:20:09:37 +0800] "GET /admin-header.php HTTP/1.1" 404 27 "-" "-"
4.230.32.186 - - [19/Dec/2025:20:09:38 +0800] "GET /dox.php HTTP/1.1" 404 27 "-" "-"
4.230.32.186 - - [19/Dec/2025:20:09:38 +0800] "GET /ss.php HTTP/1.1" 404 27 "-" "-"
36.133.115.36 - - [19/Dec/2025:20:15:26 +0800] "POST /wp-cron.php?doing_wp_cron=1766146526.5594038963317871093750 HTTP/1.1" 200 31 "-" "WordPress/6.8.3; http://cqqizhou.com"
162.216.149.215 - - [19/Dec/2025:20:15:26 +0800] "GET /wp-login.php HTTP/1.1" 200 8672 "-" "Hello from Palo Alto Networks, find out more about our scans in https://docs-cortex.paloaltonetworks.com/r/1/Cortex-Xpanse/Scanning-activity"
36.133.115.36 - - [19/Dec/2025:20:30:26 +0800] "POST /wp-cron.php?doing_wp_cron=1766147426.1434628963470458984375 HTTP/1.1" 200 31 "-" "WordPress/6.8.3; http://cqqizhou.com"
182.42.111.213 - - [19/Dec/2025:20:30:26 +0800] "GET / HTTP/1.1" 200 33912 "-" "Mozilla/5.0 (iPhone; CPU iPhone OS 13_2_3 like Mac OS X) AppleWebKit/605.1.15 (KHTML, like Gecko) Version/13.0.3 Mobile/15E148 Safari/604.1"
36.133.115.36 - - [19/Dec/2025:20:34:17 +0800] "POST /wp-cron.php?doing_wp_cron=1766147657.7343709468841552734375 HTTP/1.1" 200 31 "-" "WordPress/6.8.3; http://cqqizhou.com"
216.244.66.245 - - [19/Dec/2025:20:34:17 +0800] "GET /robots.txt HTTP/1.1" 200 390 "-" "Mozilla/5.0 (compatible; DotBot/1.2; +https://opensiteexplorer.org/dotbot; help@moz.com)"
123.57.13.121 - - [19/Dec/2025:20:37:20 +0800] "GET / HTTP/1.1" 200 39803 "-" "Mozilla/5.0 (Windows NT 10.0; Win64; x64) AppleWebKit/537.36 (KHTML, like Gecko) Chrome/104.0.0.0 Safari/537.36"
36.133.115.36 - - [19/Dec/2025:20:40:53 +0800] "POST /wp-cron.php?doing_wp_cron=1766148053.2379601001739501953125 HTTP/1.1" 200 31 "-" "WordPress/6.8.3; http://cqqizhou.com"
216.244.66.245 - - [19/Dec/2025:20:40:53 +0800] "GET /2354/ HTTP/1.1" 200 85368 "-" "Mozilla/5.0 (compatible; DotBot/1.2; +https://opensiteexplorer.org/dotbot; help@moz.com)"
123.57.13.121 - - [19/Dec/2025:20:56:01 +0800] "GET / HTTP/1.1" 200 39803 "-" "Mozilla/5.0 (Windows NT 10.0; Win64; x64) AppleWebKit/537.36 (KHTML, like Gecko) Chrome/104.0.0.0 Safari/537.36"
36.133.115.36 - - [19/Dec/2025:21:14:22 +0800] "POST /wp-cron.php?doing_wp_cron=1766150062.8852419853210449218750 HTTP/1.1" 200 31 "-" "WordPress/6.8.3; http://cqqizhou.com"
198.244.168.144 - - [19/Dec/2025:21:14:22 +0800] "GET /robots.txt HTTP/1.1" 200 190 "-" "Mozilla/5.0 (compatible; AhrefsBot/7.0; +http://ahrefs.com/robot/)"
92.222.104.197 - - [19/Dec/2025:21:14:26 +0800] "GET / HTTP/1.1" 200 39803 "-" "Mozilla/5.0 (compatible; AhrefsBot/7.0; +http://ahrefs.com/robot/)"
36.133.115.36 - - [19/Dec/2025:21:16:35 +0800] "POST /wp-cron.php?doing_wp_cron=1766150195.6283829212188720703125 HTTP/1.1" 200 31 "-" "WordPress/6.8.3; http://cqqizhou.com"
113.168.60.97 - - [19/Dec/2025:21:16:35 +0800] "GET http://cqqizhou.com/portfolio/%E5%86%B7%E8%BD%A7%E6%9D%BF/ HTTP/1.1" 200 18761 "-" "Mozilla/5.0 (iPhone; CPU iPhone OS 17_2 like Mac OS X) AppleWebKit/605.1.15 (KHTML, like Gecko) EdgiOS/120.0.2210.141 Version/17.0 Mobile/15E148 Safari/604.1"
14.178.206.237 - - [19/Dec/2025:21:16:37 +0800] "GET http://cqqizhou.com/2231/ HTTP/1.1" 200 19651 "-" "Mozilla/5.0 (Windows NT 10.0; Win64; x64) AppleWebKit/537.36 (KHTML, like Gecko) Chrome/121.0.0.0 Safari/537.36 Edg/121.0.0.0"
84.54.70.10 - - [19/Dec/2025:21:16:43 +0800] "GET http://cqqizhou.com/services HTTP/1.1" 301 5 "-" "Mozilla/5.0 (Linux; Android 10; K) AppleWebKit/537.36 (KHTML, like Gecko) Chrome/122.0.0.0 Mobile Safari/537.36"
103.239.252.226 - - [19/Dec/2025:21:16:44 +0800] "GET http://cqqizhou.com/portfolio/remaining-rolls/ HTTP/1.1" 200 18722 "-" "Mozilla/5.0 (Linux; Android 10; K) AppleWebKit/537.36 (KHTML, like Gecko) Chrome/122.0.0.0 Mobile Safari/537.36"
178.216.174.57 - - [19/Dec/2025:21:16:44 +0800] "GET http://cqqizhou.com/2339/ HTTP/1.1" 200 24490 "-" "Mozilla/5.0 (Windows NT 10.0; Win64; x64) AppleWebKit/537.36 (KHTML, like Gecko) Chrome/122.0.0.0 Safari/537.36"
105.165.27.254 - - [19/Dec/2025:21:16:46 +0800] "GET http://cqqizhou.com/services/ HTTP/1.1" 200 25814 "-" "Mozilla/5.0 (Linux; Android 10; K) AppleWebKit/537.36 (KHTML, like Gecko) Chrome/122.0.0.0 Mobile Safari/537.36"
123.19.196.58 - - [19/Dec/2025:21:16:47 +0800] "GET http://cqqizhou.com/material.html HTTP/1.1" 200 6459 "-" "Mozilla/5.0 (Windows NT 10.0; Win64; x64; rv:123.0) Gecko/20100101 Firefox/123.0"
36.133.115.36 - - [19/Dec/2025:21:16:47 +0800] "POST /wp-cron.php?doing_wp_cron=1766150207.7357070446014404296875 HTTP/1.1" 200 31 "-" "WordPress/6.8.3; http://cqqizhou.com"
204.157.178.217 - - [19/Dec/2025:21:16:48 +0800] "GET http://cqqizhou.com/portfolio/duplex-stainless-steel/ HTTP/1.1" 200 22148 "-" "Mozilla/5.0 (Windows NT 10.0; Win64; x64; rv:123.0) Gecko/20100101 Firefox/123.0"
113.169.34.150 - - [19/Dec/2025:21:16:51 +0800] "GET http://cqqizhou.com/portfolio/hot-dip-galvanized-coil/ HTTP/1.1" 200 22308 "-" "Mozilla/5.0 (Macintosh; Intel Mac OS X 10_15_7) AppleWebKit/605.1.15 (KHTML, like Gecko) Version/17.0 Safari/605.1.15"
103.77.16.76 - - [19/Dec/2025:21:16:51 +0800] "GET http://cqqizhou.com/portfolio-category/cold-rolled-coil/ HTTP/1.1" 200 17740 "-" "Mozilla/5.0 (Linux; Android 8.1.0; C5 2019 Build/OPM2.171019.012) AppleWebKit/537.36 (KHTML, like Gecko) Chrome/122.0.6261.64 Mobile Safari/537.36"
14.175.73.2 - - [19/Dec/2025:21:16:57 +0800] "GET http://cqqizhou.com/2354/ HTTP/1.1" 200 20289 "-" "Mozilla/5.0 (iPhone; CPU iPhone OS 17_0 like Mac OS X) AppleWebKit/605.1.15 (KHTML, like Gecko) EdgiOS/116.0.1938.79 Version/17.0 Mobile/15E148 Safari/604.1"
14.162.129.227 - - [19/Dec/2025:21:16:58 +0800] "GET http://cqqizhou.com/2215/ HTTP/1.1" 200 20225 "-" "Mozilla/5.0 (Windows NT 10.0; Win64; x64) AppleWebKit/537.36 (KHTML, like Gecko) Chrome/121.0.0.0 Safari/537.36 Edg/121.0.0.0"
102.213.251.137 - - [19/Dec/2025:21:16:59 +0800] "GET http://cqqizhou.com/portfolio-category/dual-phase-steel/ HTTP/1.1" 200 21048 "-" "Mozilla/5.0 (Windows NT 10.0; Win64; x64) AppleWebKit/537.36 (KHTML, like Gecko) Chrome/121.0.0.0 Safari/537.36 Edg/121.0.0.0"
113.179.123.193 - - [19/Dec/2025:21:17:02 +0800] "GET http://cqqizhou.com/process/processing HTTP/1.1" 301 5 "-" "Mozilla/5.0 (Windows NT 10.0; Win64; x64) AppleWebKit/537.36 (KHTML, like Gecko) Chrome/121.0.0.0 Safari/537.36 Edg/121.0.0.0"
203.210.137.20 - - [19/Dec/2025:21:17:02 +0800] "GET http://cqqizhou.com/portfolio-category/hot-dip-galvanized-coil/ HTTP/1.1" 200 17730 "-" "Mozilla/5.0 (iPhone; CPU iPhone OS 17_3_1 like Mac OS X) AppleWebKit/605.1.15 (KHTML, like Gecko) Version/17.0 EdgiOS/121.2277.107 Mobile/15E148 Safari/605.1.15"
123.21.68.115 - - [19/Dec/2025:21:17:04 +0800] "GET http://cqqizhou.com/services/processing/ HTTP/1.1" 200 19231 "-" "Mozilla/5.0 (Windows NT 10.0; Win64; x64) AppleWebKit/537.36 (KHTML, like Gecko) Chrome/121.0.0.0 Safari/537.36 Edg/121.0.0.0"
189.144.182.168 - - [19/Dec/2025:21:17:05 +0800] "GET http://cqqizhou.com/business/ HTTP/1.1" 200 18958 "-" "Mozilla/5.0 (Linux; Android 10; K) AppleWebKit/537.36 (KHTML, like Gecko) Chrome/122.0.0.0 Mobile Safari/537.36"
36.133.115.36 - - [19/Dec/2025:21:25:52 +0800] "POST /wp-cron.php?doing_wp_cron=1766150752.7319569587707519531250 HTTP/1.1" 200 31 "-" "WordPress/6.8.3; http://cqqizhou.com"
110.249.201.188 - - [19/Dec/2025:21:25:52 +0800] "GET /robots.txt HTTP/1.1" 200 190 "-" "Mozilla/5.0 (Linux; Android 5.0) AppleWebKit/537.36 (KHTML, like Gecko) Mobile Safari/537.36 (compatible; Bytespider; https://zhanzhang.toutiao.com/)"
36.133.115.36 - - [19/Dec/2025:22:01:22 +0800] "POST /wp-cron.php?doing_wp_cron=1766152882.5710868835449218750000 HTTP/1.1" 200 31 "-" "WordPress/6.8.3; http://cqqizhou.com"
36.133.108.119 - - [19/Dec/2025:22:01:22 +0800] "HEAD /HNAP1/ HTTP/1.1" 404 0 "-" "Mozilla/5.0 (compatible; MSIE 8.0; Windows NT 5.1; Trident/4.0; .NET CLR 1.1.4322; .NET CLR 2.0.50727)"
36.155.132.158 - - [19/Dec/2025:22:09:20 +0800] "GET /2361/ HTTP/1.1" 200 24346 "http://m.baidu.com/s?wd=doubtaut" "Mozilla/5.0 (Windows NT 6.1; WOW64; rv:43.0) Gecko/20100101 Firefox/43.0"
36.133.115.36 - - [19/Dec/2025:22:18:33 +0800] "POST /wp-cron.php?doing_wp_cron=1766153913.8041789531707763671875 HTTP/1.1" 200 31 "-" "WordPress/6.8.3; http://cqqizhou.com"
85.208.96.212 - - [19/Dec/2025:22:18:33 +0800] "GET /robots.txt HTTP/1.1" 200 190 "-" "Mozilla/5.0 (compatible; SemrushBot/7~bl; +http://www.semrush.com/bot.html)"
85.208.96.208 - - [19/Dec/2025:22:18:35 +0800] "GET /portfolio-category/hot-dip-galvanized-coil/ HTTP/1.1" 200 21082 "-" "Mozilla/5.0 (compatible; SemrushBot/7~bl; +http://www.semrush.com/bot.html)"
36.133.115.36 - - [19/Dec/2025:22:20:07 +0800] "POST /wp-cron.php?doing_wp_cron=1766154007.5659019947052001953125 HTTP/1.1" 200 31 "-" "WordPress/6.8.3; http://cqqizhou.com"
37.187.226.30 - - [19/Dec/2025:22:20:07 +0800] "GET /robots.txt HTTP/1.1" 200 390 "-" "Mozilla/5.0 (compatible; MJ12bot/v1.4.8; http://mj12bot.com/)"
37.187.226.30 - - [19/Dec/2025:22:20:10 +0800] "GET /portfolio-tag/%E9%9E%8D%E9%92%A2%E8%92%82%E6%A3%AE/ HTTP/1.1" 200 22802 "-" "Mozilla/5.0 (compatible; MJ12bot/v1.4.8; http://mj12bot.com/)"
37.187.226.30 - - [19/Dec/2025:22:20:13 +0800] "GET /portfolio/%E5%86%B7%E8%BD%A7%E5%8D%B7/ HTTP/1.1" 200 22096 "-" "Mozilla/5.0 (compatible; MJ12bot/v1.4.8; http://mj12bot.com/)"
37.187.226.30 - - [19/Dec/2025:22:20:16 +0800] "GET /portfolio/%E5%86%B7%E8%BD%A7%E6%9D%BF/ HTTP/1.1" 200 18961 "-" "Mozilla/5.0 (compatible; MJ12bot/v1.4.8; http://mj12bot.com/)"
36.133.115.36 - - [19/Dec/2025:22:30:25 +0800] "POST /wp-cron.php?doing_wp_cron=1766154625.5739850997924804687500 HTTP/1.1" 200 31 "-" "WordPress/6.8.3; http://cqqizhou.com"
66.249.68.71 - - [19/Dec/2025:22:30:25 +0800] "GET /robots.txt HTTP/1.1" 200 190 "-" "Mozilla/5.0 (compatible; Googlebot/2.1; +http://www.google.com/bot.html)"
5.39.109.177 - - [19/Dec/2025:22:34:01 +0800] "GET /portfolio-category/dual-phase-steel/ HTTP/1.1" 200 21067 "-" "Mozilla/5.0 (compatible; AhrefsBot/7.0; +http://ahrefs.com/robot/)"
36.133.115.36 - - [19/Dec/2025:22:38:08 +0800] "POST /wp-cron.php?doing_wp_cron=1766155088.7748930454254150390625 HTTP/1.1" 200 31 "-" "WordPress/6.8.3; http://cqqizhou.com"
170.106.11.6 - - [19/Dec/2025:22:38:08 +0800] "GET / HTTP/1.1" 301 5 "-" "Mozilla/5.0 (iPhone; CPU iPhone OS 13_2_3 like Mac OS X) AppleWebKit/605.1.15 (KHTML, like Gecko) Version/13.0.3 Mobile/15E148 Safari/604.1"
170.106.11.6 - - [19/Dec/2025:22:38:12 +0800] "GET / HTTP/1.1" 200 33912 "http://www.cqqizhou.com" "Mozilla/5.0 (iPhone; CPU iPhone OS 13_2_3 like Mac OS X) AppleWebKit/605.1.15 (KHTML, like Gecko) Version/13.0.3 Mobile/15E148 Safari/604.1"
36.133.115.36 - - [19/Dec/2025:22:39:46 +0800] "POST /wp-cron.php?doing_wp_cron=1766155186.5199298858642578125000 HTTP/1.1" 200 31 "-" "WordPress/6.8.3; http://cqqizhou.com"
98.93.11.98 - - [19/Dec/2025:22:39:46 +0800] "GET / HTTP/1.1" 301 5 "-" "Mozilla/5.0 (Windows NT 10.0; Win64; x64) AppleWebKit/537.36 (KHTML, like Gecko) Chrome/136.0.0.0 Safari/537.36"
85.90.208.132 - - [19/Dec/2025:22:59:14 +0800] "GET / HTTP/1.1" 200 39803 "-" "Mozilla/5.0 (Windows NT 10.0; WOW64) AppleWebKit/537.36 (KHTML, like Gecko) Chrome/114.0.0.0 Safari/537.36 Vivaldi/5.3.2679.68"
36.133.115.36 - - [19/Dec/2025:23:00:22 +0800] "POST /wp-cron.php?doing_wp_cron=1766156422.8189840316772460937500 HTTP/1.1" 200 31 "-" "WordPress/6.8.3; http://cqqizhou.com"
85.90.208.132 - - [19/Dec/2025:23:00:22 +0800] "GET /wp-admin/admin-ajax.php HTTP/1.1" 400 11 "http://cqqizhou.com" "Mozilla/5.0 (Windows NT 6.3; Win64; x64) AppleWebKit/537.36 (KHTML, like Gecko) Chrome/103.0.0.0 Safari/537.36"
85.90.208.132 - - [19/Dec/2025:23:00:27 +0800] "GET /wp-admin/admin-ajax.php?action=register HTTP/1.1" 400 11 "http://cqqizhou.com/wp-admin/admin-ajax.php" "Mozilla/5.0 (Windows NT 6.3; Win64; x64) AppleWebKit/537.36 (KHTML, like Gecko) Chrome/103.0.0.0 Safari/537.36"
36.133.115.36 - - [19/Dec/2025:23:02:30 +0800] "POST /wp-cron.php?doing_wp_cron=1766156550.6278710365295410156250 HTTP/1.1" 200 31 "-" "WordPress/6.8.3; http://cqqizhou.com"
95.214.55.71 - - [19/Dec/2025:23:02:35 +0800] "GET / HTTP/1.1" 200 96810 "-" "python-requests/2.31.0"
36.133.115.36 - - [19/Dec/2025:23:04:34 +0800] "POST /wp-cron.php?doing_wp_cron=1766156674.8447670936584472656250 HTTP/1.1" 200 31 "-" "WordPress/6.8.3; http://cqqizhou.com"
164.52.24.178 - - [19/Dec/2025:23:04:34 +0800] "GET / HTTP/1.1" 301 5 "-" "Mozilla/5.0 (Windows NT 10.0; Win64; x64) AppleWebKit/537.36 (KHTML, like Gecko) Chrome/114.0.0.0 Safari/537.36"
164.52.24.178 - - [19/Dec/2025:23:04:38 +0800] "GET / HTTP/1.1" 301 5 "-" "-"
164.52.24.178 - - [19/Dec/2025:23:04:44 +0800] "GET / HTTP/1.1" 200 166118 "-" "Mozilla/5.0 (Windows NT 10.0; Win64; x64) AppleWebKit/537.36 (KHTML, like Gecko) Chrome/114.0.0.0 Safari/537.36"
157.245.209.233 - - [19/Dec/2025:23:24:50 +0800] "GET /admin/config.php HTTP/1.0" 404 16 "-" "xfa1,nvdorz,nvd0rz"
36.133.115.36 - - [19/Dec/2025:23:50:13 +0800] "POST /wp-cron.php?doing_wp_cron=1766159413.8901989459991455078125 HTTP/1.1" 200 31 "-" "WordPress/6.8.3; http://cqqizhou.com"
204.76.203.212 - - [19/Dec/2025:23:50:14 +0800] "GET / HTTP/1.1" 200 33913 "-" "Mozilla/5.0 (Windows NT 10.0; Win64; x64) AppleWebKit/537.36 (KHTML, like Gecko) Chrome/90.0.4430.85 Safari/537.36 Edg/90.0.818.46"