HEX
Server: nginx/1.16.1
System: Linux ecs-04358622 4.19.90-2107.6.0.0100.oe1.bclinux.x86_64 #1 SMP Wed Dec 1 19:59:44 CST 2021 x86_64
User: nginx (994)
PHP: 8.0.0
Disabled: NONE
Upload Files
File: //home/logs/cqqizhou_access_2025-12-19.log
36.133.115.36 - - [19/Dec/2025:00:13:32 +0800] "POST /wp-cron.php?doing_wp_cron=1766074412.6925311088562011718750 HTTP/1.1" 200 31 "-" "WordPress/6.8.3; http://cqqizhou.com"
15.235.27.207 - - [19/Dec/2025:00:13:33 +0800] "GET /2361/ HTTP/1.1" 200 24339 "-" "Mozilla/5.0 (compatible; AhrefsBot/7.0; +http://ahrefs.com/robot/)"
54.39.203.104 - - [19/Dec/2025:00:16:41 +0800] "GET /wp-content/uploads/2025/12/1766064671-Article_images_20251218212624.webp HTTP/1.1" 200 40874 "-" "Mozilla/5.0 (compatible; AhrefsBot/7.0; +http://ahrefs.com/robot/)"
142.44.228.54 - - [19/Dec/2025:00:16:44 +0800] "GET /wp-content/uploads/2025/12/1766064723-Article_images_20251218212625.webp HTTP/1.1" 200 35132 "-" "Mozilla/5.0 (compatible; AhrefsBot/7.0; +http://ahrefs.com/robot/)"
123.57.13.121 - - [19/Dec/2025:00:20:40 +0800] "GET / HTTP/1.1" 200 39805 "-" "Mozilla/5.0 (Windows NT 10.0; Win64; x64) AppleWebKit/537.36 (KHTML, like Gecko) Chrome/104.0.0.0 Safari/537.36"
36.133.115.36 - - [19/Dec/2025:00:23:40 +0800] "POST /wp-cron.php?doing_wp_cron=1766075020.3444650173187255859375 HTTP/1.1" 200 31 "-" "WordPress/6.8.3; http://cqqizhou.com"
110.80.135.11 - - [19/Dec/2025:00:23:40 +0800] "GET / HTTP/1.1" 301 5 "-" "-"
110.80.135.11 - - [19/Dec/2025:00:23:40 +0800] "GET / HTTP/1.1" 200 166118 "-" "-"
36.133.115.36 - - [19/Dec/2025:00:35:19 +0800] "POST /wp-cron.php?doing_wp_cron=1766075719.7013559341430664062500 HTTP/1.1" 200 31 "-" "WordPress/6.8.3; http://cqqizhou.com"
45.154.98.124 - - [19/Dec/2025:00:35:20 +0800] "POST / HTTP/1.1" 200 33914 "-" "Mozilla/5.0 (Linux; Android 10; K) AppleWebKit/537.36 (KHTML, like Gecko) Chrome/134.0.6998.135 Mobile Safari/537.36"
45.154.98.124 - - [19/Dec/2025:00:35:34 +0800] "POST / HTTP/1.1" 200 33914 "-" "Mozilla/5.0 (Linux; Android 10; K) AppleWebKit/537.36 (KHTML, like Gecko) Chrome/134.0.6998.135 Mobile Safari/537.36"
36.133.115.36 - - [19/Dec/2025:00:35:57 +0800] "POST /wp-cron.php?doing_wp_cron=1766075757.1670019626617431640625 HTTP/1.1" 200 31 "-" "WordPress/6.8.3; http://cqqizhou.com"
45.154.98.124 - - [19/Dec/2025:00:35:57 +0800] "POST / HTTP/1.1" 200 33913 "-" "Mozilla/5.0 (Linux; Android 10; K) AppleWebKit/537.36 (KHTML, like Gecko) Chrome/134.0.6998.135 Mobile Safari/537.36"
45.154.98.124 - - [19/Dec/2025:00:35:59 +0800] "POST / HTTP/1.1" 200 33914 "-" "Mozilla/5.0 (X11; CrOS x86_64 14541.0.0) AppleWebKit/537.36 (KHTML, like Gecko) Chrome/134.0.0.0 Safari/537.36"
45.154.98.124 - - [19/Dec/2025:00:36:15 +0800] "POST / HTTP/1.1" 200 33914 "-" "Mozilla/5.0 (Windows NT 10.0; Win64; x64) AppleWebKit/537.36 (KHTML, like Gecko) Chrome/134.0.0.0 Safari/537.36 Edg/134.0.0.0"
45.154.98.124 - - [19/Dec/2025:00:36:23 +0800] "POST / HTTP/1.1" 200 33914 "-" "Mozilla/5.0 (Windows NT 10.0; Win64; x64) AppleWebKit/537.36 (KHTML, like Gecko) Chrome/134.0.0.0 Safari/537.36 Edg/134.0.0.0"
36.133.115.36 - - [19/Dec/2025:00:42:51 +0800] "POST /wp-cron.php?doing_wp_cron=1766076171.5080909729003906250000 HTTP/1.1" 200 31 "-" "WordPress/6.8.3; http://cqqizhou.com"
216.244.66.245 - - [19/Dec/2025:00:42:51 +0800] "GET /robots.txt HTTP/1.1" 200 390 "-" "Mozilla/5.0 (compatible; DotBot/1.2; +https://opensiteexplorer.org/dotbot; help@moz.com)"
36.133.115.36 - - [19/Dec/2025:00:45:03 +0800] "POST /wp-cron.php?doing_wp_cron=1766076303.6443231105804443359375 HTTP/1.1" 200 31 "-" "WordPress/6.8.3; http://cqqizhou.com"
204.76.203.212 - - [19/Dec/2025:00:45:03 +0800] "GET / HTTP/1.1" 200 33914 "-" "Mozilla/5.0 (Windows NT 10.0; Win64; x64) AppleWebKit/537.36 (KHTML, like Gecko) Chrome/90.0.4430.85 Safari/537.36 Edg/90.0.818.46"
216.244.66.245 - - [19/Dec/2025:00:50:26 +0800] "GET /wp-content/uploads/2025/11/1762908489-QZ_Photo-9.webp HTTP/1.1" 200 149094 "-" "Mozilla/5.0 (compatible; DotBot/1.2; +https://opensiteexplorer.org/dotbot; help@moz.com)"
35.213.224.34 - - [19/Dec/2025:01:01:10 +0800] "GET / HTTP/1.1" 200 39805 "-" "Mozilla/5.0 (Windows NT 10.0; Win64; x64) AppleWebKit/537.36 (KHTML, like Gecko; compatible; BW/1.3; rb.gy/qyzae5) Chrome/124.0.0.0 Safari/537.36"
35.213.224.34 - - [19/Dec/2025:01:01:13 +0800] "GET /contacts/ HTTP/1.1" 200 21593 "-" "Mozilla/5.0 (Windows NT 10.0; Win64; x64) AppleWebKit/537.36 (KHTML, like Gecko; compatible; BW/1.3; rb.gy/qyzae5) Chrome/124.0.0.0 Safari/537.36"
35.213.224.34 - - [19/Dec/2025:01:01:13 +0800] "GET /about/ HTTP/1.1" 200 29974 "-" "Mozilla/5.0 (Windows NT 10.0; Win64; x64) AppleWebKit/537.36 (KHTML, like Gecko; compatible; BW/1.3; rb.gy/qyzae5) Chrome/124.0.0.0 Safari/537.36"
36.133.115.36 - - [19/Dec/2025:01:04:57 +0800] "POST /wp-cron.php?doing_wp_cron=1766077497.6105530261993408203125 HTTP/1.1" 200 31 "-" "WordPress/6.8.3; http://cqqizhou.com"
183.216.99.179 - - [19/Dec/2025:01:04:57 +0800] "GET /Ly9jcXFpemhvdS5jb20vd3AtY29udGVudC91cGxvYWRzLzIwMjUvMTIvMTc2NTI2NTM5OC1xaXpob3VfU2xpZGVyXzM4NDDDlzIxNjBfMjAyNTEyMDktc2NhbGVkLndlYnA= HTTP/1.1" 404 8981 "-" "Mozilla/5.0 (Windows NT 10.0) AppleWebKit/537.36 (KHTML, like Gecko) Chrome/72.0.3626.7"
36.133.115.36 - - [19/Dec/2025:01:17:13 +0800] "POST /wp-cron.php?doing_wp_cron=1766078233.0279719829559326171875 HTTP/1.1" 200 31 "-" "WordPress/6.8.3; http://cqqizhou.com"
44.202.55.27 - - [19/Dec/2025:01:17:13 +0800] "GET / HTTP/1.1" 301 5 "-" "Mozilla/5.0 (Windows NT 10.0; Win64; x64) AppleWebKit/537.36 (KHTML, like Gecko) Chrome/136.0.0.0 Safari/537.36"
36.133.115.36 - - [19/Dec/2025:01:31:22 +0800] "POST /wp-cron.php?doing_wp_cron=1766079082.5670208930969238281250 HTTP/1.1" 200 31 "-" "WordPress/6.8.3; http://cqqizhou.com"
216.244.66.245 - - [19/Dec/2025:01:31:22 +0800] "GET /robots.txt HTTP/1.1" 200 390 "-" "Mozilla/5.0 (compatible; DotBot/1.2; +https://opensiteexplorer.org/dotbot; help@moz.com)"
52.167.144.202 - - [19/Dec/2025:01:38:22 +0800] "GET /wp-content/uploads/2025/07/1750649803-qizhou800x500_2.webp HTTP/1.1" 200 63616 "-" "Mozilla/5.0 AppleWebKit/537.36 (KHTML, like Gecko; compatible; bingbot/2.0; +http://www.bing.com/bingbot.htm) Chrome/116.0.1938.76 Safari/537.36"
36.133.115.36 - - [19/Dec/2025:01:39:14 +0800] "POST /wp-cron.php?doing_wp_cron=1766079554.0716099739074707031250 HTTP/1.1" 200 31 "-" "WordPress/6.8.3; http://cqqizhou.com"
182.42.111.213 - - [19/Dec/2025:01:39:14 +0800] "GET / HTTP/1.1" 301 5 "-" "Mozilla/5.0 (iPhone; CPU iPhone OS 13_2_3 like Mac OS X) AppleWebKit/605.1.15 (KHTML, like Gecko) Version/13.0.3 Mobile/15E148 Safari/604.1"
182.42.111.213 - - [19/Dec/2025:01:39:15 +0800] "GET / HTTP/1.1" 200 33914 "http://www.cqqizhou.com" "Mozilla/5.0 (iPhone; CPU iPhone OS 13_2_3 like Mac OS X) AppleWebKit/605.1.15 (KHTML, like Gecko) Version/13.0.3 Mobile/15E148 Safari/604.1"
36.133.115.36 - - [19/Dec/2025:01:40:42 +0800] "POST /wp-cron.php?doing_wp_cron=1766079642.5168869495391845703125 HTTP/1.1" 200 31 "-" "WordPress/6.8.3; http://cqqizhou.com"
157.55.39.13 - - [19/Dec/2025:01:40:42 +0800] "GET /sitemap.xml HTTP/1.1" 200 499 "-" "Mozilla/5.0 AppleWebKit/537.36 (KHTML, like Gecko; compatible; bingbot/2.0; +http://www.bing.com/bingbot.htm) Chrome/116.0.1938.76 Safari/537.36"
36.133.115.36 - - [19/Dec/2025:01:42:20 +0800] "POST /wp-cron.php?doing_wp_cron=1766079740.6856679916381835937500 HTTP/1.1" 200 31 "-" "WordPress/6.8.3; http://cqqizhou.com"
148.113.128.23 - - [19/Dec/2025:01:42:21 +0800] "GET /business/ HTTP/1.1" 200 23910 "-" "Mozilla/5.0 (compatible; AhrefsBot/7.0; +http://ahrefs.com/robot/)"
36.133.115.36 - - [19/Dec/2025:01:48:41 +0800] "POST /wp-cron.php?doing_wp_cron=1766080121.2070209980010986328125 HTTP/1.1" 200 31 "-" "WordPress/6.8.3; http://cqqizhou.com"
115.159.33.43 - - [19/Dec/2025:01:48:41 +0800] "GET / HTTP/1.1" 301 5 "-" "Mozilla/5.0 (Windows NT 10.0; Win64; x64) AppleWebKit/537.36 (KHTML, like Gecko) Chrome/79.0.3945.117 Safari/537.36"
157.55.39.57 - - [19/Dec/2025:02:04:21 +0800] "GET /2163/ HTTP/1.1" 200 23783 "-" "Mozilla/5.0 AppleWebKit/537.36 (KHTML, like Gecko; compatible; bingbot/2.0; +http://www.bing.com/bingbot.htm) Chrome/116.0.1938.76 Safari/537.36"
159.65.219.252 - - [19/Dec/2025:02:11:03 +0800] "GET / HTTP/1.1" 200 39805 "-" "Mozilla/5.0 (compatible; InternetMeasurement/1.0; +https://internet-measurement.com/)"
36.133.115.36 - - [19/Dec/2025:02:23:45 +0800] "POST /wp-cron.php?doing_wp_cron=1766082225.3274059295654296875000 HTTP/1.1" 200 31 "-" "WordPress/6.8.3; http://cqqizhou.com"
204.76.203.212 - - [19/Dec/2025:02:23:45 +0800] "GET / HTTP/1.1" 200 33914 "-" "Mozilla/5.0 (Windows NT 10.0; Win64; x64) AppleWebKit/537.36 (KHTML, like Gecko) Chrome/90.0.4430.85 Safari/537.36 Edg/90.0.818.46"
36.133.115.36 - - [19/Dec/2025:02:30:40 +0800] "POST /wp-cron.php?doing_wp_cron=1766082640.5526330471038818359375 HTTP/1.1" 200 31 "-" "WordPress/6.8.3; http://cqqizhou.com"
43.166.226.57 - - [19/Dec/2025:02:30:40 +0800] "GET / HTTP/1.1" 200 33914 "-" "Mozilla/5.0 (iPhone; CPU iPhone OS 13_2_3 like Mac OS X) AppleWebKit/605.1.15 (KHTML, like Gecko) Version/13.0.3 Mobile/15E148 Safari/604.1"
36.133.115.36 - - [19/Dec/2025:02:33:58 +0800] "POST /wp-cron.php?doing_wp_cron=1766082838.4555940628051757812500 HTTP/1.1" 200 31 "-" "WordPress/6.8.3; http://cqqizhou.com"
95.214.55.71 - - [19/Dec/2025:02:33:59 +0800] "GET / HTTP/1.1" 200 109842 "-" "python-requests/2.31.0"
138.197.168.65 - - [19/Dec/2025:02:34:35 +0800] "GET /.env HTTP/1.1" 404 8981 "-" "Mozilla/5.0; Keydrop.io/1.0(onlyscans.com/about);"
36.133.115.36 - - [19/Dec/2025:02:36:14 +0800] "POST /wp-cron.php?doing_wp_cron=1766082974.3573710918426513671875 HTTP/1.1" 200 31 "-" "WordPress/6.8.3; http://cqqizhou.com"
193.142.147.209 - - [19/Dec/2025:02:36:15 +0800] "POST / HTTP/1.1" 200 33915 "-" "Mozilla/5.0 (Windows NT 10.0; Win64; x64) AppleWebKit/537.36"
36.133.115.36 - - [19/Dec/2025:02:42:39 +0800] "POST /wp-cron.php?doing_wp_cron=1766083359.1697809696197509765625 HTTP/1.1" 200 31 "-" "WordPress/6.8.3; http://cqqizhou.com"
95.214.55.71 - - [19/Dec/2025:02:42:39 +0800] "GET / HTTP/1.1" 200 109842 "-" "python-requests/2.31.0"
36.133.115.36 - - [19/Dec/2025:02:45:39 +0800] "POST /wp-cron.php?doing_wp_cron=1766083539.3491859436035156250000 HTTP/1.1" 200 31 "-" "WordPress/6.8.3; http://cqqizhou.com"
110.249.202.97 - - [19/Dec/2025:02:45:39 +0800] "GET /robots.txt HTTP/1.1" 200 190 "-" "Mozilla/5.0 (Linux; Android 5.0) AppleWebKit/537.36 (KHTML, like Gecko) Mobile Safari/537.36 (compatible; Bytespider; https://zhanzhang.toutiao.com/)"
180.153.236.160 - - [19/Dec/2025:02:53:13 +0800] "GET / HTTP/1.1" 200 39805 "http://cqqizhou.com" "Mozilla/5.0 (Windows NT 10.0; Win64; x64) AppleWebKit/537.36 (KHTML, like Gecko) Chrome/140.0.0.0 Safari/537.36 Edg/140.0.0.0; 360Spider"
54.39.203.153 - - [19/Dec/2025:03:04:10 +0800] "GET /portfolio-tag/%E9%9E%8D%E9%92%A2%E8%92%82%E6%A3%AE/ HTTP/1.1" 200 22808 "-" "Mozilla/5.0 (compatible; AhrefsBot/7.0; +http://ahrefs.com/robot/)"
36.133.115.36 - - [19/Dec/2025:03:10:06 +0800] "POST /wp-cron.php?doing_wp_cron=1766085006.2246439456939697265625 HTTP/1.1" 200 31 "-" "WordPress/6.8.3; http://cqqizhou.com"
204.76.203.212 - - [19/Dec/2025:03:10:06 +0800] "GET / HTTP/1.1" 200 33914 "-" "Mozilla/5.0 (Windows NT 10.0; Win64; x64) AppleWebKit/537.36 (KHTML, like Gecko) Chrome/90.0.4430.85 Safari/537.36 Edg/90.0.818.46"
36.133.115.36 - - [19/Dec/2025:03:16:30 +0800] "POST /wp-cron.php?doing_wp_cron=1766085390.4048259258270263671875 HTTP/1.1" 200 31 "-" "WordPress/6.8.3; http://cqqizhou.com"
43.135.134.127 - - [19/Dec/2025:03:16:30 +0800] "GET / HTTP/1.1" 200 33914 "-" "Mozilla/5.0 (iPhone; CPU iPhone OS 13_2_3 like Mac OS X) AppleWebKit/605.1.15 (KHTML, like Gecko) Version/13.0.3 Mobile/15E148 Safari/604.1"
36.133.115.36 - - [19/Dec/2025:03:21:53 +0800] "POST /wp-cron.php?doing_wp_cron=1766085713.3299069404602050781250 HTTP/1.1" 200 31 "-" "WordPress/6.8.3; http://cqqizhou.com"
95.214.55.71 - - [19/Dec/2025:03:21:53 +0800] "GET / HTTP/1.1" 200 109842 "-" "python-requests/2.31.0"
36.133.115.36 - - [19/Dec/2025:03:27:15 +0800] "POST /wp-cron.php?doing_wp_cron=1766086035.2154800891876220703125 HTTP/1.1" 200 31 "-" "WordPress/6.8.3; http://cqqizhou.com"
45.135.193.9 - - [19/Dec/2025:03:27:15 +0800] "GET http://ip-api.com/json/ HTTP/1.1" 404 8981 "-" "Go-http-client/1.1"
207.46.13.111 - - [19/Dec/2025:03:30:40 +0800] "GET /logistics/ HTTP/1.1" 200 18553 "-" "Mozilla/5.0 AppleWebKit/537.36 (KHTML, like Gecko; compatible; bingbot/2.0; +http://www.bing.com/bingbot.htm) Chrome/116.0.1938.76 Safari/537.36"
36.133.115.36 - - [19/Dec/2025:03:40:52 +0800] "POST /wp-cron.php?doing_wp_cron=1766086852.9394779205322265625000 HTTP/1.1" 200 31 "-" "WordPress/6.8.3; http://cqqizhou.com"
91.232.238.106 - - [19/Dec/2025:03:40:52 +0800] "GET /robots.txt HTTP/1.0" 200 378 "-" "xfa1"
36.133.115.36 - - [19/Dec/2025:03:57:57 +0800] "POST /wp-cron.php?doing_wp_cron=1766087876.9910879135131835937500 HTTP/1.1" 200 31 "-" "WordPress/6.8.3; http://cqqizhou.com"
204.76.203.212 - - [19/Dec/2025:03:57:57 +0800] "GET / HTTP/1.1" 200 33914 "-" "Mozilla/5.0 (Windows NT 10.0; Win64; x64) AppleWebKit/537.36 (KHTML, like Gecko) Chrome/90.0.4430.85 Safari/537.36 Edg/90.0.818.46"
36.133.115.36 - - [19/Dec/2025:04:00:29 +0800] "POST /wp-cron.php?doing_wp_cron=1766088029.0438370704650878906250 HTTP/1.1" 200 31 "-" "WordPress/6.8.3; http://cqqizhou.com"
49.69.193.242 - - [19/Dec/2025:04:00:29 +0800] "GET /Ly9jcXFpemhvdS5jb20vd3AtY29udGVudC91cGxvYWRzL3JldnNsaWRlci9zbGlkZXItMS8xNzUxMzU4MjE5LXFpemhvdWRhbG91X1NsaWRlcl8zODQww5cyMTYwXzIwMjUwNzAxMTYxNTA1LXNjYWxlZC53ZWJw HTTP/1.1" 404 8981 "-" "Mozilla/5.0 (Windows NT 10.0) AppleWebKit/537.36 (KHTML, like Gecko) Chrome/75.0.3770.140"
121.237.36.28 - - [19/Dec/2025:04:09:30 +0800] "GET / HTTP/1.1" 200 39805 "-" "Mozilla/5.0 (Macintosh; Intel Mac OS X 10_11) AppleWebKit/601.1.27 (KHTML, like Gecko) Chrome/47.0.2526.106 Safari/601.1.27"
36.133.115.36 - - [19/Dec/2025:04:14:44 +0800] "POST /wp-cron.php?doing_wp_cron=1766088884.5277791023254394531250 HTTP/1.1" 200 31 "-" "WordPress/6.8.3; http://cqqizhou.com"
52.167.144.65 - - [19/Dec/2025:04:14:44 +0800] "GET /robots.txt HTTP/1.1" 301 5 "-" "Mozilla/5.0 AppleWebKit/537.36 (KHTML, like Gecko; compatible; bingbot/2.0; +http://www.bing.com/bingbot.htm) Chrome/116.0.1938.76 Safari/537.36"
52.167.144.65 - - [19/Dec/2025:04:14:45 +0800] "GET /robots.txt HTTP/1.1" 200 190 "-" "Mozilla/5.0 AppleWebKit/537.36 (KHTML, like Gecko; compatible; bingbot/2.0; +http://www.bing.com/bingbot.htm) Chrome/116.0.1938.76 Safari/537.36"
180.153.236.39 - - [19/Dec/2025:04:21:15 +0800] "GET / HTTP/1.1" 200 39805 "http://cqqizhou.com/" "Mozilla/5.0 (Windows NT 10.0; Win64; x64) AppleWebKit/537.36 (KHTML, like Gecko) Chrome/140.0.0.0 Safari/537.36 Edg/140.0.0.0; 360Spider"
180.153.236.98 - - [19/Dec/2025:04:21:34 +0800] "GET / HTTP/1.1" 200 39805 "http://cqqizhou.com/" "Mozilla/5.0 (Windows NT 10.0; Win64; x64) AppleWebKit/537.36 (KHTML, like Gecko) Chrome/140.0.0.0 Safari/537.36 Edg/140.0.0.0; 360Spider"
180.153.236.241 - - [19/Dec/2025:04:21:35 +0800] "GET / HTTP/1.1" 200 39805 "http://cqqizhou.com/" "Mozilla/5.0 (Windows NT 10.0; Win64; x64) AppleWebKit/537.36 (KHTML, like Gecko) Chrome/140.0.0.0 Safari/537.36 Edg/140.0.0.0; 360Spider"
36.133.115.36 - - [19/Dec/2025:04:25:32 +0800] "POST /wp-cron.php?doing_wp_cron=1766089532.2406840324401855468750 HTTP/1.1" 200 31 "-" "WordPress/6.8.3; http://cqqizhou.com"
45.156.128.41 - - [19/Dec/2025:04:25:32 +0800] "GET / HTTP/1.1" 301 5 "-" "Mozilla/5.0 (Windows NT 10.0; Win64; x64) AppleWebKit/537.36 (KHTML, like Gecko) Chrome/60.0.3112.113 Safari/537.36"
45.156.128.127 - - [19/Dec/2025:04:25:33 +0800] "GET / HTTP/1.1" 200 39805 "http://36.133.115.36/" "Mozilla/5.0 (Windows NT 10.0; Win64; x64) AppleWebKit/537.36 (KHTML, like Gecko) Chrome/60.0.3112.113 Safari/537.36"
36.133.115.36 - - [19/Dec/2025:04:30:33 +0800] "POST /wp-cron.php?doing_wp_cron=1766089833.2552649974822998046875 HTTP/1.1" 200 31 "-" "WordPress/6.8.3; http://cqqizhou.com"
115.239.24.116 - - [19/Dec/2025:04:30:33 +0800] "GET /Ly9jcXFpemhvdS5jb20vd3AtY29udGVudC91cGxvYWRzLzIwMjUvMTIvMTc2NTI2ODk1NS1xaXpob3VfU2xpZGVyMV8zODQww5cyMTYwXzIwMjUxMjEwLXNjYWxlZC53ZWJw HTTP/1.1" 404 8981 "-" "Mozilla/5.0 (Windows NT 10.0) AppleWebKit/537.36 (KHTML, like Gecko) Chrome/75.0.3770.90"
36.133.115.36 - - [19/Dec/2025:04:49:37 +0800] "POST /wp-cron.php?doing_wp_cron=1766090977.5800869464874267578125 HTTP/1.1" 200 31 "-" "WordPress/6.8.3; http://cqqizhou.com"
204.76.203.212 - - [19/Dec/2025:04:49:37 +0800] "GET / HTTP/1.1" 200 33914 "-" "Mozilla/5.0 (Windows NT 10.0; Win64; x64) AppleWebKit/537.36 (KHTML, like Gecko) Chrome/90.0.4430.85 Safari/537.36 Edg/90.0.818.46"
36.133.115.36 - - [19/Dec/2025:04:53:44 +0800] "POST /wp-cron.php?doing_wp_cron=1766091224.3385269641876220703125 HTTP/1.1" 200 31 "-" "WordPress/6.8.3; http://cqqizhou.com"
221.207.35.140 - - [19/Dec/2025:04:53:44 +0800] "GET / HTTP/1.1" 200 152163 "-" "-"
36.133.115.36 - - [19/Dec/2025:04:54:07 +0800] "POST /wp-cron.php?doing_wp_cron=1766091247.0494530200958251953125 HTTP/1.1" 200 31 "-" "WordPress/6.8.3; http://cqqizhou.com"
221.207.34.4 - - [19/Dec/2025:04:54:07 +0800] "GET / HTTP/1.1" 301 5 "-" "Mozilla/5.0 (Windows NT 6.1) AppleWebKit/537.36 (KHTML, like Gecko) Chrome/49.0.2623.112 Safari/537.36"
185.39.19.49 - - [19/Dec/2025:05:09:22 +0800] "GET / HTTP/1.0" 200 166096 "http://cqqizhou.com/" "Mozilla/5.0 (Windows NT 10.0; Win64; x64) AppleWebKit/537.36 (KHTML, like Gecko) Chrome/130.0.0.0 Safari/537.36 CCleaner/130.0.0.0"
185.39.19.49 - - [19/Dec/2025:05:09:23 +0800] "GET /contacts/ HTTP/1.0" 200 76700 "http://cqqizhou.com/contacts/" "Mozilla/5.0 (Windows NT 10.0; Win64; x64) AppleWebKit/537.36 (KHTML, like Gecko) Chrome/130.0.0.0 Safari/537.36 CCleaner/130.0.0.0"
36.133.115.36 - - [19/Dec/2025:05:09:25 +0800] "POST /wp-cron.php?doing_wp_cron=1766092165.3789620399475097656250 HTTP/1.1" 200 31 "-" "WordPress/6.8.3; http://cqqizhou.com"
185.39.19.49 - - [19/Dec/2025:05:09:26 +0800] "POST /contacts/ HTTP/1.0" 200 69241 "http://cqqizhou.com/contacts/" "Mozilla/5.0 (Windows NT 10.0; Win64; x64) AppleWebKit/537.36 (KHTML, like Gecko) Chrome/130.0.0.0 Safari/537.36 CCleaner/130.0.0.0"
36.133.115.36 - - [19/Dec/2025:05:20:02 +0800] "POST /wp-cron.php?doing_wp_cron=1766092802.6430840492248535156250 HTTP/1.1" 200 31 "-" "WordPress/6.8.3; http://cqqizhou.com"
43.153.58.28 - - [19/Dec/2025:05:20:02 +0800] "GET / HTTP/1.1" 301 5 "-" "Mozilla/5.0 (iPhone; CPU iPhone OS 13_2_3 like Mac OS X) AppleWebKit/605.1.15 (KHTML, like Gecko) Version/13.0.3 Mobile/15E148 Safari/604.1"
43.153.58.28 - - [19/Dec/2025:05:20:04 +0800] "GET / HTTP/1.1" 200 33914 "http://36.133.115.36" "Mozilla/5.0 (iPhone; CPU iPhone OS 13_2_3 like Mac OS X) AppleWebKit/605.1.15 (KHTML, like Gecko) Version/13.0.3 Mobile/15E148 Safari/604.1"
36.133.115.36 - - [19/Dec/2025:05:24:33 +0800] "POST /wp-cron.php?doing_wp_cron=1766093073.9391570091247558593750 HTTP/1.1" 200 31 "-" "WordPress/6.8.3; http://cqqizhou.com"
180.127.230.76 - - [19/Dec/2025:05:24:34 +0800] "GET /Ly9jcXFpemhvdS5jb20vd3AtY29udGVudC91cGxvYWRzL3JldnNsaWRlci9zbGlkZXItMS8xNzUwODYxMTU2LWxvZ2lzdGljc19TbGlkZXJfMzg0MMOXMjE2MF8yMDI1MDYyNTE5MTM1Ni1zY2FsZWQud2VicA== HTTP/1.1" 404 8982 "-" "Mozilla/5.0 (Windows NT 6.2; Win64; x64) AppleWebKit/537.36 (KHTML, like Gecko) Chrome/76.0.3809.25"
36.133.115.36 - - [19/Dec/2025:05:30:35 +0800] "POST /wp-cron.php?doing_wp_cron=1766093435.1938788890838623046875 HTTP/1.1" 200 31 "-" "WordPress/6.8.3; http://cqqizhou.com"
155.138.138.27 - - [19/Dec/2025:05:30:35 +0800] "HEAD /wwwroot.zip HTTP/1.1" 404 0 "-" "Mozilla/5.0 (Windows NT 10.0; Win64; x64) AppleWebKit/537.36 (KHTML, like Gecko) Chrome/115.0.0.0 Safari/537.36"
155.138.138.27 - - [19/Dec/2025:05:30:35 +0800] "HEAD /www.rar HTTP/1.1" 404 0 "-" "Mozilla/5.0 (Windows NT 10.0; Win64; x64) AppleWebKit/537.36 (KHTML, like Gecko) Chrome/115.0.0.0 Safari/537.36"
155.138.138.27 - - [19/Dec/2025:05:30:35 +0800] "HEAD /html.rar HTTP/1.1" 404 0 "-" "Mozilla/5.0 (Windows NT 10.0; Win64; x64) AppleWebKit/537.36 (KHTML, like Gecko) Chrome/115.0.0.0 Safari/537.36"
155.138.138.27 - - [19/Dec/2025:05:30:35 +0800] "HEAD /app.rar HTTP/1.1" 404 0 "-" "Mozilla/5.0 (Windows NT 10.0; Win64; x64) AppleWebKit/537.36 (KHTML, like Gecko) Chrome/115.0.0.0 Safari/537.36"
155.138.138.27 - - [19/Dec/2025:05:30:35 +0800] "HEAD /3613311536.rar HTTP/1.1" 404 0 "-" "Mozilla/5.0 (Windows NT 10.0; Win64; x64) AppleWebKit/537.36 (KHTML, like Gecko) Chrome/115.0.0.0 Safari/537.36"
155.138.138.27 - - [19/Dec/2025:05:30:35 +0800] "HEAD /htdocs.zip HTTP/1.1" 404 0 "-" "Mozilla/5.0 (Windows NT 10.0; Win64; x64) AppleWebKit/537.36 (KHTML, like Gecko) Chrome/115.0.0.0 Safari/537.36"
155.138.138.27 - - [19/Dec/2025:05:30:35 +0800] "HEAD /web.rar HTTP/1.1" 404 0 "-" "Mozilla/5.0 (Windows NT 10.0; Win64; x64) AppleWebKit/537.36 (KHTML, like Gecko) Chrome/115.0.0.0 Safari/537.36"
155.138.138.27 - - [19/Dec/2025:05:30:35 +0800] "HEAD /backup.rar HTTP/1.1" 404 0 "-" "Mozilla/5.0 (Windows NT 10.0; Win64; x64) AppleWebKit/537.36 (KHTML, like Gecko) Chrome/115.0.0.0 Safari/537.36"
155.138.138.27 - - [19/Dec/2025:05:30:35 +0800] "HEAD /site.rar HTTP/1.1" 404 0 "-" "Mozilla/5.0 (Windows NT 10.0; Win64; x64) AppleWebKit/537.36 (KHTML, like Gecko) Chrome/115.0.0.0 Safari/537.36"
155.138.138.27 - - [19/Dec/2025:05:30:35 +0800] "HEAD /public.rar HTTP/1.1" 404 0 "-" "Mozilla/5.0 (Windows NT 10.0; Win64; x64) AppleWebKit/537.36 (KHTML, like Gecko) Chrome/115.0.0.0 Safari/537.36"
155.138.138.27 - - [19/Dec/2025:05:30:36 +0800] "HEAD /httpdocs.zip HTTP/1.1" 404 0 "-" "Mozilla/5.0 (Windows NT 10.0; Win64; x64) AppleWebKit/537.36 (KHTML, like Gecko) Chrome/115.0.0.0 Safari/537.36"
155.138.138.27 - - [19/Dec/2025:05:30:36 +0800] "HEAD /webside.zip HTTP/1.1" 404 0 "-" "Mozilla/5.0 (Windows NT 10.0; Win64; x64) AppleWebKit/537.36 (KHTML, like Gecko) Chrome/115.0.0.0 Safari/537.36"
155.138.138.27 - - [19/Dec/2025:05:30:36 +0800] "HEAD /webside.rar HTTP/1.1" 404 0 "-" "Mozilla/5.0 (Windows NT 10.0; Win64; x64) AppleWebKit/537.36 (KHTML, like Gecko) Chrome/115.0.0.0 Safari/537.36"
155.138.138.27 - - [19/Dec/2025:05:30:36 +0800] "HEAD /web.zip HTTP/1.1" 404 0 "-" "Mozilla/5.0 (Windows NT 10.0; Win64; x64) AppleWebKit/537.36 (KHTML, like Gecko) Chrome/115.0.0.0 Safari/537.36"
155.138.138.27 - - [19/Dec/2025:05:30:36 +0800] "HEAD /www.zip HTTP/1.1" 404 0 "-" "Mozilla/5.0 (Windows NT 10.0; Win64; x64) AppleWebKit/537.36 (KHTML, like Gecko) Chrome/115.0.0.0 Safari/537.36"
155.138.138.27 - - [19/Dec/2025:05:30:36 +0800] "HEAD /wwwroot.rar HTTP/1.1" 404 0 "-" "Mozilla/5.0 (Windows NT 10.0; Win64; x64) AppleWebKit/537.36 (KHTML, like Gecko) Chrome/115.0.0.0 Safari/537.36"
155.138.138.27 - - [19/Dec/2025:05:30:36 +0800] "HEAD /site.zip HTTP/1.1" 404 0 "-" "Mozilla/5.0 (Windows NT 10.0; Win64; x64) AppleWebKit/537.36 (KHTML, like Gecko) Chrome/115.0.0.0 Safari/537.36"
155.138.138.27 - - [19/Dec/2025:05:30:36 +0800] "HEAD /3613311536.zip HTTP/1.1" 404 0 "-" "Mozilla/5.0 (Windows NT 10.0; Win64; x64) AppleWebKit/537.36 (KHTML, like Gecko) Chrome/115.0.0.0 Safari/537.36"
155.138.138.27 - - [19/Dec/2025:05:30:36 +0800] "HEAD /httpdocs.rar HTTP/1.1" 404 0 "-" "Mozilla/5.0 (Windows NT 10.0; Win64; x64) AppleWebKit/537.36 (KHTML, like Gecko) Chrome/115.0.0.0 Safari/537.36"
155.138.138.27 - - [19/Dec/2025:05:30:36 +0800] "HEAD /public_html.rar HTTP/1.1" 404 0 "-" "Mozilla/5.0 (Windows NT 10.0; Win64; x64) AppleWebKit/537.36 (KHTML, like Gecko) Chrome/115.0.0.0 Safari/537.36"
155.138.138.27 - - [19/Dec/2025:05:30:37 +0800] "HEAD /backup.zip HTTP/1.1" 404 0 "-" "Mozilla/5.0 (Windows NT 10.0; Win64; x64) AppleWebKit/537.36 (KHTML, like Gecko) Chrome/115.0.0.0 Safari/537.36"
155.138.138.27 - - [19/Dec/2025:05:30:37 +0800] "HEAD /public.zip HTTP/1.1" 404 0 "-" "Mozilla/5.0 (Windows NT 10.0; Win64; x64) AppleWebKit/537.36 (KHTML, like Gecko) Chrome/115.0.0.0 Safari/537.36"
155.138.138.27 - - [19/Dec/2025:05:30:37 +0800] "HEAD /docs.rar HTTP/1.1" 404 0 "-" "Mozilla/5.0 (Windows NT 10.0; Win64; x64) AppleWebKit/537.36 (KHTML, like Gecko) Chrome/115.0.0.0 Safari/537.36"
155.138.138.27 - - [19/Dec/2025:05:30:37 +0800] "HEAD /app.zip HTTP/1.1" 404 0 "-" "Mozilla/5.0 (Windows NT 10.0; Win64; x64) AppleWebKit/537.36 (KHTML, like Gecko) Chrome/115.0.0.0 Safari/537.36"
155.138.138.27 - - [19/Dec/2025:05:30:37 +0800] "HEAD /docs.zip HTTP/1.1" 404 0 "-" "Mozilla/5.0 (Windows NT 10.0; Win64; x64) AppleWebKit/537.36 (KHTML, like Gecko) Chrome/115.0.0.0 Safari/537.36"
155.138.138.27 - - [19/Dec/2025:05:30:37 +0800] "HEAD /public_html.zip HTTP/1.1" 404 0 "-" "Mozilla/5.0 (Windows NT 10.0; Win64; x64) AppleWebKit/537.36 (KHTML, like Gecko) Chrome/115.0.0.0 Safari/537.36"
155.138.138.27 - - [19/Dec/2025:05:30:37 +0800] "HEAD /htdocs.rar HTTP/1.1" 404 0 "-" "Mozilla/5.0 (Windows NT 10.0; Win64; x64) AppleWebKit/537.36 (KHTML, like Gecko) Chrome/115.0.0.0 Safari/537.36"
155.138.138.27 - - [19/Dec/2025:05:30:38 +0800] "HEAD /html.zip HTTP/1.1" 404 0 "-" "Mozilla/5.0 (Windows NT 10.0; Win64; x64) AppleWebKit/537.36 (KHTML, like Gecko) Chrome/115.0.0.0 Safari/537.36"
36.133.115.36 - - [19/Dec/2025:05:30:59 +0800] "POST /wp-cron.php?doing_wp_cron=1766093459.2042369842529296875000 HTTP/1.1" 200 31 "-" "WordPress/6.8.3; http://cqqizhou.com"
52.167.144.216 - - [19/Dec/2025:05:30:59 +0800] "GET /?s=2025 HTTP/1.1" 200 19717 "-" "Mozilla/5.0 AppleWebKit/537.36 (KHTML, like Gecko; compatible; bingbot/2.0; +http://www.bing.com/bingbot.htm) Chrome/116.0.1938.76 Safari/537.36"
36.133.115.36 - - [19/Dec/2025:05:38:35 +0800] "POST /wp-cron.php?doing_wp_cron=1766093915.2060561180114746093750 HTTP/1.1" 200 31 "-" "WordPress/6.8.3; http://cqqizhou.com"
204.76.203.212 - - [19/Dec/2025:05:38:35 +0800] "GET / HTTP/1.1" 200 33914 "-" "Mozilla/5.0 (Windows NT 10.0; Win64; x64) AppleWebKit/537.36 (KHTML, like Gecko) Chrome/90.0.4430.85 Safari/537.36 Edg/90.0.818.46"
36.133.115.36 - - [19/Dec/2025:05:49:21 +0800] "POST /wp-cron.php?doing_wp_cron=1766094561.9143888950347900390625 HTTP/1.1" 200 31 "-" "WordPress/6.8.3; http://cqqizhou.com"
162.142.125.47 - - [19/Dec/2025:05:49:22 +0800] "GET /security.txt HTTP/1.1" 200 19576 "-" "Mozilla/5.0 (compatible; CensysInspect/1.1; +https://about.censys.io/)"
36.133.115.36 - - [19/Dec/2025:05:49:49 +0800] "POST /wp-cron.php?doing_wp_cron=1766094589.6936480998992919921875 HTTP/1.1" 200 31 "-" "WordPress/6.8.3; http://cqqizhou.com"
193.142.147.209 - - [19/Dec/2025:05:49:50 +0800] "POST / HTTP/1.1" 200 33914 "-" "Mozilla/5.0 (Windows NT 10.0; Win64; x64) AppleWebKit/537.36"
143.198.60.118 - - [19/Dec/2025:05:52:17 +0800] "GET / HTTP/1.1" 200 39805 "-" "Mozilla/5.0 (X11; Linux x86_64) AppleWebKit/537.36 (KHTML, like Gecko) Chrome/142.0.0.0 Safari/537.36"
36.133.115.36 - - [19/Dec/2025:06:03:06 +0800] "POST /wp-cron.php?doing_wp_cron=1766095386.3409249782562255859375 HTTP/1.1" 200 31 "-" "WordPress/6.8.3; http://cqqizhou.com"
173.252.70.32 - - [19/Dec/2025:06:03:06 +0800] "GET /robots.txt HTTP/1.1" 200 390 "-" "facebookexternalhit/1.1 (+http://www.facebook.com/externalhit_uatext.php)"
36.133.115.36 - - [19/Dec/2025:06:07:38 +0800] "POST /wp-cron.php?doing_wp_cron=1766095658.4824430942535400390625 HTTP/1.1" 200 31 "-" "WordPress/6.8.3; http://cqqizhou.com"
198.235.24.215 - - [19/Dec/2025:06:07:38 +0800] "GET / HTTP/1.1" 200 33914 "-" "Hello from Palo Alto Networks, find out more about our scans in https://docs-cortex.paloaltonetworks.com/r/1/Cortex-Xpanse/Scanning-activity"
36.133.115.36 - - [19/Dec/2025:06:15:25 +0800] "POST /wp-cron.php?doing_wp_cron=1766096125.0662798881530761718750 HTTP/1.1" 200 31 "-" "WordPress/6.8.3; http://cqqizhou.com"
95.214.55.71 - - [19/Dec/2025:06:15:25 +0800] "GET / HTTP/1.1" 200 109842 "-" "python-requests/2.31.0"
36.133.115.36 - - [19/Dec/2025:06:26:40 +0800] "POST /wp-cron.php?doing_wp_cron=1766096800.3058071136474609375000 HTTP/1.1" 200 31 "-" "WordPress/6.8.3; http://cqqizhou.com"
204.76.203.212 - - [19/Dec/2025:06:26:40 +0800] "GET / HTTP/1.1" 200 33914 "-" "Mozilla/5.0 (Windows NT 10.0; Win64; x64) AppleWebKit/537.36 (KHTML, like Gecko) Chrome/90.0.4430.85 Safari/537.36 Edg/90.0.818.46"
36.133.115.36 - - [19/Dec/2025:06:33:08 +0800] "POST /wp-cron.php?doing_wp_cron=1766097188.5893940925598144531250 HTTP/1.1" 200 31 "-" "WordPress/6.8.3; http://cqqizhou.com"
62.84.185.63 - - [19/Dec/2025:06:33:08 +0800] "GET /robots.txt HTTP/1.1" 200 390 "-" "Mozilla/5.0 (compatible; MJ12bot/v1.4.8; http://mj12bot.com/)"
62.84.185.63 - - [19/Dec/2025:06:33:10 +0800] "GET /portfolio-tag/%E9%9E%8D%E9%92%A2%E8%92%82%E6%A3%AE/ HTTP/1.1" 200 22808 "-" "Mozilla/5.0 (compatible; MJ12bot/v1.4.8; http://mj12bot.com/)"
62.84.185.63 - - [19/Dec/2025:06:33:13 +0800] "GET /portfolio/%E5%86%B7%E8%BD%A7%E5%8D%B7/ HTTP/1.1" 200 22113 "-" "Mozilla/5.0 (compatible; MJ12bot/v1.4.8; http://mj12bot.com/)"
62.84.185.63 - - [19/Dec/2025:06:33:15 +0800] "GET /portfolio/%E5%86%B7%E8%BD%A7%E6%9D%BF/ HTTP/1.1" 200 18968 "-" "Mozilla/5.0 (compatible; MJ12bot/v1.4.8; http://mj12bot.com/)"
36.133.115.36 - - [19/Dec/2025:06:36:56 +0800] "POST /wp-cron.php?doing_wp_cron=1766097416.5787570476531982421875 HTTP/1.1" 200 31 "-" "WordPress/6.8.3; http://cqqizhou.com"
178.62.80.168 - - [19/Dec/2025:06:36:56 +0800] "GET / HTTP/1.1" 301 5 "-" "Mozilla/5.0 (X11; Linux x86_64) AppleWebKit/537.36 (KHTML, like Gecko) Chrome/142.0.0.0 Safari/537.36"
36.133.115.36 - - [19/Dec/2025:06:55:06 +0800] "POST /wp-cron.php?doing_wp_cron=1766098506.9102001190185546875000 HTTP/1.1" 200 31 "-" "WordPress/6.8.3; http://cqqizhou.com"
141.98.11.140 - - [19/Dec/2025:06:55:07 +0800] "GET / HTTP/1.1" 200 152163 "-" "-"
36.133.115.36 - - [19/Dec/2025:07:11:32 +0800] "POST /wp-cron.php?doing_wp_cron=1766099492.1844160556793212890625 HTTP/1.1" 200 31 "-" "WordPress/6.8.3; http://cqqizhou.com"
43.135.138.128 - - [19/Dec/2025:07:11:32 +0800] "GET / HTTP/1.1" 301 5 "-" "Mozilla/5.0 (iPhone; CPU iPhone OS 13_2_3 like Mac OS X) AppleWebKit/605.1.15 (KHTML, like Gecko) Version/13.0.3 Mobile/15E148 Safari/604.1"
43.135.138.128 - - [19/Dec/2025:07:11:34 +0800] "GET / HTTP/1.1" 200 33914 "http://www.cqqizhou.com" "Mozilla/5.0 (iPhone; CPU iPhone OS 13_2_3 like Mac OS X) AppleWebKit/605.1.15 (KHTML, like Gecko) Version/13.0.3 Mobile/15E148 Safari/604.1"
36.133.115.36 - - [19/Dec/2025:07:11:51 +0800] "POST /wp-cron.php?doing_wp_cron=1766099511.4312999248504638671875 HTTP/1.1" 200 31 "-" "WordPress/6.8.3; http://cqqizhou.com"
121.43.117.28 - - [19/Dec/2025:07:11:51 +0800] "GET / HTTP/1.0" 301 0 "-" "-"
121.43.117.28 - - [19/Dec/2025:07:12:02 +0800] "GET / HTTP/1.0" 301 0 "-" "-"
121.43.117.28 - - [19/Dec/2025:07:12:02 +0800] "GET /nmaplowercheck1766099518 HTTP/1.1" 404 31364 "-" "Mozilla/5.0 (compatible; Nmap Scripting Engine; https://nmap.org/book/nse.html)"
121.43.117.28 - - [19/Dec/2025:07:12:02 +0800] "POST /sdk HTTP/1.1" 404 31364 "-" "Mozilla/5.0 (compatible; Nmap Scripting Engine; https://nmap.org/book/nse.html)"
121.43.117.28 - - [19/Dec/2025:07:12:03 +0800] "GET /evox/about HTTP/1.1" 404 31364 "-" "Mozilla/5.0 (compatible; Nmap Scripting Engine; https://nmap.org/book/nse.html)"
121.43.117.28 - - [19/Dec/2025:07:12:03 +0800] "GET /HNAP1 HTTP/1.1" 404 31364 "-" "Mozilla/5.0 (compatible; Nmap Scripting Engine; https://nmap.org/book/nse.html)"
121.43.117.28 - - [19/Dec/2025:07:12:22 +0800] "GET / HTTP/1.0" 301 0 "-" "-"
121.43.117.28 - - [19/Dec/2025:07:12:23 +0800] "GET / HTTP/1.1" 301 5 "-" "-"
36.133.115.36 - - [19/Dec/2025:07:15:15 +0800] "POST /wp-cron.php?doing_wp_cron=1766099715.9467649459838867187500 HTTP/1.1" 200 31 "-" "WordPress/6.8.3; http://cqqizhou.com"
204.76.203.212 - - [19/Dec/2025:07:15:16 +0800] "GET / HTTP/1.1" 200 33914 "-" "Mozilla/5.0 (Windows NT 10.0; Win64; x64) AppleWebKit/537.36 (KHTML, like Gecko) Chrome/90.0.4430.85 Safari/537.36 Edg/90.0.818.46"
36.133.115.36 - - [19/Dec/2025:07:26:13 +0800] "POST /wp-cron.php?doing_wp_cron=1766100373.8021080493927001953125 HTTP/1.1" 200 31 "-" "WordPress/6.8.3; http://cqqizhou.com"
185.12.150.110 - - [19/Dec/2025:07:26:14 +0800] "GET / HTTP/1.1" 200 33914 "-" "Mozilla/5.0 (Linux; U; Android 13; sk-sk; Xiaomi 11T Pro Build/TKQ1.220829.002) AppleWebKit/537.36 (KHTML, like Gecko) Version/4.0 Chrome/112.0.5615.136 Mobile Safari/537.36 XiaoMi/MiuiBrowser/14.4.0-g"
185.13.98.57 - - [19/Dec/2025:07:26:15 +0800] "GET /portfolio-category/hot-dip-galvanized-coil/ HTTP/1.1" 200 17728 "-" "Mozilla/5.0 (Linux; U; Android 13; sk-sk; Xiaomi 11T Pro Build/TKQ1.220829.002) AppleWebKit/537.36 (KHTML, like Gecko) Version/4.0 Chrome/112.0.5615.136 Mobile Safari/537.36 XiaoMi/MiuiBrowser/14.4.0-g"
5.133.192.193 - - [19/Dec/2025:07:26:17 +0800] "GET /portfolio/%e5%86%b7%e8%bd%a7%e6%9d%bf/ HTTP/1.1" 200 18762 "-" "Mozilla/5.0 (Linux; U; Android 13; sk-sk; Xiaomi 11T Pro Build/TKQ1.220829.002) AppleWebKit/537.36 (KHTML, like Gecko) Version/4.0 Chrome/112.0.5615.136 Mobile Safari/537.36 XiaoMi/MiuiBrowser/14.4.0-g"
5.133.192.175 - - [19/Dec/2025:07:26:19 +0800] "GET /portfolio-tag/%e9%9e%8d%e9%92%a2%e8%92%82%e6%a3%ae/ HTTP/1.1" 200 18230 "-" "Mozilla/5.0 (Linux; U; Android 13; sk-sk; Xiaomi 11T Pro Build/TKQ1.220829.002) AppleWebKit/537.36 (KHTML, like Gecko) Version/4.0 Chrome/112.0.5615.136 Mobile Safari/537.36 XiaoMi/MiuiBrowser/14.4.0-g"
36.133.115.36 - - [19/Dec/2025:07:34:23 +0800] "POST /wp-cron.php?doing_wp_cron=1766100863.6635499000549316406250 HTTP/1.1" 200 31 "-" "WordPress/6.8.3; http://cqqizhou.com"
40.77.167.25 - - [19/Dec/2025:07:34:23 +0800] "GET /sitemap_index.xml HTTP/1.1" 301 5 "-" "Mozilla/5.0 AppleWebKit/537.36 (KHTML, like Gecko; compatible; bingbot/2.0; +http://www.bing.com/bingbot.htm) Chrome/116.0.1938.76 Safari/537.36"
52.167.144.163 - - [19/Dec/2025:07:34:34 +0800] "GET /sitemap_index.xml HTTP/1.1" 404 8982 "-" "Mozilla/5.0 AppleWebKit/537.36 (KHTML, like Gecko; compatible; bingbot/2.0; +http://www.bing.com/bingbot.htm) Chrome/116.0.1938.76 Safari/537.36"
36.133.115.36 - - [19/Dec/2025:07:42:24 +0800] "POST /wp-cron.php?doing_wp_cron=1766101344.2481420040130615234375 HTTP/1.1" 200 31 "-" "WordPress/6.8.3; http://cqqizhou.com"
49.233.45.47 - - [19/Dec/2025:07:42:24 +0800] "GET / HTTP/1.1" 200 33914 "-" "Mozilla/5.0 (iPhone; CPU iPhone OS 13_2_3 like Mac OS X) AppleWebKit/605.1.15 (KHTML, like Gecko) Version/13.0.3 Mobile/15E148 Safari/604.1"
36.133.115.36 - - [19/Dec/2025:07:49:50 +0800] "POST /wp-cron.php?doing_wp_cron=1766101790.6623959541320800781250 HTTP/1.1" 200 31 "-" "WordPress/6.8.3; http://cqqizhou.com"
51.68.107.139 - - [19/Dec/2025:07:49:50 +0800] "GET /robots.txt HTTP/1.1" 200 190 "-" "Mozilla/5.0 (compatible; MJ12bot/v2.0.4; http://mj12bot.com/)"
51.68.107.139 - - [19/Dec/2025:07:49:51 +0800] "GET / HTTP/1.1" 200 39805 "-" "Mozilla/5.0 (compatible; MJ12bot/v2.0.4; http://mj12bot.com/)"
36.133.115.36 - - [19/Dec/2025:07:51:03 +0800] "POST /wp-cron.php?doing_wp_cron=1766101863.3969678878784179687500 HTTP/1.1" 200 31 "-" "WordPress/6.8.3; http://cqqizhou.com"
167.94.138.120 - - [19/Dec/2025:07:51:03 +0800] "GET /sitemap.xml HTTP/1.1" 200 499 "-" "Mozilla/5.0 (compatible; CensysInspect/1.1; +https://about.censys.io/)"
192.71.2.119 - - [19/Dec/2025:07:52:01 +0800] "GET / HTTP/1.1" 200 39805 "-" "Mozilla/5.0 (Windows NT 10.0; Win64; x64) AppleWebKit/537.36 (KHTML, like Gecko) Chrome/122.0.0.0 Safari/537.36 Agency/93.8.2357.5"
194.103.212.184 - - [19/Dec/2025:07:52:02 +0800] "GET /portfolio-category/hot-dip-galvanized-coil/ HTTP/1.1" 200 21076 "-" "Mozilla/5.0 (Windows NT 10.0; Win64; x64) AppleWebKit/537.36 (KHTML, like Gecko) Chrome/122.0.0.0 Safari/537.36 Agency/93.8.2357.5"
192.71.12.112 - - [19/Dec/2025:07:52:03 +0800] "GET /portfolio/%e5%86%b7%e8%bd%a7%e6%9d%bf/ HTTP/1.1" 200 18968 "-" "Mozilla/5.0 (Windows NT 10.0; Win64; x64) AppleWebKit/537.36 (KHTML, like Gecko) Chrome/122.0.0.0 Safari/537.36 Agency/93.8.2357.5"
192.71.126.207 - - [19/Dec/2025:07:52:04 +0800] "GET /portfolio-tag/%e9%9e%8d%e9%92%a2%e8%92%82%e6%a3%ae/ HTTP/1.1" 200 22808 "-" "Mozilla/5.0 (Windows NT 10.0; Win64; x64) AppleWebKit/537.36 (KHTML, like Gecko) Chrome/122.0.0.0 Safari/537.36 Agency/93.8.2357.5"
36.133.115.36 - - [19/Dec/2025:07:57:54 +0800] "POST /wp-cron.php?doing_wp_cron=1766102274.6618359088897705078125 HTTP/1.1" 200 31 "-" "WordPress/6.8.3; http://cqqizhou.com"
92.63.197.197 - - [19/Dec/2025:07:57:54 +0800] "GET / HTTP/1.1" 301 5 "-" "Mozilla/5.0 (Windows NT 6.1; WOW64) AppleWebKit/537.36 (KHTML, like Gecko) Chrome/41.0.2272.76 Safari/537.36"
36.133.115.36 - - [19/Dec/2025:08:00:18 +0800] "POST /wp-cron.php?doing_wp_cron=1766102418.3779408931732177734375 HTTP/1.1" 200 31 "-" "WordPress/6.8.3; http://cqqizhou.com"
216.244.66.245 - - [19/Dec/2025:08:00:18 +0800] "GET /robots.txt HTTP/1.1" 200 390 "-" "Mozilla/5.0 (compatible; DotBot/1.2; +https://opensiteexplorer.org/dotbot; help@moz.com)"
36.133.115.36 - - [19/Dec/2025:08:02:55 +0800] "POST /wp-cron.php?doing_wp_cron=1766102575.4834671020507812500000 HTTP/1.1" 200 31 "-" "WordPress/6.8.3; http://cqqizhou.com"
204.76.203.212 - - [19/Dec/2025:08:02:55 +0800] "GET / HTTP/1.1" 200 33913 "-" "Mozilla/5.0 (Windows NT 10.0; Win64; x64) AppleWebKit/537.36 (KHTML, like Gecko) Chrome/90.0.4430.85 Safari/537.36 Edg/90.0.818.46"
36.133.115.36 - - [19/Dec/2025:08:09:01 +0800] "POST /wp-cron.php?doing_wp_cron=1766102941.3347289562225341796875 HTTP/1.1" 200 31 "-" "WordPress/6.8.3; http://cqqizhou.com"
216.244.66.245 - - [19/Dec/2025:08:09:01 +0800] "GET /news/page/1/ HTTP/1.1" 301 5 "-" "Mozilla/5.0 (compatible; DotBot/1.2; +https://opensiteexplorer.org/dotbot; help@moz.com)"
14.108.233.61 - - [19/Dec/2025:08:16:21 +0800] "GET / HTTP/1.1" 200 39805 "-" "Mozilla/5.0 (Windows NT 10.0; Win64; x64) AppleWebKit/537.36 (KHTML, like Gecko) Chrome/142.0.0.0 Safari/537.36 Edg/142.0.0.0"
36.133.115.36 - - [19/Dec/2025:08:16:22 +0800] "POST /wp-cron.php?doing_wp_cron=1766103382.6365389823913574218750 HTTP/1.1" 200 31 "-" "WordPress/6.8.3; http://cqqizhou.com"
36.133.115.36 - - [19/Dec/2025:08:16:22 +0800] "POST /wp-cron.php?doing_wp_cron=1766103382.6361260414123535156250 HTTP/1.1" 200 31 "-" "WordPress/6.8.3; http://cqqizhou.com"
14.108.233.61 - - [19/Dec/2025:08:16:22 +0800] "GET /wp-json/sliderrevolution/sliders/1?srengine=7&slideid=2 HTTP/1.1" 200 2058 "http://cqqizhou.com/" "Mozilla/5.0 (Windows NT 10.0; Win64; x64) AppleWebKit/537.36 (KHTML, like Gecko) Chrome/142.0.0.0 Safari/537.36 Edg/142.0.0.0"
14.108.233.61 - - [19/Dec/2025:08:16:22 +0800] "GET /wp-json/sliderrevolution/sliders/1?srengine=7&slideid=3 HTTP/1.1" 200 2286 "http://cqqizhou.com/" "Mozilla/5.0 (Windows NT 10.0; Win64; x64) AppleWebKit/537.36 (KHTML, like Gecko) Chrome/142.0.0.0 Safari/537.36 Edg/142.0.0.0"
14.108.233.61 - - [19/Dec/2025:08:16:32 +0800] "GET /wp-content/uploads/2025/12/1766064629-Article_images_20251218212623.webp HTTP/1.1" 304 0 "http://cqqizhou.com/" "Mozilla/5.0 (Windows NT 10.0; Win64; x64) AppleWebKit/537.36 (KHTML, like Gecko) Chrome/142.0.0.0 Safari/537.36 Edg/142.0.0.0"
14.108.233.61 - - [19/Dec/2025:08:16:32 +0800] "GET /wp-content/uploads/2025/12/1765891153-Article20251216211543.webp HTTP/1.1" 304 0 "http://cqqizhou.com/" "Mozilla/5.0 (Windows NT 10.0; Win64; x64) AppleWebKit/537.36 (KHTML, like Gecko) Chrome/142.0.0.0 Safari/537.36 Edg/142.0.0.0"
14.108.233.61 - - [19/Dec/2025:08:16:32 +0800] "GET /wp-content/uploads/2025/12/1765891413-20251209103501.webp HTTP/1.1" 304 0 "http://cqqizhou.com/" "Mozilla/5.0 (Windows NT 10.0; Win64; x64) AppleWebKit/537.36 (KHTML, like Gecko) Chrome/142.0.0.0 Safari/537.36 Edg/142.0.0.0"
14.108.233.61 - - [19/Dec/2025:08:16:33 +0800] "GET /wp-content/uploads/2025/07/1751988544-Logistics-delivery_images_W900%C3%97300.webp HTTP/1.1" 200 26142 "http://cqqizhou.com/wp-content/uploads/elementor/css/post-1666.css?ver=1765890155" "Mozilla/5.0 (Windows NT 10.0; Win64; x64) AppleWebKit/537.36 (KHTML, like Gecko) Chrome/142.0.0.0 Safari/537.36 Edg/142.0.0.0"
14.108.233.61 - - [19/Dec/2025:08:16:40 +0800] "GET /business/ HTTP/1.1" 200 23929 "http://cqqizhou.com/" "Mozilla/5.0 (Windows NT 10.0; Win64; x64) AppleWebKit/537.36 (KHTML, like Gecko) Chrome/142.0.0.0 Safari/537.36 Edg/142.0.0.0"
14.108.233.61 - - [19/Dec/2025:08:16:40 +0800] "GET /wp-content/uploads/2025/07/1753453719-Article_images1_W900px.webp HTTP/1.1" 200 78234 "http://cqqizhou.com/business/" "Mozilla/5.0 (Windows NT 10.0; Win64; x64) AppleWebKit/537.36 (KHTML, like Gecko) Chrome/142.0.0.0 Safari/537.36 Edg/142.0.0.0"
36.133.115.36 - - [19/Dec/2025:08:16:59 +0800] "POST /wp-cron.php?doing_wp_cron=1766103419.8672659397125244140625 HTTP/1.1" 200 31 "-" "WordPress/6.8.3; http://cqqizhou.com"
14.108.233.61 - - [19/Dec/2025:08:17:00 +0800] "GET /news/ HTTP/1.1" 200 19859 "http://cqqizhou.com/business/" "Mozilla/5.0 (Windows NT 10.0; Win64; x64) AppleWebKit/537.36 (KHTML, like Gecko) Chrome/142.0.0.0 Safari/537.36 Edg/142.0.0.0"
14.108.233.61 - - [19/Dec/2025:08:17:00 +0800] "GET /wp-content/uploads/2025/08/1755826390-DSC01765.webp HTTP/1.1" 200 71514 "http://cqqizhou.com/news/" "Mozilla/5.0 (Windows NT 10.0; Win64; x64) AppleWebKit/537.36 (KHTML, like Gecko) Chrome/142.0.0.0 Safari/537.36 Edg/142.0.0.0"
14.108.233.61 - - [19/Dec/2025:08:17:00 +0800] "GET /wp-content/uploads/2025/07/1753454089-Article_images_W900px.webp HTTP/1.1" 200 27552 "http://cqqizhou.com/news/" "Mozilla/5.0 (Windows NT 10.0; Win64; x64) AppleWebKit/537.36 (KHTML, like Gecko) Chrome/142.0.0.0 Safari/537.36 Edg/142.0.0.0"
123.57.13.121 - - [19/Dec/2025:08:26:21 +0800] "GET / HTTP/1.1" 200 39805 "-" "Mozilla/5.0 (Windows NT 10.0; Win64; x64) AppleWebKit/537.36 (KHTML, like Gecko) Chrome/104.0.0.0 Safari/537.36"
36.133.115.36 - - [19/Dec/2025:08:26:22 +0800] "POST /wp-cron.php?doing_wp_cron=1766103982.2856180667877197265625 HTTP/1.1" 200 31 "-" "WordPress/6.8.3; http://cqqizhou.com"
123.57.13.121 - - [19/Dec/2025:08:26:22 +0800] "GET / HTTP/1.1" 301 5 "-" "Mozilla/5.0 (Windows NT 10.0; Win64; x64) AppleWebKit/537.36 (KHTML, like Gecko) Chrome/104.0.0.0 Safari/537.36"
36.133.115.36 - - [19/Dec/2025:08:31:26 +0800] "POST /wp-cron.php?doing_wp_cron=1766104286.1134710311889648437500 HTTP/1.1" 200 31 "-" "WordPress/6.8.3; http://cqqizhou.com"
198.235.24.45 - - [19/Dec/2025:08:31:26 +0800] "GET / HTTP/1.0" 301 0 "-" "Hello from Palo Alto Networks, find out more about our scans in https://docs-cortex.paloaltonetworks.com/r/1/Cortex-Xpanse/Scanning-activity"
36.133.115.36 - - [19/Dec/2025:08:39:13 +0800] "POST /wp-cron.php?doing_wp_cron=1766104753.0853059291839599609375 HTTP/1.1" 200 31 "-" "WordPress/6.8.3; http://cqqizhou.com"
112.124.38.228 - - [19/Dec/2025:08:39:13 +0800] "GET / HTTP/1.1" 301 5 "-" "Mozilla/5.0 (Windows NT 10.0; Win64; x64) AppleWebKit/537.36 (KHTML, like Gecko) Chrome/59.0.3071.115 Safari/537.36"
36.133.115.36 - - [19/Dec/2025:08:45:14 +0800] "POST /wp-cron.php?doing_wp_cron=1766105114.8202750682830810546875 HTTP/1.1" 200 31 "-" "WordPress/6.8.3; http://cqqizhou.com"
95.91.110.210 - - [19/Dec/2025:08:45:14 +0800] "GET /robots.txt HTTP/1.1" 200 390 "-" "Mozilla/5.0 (compatible; MJ12bot/v1.4.8; http://mj12bot.com/)"
95.91.110.210 - - [19/Dec/2025:08:45:16 +0800] "GET /portfolio/%E5%86%B7%E8%BD%A7%E5%8D%B7/ HTTP/1.1" 200 78957 "-" "Mozilla/5.0 (compatible; MJ12bot/v1.4.8; http://mj12bot.com/)"
36.133.115.36 - - [19/Dec/2025:08:50:37 +0800] "POST /wp-cron.php?doing_wp_cron=1766105437.0811049938201904296875 HTTP/1.1" 200 31 "-" "WordPress/6.8.3; http://cqqizhou.com"
204.76.203.212 - - [19/Dec/2025:08:50:37 +0800] "GET / HTTP/1.1" 200 33913 "-" "Mozilla/5.0 (Windows NT 10.0; Win64; x64) AppleWebKit/537.36 (KHTML, like Gecko) Chrome/90.0.4430.85 Safari/537.36 Edg/90.0.818.46"
36.133.115.36 - - [19/Dec/2025:09:05:39 +0800] "POST /wp-cron.php?doing_wp_cron=1766106339.2585620880126953125000 HTTP/1.1" 200 31 "-" "WordPress/6.8.3; http://cqqizhou.com"
193.142.147.209 - - [19/Dec/2025:09:05:40 +0800] "POST / HTTP/1.1" 200 33914 "-" "Mozilla/5.0 (Windows NT 10.0; Win64; x64) AppleWebKit/537.36"
36.133.115.36 - - [19/Dec/2025:09:28:17 +0800] "POST /wp-cron.php?doing_wp_cron=1766107697.7068610191345214843750 HTTP/1.1" 200 31 "-" "WordPress/6.8.3; http://cqqizhou.com"
85.208.96.204 - - [19/Dec/2025:09:28:17 +0800] "GET /robots.txt HTTP/1.1" 200 190 "-" "Mozilla/5.0 (compatible; SemrushBot/7~bl; +http://www.semrush.com/bot.html)"
36.133.115.36 - - [19/Dec/2025:09:31:36 +0800] "POST /wp-cron.php?doing_wp_cron=1766107896.5561189651489257812500 HTTP/1.1" 200 31 "-" "WordPress/6.8.3; http://cqqizhou.com"
95.214.55.71 - - [19/Dec/2025:09:31:36 +0800] "GET /login.asp HTTP/1.1" 301 5 "-" "-"
129.212.234.114 - - [19/Dec/2025:09:38:34 +0800] "GET / HTTP/1.1" 200 166118 "-" "Mozilla/5.0 (Windows NT 10.0; Win64; x64) AppleWebKit/537.36 (KHTML, like Gecko) Chrome/95.0.4638.69 Safari/537.36"
129.212.234.114 - - [19/Dec/2025:09:38:35 +0800] "GET /wp-includes/ID3/license.txt HTTP/1.1" 200 1396 "-" "Mozilla/5.0 (Windows NT 10.0; Win64; x64) AppleWebKit/537.36 (KHTML, like Gecko) Chrome/95.0.4638.69 Safari/537.36"
36.133.115.36 - - [19/Dec/2025:09:38:36 +0800] "POST /wp-cron.php?doing_wp_cron=1766108316.5358629226684570312500 HTTP/1.1" 200 31 "-" "WordPress/6.8.3; http://cqqizhou.com"
129.212.234.114 - - [19/Dec/2025:09:38:36 +0800] "GET /feed/ HTTP/1.1" 200 49407 "-" "Mozilla/5.0 (Windows NT 10.0; Win64; x64) AppleWebKit/537.36 (KHTML, like Gecko) Chrome/95.0.4638.69 Safari/537.36"
129.212.234.114 - - [19/Dec/2025:09:38:43 +0800] "GET /xmlrpc.php?rsd HTTP/1.1" 200 700 "-" "Mozilla/5.0 (Windows NT 10.0; Win64; x64) AppleWebKit/537.36 (KHTML, like Gecko) Chrome/95.0.4638.69 Safari/537.36"
129.212.234.114 - - [19/Dec/2025:09:38:44 +0800] "GET /?author=1 HTTP/1.1" 301 5 "-" "Mozilla/5.0 (Windows NT 10.0; Win64; x64) AppleWebKit/537.36 (KHTML, like Gecko) Chrome/95.0.4638.69 Safari/537.36"
129.212.234.114 - - [19/Dec/2025:09:39:00 +0800] "GET /?author=2 HTTP/1.1" 404 31364 "-" "Mozilla/5.0 (Windows NT 10.0; Win64; x64) AppleWebKit/537.36 (KHTML, like Gecko) Chrome/95.0.4638.69 Safari/537.36"
129.212.234.114 - - [19/Dec/2025:09:39:02 +0800] "GET /wp-json/wp/v2/users/ HTTP/1.1" 200 498 "-" "Mozilla/5.0 (Windows NT 10.0; Win64; x64) AppleWebKit/537.36 (KHTML, like Gecko) Chrome/95.0.4638.69 Safari/537.36"
129.212.234.114 - - [19/Dec/2025:09:39:03 +0800] "POST /xmlrpc.php HTTP/1.1" 200 415 "-" "Mozilla/5.0 (Windows NT 10.0; Win64; x64) AppleWebKit/537.36 (KHTML, like Gecko) Chrome/95.0.4638.69 Safari/537.36"
129.212.234.114 - - [19/Dec/2025:09:39:03 +0800] "POST /xmlrpc.php HTTP/1.1" 200 415 "-" "Mozilla/5.0 (Windows NT 10.0; Win64; x64) AppleWebKit/537.36 (KHTML, like Gecko) Chrome/95.0.4638.69 Safari/537.36"
129.212.234.114 - - [19/Dec/2025:09:39:04 +0800] "POST /xmlrpc.php HTTP/1.1" 200 415 "-" "Mozilla/5.0 (Windows NT 10.0; Win64; x64) AppleWebKit/537.36 (KHTML, like Gecko) Chrome/95.0.4638.69 Safari/537.36"
129.212.234.114 - - [19/Dec/2025:09:39:05 +0800] "POST /xmlrpc.php HTTP/1.1" 200 415 "-" "Mozilla/5.0 (Windows NT 10.0; Win64; x64) AppleWebKit/537.36 (KHTML, like Gecko) Chrome/95.0.4638.69 Safari/537.36"
129.212.234.114 - - [19/Dec/2025:09:39:05 +0800] "POST /xmlrpc.php HTTP/1.1" 200 415 "-" "Mozilla/5.0 (Windows NT 10.0; Win64; x64) AppleWebKit/537.36 (KHTML, like Gecko) Chrome/95.0.4638.69 Safari/537.36"
129.212.234.114 - - [19/Dec/2025:09:39:06 +0800] "POST /xmlrpc.php HTTP/1.1" 200 415 "-" "Mozilla/5.0 (Windows NT 10.0; Win64; x64) AppleWebKit/537.36 (KHTML, like Gecko) Chrome/95.0.4638.69 Safari/537.36"
129.212.234.114 - - [19/Dec/2025:09:39:07 +0800] "POST /xmlrpc.php HTTP/1.1" 200 415 "-" "Mozilla/5.0 (Windows NT 10.0; Win64; x64) AppleWebKit/537.36 (KHTML, like Gecko) Chrome/95.0.4638.69 Safari/537.36"
129.212.234.114 - - [19/Dec/2025:09:39:08 +0800] "POST /xmlrpc.php HTTP/1.1" 200 415 "-" "Mozilla/5.0 (Windows NT 10.0; Win64; x64) AppleWebKit/537.36 (KHTML, like Gecko) Chrome/95.0.4638.69 Safari/537.36"
129.212.234.114 - - [19/Dec/2025:09:39:08 +0800] "POST /xmlrpc.php HTTP/1.1" 200 415 "-" "Mozilla/5.0 (Windows NT 10.0; Win64; x64) AppleWebKit/537.36 (KHTML, like Gecko) Chrome/95.0.4638.69 Safari/537.36"
129.212.234.114 - - [19/Dec/2025:09:39:09 +0800] "POST /xmlrpc.php HTTP/1.1" 200 415 "-" "Mozilla/5.0 (Windows NT 10.0; Win64; x64) AppleWebKit/537.36 (KHTML, like Gecko) Chrome/95.0.4638.69 Safari/537.36"
129.212.234.114 - - [19/Dec/2025:09:39:10 +0800] "POST /xmlrpc.php HTTP/1.1" 200 415 "-" "Mozilla/5.0 (Windows NT 10.0; Win64; x64) AppleWebKit/537.36 (KHTML, like Gecko) Chrome/95.0.4638.69 Safari/537.36"
129.212.234.114 - - [19/Dec/2025:09:39:10 +0800] "POST /xmlrpc.php HTTP/1.1" 200 415 "-" "Mozilla/5.0 (Windows NT 10.0; Win64; x64) AppleWebKit/537.36 (KHTML, like Gecko) Chrome/95.0.4638.69 Safari/537.36"
129.212.234.114 - - [19/Dec/2025:09:39:11 +0800] "POST /xmlrpc.php HTTP/1.1" 200 415 "-" "Mozilla/5.0 (Windows NT 10.0; Win64; x64) AppleWebKit/537.36 (KHTML, like Gecko) Chrome/95.0.4638.69 Safari/537.36"
129.212.234.114 - - [19/Dec/2025:09:39:12 +0800] "POST /xmlrpc.php HTTP/1.1" 200 415 "-" "Mozilla/5.0 (Windows NT 10.0; Win64; x64) AppleWebKit/537.36 (KHTML, like Gecko) Chrome/95.0.4638.69 Safari/537.36"
129.212.234.114 - - [19/Dec/2025:09:39:13 +0800] "POST /xmlrpc.php HTTP/1.1" 200 415 "-" "Mozilla/5.0 (Windows NT 10.0; Win64; x64) AppleWebKit/537.36 (KHTML, like Gecko) Chrome/95.0.4638.69 Safari/537.36"
129.212.234.114 - - [19/Dec/2025:09:39:13 +0800] "POST /xmlrpc.php HTTP/1.1" 200 415 "-" "Mozilla/5.0 (Windows NT 10.0; Win64; x64) AppleWebKit/537.36 (KHTML, like Gecko) Chrome/95.0.4638.69 Safari/537.36"
129.212.234.114 - - [19/Dec/2025:09:39:14 +0800] "POST /xmlrpc.php HTTP/1.1" 200 415 "-" "Mozilla/5.0 (Windows NT 10.0; Win64; x64) AppleWebKit/537.36 (KHTML, like Gecko) Chrome/95.0.4638.69 Safari/537.36"
129.212.234.114 - - [19/Dec/2025:09:39:15 +0800] "POST /xmlrpc.php HTTP/1.1" 200 415 "-" "Mozilla/5.0 (Windows NT 10.0; Win64; x64) AppleWebKit/537.36 (KHTML, like Gecko) Chrome/95.0.4638.69 Safari/537.36"
