File: //home/logs/cqqizhou_access_2025-11-26.log
36.133.115.36 - - [26/Nov/2025:00:18:46 +0800] "POST /wp-cron.php?doing_wp_cron=1764087526.8128108978271484375000 HTTP/1.1" 200 31 "-" "WordPress/6.8.3; http://cqqizhou.com"
180.184.67.16 - - [26/Nov/2025:00:18:47 +0800] "GET / HTTP/1.1" 200 33526 "-" "Mozilla/5.0 (Linux; Android 10; V1950A; wv) AppleWebKit/537.36 (KHTML, like Gecko) Chrome/62.0.3202.84 Mobile Safari/537.36 VivoBrowser/20.2.3.0"
36.133.115.36 - - [26/Nov/2025:00:44:47 +0800] "POST /wp-cron.php?doing_wp_cron=1764089087.6198220252990722656250 HTTP/1.1" 200 31 "-" "WordPress/6.8.3; http://cqqizhou.com"
193.142.147.209 - - [26/Nov/2025:00:44:47 +0800] "GET /cgi-bin/luci/;stok=/locale HTTP/1.1" 301 5 "-" "-"
193.142.147.209 - - [26/Nov/2025:00:44:48 +0800] "GET /cgi-bin/luci/;stok=/locale HTTP/1.1" 404 31381 "http://36.133.115.36:80/cgi-bin/luci/;stok=/locale" "-"
36.133.115.36 - - [26/Nov/2025:00:50:39 +0800] "POST /wp-cron.php?doing_wp_cron=1764089439.8009700775146484375000 HTTP/1.1" 200 31 "-" "WordPress/6.8.3; http://cqqizhou.com"
156.67.105.115 - - [26/Nov/2025:00:50:39 +0800] "POST /xmlrpc.php HTTP/1.1" 200 217 "-" "Mozilla/5.0 (Windows NT 10.0; Win64; x64; rv:93.0) Gecko/20100101 Firefox/93.0"
185.39.19.49 - - [26/Nov/2025:00:57:11 +0800] "GET / HTTP/1.0" 200 153855 "http://cqqizhou.com/" "Mozilla/5.0 (Windows NT 10.0; Win64; x64) AppleWebKit/537.36 (KHTML, like Gecko) Chrome/131.0.0.0 Safari/537.36"
185.39.19.49 - - [26/Nov/2025:00:57:12 +0800] "GET /contacts/ HTTP/1.0" 200 76629 "http://cqqizhou.com/contacts/" "Mozilla/5.0 (Windows NT 10.0; Win64; x64) AppleWebKit/537.36 (KHTML, like Gecko) Chrome/131.0.0.0 Safari/537.36"
36.133.115.36 - - [26/Nov/2025:00:57:14 +0800] "POST /wp-cron.php?doing_wp_cron=1764089834.5667428970336914062500 HTTP/1.1" 200 31 "-" "WordPress/6.8.3; http://cqqizhou.com"
185.39.19.49 - - [26/Nov/2025:00:57:15 +0800] "POST /contacts/ HTTP/1.0" 200 69207 "http://cqqizhou.com/contacts/" "Mozilla/5.0 (Windows NT 10.0; Win64; x64) AppleWebKit/537.36 (KHTML, like Gecko) Chrome/131.0.0.0 Safari/537.36"
36.133.115.36 - - [26/Nov/2025:01:23:18 +0800] "POST /wp-cron.php?doing_wp_cron=1764091398.5392720699310302734375 HTTP/1.1" 200 31 "-" "WordPress/6.8.3; http://cqqizhou.com"
204.76.203.212 - - [26/Nov/2025:01:23:18 +0800] "GET / HTTP/1.1" 200 33526 "-" "Mozilla/5.0 (Windows NT 10.0; Win64; x64) AppleWebKit/537.36 (KHTML, like Gecko) Chrome/90.0.4430.85 Safari/537.36 Edg/90.0.818.46"
36.133.115.36 - - [26/Nov/2025:01:31:41 +0800] "POST /wp-cron.php?doing_wp_cron=1764091901.5689001083374023437500 HTTP/1.1" 200 31 "-" "WordPress/6.8.3; http://cqqizhou.com"
193.142.147.209 - - [26/Nov/2025:01:31:41 +0800] "GET /cgi-bin/luci/;stok=/locale HTTP/1.1" 301 5 "-" "-"
193.142.147.209 - - [26/Nov/2025:01:31:42 +0800] "GET /cgi-bin/luci/;stok=/locale HTTP/1.1" 404 31381 "http://36.133.115.36:80/cgi-bin/luci/;stok=/locale" "-"
180.153.236.137 - - [26/Nov/2025:01:36:13 +0800] "GET / HTTP/1.1" 200 33988 "http://cqqizhou.com" "Mozilla/5.0 (Windows NT 10.0; Win64; x64) AppleWebKit/537.36 (KHTML, like Gecko) Chrome/140.0.0.0 Safari/537.36 Edg/140.0.0.0; 360Spider"
36.133.115.36 - - [26/Nov/2025:01:36:33 +0800] "POST /wp-cron.php?doing_wp_cron=1764092193.5695440769195556640625 HTTP/1.1" 200 31 "-" "WordPress/6.8.3; http://cqqizhou.com"
35.194.45.168 - - [26/Nov/2025:01:36:33 +0800] "GET /wp-login.php HTTP/1.1" 200 2781 "-" "Mozilla/5.0 (X11; Ubuntu; Linux x86_64; rv:85.0) Gecko/20100101 Firefox/91.0"
35.194.45.168 - - [26/Nov/2025:01:36:35 +0800] "POST /wp-login.php HTTP/1.1" 200 2920 "-" "Mozilla/5.0 (X11; Ubuntu; Linux x86_64; rv:85.0) Gecko/20100101 Firefox/91.0"
36.133.115.36 - - [26/Nov/2025:01:41:28 +0800] "POST /wp-cron.php?doing_wp_cron=1764092488.4760870933532714843750 HTTP/1.1" 200 31 "-" "WordPress/6.8.3; http://cqqizhou.com"
115.159.33.43 - - [26/Nov/2025:01:41:28 +0800] "GET / HTTP/1.1" 301 5 "-" "Mozilla/5.0 (Windows NT 10.0; Win64; x64) AppleWebKit/537.36 (KHTML, like Gecko) Chrome/79.0.3945.117 Safari/537.36"
36.133.115.36 - - [26/Nov/2025:01:58:13 +0800] "POST /wp-cron.php?doing_wp_cron=1764093493.2564990520477294921875 HTTP/1.1" 200 31 "-" "WordPress/6.8.3; http://cqqizhou.com"
66.94.123.12 - - [26/Nov/2025:01:58:13 +0800] "POST /xmlrpc.php HTTP/1.1" 200 217 "-" "Mozilla/5.0 (Windows NT 10.0; Win64; x64; rv:51.0) Gecko/20100101 Firefox/51.0"
36.133.115.36 - - [26/Nov/2025:02:16:34 +0800] "POST /wp-cron.php?doing_wp_cron=1764094594.3950169086456298828125 HTTP/1.1" 200 31 "-" "WordPress/6.8.3; http://cqqizhou.com"
20.65.154.228 - - [26/Nov/2025:02:16:34 +0800] "GET /developmentserver/metadatauploader HTTP/1.1" 404 8990 "-" "Mozilla/5.0 zgrab/0.x"
36.133.115.36 - - [26/Nov/2025:02:17:25 +0800] "POST /wp-cron.php?doing_wp_cron=1764094645.6458740234375000000000 HTTP/1.1" 200 31 "-" "WordPress/6.8.3; http://cqqizhou.com"
43.173.1.57 - - [26/Nov/2025:02:17:25 +0800] "GET / HTTP/1.1" 301 5 "-" "Mozilla/5.0 (iPhone; CPU iPhone OS 13_2_3 like Mac OS X) AppleWebKit/605.1.15 (KHTML, like Gecko) Version/13.0.3 Mobile/15E148 Safari/604.1"
43.173.1.57 - - [26/Nov/2025:02:17:27 +0800] "GET / HTTP/1.1" 200 33526 "http://36.133.115.36" "Mozilla/5.0 (iPhone; CPU iPhone OS 13_2_3 like Mac OS X) AppleWebKit/605.1.15 (KHTML, like Gecko) Version/13.0.3 Mobile/15E148 Safari/604.1"
36.133.115.36 - - [26/Nov/2025:02:23:41 +0800] "POST /wp-cron.php?doing_wp_cron=1764095021.6769969463348388671875 HTTP/1.1" 200 31 "-" "WordPress/6.8.3; http://cqqizhou.com"
85.208.96.193 - - [26/Nov/2025:02:23:41 +0800] "GET /robots.txt HTTP/1.1" 200 190 "-" "Mozilla/5.0 (compatible; SemrushBot/7~bl; +http://www.semrush.com/bot.html)"
185.191.171.4 - - [26/Nov/2025:02:23:43 +0800] "GET /bug/ HTTP/1.1" 200 12829 "-" "Mozilla/5.0 (compatible; SemrushBot/7~bl; +http://www.semrush.com/bot.html)"
36.133.115.36 - - [26/Nov/2025:02:34:37 +0800] "POST /wp-cron.php?doing_wp_cron=1764095677.8018798828125000000000 HTTP/1.1" 200 31 "-" "WordPress/6.8.3; http://cqqizhou.com"
43.165.65.180 - - [26/Nov/2025:02:34:37 +0800] "GET / HTTP/1.1" 301 5 "-" "Mozilla/5.0 (iPhone; CPU iPhone OS 13_2_3 like Mac OS X) AppleWebKit/605.1.15 (KHTML, like Gecko) Version/13.0.3 Mobile/15E148 Safari/604.1"
43.165.65.180 - - [26/Nov/2025:02:34:40 +0800] "GET / HTTP/1.1" 200 33526 "http://www.cqqizhou.com" "Mozilla/5.0 (iPhone; CPU iPhone OS 13_2_3 like Mac OS X) AppleWebKit/605.1.15 (KHTML, like Gecko) Version/13.0.3 Mobile/15E148 Safari/604.1"
36.133.115.36 - - [26/Nov/2025:02:40:25 +0800] "POST /wp-cron.php?doing_wp_cron=1764096025.4664480686187744140625 HTTP/1.1" 200 31 "-" "WordPress/6.8.3; http://cqqizhou.com"
204.76.203.212 - - [26/Nov/2025:02:40:25 +0800] "GET / HTTP/1.1" 200 33526 "-" "Mozilla/5.0 (Windows NT 10.0; Win64; x64) AppleWebKit/537.36 (KHTML, like Gecko) Chrome/90.0.4430.85 Safari/537.36 Edg/90.0.818.46"
36.133.115.36 - - [26/Nov/2025:02:48:25 +0800] "POST /wp-cron.php?doing_wp_cron=1764096505.7538568973541259765625 HTTP/1.1" 200 31 "-" "WordPress/6.8.3; http://cqqizhou.com"
115.132.54.236 - - [26/Nov/2025:02:48:26 +0800] "POST / HTTP/1.1" 200 33526 "-" "Mozilla/5.0 (X11; Linux x86_64) AppleWebKit/537.36 (KHTML, like Gecko) Chrome/81.0.4044.129 Safari/537.36"
36.133.115.36 - - [26/Nov/2025:03:05:18 +0800] "POST /wp-cron.php?doing_wp_cron=1764097518.6278009414672851562500 HTTP/1.1" 200 31 "-" "WordPress/6.8.3; http://cqqizhou.com"
45.88.106.230 - - [26/Nov/2025:03:05:18 +0800] "POST /xmlrpc.php HTTP/1.1" 200 217 "-" "Mozilla/5.0 (Windows NT 10.0; Win64; x64; rv:51.0) Gecko/20100101 Firefox/51.0"
36.133.108.119 - - [26/Nov/2025:03:47:21 +0800] "HEAD /cgi-bin/authLogin.cgi HTTP/1.1" 499 0 "-" "Mozilla/5.0 (Macintosh; Intel Mac OS X 10_8_3) AppleWebKit/537.36 (KHTML, like Gecko) Chrome/27.0.1453.93 Safari/537.36"
36.133.115.36 - - [26/Nov/2025:03:47:21 +0800] "POST /wp-cron.php?doing_wp_cron=1764100041.5974750518798828125000 HTTP/1.1" 200 31 "-" "WordPress/6.8.3; http://cqqizhou.com"
36.133.115.36 - - [26/Nov/2025:03:47:21 +0800] "POST /wp-cron.php?doing_wp_cron=1764100041.5972700119018554687500 HTTP/1.1" 200 31 "-" "WordPress/6.8.3; http://cqqizhou.com"
36.133.108.125 - - [26/Nov/2025:03:47:21 +0800] "HEAD /query?q=SHOW+DIAGNOSTICS HTTP/1.1" 404 0 "-" "Mozilla/4.0 (compatible; MSIE 8.0; Windows NT 6.1; WOW64; Trident/4.0; SLCC2; Media Center PC 6.0; InfoPath.2; MS-RTC LM 8"
36.133.115.36 - - [26/Nov/2025:03:52:39 +0800] "POST /wp-cron.php?doing_wp_cron=1764100359.6052730083465576171875 HTTP/1.1" 200 31 "-" "WordPress/6.8.3; http://cqqizhou.com"
164.52.24.178 - - [26/Nov/2025:03:52:39 +0800] "GET / HTTP/1.1" 301 5 "-" "Mozilla/5.0 (Windows NT 10.0; Win64; x64) AppleWebKit/537.36 (KHTML, like Gecko) Chrome/114.0.0.0 Safari/537.36"
164.52.24.178 - - [26/Nov/2025:03:52:43 +0800] "GET / HTTP/1.1" 301 5 "-" "-"
164.52.24.178 - - [26/Nov/2025:03:52:52 +0800] "GET / HTTP/1.1" 200 153877 "-" "Mozilla/5.0 (Windows NT 10.0; Win64; x64) AppleWebKit/537.36 (KHTML, like Gecko) Chrome/114.0.0.0 Safari/537.36"
36.133.115.36 - - [26/Nov/2025:04:01:34 +0800] "POST /wp-cron.php?doing_wp_cron=1764100894.6213400363922119140625 HTTP/1.1" 200 31 "-" "WordPress/6.8.3; http://cqqizhou.com"
193.142.147.209 - - [26/Nov/2025:04:01:34 +0800] "GET /cgi-bin/luci/;stok=/locale HTTP/1.1" 301 5 "-" "-"
193.142.147.209 - - [26/Nov/2025:04:01:37 +0800] "GET /cgi-bin/luci/;stok=/locale HTTP/1.1" 499 0 "http://36.133.115.36:80/cgi-bin/luci/;stok=/locale" "-"
36.133.115.36 - - [26/Nov/2025:04:05:44 +0800] "POST /wp-cron.php?doing_wp_cron=1764101144.3338921070098876953125 HTTP/1.1" 200 31 "-" "WordPress/6.8.3; http://cqqizhou.com"
204.76.203.212 - - [26/Nov/2025:04:05:44 +0800] "GET / HTTP/1.1" 200 33527 "-" "Mozilla/5.0 (Windows NT 10.0; Win64; x64) AppleWebKit/537.36 (KHTML, like Gecko) Chrome/90.0.4430.85 Safari/537.36 Edg/90.0.818.46"
62.60.131.73 - - [26/Nov/2025:04:07:17 +0800] "GET / HTTP/1.1" 200 33988 "-" "Go-http-client/1.1"
62.60.131.73 - - [26/Nov/2025:04:07:18 +0800] "GET /app/etc/env.local.php HTTP/1.1" 404 47 "-" "Go-http-client/1.1"
62.60.131.73 - - [26/Nov/2025:04:07:18 +0800] "GET /config/services.php HTTP/1.1" 404 47 "-" "Go-http-client/1.1"
62.60.131.73 - - [26/Nov/2025:04:07:18 +0800] "GET /_profiler/phpinfo.php HTTP/1.1" 404 47 "-" "Go-http-client/1.1"
62.60.131.73 - - [26/Nov/2025:04:07:18 +0800] "GET /app/etc/env.php HTTP/1.1" 404 47 "-" "Go-http-client/1.1"
62.60.131.73 - - [26/Nov/2025:04:07:18 +0800] "GET /application/config/mimes.php HTTP/1.1" 404 47 "-" "Go-http-client/1.1"
62.60.131.73 - - [26/Nov/2025:04:07:18 +0800] "GET /config/queue.php HTTP/1.1" 404 47 "-" "Go-http-client/1.1"
62.60.131.73 - - [26/Nov/2025:04:07:18 +0800] "GET /config/paths.php HTTP/1.1" 404 47 "-" "Go-http-client/1.1"
36.133.115.36 - - [26/Nov/2025:04:07:19 +0800] "POST /wp-cron.php?doing_wp_cron=1764101239.2025940418243408203125 HTTP/1.1" 200 31 "-" "WordPress/6.8.3; http://cqqizhou.com"
62.60.131.73 - - [26/Nov/2025:04:07:19 +0800] "GET /old/ HTTP/1.1" 404 8989 "-" "Go-http-client/1.1"
62.60.131.73 - - [26/Nov/2025:04:07:20 +0800] "GET /*~ HTTP/1.1" 404 8987 "-" "Go-http-client/1.1"
62.60.131.73 - - [26/Nov/2025:04:07:20 +0800] "GET /.env.slack HTTP/1.1" 404 8987 "-" "Go-http-client/1.1"
62.60.131.73 - - [26/Nov/2025:04:07:20 +0800] "GET /.env.brevo HTTP/1.1" 404 8987 "-" "Go-http-client/1.1"
62.60.131.73 - - [26/Nov/2025:04:07:20 +0800] "GET /.env.dev HTTP/1.1" 404 8987 "-" "Go-http-client/1.1"
62.60.131.73 - - [26/Nov/2025:04:07:20 +0800] "GET /laravel/core/.env HTTP/1.1" 404 8987 "-" "Go-http-client/1.1"
62.60.131.73 - - [26/Nov/2025:04:07:20 +0800] "GET /env.json HTTP/1.1" 404 8987 "-" "Go-http-client/1.1"
62.60.131.73 - - [26/Nov/2025:04:07:20 +0800] "GET /login?pp=enable&pp=env HTTP/1.1" 404 8987 "-" "Go-http-client/1.1"
62.60.131.73 - - [26/Nov/2025:04:07:21 +0800] "GET /config.json HTTP/1.1" 404 8988 "-" "Go-http-client/1.1"
62.60.131.73 - - [26/Nov/2025:04:07:21 +0800] "GET /backup/ HTTP/1.1" 404 8988 "-" "Go-http-client/1.1"
62.60.131.73 - - [26/Nov/2025:04:07:21 +0800] "GET /laravel/.env HTTP/1.1" 404 8988 "-" "Go-http-client/1.1"
62.60.131.73 - - [26/Nov/2025:04:07:21 +0800] "GET /database.json HTTP/1.1" 404 8988 "-" "Go-http-client/1.1"
62.60.131.73 - - [26/Nov/2025:04:07:21 +0800] "GET /config/daemon.json HTTP/1.1" 404 8988 "-" "Go-http-client/1.1"
62.60.131.73 - - [26/Nov/2025:04:07:21 +0800] "GET /web/.env HTTP/1.1" 404 8988 "-" "Go-http-client/1.1"
62.60.131.73 - - [26/Nov/2025:04:07:21 +0800] "GET /*.sql.gz HTTP/1.1" 404 8988 "-" "Go-http-client/1.1"
62.60.131.73 - - [26/Nov/2025:04:07:21 +0800] "GET /config/aws.json HTTP/1.1" 404 8988 "-" "Go-http-client/1.1"
62.60.131.73 - - [26/Nov/2025:04:07:21 +0800] "GET /.svn HTTP/1.1" 404 8988 "-" "Go-http-client/1.1"
62.60.131.73 - - [26/Nov/2025:04:07:21 +0800] "GET /config/secrets.yml HTTP/1.1" 404 8988 "-" "Go-http-client/1.1"
62.60.131.73 - - [26/Nov/2025:04:07:21 +0800] "GET /kubeconfig HTTP/1.1" 404 8988 "-" "Go-http-client/1.1"
62.60.131.73 - - [26/Nov/2025:04:07:21 +0800] "GET /*.backup HTTP/1.1" 404 8988 "-" "Go-http-client/1.1"
62.60.131.73 - - [26/Nov/2025:04:07:21 +0800] "GET /config/prod.json HTTP/1.1" 404 8988 "-" "Go-http-client/1.1"
62.60.131.73 - - [26/Nov/2025:04:07:21 +0800] "GET /secrets.yml HTTP/1.1" 404 8988 "-" "Go-http-client/1.1"
62.60.131.73 - - [26/Nov/2025:04:07:21 +0800] "GET /.env.sample HTTP/1.1" 404 8988 "-" "Go-http-client/1.1"
62.60.131.73 - - [26/Nov/2025:04:07:21 +0800] "GET /config/php.ini HTTP/1.1" 404 8988 "-" "Go-http-client/1.1"
62.60.131.73 - - [26/Nov/2025:04:07:21 +0800] "GET /.env HTTP/1.1" 404 8988 "-" "Go-http-client/1.1"
62.60.131.73 - - [26/Nov/2025:04:07:21 +0800] "GET /api/.env HTTP/1.1" 404 8988 "-" "Go-http-client/1.1"
62.60.131.73 - - [26/Nov/2025:04:07:21 +0800] "GET /.kube/config HTTP/1.1" 404 8988 "-" "Go-http-client/1.1"
62.60.131.73 - - [26/Nov/2025:04:07:21 +0800] "GET /root/.docker/config.json HTTP/1.1" 404 8988 "-" "Go-http-client/1.1"
62.60.131.73 - - [26/Nov/2025:04:07:21 +0800] "GET /frontend_dev.php/$ HTTP/1.1" 404 8988 "-" "Go-http-client/1.1"
62.60.131.73 - - [26/Nov/2025:04:07:21 +0800] "GET /.env.prod HTTP/1.1" 404 8988 "-" "Go-http-client/1.1"
62.60.131.73 - - [26/Nov/2025:04:07:21 +0800] "GET /application/config/constants.php/ HTTP/1.1" 404 8988 "-" "Go-http-client/1.1"
62.60.131.73 - - [26/Nov/2025:04:07:21 +0800] "GET /id_rsa.pub HTTP/1.1" 404 8988 "-" "Go-http-client/1.1"
62.60.131.73 - - [26/Nov/2025:04:07:21 +0800] "GET /development/.env HTTP/1.1" 404 8988 "-" "Go-http-client/1.1"
62.60.131.73 - - [26/Nov/2025:04:07:21 +0800] "GET /appsettings.Production.json HTTP/1.1" 404 8988 "-" "Go-http-client/1.1"
36.133.115.36 - - [26/Nov/2025:04:09:21 +0800] "POST /wp-cron.php?doing_wp_cron=1764101361.0526700019836425781250 HTTP/1.1" 200 31 "-" "WordPress/6.8.3; http://cqqizhou.com"
161.97.139.169 - - [26/Nov/2025:04:09:21 +0800] "POST /xmlrpc.php HTTP/1.1" 200 217 "-" "Mozilla/5.0 (Windows NT 10.0; Win64; x64; rv:93.0) Gecko/20100101 Firefox/93.0"
36.133.115.36 - - [26/Nov/2025:04:12:52 +0800] "POST /wp-cron.php?doing_wp_cron=1764101572.2684090137481689453125 HTTP/1.1" 200 31 "-" "WordPress/6.8.3; http://cqqizhou.com"
8.210.47.14 - - [26/Nov/2025:04:12:52 +0800] "GET /wp-login.php HTTP/1.1" 200 2781 "-" "Mozilla/5.0 (X11; Ubuntu; Linux x86_64; rv:85.0) Gecko/20100101 Firefox/91.0"
8.210.47.14 - - [26/Nov/2025:04:12:53 +0800] "POST /wp-login.php HTTP/1.1" 200 2920 "-" "Mozilla/5.0 (X11; Ubuntu; Linux x86_64; rv:85.0) Gecko/20100101 Firefox/91.0"
185.242.226.102 - - [26/Nov/2025:04:19:13 +0800] "GET / HTTP/1.1" 499 0 "-" "python-requests/2.26.0"
36.133.115.36 - - [26/Nov/2025:04:19:13 +0800] "POST /wp-cron.php?doing_wp_cron=1764101953.8584740161895751953125 HTTP/1.1" 200 31 "-" "WordPress/6.8.3; http://cqqizhou.com"
36.133.115.36 - - [26/Nov/2025:04:23:34 +0800] "POST /wp-cron.php?doing_wp_cron=1764102214.7191181182861328125000 HTTP/1.1" 200 31 "-" "WordPress/6.8.3; http://cqqizhou.com"
185.242.226.102 - - [26/Nov/2025:04:23:34 +0800] "GET / HTTP/1.1" 301 5 "-" "Mozilla/5.0 (Windows NT 10.0; Win64; x64) AppleWebKit/537.36 (KHTML, like Gecko) Chrome/88.0.4324.190 Safari/537.36"
185.242.226.102 - - [26/Nov/2025:04:23:35 +0800] "GET / HTTP/1.1" 200 33988 "http://36.133.115.36:80/" "Mozilla/5.0 (Windows NT 10.0; Win64; x64) AppleWebKit/537.36 (KHTML, like Gecko) Chrome/88.0.4324.190 Safari/537.36"
35.197.109.114 - - [26/Nov/2025:04:23:37 +0800] "HEAD /new/ HTTP/1.1" 301 0 "-" "Mozilla/5.0 (Windows NT 10.0; Win64; x64) AppleWebKit/537.36 (KHTML, like Gecko) Chrome/121.0.6167.140 Safari/537.36 Vivaldi/6.4.3160.47"
35.197.109.114 - - [26/Nov/2025:04:23:38 +0800] "HEAD /news/ HTTP/1.1" 200 0 "http://cqqizhou.com/new/" "Mozilla/5.0 (Windows NT 10.0; Win64; x64) AppleWebKit/537.36 (KHTML, like Gecko) Chrome/121.0.6167.140 Safari/537.36 Vivaldi/6.4.3160.47"
35.197.109.114 - - [26/Nov/2025:04:23:38 +0800] "HEAD /wordpress/ HTTP/1.1" 404 0 "-" "Mozilla/5.0 (Windows NT 10.0; Win64; x64; rv:125.0) Gecko/20100101 Firefox/125.0"
35.197.109.114 - - [26/Nov/2025:04:23:39 +0800] "HEAD /old/ HTTP/1.1" 404 0 "-" "Mozilla/5.0 (Windows NT 10.0; Win64; x64; rv:123.0) Gecko/20100101 Firefox/123.0"
35.197.109.114 - - [26/Nov/2025:04:23:40 +0800] "HEAD /backup/ HTTP/1.1" 404 0 "-" "Mozilla/5.0 (Linux; Android 12; CPH2381) AppleWebKit/537.36 (KHTML, like Gecko) Chrome/119.0.6045.163 Mobile Safari/537.36 OPR/76.3.4027.73374"
35.197.109.114 - - [26/Nov/2025:04:23:41 +0800] "HEAD /blog/ HTTP/1.1" 404 0 "-" "Mozilla/5.0 (Macintosh; Intel Mac OS X 13_6) AppleWebKit/537.36 (KHTML, like Gecko) Chrome/122.0.6280.88 Safari/537.36"
35.197.109.114 - - [26/Nov/2025:04:23:42 +0800] "HEAD / HTTP/1.1" 200 0 "-" "Mozilla/5.0 (iPhone; CPU iPhone OS 17_4 like Mac OS X) AppleWebKit/605.1.15 (KHTML, like Gecko) Version/17.4 Mobile/15E148 Safari/604.1"
35.197.109.114 - - [26/Nov/2025:04:23:43 +0800] "HEAD /wp/ HTTP/1.1" 404 0 "-" "Mozilla/5.0 (X11; Linux x86_64) AppleWebKit/537.36 (KHTML, like Gecko) Chrome/121.0.6167.85 Safari/537.36"
36.133.115.36 - - [26/Nov/2025:04:25:13 +0800] "POST /wp-cron.php?doing_wp_cron=1764102313.9013459682464599609375 HTTP/1.1" 200 31 "-" "WordPress/6.8.3; http://cqqizhou.com"
195.7.6.132 - - [26/Nov/2025:04:25:13 +0800] "GET /robots.txt HTTP/1.1" 200 390 "-" "Mozilla/5.0 (compatible; MJ12bot/v1.4.8; http://mj12bot.com/)"
195.7.6.132 - - [26/Nov/2025:04:25:15 +0800] "GET /portfolio-tag/%E9%9E%8D%E9%92%A2%E8%92%82%E6%A3%AE/ HTTP/1.1" 200 22760 "-" "Mozilla/5.0 (compatible; MJ12bot/v1.4.8; http://mj12bot.com/)"
195.7.6.132 - - [26/Nov/2025:04:25:17 +0800] "GET /portfolio/%E5%86%B7%E8%BD%A7%E5%8D%B7/ HTTP/1.1" 200 22126 "-" "Mozilla/5.0 (compatible; MJ12bot/v1.4.8; http://mj12bot.com/)"
195.7.6.132 - - [26/Nov/2025:04:25:19 +0800] "GET /portfolio/%E5%86%B7%E8%BD%A7%E6%9D%BF/ HTTP/1.1" 200 22146 "-" "Mozilla/5.0 (compatible; MJ12bot/v1.4.8; http://mj12bot.com/)"
36.133.115.36 - - [26/Nov/2025:04:27:59 +0800] "POST /wp-cron.php?doing_wp_cron=1764102479.8464579582214355468750 HTTP/1.1" 200 31 "-" "WordPress/6.8.3; http://cqqizhou.com"
193.142.147.209 - - [26/Nov/2025:04:28:00 +0800] "GET / HTTP/1.1" 200 152189 "-" "-"
36.133.115.36 - - [26/Nov/2025:04:48:10 +0800] "POST /wp-cron.php?doing_wp_cron=1764103690.0711679458618164062500 HTTP/1.1" 200 31 "-" "WordPress/6.8.3; http://cqqizhou.com"
85.208.96.212 - - [26/Nov/2025:04:48:10 +0800] "GET /robots.txt HTTP/1.1" 200 190 "-" "Mozilla/5.0 (compatible; SemrushBot/7~bl; +http://www.semrush.com/bot.html)"
185.191.171.2 - - [26/Nov/2025:04:48:10 +0800] "GET /industry/ HTTP/1.1" 200 22020 "-" "Mozilla/5.0 (compatible; SemrushBot/7~bl; +http://www.semrush.com/bot.html)"
36.133.115.36 - - [26/Nov/2025:04:54:13 +0800] "POST /wp-cron.php?doing_wp_cron=1764104053.8799340724945068359375 HTTP/1.1" 200 31 "-" "WordPress/6.8.3; http://cqqizhou.com"
195.184.76.228 - - [26/Nov/2025:04:54:13 +0800] "GET / HTTP/1.1" 301 5 "-" "Mozilla/5.0 (X11; Ubuntu; Linux x86_64; rv:134.0) Gecko/20100101 Firefox/134.0"
40.77.167.2 - - [26/Nov/2025:05:05:10 +0800] "GET /wp-content/uploads/2025/07/1751829518-Precision-processing-services800x500.webp HTTP/1.1" 200 28964 "-" "Mozilla/5.0 AppleWebKit/537.36 (KHTML, like Gecko; compatible; bingbot/2.0; +http://www.bing.com/bingbot.htm) Chrome/116.0.1938.76 Safari/537.36"
36.133.115.36 - - [26/Nov/2025:05:07:28 +0800] "POST /wp-cron.php?doing_wp_cron=1764104848.7541620731353759765625 HTTP/1.1" 200 31 "-" "WordPress/6.8.3; http://cqqizhou.com"
5.187.35.21 - - [26/Nov/2025:05:07:29 +0800] "GET / HTTP/1.1" 200 152189 "-" "-"
36.133.115.36 - - [26/Nov/2025:05:20:53 +0800] "POST /wp-cron.php?doing_wp_cron=1764105653.2180550098419189453125 HTTP/1.1" 200 31 "-" "WordPress/6.8.3; http://cqqizhou.com"
158.247.243.94 - - [26/Nov/2025:05:20:53 +0800] "POST /xmlrpc.php HTTP/1.1" 200 217 "-" "Mozilla/5.0 (Windows NT 10.0; Win64; x64; rv:78.0) Gecko/20100101 Firefox/78.0"
36.133.115.36 - - [26/Nov/2025:05:25:40 +0800] "POST /wp-cron.php?doing_wp_cron=1764105940.4920959472656250000000 HTTP/1.1" 200 31 "-" "WordPress/6.8.3; http://cqqizhou.com"
79.124.40.174 - - [26/Nov/2025:05:25:40 +0800] "GET / HTTP/1.1" 200 33527 "-" "Mozilla/5.0 (Windows NT 10.0; Win64; x64) AppleWebKit/537.36 (KHTML, like Gecko) Chrome/78.0.3904.108 Safari/537.36"
4.189.152.26 - - [26/Nov/2025:05:26:39 +0800] "GET /xmrlpc.php HTTP/1.1" 404 27 "https://www.google.co.uk/" "Mozilla/5.0 (iPhone; CPU iPhone OS 15_7_9 like Mac OS X) AppleWebKit/605.1.15 (KHTML, like Gecko) Version/15.6.5 Mobile/15E148 Safari/604.1"
4.189.152.26 - - [26/Nov/2025:05:26:39 +0800] "GET /abcd.php HTTP/1.1" 404 27 "https://www.google.de/" "Mozilla/5.0 (Linux; Android 13; SM-G991U) AppleWebKit/537.36 (KHTML, like Gecko) Chrome/117.0.0.0 Mobile Safari/537.36"
4.189.152.26 - - [26/Nov/2025:05:26:40 +0800] "GET /admin.php HTTP/1.1" 404 27 "https://www.bing.com/" "Mozilla/5.0 (iPad; CPU OS 17_0_3 like Mac OS X) AppleWebKit/605.1.15 (KHTML, like Gecko) Version/17.0.1 Mobile/15E148 Safari/604.1"
4.189.152.26 - - [26/Nov/2025:05:26:40 +0800] "GET /info.php HTTP/1.1" 200 29 "https://www.google.co.uk/" "Mozilla/5.0 (Linux; Android 13; M2101K6G) AppleWebKit/537.36 (KHTML, like Gecko) Chrome/116.0.0.0 Mobile Safari/537.36"
4.189.152.26 - - [26/Nov/2025:05:26:40 +0800] "GET /edit.php HTTP/1.1" 404 27 "https://www.yahoo.com/" "Mozilla/5.0 (Linux; Android 12; SM-A525F) AppleWebKit/537.36 (KHTML, like Gecko) Chrome/117.0.0.0 Mobile Safari/537.36"
4.189.152.26 - - [26/Nov/2025:05:26:40 +0800] "GET /moon.php HTTP/1.1" 404 27 "https://www.google.de/" "Mozilla/5.0 (Linux; Android 12; SM-A525F) AppleWebKit/537.36 (KHTML, like Gecko) Chrome/117.0.0.0 Mobile Safari/537.36"
4.189.152.26 - - [26/Nov/2025:05:26:40 +0800] "GET /wp-content/index.php HTTP/1.1" 200 5 "https://www.google.co.uk/" "Mozilla/5.0 (Linux; Android 14; Pixel 8 Pro) AppleWebKit/537.36 (KHTML, like Gecko) Chrome/119.0.0.0 Mobile Safari/537.36"
4.189.152.26 - - [26/Nov/2025:05:26:40 +0800] "GET /classwithtostring.php HTTP/1.1" 404 27 "https://www.google.fr/" "Mozilla/5.0 (Linux; Android 10; LM-Q720) AppleWebKit/537.36 (KHTML, like Gecko) Chrome/116.0.0.0 Mobile Safari/537.36"
4.189.152.26 - - [26/Nov/2025:05:26:40 +0800] "GET /file4.php HTTP/1.1" 404 27 "https://www.bing.com/" "Mozilla/5.0 (Linux; Android 10; K) AppleWebKit/537.36 (KHTML, like Gecko) Chrome/117.0.0.0 Mobile Safari/537.36"
4.189.152.26 - - [26/Nov/2025:05:26:41 +0800] "GET /ioxi-o.php HTTP/1.1" 404 27 "https://www.google.fr/" "Mozilla/5.0 (iPhone; CPU iPhone OS 15_7_9 like Mac OS X) AppleWebKit/605.1.15 (KHTML, like Gecko) Version/15.6.5 Mobile/15E148 Safari/604.1"
4.189.152.26 - - [26/Nov/2025:05:26:41 +0800] "GET /wp-good.php HTTP/1.1" 404 27 "https://www.bing.com/" "Mozilla/5.0 (Linux; Android 12; 2201116SG) AppleWebKit/537.36 (KHTML, like Gecko) Chrome/116.0.0.0 Mobile Safari/537.36"
4.189.152.26 - - [26/Nov/2025:05:26:41 +0800] "GET /ds.php HTTP/1.1" 404 27 "https://www.google.com/" "Mozilla/5.0 (Linux; Android 12; SM-A525F) AppleWebKit/537.36 (KHTML, like Gecko) Chrome/117.0.0.0 Mobile Safari/537.36"
4.189.152.26 - - [26/Nov/2025:05:26:41 +0800] "GET /bolt.php HTTP/1.1" 404 27 "https://www.yahoo.com/" "Mozilla/5.0 (Linux; Android 12; SM-A525F) AppleWebKit/537.36 (KHTML, like Gecko) Chrome/117.0.0.0 Mobile Safari/537.36"
4.189.152.26 - - [26/Nov/2025:05:26:41 +0800] "GET /new.php HTTP/1.1" 404 27 "https://www.yahoo.com/" "Mozilla/5.g (Linux; Android 13; Pixel 7) AppleWebKit/537.36 (KHTML, like Gecko) Chrome/116.0.0.0 Mobile Safari/537.36"
4.189.152.26 - - [26/Nov/2025:05:26:41 +0800] "GET /wp-includes/js/ HTTP/1.1" 403 548 "https://www.yahoo.com/" "Mozilla/5.0 (Linux; Android 13; SM-G991U) AppleWebKit/537.36 (KHTML, like Gecko) Chrome/117.0.0.0 Mobile Safari/537.36"
4.189.152.26 - - [26/Nov/2025:05:26:41 +0800] "GET /wp-includes/pomo/ HTTP/1.1" 403 548 "https://www.google.com/" "Mozilla/5.0 (Linux; Android 13; M2101K6G) AppleWebKit/537.36 (KHTML, like Gecko) Chrome/116.0.0.0 Mobile Safari/537.36"
4.189.152.26 - - [26/Nov/2025:05:26:42 +0800] "GET /wp-includes/rest-api/ HTTP/1.1" 403 548 "https://duckduckgo.com/" "Mozilla/5.0 (Linux; Android 12; SM-A525F) AppleWebKit/537.36 (KHTML, like Gecko) Chrome/117.0.0.0 Mobile Safari/537.36"
4.189.152.26 - - [26/Nov/2025:05:26:42 +0800] "GET /wp-includes/widgets/ HTTP/1.1" 403 146 "https://duckduckgo.com/" "Mozilla/5.0 (iPhone; CPU iPhone OS 15_7_9 like Mac OS X) AppleWebKit/605.1.15 (KHTML, like Gecko) Version/15.6.5 Mobile/15E148 Safari/604.1"
4.189.152.26 - - [26/Nov/2025:05:26:42 +0800] "GET /wp-admin/css/ HTTP/1.1" 403 146 "https://www.google.com/" "Mozilla/5.0 (iPhone; CPU iPhone OS 16_6_1 like Mac OS X) AppleWebKit/605.1.15 (KHTML, like Gecko) Version/16.6 Mobile/15E148 Safari/604.1"
4.189.152.26 - - [26/Nov/2025:05:26:42 +0800] "GET /wp-admin/images/ HTTP/1.1" 403 146 "https://duckduckgo.com/" "Mozilla/5.0 (iPad; CPU OS 16_7_2 like Mac OS X) AppleWebKit/605.1.15 (KHTML, like Gecko) Version/16.6 Mobile/15E148 Safari/604.1"
4.189.152.26 - - [26/Nov/2025:05:26:42 +0800] "GET /wp-admin/maint/ HTTP/1.1" 403 548 "https://www.google.fr/" "Mozilla/5.0 (Linux; Android 11; 21081111RG) AppleWebKit/537.36 (KHTML, like Gecko) Chrome/116.0.0.0 Mobile Safari/537.36"
36.133.115.36 - - [26/Nov/2025:05:26:44 +0800] "POST /wp-cron.php?doing_wp_cron=1764106004.2495620250701904296875 HTTP/1.1" 200 31 "-" "WordPress/6.8.3; http://cqqizhou.com"
4.189.152.26 - - [26/Nov/2025:05:26:44 +0800] "GET /wp-admin/meta/ HTTP/1.1" 404 31381 "https://duckduckgo.com/" "Mozilla/5.0 (iPhone; CPU iPhone OS 16_0 like Mac OS X) AppleWebKit/605.1.15 (KHTML, like Gecko) FxiOS/118.0 Mobile/15E148 Safari/605.1.15"
4.189.152.26 - - [26/Nov/2025:05:26:45 +0800] "GET /wp-admin/network/ HTTP/1.1" 302 5 "https://www.google.com/" "Mozilla/5.0 (iPhone; CPU iPhone OS 16_0 like Mac OS X) AppleWebKit/605.1.15 (KHTML, like Gecko) FxiOS/118.0 Mobile/15E148 Safari/605.1.15"
4.189.152.26 - - [26/Nov/2025:05:26:45 +0800] "GET /wp-login.php?redirect_to=http%3A%2F%2Fcqqizhou.com%2Fwp-admin%2Fnetwork%2F&reauth=1 HTTP/1.1" 200 8680 "https://www.google.com/" "Mozilla/5.0 (iPhone; CPU iPhone OS 16_0 like Mac OS X) AppleWebKit/605.1.15 (KHTML, like Gecko) FxiOS/118.0 Mobile/15E148 Safari/605.1.15"
36.133.115.36 - - [26/Nov/2025:05:26:46 +0800] "POST /wp-cron.php?doing_wp_cron=1764106006.6388909816741943359375 HTTP/1.1" 200 31 "-" "WordPress/6.8.3; http://cqqizhou.com"
4.189.152.26 - - [26/Nov/2025:05:26:46 +0800] "GET /wp-admin/user/ HTTP/1.1" 302 5 "https://www.google.de/" "Mozilla/5.0 (Linux; Android 12; V2134) AppleWebKit/537.36 (KHTML, like Gecko) Chrome/116.0.0.0 Mobile Safari/537.36"
4.189.152.26 - - [26/Nov/2025:05:26:47 +0800] "GET /wp-login.php?redirect_to=http%3A%2F%2Fcqqizhou.com%2Fwp-admin%2Fuser%2F&reauth=1 HTTP/1.1" 200 8677 "https://www.google.de/" "Mozilla/5.0 (Linux; Android 12; V2134) AppleWebKit/537.36 (KHTML, like Gecko) Chrome/116.0.0.0 Mobile Safari/537.36"
4.189.152.26 - - [26/Nov/2025:05:26:47 +0800] "GET /wp-content/ HTTP/1.1" 200 5 "https://www.google.com/" "Mozilla/5.0 (iPhone; CPU iPhone OS 16_0 like Mac OS X) AppleWebKit/605.1.15 (KHTML, like Gecko) FxiOS/118.0 Mobile/15E148 Safari/605.1.15"
4.189.152.26 - - [26/Nov/2025:05:26:48 +0800] "GET /wp-content/plugins/ HTTP/1.1" 200 5 "https://www.yahoo.com/" "Mozilla/5.0 (iPhone; CPU iPhone OS 17_0_3 like Mac OS X) AppleWebKit/605.1.15 (KHTML, like Gecko) Version/17.0.1 Mobile/15E148 Safari/604.1"
4.189.152.26 - - [26/Nov/2025:05:26:48 +0800] "GET /wp-content/themes/ HTTP/1.1" 200 5 "https://duckduckgo.com/" "Mozilla/5.0 (iPhone; CPU iPhone OS 17_1_1 like Mac OS X) AppleWebKit/605.1.15 (KHTML, like Gecko) Version/17.1 Mobile/15E148 Safari/604.1"
4.189.152.26 - - [26/Nov/2025:05:26:48 +0800] "GET /wp-admin/includes/ HTTP/1.1" 403 548 "https://www.google.com/" "Mozilla/5.0 (Linux; Android 11; CPH2251) AppleWebKit/537.36 (KHTML, like Gecko) Chrome/116.0.0.0 Mobile Safari/537.36"
4.189.152.26 - - [26/Nov/2025:05:26:49 +0800] "GET /wp-admin/ HTTP/1.1" 302 5 "https://www.google.co.uk/" "Mozilla/5.0 (Linux; Android 14; Pixel 8 Pro) AppleWebKit/537.36 (KHTML, like Gecko) Chrome/119.0.0.0 Mobile Safari/537.36"
4.189.152.26 - - [26/Nov/2025:05:26:49 +0800] "GET /wp-login.php?redirect_to=http%3A%2F%2Fcqqizhou.com%2Fwp-admin%2F&reauth=1 HTTP/1.1" 200 8672 "https://www.google.co.uk/" "Mozilla/5.0 (Linux; Android 14; Pixel 8 Pro) AppleWebKit/537.36 (KHTML, like Gecko) Chrome/119.0.0.0 Mobile Safari/537.36"
4.189.152.26 - - [26/Nov/2025:05:26:50 +0800] "GET /wp-content/upgrade/ HTTP/1.1" 403 146 "https://www.google.com/" "Mozilla/5.0 (iPhone; CPU iPhone OS 15_7_9 like Mac OS X) AppleWebKit/605.1.15 (KHTML, like Gecko) Version/15.6.5 Mobile/15E148 Safari/604.1"
4.189.152.26 - - [26/Nov/2025:05:26:50 +0800] "GET /wp-content/uploads/ HTTP/1.1" 403 548 "https://www.yahoo.com/" "Mozilla/5.0 (Linux; Android 13; SM-G991U) AppleWebKit/537.36 (KHTML, like Gecko) Chrome/117.0.0.0 Mobile Safari/537.36"
4.189.152.26 - - [26/Nov/2025:05:26:51 +0800] "GET /wp-includes/ HTTP/1.1" 403 146 "https://www.google.co.uk/" "Mozilla/5.0 (iPhone; CPU iPhone OS 17_0_3 like Mac OS X) AppleWebKit/605.1.15 (KHTML, like Gecko) Version/17.0.1 Mobile/15E148 Safari/604.1"
4.189.152.26 - - [26/Nov/2025:05:26:51 +0800] "GET /wp-includes/css/ HTTP/1.1" 403 548 "https://www.google.de/" "Mozilla/5.0 (Linux; Android 12; V2134) AppleWebKit/537.36 (KHTML, like Gecko) Chrome/116.0.0.0 Mobile Safari/537.36"
4.189.152.26 - - [26/Nov/2025:05:26:51 +0800] "GET /wp-includes/ID3/ HTTP/1.1" 403 548 "https://www.google.co.uk/" "Mozilla/5.0 (Linux; Android 13; SM-G991U) AppleWebKit/537.36 (KHTML, like Gecko) Chrome/117.0.0.0 Mobile Safari/537.36"
4.189.152.26 - - [26/Nov/2025:05:26:51 +0800] "GET /wp-includes/IXR/ HTTP/1.1" 403 548 "https://www.google.fr/" "Mozilla/5.0 (Linux; Android 14; Pixel 8 Pro) AppleWebKit/537.36 (KHTML, like Gecko) Chrome/119.0.0.0 Mobile Safari/537.36"
4.189.152.26 - - [26/Nov/2025:05:26:51 +0800] "GET /wp-includes/Requests/ HTTP/1.1" 403 548 "https://www.google.de/" "Mozilla/5.0 (Linux; Android 12; 2201116SG) AppleWebKit/537.36 (KHTML, like Gecko) Chrome/116.0.0.0 Mobile Safari/537.36"
4.189.152.26 - - [26/Nov/2025:05:26:51 +0800] "GET /wp-includes/SimplePie/ HTTP/1.1" 403 548 "https://www.yahoo.com/" "Mozilla/5.0 (Linux; Android 14; Pixel 8 Pro) AppleWebKit/537.36 (KHTML, like Gecko) Chrome/119.0.0.0 Mobile Safari/537.36"
4.189.152.26 - - [26/Nov/2025:05:26:51 +0800] "GET /wp-includes/Text/ HTTP/1.1" 403 146 "https://www.google.co.uk/" "Mozilla/5.0 (iPhone; CPU iPhone OS 17_1_1 like Mac OS X) AppleWebKit/605.1.15 (KHTML, like Gecko) Version/17.1 Mobile/15E148 Safari/604.1"
4.189.152.26 - - [26/Nov/2025:05:26:52 +0800] "GET /wp-content/mu-plugins-old/ HTTP/1.1" 404 31381 "https://www.google.fr/" "Mozilla/5.0 (iPhone; CPU iPhone OS 16_0 like Mac OS X) AppleWebKit/605.1.15 (KHTML, like Gecko) FxiOS/118.0 Mobile/15E148 Safari/605.1.15"
4.189.152.26 - - [26/Nov/2025:05:26:54 +0800] "GET /wp-content/themes/classic/inc/ HTTP/1.1" 404 31381 "https://www.google.co.uk/" "Mozilla/5.0 (Linux; Android 11; CPH2251) AppleWebKit/537.36 (KHTML, like Gecko) Chrome/116.0.0.0 Mobile Safari/537.36"
4.189.152.26 - - [26/Nov/2025:05:26:55 +0800] "GET /wp-content/plugins/ninja-forms/ HTTP/1.1" 404 31381 "https://www.yahoo.com/" "Mozilla/5.0 (Linux; Android 13; SM-G991U) AppleWebKit/537.36 (KHTML, like Gecko) Chrome/117.0.0.0 Mobile Safari/537.36"
4.189.152.26 - - [26/Nov/2025:05:26:55 +0800] "GET /wp-content/mu-plugins/ HTTP/1.1" 404 31381 "https://www.google.fr/" "Mozilla/5.0 (Linux; Android 12; V2134) AppleWebKit/537.36 (KHTML, like Gecko) Chrome/116.0.0.0 Mobile Safari/537.36"
4.189.152.26 - - [26/Nov/2025:05:26:56 +0800] "GET /wp-includes/Text/Diff/Renderer/ HTTP/1.1" 403 146 "https://www.google.co.uk/" "Mozilla/5.0 (iPhone; CPU iPhone OS 17_1_1 like Mac OS X) AppleWebKit/605.1.15 (KHTML, like Gecko) Version/17.1 Mobile/15E148 Safari/604.1"
4.189.152.26 - - [26/Nov/2025:05:26:56 +0800] "GET /wp-includes/blocks/ HTTP/1.1" 200 12 "https://www.google.de/" "Mozilla/5.0 (Linux; Android 11; 21081111RG) AppleWebKit/537.36 (KHTML, like Gecko) Chrome/116.0.0.0 Mobile Safari/537.36"
4.189.152.26 - - [26/Nov/2025:05:26:56 +0800] "GET /wp-includes/certificates/ HTTP/1.1" 403 548 "https://www.google.com/" "Mozilla/5.0 (Linux; Android 13; M2101K6G) AppleWebKit/537.36 (KHTML, like Gecko) Chrome/116.0.0.0 Mobile Safari/537.36"
4.189.152.26 - - [26/Nov/2025:05:26:57 +0800] "GET /wp-includes/customize/ HTTP/1.1" 403 548 "https://www.google.de/" "Mozilla/5.0 (Linux; Android 14; Pixel 8 Pro) AppleWebKit/537.36 (KHTML, like Gecko) Chrome/119.0.0.0 Mobile Safari/537.36"
4.189.152.26 - - [26/Nov/2025:05:26:58 +0800] "GET /wp-includes/fonts/ HTTP/1.1" 403 548 "https://www.bing.com/" "Mozilla/5.g (Linux; Android 13; Pixel 7) AppleWebKit/537.36 (KHTML, like Gecko) Chrome/116.0.0.0 Mobile Safari/537.36"
4.189.152.26 - - [26/Nov/2025:05:26:58 +0800] "GET /wp-includes/images/ HTTP/1.1" 403 548 "https://www.yahoo.com/" "Mozilla/5.0 (Linux; Android 10; LM-Q720) AppleWebKit/537.36 (KHTML, like Gecko) Chrome/116.0.0.0 Mobile Safari/537.36"
4.189.152.26 - - [26/Nov/2025:05:26:59 +0800] "GET /.well-known/ HTTP/1.1" 404 31381 "https://www.google.com/" "Mozilla/5.0 (iPhone; CPU iPhone OS 17_1_1 like Mac OS X) AppleWebKit/605.1.15 (KHTML, like Gecko) Version/17.1 Mobile/15E148 Safari/604.1"
4.189.152.26 - - [26/Nov/2025:05:27:00 +0800] "GET /ALFA_DATA/ HTTP/1.1" 404 31381 "https://www.bing.com/" "Mozilla/5.0 (Linux; Android 12; 2201116SG) AppleWebKit/537.36 (KHTML, like Gecko) Chrome/116.0.0.0 Mobile Safari/537.36"
4.189.152.26 - - [26/Nov/2025:05:27:01 +0800] "GET /.well-knownold/ HTTP/1.1" 404 31381 "https://www.yahoo.com/" "Mozilla/5.0 (Linux; Android 12; SM-A525F) AppleWebKit/537.36 (KHTML, like Gecko) Chrome/117.0.0.0 Mobile Safari/537.36"
4.189.152.26 - - [26/Nov/2025:05:27:02 +0800] "GET /.well-known/acme-challenge/ HTTP/1.1" 404 31381 "https://www.google.com/" "Mozilla/5.0 (Linux; Android 14; Pixel 8 Pro) AppleWebKit/537.36 (KHTML, like Gecko) Chrome/119.0.0.0 Mobile Safari/537.36"
4.189.152.26 - - [26/Nov/2025:05:27:03 +0800] "GET /cgi-bin/ HTTP/1.1" 404 31381 "https://www.google.fr/" "Mozilla/5.0 (Linux; Android 13; SM-G991U) AppleWebKit/537.36 (KHTML, like Gecko) Chrome/117.0.0.0 Mobile Safari/537.36"
4.189.152.26 - - [26/Nov/2025:05:27:04 +0800] "GET /uploads/ HTTP/1.1" 404 31381 "https://www.bing.com/" "Mozilla/5.0 (Linux; Android 13; SM-S908E) AppleWebKit/537.36 (KHTML, like Gecko) Chrome/116.0.0.0 Mobile Safari/537.36"
4.189.152.26 - - [26/Nov/2025:05:27:05 +0800] "GET /upload/ HTTP/1.1" 404 31381 "https://www.yahoo.com/" "Mozilla/5.0 (Linux; Android 11; 21081111RG) AppleWebKit/537.36 (KHTML, like Gecko) Chrome/116.0.0.0 Mobile Safari/537.36"
4.189.152.26 - - [26/Nov/2025:05:27:06 +0800] "GET /admin/uploads/ HTTP/1.1" 404 31381 "https://duckduckgo.com/" "Mozilla/5.0 (Linux; Android 12; SM-A525F) AppleWebKit/537.36 (KHTML, like Gecko) Chrome/117.0.0.0 Mobile Safari/537.36"
4.189.152.26 - - [26/Nov/2025:05:27:07 +0800] "GET /Admin/uploads/ HTTP/1.1" 404 31381 "https://www.google.com/" "Mozilla/5.0 (Linux; Android 14; Pixel 8 Pro) AppleWebKit/537.36 (KHTML, like Gecko) Chrome/119.0.0.0 Mobile Safari/537.36"
4.189.152.26 - - [26/Nov/2025:05:27:08 +0800] "GET /admin/ HTTP/1.1" 302 5 "https://www.bing.com/" "Mozilla/5.0 (Linux; Android 10; LM-Q720) AppleWebKit/537.36 (KHTML, like Gecko) Chrome/116.0.0.0 Mobile Safari/537.36"
4.189.152.26 - - [26/Nov/2025:05:27:08 +0800] "GET /wp-admin/ HTTP/1.1" 302 5 "https://www.bing.com/" "Mozilla/5.0 (Linux; Android 10; LM-Q720) AppleWebKit/537.36 (KHTML, like Gecko) Chrome/116.0.0.0 Mobile Safari/537.36"
4.189.152.26 - - [26/Nov/2025:05:27:09 +0800] "GET /wp-login.php?redirect_to=http%3A%2F%2Fcqqizhou.com%2Fwp-admin%2F&reauth=1 HTTP/1.1" 200 8672 "https://www.bing.com/" "Mozilla/5.0 (Linux; Android 10; LM-Q720) AppleWebKit/537.36 (KHTML, like Gecko) Chrome/116.0.0.0 Mobile Safari/537.36"
4.189.152.26 - - [26/Nov/2025:05:27:10 +0800] "GET /images/ HTTP/1.1" 404 31381 "https://www.google.co.uk/" "Mozilla/5.0 (iPhone; CPU iPhone OS 17_1_1 like Mac OS X) AppleWebKit/605.1.15 (KHTML, like Gecko) Version/17.1 Mobile/15E148 Safari/604.1"
4.189.152.26 - - [26/Nov/2025:05:27:11 +0800] "GET /assets/ HTTP/1.1" 404 31381 "https://www.google.co.uk/" "Mozilla/5.0 (iPhone; CPU iPhone OS 17_1 like Mac OS X) AppleWebKit/605.1.15 (KHTML, like Gecko) CriOS/119.0.6045.109 Mobile/15E148 Safari/604.1"
4.189.152.26 - - [26/Nov/2025:05:27:12 +0800] "GET /vendor/phpunit/phpunit/src/Util/PHP/ HTTP/1.1" 404 31381 "https://www.google.com/" "Mozilla/5.0 (Linux; Android 12; V2134) AppleWebKit/537.36 (KHTML, like Gecko) Chrome/116.0.0.0 Mobile Safari/537.36"
4.189.152.26 - - [26/Nov/2025:05:27:13 +0800] "GET /upload/image/ HTTP/1.1" 404 31381 "https://www.google.co.uk/" "Mozilla/5.0 (Linux; Android 13; SM-S908E) AppleWebKit/537.36 (KHTML, like Gecko) Chrome/116.0.0.0 Mobile Safari/537.36"
4.189.152.26 - - [26/Nov/2025:05:27:14 +0800] "GET /assets/images/ HTTP/1.1" 404 31381 "https://duckduckgo.com/" "Mozilla/5.0 (iPhone; CPU iPhone OS 17_1 like Mac OS X) AppleWebKit/605.1.15 (KHTML, like Gecko) CriOS/119.0.6045.109 Mobile/15E148 Safari/604.1"
4.189.152.26 - - [26/Nov/2025:05:27:15 +0800] "GET /Public/ HTTP/1.1" 404 31381 "https://www.google.com/" "Mozilla/5.0 (Linux; Android 10; LM-Q720) AppleWebKit/537.36 (KHTML, like Gecko) Chrome/116.0.0.0 Mobile Safari/537.36"
4.189.152.26 - - [26/Nov/2025:05:27:16 +0800] "GET /vendor/ HTTP/1.1" 404 31381 "https://www.bing.com/" "Mozilla/5.0 (Linux; Android 12; V2134) AppleWebKit/537.36 (KHTML, like Gecko) Chrome/116.0.0.0 Mobile Safari/537.36"
4.189.152.26 - - [26/Nov/2025:05:27:16 +0800] "GET /local/ HTTP/1.1" 404 31381 "https://www.google.de/" "Mozilla/5.0 (iPad; CPU OS 17_0_3 like Mac OS X) AppleWebKit/605.1.15 (KHTML, like Gecko) Version/17.0.1 Mobile/15E148 Safari/604.1"
4.189.152.26 - - [26/Nov/2025:05:27:17 +0800] "GET /modules/ HTTP/1.1" 404 31381 "https://duckduckgo.com/" "Mozilla/5.0 (iPhone; CPU iPhone OS 15_7_9 like Mac OS X) AppleWebKit/605.1.15 (KHTML, like Gecko) Version/15.6.5 Mobile/15E148 Safari/604.1"
4.189.152.26 - - [26/Nov/2025:05:27:18 +0800] "GET /Site/ HTTP/1.1" 404 31381 "https://www.bing.com/" "Mozilla/5.0 (iPad; CPU OS 17_0_3 like Mac OS X) AppleWebKit/605.1.15 (KHTML, like Gecko) Version/17.0.1 Mobile/15E148 Safari/604.1"
4.189.152.26 - - [26/Nov/2025:05:27:19 +0800] "GET /system/ HTTP/1.1" 404 31381 "https://www.google.fr/" "Mozilla/5.0 (iPhone; CPU iPhone OS 17_0_3 like Mac OS X) AppleWebKit/605.1.15 (KHTML, like Gecko) Version/17.0.1 Mobile/15E148 Safari/604.1"
4.189.152.26 - - [26/Nov/2025:05:27:20 +0800] "GET /template/ HTTP/1.1" 404 31381 "https://www.google.de/" "Mozilla/5.0 (iPhone; CPU iPhone OS 16_6_1 like Mac OS X) AppleWebKit/605.1.15 (KHTML, like Gecko) Version/16.6 Mobile/15E148 Safari/604.1"
4.189.152.26 - - [26/Nov/2025:05:27:21 +0800] "GET /shop/ HTTP/1.1" 200 72779 "https://www.google.co.uk/" "Mozilla/5.0 (iPad; CPU OS 16_7_2 like Mac OS X) AppleWebKit/605.1.15 (KHTML, like Gecko) Version/16.6 Mobile/15E148 Safari/604.1"
4.189.152.26 - - [26/Nov/2025:05:27:22 +0800] "GET /files/ HTTP/1.1" 404 31381 "https://www.google.de/" "Mozilla/5.0 (iPhone; CPU iPhone OS 15_7_9 like Mac OS X) AppleWebKit/605.1.15 (KHTML, like Gecko) Version/15.6.5 Mobile/15E148 Safari/604.1"
4.189.152.26 - - [26/Nov/2025:05:27:23 +0800] "GET /admin/editor/ HTTP/1.1" 404 31381 "https://www.google.fr/" "Mozilla/5.0 (Linux; Android 10; LM-Q720) AppleWebKit/537.36 (KHTML, like Gecko) Chrome/116.0.0.0 Mobile Safari/537.36"
4.189.152.26 - - [26/Nov/2025:05:27:24 +0800] "GET /include/ HTTP/1.1" 404 31381 "https://www.google.fr/" "Mozilla/5.0 (Linux; Android 12; 2201116SG) AppleWebKit/537.36 (KHTML, like Gecko) Chrome/116.0.0.0 Mobile Safari/537.36"
4.189.152.26 - - [26/Nov/2025:05:27:24 +0800] "GET /Assets/ HTTP/1.1" 404 31381 "https://duckduckgo.com/" "Mozilla/5.0 (Linux; Android 14; Pixel 8 Pro) AppleWebKit/537.36 (KHTML, like Gecko) Chrome/119.0.0.0 Mobile Safari/537.36"
4.189.152.26 - - [26/Nov/2025:05:27:25 +0800] "GET /images/stories/ HTTP/1.1" 404 31381 "https://www.bing.com/" "Mozilla/5.0 (iPhone; CPU iPhone OS 16_0 like Mac OS X) AppleWebKit/605.1.15 (KHTML, like Gecko) FxiOS/118.0 Mobile/15E148 Safari/605.1.15"
4.189.152.26 - - [26/Nov/2025:05:27:26 +0800] "GET /plugins/ HTTP/1.1" 404 31381 "https://www.google.co.uk/" "Mozilla/5.0 (iPhone; CPU iPhone OS 15_7_9 like Mac OS X) AppleWebKit/605.1.15 (KHTML, like Gecko) Version/15.6.5 Mobile/15E148 Safari/604.1"
4.189.152.26 - - [26/Nov/2025:05:27:27 +0800] "GET /php/ HTTP/1.1" 404 31381 "https://www.bing.com/" "Mozilla/5.0 (iPad; CPU OS 17_0_3 like Mac OS X) AppleWebKit/605.1.15 (KHTML, like Gecko) Version/17.0.1 Mobile/15E148 Safari/604.1"
4.189.152.26 - - [26/Nov/2025:05:27:28 +0800] "GET /wp-includes/assets/ HTTP/1.1" 403 146 "https://www.yahoo.com/" "Mozilla/5.0 (iPhone; CPU iPhone OS 17_0_3 like Mac OS X) AppleWebKit/605.1.15 (KHTML, like Gecko) Version/17.0.1 Mobile/15E148 Safari/604.1"
4.189.152.26 - - [26/Nov/2025:05:27:28 +0800] "GET /wp-includes/Text/Diff/Engine/ HTTP/1.1" 403 146 "https://www.yahoo.com/" "Mozilla/5.0 (iPhone; CPU iPhone OS 17_1 like Mac OS X) AppleWebKit/605.1.15 (KHTML, like Gecko) CriOS/119.0.6045.109 Mobile/15E148 Safari/604.1"
4.189.152.26 - - [26/Nov/2025:05:27:28 +0800] "GET /wp-includes/block-patterns/ HTTP/1.1" 403 548 "https://www.google.com/" "Mozilla/5.0 (Linux; Android 10; LM-Q720) AppleWebKit/537.36 (KHTML, like Gecko) Chrome/116.0.0.0 Mobile Safari/537.36"
4.189.152.26 - - [26/Nov/2025:05:27:28 +0800] "GET /wp-includes/Text/Diff/ HTTP/1.1" 403 146 "https://duckduckgo.com/" "Mozilla/5.0 (iPad; CPU OS 16_7_2 like Mac OS X) AppleWebKit/605.1.15 (KHTML, like Gecko) Version/16.6 Mobile/15E148 Safari/604.1"
4.189.152.26 - - [26/Nov/2025:05:27:28 +0800] "GET /wp-includes/block-supports/ HTTP/1.1" 403 548 "https://www.google.com/" "Mozilla/5.0 (Linux; Android 11; 21081111RG) AppleWebKit/537.36 (KHTML, like Gecko) Chrome/116.0.0.0 Mobile Safari/537.36"
4.189.152.26 - - [26/Nov/2025:05:27:29 +0800] "GET /wp-includes/SimplePie/Cache/ HTTP/1.1" 404 31381 "https://www.google.co.uk/" "Mozilla/5.0 (Linux; Android 10; LM-Q720) AppleWebKit/537.36 (KHTML, like Gecko) Chrome/116.0.0.0 Mobile Safari/537.36"
4.189.152.26 - - [26/Nov/2025:05:27:30 +0800] "GET /wp-includes/SimplePie/Content/Type/ HTTP/1.1" 404 31381 "https://www.yahoo.com/" "Mozilla/5.0 (iPhone; CPU iPhone OS 17_0_3 like Mac OS X) AppleWebKit/605.1.15 (KHTML, like Gecko) Version/17.0.1 Mobile/15E148 Safari/604.1"
4.189.152.26 - - [26/Nov/2025:05:27:31 +0800] "GET /wp-includes/SimplePie/Content/ HTTP/1.1" 404 31381 "https://www.google.de/" "Mozilla/5.0 (iPad; CPU OS 16_7_2 like Mac OS X) AppleWebKit/605.1.15 (KHTML, like Gecko) Version/16.6 Mobile/15E148 Safari/604.1"
4.189.152.26 - - [26/Nov/2025:05:27:31 +0800] "GET /wp-includes/rest-api/endpoints/ HTTP/1.1" 403 548 "https://www.google.de/" "Mozilla/5.0 (Linux; Android 12; V2134) AppleWebKit/537.36 (KHTML, like Gecko) Chrome/116.0.0.0 Mobile Safari/537.36"
4.189.152.26 - - [26/Nov/2025:05:27:31 +0800] "GET /wp-includes/rest-api/fields/ HTTP/1.1" 403 548 "https://www.bing.com/" "Mozilla/5.g (Linux; Android 13; Pixel 7) AppleWebKit/537.36 (KHTML, like Gecko) Chrome/116.0.0.0 Mobile Safari/537.36"
4.189.152.26 - - [26/Nov/2025:05:27:32 +0800] "GET /wp-includes/Requests/Cookie/ HTTP/1.1" 404 31381 "https://www.google.de/" "Mozilla/5.0 (Linux; Android 12; V2134) AppleWebKit/537.36 (KHTML, like Gecko) Chrome/116.0.0.0 Mobile Safari/537.36"
4.189.152.26 - - [26/Nov/2025:05:27:33 +0800] "GET /wp-includes/Requests/Proxy/ HTTP/1.1" 404 31381 "https://www.bing.com/" "Mozilla/5.0 (Linux; Android 13; M2101K6G) AppleWebKit/537.36 (KHTML, like Gecko) Chrome/116.0.0.0 Mobile Safari/537.36"
4.189.152.26 - - [26/Nov/2025:05:27:34 +0800] "GET /wp-includes/Requests/Response/ HTTP/1.1" 404 31381 "https://www.bing.com/" "Mozilla/5.0 (Linux; Android 12; SM-A525F) AppleWebKit/537.36 (KHTML, like Gecko) Chrome/117.0.0.0 Mobile Safari/537.36"
4.189.152.26 - - [26/Nov/2025:05:27:35 +0800] "GET /wp-includes/Requests/Transport/ HTTP/1.1" 404 31381 "https://www.google.co.uk/" "Mozilla/5.0 (iPhone; CPU iPhone OS 16_6_1 like Mac OS X) AppleWebKit/605.1.15 (KHTML, like Gecko) Version/16.6 Mobile/15E148 Safari/604.1"
4.189.152.26 - - [26/Nov/2025:05:27:35 +0800] "GET /wp-includes/Requests/Utility/ HTTP/1.1" 404 31381 "https://www.yahoo.com/" "Mozilla/5.0 (Linux; Android 11; 21081111RG) AppleWebKit/537.36 (KHTML, like Gecko) Chrome/116.0.0.0 Mobile Safari/537.36"
4.189.152.26 - - [26/Nov/2025:05:27:36 +0800] "GET /wp-includes/js/codemirror/ HTTP/1.1" 403 146 "https://www.google.co.uk/" "Mozilla/5.0 (iPhone; CPU iPhone OS 17_1 like Mac OS X) AppleWebKit/605.1.15 (KHTML, like Gecko) CriOS/119.0.6045.109 Mobile/15E148 Safari/604.1"
4.189.152.26 - - [26/Nov/2025:05:27:36 +0800] "GET /wp-includes/Requests/Exception/HTTP/ HTTP/1.1" 404 31381 "https://www.yahoo.com/" "Mozilla/5.0 (iPad; CPU OS 16_7_2 like Mac OS X) AppleWebKit/605.1.15 (KHTML, like Gecko) Version/16.6 Mobile/15E148 Safari/604.1"
4.189.152.26 - - [26/Nov/2025:05:27:37 +0800] "GET /wp-includes/js/crop/ HTTP/1.1" 403 146 "https://duckduckgo.com/" "Mozilla/5.0 (iPad; CPU OS 16_7_2 like Mac OS X) AppleWebKit/605.1.15 (KHTML, like Gecko) Version/16.6 Mobile/15E148 Safari/604.1"
4.189.152.26 - - [26/Nov/2025:05:27:38 +0800] "GET /wp-includes/images/crystal/ HTTP/1.1" 403 146 "https://www.google.fr/" "Mozilla/5.0 (iPad; CPU OS 16_7_2 like Mac OS X) AppleWebKit/605.1.15 (KHTML, like Gecko) Version/16.6 Mobile/15E148 Safari/604.1"
4.189.152.26 - - [26/Nov/2025:05:27:38 +0800] "GET /wp-includes/images/media/ HTTP/1.1" 403 146 "https://www.yahoo.com/" "Mozilla/5.0 (iPhone; CPU iPhone OS 17_0_3 like Mac OS X) AppleWebKit/605.1.15 (KHTML, like Gecko) Version/17.0.1 Mobile/15E148 Safari/604.1"
4.189.152.26 - - [26/Nov/2025:05:27:38 +0800] "GET /wp-includes/images/smilies/ HTTP/1.1" 403 146 "https://www.google.fr/" "Mozilla/5.0 (iPhone; CPU iPhone OS 15_7_9 like Mac OS X) AppleWebKit/605.1.15 (KHTML, like Gecko) Version/15.6.5 Mobile/15E148 Safari/604.1"
4.189.152.26 - - [26/Nov/2025:05:27:39 +0800] "GET /wp-includes/images/wlw/ HTTP/1.1" 404 31381 "https://www.google.co.uk/" "Mozilla/5.0 (Linux; Android 12; 2201116SG) AppleWebKit/537.36 (KHTML, like Gecko) Chrome/116.0.0.0 Mobile Safari/537.36"
4.189.152.26 - - [26/Nov/2025:05:27:39 +0800] "GET /wp-includes/rest-api/search/ HTTP/1.1" 403 146 "https://www.bing.com/" "Mozilla/5.0 (iPhone; CPU iPhone OS 17_1_1 like Mac OS X) AppleWebKit/605.1.15 (KHTML, like Gecko) Version/17.1 Mobile/15E148 Safari/604.1"
4.189.152.26 - - [26/Nov/2025:05:27:40 +0800] "GET /wp-includes/Requests/Exception/ HTTP/1.1" 404 31381 "https://www.google.fr/" "Mozilla/5.0 (Linux; Android 12; V2134) AppleWebKit/537.36 (KHTML, like Gecko) Chrome/116.0.0.0 Mobile Safari/537.36"
4.189.152.26 - - [26/Nov/2025:05:27:41 +0800] "GET /wp-includes/Requests/Auth/ HTTP/1.1" 404 31381 "https://www.bing.com/" "Mozilla/5.0 (Linux; Android 12; V2134) AppleWebKit/537.36 (KHTML, like Gecko) Chrome/116.0.0.0 Mobile Safari/537.36"
4.189.152.26 - - [26/Nov/2025:05:27:41 +0800] "GET /wp-includes/sodium_compat/src/ HTTP/1.1" 403 146 "https://www.google.de/" "Mozilla/5.0 (iPhone; CPU iPhone OS 15_7_9 like Mac OS X) AppleWebKit/605.1.15 (KHTML, like Gecko) Version/15.6.5 Mobile/15E148 Safari/604.1"
4.189.152.26 - - [26/Nov/2025:05:27:42 +0800] "GET /wp-includes/sitemaps/providers/ HTTP/1.1" 403 146 "https://www.google.com/" "Mozilla/5.0 (iPhone; CPU iPhone OS 17_0_3 like Mac OS X) AppleWebKit/605.1.15 (KHTML, like Gecko) Version/17.0.1 Mobile/15E148 Safari/604.1"
4.189.152.26 - - [26/Nov/2025:05:27:42 +0800] "GET /wp-includes/Text/Diff/Engine/Engine/ HTTP/1.1" 404 31381 "https://www.yahoo.com/" "Mozilla/5.0 (Linux; Android 13; M2101K6G) AppleWebKit/537.36 (KHTML, like Gecko) Chrome/116.0.0.0 Mobile Safari/537.36"
4.189.152.26 - - [26/Nov/2025:05:27:43 +0800] "GET /wp-includes/html-api/ HTTP/1.1" 403 548 "https://www.bing.com/" "Mozilla/5.0 (Linux; Android 10; K) AppleWebKit/537.36 (KHTML, like Gecko) Chrome/117.0.0.0 Mobile Safari/537.36"
4.189.152.26 - - [26/Nov/2025:05:27:43 +0800] "GET /wp-includes/php-compat/ HTTP/1.1" 403 146 "https://duckduckgo.com/" "Mozilla/5.0 (iPhone; CPU iPhone OS 17_1_1 like Mac OS X) AppleWebKit/605.1.15 (KHTML, like Gecko) Version/17.1 Mobile/15E148 Safari/604.1"
4.189.152.26 - - [26/Nov/2025:05:27:43 +0800] "GET /wp-includes/PHPMailer/ HTTP/1.1" 403 548 "https://www.google.com/" "Mozilla/5.0 (Linux; Android 11; 21081111RG) AppleWebKit/537.36 (KHTML, like Gecko) Chrome/116.0.0.0 Mobile Safari/537.36"
4.189.152.26 - - [26/Nov/2025:05:27:44 +0800] "GET /wp-includes/random_compat/ HTTP/1.1" 404 31381 "https://duckduckgo.com/" "Mozilla/5.0 (iPhone; CPU iPhone OS 17_1 like Mac OS X) AppleWebKit/605.1.15 (KHTML, like Gecko) CriOS/119.0.6045.109 Mobile/15E148 Safari/604.1"
4.189.152.26 - - [26/Nov/2025:05:27:44 +0800] "GET /wp-includes/sitemaps/ HTTP/1.1" 403 548 "https://www.bing.com/" "Mozilla/5.g (Linux; Android 13; Pixel 7) AppleWebKit/537.36 (KHTML, like Gecko) Chrome/116.0.0.0 Mobile Safari/537.36"
