4.189.152.26 - - [26/Nov/2025:05:27:45 +0800] "GET /wp-includes/sodium_compat/ HTTP/1.1" 403 548 "https://www.yahoo.com/" "Mozilla/5.0 (Linux; Android 10; LM-Q720) AppleWebKit/537.36 (KHTML, like Gecko) Chrome/116.0.0.0 Mobile Safari/537.36"
4.189.152.26 - - [26/Nov/2025:05:27:45 +0800] "GET /wp-includes/style-engine/ HTTP/1.1" 403 548 "https://www.google.de/" "Mozilla/5.0 (Linux; Android 12; V2134) AppleWebKit/537.36 (KHTML, like Gecko) Chrome/116.0.0.0 Mobile Safari/537.36"
4.189.152.26 - - [26/Nov/2025:05:27:45 +0800] "GET /wp-includes/theme-compat/ HTTP/1.1" 403 146 "https://www.google.fr/" "Mozilla/5.0 (iPhone; CPU iPhone OS 16_0 like Mac OS X) AppleWebKit/605.1.15 (KHTML, like Gecko) FxiOS/118.0 Mobile/15E148 Safari/605.1.15"
4.189.152.26 - - [26/Nov/2025:05:27:45 +0800] "GET /wp-admin/css/colors/ectoplasm/ HTTP/1.1" 403 548 "https://www.google.de/" "Mozilla/5.0 (Linux; Android 13; SM-G991U) AppleWebKit/537.36 (KHTML, like Gecko) Chrome/117.0.0.0 Mobile Safari/537.36"
4.189.152.26 - - [26/Nov/2025:05:27:45 +0800] "GET /wp-admin/css/colors/ HTTP/1.1" 403 146 "https://www.google.de/" "Mozilla/5.0 (iPhone; CPU iPhone OS 16_6_1 like Mac OS X) AppleWebKit/605.1.15 (KHTML, like Gecko) Version/16.6 Mobile/15E148 Safari/604.1"
36.133.115.36 - - [26/Nov/2025:05:27:46 +0800] "POST /wp-cron.php?doing_wp_cron=1764106066.6283769607543945312500 HTTP/1.1" 200 31 "-" "WordPress/6.8.3; http://cqqizhou.com"
4.189.152.26 - - [26/Nov/2025:05:27:46 +0800] "GET /admin/images/slider/ HTTP/1.1" 404 31381 "https://www.bing.com/" "Mozilla/5.0 (Linux; Android 13; SM-S908E) AppleWebKit/537.36 (KHTML, like Gecko) Chrome/116.0.0.0 Mobile Safari/537.36"
4.189.152.26 - - [26/Nov/2025:05:27:47 +0800] "GET /admin/fckeditor/editor/filemanager/ HTTP/1.1" 404 31381 "https://www.google.fr/" "Mozilla/5.g (Linux; Android 13; Pixel 7) AppleWebKit/537.36 (KHTML, like Gecko) Chrome/116.0.0.0 Mobile Safari/537.36"
4.189.152.26 - - [26/Nov/2025:05:27:48 +0800] "GET /sites/default/files/ HTTP/1.1" 404 31381 "https://www.google.com/" "Mozilla/5.0 (Linux; Android 13; SM-G991U) AppleWebKit/537.36 (KHTML, like Gecko) Chrome/117.0.0.0 Mobile Safari/537.36"
4.189.152.26 - - [26/Nov/2025:05:27:49 +0800] "GET /admin/controller/extension/extension/ HTTP/1.1" 404 31381 "https://duckduckgo.com/" "Mozilla/5.0 (iPhone; CPU iPhone OS 17_1 like Mac OS X) AppleWebKit/605.1.15 (KHTML, like Gecko) CriOS/119.0.6045.109 Mobile/15E148 Safari/604.1"
4.189.152.26 - - [26/Nov/2025:05:27:50 +0800] "GET /modules/mod_simplefileuploadv1.3/elements/ HTTP/1.1" 404 31381 "https://duckduckgo.com/" "Mozilla/5.0 (iPhone; CPU iPhone OS 16_0 like Mac OS X) AppleWebKit/605.1.15 (KHTML, like Gecko) FxiOS/118.0 Mobile/15E148 Safari/605.1.15"
4.189.152.26 - - [26/Nov/2025:05:27:51 +0800] "GET /components/ HTTP/1.1" 404 31381 "https://www.bing.com/" "Mozilla/5.0 (iPhone; CPU iPhone OS 16_0 like Mac OS X) AppleWebKit/605.1.15 (KHTML, like Gecko) FxiOS/118.0 Mobile/15E148 Safari/605.1.15"
4.189.152.26 - - [26/Nov/2025:05:27:52 +0800] "GET /admin/uploads/images/ HTTP/1.1" 404 31381 "https://www.google.de/" "Mozilla/5.0 (Linux; Android 10; K) AppleWebKit/537.36 (KHTML, like Gecko) Chrome/117.0.0.0 Mobile Safari/537.36"
36.133.115.36 - - [26/Nov/2025:05:33:33 +0800] "POST /wp-cron.php?doing_wp_cron=1764106413.8342530727386474609375 HTTP/1.1" 200 31 "-" "WordPress/6.8.3; http://cqqizhou.com"
204.76.203.212 - - [26/Nov/2025:05:33:34 +0800] "GET / HTTP/1.1" 200 33526 "-" "Mozilla/5.0 (Windows NT 10.0; Win64; x64) AppleWebKit/537.36 (KHTML, like Gecko) Chrome/90.0.4430.85 Safari/537.36 Edg/90.0.818.46"
36.133.115.36 - - [26/Nov/2025:05:45:31 +0800] "POST /wp-cron.php?doing_wp_cron=1764107131.4662930965423583984375 HTTP/1.1" 200 31 "-" "WordPress/6.8.3; http://cqqizhou.com"
43.157.52.37 - - [26/Nov/2025:05:45:31 +0800] "GET / HTTP/1.1" 200 33527 "-" "Mozilla/5.0 (iPhone; CPU iPhone OS 13_2_3 like Mac OS X) AppleWebKit/605.1.15 (KHTML, like Gecko) Version/13.0.3 Mobile/15E148 Safari/604.1"
79.124.40.174 - - [26/Nov/2025:05:55:41 +0800] "POST /vendor/phpunit/phpunit/src/Util/PHP/eval-stdin.php HTTP/1.1" 404 47 "-" "Mozilla/5.0 (Windows NT 10.0; Win64; x64) AppleWebKit/537.36 (KHTML, like Gecko) Chrome/78.0.3904.108 Safari/537.36"
36.133.115.36 - - [26/Nov/2025:06:09:11 +0800] "POST /wp-cron.php?doing_wp_cron=1764108551.0660259723663330078125 HTTP/1.1" 200 31 "-" "WordPress/6.8.3; http://cqqizhou.com"
91.196.152.24 - - [26/Nov/2025:06:09:11 +0800] "GET / HTTP/1.1" 301 5 "-" "Mozilla/5.0 (X11; Ubuntu; Linux x86_64; rv:134.0) Gecko/20100101 Firefox/134.0"
36.133.115.36 - - [26/Nov/2025:06:12:32 +0800] "POST /wp-cron.php?doing_wp_cron=1764108752.7412989139556884765625 HTTP/1.1" 200 31 "-" "WordPress/6.8.3; http://cqqizhou.com"
40.124.186.160 - - [26/Nov/2025:06:12:32 +0800] "GET /actuator/health HTTP/1.1" 404 8989 "-" "Mozilla/5.0 zgrab/0.x"
36.133.115.36 - - [26/Nov/2025:06:13:58 +0800] "POST /wp-cron.php?doing_wp_cron=1764108838.5364489555358886718750 HTTP/1.1" 200 31 "-" "WordPress/6.8.3; http://cqqizhou.com"
193.142.147.209 - - [26/Nov/2025:06:13:58 +0800] "GET /cgi-bin/luci/;stok=/locale HTTP/1.1" 301 5 "-" "-"
193.142.147.209 - - [26/Nov/2025:06:13:59 +0800] "GET /cgi-bin/luci/;stok=/locale HTTP/1.1" 404 31381 "http://36.133.115.36:80/cgi-bin/luci/;stok=/locale" "-"
36.133.115.36 - - [26/Nov/2025:06:15:19 +0800] "POST /wp-cron.php?doing_wp_cron=1764108919.6369090080261230468750 HTTP/1.1" 200 31 "-" "WordPress/6.8.3; http://cqqizhou.com"
61.238.27.209 - - [26/Nov/2025:06:15:19 +0800] "GET /robots.txt HTTP/1.1" 200 390 "-" "Mozilla/5.0 (compatible; MJ12bot/v1.4.8; http://mj12bot.com/)"
61.238.27.209 - - [26/Nov/2025:06:15:21 +0800] "GET /portfolio/%E5%86%B7%E8%BD%A7%E5%8D%B7/ HTTP/1.1" 200 22126 "-" "Mozilla/5.0 (compatible; MJ12bot/v1.4.8; http://mj12bot.com/)"
36.133.115.36 - - [26/Nov/2025:06:15:48 +0800] "POST /wp-cron.php?doing_wp_cron=1764108948.6087229251861572265625 HTTP/1.1" 200 31 "-" "WordPress/6.8.3; http://cqqizhou.com"
79.124.40.174 - - [26/Nov/2025:06:15:48 +0800] "GET /solr/admin/info/system?wt=json HTTP/1.1" 301 5 "-" "Mozilla/5.0 (Windows NT 10.0; Win64; x64) AppleWebKit/537.36 (KHTML, like Gecko) Chrome/78.0.3904.108 Safari/537.36"
36.133.115.36 - - [26/Nov/2025:06:28:05 +0800] "POST /wp-cron.php?doing_wp_cron=1764109685.8118960857391357421875 HTTP/1.1" 200 31 "-" "WordPress/6.8.3; http://cqqizhou.com"
213.253.204.58 - - [26/Nov/2025:06:28:05 +0800] "POST /xmlrpc.php HTTP/1.1" 200 217 "-" "Mozilla/5.0 (Windows NT 10.0; Win64; x64; rv:77.0) Gecko/20100101 Firefox/77.0"
36.133.115.36 - - [26/Nov/2025:06:29:25 +0800] "POST /wp-cron.php?doing_wp_cron=1764109765.5489270687103271484375 HTTP/1.1" 200 31 "-" "WordPress/6.8.3; http://cqqizhou.com"
176.32.195.85 - - [26/Nov/2025:06:29:25 +0800] "GET / HTTP/1.0" 301 0 "-" "Mozilla/5.0 (Windows NT 10.0; Win64; x64) AppleWebKit/537.36 (KHTML, like Gecko) Chrome/96.0.4664.45 Safari/537.36"
36.133.115.36 - - [26/Nov/2025:06:30:17 +0800] "POST /wp-cron.php?doing_wp_cron=1764109817.5253040790557861328125 HTTP/1.1" 200 31 "-" "WordPress/6.8.3; http://cqqizhou.com"
95.215.0.144 - - [26/Nov/2025:06:30:17 +0800] "GET /aaa9 HTTP/1.1" 301 5 "-" "Mozilla/5.0 (Windows NT 10.0; Win64; x64) AppleWebKit/537.36 (KHTML, like Gecko) Chrome/70.0.3538.77 Safari/537.36"
95.215.0.144 - - [26/Nov/2025:06:30:19 +0800] "GET /aab9 HTTP/1.1" 301 5 "-" "Mozilla/5.0 (Windows NT 10.0; Win64; x64) AppleWebKit/537.36 (KHTML, like Gecko) Chrome/70.0.3538.77 Safari/537.36"
36.133.115.36 - - [26/Nov/2025:06:32:53 +0800] "POST /wp-cron.php?doing_wp_cron=1764109973.4109299182891845703125 HTTP/1.1" 200 31 "-" "WordPress/6.8.3; http://cqqizhou.com"
43.130.141.193 - - [26/Nov/2025:06:32:53 +0800] "GET / HTTP/1.1" 200 33527 "-" "Mozilla/5.0 (iPhone; CPU iPhone OS 13_2_3 like Mac OS X) AppleWebKit/605.1.15 (KHTML, like Gecko) Version/13.0.3 Mobile/15E148 Safari/604.1"
36.133.115.36 - - [26/Nov/2025:06:39:56 +0800] "POST /wp-cron.php?doing_wp_cron=1764110396.3178350925445556640625 HTTP/1.1" 200 31 "-" "WordPress/6.8.3; http://cqqizhou.com"
193.142.147.209 - - [26/Nov/2025:06:39:57 +0800] "GET / HTTP/1.1" 200 152189 "-" "-"
36.133.115.36 - - [26/Nov/2025:06:52:23 +0800] "POST /wp-cron.php?doing_wp_cron=1764111143.5425179004669189453125 HTTP/1.1" 200 31 "-" "WordPress/6.8.3; http://cqqizhou.com"
87.121.84.52 - - [26/Nov/2025:06:52:24 +0800] "GET / HTTP/1.0" 200 109870 "-" "Mozilla/5.0 (X11; Linux x86_64; rv:140.0) Gecko/20100101 Firefox/140.0"
36.133.115.36 - - [26/Nov/2025:06:53:58 +0800] "POST /wp-cron.php?doing_wp_cron=1764111238.9172759056091308593750 HTTP/1.1" 200 31 "-" "WordPress/6.8.3; http://cqqizhou.com"
5.187.35.21 - - [26/Nov/2025:06:53:59 +0800] "GET / HTTP/1.1" 200 152189 "-" "-"
36.133.115.36 - - [26/Nov/2025:06:59:57 +0800] "POST /wp-cron.php?doing_wp_cron=1764111597.3607559204101562500000 HTTP/1.1" 200 31 "-" "WordPress/6.8.3; http://cqqizhou.com"
35.202.9.133 - - [26/Nov/2025:06:59:57 +0800] "GET / HTTP/1.1" 301 5 "-" "Mozilla/5.0 (compatible; tchelebi/1.0; +http://tchelebi.io)"
36.133.115.36 - - [26/Nov/2025:07:01:48 +0800] "POST /wp-cron.php?doing_wp_cron=1764111708.8379440307617187500000 HTTP/1.1" 200 31 "-" "WordPress/6.8.3; http://cqqizhou.com"
204.76.203.212 - - [26/Nov/2025:07:01:49 +0800] "GET / HTTP/1.1" 200 33527 "-" "Mozilla/5.0 (Windows NT 10.0; Win64; x64) AppleWebKit/537.36 (KHTML, like Gecko) Chrome/90.0.4430.85 Safari/537.36 Edg/90.0.818.46"
36.133.115.36 - - [26/Nov/2025:07:06:15 +0800] "POST /wp-cron.php?doing_wp_cron=1764111975.4635479450225830078125 HTTP/1.1" 200 31 "-" "WordPress/6.8.3; http://cqqizhou.com"
85.208.96.211 - - [26/Nov/2025:07:06:15 +0800] "GET /robots.txt HTTP/1.1" 200 190 "-" "Mozilla/5.0 (compatible; SemrushBot/7~bl; +http://www.semrush.com/bot.html)"
36.133.115.36 - - [26/Nov/2025:07:09:54 +0800] "POST /wp-cron.php?doing_wp_cron=1764112194.3107929229736328125000 HTTP/1.1" 200 31 "-" "WordPress/6.8.3; http://cqqizhou.com"
79.124.40.174 - - [26/Nov/2025:07:09:54 +0800] "GET /console/ HTTP/1.1" 301 5 "-" "Mozilla/5.0 (Windows NT 10.0; Win64; x64) AppleWebKit/537.36 (KHTML, like Gecko) Chrome/78.0.3904.108 Safari/537.36"
79.124.40.174 - - [26/Nov/2025:07:09:55 +0800] "GET /console/ HTTP/1.1" 404 8989 "http://36.133.115.36:80/console/" "Mozilla/5.0 (Windows NT 10.0; Win64; x64) AppleWebKit/537.36 (KHTML, like Gecko) Chrome/78.0.3904.108 Safari/537.36"
36.133.115.36 - - [26/Nov/2025:07:19:03 +0800] "POST /wp-cron.php?doing_wp_cron=1764112743.2945349216461181640625 HTTP/1.1" 200 31 "-" "WordPress/6.8.3; http://cqqizhou.com"
79.124.40.174 - - [26/Nov/2025:07:19:03 +0800] "GET /_ignition/execute-solution HTTP/1.1" 301 5 "-" "Mozilla/5.0 (Windows NT 10.0; Win64; x64) AppleWebKit/537.36 (KHTML, like Gecko) Chrome/78.0.3904.108 Safari/537.36"
36.133.115.36 - - [26/Nov/2025:07:34:48 +0800] "POST /wp-cron.php?doing_wp_cron=1764113688.3520689010620117187500 HTTP/1.1" 200 31 "-" "WordPress/6.8.3; http://cqqizhou.com"
211.21.61.244 - - [26/Nov/2025:07:34:48 +0800] "POST /xmlrpc.php HTTP/1.1" 200 217 "-" "Mozilla/5.0 (Windows NT 10.0; Win64; x64; rv:53.0) Gecko/20100101 Firefox/53.0"
36.133.115.36 - - [26/Nov/2025:07:37:17 +0800] "POST /wp-cron.php?doing_wp_cron=1764113837.8303720951080322265625 HTTP/1.1" 200 31 "-" "WordPress/6.8.3; http://cqqizhou.com"
79.124.40.174 - - [26/Nov/2025:07:37:18 +0800] "GET / HTTP/1.1" 200 33527 "-" "Mozilla/5.0 (Windows NT 10.0; Win64; x64) AppleWebKit/537.36 (KHTML, like Gecko) Chrome/78.0.3904.108 Safari/537.36"
36.133.115.36 - - [26/Nov/2025:07:39:27 +0800] "POST /wp-cron.php?doing_wp_cron=1764113967.4870910644531250000000 HTTP/1.1" 200 31 "-" "WordPress/6.8.3; http://cqqizhou.com"
193.34.213.150 - - [26/Nov/2025:07:39:27 +0800] "GET / HTTP/1.1" 200 33527 "-" "Mozilla/5.0 (Windows NT 10.0; Win64; x64; rv:143.0) Gecko/20100101 Firefox/143.0"
36.133.115.36 - - [26/Nov/2025:07:53:20 +0800] "POST /wp-cron.php?doing_wp_cron=1764114800.5249059200286865234375 HTTP/1.1" 200 31 "-" "WordPress/6.8.3; http://cqqizhou.com"
79.124.40.174 - - [26/Nov/2025:07:53:20 +0800] "GET /actuator/gateway/routes HTTP/1.1" 301 5 "-" "Mozilla/5.0 (Windows NT 10.0; Win64; x64) AppleWebKit/537.36 (KHTML, like Gecko) Chrome/78.0.3904.108 Safari/537.36"
36.133.115.36 - - [26/Nov/2025:08:18:01 +0800] "POST /wp-cron.php?doing_wp_cron=1764116281.3820281028747558593750 HTTP/1.1" 200 31 "-" "WordPress/6.8.3; http://cqqizhou.com"
40.77.167.132 - - [26/Nov/2025:08:18:01 +0800] "GET /?s= HTTP/1.1" 200 19448 "-" "Mozilla/5.0 AppleWebKit/537.36 (KHTML, like Gecko; compatible; bingbot/2.0; +http://www.bing.com/bingbot.htm) Chrome/116.0.1938.76 Safari/537.36"
36.133.115.36 - - [26/Nov/2025:08:20:29 +0800] "POST /wp-cron.php?doing_wp_cron=1764116429.5104238986968994140625 HTTP/1.1" 200 31 "-" "WordPress/6.8.3; http://cqqizhou.com"
193.142.147.209 - - [26/Nov/2025:08:20:29 +0800] "GET /cgi-bin/luci/;stok=/locale HTTP/1.1" 301 5 "-" "-"
193.142.147.209 - - [26/Nov/2025:08:20:30 +0800] "GET /cgi-bin/luci/;stok=/locale HTTP/1.1" 404 31381 "http://36.133.115.36:80/cgi-bin/luci/;stok=/locale" "-"
36.133.115.36 - - [26/Nov/2025:08:24:15 +0800] "POST /wp-cron.php?doing_wp_cron=1764116655.9529030323028564453125 HTTP/1.1" 200 31 "-" "WordPress/6.8.3; http://cqqizhou.com"
103.38.161.197 - - [26/Nov/2025:08:24:15 +0800] "GET /wp-login.php HTTP/1.1" 200 2782 "-" "Mozilla/5.0 (X11; Ubuntu; Linux x86_64; rv:85.0) Gecko/20100101 Firefox/91.0"
103.38.161.197 - - [26/Nov/2025:08:24:16 +0800] "POST /wp-login.php HTTP/1.1" 200 2921 "-" "Mozilla/5.0 (X11; Ubuntu; Linux x86_64; rv:85.0) Gecko/20100101 Firefox/91.0"
36.133.115.36 - - [26/Nov/2025:08:27:25 +0800] "POST /wp-cron.php?doing_wp_cron=1764116845.3387579917907714843750 HTTP/1.1" 200 31 "-" "WordPress/6.8.3; http://cqqizhou.com"
204.76.203.212 - - [26/Nov/2025:08:27:25 +0800] "GET / HTTP/1.1" 200 33526 "-" "Mozilla/5.0 (Windows NT 10.0; Win64; x64) AppleWebKit/537.36 (KHTML, like Gecko) Chrome/90.0.4430.85 Safari/537.36 Edg/90.0.818.46"
36.133.115.36 - - [26/Nov/2025:08:40:39 +0800] "POST /wp-cron.php?doing_wp_cron=1764117639.8038868904113769531250 HTTP/1.1" 200 31 "-" "WordPress/6.8.3; http://cqqizhou.com"
65.109.158.238 - - [26/Nov/2025:08:40:39 +0800] "POST /xmlrpc.php HTTP/1.1" 200 217 "-" "Mozilla/5.0 (Windows NT 10.0; Win64; x64; rv:45.0) Gecko/20100101 Firefox/45.0"
36.133.115.36 - - [26/Nov/2025:08:41:31 +0800] "POST /wp-cron.php?doing_wp_cron=1764117691.6764960289001464843750 HTTP/1.1" 200 31 "-" "WordPress/6.8.3; http://cqqizhou.com"
216.73.216.176 - - [26/Nov/2025:08:41:31 +0800] "GET /robots.txt HTTP/1.1" 200 390 "-" "Mozilla/5.0 AppleWebKit/537.36 (KHTML, like Gecko; compatible; ClaudeBot/1.0; +claudebot@anthropic.com)"
216.73.216.176 - - [26/Nov/2025:08:41:33 +0800] "GET /wp-sitemap.xml HTTP/1.1" 501 253 "-" "Mozilla/5.0 AppleWebKit/537.36 (KHTML, like Gecko; compatible; ClaudeBot/1.0; +claudebot@anthropic.com)"
36.133.115.36 - - [26/Nov/2025:08:44:42 +0800] "POST /wp-cron.php?doing_wp_cron=1764117882.1713099479675292968750 HTTP/1.1" 200 31 "-" "WordPress/6.8.3; http://cqqizhou.com"
107.158.116.165 - - [26/Nov/2025:08:44:42 +0800] "GET /wp-login.php HTTP/1.1" 200 2782 "-" "Mozilla/5.0 (Windows NT 10.0; Win64; x64; rv:144.0) Gecko/20100101 Firefox/144.0"
107.158.116.165 - - [26/Nov/2025:08:44:43 +0800] "POST /wp-login.php HTTP/1.1" 200 2921 "http://cqqizhou.com/wp-login.php" "Mozilla/5.0 (Windows NT 10.0; Win64; x64; rv:144.0) Gecko/20100101 Firefox/144.0"
36.133.115.36 - - [26/Nov/2025:08:47:16 +0800] "POST /wp-cron.php?doing_wp_cron=1764118036.9105060100555419921875 HTTP/1.1" 200 31 "-" "WordPress/6.8.3; http://cqqizhou.com"
195.178.110.228 - - [26/Nov/2025:08:47:17 +0800] "GET /.env HTTP/1.1" 404 8989 "-" "Mozilla/5.0 (X11; Linux x86_64) AppleWebKit/537.36 (KHTML, like Gecko) Chrome/81.0.4044.129 Safari/537.36"
195.178.110.228 - - [26/Nov/2025:08:47:43 +0800] "POST / HTTP/1.1" 200 33526 "-" "Mozilla/5.0 (X11; Linux x86_64) AppleWebKit/537.36 (KHTML, like Gecko) Chrome/81.0.4044.129 Safari/537.36"
36.133.115.36 - - [26/Nov/2025:08:48:08 +0800] "POST /wp-cron.php?doing_wp_cron=1764118088.0844080448150634765625 HTTP/1.1" 200 31 "-" "WordPress/6.8.3; http://cqqizhou.com"
195.178.110.228 - - [26/Nov/2025:08:48:08 +0800] "GET /sendgrid/.env HTTP/1.1" 404 8989 "-" "Mozilla/5.0 (X11; Linux x86_64) AppleWebKit/537.36 (KHTML, like Gecko) Chrome/81.0.4044.129 Safari/537.36"
195.178.110.228 - - [26/Nov/2025:08:48:43 +0800] "POST / HTTP/1.1" 200 33526 "-" "Mozilla/5.0 (X11; Linux x86_64) AppleWebKit/537.36 (KHTML, like Gecko) Chrome/81.0.4044.129 Safari/537.36"
36.133.115.36 - - [26/Nov/2025:08:49:32 +0800] "POST /wp-cron.php?doing_wp_cron=1764118172.9360539913177490234375 HTTP/1.1" 200 31 "-" "WordPress/6.8.3; http://cqqizhou.com"
195.178.110.228 - - [26/Nov/2025:08:49:33 +0800] "GET /.env HTTP/1.1" 404 8989 "-" "Mozlila/5.0 (Linux; Android 7.0; SM-G892A Bulid/NRD90M; wv) AppleWebKit/537.36 (KHTML, like Gecko) Version/4.0 Chrome/60.0.3112.107 Moblie Safari/537.36"
180.153.236.213 - - [26/Nov/2025:08:51:41 +0800] "GET / HTTP/1.1" 200 33988 "http://cqqizhou.com/" "Mozilla/5.0 (Windows NT 10.0; Win64; x64) AppleWebKit/537.36 (KHTML, like Gecko) Chrome/140.0.0.0 Safari/537.36 Edg/140.0.0.0; 360Spider"
36.133.115.36 - - [26/Nov/2025:08:55:57 +0800] "POST /wp-cron.php?doing_wp_cron=1764118557.0600090026855468750000 HTTP/1.1" 200 31 "-" "WordPress/6.8.3; http://cqqizhou.com"
43.157.53.115 - - [26/Nov/2025:08:55:57 +0800] "GET / HTTP/1.1" 301 5 "-" "Mozilla/5.0 (iPhone; CPU iPhone OS 13_2_3 like Mac OS X) AppleWebKit/605.1.15 (KHTML, like Gecko) Version/13.0.3 Mobile/15E148 Safari/604.1"
43.157.53.115 - - [26/Nov/2025:08:55:59 +0800] "GET / HTTP/1.1" 200 33527 "http://www.cqqizhou.com" "Mozilla/5.0 (iPhone; CPU iPhone OS 13_2_3 like Mac OS X) AppleWebKit/605.1.15 (KHTML, like Gecko) Version/13.0.3 Mobile/15E148 Safari/604.1"
213.35.103.66 - - [26/Nov/2025:09:15:04 +0800] "GET / HTTP/1.1" 200 33988 "-" "Mozilla/5.0 (iPad; CPU OS 17_4 like Mac OS X) AppleWebKit/605.1.15 Mobile/15E148"
213.35.103.66 - - [26/Nov/2025:09:15:05 +0800] "GET / HTTP/1.1" 200 33988 "-" "Go-http-client/1.1"
36.133.115.36 - - [26/Nov/2025:09:15:09 +0800] "POST /wp-cron.php?doing_wp_cron=1764119709.9497981071472167968750 HTTP/1.1" 200 31 "-" "WordPress/6.8.3; http://cqqizhou.com"
213.35.103.66 - - [26/Nov/2025:09:15:09 +0800] "GET /wp-login.php HTTP/1.1" 200 2782 "-" "Mozilla/5.0 (iPhone; CPU iPhone OS 17_4_1 like Mac OS X) AppleWebKit/605.1.15 Mobile/15E148"
213.35.103.66 - - [26/Nov/2025:09:15:11 +0800] "GET /wp-admin/ HTTP/1.1" 302 5 "-" "Mozilla/5.0 (Macintosh; Intel Mac OS X 13_5_1) AppleWebKit/605.1.15 Safari/605.1.15"
213.35.103.66 - - [26/Nov/2025:09:15:12 +0800] "GET /wp-login.php?redirect_to=http%3A%2F%2Fcqqizhou.com%2Fwp-admin%2F&reauth=1 HTTP/1.1" 200 2782 "http://cqqizhou.com/wp-admin/" "Mozilla/5.0 (Macintosh; Intel Mac OS X 13_5_1) AppleWebKit/605.1.15 Safari/605.1.15"
213.35.103.66 - - [26/Nov/2025:09:15:13 +0800] "GET /administrator/ HTTP/1.1" 404 8989 "-" "Mozilla/5.0 (iPhone; CPU iPhone OS 17_4_1 like Mac OS X) AppleWebKit/605.1.15 Mobile/15E148"
213.35.103.66 - - [26/Nov/2025:09:15:15 +0800] "GET /user/login HTTP/1.1" 404 8989 "-" "Mozilla/5.0 (Macintosh; Intel Mac OS X 13_5_1) AppleWebKit/605.1.15 Safari/605.1.15"
213.35.103.66 - - [26/Nov/2025:09:15:17 +0800] "GET /admin HTTP/1.1" 302 5 "-" "Mozilla/5.0 (iPad; CPU OS 17_4 like Mac OS X) AppleWebKit/605.1.15 Mobile/15E148"
213.35.103.66 - - [26/Nov/2025:09:15:18 +0800] "GET /wp-admin/ HTTP/1.1" 302 5 "http://cqqizhou.com/admin" "Mozilla/5.0 (iPad; CPU OS 17_4 like Mac OS X) AppleWebKit/605.1.15 Mobile/15E148"
213.35.103.66 - - [26/Nov/2025:09:15:19 +0800] "GET /wp-login.php?redirect_to=http%3A%2F%2Fcqqizhou.com%2Fwp-admin%2F&reauth=1 HTTP/1.1" 200 2782 "http://cqqizhou.com/wp-admin/" "Mozilla/5.0 (iPad; CPU OS 17_4 like Mac OS X) AppleWebKit/605.1.15 Mobile/15E148"
213.35.103.66 - - [26/Nov/2025:09:15:20 +0800] "GET /login HTTP/1.1" 302 5 "-" "Mozilla/5.0 (Macintosh; Intel Mac OS X 13_5_1) AppleWebKit/605.1.15 Safari/605.1.15"
213.35.103.66 - - [26/Nov/2025:09:15:21 +0800] "GET /wp-login.php HTTP/1.1" 200 2782 "http://cqqizhou.com/login" "Mozilla/5.0 (Macintosh; Intel Mac OS X 13_5_1) AppleWebKit/605.1.15 Safari/605.1.15"
213.35.103.66 - - [26/Nov/2025:09:15:22 +0800] "GET /register HTTP/1.1" 404 8989 "-" "Mozilla/5.0 (Macintosh; Intel Mac OS X 13_5_1) AppleWebKit/605.1.15 Safari/605.1.15"
213.35.103.66 - - [26/Nov/2025:09:15:23 +0800] "GET /admin HTTP/1.1" 302 5 "-" "Mozilla/5.0 (Windows NT 10.0; Win64; x64) AppleWebKit/537.36 Chrome/116.0 Safari/537.36"
213.35.103.66 - - [26/Nov/2025:09:15:24 +0800] "GET /wp-admin/ HTTP/1.1" 302 5 "http://cqqizhou.com/admin" "Mozilla/5.0 (Windows NT 10.0; Win64; x64) AppleWebKit/537.36 Chrome/116.0 Safari/537.36"
213.35.103.66 - - [26/Nov/2025:09:15:24 +0800] "GET /wp-login.php?redirect_to=http%3A%2F%2Fcqqizhou.com%2Fwp-admin%2F&reauth=1 HTTP/1.1" 200 2782 "http://cqqizhou.com/wp-admin/" "Mozilla/5.0 (Windows NT 10.0; Win64; x64) AppleWebKit/537.36 Chrome/116.0 Safari/537.36"
213.35.103.66 - - [26/Nov/2025:09:15:25 +0800] "GET /login HTTP/1.1" 302 5 "-" "Mozilla/5.0 (iPad; CPU OS 17_4 like Mac OS X) AppleWebKit/605.1.15 Mobile/15E148"
213.35.103.66 - - [26/Nov/2025:09:15:26 +0800] "GET /wp-login.php HTTP/1.1" 200 2782 "http://cqqizhou.com/login" "Mozilla/5.0 (iPad; CPU OS 17_4 like Mac OS X) AppleWebKit/605.1.15 Mobile/15E148"
207.46.13.54 - - [26/Nov/2025:09:17:35 +0800] "GET /wp-content/uploads/2025/07/1751425283-qizhou.kf_.qq_.com_.webp HTTP/1.1" 200 16864 "-" "Mozilla/5.0 AppleWebKit/537.36 (KHTML, like Gecko; compatible; bingbot/2.0; +http://www.bing.com/bingbot.htm) Chrome/116.0.1938.76 Safari/537.36"
36.133.115.36 - - [26/Nov/2025:09:18:31 +0800] "POST /wp-cron.php?doing_wp_cron=1764119911.8942050933837890625000 HTTP/1.1" 200 31 "-" "WordPress/6.8.3; http://cqqizhou.com"
5.187.35.21 - - [26/Nov/2025:09:18:32 +0800] "GET / HTTP/1.1" 200 152189 "-" "-"
36.133.115.36 - - [26/Nov/2025:09:24:32 +0800] "POST /wp-cron.php?doing_wp_cron=1764120272.6903059482574462890625 HTTP/1.1" 200 31 "-" "WordPress/6.8.3; http://cqqizhou.com"
3.131.215.38 - - [26/Nov/2025:09:24:32 +0800] "GET / HTTP/1.1" 301 5 "-" "cypex.ai/scanning Mozilla/5.0 (Macintosh; Intel Mac OS X 10_15_7) Chrome/126.0.0.0 Safari/537.36"
3.131.215.38 - - [26/Nov/2025:09:24:34 +0800] "GET / HTTP/1.1" 200 33988 "http://36.133.115.36/" "cypex.ai/scanning Mozilla/5.0 (Macintosh; Intel Mac OS X 10_15_7) Chrome/126.0.0.0 Safari/537.36"
36.133.115.36 - - [26/Nov/2025:09:25:16 +0800] "POST /wp-cron.php?doing_wp_cron=1764120316.6978130340576171875000 HTTP/1.1" 200 31 "-" "WordPress/6.8.3; http://cqqizhou.com"
43.157.180.116 - - [26/Nov/2025:09:25:16 +0800] "GET / HTTP/1.1" 301 5 "-" "Mozilla/5.0 (iPhone; CPU iPhone OS 13_2_3 like Mac OS X) AppleWebKit/605.1.15 (KHTML, like Gecko) Version/13.0.3 Mobile/15E148 Safari/604.1"
43.157.180.116 - - [26/Nov/2025:09:25:19 +0800] "GET / HTTP/1.1" 200 33526 "http://36.133.115.36" "Mozilla/5.0 (iPhone; CPU iPhone OS 13_2_3 like Mac OS X) AppleWebKit/605.1.15 (KHTML, like Gecko) Version/13.0.3 Mobile/15E148 Safari/604.1"
36.133.115.36 - - [26/Nov/2025:09:30:58 +0800] "POST /wp-cron.php?doing_wp_cron=1764120658.7738978862762451171875 HTTP/1.1" 200 31 "-" "WordPress/6.8.3; http://cqqizhou.com"
176.65.148.16 - - [26/Nov/2025:09:30:59 +0800] "GET / HTTP/1.1" 200 152189 "-" "-"
176.65.148.16 - - [26/Nov/2025:09:30:59 +0800] "GET /index.htm HTTP/1.1" 301 5 "-" "Mozilla/5.0"
36.133.115.36 - - [26/Nov/2025:09:42:10 +0800] "POST /wp-cron.php?doing_wp_cron=1764121330.0722019672393798828125 HTTP/1.1" 200 31 "-" "WordPress/6.8.3; http://cqqizhou.com"
39.98.47.228 - - [26/Nov/2025:09:42:10 +0800] "GET / HTTP/1.1" 301 5 "-" "Mozilla/5.0 (Windows NT 6.1; rv:2.0.1) Gecko/20100101 Firefox/4.0.1"
39.98.47.228 - - [26/Nov/2025:09:42:10 +0800] "GET / HTTP/1.1" 200 33988 "-" "Mozilla/5.0 (Windows NT 6.1; rv:2.0.1) Gecko/20100101 Firefox/4.0.1"
106.8.139.79 - - [26/Nov/2025:09:45:19 +0800] "GET / HTTP/1.1" 200 33988 "-" "YisouSpider"
36.133.115.36 - - [26/Nov/2025:09:46:25 +0800] "POST /wp-cron.php?doing_wp_cron=1764121585.0683441162109375000000 HTTP/1.1" 200 31 "-" "WordPress/6.8.3; http://cqqizhou.com"
49.36.184.12 - - [26/Nov/2025:09:46:25 +0800] "POST /xmlrpc.php HTTP/1.1" 200 217 "-" "Mozilla/5.0 (Windows NT 10.0; Win64; x64; rv:59.0) Gecko/20100101 Firefox/59.0"
36.133.115.36 - - [26/Nov/2025:09:57:15 +0800] "POST /wp-cron.php?doing_wp_cron=1764122235.1784610748291015625000 HTTP/1.1" 200 31 "-" "WordPress/6.8.3; http://cqqizhou.com"
176.65.148.220 - - [26/Nov/2025:09:57:15 +0800] "GET /dispatch.asp HTTP/1.1" 301 5 "-" "Mozilla/5.0 (Windows NT 10.0; Win64; x64) AppleWebKit/537.36 (KHTML, like Gecko) Chrome/90.0.4430.85 Safari/537.36 Edg/90.0.818.46"
207.46.13.116 - - [26/Nov/2025:10:02:26 +0800] "GET /2215/ HTTP/1.1" 200 24364 "-" "Mozilla/5.0 AppleWebKit/537.36 (KHTML, like Gecko; compatible; bingbot/2.0; +http://www.bing.com/bingbot.htm) Chrome/116.0.1938.76 Safari/537.36"
192.159.99.95 - - [26/Nov/2025:10:04:58 +0800] "POST /vendor/phpunit/phpunit/src/Util/PHP/eval-stdin.php HTTP/1.1" 499 0 "-" "Mozilla/5.0 (rondo2012@atomicmail.io)"
36.133.115.36 - - [26/Nov/2025:10:24:00 +0800] "POST /wp-cron.php?doing_wp_cron=1764123840.3093500137329101562500 HTTP/1.1" 200 31 "-" "WordPress/6.8.3; http://cqqizhou.com"
36.154.71.247 - - [26/Nov/2025:10:24:00 +0800] "GET / HTTP/1.0" 301 0 "-" "-"
36.133.115.36 - - [26/Nov/2025:10:32:33 +0800] "POST /wp-cron.php?doing_wp_cron=1764124353.3581779003143310546875 HTTP/1.1" 200 31 "-" "WordPress/6.8.3; http://cqqizhou.com"
60.188.57.0 - - [26/Nov/2025:10:32:33 +0800] "GET / HTTP/1.1" 301 5 "-" "Mozilla/5.0 (iPhone; CPU iPhone OS 13_2_3 like Mac OS X) AppleWebKit/605.1.15 (KHTML, like Gecko) Version/13.0.3 Mobile/15E148 Safari/604.1"
60.188.57.0 - - [26/Nov/2025:10:32:34 +0800] "GET / HTTP/1.1" 200 33526 "http://www.cqqizhou.com" "Mozilla/5.0 (iPhone; CPU iPhone OS 13_2_3 like Mac OS X) AppleWebKit/605.1.15 (KHTML, like Gecko) Version/13.0.3 Mobile/15E148 Safari/604.1"
36.133.115.36 - - [26/Nov/2025:10:40:40 +0800] "POST /wp-cron.php?doing_wp_cron=1764124840.6008350849151611328125 HTTP/1.1" 200 31 "-" "WordPress/6.8.3; http://cqqizhou.com"
213.209.157.254 - - [26/Nov/2025:10:40:40 +0800] "GET /.git/config HTTP/1.1" 404 8988 "-" "Mozilla/5.0 (Linux; Android 9; SM-A505FM) AppleWebKit/537.36 (KHTML, like Gecko) Chrome/76.0.3809.111 Mobile Safari/537.36"
36.133.115.36 - - [26/Nov/2025:10:44:06 +0800] "POST /wp-cron.php?doing_wp_cron=1764125046.5226740837097167968750 HTTP/1.1" 200 31 "-" "WordPress/6.8.3; http://cqqizhou.com"
193.142.147.209 - - [26/Nov/2025:10:44:06 +0800] "GET /cgi-bin/luci/;stok=/locale HTTP/1.1" 301 5 "-" "-"
193.142.147.209 - - [26/Nov/2025:10:44:07 +0800] "GET /cgi-bin/luci/;stok=/locale HTTP/1.1" 404 31381 "http://36.133.115.36:80/cgi-bin/luci/;stok=/locale" "-"
118.107.3.232 - - [26/Nov/2025:10:54:12 +0800] "GET /manage/js/plupload/upload.php HTTP/1.1" 404 47 "-" "Mozilla/5.0 (Windows NT 10.0; Win64; x64)"
36.133.115.36 - - [26/Nov/2025:10:56:24 +0800] "POST /wp-cron.php?doing_wp_cron=1764125784.6414780616760253906250 HTTP/1.1" 200 31 "-" "WordPress/6.8.3; http://cqqizhou.com"
35.187.115.6 - - [26/Nov/2025:10:56:24 +0800] "POST /xmlrpc.php HTTP/1.1" 200 217 "-" "Mozilla/5.0 (Windows NT 10.0; Win64; x64; rv:54.0) Gecko/20100101 Firefox/54.0"
36.133.115.36 - - [26/Nov/2025:10:59:18 +0800] "POST /wp-cron.php?doing_wp_cron=1764125958.7085099220275878906250 HTTP/1.1" 200 31 "-" "WordPress/6.8.3; http://cqqizhou.com"
193.142.147.209 - - [26/Nov/2025:10:59:23 +0800] "GET / HTTP/1.1" 200 152189 "-" "-"
20.65.193.206 - - [26/Nov/2025:11:09:27 +0800] "GET / HTTP/1.1" 499 0 "-" "Mozilla/5.0 zgrab/0.x"
36.133.115.36 - - [26/Nov/2025:11:16:43 +0800] "POST /wp-cron.php?doing_wp_cron=1764127003.8773760795593261718750 HTTP/1.1" 200 31 "-" "WordPress/6.8.3; http://cqqizhou.com"
204.76.203.212 - - [26/Nov/2025:11:16:44 +0800] "GET / HTTP/1.1" 200 33525 "-" "Mozilla/5.0 (Windows NT 10.0; Win64; x64) AppleWebKit/537.36 (KHTML, like Gecko) Chrome/90.0.4430.85 Safari/537.36 Edg/90.0.818.46"
121.40.44.67 - - [26/Nov/2025:11:33:21 +0800] "GET / HTTP/1.0" 499 0 "-" "-"
121.40.44.67 - - [26/Nov/2025:11:33:30 +0800] "GET / HTTP/1.0" 301 0 "-" "-"
121.40.44.67 - - [26/Nov/2025:11:33:30 +0800] "GET /nmaplowercheck1764128008 HTTP/1.1" 404 31381 "-" "Mozilla/5.0 (compatible; Nmap Scripting Engine; https://nmap.org/book/nse.html)"
121.40.44.67 - - [26/Nov/2025:11:33:31 +0800] "GET /evox/about HTTP/1.1" 404 31381 "-" "Mozilla/5.0 (compatible; Nmap Scripting Engine; https://nmap.org/book/nse.html)"
121.40.44.67 - - [26/Nov/2025:11:33:51 +0800] "GET / HTTP/1.0" 301 0 "-" "-"
121.40.44.67 - - [26/Nov/2025:11:33:51 +0800] "GET / HTTP/1.1" 301 5 "-" "-"
36.133.115.36 - - [26/Nov/2025:11:38:46 +0800] "POST /wp-cron.php?doing_wp_cron=1764128326.3080968856811523437500 HTTP/1.1" 200 31 "-" "WordPress/6.8.3; http://cqqizhou.com"
87.120.191.124 - - [26/Nov/2025:11:38:47 +0800] "GET / HTTP/1.1" 200 152189 "-" "Hello World"
36.133.115.36 - - [26/Nov/2025:11:43:03 +0800] "POST /wp-cron.php?doing_wp_cron=1764128583.0203690528869628906250 HTTP/1.1" 200 31 "-" "WordPress/6.8.3; http://cqqizhou.com"
119.7.31.143 - - [26/Nov/2025:11:43:03 +0800] "GET / HTTP/1.1" 200 33527 "-" "Mozilla/5.0 (Linux; U; Android 11; zh-cn; PCHM10 Build/RKQ1.200903.002) AppleWebKit/537.36 (KHTML, like Gecko) Version/4.0 Chrome/115.0.5790.168 Mobile Safari/537.36 HeyTapBrowser/40.10.6.2"
119.7.31.143 - - [26/Nov/2025:11:43:04 +0800] "GET /wp-content/uploads/2025/07/1751425283-qizhou.kf_.qq_.com_.webp HTTP/1.1" 200 16864 "http://cqqizhou.com/" "Mozilla/5.0 (Linux; U; Android 11; zh-cn; PCHM10 Build/RKQ1.200903.002) AppleWebKit/537.36 (KHTML, like Gecko) Version/4.0 Chrome/115.0.5790.168 Mobile Safari/537.36 HeyTapBrowser/40.10.6.2"
119.7.31.143 - - [26/Nov/2025:11:43:07 +0800] "GET /wp-content/uploads/revslider/slider-1/1750929639-yuanjing_Slider_3840%C3%972160_20250626171955-scaled.webp HTTP/1.1" 200 203290 "http://cqqizhou.com/" "Mozilla/5.0 (Linux; U; Android 11; zh-cn; PCHM10 Build/RKQ1.200903.002) AppleWebKit/537.36 (KHTML, like Gecko) Version/4.0 Chrome/115.0.5790.168 Mobile Safari/537.36 HeyTapBrowser/40.10.6.2"
119.7.31.143 - - [26/Nov/2025:11:43:07 +0800] "GET /wp-content/uploads/2025/07/1753456723-%E5%8F%8C%E7%9B%B8%E9%92%A2roduct_Single600.webp HTTP/1.1" 200 22790 "http://cqqizhou.com/" "Mozilla/5.0 (Linux; U; Android 11; zh-cn; PCHM10 Build/RKQ1.200903.002) AppleWebKit/537.36 (KHTML, like Gecko) Version/4.0 Chrome/115.0.5790.168 Mobile Safari/537.36 HeyTapBrowser/40.10.6.2"
119.7.31.143 - - [26/Nov/2025:11:43:07 +0800] "GET /wp-content/uploads/2025/07/1753453096-%E5%8F%8C%E7%9B%B8%E9%92%A2product_Single600%C3%97284.webp HTTP/1.1" 200 14562 "http://cqqizhou.com/" "Mozilla/5.0 (Linux; U; Android 11; zh-cn; PCHM10 Build/RKQ1.200903.002) AppleWebKit/537.36 (KHTML, like Gecko) Version/4.0 Chrome/115.0.5790.168 Mobile Safari/537.36 HeyTapBrowser/40.10.6.2"
119.7.31.143 - - [26/Nov/2025:11:43:07 +0800] "GET /wp-content/uploads/2025/07/1753453127-%E4%BD%99%E5%8D%B7product_Single600%C3%97284.webp HTTP/1.1" 200 18744 "http://cqqizhou.com/" "Mozilla/5.0 (Linux; U; Android 11; zh-cn; PCHM10 Build/RKQ1.200903.002) AppleWebKit/537.36 (KHTML, like Gecko) Version/4.0 Chrome/115.0.5790.168 Mobile Safari/537.36 HeyTapBrowser/40.10.6.2"
119.7.31.143 - - [26/Nov/2025:11:43:07 +0800] "GET /wp-content/uploads/2025/07/1753456770-%E7%83%AD%E9%95%80%E9%94%8C%E5%8D%B7product_Single600.webp HTTP/1.1" 200 27502 "http://cqqizhou.com/" "Mozilla/5.0 (Linux; U; Android 11; zh-cn; PCHM10 Build/RKQ1.200903.002) AppleWebKit/537.36 (KHTML, like Gecko) Version/4.0 Chrome/115.0.5790.168 Mobile Safari/537.36 HeyTapBrowser/40.10.6.2"
119.7.31.143 - - [26/Nov/2025:11:43:08 +0800] "GET /wp-content/uploads/2025/07/1753587901-Slider_3840%C3%972160_20250727-scaled-50x100.webp HTTP/1.1" 200 1660 "http://cqqizhou.com/" "Mozilla/5.0 (Linux; U; Android 11; zh-cn; PCHM10 Build/RKQ1.200903.002) AppleWebKit/537.36 (KHTML, like Gecko) Version/4.0 Chrome/115.0.5790.168 Mobile Safari/537.36 HeyTapBrowser/40.10.6.2"
119.7.31.143 - - [26/Nov/2025:11:43:08 +0800] "GET /wp-content/uploads/revslider/slider-1/1750861156-logistics_Slider_3840%C3%972160_20250625191356-scaled-50x100.webp HTTP/1.1" 200 1416 "http://cqqizhou.com/" "Mozilla/5.0 (Linux; U; Android 11; zh-cn; PCHM10 Build/RKQ1.200903.002) AppleWebKit/537.36 (KHTML, like Gecko) Version/4.0 Chrome/115.0.5790.168 Mobile Safari/537.36 HeyTapBrowser/40.10.6.2"
119.7.31.143 - - [26/Nov/2025:11:43:09 +0800] "GET /wp-json/sliderrevolution/sliders/1?srengine=7&slideid=2 HTTP/1.1" 200 2058 "http://cqqizhou.com/" "Mozilla/5.0 (Linux; U; Android 11; zh-cn; PCHM10 Build/RKQ1.200903.002) AppleWebKit/537.36 (KHTML, like Gecko) Version/4.0 Chrome/115.0.5790.168 Mobile Safari/537.36 HeyTapBrowser/40.10.6.2"
119.7.31.143 - - [26/Nov/2025:11:43:09 +0800] "GET /wp-json/sliderrevolution/sliders/1?srengine=7&slideid=3 HTTP/1.1" 200 2292 "http://cqqizhou.com/" "Mozilla/5.0 (Linux; U; Android 11; zh-cn; PCHM10 Build/RKQ1.200903.002) AppleWebKit/537.36 (KHTML, like Gecko) Version/4.0 Chrome/115.0.5790.168 Mobile Safari/537.36 HeyTapBrowser/40.10.6.2"
119.7.31.143 - - [26/Nov/2025:11:43:09 +0800] "GET /wp-content/uploads/revslider/slider-1/1750861156-logistics_Slider_3840%C3%972160_20250625191356-scaled.webp HTTP/1.1" 200 197360 "http://cqqizhou.com/" "Mozilla/5.0 (Linux; U; Android 11; zh-cn; PCHM10 Build/RKQ1.200903.002) AppleWebKit/537.36 (KHTML, like Gecko) Version/4.0 Chrome/115.0.5790.168 Mobile Safari/537.36 HeyTapBrowser/40.10.6.2"
119.7.31.143 - - [26/Nov/2025:11:43:09 +0800] "GET /wp-content/uploads/2025/07/1753587901-Slider_3840%C3%972160_20250727-scaled.webp HTTP/1.1" 200 141034 "http://cqqizhou.com/" "Mozilla/5.0 (Linux; U; Android 11; zh-cn; PCHM10 Build/RKQ1.200903.002) AppleWebKit/537.36 (KHTML, like Gecko) Version/4.0 Chrome/115.0.5790.168 Mobile Safari/537.36 HeyTapBrowser/40.10.6.2"
119.7.31.143 - - [26/Nov/2025:11:43:12 +0800] "GET /wp-content/uploads/2025/07/1750174127-Marketing1920x800_3.webp HTTP/1.1" 200 52790 "http://cqqizhou.com/wp-content/uploads/elementor/css/post-1666.css?ver=1762870941" "Mozilla/5.0 (Linux; U; Android 11; zh-cn; PCHM10 Build/RKQ1.200903.002) AppleWebKit/537.36 (KHTML, like Gecko) Version/4.0 Chrome/115.0.5790.168 Mobile Safari/537.36 HeyTapBrowser/40.10.6.2"
36.133.115.36 - - [26/Nov/2025:11:43:49 +0800] "POST /wp-cron.php?doing_wp_cron=1764128629.5050389766693115234375 HTTP/1.1" 200 31 "-" "WordPress/6.8.3; http://cqqizhou.com"
119.7.31.143 - - [26/Nov/2025:11:43:49 +0800] "GET / HTTP/1.1" 200 33525 "-" "Mozilla/5.0 (Linux; U; Android 11; zh-CN; PCHM10 Build/RKQ1.200903.002) AppleWebKit/537.36 (KHTML, like Gecko) Version/4.0 Chrome/123.0.6312.80 Quark/10.0.7.962 Mobile Safari/537.36"
111.63.205.113 - - [26/Nov/2025:11:43:50 +0800] "GET / HTTP/1.1" 200 33525 "-" "Mozilla/5.0 (Linux; U; Android 11; zh-CN; PCHM10 Build/RKQ1.200903.002) AppleWebKit/537.36 (KHTML, like Gecko) Version/4.0 Chrome/123.0.6312.80 Quark/10.0.7.962 Mobile Safari/537.36"
119.7.31.143 - - [26/Nov/2025:11:43:50 +0800] "GET /comments/feed/ HTTP/1.1" 200 704 "http://cqqizhou.com/" "Mozilla/5.0 (Linux; U; Android 11; zh-CN; PCHM10 Build/RKQ1.200903.002) AppleWebKit/537.36 (KHTML, like Gecko) Version/4.0 Chrome/123.0.6312.80 Quark/10.0.7.962 Mobile Safari/537.36"
119.7.31.143 - - [26/Nov/2025:11:43:50 +0800] "GET /feed/ HTTP/1.1" 200 82044 "http://cqqizhou.com/" "Mozilla/5.0 (Linux; U; Android 11; zh-CN; PCHM10 Build/RKQ1.200903.002) AppleWebKit/537.36 (KHTML, like Gecko) Version/4.0 Chrome/123.0.6312.80 Quark/10.0.7.962 Mobile Safari/537.36"
36.133.115.36 - - [26/Nov/2025:11:46:03 +0800] "POST /wp-cron.php?doing_wp_cron=1764128763.3070800304412841796875 HTTP/1.1" 200 31 "-" "WordPress/6.8.3; http://cqqizhou.com"
220.181.108.90 - - [26/Nov/2025:11:46:03 +0800] "GET / HTTP/1.1" 200 33525 "-" "Mozilla/5.0 (Linux;u;Android 4.2.2;zh-cn;) AppleWebKit/534.46 (KHTML,like Gecko) Version/5.1 Mobile Safari/10600.6.3 (compatible; Baiduspider/2.0; +http://www.baidu.com/search/spider.html)"
206.168.34.114 - - [26/Nov/2025:11:46:15 +0800] "GET / HTTP/1.1" 301 5 "-" "Mozilla/5.0 (compatible; CensysInspect/1.1; +https://about.censys.io/)"
167.94.138.59 - - [26/Nov/2025:11:46:45 +0800] "GET /robots.txt HTTP/1.1" 200 190 "-" "Mozilla/5.0 (compatible; CensysInspect/1.1; +https://about.censys.io/)"
36.133.115.36 - - [26/Nov/2025:11:47:07 +0800] "POST /wp-cron.php?doing_wp_cron=1764128827.1938929557800292968750 HTTP/1.1" 200 31 "-" "WordPress/6.8.3; http://cqqizhou.com"
206.168.34.114 - - [26/Nov/2025:11:47:07 +0800] "GET /wiki HTTP/1.1" 404 8989 "-" "Mozilla/5.0 (compatible; CensysInspect/1.1; +https://about.censys.io/)"
1.24.16.215 - - [26/Nov/2025:11:47:26 +0800] "GET / HTTP/1.1" 301 5 "-" "Mozilla/5.0 (Linux; U; Android 4.3; en-us; SM-N900T Build/JSS15J) AppleWebKit/534.30 (KHTML, like Gecko) Version/4.0 Mobile Safari/534.30"
112.94.252.162 - - [26/Nov/2025:11:47:41 +0800] "GET / HTTP/1.1" 200 33527 "-" "Mozilla/5.0 (Linux; U; Android 4.3; en-us; SM-N900T Build/JSS15J) AppleWebKit/534.30 (KHTML, like Gecko) Version/4.0 Mobile Safari/534.30"
36.133.115.36 - - [26/Nov/2025:11:58:11 +0800] "POST /wp-cron.php?doing_wp_cron=1764129491.1398520469665527343750 HTTP/1.1" 200 31 "-" "WordPress/6.8.3; http://cqqizhou.com"
205.210.31.250 - - [26/Nov/2025:11:58:11 +0800] "GET / HTTP/1.0" 301 0 "-" "Hello from Palo Alto Networks, find out more about our scans in https://docs-cortex.paloaltonetworks.com/r/1/Cortex-Xpanse/Scanning-activity"
36.133.115.36 - - [26/Nov/2025:12:01:29 +0800] "POST /wp-cron.php?doing_wp_cron=1764129689.5823860168457031250000 HTTP/1.1" 200 31 "-" "WordPress/6.8.3; http://cqqizhou.com"
5.223.50.243 - - [26/Nov/2025:12:01:29 +0800] "POST /xmlrpc.php HTTP/1.1" 200 217 "-" "Mozilla/5.0 (Windows NT 10.0; Win64; x64; rv:84.0) Gecko/20100101 Firefox/84.0"
36.133.115.36 - - [26/Nov/2025:12:15:56 +0800] "POST /wp-cron.php?doing_wp_cron=1764130556.8911969661712646484375 HTTP/1.1" 200 31 "-" "WordPress/6.8.3; http://cqqizhou.com"
51.158.205.47 - - [26/Nov/2025:12:15:56 +0800] "GET / HTTP/1.0" 301 0 "-" "masscan/1.3 (https://github.com/robertdavidgraham/masscan)"
36.133.115.36 - - [26/Nov/2025:12:17:46 +0800] "POST /wp-cron.php?doing_wp_cron=1764130666.5445029735565185546875 HTTP/1.1" 200 31 "-" "WordPress/6.8.3; http://cqqizhou.com"
5.187.35.21 - - [26/Nov/2025:12:17:47 +0800] "GET / HTTP/1.1" 200 152189 "-" "-"
36.133.115.36 - - [26/Nov/2025:12:19:05 +0800] "POST /wp-cron.php?doing_wp_cron=1764130745.0919969081878662109375 HTTP/1.1" 200 31 "-" "WordPress/6.8.3; http://cqqizhou.com"
184.168.126.97 - - [26/Nov/2025:12:19:05 +0800] "GET /wp-login.php HTTP/1.1" 200 2782 "-" "Mozilla/5.0 (X11; Ubuntu; Linux x86_64; rv:85.0) Gecko/20100101 Firefox/91.0"
184.168.126.97 - - [26/Nov/2025:12:19:06 +0800] "POST /wp-login.php HTTP/1.1" 200 2921 "-" "Mozilla/5.0 (X11; Ubuntu; Linux x86_64; rv:85.0) Gecko/20100101 Firefox/91.0"
36.133.115.36 - - [26/Nov/2025:12:23:24 +0800] "POST /wp-cron.php?doing_wp_cron=1764131004.6954610347747802734375 HTTP/1.1" 200 31 "-" "WordPress/6.8.3; http://cqqizhou.com"
43.153.49.151 - - [26/Nov/2025:12:23:25 +0800] "GET / HTTP/1.1" 200 33526 "-" "Mozilla/5.0 (iPhone; CPU iPhone OS 13_2_3 like Mac OS X) AppleWebKit/605.1.15 (KHTML, like Gecko) Version/13.0.3 Mobile/15E148 Safari/604.1"
36.133.115.36 - - [26/Nov/2025:12:29:42 +0800] "POST /wp-cron.php?doing_wp_cron=1764131382.4809830188751220703125 HTTP/1.1" 200 31 "-" "WordPress/6.8.3; http://cqqizhou.com"
221.182.31.58 - - [26/Nov/2025:12:29:42 +0800] "GET /qz/auth/role/page/query HTTP/1.1" 404 8989 "-" "Mozilla/4.0 (compatible; MSIE 7.0; Windows NT 6.0; SLCC1; .NET CLR 2.0.50727; InfoPath.2; .NET CLR 3.5.21022; .NET CLR 3.5.30729; .NET CLR 3.0.30618)"
36.133.115.36 - - [26/Nov/2025:12:38:50 +0800] "POST /wp-cron.php?doing_wp_cron=1764131930.6768679618835449218750 HTTP/1.1" 200 31 "-" "WordPress/6.8.3; http://cqqizhou.com"
204.76.203.212 - - [26/Nov/2025:12:38:51 +0800] "GET / HTTP/1.1" 200 33526 "-" "Mozilla/5.0 (Windows NT 10.0; Win64; x64) AppleWebKit/537.36 (KHTML, like Gecko) Chrome/90.0.4430.85 Safari/537.36 Edg/90.0.818.46"
36.133.115.36 - - [26/Nov/2025:12:42:41 +0800] "POST /wp-cron.php?doing_wp_cron=1764132161.0615160465240478515625 HTTP/1.1" 200 31 "-" "WordPress/6.8.3; http://cqqizhou.com"
52.167.144.56 - - [26/Nov/2025:12:42:41 +0800] "GET /robots.txt HTTP/1.1" 200 190 "-" "Mozilla/5.0 AppleWebKit/537.36 (KHTML, like Gecko; compatible; bingbot/2.0; +http://www.bing.com/bingbot.htm) Chrome/116.0.1938.76 Safari/537.36"
52.167.144.185 - - [26/Nov/2025:12:42:45 +0800] "GET /media/ HTTP/1.1" 200 24226 "-" "Mozilla/5.0 AppleWebKit/537.36 (KHTML, like Gecko; compatible; bingbot/2.0; +http://www.bing.com/bingbot.htm) Chrome/116.0.1938.76 Safari/537.36"
36.133.115.36 - - [26/Nov/2025:12:43:03 +0800] "POST /wp-cron.php?doing_wp_cron=1764132183.8702740669250488281250 HTTP/1.1" 200 31 "-" "WordPress/6.8.3; http://cqqizhou.com"
35.203.210.29 - - [26/Nov/2025:12:43:04 +0800] "GET / HTTP/1.1" 200 33526 "-" "Hello from Palo Alto Networks, find out more about our scans in https://docs-cortex.paloaltonetworks.com/r/1/Cortex-Xpanse/Scanning-activity"
36.133.115.36 - - [26/Nov/2025:12:43:50 +0800] "POST /wp-cron.php?doing_wp_cron=1764132229.9642100334167480468750 HTTP/1.1" 200 31 "-" "WordPress/6.8.3; http://cqqizhou.com"
193.142.147.209 - - [26/Nov/2025:12:43:50 +0800] "GET /cgi-bin/luci/;stok=/locale HTTP/1.1" 301 5 "-" "-"
193.142.147.209 - - [26/Nov/2025:12:43:51 +0800] "GET /cgi-bin/luci/;stok=/locale HTTP/1.1" 404 31381 "http://36.133.115.36:80/cgi-bin/luci/;stok=/locale" "-"
36.133.115.36 - - [26/Nov/2025:12:45:40 +0800] "POST /wp-cron.php?doing_wp_cron=1764132340.7781839370727539062500 HTTP/1.1" 200 31 "-" "WordPress/6.8.3; http://cqqizhou.com"
149.50.96.133 - - [26/Nov/2025:12:45:41 +0800] "GET / HTTP/1.1" 200 33526 "-" "-"
36.133.115.36 - - [26/Nov/2025:12:57:22 +0800] "POST /wp-cron.php?doing_wp_cron=1764133042.8276119232177734375000 HTTP/1.1" 200 31 "-" "WordPress/6.8.3; http://cqqizhou.com"
45.156.129.132 - - [26/Nov/2025:12:57:22 +0800] "GET / HTTP/1.1" 301 5 "-" "Mozilla/5.0 (Windows NT 10.0; Win64; x64) AppleWebKit/537.36 (KHTML, like Gecko) Chrome/60.0.3112.113 Safari/537.36"
45.156.129.132 - - [26/Nov/2025:12:57:24 +0800] "GET / HTTP/1.1" 200 33988 "http://36.133.115.36/" "Mozilla/5.0 (Windows NT 10.0; Win64; x64) AppleWebKit/537.36 (KHTML, like Gecko) Chrome/60.0.3112.113 Safari/537.36"
36.133.115.36 - - [26/Nov/2025:13:08:29 +0800] "POST /wp-cron.php?doing_wp_cron=1764133709.1593561172485351562500 HTTP/1.1" 200 31 "-" "WordPress/6.8.3; http://cqqizhou.com"
95.174.29.115 - - [26/Nov/2025:13:08:29 +0800] "POST /xmlrpc.php HTTP/1.1" 200 217 "-" "Mozilla/5.0 (Windows NT 10.0; Win64; x64; rv:54.0) Gecko/20100101 Firefox/54.0"
36.133.115.36 - - [26/Nov/2025:13:10:38 +0800] "POST /wp-cron.php?doing_wp_cron=1764133838.8123879432678222656250 HTTP/1.1" 200 31 "-" "WordPress/6.8.3; http://cqqizhou.com"
193.142.147.209 - - [26/Nov/2025:13:10:42 +0800] "GET / HTTP/1.1" 200 152189 "-" "-"
36.133.115.36 - - [26/Nov/2025:13:19:46 +0800] "POST /wp-cron.php?doing_wp_cron=1764134386.0226249694824218750000 HTTP/1.1" 200 31 "-" "WordPress/6.8.3; http://cqqizhou.com"
138.68.153.47 - - [26/Nov/2025:13:19:46 +0800] "GET /aaa9 HTTP/1.1" 404 8989 "-" "Mozilla/5.0 zgrab/0.x"
138.68.153.47 - - [26/Nov/2025:13:20:00 +0800] "GET /aab8 HTTP/1.1" 404 8988 "-" "Mozilla/5.0 zgrab/0.x"
138.68.153.47 - - [26/Nov/2025:13:20:16 +0800] "GET / HTTP/1.1" 301 5 "-" "Mozilla/5.0 zgrab/0.x"
36.133.115.36 - - [26/Nov/2025:13:22:40 +0800] "POST /wp-cron.php?doing_wp_cron=1764134560.9007949829101562500000 HTTP/1.1" 200 31 "-" "WordPress/6.8.3; http://cqqizhou.com"
5.187.35.21 - - [26/Nov/2025:13:22:40 +0800] "GET /index.asp HTTP/1.1" 301 5 "-" "Hello World/1.0"
36.133.115.36 - - [26/Nov/2025:13:25:58 +0800] "POST /wp-cron.php?doing_wp_cron=1764134758.6559441089630126953125 HTTP/1.1" 200 31 "-" "WordPress/6.8.3; http://cqqizhou.com"
103.199.71.246 - - [26/Nov/2025:13:25:58 +0800] "GET /System/configurationFile?auth=YWRtaW46MTEK HTTP/1.1" 404 31381 "-" "-"
103.199.71.246 - - [26/Nov/2025:13:26:00 +0800] "GET /current_config/passwd HTTP/1.1" 404 31381 "-" "-"
103.199.71.246 - - [26/Nov/2025:13:26:01 +0800] "GET /current_config/Account1 HTTP/1.1" 404 31381 "-" "-"
103.199.71.246 - - [26/Nov/2025:13:26:03 +0800] "GET /system.ini?loginuse&loginpas HTTP/1.1" 404 31381 "-" "-"
103.199.71.246 - - [26/Nov/2025:13:26:04 +0800] "GET /system.ini?loginuse=LOGIN&?loginpas=PASS HTTP/1.1" 404 31381 "-" "-"
36.133.115.36 - - [26/Nov/2025:13:47:39 +0800] "POST /wp-cron.php?doing_wp_cron=1764136059.7091081142425537109375 HTTP/1.1" 200 31 "-" "WordPress/6.8.3; http://cqqizhou.com"
103.13.138.22 - - [26/Nov/2025:13:47:44 +0800] "GET /boaform/admin/formLogin?username=ec8&psd=ec8 HTTP/1.0" 404 31368 "-" "-"
36.133.115.36 - - [26/Nov/2025:13:50:36 +0800] "POST /wp-cron.php?doing_wp_cron=1764136236.3725130558013916015625 HTTP/1.1" 200 31 "-" "WordPress/6.8.3; http://cqqizhou.com"
35.241.212.143 - - [26/Nov/2025:13:50:36 +0800] "GET / HTTP/1.1" 301 5 "-" "python-requests/2.32.5"
36.133.115.36 - - [26/Nov/2025:14:01:09 +0800] "POST /wp-cron.php?doing_wp_cron=1764136869.1348059177398681640625 HTTP/1.1" 200 31 "-" "WordPress/6.8.3; http://cqqizhou.com"
5.187.35.21 - - [26/Nov/2025:14:01:09 +0800] "GET / HTTP/1.1" 200 152189 "-" "-"
36.133.115.36 - - [26/Nov/2025:14:06:04 +0800] "POST /wp-cron.php?doing_wp_cron=1764137164.9019429683685302734375 HTTP/1.1" 200 31 "-" "WordPress/6.8.3; http://cqqizhou.com"
43.159.149.56 - - [26/Nov/2025:14:06:05 +0800] "GET / HTTP/1.1" 200 33526 "-" "Mozilla/5.0 (iPhone; CPU iPhone OS 13_2_3 like Mac OS X) AppleWebKit/605.1.15 (KHTML, like Gecko) Version/13.0.3 Mobile/15E148 Safari/604.1"
36.133.115.36 - - [26/Nov/2025:14:08:26 +0800] "POST /wp-cron.php?doing_wp_cron=1764137306.3407990932464599609375 HTTP/1.1" 200 31 "-" "WordPress/6.8.3; http://cqqizhou.com"
204.76.203.212 - - [26/Nov/2025:14:08:26 +0800] "GET / HTTP/1.1" 200 33526 "-" "Mozilla/5.0 (Windows NT 10.0; Win64; x64) AppleWebKit/537.36 (KHTML, like Gecko) Chrome/90.0.4430.85 Safari/537.36 Edg/90.0.818.46"
36.133.115.36 - - [26/Nov/2025:14:17:09 +0800] "POST /wp-cron.php?doing_wp_cron=1764137829.9572958946228027343750 HTTP/1.1" 200 31 "-" "WordPress/6.8.3; http://cqqizhou.com"
185.209.30.45 - - [26/Nov/2025:14:17:10 +0800] "POST /xmlrpc.php HTTP/1.1" 200 217 "-" "Mozilla/5.0 (Windows NT 10.0; Win64; x64; rv:87.0) Gecko/20100101 Firefox/87.0"
36.133.115.36 - - [26/Nov/2025:14:29:38 +0800] "POST /wp-cron.php?doing_wp_cron=1764138578.5555469989776611328125 HTTP/1.1" 200 31 "-" "WordPress/6.8.3; http://cqqizhou.com"
137.74.192.205 - - [26/Nov/2025:14:29:38 +0800] "POST /xmlrpc.php HTTP/1.1" 200 217 "-" "Mozilla/5.0 (Windows NT 10.0; Win64; x64; rv:87.0) Gecko/20100101 Firefox/87.0"
36.133.115.36 - - [26/Nov/2025:14:30:40 +0800] "POST /wp-cron.php?doing_wp_cron=1764138640.1009809970855712890625 HTTP/1.1" 200 31 "-" "WordPress/6.8.3; http://cqqizhou.com"
67.205.159.76 - - [26/Nov/2025:14:30:40 +0800] "GET /wp-login.php HTTP/1.1" 200 2782 "-" "Mozilla/5.0 (X11; Ubuntu; Linux x86_64; rv:85.0) Gecko/20100101 Firefox/91.0"
67.205.159.76 - - [26/Nov/2025:14:30:41 +0800] "POST /wp-login.php HTTP/1.1" 200 2921 "-" "Mozilla/5.0 (X11; Ubuntu; Linux x86_64; rv:85.0) Gecko/20100101 Firefox/91.0"
36.133.115.36 - - [26/Nov/2025:14:33:26 +0800] "POST /wp-cron.php?doing_wp_cron=1764138806.2293300628662109375000 HTTP/1.1" 200 31 "-" "WordPress/6.8.3; http://cqqizhou.com"
180.153.236.138 - - [26/Nov/2025:14:33:26 +0800] "GET / HTTP/1.1" 200 33527 "http://cqqizhou.com/" "Mozilla/5.0 (Linux; Android 10; K) AppleWebKit/537.36 (KHTML, like Gecko) Chrome/131.0.0.0 Mobile Safari/537.36; 360Spider"
36.133.115.36 - - [26/Nov/2025:15:06:12 +0800] "POST /wp-cron.php?doing_wp_cron=1764140772.8716449737548828125000 HTTP/1.1" 200 31 "-" "WordPress/6.8.3; http://cqqizhou.com"
222.208.24.3 - - [26/Nov/2025:15:06:12 +0800] "GET / HTTP/1.0" 301 0 "-" "-"
222.208.24.3 - - [26/Nov/2025:15:06:20 +0800] "GET / HTTP/1.0" 301 0 "-" "-"
222.208.24.3 - - [26/Nov/2025:15:06:20 +0800] "HEAD / HTTP/1.1" 301 0 "-" "\x22Mozilla/5.0"
222.208.24.3 - - [26/Nov/2025:15:06:20 +0800] "GET /nmaplowercheck1764140778 HTTP/1.1" 404 31381 "-" "\x22Mozilla/5.0"
222.208.24.3 - - [26/Nov/2025:15:06:20 +0800] "POST /sdk HTTP/1.1" 404 31381 "-" "\x22Mozilla/5.0"
222.208.24.3 - - [26/Nov/2025:15:06:21 +0800] "GET / HTTP/1.1" 301 5 "-" "\x22Mozilla/5.0"
222.208.24.3 - - [26/Nov/2025:15:06:21 +0800] "GET /HNAP1 HTTP/1.1" 404 31381 "-" "\x22Mozilla/5.0"
222.208.24.3 - - [26/Nov/2025:15:06:21 +0800] "GET /evox/about HTTP/1.1" 404 31381 "-" "\x22Mozilla/5.0"
222.208.24.3 - - [26/Nov/2025:15:06:40 +0800] "GET / HTTP/1.0" 301 0 "-" "-"
222.208.24.3 - - [26/Nov/2025:15:06:41 +0800] "GET / HTTP/1.1" 301 5 "-" "-"
36.133.115.36 - - [26/Nov/2025:15:06:54 +0800] "POST /wp-cron.php?doing_wp_cron=1764140814.4558849334716796875000 HTTP/1.1" 200 31 "-" "WordPress/6.8.3; http://cqqizhou.com"
193.142.147.209 - - [26/Nov/2025:15:06:54 +0800] "GET /cgi-bin/luci/;stok=/locale HTTP/1.1" 301 5 "-" "-"
193.142.147.209 - - [26/Nov/2025:15:06:55 +0800] "GET /cgi-bin/luci/;stok=/locale HTTP/1.1" 404 31381 "http://36.133.115.36:80/cgi-bin/luci/;stok=/locale" "-"
36.133.115.36 - - [26/Nov/2025:15:19:30 +0800] "POST /wp-cron.php?doing_wp_cron=1764141569.9914150238037109375000 HTTP/1.1" 200 31 "-" "WordPress/6.8.3; http://cqqizhou.com"
43.166.130.123 - - [26/Nov/2025:15:19:30 +0800] "GET / HTTP/1.1" 301 5 "-" "Mozilla/5.0 (iPhone; CPU iPhone OS 13_2_3 like Mac OS X) AppleWebKit/605.1.15 (KHTML, like Gecko) Version/13.0.3 Mobile/15E148 Safari/604.1"
43.166.130.123 - - [26/Nov/2025:15:19:32 +0800] "GET / HTTP/1.1" 200 33526 "http://www.cqqizhou.com" "Mozilla/5.0 (iPhone; CPU iPhone OS 13_2_3 like Mac OS X) AppleWebKit/605.1.15 (KHTML, like Gecko) Version/13.0.3 Mobile/15E148 Safari/604.1"
